2024-09-12T02:04:42.035 INFO:journalctl@ceph.mon.a.smithi090.stdout: self._sslobj.do_handshake()
2024-09-12T02:04:42.036 INFO:journalctl@ceph.mon.a.smithi090.stdout: ssl.SSLZeroReturnError: TLS/SSL connection has been closed (EOF) (_ssl.c:1133)
2024-09-12T02:04:42.036 INFO:journalctl@ceph.mon.a.smithi090.stdout:Sep 12 02:04:41 smithi090 ceph-mon[30959]: from='mgr.14150 172.21.15.90:0/503221449' entity='mgr.x'
2024-09-12T02:04:42.036 INFO:journalctl@ceph.mon.a.smithi090.stdout:Sep 12 02:04:41 smithi090 ceph-mon[30959]: mgrmap e12: x(active, since 2s)
2024-09-12T02:04:42.036 INFO:journalctl@ceph.mon.a.smithi090.stdout:Sep 12 02:04:41 smithi090 ceph-mon[30959]: from='mgr.14150 172.21.15.90:0/503221449' entity='mgr.x'
2024-09-12T02:04:42.036 INFO:journalctl@ceph.mon.a.smithi090.stdout:Sep 12 02:04:41 smithi090 ceph-mon[30959]: from='mgr.14150 172.21.15.90:0/503221449' entity='mgr.x'
2024-09-12T02:04:43.034 INFO:journalctl@ceph.mon.a.smithi090.stdout:Sep 12 02:04:42 smithi090 ceph-mon[30959]: [12/Sep/2024:02:04:41] ENGINE Serving on http://172.21.15.90:8765
2024-09-12T02:04:43.034 INFO:journalctl@ceph.mon.a.smithi090.stdout:Sep 12 02:04:42 smithi090 ceph-mon[30959]: [12/Sep/2024:02:04:41] ENGINE Bus STARTED
2024-09-12T02:04:43.034 INFO:journalctl@ceph.mon.a.smithi090.stdout:Sep 12 02:04:42 smithi090 ceph-mon[30959]: from='client.14162 -' entity='client.admin' cmd=[{"prefix": "dashboard create-self-signed-cert", "target": ["mon-mgr", ""]}]: dispatch
2024-09-12T02:04:43.034 INFO:journalctl@ceph.mon.a.smithi090.stdout:Sep 12 02:04:42 smithi090 ceph-mon[30959]: from='mgr.14150 172.21.15.90:0/503221449' entity='mgr.x'
2024-09-12T02:04:43.348 INFO:teuthology.orchestra.run.smithi090.stdout:/usr/bin/ceph: stdout {"username": "admin", "password": "$2b$12$oXY2udZLblvMKH6WFThXCujWSNwMvSf4p/cCfW3c7N8sJf0QL356a", "roles": ["administrator"], "name": null, "email": null, "lastUpdate": 1726106682, "enabled": true, "pwdExpirationDate": null, "pwdUpdateRequired": true}
2024-09-12T02:04:43.348 INFO:teuthology.orchestra.run.smithi090.stdout:/usr/bin/ceph: stderr
2024-09-12T02:04:42.227+0000 7f51e64c3640 1 Processor -- start
2024-09-12T02:04:43.348 INFO:teuthology.orchestra.run.smithi090.stdout:/usr/bin/ceph: stderr
2024-09-12T02:04:42.227+0000 7f51e64c3640 1 -- start start
2024-09-12T02:04:43.348 INFO:teuthology.orchestra.run.smithi090.stdout:/usr/bin/ceph: stderr
2024-09-12T02:04:42.227+0000 7f51e64c3640 1 --2- >> [v2:172.21.15.90:3300/0,v1:172.21.15.90:6789/0] conn(0x7f51e0105980 0x7f51e0105d80 unknown :-1 s=NONE pgs=0 cs=0 l=0 rev1=0 crypto rx=0 tx=0 comp rx=0 tx=0).connect
2024-09-12T02:04:43.348 INFO:teuthology.orchestra.run.smithi090.stdout:/usr/bin/ceph: stderr
2024-09-12T02:04:42.227+0000 7f51e64c3640 1 -- --> [v2:172.21.15.90:3300/0,v1:172.21.15.90:6789/0] -- mon_getmap magic: 0 -- 0x7f51e0106350 con 0x7f51e0105980
2024-09-12T02:04:43.348 INFO:teuthology.orchestra.run.smithi090.stdout:/usr/bin/ceph: stderr
2024-09-12T02:04:42.227+0000 7f51dffff640 1 --2- >> [v2:172.21.15.90:3300/0,v1:172.21.15.90:6789/0] conn(0x7f51e0105980 0x7f51e0105d80 unknown :-1 s=BANNER_CONNECTING pgs=0 cs=0 l=0 rev1=0 crypto rx=0 tx=0 comp rx=0 tx=0)._handle_peer_banner_payload supported=3 required=0
2024-09-12T02:04:43.348 INFO:teuthology.orchestra.run.smithi090.stdout:/usr/bin/ceph: stderr
2024-09-12T02:04:42.227+0000 7f51dffff640 1 --2- >> [v2:172.21.15.90:3300/0,v1:172.21.15.90:6789/0] conn(0x7f51e0105980 0x7f51e0105d80 unknown :-1 s=HELLO_CONNECTING pgs=0 cs=0 l=0 rev1=1 crypto rx=0 tx=0 comp rx=0 tx=0).handle_hello peer v2:172.21.15.90:3300/0 says I am v2:172.21.15.90:58372/0 (socket says 172.21.15.90:58372)
2024-09-12T02:04:43.348 INFO:teuthology.orchestra.run.smithi090.stdout:/usr/bin/ceph: stderr
2024-09-12T02:04:42.227+0000 7f51dffff640 1 -- 172.21.15.90:0/1322286848 learned_addr learned my addr 172.21.15.90:0/1322286848 (peer_addr_for_me v2:172.21.15.90:0/0)
2024-09-12T02:04:43.348 INFO:teuthology.orchestra.run.smithi090.stdout:/usr/bin/ceph: stderr
2024-09-12T02:04:42.227+0000 7f51dffff640 1 -- 172.21.15.90:0/1322286848 --> [v2:172.21.15.90:3300/0,v1:172.21.15.90:6789/0] -- mon_subscribe({config=0+,monmap=0+}) -- 0x7f51e0108960 con 0x7f51e0105980
2024-09-12T02:04:43.349 INFO:teuthology.orchestra.run.smithi090.stdout:/usr/bin/ceph: stderr
2024-09-12T02:04:42.228+0000 7f51dffff640 1 --2- 172.21.15.90:0/1322286848 >> [v2:172.21.15.90:3300/0,v1:172.21.15.90:6789/0] conn(0x7f51e0105980 0x7f51e0105d80 secure :-1 s=READY pgs=70 cs=0 l=1 rev1=1 crypto rx=0x7f51d0009820 tx=0x7f51d002a270 comp rx=0 tx=0).ready entity=mon.0 client_cookie=16d5465b3ca78206 server_cookie=0 in_seq=0 out_seq=0
2024-09-12T02:04:43.349 INFO:teuthology.orchestra.run.smithi090.stdout:/usr/bin/ceph: stderr
2024-09-12T02:04:42.228+0000 7f51deffd640 1 -- 172.21.15.90:0/1322286848 <== mon.0 v2:172.21.15.90:3300/0 1 ==== mon_map magic: 0 ==== 205+0+0 (secure 0 0 0) 0x7f51d0037070 con 0x7f51e0105980
2024-09-12T02:04:43.349 INFO:teuthology.orchestra.run.smithi090.stdout:/usr/bin/ceph: stderr
2024-09-12T02:04:42.228+0000 7f51deffd640 1 -- 172.21.15.90:0/1322286848 <== mon.0 v2:172.21.15.90:3300/0 2 ==== config(27 keys) ==== 1140+0+0 (secure 0 0 0) 0x7f51d0032920 con 0x7f51e0105980
2024-09-12T02:04:43.349 INFO:teuthology.orchestra.run.smithi090.stdout:/usr/bin/ceph: stderr
2024-09-12T02:04:42.228+0000 7f51deffd640 1 -- 172.21.15.90:0/1322286848 <== mon.0 v2:172.21.15.90:3300/0 3 ==== mon_map magic: 0 ==== 205+0+0 (secure 0 0 0) 0x7f51d0030810 con 0x7f51e0105980
2024-09-12T02:04:43.349 INFO:teuthology.orchestra.run.smithi090.stdout:/usr/bin/ceph: stderr
2024-09-12T02:04:42.229+0000 7f51e64c3640 1 -- 172.21.15.90:0/1322286848 >> [v2:172.21.15.90:3300/0,v1:172.21.15.90:6789/0] conn(0x7f51e0105980 msgr2=0x7f51e0105d80 secure :-1 s=STATE_CONNECTION_ESTABLISHED l=1).mark_down
2024-09-12T02:04:43.349 INFO:teuthology.orchestra.run.smithi090.stdout:/usr/bin/ceph: stderr
2024-09-12T02:04:42.229+0000 7f51e64c3640 1 --2- 172.21.15.90:0/1322286848 >> [v2:172.21.15.90:3300/0,v1:172.21.15.90:6789/0] conn(0x7f51e0105980 0x7f51e0105d80 secure :-1 s=READY pgs=70 cs=0 l=1 rev1=1 crypto rx=0x7f51d0009820 tx=0x7f51d002a270 comp rx=0 tx=0).stop
2024-09-12T02:04:43.349 INFO:teuthology.orchestra.run.smithi090.stdout:/usr/bin/ceph: stderr
2024-09-12T02:04:42.229+0000 7f51e64c3640 1 -- 172.21.15.90:0/1322286848 shutdown_connections
2024-09-12T02:04:43.349 INFO:teuthology.orchestra.run.smithi090.stdout:/usr/bin/ceph: stderr
2024-09-12T02:04:42.229+0000 7f51e64c3640 1 --2- 172.21.15.90:0/1322286848 >> [v2:172.21.15.90:3300/0,v1:172.21.15.90:6789/0] conn(0x7f51e0105980 0x7f51e0105d80 unknown :-1 s=CLOSED pgs=70 cs=0 l=1 rev1=1 crypto rx=0 tx=0 comp rx=0 tx=0).stop
2024-09-12T02:04:43.349 INFO:teuthology.orchestra.run.smithi090.stdout:/usr/bin/ceph: stderr
2024-09-12T02:04:42.229+0000 7f51e64c3640 1 -- 172.21.15.90:0/1322286848 >> 172.21.15.90:0/1322286848 conn(0x7f51e0101510 msgr2=0x7f51e0103930 unknown :-1 s=STATE_NONE l=0).mark_down
2024-09-12T02:04:43.349 INFO:teuthology.orchestra.run.smithi090.stdout:/usr/bin/ceph: stderr
2024-09-12T02:04:42.229+0000 7f51e64c3640 1 -- 172.21.15.90:0/1322286848 shutdown_connections
2024-09-12T02:04:43.349 INFO:teuthology.orchestra.run.smithi090.stdout:/usr/bin/ceph: stderr
2024-09-12T02:04:42.229+0000 7f51e64c3640 1 -- 172.21.15.90:0/1322286848 wait complete.
2024-09-12T02:04:43.349 INFO:teuthology.orchestra.run.smithi090.stdout:/usr/bin/ceph: stderr
2024-09-12T02:04:42.230+0000 7f51e64c3640 1 Processor -- start
2024-09-12T02:04:43.349 INFO:teuthology.orchestra.run.smithi090.stdout:/usr/bin/ceph: stderr
2024-09-12T02:04:42.230+0000 7f51e64c3640 1 -- start start
2024-09-12T02:04:43.350 INFO:teuthology.orchestra.run.smithi090.stdout:/usr/bin/ceph: stderr
2024-09-12T02:04:42.230+0000 7f51e64c3640 1 --2- >> [v2:172.21.15.90:3300/0,v1:172.21.15.90:6789/0] conn(0x7f51e0105980 0x7f51e019b680 unknown :-1 s=NONE pgs=0 cs=0 l=1 rev1=0 crypto rx=0 tx=0 comp rx=0 tx=0).connect
2024-09-12T02:04:43.350 INFO:teuthology.orchestra.run.smithi090.stdout:/usr/bin/ceph: stderr
2024-09-12T02:04:42.230+0000 7f51e64c3640 1 -- --> [v2:172.21.15.90:3300/0,v1:172.21.15.90:6789/0] -- mon_getmap magic: 0 -- 0x7f51e010bb90 con 0x7f51e0105980
2024-09-12T02:04:43.350 INFO:teuthology.orchestra.run.smithi090.stdout:/usr/bin/ceph: stderr
2024-09-12T02:04:42.230+0000 7f51dffff640 1 --2- >> [v2:172.21.15.90:3300/0,v1:172.21.15.90:6789/0] conn(0x7f51e0105980 0x7f51e019b680 unknown :-1 s=BANNER_CONNECTING pgs=0 cs=0 l=1 rev1=0 crypto rx=0 tx=0 comp rx=0 tx=0)._handle_peer_banner_payload supported=3 required=0
2024-09-12T02:04:43.350 INFO:teuthology.orchestra.run.smithi090.stdout:/usr/bin/ceph: stderr
2024-09-12T02:04:42.230+0000 7f51dffff640 1 --2- >> [v2:172.21.15.90:3300/0,v1:172.21.15.90:6789/0] conn(0x7f51e0105980 0x7f51e019b680 unknown :-1 s=HELLO_CONNECTING pgs=0 cs=0 l=1 rev1=1 crypto rx=0 tx=0 comp rx=0 tx=0).handle_hello peer v2:172.21.15.90:3300/0 says I am v2:172.21.15.90:58378/0 (socket says 172.21.15.90:58378)
2024-09-12T02:04:43.350 INFO:teuthology.orchestra.run.smithi090.stdout:/usr/bin/ceph: stderr
2024-09-12T02:04:42.230+0000 7f51dffff640 1 -- 172.21.15.90:0/2756645302 learned_addr learned my addr 172.21.15.90:0/2756645302 (peer_addr_for_me v2:172.21.15.90:0/0)
2024-09-12T02:04:43.350 INFO:teuthology.orchestra.run.smithi090.stdout:/usr/bin/ceph: stderr
2024-09-12T02:04:42.230+0000 7f51dffff640 1 -- 172.21.15.90:0/2756645302 --> [v2:172.21.15.90:3300/0,v1:172.21.15.90:6789/0] -- mon_subscribe({config=0+,monmap=0+}) -- 0x7f51e019bbc0 con 0x7f51e0105980
2024-09-12T02:04:43.350 INFO:teuthology.orchestra.run.smithi090.stdout:/usr/bin/ceph: stderr
2024-09-12T02:04:42.230+0000 7f51dffff640 1 --2- 172.21.15.90:0/2756645302 >> [v2:172.21.15.90:3300/0,v1:172.21.15.90:6789/0] conn(0x7f51e0105980 0x7f51e019b680 secure :-1 s=READY pgs=71 cs=0 l=1 rev1=1 crypto rx=0x7f51d0030560 tx=0x7f51d0032670 comp rx=0 tx=0).ready entity=mon.0 client_cookie=0 server_cookie=0 in_seq=0 out_seq=0
2024-09-12T02:04:43.350 INFO:teuthology.orchestra.run.smithi090.stdout:/usr/bin/ceph: stderr
2024-09-12T02:04:42.231+0000 7f51dd7fa640 1 -- 172.21.15.90:0/2756645302 <== mon.0 v2:172.21.15.90:3300/0 1 ==== mon_map magic: 0 ==== 205+0+0 (secure 0 0 0) 0x7f51d0037040 con 0x7f51e0105980
2024-09-12T02:04:43.350 INFO:teuthology.orchestra.run.smithi090.stdout:/usr/bin/ceph: stderr
2024-09-12T02:04:42.231+0000 7f51dd7fa640 1 -- 172.21.15.90:0/2756645302 <== mon.0 v2:172.21.15.90:3300/0 2 ==== config(27 keys) ==== 1140+0+0 (secure 0 0 0) 0x7f51d0040070 con 0x7f51e0105980
2024-09-12T02:04:43.350 INFO:teuthology.orchestra.run.smithi090.stdout:/usr/bin/ceph: stderr
2024-09-12T02:04:42.231+0000 7f51e64c3640 1 -- 172.21.15.90:0/2756645302 --> [v2:172.21.15.90:3300/0,v1:172.21.15.90:6789/0] -- mon_subscribe({mgrmap=0+}) -- 0x7f51e019be50 con 0x7f51e0105980
2024-09-12T02:04:43.350 INFO:teuthology.orchestra.run.smithi090.stdout:/usr/bin/ceph: stderr
2024-09-12T02:04:42.231+0000 7f51dd7fa640 1 -- 172.21.15.90:0/2756645302 <== mon.0 v2:172.21.15.90:3300/0 3 ==== mon_map magic: 0 ==== 205+0+0 (secure 0 0 0) 0x7f51d003a740 con 0x7f51e0105980
2024-09-12T02:04:43.350 INFO:teuthology.orchestra.run.smithi090.stdout:/usr/bin/ceph: stderr
2024-09-12T02:04:42.231+0000 7f51e64c3640 1 -- 172.21.15.90:0/2756645302 --> [v2:172.21.15.90:3300/0,v1:172.21.15.90:6789/0] -- mon_subscribe({osdmap=0}) -- 0x7f51e019eb40 con 0x7f51e0105980
2024-09-12T02:04:43.350 INFO:teuthology.orchestra.run.smithi090.stdout:/usr/bin/ceph: stderr
2024-09-12T02:04:42.231+0000 7f51dd7fa640 1 -- 172.21.15.90:0/2756645302 <== mon.0 v2:172.21.15.90:3300/0 4 ==== mgrmap(e 12) ==== 46300+0+0 (secure 0 0 0) 0x7f51d003a9b0 con 0x7f51e0105980
2024-09-12T02:04:43.350 INFO:teuthology.orchestra.run.smithi090.stdout:/usr/bin/ceph: stderr
2024-09-12T02:04:42.232+0000 7f51dd7fa640 1 --2- 172.21.15.90:0/2756645302 >> [v2:172.21.15.90:6800/1895990039,v1:172.21.15.90:6801/1895990039] conn(0x7f51c8038fc0 0x7f51c803b480 unknown :-1 s=NONE pgs=0 cs=0 l=1 rev1=0 crypto rx=0 tx=0 comp rx=0 tx=0).connect
2024-09-12T02:04:43.351 INFO:teuthology.orchestra.run.smithi090.stdout:/usr/bin/ceph: stderr
2024-09-12T02:04:42.232+0000 7f51dd7fa640 1 -- 172.21.15.90:0/2756645302 <== mon.0 v2:172.21.15.90:3300/0 5 ==== osd_map(3..3 src has 1..3) ==== 1155+0+0 (secure 0 0 0) 0x7f51d006c6e0 con 0x7f51e0105980
2024-09-12T02:04:43.351 INFO:teuthology.orchestra.run.smithi090.stdout:/usr/bin/ceph: stderr
2024-09-12T02:04:42.232+0000 7f51e64c3640 1 -- 172.21.15.90:0/2756645302 --> [v2:172.21.15.90:3300/0,v1:172.21.15.90:6789/0] -- mon_command({"prefix": "get_command_descriptions"} v 0) -- 0x7f51e0105e00 con 0x7f51e0105980
2024-09-12T02:04:43.351 INFO:teuthology.orchestra.run.smithi090.stdout:/usr/bin/ceph: stderr
2024-09-12T02:04:42.232+0000 7f51df7fe640 1 --2- 172.21.15.90:0/2756645302 >> [v2:172.21.15.90:6800/1895990039,v1:172.21.15.90:6801/1895990039] conn(0x7f51c8038fc0 0x7f51c803b480 unknown :-1 s=BANNER_CONNECTING pgs=0 cs=0 l=1 rev1=0 crypto rx=0 tx=0 comp rx=0 tx=0)._handle_peer_banner_payload supported=3 required=0
2024-09-12T02:04:43.351 INFO:teuthology.orchestra.run.smithi090.stdout:/usr/bin/ceph: stderr
2024-09-12T02:04:42.232+0000 7f51df7fe640 1 --2- 172.21.15.90:0/2756645302 >> [v2:172.21.15.90:6800/1895990039,v1:172.21.15.90:6801/1895990039] conn(0x7f51c8038fc0 0x7f51c803b480 secure :-1 s=READY pgs=8 cs=0 l=1 rev1=1 crypto rx=0x7f51d40098c0 tx=0x7f51d4006db0 comp rx=0 tx=0).ready entity=mgr.14150 client_cookie=0 server_cookie=0 in_seq=0 out_seq=0
2024-09-12T02:04:43.351 INFO:teuthology.orchestra.run.smithi090.stdout:/usr/bin/ceph: stderr
2024-09-12T02:04:42.237+0000 7f51dd7fa640 1 -- 172.21.15.90:0/2756645302 <== mon.0 v2:172.21.15.90:3300/0 6 ==== mon_command_ack([{"prefix": "get_command_descriptions"}]=0 v0) ==== 72+0+188821 (secure 0 0 0) 0x7f51d006ae20 con 0x7f51e0105980
2024-09-12T02:04:43.351 INFO:teuthology.orchestra.run.smithi090.stdout:/usr/bin/ceph: stderr
2024-09-12T02:04:42.421+0000 7f51e64c3640 1 -- 172.21.15.90:0/2756645302 --> [v2:172.21.15.90:6800/1895990039,v1:172.21.15.90:6801/1895990039] -- mgr_command(tid 0: {"prefix": "dashboard ac-user-create", "username": "admin", "rolename": "administrator", "force_password": true, "pwd_update_required": true, "target": ["mon-mgr", ""]}) -- 0x7f51e019ed10 con 0x7f51c8038fc0
2024-09-12T02:04:43.351 INFO:teuthology.orchestra.run.smithi090.stdout:/usr/bin/ceph: stderr
2024-09-12T02:04:42.646+0000 7f51dd7fa640 1 -- 172.21.15.90:0/2756645302 <== mgr.14150 v2:172.21.15.90:6800/1895990039 1 ==== mgr_command_reply(tid 0: 0 ) ==== 8+0+252 (secure 0 0 0) 0x7f51e019ed10 con 0x7f51c8038fc0
2024-09-12T02:04:43.351 INFO:teuthology.orchestra.run.smithi090.stdout:/usr/bin/ceph: stderr
2024-09-12T02:04:42.648+0000 7f51e64c3640 1 -- 172.21.15.90:0/2756645302 >> [v2:172.21.15.90:6800/1895990039,v1:172.21.15.90:6801/1895990039] conn(0x7f51c8038fc0 msgr2=0x7f51c803b480 secure :-1 s=STATE_CONNECTION_ESTABLISHED l=1).mark_down
2024-09-12T02:04:43.351 INFO:teuthology.orchestra.run.smithi090.stdout:/usr/bin/ceph: stderr
2024-09-12T02:04:42.648+0000 7f51e64c3640 1 --2- 172.21.15.90:0/2756645302 >> [v2:172.21.15.90:6800/1895990039,v1:172.21.15.90:6801/1895990039] conn(0x7f51c8038fc0 0x7f51c803b480 secure :-1 s=READY pgs=8 cs=0 l=1 rev1=1 crypto rx=0x7f51d40098c0 tx=0x7f51d4006db0 comp rx=0 tx=0).stop
2024-09-12T02:04:43.351 INFO:teuthology.orchestra.run.smithi090.stdout:/usr/bin/ceph: stderr
2024-09-12T02:04:42.648+0000 7f51e64c3640 1 -- 172.21.15.90:0/2756645302 >> [v2:172.21.15.90:3300/0,v1:172.21.15.90:6789/0] conn(0x7f51e0105980 msgr2=0x7f51e019b680 secure :-1 s=STATE_CONNECTION_ESTABLISHED l=1).mark_down
2024-09-12T02:04:43.351 INFO:teuthology.orchestra.run.smithi090.stdout:/usr/bin/ceph: stderr
2024-09-12T02:04:42.648+0000 7f51e64c3640 1 --2- 172.21.15.90:0/2756645302 >> [v2:172.21.15.90:3300/0,v1:172.21.15.90:6789/0] conn(0x7f51e0105980 0x7f51e019b680 secure :-1 s=READY pgs=71 cs=0 l=1 rev1=1 crypto rx=0x7f51d0030560 tx=0x7f51d0032670 comp rx=0 tx=0).stop
2024-09-12T02:04:43.351 INFO:teuthology.orchestra.run.smithi090.stdout:/usr/bin/ceph: stderr
2024-09-12T02:04:42.648+0000 7f51e64c3640 1 -- 172.21.15.90:0/2756645302 shutdown_connections
2024-09-12T02:04:43.352 INFO:teuthology.orchestra.run.smithi090.stdout:/usr/bin/ceph: stderr
2024-09-12T02:04:42.648+0000 7f51e64c3640 1 --2- 172.21.15.90:0/2756645302 >> [v2:172.21.15.90:6800/1895990039,v1:172.21.15.90:6801/1895990039] conn(0x7f51c8038fc0 0x7f51c803b480 unknown :-1 s=CLOSED pgs=8 cs=0 l=1 rev1=1 crypto rx=0 tx=0 comp rx=0 tx=0).stop
2024-09-12T02:04:43.352 INFO:teuthology.orchestra.run.smithi090.stdout:/usr/bin/ceph: stderr
2024-09-12T02:04:42.648+0000 7f51e64c3640 1 --2- 172.21.15.90:0/2756645302 >> [v2:172.21.15.90:3300/0,v1:172.21.15.90:6789/0] conn(0x7f51e0105980 0x7f51e019b680 unknown :-1 s=CLOSED pgs=71 cs=0 l=1 rev1=1 crypto rx=0 tx=0 comp rx=0 tx=0).stop
2024-09-12T02:04:43.352 INFO:teuthology.orchestra.run.smithi090.stdout:/usr/bin/ceph: stderr
2024-09-12T02:04:42.648+0000 7f51e64c3640 1 -- 172.21.15.90:0/2756645302 >> 172.21.15.90:0/2756645302 conn(0x7f51e0101510 msgr2=0x7f51e0102060 unknown :-1 s=STATE_NONE l=0).mark_down
2024-09-12T02:04:43.352 INFO:teuthology.orchestra.run.smithi090.stdout:/usr/bin/ceph: stderr
2024-09-12T02:04:42.648+0000 7f51e64c3640 1 -- 172.21.15.90:0/2756645302 shutdown_connections
2024-09-12T02:04:43.352 INFO:teuthology.orchestra.run.smithi090.stdout:/usr/bin/ceph: stderr
2024-09-12T02:04:42.648+0000 7f51e64c3640 1 -- 172.21.15.90:0/2756645302 wait complete.
2024-09-12T02:04:43.352 INFO:teuthology.orchestra.run.smithi090.stdout:Fetching dashboard port number...
2024-09-12T02:04:44.034 INFO:journalctl@ceph.mon.a.smithi090.stdout:Sep 12 02:04:43 smithi090 ceph-mon[30959]: from='client.14164 -' entity='client.admin' cmd=[{"prefix": "dashboard ac-user-create", "username": "admin", "rolename": "administrator", "force_password": true, "pwd_update_required": true, "target": ["mon-mgr", ""]}]: dispatch
2024-09-12T02:04:44.819 INFO:teuthology.orchestra.run.smithi090.stdout:/usr/bin/ceph: stdout 8443
2024-09-12T02:04:44.819 INFO:teuthology.orchestra.run.smithi090.stdout:/usr/bin/ceph: stderr
2024-09-12T02:04:43.732+0000 7fc74325c640 1 Processor -- start
2024-09-12T02:04:44.819 INFO:teuthology.orchestra.run.smithi090.stdout:/usr/bin/ceph: stderr
2024-09-12T02:04:43.732+0000 7fc74325c640 1 -- start start
2024-09-12T02:04:44.820 INFO:teuthology.orchestra.run.smithi090.stdout:/usr/bin/ceph: stderr
2024-09-12T02:04:43.732+0000 7fc74325c640 1 --2- >> [v2:172.21.15.90:3300/0,v1:172.21.15.90:6789/0] conn(0x7fc73c1076b0 0x7fc73c107ab0 unknown :-1 s=NONE pgs=0 cs=0 l=0 rev1=0 crypto rx=0 tx=0 comp rx=0 tx=0).connect
2024-09-12T02:04:44.820 INFO:teuthology.orchestra.run.smithi090.stdout:/usr/bin/ceph: stderr
2024-09-12T02:04:43.732+0000 7fc74325c640 1 -- --> [v2:172.21.15.90:3300/0,v1:172.21.15.90:6789/0] -- mon_getmap magic: 0 -- 0x7fc73c108080 con 0x7fc73c1076b0
2024-09-12T02:04:44.820 INFO:teuthology.orchestra.run.smithi090.stdout:/usr/bin/ceph: stderr
2024-09-12T02:04:43.732+0000 7fc740ff8640 1 --2- >> [v2:172.21.15.90:3300/0,v1:172.21.15.90:6789/0] conn(0x7fc73c1076b0 0x7fc73c107ab0 unknown :-1 s=BANNER_CONNECTING pgs=0 cs=0 l=0 rev1=0 crypto rx=0 tx=0 comp rx=0 tx=0)._handle_peer_banner_payload supported=3 required=0
2024-09-12T02:04:44.820 INFO:teuthology.orchestra.run.smithi090.stdout:/usr/bin/ceph: stderr
2024-09-12T02:04:43.732+0000 7fc740ff8640 1 --2- >> [v2:172.21.15.90:3300/0,v1:172.21.15.90:6789/0] conn(0x7fc73c1076b0 0x7fc73c107ab0 unknown :-1 s=HELLO_CONNECTING pgs=0 cs=0 l=0 rev1=1 crypto rx=0 tx=0 comp rx=0 tx=0).handle_hello peer v2:172.21.15.90:3300/0 says I am v2:172.21.15.90:58384/0 (socket says 172.21.15.90:58384)
2024-09-12T02:04:44.820 INFO:teuthology.orchestra.run.smithi090.stdout:/usr/bin/ceph: stderr
2024-09-12T02:04:43.732+0000 7fc740ff8640 1 -- 172.21.15.90:0/664597194 learned_addr learned my addr 172.21.15.90:0/664597194 (peer_addr_for_me v2:172.21.15.90:0/0)
2024-09-12T02:04:44.820 INFO:teuthology.orchestra.run.smithi090.stdout:/usr/bin/ceph: stderr
2024-09-12T02:04:43.733+0000 7fc740ff8640 1 -- 172.21.15.90:0/664597194 --> [v2:172.21.15.90:3300/0,v1:172.21.15.90:6789/0] -- mon_subscribe({config=0+,monmap=0+}) -- 0x7fc73c1088b0 con 0x7fc73c1076b0
2024-09-12T02:04:44.820 INFO:teuthology.orchestra.run.smithi090.stdout:/usr/bin/ceph: stderr
2024-09-12T02:04:43.733+0000 7fc740ff8640 1 --2- 172.21.15.90:0/664597194 >> [v2:172.21.15.90:3300/0,v1:172.21.15.90:6789/0] conn(0x7fc73c1076b0 0x7fc73c107ab0 secure :-1 s=READY pgs=72 cs=0 l=1 rev1=1 crypto rx=0x7fc72c009820 tx=0x7fc72c02a270 comp rx=0 tx=0).ready entity=mon.0 client_cookie=1152bfb0da034f96 server_cookie=0 in_seq=0 out_seq=0
2024-09-12T02:04:44.820 INFO:teuthology.orchestra.run.smithi090.stdout:/usr/bin/ceph: stderr
2024-09-12T02:04:43.733+0000 7fc73b7fe640 1 -- 172.21.15.90:0/664597194 <== mon.0 v2:172.21.15.90:3300/0 1 ==== mon_map magic: 0 ==== 205+0+0 (secure 0 0 0) 0x7fc72c037070 con 0x7fc73c1076b0
2024-09-12T02:04:44.820 INFO:teuthology.orchestra.run.smithi090.stdout:/usr/bin/ceph: stderr
2024-09-12T02:04:43.733+0000 7fc73b7fe640 1 -- 172.21.15.90:0/664597194 <== mon.0 v2:172.21.15.90:3300/0 2 ==== config(27 keys) ==== 1140+0+0 (secure 0 0 0) 0x7fc72c032920 con 0x7fc73c1076b0
2024-09-12T02:04:44.820 INFO:teuthology.orchestra.run.smithi090.stdout:/usr/bin/ceph: stderr
2024-09-12T02:04:43.733+0000 7fc73b7fe640 1 -- 172.21.15.90:0/664597194 <== mon.0 v2:172.21.15.90:3300/0 3 ==== mon_map magic: 0 ==== 205+0+0 (secure 0 0 0) 0x7fc72c030810 con 0x7fc73c1076b0
2024-09-12T02:04:44.820 INFO:teuthology.orchestra.run.smithi090.stdout:/usr/bin/ceph: stderr
2024-09-12T02:04:43.734+0000 7fc74325c640 1 -- 172.21.15.90:0/664597194 >> [v2:172.21.15.90:3300/0,v1:172.21.15.90:6789/0] conn(0x7fc73c1076b0 msgr2=0x7fc73c107ab0 secure :-1 s=STATE_CONNECTION_ESTABLISHED l=1).mark_down
2024-09-12T02:04:44.820 INFO:teuthology.orchestra.run.smithi090.stdout:/usr/bin/ceph: stderr
2024-09-12T02:04:43.734+0000 7fc74325c640 1 --2- 172.21.15.90:0/664597194 >> [v2:172.21.15.90:3300/0,v1:172.21.15.90:6789/0] conn(0x7fc73c1076b0 0x7fc73c107ab0 secure :-1 s=READY pgs=72 cs=0 l=1 rev1=1 crypto rx=0x7fc72c009820 tx=0x7fc72c02a270 comp rx=0 tx=0).stop
2024-09-12T02:04:44.820 INFO:teuthology.orchestra.run.smithi090.stdout:/usr/bin/ceph: stderr
2024-09-12T02:04:43.734+0000 7fc74325c640 1 -- 172.21.15.90:0/664597194 shutdown_connections
2024-09-12T02:04:44.820 INFO:teuthology.orchestra.run.smithi090.stdout:/usr/bin/ceph: stderr
2024-09-12T02:04:43.734+0000 7fc74325c640 1 --2- 172.21.15.90:0/664597194 >> [v2:172.21.15.90:3300/0,v1:172.21.15.90:6789/0] conn(0x7fc73c1076b0 0x7fc73c107ab0 unknown :-1 s=CLOSED pgs=72 cs=0 l=1 rev1=1 crypto rx=0 tx=0 comp rx=0 tx=0).stop
2024-09-12T02:04:44.821 INFO:teuthology.orchestra.run.smithi090.stdout:/usr/bin/ceph: stderr
2024-09-12T02:04:43.734+0000 7fc74325c640 1 -- 172.21.15.90:0/664597194 >> 172.21.15.90:0/664597194 conn(0x7fc73c102e80 msgr2=0x7fc73c1052a0 unknown :-1 s=STATE_NONE l=0).mark_down
2024-09-12T02:04:44.821 INFO:teuthology.orchestra.run.smithi090.stdout:/usr/bin/ceph: stderr
2024-09-12T02:04:43.734+0000 7fc74325c640 1 -- 172.21.15.90:0/664597194 shutdown_connections
2024-09-12T02:04:44.821 INFO:teuthology.orchestra.run.smithi090.stdout:/usr/bin/ceph: stderr
2024-09-12T02:04:43.734+0000 7fc74325c640 1 -- 172.21.15.90:0/664597194 wait complete.
2024-09-12T02:04:44.821 INFO:teuthology.orchestra.run.smithi090.stdout:/usr/bin/ceph: stderr
2024-09-12T02:04:43.735+0000 7fc74325c640 1 Processor -- start
2024-09-12T02:04:44.821 INFO:teuthology.orchestra.run.smithi090.stdout:/usr/bin/ceph: stderr
2024-09-12T02:04:43.735+0000 7fc74325c640 1 -- start start
2024-09-12T02:04:44.821 INFO:teuthology.orchestra.run.smithi090.stdout:/usr/bin/ceph: stderr
2024-09-12T02:04:43.735+0000 7fc74325c640 1 --2- >> [v2:172.21.15.90:3300/0,v1:172.21.15.90:6789/0] conn(0x7fc73c1076b0 0x7fc73c19b6e0 unknown :-1 s=NONE pgs=0 cs=0 l=1 rev1=0 crypto rx=0 tx=0 comp rx=0 tx=0).connect
2024-09-12T02:04:44.821 INFO:teuthology.orchestra.run.smithi090.stdout:/usr/bin/ceph: stderr
2024-09-12T02:04:43.735+0000 7fc74325c640 1 -- --> [v2:172.21.15.90:3300/0,v1:172.21.15.90:6789/0] -- mon_getmap magic: 0 -- 0x7fc73c10bc60 con 0x7fc73c1076b0
2024-09-12T02:04:44.821 INFO:teuthology.orchestra.run.smithi090.stdout:/usr/bin/ceph: stderr
2024-09-12T02:04:43.735+0000 7fc740ff8640 1 --2- >> [v2:172.21.15.90:3300/0,v1:172.21.15.90:6789/0] conn(0x7fc73c1076b0 0x7fc73c19b6e0 unknown :-1 s=BANNER_CONNECTING pgs=0 cs=0 l=1 rev1=0 crypto rx=0 tx=0 comp rx=0 tx=0)._handle_peer_banner_payload supported=3 required=0
2024-09-12T02:04:44.821 INFO:teuthology.orchestra.run.smithi090.stdout:/usr/bin/ceph: stderr
2024-09-12T02:04:43.735+0000 7fc740ff8640 1 --2- >> [v2:172.21.15.90:3300/0,v1:172.21.15.90:6789/0] conn(0x7fc73c1076b0 0x7fc73c19b6e0 unknown :-1 s=HELLO_CONNECTING pgs=0 cs=0 l=1 rev1=1 crypto rx=0 tx=0 comp rx=0 tx=0).handle_hello peer v2:172.21.15.90:3300/0 says I am v2:172.21.15.90:58396/0 (socket says 172.21.15.90:58396)
2024-09-12T02:04:44.821 INFO:teuthology.orchestra.run.smithi090.stdout:/usr/bin/ceph: stderr
2024-09-12T02:04:43.735+0000 7fc740ff8640 1 -- 172.21.15.90:0/2987309452 learned_addr learned my addr 172.21.15.90:0/2987309452 (peer_addr_for_me v2:172.21.15.90:0/0)
2024-09-12T02:04:44.821 INFO:teuthology.orchestra.run.smithi090.stdout:/usr/bin/ceph: stderr
2024-09-12T02:04:43.735+0000 7fc740ff8640 1 -- 172.21.15.90:0/2987309452 --> [v2:172.21.15.90:3300/0,v1:172.21.15.90:6789/0] -- mon_subscribe({config=0+,monmap=0+}) -- 0x7fc73c19bc20 con 0x7fc73c1076b0
2024-09-12T02:04:44.822 INFO:teuthology.orchestra.run.smithi090.stdout:/usr/bin/ceph: stderr
2024-09-12T02:04:43.736+0000 7fc740ff8640 1 --2- 172.21.15.90:0/2987309452 >> [v2:172.21.15.90:3300/0,v1:172.21.15.90:6789/0] conn(0x7fc73c1076b0 0x7fc73c19b6e0 secure :-1 s=READY pgs=73 cs=0 l=1 rev1=1 crypto rx=0x7fc72c030560 tx=0x7fc72c032670 comp rx=0 tx=0).ready entity=mon.0 client_cookie=0 server_cookie=0 in_seq=0 out_seq=0
2024-09-12T02:04:44.822 INFO:teuthology.orchestra.run.smithi090.stdout:/usr/bin/ceph: stderr
2024-09-12T02:04:43.736+0000 7fc739ffb640 1 -- 172.21.15.90:0/2987309452 <== mon.0 v2:172.21.15.90:3300/0 1 ==== mon_map magic: 0 ==== 205+0+0 (secure 0 0 0) 0x7fc72c037040 con 0x7fc73c1076b0
2024-09-12T02:04:44.822 INFO:teuthology.orchestra.run.smithi090.stdout:/usr/bin/ceph: stderr
2024-09-12T02:04:43.736+0000 7fc739ffb640 1 -- 172.21.15.90:0/2987309452 <== mon.0 v2:172.21.15.90:3300/0 2 ==== config(27 keys) ==== 1140+0+0 (secure 0 0 0) 0x7fc72c040070 con 0x7fc73c1076b0
2024-09-12T02:04:44.822 INFO:teuthology.orchestra.run.smithi090.stdout:/usr/bin/ceph: stderr
2024-09-12T02:04:43.736+0000 7fc74325c640 1 -- 172.21.15.90:0/2987309452 --> [v2:172.21.15.90:3300/0,v1:172.21.15.90:6789/0] -- mon_subscribe({mgrmap=0+}) -- 0x7fc73c19beb0 con 0x7fc73c1076b0
2024-09-12T02:04:44.822 INFO:teuthology.orchestra.run.smithi090.stdout:/usr/bin/ceph: stderr
2024-09-12T02:04:43.736+0000 7fc739ffb640 1 -- 172.21.15.90:0/2987309452 <== mon.0 v2:172.21.15.90:3300/0 3 ==== mon_map magic: 0 ==== 205+0+0 (secure 0 0 0) 0x7fc72c03a740 con 0x7fc73c1076b0
2024-09-12T02:04:44.822 INFO:teuthology.orchestra.run.smithi090.stdout:/usr/bin/ceph: stderr
2024-09-12T02:04:43.736+0000 7fc74325c640 1 -- 172.21.15.90:0/2987309452 --> [v2:172.21.15.90:3300/0,v1:172.21.15.90:6789/0] -- mon_subscribe({osdmap=0}) -- 0x7fc73c19eba0 con 0x7fc73c1076b0
2024-09-12T02:04:44.822 INFO:teuthology.orchestra.run.smithi090.stdout:/usr/bin/ceph: stderr
2024-09-12T02:04:43.737+0000 7fc739ffb640 1 -- 172.21.15.90:0/2987309452 <== mon.0 v2:172.21.15.90:3300/0 4 ==== mgrmap(e 12) ==== 46300+0+0 (secure 0 0 0) 0x7fc72c03a9b0 con 0x7fc73c1076b0
2024-09-12T02:04:44.822 INFO:teuthology.orchestra.run.smithi090.stdout:/usr/bin/ceph: stderr
2024-09-12T02:04:43.737+0000 7fc74325c640 1 -- 172.21.15.90:0/2987309452 --> [v2:172.21.15.90:3300/0,v1:172.21.15.90:6789/0] -- mon_command({"prefix": "get_command_descriptions"} v 0) -- 0x7fc73c107b30 con 0x7fc73c1076b0
2024-09-12T02:04:44.822 INFO:teuthology.orchestra.run.smithi090.stdout:/usr/bin/ceph: stderr
2024-09-12T02:04:43.737+0000 7fc739ffb640 1 --2- 172.21.15.90:0/2987309452 >> [v2:172.21.15.90:6800/1895990039,v1:172.21.15.90:6801/1895990039] conn(0x7fc724038fc0 0x7fc72403b480 unknown :-1 s=NONE pgs=0 cs=0 l=1 rev1=0 crypto rx=0 tx=0 comp rx=0 tx=0).connect
2024-09-12T02:04:44.822 INFO:teuthology.orchestra.run.smithi090.stdout:/usr/bin/ceph: stderr
2024-09-12T02:04:43.737+0000 7fc739ffb640 1 -- 172.21.15.90:0/2987309452 <== mon.0 v2:172.21.15.90:3300/0 5 ==== osd_map(3..3 src has 1..3) ==== 1155+0+0 (secure 0 0 0) 0x7fc72c06c6d0 con 0x7fc73c1076b0
2024-09-12T02:04:44.822 INFO:teuthology.orchestra.run.smithi090.stdout:/usr/bin/ceph: stderr
2024-09-12T02:04:43.737+0000 7fc73bfff640 1 --2- 172.21.15.90:0/2987309452 >> [v2:172.21.15.90:6800/1895990039,v1:172.21.15.90:6801/1895990039] conn(0x7fc724038fc0 0x7fc72403b480 unknown :-1 s=BANNER_CONNECTING pgs=0 cs=0 l=1 rev1=0 crypto rx=0 tx=0 comp rx=0 tx=0)._handle_peer_banner_payload supported=3 required=0
2024-09-12T02:04:44.822 INFO:teuthology.orchestra.run.smithi090.stdout:/usr/bin/ceph: stderr
2024-09-12T02:04:43.737+0000 7fc73bfff640 1 --2- 172.21.15.90:0/2987309452 >> [v2:172.21.15.90:6800/1895990039,v1:172.21.15.90:6801/1895990039] conn(0x7fc724038fc0 0x7fc72403b480 secure :-1 s=READY pgs=9 cs=0 l=1 rev1=1 crypto rx=0x7fc73000ad30 tx=0x7fc7300093f0 comp rx=0 tx=0).ready entity=mgr.14150 client_cookie=0 server_cookie=0 in_seq=0 out_seq=0
2024-09-12T02:04:44.822 INFO:teuthology.orchestra.run.smithi090.stdout:/usr/bin/ceph: stderr
2024-09-12T02:04:43.742+0000 7fc739ffb640 1 -- 172.21.15.90:0/2987309452 <== mon.0 v2:172.21.15.90:3300/0 6 ==== mon_command_ack([{"prefix": "get_command_descriptions"}]=0 v0) ==== 72+0+188821 (secure 0 0 0) 0x7fc72c03adf0 con 0x7fc73c1076b0
2024-09-12T02:04:44.823 INFO:teuthology.orchestra.run.smithi090.stdout:/usr/bin/ceph: stderr
2024-09-12T02:04:43.916+0000 7fc74325c640 1 -- 172.21.15.90:0/2987309452 --> [v2:172.21.15.90:3300/0,v1:172.21.15.90:6789/0] -- mon_command({"prefix": "config get", "who": "mgr", "key": "mgr/dashboard/ssl_server_port"} v 0) -- 0x7fc73c19f120 con 0x7fc73c1076b0
2024-09-12T02:04:44.823 INFO:teuthology.orchestra.run.smithi090.stdout:/usr/bin/ceph: stderr
2024-09-12T02:04:43.917+0000 7fc739ffb640 1 -- 172.21.15.90:0/2987309452 <== mon.0 v2:172.21.15.90:3300/0 7 ==== mon_command_ack([{"prefix": "config get", "who": "mgr", "key": "mgr/dashboard/ssl_server_port"}]=0 v8) ==== 112+0+5 (secure 0 0 0) 0x7fc72c042e30 con 0x7fc73c1076b0
2024-09-12T02:04:44.823 INFO:teuthology.orchestra.run.smithi090.stdout:/usr/bin/ceph: stderr
2024-09-12T02:04:43.919+0000 7fc74325c640 1 -- 172.21.15.90:0/2987309452 >> [v2:172.21.15.90:6800/1895990039,v1:172.21.15.90:6801/1895990039] conn(0x7fc724038fc0 msgr2=0x7fc72403b480 secure :-1 s=STATE_CONNECTION_ESTABLISHED l=1).mark_down
2024-09-12T02:04:44.823 INFO:teuthology.orchestra.run.smithi090.stdout:/usr/bin/ceph: stderr
2024-09-12T02:04:43.919+0000 7fc74325c640 1 --2- 172.21.15.90:0/2987309452 >> [v2:172.21.15.90:6800/1895990039,v1:172.21.15.90:6801/1895990039] conn(0x7fc724038fc0 0x7fc72403b480 secure :-1 s=READY pgs=9 cs=0 l=1 rev1=1 crypto rx=0x7fc73000ad30 tx=0x7fc7300093f0 comp rx=0 tx=0).stop
2024-09-12T02:04:44.823 INFO:teuthology.orchestra.run.smithi090.stdout:/usr/bin/ceph: stderr
2024-09-12T02:04:43.919+0000 7fc74325c640 1 -- 172.21.15.90:0/2987309452 >> [v2:172.21.15.90:3300/0,v1:172.21.15.90:6789/0] conn(0x7fc73c1076b0 msgr2=0x7fc73c19b6e0 secure :-1 s=STATE_CONNECTION_ESTABLISHED l=1).mark_down
2024-09-12T02:04:44.823 INFO:teuthology.orchestra.run.smithi090.stdout:/usr/bin/ceph: stderr
2024-09-12T02:04:43.919+0000 7fc74325c640 1 --2- 172.21.15.90:0/2987309452 >> [v2:172.21.15.90:3300/0,v1:172.21.15.90:6789/0] conn(0x7fc73c1076b0 0x7fc73c19b6e0 secure :-1 s=READY pgs=73 cs=0 l=1 rev1=1 crypto rx=0x7fc72c030560 tx=0x7fc72c032670 comp rx=0 tx=0).stop
2024-09-12T02:04:44.823 INFO:teuthology.orchestra.run.smithi090.stdout:/usr/bin/ceph: stderr
2024-09-12T02:04:43.919+0000 7fc74325c640 1 -- 172.21.15.90:0/2987309452 shutdown_connections
2024-09-12T02:04:44.823 INFO:teuthology.orchestra.run.smithi090.stdout:/usr/bin/ceph: stderr
2024-09-12T02:04:43.919+0000 7fc74325c640 1 --2- 172.21.15.90:0/2987309452 >> [v2:172.21.15.90:6800/1895990039,v1:172.21.15.90:6801/1895990039] conn(0x7fc724038fc0 0x7fc72403b480 unknown :-1 s=CLOSED pgs=9 cs=0 l=1 rev1=1 crypto rx=0 tx=0 comp rx=0 tx=0).stop
2024-09-12T02:04:44.823 INFO:teuthology.orchestra.run.smithi090.stdout:/usr/bin/ceph: stderr
2024-09-12T02:04:43.919+0000 7fc74325c640 1 --2- 172.21.15.90:0/2987309452 >> [v2:172.21.15.90:3300/0,v1:172.21.15.90:6789/0] conn(0x7fc73c1076b0 0x7fc73c19b6e0 unknown :-1 s=CLOSED pgs=73 cs=0 l=1 rev1=1 crypto rx=0 tx=0 comp rx=0 tx=0).stop
2024-09-12T02:04:44.823 INFO:teuthology.orchestra.run.smithi090.stdout:/usr/bin/ceph: stderr
2024-09-12T02:04:43.919+0000 7fc74325c640 1 -- 172.21.15.90:0/2987309452 >> 172.21.15.90:0/2987309452 conn(0x7fc73c102e80 msgr2=0x7fc73c103a20 unknown :-1 s=STATE_NONE l=0).mark_down
2024-09-12T02:04:44.823 INFO:teuthology.orchestra.run.smithi090.stdout:/usr/bin/ceph: stderr
2024-09-12T02:04:43.919+0000 7fc74325c640 1 -- 172.21.15.90:0/2987309452 shutdown_connections
2024-09-12T02:04:44.823 INFO:teuthology.orchestra.run.smithi090.stdout:/usr/bin/ceph: stderr
2024-09-12T02:04:43.919+0000 7fc74325c640 1 -- 172.21.15.90:0/2987309452 wait complete.
2024-09-12T02:04:44.826 INFO:teuthology.orchestra.run.smithi090.stdout:Non-zero exit code 1 from systemctl is-enabled firewalld.service
2024-09-12T02:04:44.827 INFO:teuthology.orchestra.run.smithi090.stdout:systemctl: stdout disabled
2024-09-12T02:04:44.834 INFO:teuthology.orchestra.run.smithi090.stdout:Non-zero exit code 3 from systemctl is-active firewalld.service
2024-09-12T02:04:44.834 INFO:teuthology.orchestra.run.smithi090.stdout:systemctl: stdout inactive
2024-09-12T02:04:44.834 INFO:teuthology.orchestra.run.smithi090.stdout:firewalld.service is not enabled
2024-09-12T02:04:44.834 INFO:teuthology.orchestra.run.smithi090.stdout:Not possible to open ports <[8443]>. firewalld.service is not available
2024-09-12T02:04:44.836 INFO:teuthology.orchestra.run.smithi090.stdout:Ceph Dashboard is now available at:
2024-09-12T02:04:44.836 INFO:teuthology.orchestra.run.smithi090.stdout:
2024-09-12T02:04:44.836 INFO:teuthology.orchestra.run.smithi090.stdout: URL: https://smithi090.front.sepia.ceph.com:8443/
2024-09-12T02:04:44.836 INFO:teuthology.orchestra.run.smithi090.stdout: User: admin
2024-09-12T02:04:44.836 INFO:teuthology.orchestra.run.smithi090.stdout: Password: 990mb4nzlr
2024-09-12T02:04:44.836 INFO:teuthology.orchestra.run.smithi090.stdout:
2024-09-12T02:04:44.836 INFO:teuthology.orchestra.run.smithi090.stdout:Saving cluster configuration to /var/lib/ceph/1a8af08a-70ab-11ef-bcea-c7b262605968/config directory
2024-09-12T02:04:45.116 INFO:journalctl@ceph.mon.a.smithi090.stdout:Sep 12 02:04:44 smithi090 ceph-mon[30959]: from='client.? 172.21.15.90:0/2987309452' entity='client.admin' cmd=[{"prefix": "config get", "who": "mgr", "key": "mgr/dashboard/ssl_server_port"}]: dispatch
2024-09-12T02:04:46.020 INFO:teuthology.orchestra.run.smithi090.stdout:/usr/bin/ceph: stderr
2024-09-12T02:04:45.196+0000 7ff6813e3640 1 Processor -- start
2024-09-12T02:04:46.021 INFO:teuthology.orchestra.run.smithi090.stdout:/usr/bin/ceph: stderr
2024-09-12T02:04:45.196+0000 7ff6813e3640 1 -- start start
2024-09-12T02:04:46.021 INFO:teuthology.orchestra.run.smithi090.stdout:/usr/bin/ceph: stderr
2024-09-12T02:04:45.196+0000 7ff6813e3640 1 --2- >> [v2:172.21.15.90:3300/0,v1:172.21.15.90:6789/0] conn(0x7ff67c105980 0x7ff67c105d80 unknown :-1 s=NONE pgs=0 cs=0 l=0 rev1=0 crypto rx=0 tx=0 comp rx=0 tx=0).connect
2024-09-12T02:04:46.021 INFO:teuthology.orchestra.run.smithi090.stdout:/usr/bin/ceph: stderr
2024-09-12T02:04:45.196+0000 7ff6813e3640 1 -- --> [v2:172.21.15.90:3300/0,v1:172.21.15.90:6789/0] -- mon_getmap magic: 0 -- 0x7ff67c106350 con 0x7ff67c105980
2024-09-12T02:04:46.021 INFO:teuthology.orchestra.run.smithi090.stdout:/usr/bin/ceph: stderr
2024-09-12T02:04:45.196+0000 7ff67affd640 1 --2- >> [v2:172.21.15.90:3300/0,v1:172.21.15.90:6789/0] conn(0x7ff67c105980 0x7ff67c105d80 unknown :-1 s=BANNER_CONNECTING pgs=0 cs=0 l=0 rev1=0 crypto rx=0 tx=0 comp rx=0 tx=0)._handle_peer_banner_payload supported=3 required=0
2024-09-12T02:04:46.021 INFO:teuthology.orchestra.run.smithi090.stdout:/usr/bin/ceph: stderr
2024-09-12T02:04:45.196+0000 7ff67affd640 1 --2- >> [v2:172.21.15.90:3300/0,v1:172.21.15.90:6789/0] conn(0x7ff67c105980 0x7ff67c105d80 unknown :-1 s=HELLO_CONNECTING pgs=0 cs=0 l=0 rev1=1 crypto rx=0 tx=0 comp rx=0 tx=0).handle_hello peer v2:172.21.15.90:3300/0 says I am v2:172.21.15.90:55344/0 (socket says 172.21.15.90:55344)
2024-09-12T02:04:46.021 INFO:teuthology.orchestra.run.smithi090.stdout:/usr/bin/ceph: stderr
2024-09-12T02:04:45.196+0000 7ff67affd640 1 -- 172.21.15.90:0/4289908372 learned_addr learned my addr 172.21.15.90:0/4289908372 (peer_addr_for_me v2:172.21.15.90:0/0)
2024-09-12T02:04:46.021 INFO:teuthology.orchestra.run.smithi090.stdout:/usr/bin/ceph: stderr
2024-09-12T02:04:45.197+0000 7ff67affd640 1 -- 172.21.15.90:0/4289908372 --> [v2:172.21.15.90:3300/0,v1:172.21.15.90:6789/0] -- mon_subscribe({config=0+,monmap=0+}) -- 0x7ff67c108960 con 0x7ff67c105980
2024-09-12T02:04:46.021 INFO:teuthology.orchestra.run.smithi090.stdout:/usr/bin/ceph: stderr
2024-09-12T02:04:45.197+0000 7ff67affd640 1 --2- 172.21.15.90:0/4289908372 >> [v2:172.21.15.90:3300/0,v1:172.21.15.90:6789/0] conn(0x7ff67c105980 0x7ff67c105d80 secure :-1 s=READY pgs=74 cs=0 l=1 rev1=1 crypto rx=0x7ff66c009820 tx=0x7ff66c02a270 comp rx=0 tx=0).ready entity=mon.0 client_cookie=4a4ea793ba7e3df4 server_cookie=0 in_seq=0 out_seq=0
2024-09-12T02:04:46.021 INFO:teuthology.orchestra.run.smithi090.stdout:/usr/bin/ceph: stderr
2024-09-12T02:04:45.197+0000 7ff67a7fc640 1 -- 172.21.15.90:0/4289908372 <== mon.0 v2:172.21.15.90:3300/0 1 ==== mon_map magic: 0 ==== 205+0+0 (secure 0 0 0) 0x7ff66c037070 con 0x7ff67c105980
2024-09-12T02:04:46.021 INFO:teuthology.orchestra.run.smithi090.stdout:/usr/bin/ceph: stderr
2024-09-12T02:04:45.198+0000 7ff67a7fc640 1 -- 172.21.15.90:0/4289908372 <== mon.0 v2:172.21.15.90:3300/0 2 ==== config(27 keys) ==== 1140+0+0 (secure 0 0 0) 0x7ff66c032920 con 0x7ff67c105980
2024-09-12T02:04:46.021 INFO:teuthology.orchestra.run.smithi090.stdout:/usr/bin/ceph: stderr
2024-09-12T02:04:45.198+0000 7ff67a7fc640 1 -- 172.21.15.90:0/4289908372 <== mon.0 v2:172.21.15.90:3300/0 3 ==== mon_map magic: 0 ==== 205+0+0 (secure 0 0 0) 0x7ff66c030810 con 0x7ff67c105980
2024-09-12T02:04:46.022 INFO:teuthology.orchestra.run.smithi090.stdout:/usr/bin/ceph: stderr
2024-09-12T02:04:45.198+0000 7ff6813e3640 1 -- 172.21.15.90:0/4289908372 >> [v2:172.21.15.90:3300/0,v1:172.21.15.90:6789/0] conn(0x7ff67c105980 msgr2=0x7ff67c105d80 secure :-1 s=STATE_CONNECTION_ESTABLISHED l=1).mark_down
2024-09-12T02:04:46.022 INFO:teuthology.orchestra.run.smithi090.stdout:/usr/bin/ceph: stderr
2024-09-12T02:04:45.198+0000 7ff6813e3640 1 --2- 172.21.15.90:0/4289908372 >> [v2:172.21.15.90:3300/0,v1:172.21.15.90:6789/0] conn(0x7ff67c105980 0x7ff67c105d80 secure :-1 s=READY pgs=74 cs=0 l=1 rev1=1 crypto rx=0x7ff66c009820 tx=0x7ff66c02a270 comp rx=0 tx=0).stop
2024-09-12T02:04:46.022 INFO:teuthology.orchestra.run.smithi090.stdout:/usr/bin/ceph: stderr
2024-09-12T02:04:45.198+0000 7ff6813e3640 1 -- 172.21.15.90:0/4289908372 shutdown_connections
2024-09-12T02:04:46.022 INFO:teuthology.orchestra.run.smithi090.stdout:/usr/bin/ceph: stderr
2024-09-12T02:04:45.198+0000 7ff6813e3640 1 --2- 172.21.15.90:0/4289908372 >> [v2:172.21.15.90:3300/0,v1:172.21.15.90:6789/0] conn(0x7ff67c105980 0x7ff67c105d80 unknown :-1 s=CLOSED pgs=74 cs=0 l=1 rev1=1 crypto rx=0 tx=0 comp rx=0 tx=0).stop
2024-09-12T02:04:46.022 INFO:teuthology.orchestra.run.smithi090.stdout:/usr/bin/ceph: stderr
2024-09-12T02:04:45.198+0000 7ff6813e3640 1 -- 172.21.15.90:0/4289908372 >> 172.21.15.90:0/4289908372 conn(0x7ff67c101510 msgr2=0x7ff67c103930 unknown :-1 s=STATE_NONE l=0).mark_down
2024-09-12T02:04:46.022 INFO:teuthology.orchestra.run.smithi090.stdout:/usr/bin/ceph: stderr
2024-09-12T02:04:45.198+0000 7ff6813e3640 1 -- 172.21.15.90:0/4289908372 shutdown_connections
2024-09-12T02:04:46.022 INFO:teuthology.orchestra.run.smithi090.stdout:/usr/bin/ceph: stderr
2024-09-12T02:04:45.198+0000 7ff6813e3640 1 -- 172.21.15.90:0/4289908372 wait complete.
2024-09-12T02:04:46.022 INFO:teuthology.orchestra.run.smithi090.stdout:/usr/bin/ceph: stderr
2024-09-12T02:04:45.199+0000 7ff6813e3640 1 Processor -- start
2024-09-12T02:04:46.022 INFO:teuthology.orchestra.run.smithi090.stdout:/usr/bin/ceph: stderr
2024-09-12T02:04:45.199+0000 7ff6813e3640 1 -- start start
2024-09-12T02:04:46.022 INFO:teuthology.orchestra.run.smithi090.stdout:/usr/bin/ceph: stderr
2024-09-12T02:04:45.199+0000 7ff6813e3640 1 --2- >> [v2:172.21.15.90:3300/0,v1:172.21.15.90:6789/0] conn(0x7ff67c105980 0x7ff67c19b6d0 unknown :-1 s=NONE pgs=0 cs=0 l=1 rev1=0 crypto rx=0 tx=0 comp rx=0 tx=0).connect
2024-09-12T02:04:46.022 INFO:teuthology.orchestra.run.smithi090.stdout:/usr/bin/ceph: stderr
2024-09-12T02:04:45.199+0000 7ff6813e3640 1 -- --> [v2:172.21.15.90:3300/0,v1:172.21.15.90:6789/0] -- mon_getmap magic: 0 -- 0x7ff67c10bb90 con 0x7ff67c105980
2024-09-12T02:04:46.023 INFO:teuthology.orchestra.run.smithi090.stdout:/usr/bin/ceph: stderr
2024-09-12T02:04:45.199+0000 7ff67affd640 1 --2- >> [v2:172.21.15.90:3300/0,v1:172.21.15.90:6789/0] conn(0x7ff67c105980 0x7ff67c19b6d0 unknown :-1 s=BANNER_CONNECTING pgs=0 cs=0 l=1 rev1=0 crypto rx=0 tx=0 comp rx=0 tx=0)._handle_peer_banner_payload supported=3 required=0
2024-09-12T02:04:46.023 INFO:teuthology.orchestra.run.smithi090.stdout:/usr/bin/ceph: stderr
2024-09-12T02:04:45.199+0000 7ff67affd640 1 --2- >> [v2:172.21.15.90:3300/0,v1:172.21.15.90:6789/0] conn(0x7ff67c105980 0x7ff67c19b6d0 unknown :-1 s=HELLO_CONNECTING pgs=0 cs=0 l=1 rev1=1 crypto rx=0 tx=0 comp rx=0 tx=0).handle_hello peer v2:172.21.15.90:3300/0 says I am v2:172.21.15.90:55354/0 (socket says 172.21.15.90:55354)
2024-09-12T02:04:46.023 INFO:teuthology.orchestra.run.smithi090.stdout:/usr/bin/ceph: stderr
2024-09-12T02:04:45.199+0000 7ff67affd640 1 -- 172.21.15.90:0/2889255626 learned_addr learned my addr 172.21.15.90:0/2889255626 (peer_addr_for_me v2:172.21.15.90:0/0)
2024-09-12T02:04:46.023 INFO:teuthology.orchestra.run.smithi090.stdout:/usr/bin/ceph: stderr
2024-09-12T02:04:45.199+0000 7ff67affd640 1 -- 172.21.15.90:0/2889255626 --> [v2:172.21.15.90:3300/0,v1:172.21.15.90:6789/0] -- mon_subscribe({config=0+,monmap=0+}) -- 0x7ff67c19bc10 con 0x7ff67c105980
2024-09-12T02:04:46.023 INFO:teuthology.orchestra.run.smithi090.stdout:/usr/bin/ceph: stderr
2024-09-12T02:04:45.199+0000 7ff67affd640 1 --2- 172.21.15.90:0/2889255626 >> [v2:172.21.15.90:3300/0,v1:172.21.15.90:6789/0] conn(0x7ff67c105980 0x7ff67c19b6d0 secure :-1 s=READY pgs=75 cs=0 l=1 rev1=1 crypto rx=0x7ff66c0097f0 tx=0x7ff66c0327b0 comp rx=0 tx=0).ready entity=mon.0 client_cookie=0 server_cookie=0 in_seq=0 out_seq=0
2024-09-12T02:04:46.023 INFO:teuthology.orchestra.run.smithi090.stdout:/usr/bin/ceph: stderr
2024-09-12T02:04:45.200+0000 7ff678ff9640 1 -- 172.21.15.90:0/2889255626 <== mon.0 v2:172.21.15.90:3300/0 1 ==== mon_map magic: 0 ==== 205+0+0 (secure 0 0 0) 0x7ff66c037040 con 0x7ff67c105980
2024-09-12T02:04:46.023 INFO:teuthology.orchestra.run.smithi090.stdout:/usr/bin/ceph: stderr
2024-09-12T02:04:45.200+0000 7ff678ff9640 1 -- 172.21.15.90:0/2889255626 <== mon.0 v2:172.21.15.90:3300/0 2 ==== config(27 keys) ==== 1140+0+0 (secure 0 0 0) 0x7ff66c030cc0 con 0x7ff67c105980
2024-09-12T02:04:46.023 INFO:teuthology.orchestra.run.smithi090.stdout:/usr/bin/ceph: stderr
2024-09-12T02:04:45.200+0000 7ff6813e3640 1 -- 172.21.15.90:0/2889255626 --> [v2:172.21.15.90:3300/0,v1:172.21.15.90:6789/0] -- mon_subscribe({mgrmap=0+}) -- 0x7ff67c19bea0 con 0x7ff67c105980
2024-09-12T02:04:46.023 INFO:teuthology.orchestra.run.smithi090.stdout:/usr/bin/ceph: stderr
2024-09-12T02:04:45.200+0000 7ff678ff9640 1 -- 172.21.15.90:0/2889255626 <== mon.0 v2:172.21.15.90:3300/0 3 ==== mon_map magic: 0 ==== 205+0+0 (secure 0 0 0) 0x7ff66c03a640 con 0x7ff67c105980
2024-09-12T02:04:46.023 INFO:teuthology.orchestra.run.smithi090.stdout:/usr/bin/ceph: stderr
2024-09-12T02:04:45.200+0000 7ff6813e3640 1 -- 172.21.15.90:0/2889255626 --> [v2:172.21.15.90:3300/0,v1:172.21.15.90:6789/0] -- mon_subscribe({osdmap=0}) -- 0x7ff67c19eb90 con 0x7ff67c105980
2024-09-12T02:04:46.023 INFO:teuthology.orchestra.run.smithi090.stdout:/usr/bin/ceph: stderr
2024-09-12T02:04:45.200+0000 7ff678ff9640 1 -- 172.21.15.90:0/2889255626 <== mon.0 v2:172.21.15.90:3300/0 4 ==== mgrmap(e 13) ==== 46343+0+0 (secure 0 0 0) 0x7ff66c03b3f0 con 0x7ff67c105980
2024-09-12T02:04:46.023 INFO:teuthology.orchestra.run.smithi090.stdout:/usr/bin/ceph: stderr
2024-09-12T02:04:45.201+0000 7ff6813e3640 1 -- 172.21.15.90:0/2889255626 --> [v2:172.21.15.90:3300/0,v1:172.21.15.90:6789/0] -- mon_command({"prefix": "get_command_descriptions"} v 0) -- 0x7ff67c105e00 con 0x7ff67c105980
2024-09-12T02:04:46.024 INFO:teuthology.orchestra.run.smithi090.stdout:/usr/bin/ceph: stderr
2024-09-12T02:04:45.201+0000 7ff678ff9640 1 --2- 172.21.15.90:0/2889255626 >> [v2:172.21.15.90:6800/1895990039,v1:172.21.15.90:6801/1895990039] conn(0x7ff6680390c0 0x7ff66803b580 unknown :-1 s=NONE pgs=0 cs=0 l=1 rev1=0 crypto rx=0 tx=0 comp rx=0 tx=0).connect
2024-09-12T02:04:46.024 INFO:teuthology.orchestra.run.smithi090.stdout:/usr/bin/ceph: stderr
2024-09-12T02:04:45.201+0000 7ff678ff9640 1 -- 172.21.15.90:0/2889255626 <== mon.0 v2:172.21.15.90:3300/0 5 ==== osd_map(3..3 src has 1..3) ==== 1155+0+0 (secure 0 0 0) 0x7ff66c06c6a0 con 0x7ff67c105980
2024-09-12T02:04:46.024 INFO:teuthology.orchestra.run.smithi090.stdout:/usr/bin/ceph: stderr
2024-09-12T02:04:45.201+0000 7ff673fff640 1 --2- 172.21.15.90:0/2889255626 >> [v2:172.21.15.90:6800/1895990039,v1:172.21.15.90:6801/1895990039] conn(0x7ff6680390c0 0x7ff66803b580 unknown :-1 s=BANNER_CONNECTING pgs=0 cs=0 l=1 rev1=0 crypto rx=0 tx=0 comp rx=0 tx=0)._handle_peer_banner_payload supported=3 required=0
2024-09-12T02:04:46.024 INFO:teuthology.orchestra.run.smithi090.stdout:/usr/bin/ceph: stderr
2024-09-12T02:04:45.201+0000 7ff673fff640 1 --2- 172.21.15.90:0/2889255626 >> [v2:172.21.15.90:6800/1895990039,v1:172.21.15.90:6801/1895990039] conn(0x7ff6680390c0 0x7ff66803b580 secure :-1 s=READY pgs=10 cs=0 l=1 rev1=1 crypto rx=0x7ff6640098c0 tx=0x7ff664006db0 comp rx=0 tx=0).ready entity=mgr.14150 client_cookie=0 server_cookie=0 in_seq=0 out_seq=0
2024-09-12T02:04:46.024 INFO:teuthology.orchestra.run.smithi090.stdout:/usr/bin/ceph: stderr
2024-09-12T02:04:45.206+0000 7ff678ff9640 1 -- 172.21.15.90:0/2889255626 <== mon.0 v2:172.21.15.90:3300/0 6 ==== mon_command_ack([{"prefix": "get_command_descriptions"}]=0 v0) ==== 72+0+188821 (secure 0 0 0) 0x7ff66c041710 con 0x7ff67c105980
2024-09-12T02:04:46.024 INFO:teuthology.orchestra.run.smithi090.stdout:/usr/bin/ceph: stderr
2024-09-12T02:04:45.457+0000 7ff6813e3640 1 -- 172.21.15.90:0/2889255626 --> [v2:172.21.15.90:3300/0,v1:172.21.15.90:6789/0] -- mon_command([{prefix=config-key set, key=mgr/dashboard/cluster/status}] v 0) -- 0x7ff67c19ed60 con 0x7ff67c105980
2024-09-12T02:04:46.024 INFO:teuthology.orchestra.run.smithi090.stdout:/usr/bin/ceph: stderr
2024-09-12T02:04:45.459+0000 7ff678ff9640 1 -- 172.21.15.90:0/2889255626 <== mon.0 v2:172.21.15.90:3300/0 7 ==== mon_command_ack([{prefix=config-key set, key=mgr/dashboard/cluster/status}]=0 set mgr/dashboard/cluster/status v28)=0 set mgr/dashboard/cluster/status v28) ==== 153+0+0 (secure 0 0 0) 0x7ff66c0328c0 con 0x7ff67c105980
2024-09-12T02:04:46.024 INFO:teuthology.orchestra.run.smithi090.stdout:/usr/bin/ceph: stderr set mgr/dashboard/cluster/status
2024-09-12T02:04:46.024 INFO:teuthology.orchestra.run.smithi090.stdout:/usr/bin/ceph: stderr
2024-09-12T02:04:45.461+0000 7ff6813e3640 1 -- 172.21.15.90:0/2889255626 >> [v2:172.21.15.90:6800/1895990039,v1:172.21.15.90:6801/1895990039] conn(0x7ff6680390c0 msgr2=0x7ff66803b580 secure :-1 s=STATE_CONNECTION_ESTABLISHED l=1).mark_down
2024-09-12T02:04:46.024 INFO:teuthology.orchestra.run.smithi090.stdout:/usr/bin/ceph: stderr
2024-09-12T02:04:45.461+0000 7ff6813e3640 1 --2- 172.21.15.90:0/2889255626 >> [v2:172.21.15.90:6800/1895990039,v1:172.21.15.90:6801/1895990039] conn(0x7ff6680390c0 0x7ff66803b580 secure :-1 s=READY pgs=10 cs=0 l=1 rev1=1 crypto rx=0x7ff6640098c0 tx=0x7ff664006db0 comp rx=0 tx=0).stop
2024-09-12T02:04:46.024 INFO:teuthology.orchestra.run.smithi090.stdout:/usr/bin/ceph: stderr
2024-09-12T02:04:45.461+0000 7ff6813e3640 1 -- 172.21.15.90:0/2889255626 >> [v2:172.21.15.90:3300/0,v1:172.21.15.90:6789/0] conn(0x7ff67c105980 msgr2=0x7ff67c19b6d0 secure :-1 s=STATE_CONNECTION_ESTABLISHED l=1).mark_down
2024-09-12T02:04:46.025 INFO:teuthology.orchestra.run.smithi090.stdout:/usr/bin/ceph: stderr
2024-09-12T02:04:45.461+0000 7ff6813e3640 1 --2- 172.21.15.90:0/2889255626 >> [v2:172.21.15.90:3300/0,v1:172.21.15.90:6789/0] conn(0x7ff67c105980 0x7ff67c19b6d0 secure :-1 s=READY pgs=75 cs=0 l=1 rev1=1 crypto rx=0x7ff66c0097f0 tx=0x7ff66c0327b0 comp rx=0 tx=0).stop
2024-09-12T02:04:46.025 INFO:teuthology.orchestra.run.smithi090.stdout:/usr/bin/ceph: stderr
2024-09-12T02:04:45.461+0000 7ff6813e3640 1 -- 172.21.15.90:0/2889255626 shutdown_connections
2024-09-12T02:04:46.025 INFO:teuthology.orchestra.run.smithi090.stdout:/usr/bin/ceph: stderr
2024-09-12T02:04:45.461+0000 7ff6813e3640 1 --2- 172.21.15.90:0/2889255626 >> [v2:172.21.15.90:6800/1895990039,v1:172.21.15.90:6801/1895990039] conn(0x7ff6680390c0 0x7ff66803b580 unknown :-1 s=CLOSED pgs=10 cs=0 l=1 rev1=1 crypto rx=0 tx=0 comp rx=0 tx=0).stop
2024-09-12T02:04:46.025 INFO:teuthology.orchestra.run.smithi090.stdout:/usr/bin/ceph: stderr
