2024-09-12T02:04:37.202+0000 7f7979391040 -1 mgr[py] Module orchestrator has missing NOTIFY_TYPES member
2024-09-12T02:04:37.478 INFO:journalctl@ceph.mgr.x.smithi090.stdout:Sep 12 02:04:37 smithi090 ceph-1a8af08a-70ab-11ef-bcea-c7b262605968-mgr-x[31191]:
2024-09-12T02:04:37.264+0000 7f7979391040 -1 mgr[py] Module devicehealth has missing NOTIFY_TYPES member
2024-09-12T02:04:37.478 INFO:journalctl@ceph.mgr.x.smithi090.stdout:Sep 12 02:04:37 smithi090 ceph-1a8af08a-70ab-11ef-bcea-c7b262605968-mgr-x[31191]:
2024-09-12T02:04:37.410+0000 7f7979391040 -1 mgr[py] Module rgw has missing NOTIFY_TYPES member
2024-09-12T02:04:37.478 INFO:journalctl@ceph.mgr.x.smithi090.stdout:Sep 12 02:04:37 smithi090 ceph-1a8af08a-70ab-11ef-bcea-c7b262605968-mgr-x[31191]:
2024-09-12T02:04:37.477+0000 7f7979391040 -1 mgr[py] Module alerts has missing NOTIFY_TYPES member
2024-09-12T02:04:37.734 INFO:journalctl@ceph.mgr.x.smithi090.stdout:Sep 12 02:04:37 smithi090 ceph-1a8af08a-70ab-11ef-bcea-c7b262605968-mgr-x[31191]:
2024-09-12T02:04:37.536+0000 7f7979391040 -1 mgr[py] Module progress has missing NOTIFY_TYPES member
2024-09-12T02:04:37.734 INFO:journalctl@ceph.mgr.x.smithi090.stdout:Sep 12 02:04:37 smithi090 ceph-1a8af08a-70ab-11ef-bcea-c7b262605968-mgr-x[31191]:
2024-09-12T02:04:37.692+0000 7f7979391040 -1 mgr[py] Module nfs has missing NOTIFY_TYPES member
2024-09-12T02:04:38.020 INFO:journalctl@ceph.mgr.x.smithi090.stdout:Sep 12 02:04:37 smithi090 ceph-1a8af08a-70ab-11ef-bcea-c7b262605968-mgr-x[31191]:
2024-09-12T02:04:37.756+0000 7f7979391040 -1 mgr[py] Module status has missing NOTIFY_TYPES member
2024-09-12T02:04:38.020 INFO:journalctl@ceph.mgr.x.smithi090.stdout:Sep 12 02:04:37 smithi090 ceph-1a8af08a-70ab-11ef-bcea-c7b262605968-mgr-x[31191]:
2024-09-12T02:04:37.822+0000 7f7979391040 -1 mgr[py] Module pg_autoscaler has missing NOTIFY_TYPES member
2024-09-12T02:04:38.020 INFO:journalctl@ceph.mgr.x.smithi090.stdout:Sep 12 02:04:37 smithi090 ceph-1a8af08a-70ab-11ef-bcea-c7b262605968-mgr-x[31191]:
2024-09-12T02:04:37.902+0000 7f7979391040 -1 mgr[py] Module rbd_support has missing NOTIFY_TYPES member
2024-09-12T02:04:38.020 INFO:journalctl@ceph.mgr.x.smithi090.stdout:Sep 12 02:04:37 smithi090 ceph-1a8af08a-70ab-11ef-bcea-c7b262605968-mgr-x[31191]:
2024-09-12T02:04:37.960+0000 7f7979391040 -1 mgr[py] Module influx has missing NOTIFY_TYPES member
2024-09-12T02:04:38.021 INFO:journalctl@ceph.mgr.x.smithi090.stdout:Sep 12 02:04:38 smithi090 ceph-1a8af08a-70ab-11ef-bcea-c7b262605968-mgr-x[31191]:
2024-09-12T02:04:38.020+0000 7f7979391040 -1 mgr[py] Module zabbix has missing NOTIFY_TYPES member
2024-09-12T02:04:39.284 INFO:journalctl@ceph.mgr.x.smithi090.stdout:Sep 12 02:04:38 smithi090 ceph-1a8af08a-70ab-11ef-bcea-c7b262605968-mgr-x[31191]:
2024-09-12T02:04:38.794+0000 7f7979391040 -1 mgr[py] Module telegraf has missing NOTIFY_TYPES member
2024-09-12T02:04:39.284 INFO:journalctl@ceph.mon.a.smithi090.stdout:Sep 12 02:04:38 smithi090 ceph-mon[30959]: Active manager daemon x restarted
2024-09-12T02:04:39.285 INFO:journalctl@ceph.mon.a.smithi090.stdout:Sep 12 02:04:38 smithi090 ceph-mon[30959]: Activating manager daemon x
2024-09-12T02:04:39.285 INFO:journalctl@ceph.mon.a.smithi090.stdout:Sep 12 02:04:38 smithi090 ceph-mon[30959]: osdmap e3: 0 total, 0 up, 0 in
2024-09-12T02:04:39.285 INFO:journalctl@ceph.mon.a.smithi090.stdout:Sep 12 02:04:38 smithi090 ceph-mon[30959]: mgrmap e10: x(active, starting, since 0.00329921s)
2024-09-12T02:04:39.285 INFO:journalctl@ceph.mon.a.smithi090.stdout:Sep 12 02:04:38 smithi090 ceph-mon[30959]: from='mgr.14150 172.21.15.90:0/503221449' entity='mgr.x' cmd=[{"prefix": "mon metadata", "id": "a"}]: dispatch
2024-09-12T02:04:39.285 INFO:journalctl@ceph.mon.a.smithi090.stdout:Sep 12 02:04:38 smithi090 ceph-mon[30959]: from='mgr.14150 172.21.15.90:0/503221449' entity='mgr.x' cmd=[{"prefix": "mgr metadata", "who": "x", "id": "x"}]: dispatch
2024-09-12T02:04:39.285 INFO:journalctl@ceph.mon.a.smithi090.stdout:Sep 12 02:04:38 smithi090 ceph-mon[30959]: from='mgr.14150 172.21.15.90:0/503221449' entity='mgr.x' cmd=[{"prefix": "mds metadata"}]: dispatch
2024-09-12T02:04:39.285 INFO:journalctl@ceph.mon.a.smithi090.stdout:Sep 12 02:04:38 smithi090 ceph-mon[30959]: from='mgr.14150 172.21.15.90:0/503221449' entity='mgr.x' cmd=[{"prefix": "osd metadata"}]: dispatch
2024-09-12T02:04:39.285 INFO:journalctl@ceph.mon.a.smithi090.stdout:Sep 12 02:04:38 smithi090 ceph-mon[30959]: from='mgr.14150 172.21.15.90:0/503221449' entity='mgr.x' cmd=[{"prefix": "mon metadata"}]: dispatch
2024-09-12T02:04:39.285 INFO:journalctl@ceph.mon.a.smithi090.stdout:Sep 12 02:04:38 smithi090 ceph-mon[30959]: Manager daemon x is now available
2024-09-12T02:04:39.285 INFO:journalctl@ceph.mon.a.smithi090.stdout:Sep 12 02:04:38 smithi090 ceph-mon[30959]: from='mgr.14150 172.21.15.90:0/503221449' entity='mgr.x' cmd=[{"prefix": "config dump", "format": "json"}]: dispatch
2024-09-12T02:04:39.286 INFO:journalctl@ceph.mon.a.smithi090.stdout:Sep 12 02:04:38 smithi090 ceph-mon[30959]: from='mgr.14150 172.21.15.90:0/503221449' entity='mgr.x' cmd=[{"prefix":"config rm","who":"mgr","name":"mgr/rbd_support/x/mirror_snapshot_schedule"}]: dispatch
2024-09-12T02:04:39.286 INFO:journalctl@ceph.mon.a.smithi090.stdout:Sep 12 02:04:38 smithi090 ceph-mon[30959]: from='mgr.14150 172.21.15.90:0/503221449' entity='mgr.x' cmd=[{"prefix":"config rm","who":"mgr","name":"mgr/rbd_support/x/trash_purge_schedule"}]: dispatch
2024-09-12T02:04:40.621 INFO:teuthology.orchestra.run.smithi090.stdout:/usr/bin/ceph: stdout {
2024-09-12T02:04:40.622 INFO:teuthology.orchestra.run.smithi090.stdout:/usr/bin/ceph: stdout "mgrmap_epoch": 11,
2024-09-12T02:04:40.622 INFO:teuthology.orchestra.run.smithi090.stdout:/usr/bin/ceph: stdout "initialized": true
2024-09-12T02:04:40.622 INFO:teuthology.orchestra.run.smithi090.stdout:/usr/bin/ceph: stdout }
2024-09-12T02:04:40.622 INFO:teuthology.orchestra.run.smithi090.stdout:/usr/bin/ceph: stderr
2024-09-12T02:04:36.325+0000 7f1812ded640 1 Processor -- start
2024-09-12T02:04:40.622 INFO:teuthology.orchestra.run.smithi090.stdout:/usr/bin/ceph: stderr
2024-09-12T02:04:36.325+0000 7f1812ded640 1 -- start start
2024-09-12T02:04:40.623 INFO:teuthology.orchestra.run.smithi090.stdout:/usr/bin/ceph: stderr
2024-09-12T02:04:36.325+0000 7f1812ded640 1 --2- >> [v2:172.21.15.90:3300/0,v1:172.21.15.90:6789/0] conn(0x7f180c107740 0x7f180c107b40 unknown :-1 s=NONE pgs=0 cs=0 l=0 rev1=0 crypto rx=0 tx=0 comp rx=0 tx=0).connect
2024-09-12T02:04:40.623 INFO:teuthology.orchestra.run.smithi090.stdout:/usr/bin/ceph: stderr
2024-09-12T02:04:36.325+0000 7f1812ded640 1 -- --> [v2:172.21.15.90:3300/0,v1:172.21.15.90:6789/0] -- mon_getmap magic: 0 -- 0x7f180c108110 con 0x7f180c107740
2024-09-12T02:04:40.623 INFO:teuthology.orchestra.run.smithi090.stdout:/usr/bin/ceph: stderr
2024-09-12T02:04:36.326+0000 7f1810b89640 1 --2- >> [v2:172.21.15.90:3300/0,v1:172.21.15.90:6789/0] conn(0x7f180c107740 0x7f180c107b40 unknown :-1 s=BANNER_CONNECTING pgs=0 cs=0 l=0 rev1=0 crypto rx=0 tx=0 comp rx=0 tx=0)._handle_peer_banner_payload supported=3 required=0
2024-09-12T02:04:40.623 INFO:teuthology.orchestra.run.smithi090.stdout:/usr/bin/ceph: stderr
2024-09-12T02:04:36.326+0000 7f1810b89640 1 --2- >> [v2:172.21.15.90:3300/0,v1:172.21.15.90:6789/0] conn(0x7f180c107740 0x7f180c107b40 unknown :-1 s=HELLO_CONNECTING pgs=0 cs=0 l=0 rev1=1 crypto rx=0 tx=0 comp rx=0 tx=0).handle_hello peer v2:172.21.15.90:3300/0 says I am v2:172.21.15.90:58270/0 (socket says 172.21.15.90:58270)
2024-09-12T02:04:40.623 INFO:teuthology.orchestra.run.smithi090.stdout:/usr/bin/ceph: stderr
2024-09-12T02:04:36.326+0000 7f1810b89640 1 -- 172.21.15.90:0/4268266720 learned_addr learned my addr 172.21.15.90:0/4268266720 (peer_addr_for_me v2:172.21.15.90:0/0)
2024-09-12T02:04:40.624 INFO:teuthology.orchestra.run.smithi090.stdout:/usr/bin/ceph: stderr
2024-09-12T02:04:36.326+0000 7f1810b89640 1 -- 172.21.15.90:0/4268266720 --> [v2:172.21.15.90:3300/0,v1:172.21.15.90:6789/0] -- mon_subscribe({config=0+,monmap=0+}) -- 0x7f180c108940 con 0x7f180c107740
2024-09-12T02:04:40.624 INFO:teuthology.orchestra.run.smithi090.stdout:/usr/bin/ceph: stderr
2024-09-12T02:04:36.327+0000 7f1810b89640 1 --2- 172.21.15.90:0/4268266720 >> [v2:172.21.15.90:3300/0,v1:172.21.15.90:6789/0] conn(0x7f180c107740 0x7f180c107b40 secure :-1 s=READY pgs=59 cs=0 l=1 rev1=1 crypto rx=0x7f1800009820 tx=0x7f180002a270 comp rx=0 tx=0).ready entity=mon.0 client_cookie=f6fed7eace2b7a6c server_cookie=0 in_seq=0 out_seq=0
2024-09-12T02:04:40.624 INFO:teuthology.orchestra.run.smithi090.stdout:/usr/bin/ceph: stderr
2024-09-12T02:04:36.327+0000 7f180b7fe640 1 -- 172.21.15.90:0/4268266720 <== mon.0 v2:172.21.15.90:3300/0 1 ==== mon_map magic: 0 ==== 205+0+0 (secure 0 0 0) 0x7f1800037070 con 0x7f180c107740
2024-09-12T02:04:40.624 INFO:teuthology.orchestra.run.smithi090.stdout:/usr/bin/ceph: stderr
2024-09-12T02:04:36.327+0000 7f180b7fe640 1 -- 172.21.15.90:0/4268266720 <== mon.0 v2:172.21.15.90:3300/0 2 ==== config(27 keys) ==== 1140+0+0 (secure 0 0 0) 0x7f1800032920 con 0x7f180c107740
2024-09-12T02:04:40.624 INFO:teuthology.orchestra.run.smithi090.stdout:/usr/bin/ceph: stderr
2024-09-12T02:04:36.327+0000 7f180b7fe640 1 -- 172.21.15.90:0/4268266720 <== mon.0 v2:172.21.15.90:3300/0 3 ==== mon_map magic: 0 ==== 205+0+0 (secure 0 0 0) 0x7f1800030810 con 0x7f180c107740
2024-09-12T02:04:40.624 INFO:teuthology.orchestra.run.smithi090.stdout:/usr/bin/ceph: stderr
2024-09-12T02:04:36.327+0000 7f1812ded640 1 -- 172.21.15.90:0/4268266720 >> [v2:172.21.15.90:3300/0,v1:172.21.15.90:6789/0] conn(0x7f180c107740 msgr2=0x7f180c107b40 secure :-1 s=STATE_CONNECTION_ESTABLISHED l=1).mark_down
2024-09-12T02:04:40.625 INFO:teuthology.orchestra.run.smithi090.stdout:/usr/bin/ceph: stderr
2024-09-12T02:04:36.327+0000 7f1812ded640 1 --2- 172.21.15.90:0/4268266720 >> [v2:172.21.15.90:3300/0,v1:172.21.15.90:6789/0] conn(0x7f180c107740 0x7f180c107b40 secure :-1 s=READY pgs=59 cs=0 l=1 rev1=1 crypto rx=0x7f1800009820 tx=0x7f180002a270 comp rx=0 tx=0).stop
2024-09-12T02:04:40.625 INFO:teuthology.orchestra.run.smithi090.stdout:/usr/bin/ceph: stderr
2024-09-12T02:04:36.327+0000 7f1812ded640 1 -- 172.21.15.90:0/4268266720 shutdown_connections
2024-09-12T02:04:40.625 INFO:teuthology.orchestra.run.smithi090.stdout:/usr/bin/ceph: stderr
2024-09-12T02:04:36.327+0000 7f1812ded640 1 --2- 172.21.15.90:0/4268266720 >> [v2:172.21.15.90:3300/0,v1:172.21.15.90:6789/0] conn(0x7f180c107740 0x7f180c107b40 unknown :-1 s=CLOSED pgs=59 cs=0 l=1 rev1=1 crypto rx=0 tx=0 comp rx=0 tx=0).stop
2024-09-12T02:04:40.625 INFO:teuthology.orchestra.run.smithi090.stdout:/usr/bin/ceph: stderr
2024-09-12T02:04:36.327+0000 7f1812ded640 1 -- 172.21.15.90:0/4268266720 >> 172.21.15.90:0/4268266720 conn(0x7f180c102ef0 msgr2=0x7f180c105310 unknown :-1 s=STATE_NONE l=0).mark_down
2024-09-12T02:04:40.625 INFO:teuthology.orchestra.run.smithi090.stdout:/usr/bin/ceph: stderr
2024-09-12T02:04:36.328+0000 7f1812ded640 1 -- 172.21.15.90:0/4268266720 shutdown_connections
2024-09-12T02:04:40.626 INFO:teuthology.orchestra.run.smithi090.stdout:/usr/bin/ceph: stderr
2024-09-12T02:04:36.328+0000 7f1812ded640 1 -- 172.21.15.90:0/4268266720 wait complete.
2024-09-12T02:04:40.626 INFO:teuthology.orchestra.run.smithi090.stdout:/usr/bin/ceph: stderr
2024-09-12T02:04:36.328+0000 7f1812ded640 1 Processor -- start
2024-09-12T02:04:40.626 INFO:teuthology.orchestra.run.smithi090.stdout:/usr/bin/ceph: stderr
2024-09-12T02:04:36.328+0000 7f1812ded640 1 -- start start
2024-09-12T02:04:40.626 INFO:teuthology.orchestra.run.smithi090.stdout:/usr/bin/ceph: stderr
2024-09-12T02:04:36.328+0000 7f1812ded640 1 --2- >> [v2:172.21.15.90:3300/0,v1:172.21.15.90:6789/0] conn(0x7f180c107740 0x7f180c19b6d0 unknown :-1 s=NONE pgs=0 cs=0 l=1 rev1=0 crypto rx=0 tx=0 comp rx=0 tx=0).connect
2024-09-12T02:04:40.626 INFO:teuthology.orchestra.run.smithi090.stdout:/usr/bin/ceph: stderr
2024-09-12T02:04:36.328+0000 7f1812ded640 1 -- --> [v2:172.21.15.90:3300/0,v1:172.21.15.90:6789/0] -- mon_getmap magic: 0 -- 0x7f180c10bcf0 con 0x7f180c107740
2024-09-12T02:04:40.626 INFO:teuthology.orchestra.run.smithi090.stdout:/usr/bin/ceph: stderr
2024-09-12T02:04:36.328+0000 7f1810b89640 1 --2- >> [v2:172.21.15.90:3300/0,v1:172.21.15.90:6789/0] conn(0x7f180c107740 0x7f180c19b6d0 unknown :-1 s=BANNER_CONNECTING pgs=0 cs=0 l=1 rev1=0 crypto rx=0 tx=0 comp rx=0 tx=0)._handle_peer_banner_payload supported=3 required=0
2024-09-12T02:04:40.627 INFO:teuthology.orchestra.run.smithi090.stdout:/usr/bin/ceph: stderr
2024-09-12T02:04:36.328+0000 7f1810b89640 1 --2- >> [v2:172.21.15.90:3300/0,v1:172.21.15.90:6789/0] conn(0x7f180c107740 0x7f180c19b6d0 unknown :-1 s=HELLO_CONNECTING pgs=0 cs=0 l=1 rev1=1 crypto rx=0 tx=0 comp rx=0 tx=0).handle_hello peer v2:172.21.15.90:3300/0 says I am v2:172.21.15.90:58280/0 (socket says 172.21.15.90:58280)
2024-09-12T02:04:40.627 INFO:teuthology.orchestra.run.smithi090.stdout:/usr/bin/ceph: stderr
2024-09-12T02:04:36.329+0000 7f1810b89640 1 -- 172.21.15.90:0/290114510 learned_addr learned my addr 172.21.15.90:0/290114510 (peer_addr_for_me v2:172.21.15.90:0/0)
2024-09-12T02:04:40.627 INFO:teuthology.orchestra.run.smithi090.stdout:/usr/bin/ceph: stderr
2024-09-12T02:04:36.329+0000 7f1810b89640 1 -- 172.21.15.90:0/290114510 --> [v2:172.21.15.90:3300/0,v1:172.21.15.90:6789/0] -- mon_subscribe({config=0+,monmap=0+}) -- 0x7f180c19bc10 con 0x7f180c107740
2024-09-12T02:04:40.627 INFO:teuthology.orchestra.run.smithi090.stdout:/usr/bin/ceph: stderr
2024-09-12T02:04:36.329+0000 7f1810b89640 1 --2- 172.21.15.90:0/290114510 >> [v2:172.21.15.90:3300/0,v1:172.21.15.90:6789/0] conn(0x7f180c107740 0x7f180c19b6d0 secure :-1 s=READY pgs=60 cs=0 l=1 rev1=1 crypto rx=0x7f1800030560 tx=0x7f1800032670 comp rx=0 tx=0).ready entity=mon.0 client_cookie=0 server_cookie=0 in_seq=0 out_seq=0
2024-09-12T02:04:40.627 INFO:teuthology.orchestra.run.smithi090.stdout:/usr/bin/ceph: stderr
2024-09-12T02:04:36.329+0000 7f1809ffb640 1 -- 172.21.15.90:0/290114510 <== mon.0 v2:172.21.15.90:3300/0 1 ==== mon_map magic: 0 ==== 205+0+0 (secure 0 0 0) 0x7f1800037040 con 0x7f180c107740
2024-09-12T02:04:40.628 INFO:teuthology.orchestra.run.smithi090.stdout:/usr/bin/ceph: stderr
2024-09-12T02:04:36.329+0000 7f1812ded640 1 -- 172.21.15.90:0/290114510 --> [v2:172.21.15.90:3300/0,v1:172.21.15.90:6789/0] -- mon_subscribe({mgrmap=0+}) -- 0x7f180c19bea0 con 0x7f180c107740
2024-09-12T02:04:40.628 INFO:teuthology.orchestra.run.smithi090.stdout:/usr/bin/ceph: stderr
2024-09-12T02:04:36.329+0000 7f1809ffb640 1 -- 172.21.15.90:0/290114510 <== mon.0 v2:172.21.15.90:3300/0 2 ==== config(27 keys) ==== 1140+0+0 (secure 0 0 0) 0x7f1800040070 con 0x7f180c107740
2024-09-12T02:04:40.628 INFO:teuthology.orchestra.run.smithi090.stdout:/usr/bin/ceph: stderr
2024-09-12T02:04:36.329+0000 7f1809ffb640 1 -- 172.21.15.90:0/290114510 <== mon.0 v2:172.21.15.90:3300/0 3 ==== mon_map magic: 0 ==== 205+0+0 (secure 0 0 0) 0x7f180003a6d0 con 0x7f180c107740
2024-09-12T02:04:40.628 INFO:teuthology.orchestra.run.smithi090.stdout:/usr/bin/ceph: stderr
2024-09-12T02:04:36.329+0000 7f1812ded640 1 -- 172.21.15.90:0/290114510 --> [v2:172.21.15.90:3300/0,v1:172.21.15.90:6789/0] -- mon_subscribe({osdmap=0}) -- 0x7f180c19eb90 con 0x7f180c107740
2024-09-12T02:04:40.628 INFO:teuthology.orchestra.run.smithi090.stdout:/usr/bin/ceph: stderr
2024-09-12T02:04:36.330+0000 7f1809ffb640 1 -- 172.21.15.90:0/290114510 <== mon.0 v2:172.21.15.90:3300/0 4 ==== mgrmap(e 9) ==== 46300+0+0 (secure 0 0 0) 0x7f180003a940 con 0x7f180c107740
2024-09-12T02:04:40.628 INFO:teuthology.orchestra.run.smithi090.stdout:/usr/bin/ceph: stderr
2024-09-12T02:04:36.331+0000 7f1809ffb640 1 --2- 172.21.15.90:0/290114510 >> [v2:172.21.15.90:6800/2017532573,v1:172.21.15.90:6801/2017532573] conn(0x7f17fc038fc0 0x7f17fc03b480 unknown :-1 s=NONE pgs=0 cs=0 l=1 rev1=0 crypto rx=0 tx=0 comp rx=0 tx=0).connect
2024-09-12T02:04:40.629 INFO:teuthology.orchestra.run.smithi090.stdout:/usr/bin/ceph: stderr
2024-09-12T02:04:36.331+0000 7f1809ffb640 1 -- 172.21.15.90:0/290114510 --> [v2:172.21.15.90:6800/2017532573,v1:172.21.15.90:6801/2017532573] -- command(tid 0: {"prefix": "get_command_descriptions"}) -- 0x7f17fc03bb90 con 0x7f17fc038fc0
2024-09-12T02:04:40.629 INFO:teuthology.orchestra.run.smithi090.stdout:/usr/bin/ceph: stderr
2024-09-12T02:04:36.331+0000 7f1809ffb640 1 -- 172.21.15.90:0/290114510 <== mon.0 v2:172.21.15.90:3300/0 5 ==== osd_map(2..2 src has 1..2) ==== 940+0+0 (secure 0 0 0) 0x7f180006c730 con 0x7f180c107740
2024-09-12T02:04:40.629 INFO:teuthology.orchestra.run.smithi090.stdout:/usr/bin/ceph: stderr
2024-09-12T02:04:36.331+0000 7f180bfff640 1 -- 172.21.15.90:0/290114510 >> [v2:172.21.15.90:6800/2017532573,v1:172.21.15.90:6801/2017532573] conn(0x7f17fc038fc0 msgr2=0x7f17fc03b480 unknown :-1 s=STATE_CONNECTING_RE l=1).process reconnect failed to v2:172.21.15.90:6800/2017532573
2024-09-12T02:04:40.629 INFO:teuthology.orchestra.run.smithi090.stdout:/usr/bin/ceph: stderr
2024-09-12T02:04:36.331+0000 7f180bfff640 1 --2- 172.21.15.90:0/290114510 >> [v2:172.21.15.90:6800/2017532573,v1:172.21.15.90:6801/2017532573] conn(0x7f17fc038fc0 0x7f17fc03b480 unknown :-1 s=START_CONNECT pgs=0 cs=0 l=1 rev1=0 crypto rx=0 tx=0 comp rx=0 tx=0)._fault waiting 0.200000
2024-09-12T02:04:40.629 INFO:teuthology.orchestra.run.smithi090.stdout:/usr/bin/ceph: stderr
2024-09-12T02:04:36.532+0000 7f180bfff640 1 -- 172.21.15.90:0/290114510 >> [v2:172.21.15.90:6800/2017532573,v1:172.21.15.90:6801/2017532573] conn(0x7f17fc038fc0 msgr2=0x7f17fc03b480 unknown :-1 s=STATE_CONNECTING_RE l=1).process reconnect failed to v2:172.21.15.90:6800/2017532573
2024-09-12T02:04:40.630 INFO:teuthology.orchestra.run.smithi090.stdout:/usr/bin/ceph: stderr
2024-09-12T02:04:36.532+0000 7f180bfff640 1 --2- 172.21.15.90:0/290114510 >> [v2:172.21.15.90:6800/2017532573,v1:172.21.15.90:6801/2017532573] conn(0x7f17fc038fc0 0x7f17fc03b480 unknown :-1 s=START_CONNECT pgs=0 cs=0 l=1 rev1=0 crypto rx=0 tx=0 comp rx=0 tx=0)._fault waiting 0.400000
2024-09-12T02:04:40.630 INFO:teuthology.orchestra.run.smithi090.stdout:/usr/bin/ceph: stderr
2024-09-12T02:04:36.933+0000 7f180bfff640 1 -- 172.21.15.90:0/290114510 >> [v2:172.21.15.90:6800/2017532573,v1:172.21.15.90:6801/2017532573] conn(0x7f17fc038fc0 msgr2=0x7f17fc03b480 unknown :-1 s=STATE_CONNECTING_RE l=1).process reconnect failed to v2:172.21.15.90:6800/2017532573
2024-09-12T02:04:40.630 INFO:teuthology.orchestra.run.smithi090.stdout:/usr/bin/ceph: stderr
2024-09-12T02:04:36.933+0000 7f180bfff640 1 --2- 172.21.15.90:0/290114510 >> [v2:172.21.15.90:6800/2017532573,v1:172.21.15.90:6801/2017532573] conn(0x7f17fc038fc0 0x7f17fc03b480 unknown :-1 s=START_CONNECT pgs=0 cs=0 l=1 rev1=0 crypto rx=0 tx=0 comp rx=0 tx=0)._fault waiting 0.800000
2024-09-12T02:04:40.630 INFO:teuthology.orchestra.run.smithi090.stdout:/usr/bin/ceph: stderr
2024-09-12T02:04:37.734+0000 7f180bfff640 1 -- 172.21.15.90:0/290114510 >> [v2:172.21.15.90:6800/2017532573,v1:172.21.15.90:6801/2017532573] conn(0x7f17fc038fc0 msgr2=0x7f17fc03b480 unknown :-1 s=STATE_CONNECTING_RE l=1).process reconnect failed to v2:172.21.15.90:6800/2017532573
2024-09-12T02:04:40.630 INFO:teuthology.orchestra.run.smithi090.stdout:/usr/bin/ceph: stderr
2024-09-12T02:04:37.734+0000 7f180bfff640 1 --2- 172.21.15.90:0/290114510 >> [v2:172.21.15.90:6800/2017532573,v1:172.21.15.90:6801/2017532573] conn(0x7f17fc038fc0 0x7f17fc03b480 unknown :-1 s=START_CONNECT pgs=0 cs=0 l=1 rev1=0 crypto rx=0 tx=0 comp rx=0 tx=0)._fault waiting 1.600000
2024-09-12T02:04:40.630 INFO:teuthology.orchestra.run.smithi090.stdout:/usr/bin/ceph: stderr
2024-09-12T02:04:38.797+0000 7f1809ffb640 1 -- 172.21.15.90:0/290114510 <== mon.0 v2:172.21.15.90:3300/0 6 ==== mgrmap(e 10) ==== 46067+0+0 (secure 0 0 0) 0x7f180006b1e0 con 0x7f180c107740
2024-09-12T02:04:40.631 INFO:teuthology.orchestra.run.smithi090.stdout:/usr/bin/ceph: stderr
2024-09-12T02:04:38.797+0000 7f1809ffb640 1 -- 172.21.15.90:0/290114510 >> [v2:172.21.15.90:6800/2017532573,v1:172.21.15.90:6801/2017532573] conn(0x7f17fc038fc0 msgr2=0x7f17fc03b480 unknown :-1 s=STATE_CONNECTING l=1).mark_down
2024-09-12T02:04:40.631 INFO:teuthology.orchestra.run.smithi090.stdout:/usr/bin/ceph: stderr
2024-09-12T02:04:38.797+0000 7f1809ffb640 1 --2- 172.21.15.90:0/290114510 >> [v2:172.21.15.90:6800/2017532573,v1:172.21.15.90:6801/2017532573] conn(0x7f17fc038fc0 0x7f17fc03b480 unknown :-1 s=START_CONNECT pgs=0 cs=0 l=1 rev1=0 crypto rx=0 tx=0 comp rx=0 tx=0).stop
2024-09-12T02:04:40.631 INFO:teuthology.orchestra.run.smithi090.stdout:/usr/bin/ceph: stderr
2024-09-12T02:04:39.799+0000 7f1809ffb640 1 -- 172.21.15.90:0/290114510 <== mon.0 v2:172.21.15.90:3300/0 7 ==== mgrmap(e 11) ==== 46194+0+0 (secure 0 0 0) 0x7f180003b420 con 0x7f180c107740
2024-09-12T02:04:40.631 INFO:teuthology.orchestra.run.smithi090.stdout:/usr/bin/ceph: stderr
2024-09-12T02:04:39.799+0000 7f1809ffb640 1 --2- 172.21.15.90:0/290114510 >> [v2:172.21.15.90:6800/1895990039,v1:172.21.15.90:6801/1895990039] conn(0x7f17fc03ca80 0x7f17fc03ee70 unknown :-1 s=NONE pgs=0 cs=0 l=1 rev1=0 crypto rx=0 tx=0 comp rx=0 tx=0).connect
2024-09-12T02:04:40.631 INFO:teuthology.orchestra.run.smithi090.stdout:/usr/bin/ceph: stderr
2024-09-12T02:04:39.799+0000 7f1809ffb640 1 -- 172.21.15.90:0/290114510 --> [v2:172.21.15.90:6800/1895990039,v1:172.21.15.90:6801/1895990039] -- command(tid 0: {"prefix": "get_command_descriptions"}) -- 0x7f1800038e50 con 0x7f17fc03ca80
2024-09-12T02:04:40.632 INFO:teuthology.orchestra.run.smithi090.stdout:/usr/bin/ceph: stderr
2024-09-12T02:04:39.799+0000 7f180bfff640 1 --2- 172.21.15.90:0/290114510 >> [v2:172.21.15.90:6800/1895990039,v1:172.21.15.90:6801/1895990039] conn(0x7f17fc03ca80 0x7f17fc03ee70 unknown :-1 s=BANNER_CONNECTING pgs=0 cs=0 l=1 rev1=0 crypto rx=0 tx=0 comp rx=0 tx=0)._handle_peer_banner_payload supported=3 required=0
2024-09-12T02:04:40.632 INFO:teuthology.orchestra.run.smithi090.stdout:/usr/bin/ceph: stderr
2024-09-12T02:04:39.800+0000 7f180bfff640 1 --2- 172.21.15.90:0/290114510 >> [v2:172.21.15.90:6800/1895990039,v1:172.21.15.90:6801/1895990039] conn(0x7f17fc03ca80 0x7f17fc03ee70 secure :-1 s=READY pgs=1 cs=0 l=1 rev1=1 crypto rx=0x7f17f8003980 tx=0x7f17f8006e10 comp rx=0 tx=0).ready entity=mgr.14150 client_cookie=0 server_cookie=0 in_seq=0 out_seq=0
2024-09-12T02:04:40.632 INFO:teuthology.orchestra.run.smithi090.stdout:/usr/bin/ceph: stderr
2024-09-12T02:04:39.800+0000 7f1809ffb640 1 -- 172.21.15.90:0/290114510 <== mgr.14150 v2:172.21.15.90:6800/1895990039 1 ==== command_reply(tid 0: 0 ) ==== 8+0+9564 (secure 0 0 0) 0x7f1800038e50 con 0x7f17fc03ca80
2024-09-12T02:04:40.632 INFO:teuthology.orchestra.run.smithi090.stdout:/usr/bin/ceph: stderr
2024-09-12T02:04:39.807+0000 7f1812ded640 1 -- 172.21.15.90:0/290114510 --> [v2:172.21.15.90:6800/1895990039,v1:172.21.15.90:6801/1895990039] -- command(tid 1: {"prefix": "mgr_status"}) -- 0x7f180c107bc0 con 0x7f17fc03ca80
2024-09-12T02:04:40.632 INFO:teuthology.orchestra.run.smithi090.stdout:/usr/bin/ceph: stderr
2024-09-12T02:04:39.808+0000 7f1809ffb640 1 -- 172.21.15.90:0/290114510 <== mgr.14150 v2:172.21.15.90:6800/1895990039 2 ==== command_reply(tid 1: 0 ) ==== 8+0+52 (secure 0 0 0) 0x7f180c107bc0 con 0x7f17fc03ca80
2024-09-12T02:04:40.633 INFO:teuthology.orchestra.run.smithi090.stdout:/usr/bin/ceph: stderr
2024-09-12T02:04:39.808+0000 7f1812ded640 1 -- 172.21.15.90:0/290114510 >> [v2:172.21.15.90:6800/1895990039,v1:172.21.15.90:6801/1895990039] conn(0x7f17fc03ca80 msgr2=0x7f17fc03ee70 secure :-1 s=STATE_CONNECTION_ESTABLISHED l=1).mark_down
2024-09-12T02:04:40.633 INFO:teuthology.orchestra.run.smithi090.stdout:/usr/bin/ceph: stderr
2024-09-12T02:04:39.808+0000 7f1812ded640 1 --2- 172.21.15.90:0/290114510 >> [v2:172.21.15.90:6800/1895990039,v1:172.21.15.90:6801/1895990039] conn(0x7f17fc03ca80 0x7f17fc03ee70 secure :-1 s=READY pgs=1 cs=0 l=1 rev1=1 crypto rx=0x7f17f8003980 tx=0x7f17f8006e10 comp rx=0 tx=0).stop
2024-09-12T02:04:40.633 INFO:teuthology.orchestra.run.smithi090.stdout:/usr/bin/ceph: stderr
2024-09-12T02:04:39.808+0000 7f1812ded640 1 -- 172.21.15.90:0/290114510 >> [v2:172.21.15.90:3300/0,v1:172.21.15.90:6789/0] conn(0x7f180c107740 msgr2=0x7f180c19b6d0 secure :-1 s=STATE_CONNECTION_ESTABLISHED l=1).mark_down
2024-09-12T02:04:40.633 INFO:teuthology.orchestra.run.smithi090.stdout:/usr/bin/ceph: stderr
2024-09-12T02:04:39.808+0000 7f1812ded640 1 --2- 172.21.15.90:0/290114510 >> [v2:172.21.15.90:3300/0,v1:172.21.15.90:6789/0] conn(0x7f180c107740 0x7f180c19b6d0 secure :-1 s=READY pgs=60 cs=0 l=1 rev1=1 crypto rx=0x7f1800030560 tx=0x7f1800032670 comp rx=0 tx=0).stop
2024-09-12T02:04:40.633 INFO:teuthology.orchestra.run.smithi090.stdout:/usr/bin/ceph: stderr
2024-09-12T02:04:39.808+0000 7f1812ded640 1 -- 172.21.15.90:0/290114510 shutdown_connections
2024-09-12T02:04:40.633 INFO:teuthology.orchestra.run.smithi090.stdout:/usr/bin/ceph: stderr
2024-09-12T02:04:39.808+0000 7f1812ded640 1 --2- 172.21.15.90:0/290114510 >> [v2:172.21.15.90:6800/1895990039,v1:172.21.15.90:6801/1895990039] conn(0x7f17fc03ca80 0x7f17fc03ee70 unknown :-1 s=CLOSED pgs=1 cs=0 l=1 rev1=1 crypto rx=0 tx=0 comp rx=0 tx=0).stop
2024-09-12T02:04:40.634 INFO:teuthology.orchestra.run.smithi090.stdout:/usr/bin/ceph: stderr
2024-09-12T02:04:39.808+0000 7f1812ded640 1 --2- 172.21.15.90:0/290114510 >> [v2:172.21.15.90:6800/2017532573,v1:172.21.15.90:6801/2017532573] conn(0x7f17fc038fc0 0x7f17fc03b480 unknown :-1 s=CLOSED pgs=0 cs=0 l=1 rev1=0 crypto rx=0 tx=0 comp rx=0 tx=0).stop
2024-09-12T02:04:40.634 INFO:teuthology.orchestra.run.smithi090.stdout:/usr/bin/ceph: stderr
2024-09-12T02:04:39.808+0000 7f1812ded640 1 --2- 172.21.15.90:0/290114510 >> [v2:172.21.15.90:3300/0,v1:172.21.15.90:6789/0] conn(0x7f180c107740 0x7f180c19b6d0 unknown :-1 s=CLOSED pgs=60 cs=0 l=1 rev1=1 crypto rx=0 tx=0 comp rx=0 tx=0).stop
2024-09-12T02:04:40.634 INFO:teuthology.orchestra.run.smithi090.stdout:/usr/bin/ceph: stderr
2024-09-12T02:04:39.808+0000 7f1812ded640 1 -- 172.21.15.90:0/290114510 >> 172.21.15.90:0/290114510 conn(0x7f180c102ef0 msgr2=0x7f180c103a70 unknown :-1 s=STATE_NONE l=0).mark_down
2024-09-12T02:04:40.634 INFO:teuthology.orchestra.run.smithi090.stdout:/usr/bin/ceph: stderr
2024-09-12T02:04:39.808+0000 7f1812ded640 1 -- 172.21.15.90:0/290114510 shutdown_connections
2024-09-12T02:04:40.634 INFO:teuthology.orchestra.run.smithi090.stdout:/usr/bin/ceph: stderr
2024-09-12T02:04:39.808+0000 7f1812ded640 1 -- 172.21.15.90:0/290114510 wait complete.
2024-09-12T02:04:40.635 INFO:teuthology.orchestra.run.smithi090.stdout:mgr epoch 9 is available
2024-09-12T02:04:40.635 INFO:teuthology.orchestra.run.smithi090.stdout:Generating a dashboard self-signed certificate...
2024-09-12T02:04:40.994 INFO:journalctl@ceph.mon.a.smithi090.stdout:Sep 12 02:04:40 smithi090 ceph-mon[30959]: from='client.14154 -' entity='client.admin' cmd=[{"prefix": "get_command_descriptions"}]: dispatch
2024-09-12T02:04:40.994 INFO:journalctl@ceph.mon.a.smithi090.stdout:Sep 12 02:04:40 smithi090 ceph-mon[30959]: mgrmap e11: x(active, since 1.00601s)
2024-09-12T02:04:40.994 INFO:journalctl@ceph.mon.a.smithi090.stdout:Sep 12 02:04:40 smithi090 ceph-mon[30959]: from='client.14154 -' entity='client.admin' cmd=[{"prefix": "mgr_status"}]: dispatch
2024-09-12T02:04:40.994 INFO:journalctl@ceph.mon.a.smithi090.stdout:Sep 12 02:04:40 smithi090 ceph-mon[30959]: from='mgr.14150 172.21.15.90:0/503221449' entity='mgr.x'
2024-09-12T02:04:41.249 INFO:journalctl@ceph.mgr.x.smithi090.stdout:Sep 12 02:04:40 smithi090 ceph-1a8af08a-70ab-11ef-bcea-c7b262605968-mgr-x[31191]:
2024-09-12T02:04:40.993+0000 7f78e46a5640 -1 log_channel(cephadm) log [ERR] : [12/Sep/2024:02:04:40] ENGINE Error in HTTPServer.serve
2024-09-12T02:04:41.249 INFO:journalctl@ceph.mgr.x.smithi090.stdout:Sep 12 02:04:40 smithi090 ceph-1a8af08a-70ab-11ef-bcea-c7b262605968-mgr-x[31191]: Traceback (most recent call last):
2024-09-12T02:04:41.250 INFO:journalctl@ceph.mgr.x.smithi090.stdout:Sep 12 02:04:40 smithi090 ceph-1a8af08a-70ab-11ef-bcea-c7b262605968-mgr-x[31191]: File "/lib/python3.9/site-packages/cheroot/server.py", line 1823, in serve
2024-09-12T02:04:41.250 INFO:journalctl@ceph.mgr.x.smithi090.stdout:Sep 12 02:04:40 smithi090 ceph-1a8af08a-70ab-11ef-bcea-c7b262605968-mgr-x[31191]: self._connections.run(self.expiration_interval)
2024-09-12T02:04:41.250 INFO:journalctl@ceph.mgr.x.smithi090.stdout:Sep 12 02:04:40 smithi090 ceph-1a8af08a-70ab-11ef-bcea-c7b262605968-mgr-x[31191]: File "/lib/python3.9/site-packages/cheroot/connections.py", line 203, in run
2024-09-12T02:04:41.250 INFO:journalctl@ceph.mgr.x.smithi090.stdout:Sep 12 02:04:40 smithi090 ceph-1a8af08a-70ab-11ef-bcea-c7b262605968-mgr-x[31191]: self._run(expiration_interval)
2024-09-12T02:04:41.250 INFO:journalctl@ceph.mgr.x.smithi090.stdout:Sep 12 02:04:40 smithi090 ceph-1a8af08a-70ab-11ef-bcea-c7b262605968-mgr-x[31191]: File "/lib/python3.9/site-packages/cheroot/connections.py", line 246, in _run
2024-09-12T02:04:41.250 INFO:journalctl@ceph.mgr.x.smithi090.stdout:Sep 12 02:04:40 smithi090 ceph-1a8af08a-70ab-11ef-bcea-c7b262605968-mgr-x[31191]: new_conn = self._from_server_socket(self.server.socket)
2024-09-12T02:04:41.250 INFO:journalctl@ceph.mgr.x.smithi090.stdout:Sep 12 02:04:40 smithi090 ceph-1a8af08a-70ab-11ef-bcea-c7b262605968-mgr-x[31191]: File "/lib/python3.9/site-packages/cheroot/connections.py", line 300, in _from_server_socket
2024-09-12T02:04:41.250 INFO:journalctl@ceph.mgr.x.smithi090.stdout:Sep 12 02:04:40 smithi090 ceph-1a8af08a-70ab-11ef-bcea-c7b262605968-mgr-x[31191]: s, ssl_env = self.server.ssl_adapter.wrap(s)
2024-09-12T02:04:41.250 INFO:journalctl@ceph.mgr.x.smithi090.stdout:Sep 12 02:04:40 smithi090 ceph-1a8af08a-70ab-11ef-bcea-c7b262605968-mgr-x[31191]: File "/lib/python3.9/site-packages/cheroot/ssl/builtin.py", line 277, in wrap
2024-09-12T02:04:41.250 INFO:journalctl@ceph.mgr.x.smithi090.stdout:Sep 12 02:04:40 smithi090 ceph-1a8af08a-70ab-11ef-bcea-c7b262605968-mgr-x[31191]: s = self.context.wrap_socket(
2024-09-12T02:04:41.250 INFO:journalctl@ceph.mgr.x.smithi090.stdout:Sep 12 02:04:40 smithi090 ceph-1a8af08a-70ab-11ef-bcea-c7b262605968-mgr-x[31191]: File "/lib64/python3.9/ssl.py", line 501, in wrap_socket
2024-09-12T02:04:41.250 INFO:journalctl@ceph.mgr.x.smithi090.stdout:Sep 12 02:04:40 smithi090 ceph-1a8af08a-70ab-11ef-bcea-c7b262605968-mgr-x[31191]: return self.sslsocket_class._create(
2024-09-12T02:04:41.250 INFO:journalctl@ceph.mgr.x.smithi090.stdout:Sep 12 02:04:40 smithi090 ceph-1a8af08a-70ab-11ef-bcea-c7b262605968-mgr-x[31191]: File "/lib64/python3.9/ssl.py", line 1074, in _create
2024-09-12T02:04:41.251 INFO:journalctl@ceph.mgr.x.smithi090.stdout:Sep 12 02:04:40 smithi090 ceph-1a8af08a-70ab-11ef-bcea-c7b262605968-mgr-x[31191]: self.do_handshake()
2024-09-12T02:04:41.251 INFO:journalctl@ceph.mgr.x.smithi090.stdout:Sep 12 02:04:40 smithi090 ceph-1a8af08a-70ab-11ef-bcea-c7b262605968-mgr-x[31191]: File "/lib64/python3.9/ssl.py", line 1343, in do_handshake
2024-09-12T02:04:41.251 INFO:journalctl@ceph.mgr.x.smithi090.stdout:Sep 12 02:04:40 smithi090 ceph-1a8af08a-70ab-11ef-bcea-c7b262605968-mgr-x[31191]: self._sslobj.do_handshake()
2024-09-12T02:04:41.251 INFO:journalctl@ceph.mgr.x.smithi090.stdout:Sep 12 02:04:40 smithi090 ceph-1a8af08a-70ab-11ef-bcea-c7b262605968-mgr-x[31191]: ssl.SSLZeroReturnError: TLS/SSL connection has been closed (EOF) (_ssl.c:1133)
2024-09-12T02:04:41.251 INFO:journalctl@ceph.mgr.x.smithi090.stdout:Sep 12 02:04:40 smithi090 ceph-1a8af08a-70ab-11ef-bcea-c7b262605968-mgr-x[31191]:
2024-09-12T02:04:41.824 INFO:teuthology.orchestra.run.smithi090.stdout:/usr/bin/ceph: stdout Self-signed certificate created
2024-09-12T02:04:41.824 INFO:teuthology.orchestra.run.smithi090.stdout:/usr/bin/ceph: stderr
2024-09-12T02:04:40.993+0000 7efcdeb0c640 1 Processor -- start
2024-09-12T02:04:41.824 INFO:teuthology.orchestra.run.smithi090.stdout:/usr/bin/ceph: stderr
2024-09-12T02:04:40.993+0000 7efcdeb0c640 1 -- start start
2024-09-12T02:04:41.824 INFO:teuthology.orchestra.run.smithi090.stdout:/usr/bin/ceph: stderr
2024-09-12T02:04:40.993+0000 7efcdeb0c640 1 --2- >> [v2:172.21.15.90:3300/0,v1:172.21.15.90:6789/0] conn(0x7efcd8106ae0 0x7efcd8106ee0 unknown :-1 s=NONE pgs=0 cs=0 l=0 rev1=0 crypto rx=0 tx=0 comp rx=0 tx=0).connect
2024-09-12T02:04:41.824 INFO:teuthology.orchestra.run.smithi090.stdout:/usr/bin/ceph: stderr
2024-09-12T02:04:40.993+0000 7efcdeb0c640 1 -- --> [v2:172.21.15.90:3300/0,v1:172.21.15.90:6789/0] -- mon_getmap magic: 0 -- 0x7efcd81074b0 con 0x7efcd8106ae0
2024-09-12T02:04:41.824 INFO:teuthology.orchestra.run.smithi090.stdout:/usr/bin/ceph: stderr
2024-09-12T02:04:40.994+0000 7efcdc8a8640 1 --2- >> [v2:172.21.15.90:3300/0,v1:172.21.15.90:6789/0] conn(0x7efcd8106ae0 0x7efcd8106ee0 unknown :-1 s=BANNER_CONNECTING pgs=0 cs=0 l=0 rev1=0 crypto rx=0 tx=0 comp rx=0 tx=0)._handle_peer_banner_payload supported=3 required=0
2024-09-12T02:04:41.824 INFO:teuthology.orchestra.run.smithi090.stdout:/usr/bin/ceph: stderr
2024-09-12T02:04:40.994+0000 7efcdc8a8640 1 --2- >> [v2:172.21.15.90:3300/0,v1:172.21.15.90:6789/0] conn(0x7efcd8106ae0 0x7efcd8106ee0 unknown :-1 s=HELLO_CONNECTING pgs=0 cs=0 l=0 rev1=1 crypto rx=0 tx=0 comp rx=0 tx=0).handle_hello peer v2:172.21.15.90:3300/0 says I am v2:172.21.15.90:58352/0 (socket says 172.21.15.90:58352)
2024-09-12T02:04:41.825 INFO:teuthology.orchestra.run.smithi090.stdout:/usr/bin/ceph: stderr
2024-09-12T02:04:40.994+0000 7efcdc8a8640 1 -- 172.21.15.90:0/1980453060 learned_addr learned my addr 172.21.15.90:0/1980453060 (peer_addr_for_me v2:172.21.15.90:0/0)
2024-09-12T02:04:41.825 INFO:teuthology.orchestra.run.smithi090.stdout:/usr/bin/ceph: stderr
2024-09-12T02:04:40.994+0000 7efcdc8a8640 1 -- 172.21.15.90:0/1980453060 --> [v2:172.21.15.90:3300/0,v1:172.21.15.90:6789/0] -- mon_subscribe({config=0+,monmap=0+}) -- 0x7efcd8107800 con 0x7efcd8106ae0
2024-09-12T02:04:41.825 INFO:teuthology.orchestra.run.smithi090.stdout:/usr/bin/ceph: stderr
2024-09-12T02:04:40.995+0000 7efcdc8a8640 1 --2- 172.21.15.90:0/1980453060 >> [v2:172.21.15.90:3300/0,v1:172.21.15.90:6789/0] conn(0x7efcd8106ae0 0x7efcd8106ee0 secure :-1 s=READY pgs=68 cs=0 l=1 rev1=1 crypto rx=0x7efccc009820 tx=0x7efccc02a270 comp rx=0 tx=0).ready entity=mon.0 client_cookie=48bf0f94cc34cfa4 server_cookie=0 in_seq=0 out_seq=0
2024-09-12T02:04:41.825 INFO:teuthology.orchestra.run.smithi090.stdout:/usr/bin/ceph: stderr
2024-09-12T02:04:40.995+0000 7efcd77fe640 1 -- 172.21.15.90:0/1980453060 <== mon.0 v2:172.21.15.90:3300/0 1 ==== mon_map magic: 0 ==== 205+0+0 (secure 0 0 0) 0x7efccc037070 con 0x7efcd8106ae0
2024-09-12T02:04:41.825 INFO:teuthology.orchestra.run.smithi090.stdout:/usr/bin/ceph: stderr
2024-09-12T02:04:40.995+0000 7efcd77fe640 1 -- 172.21.15.90:0/1980453060 <== mon.0 v2:172.21.15.90:3300/0 2 ==== config(27 keys) ==== 1140+0+0 (secure 0 0 0) 0x7efccc032920 con 0x7efcd8106ae0
2024-09-12T02:04:41.825 INFO:teuthology.orchestra.run.smithi090.stdout:/usr/bin/ceph: stderr
2024-09-12T02:04:40.995+0000 7efcd77fe640 1 -- 172.21.15.90:0/1980453060 <== mon.0 v2:172.21.15.90:3300/0 3 ==== mon_map magic: 0 ==== 205+0+0 (secure 0 0 0) 0x7efccc030810 con 0x7efcd8106ae0
2024-09-12T02:04:41.825 INFO:teuthology.orchestra.run.smithi090.stdout:/usr/bin/ceph: stderr
2024-09-12T02:04:40.996+0000 7efcdeb0c640 1 -- 172.21.15.90:0/1980453060 >> [v2:172.21.15.90:3300/0,v1:172.21.15.90:6789/0] conn(0x7efcd8106ae0 msgr2=0x7efcd8106ee0 secure :-1 s=STATE_CONNECTION_ESTABLISHED l=1).mark_down
2024-09-12T02:04:41.825 INFO:teuthology.orchestra.run.smithi090.stdout:/usr/bin/ceph: stderr
2024-09-12T02:04:40.996+0000 7efcdeb0c640 1 --2- 172.21.15.90:0/1980453060 >> [v2:172.21.15.90:3300/0,v1:172.21.15.90:6789/0] conn(0x7efcd8106ae0 0x7efcd8106ee0 secure :-1 s=READY pgs=68 cs=0 l=1 rev1=1 crypto rx=0x7efccc009820 tx=0x7efccc02a270 comp rx=0 tx=0).stop
2024-09-12T02:04:41.825 INFO:teuthology.orchestra.run.smithi090.stdout:/usr/bin/ceph: stderr
2024-09-12T02:04:40.996+0000 7efcdeb0c640 1 -- 172.21.15.90:0/1980453060 shutdown_connections
2024-09-12T02:04:41.825 INFO:teuthology.orchestra.run.smithi090.stdout:/usr/bin/ceph: stderr
2024-09-12T02:04:40.996+0000 7efcdeb0c640 1 --2- 172.21.15.90:0/1980453060 >> [v2:172.21.15.90:3300/0,v1:172.21.15.90:6789/0] conn(0x7efcd8106ae0 0x7efcd8106ee0 unknown :-1 s=CLOSED pgs=68 cs=0 l=1 rev1=1 crypto rx=0 tx=0 comp rx=0 tx=0).stop
2024-09-12T02:04:41.825 INFO:teuthology.orchestra.run.smithi090.stdout:/usr/bin/ceph: stderr
2024-09-12T02:04:40.996+0000 7efcdeb0c640 1 -- 172.21.15.90:0/1980453060 >> 172.21.15.90:0/1980453060 conn(0x7efcd81014f0 msgr2=0x7efcd8103910 unknown :-1 s=STATE_NONE l=0).mark_down
2024-09-12T02:04:41.825 INFO:teuthology.orchestra.run.smithi090.stdout:/usr/bin/ceph: stderr
2024-09-12T02:04:40.996+0000 7efcdeb0c640 1 -- 172.21.15.90:0/1980453060 shutdown_connections
2024-09-12T02:04:41.825 INFO:teuthology.orchestra.run.smithi090.stdout:/usr/bin/ceph: stderr
2024-09-12T02:04:40.996+0000 7efcdeb0c640 1 -- 172.21.15.90:0/1980453060 wait complete.
2024-09-12T02:04:41.826 INFO:teuthology.orchestra.run.smithi090.stdout:/usr/bin/ceph: stderr
2024-09-12T02:04:40.997+0000 7efcdeb0c640 1 Processor -- start
2024-09-12T02:04:41.826 INFO:teuthology.orchestra.run.smithi090.stdout:/usr/bin/ceph: stderr
2024-09-12T02:04:40.997+0000 7efcdeb0c640 1 -- start start
2024-09-12T02:04:41.826 INFO:teuthology.orchestra.run.smithi090.stdout:/usr/bin/ceph: stderr
2024-09-12T02:04:40.997+0000 7efcdeb0c640 1 --2- >> [v2:172.21.15.90:3300/0,v1:172.21.15.90:6789/0] conn(0x7efcd8106ae0 0x7efcd81917b0 unknown :-1 s=NONE pgs=0 cs=0 l=1 rev1=0 crypto rx=0 tx=0 comp rx=0 tx=0).connect
2024-09-12T02:04:41.826 INFO:teuthology.orchestra.run.smithi090.stdout:/usr/bin/ceph: stderr
2024-09-12T02:04:40.997+0000 7efcdeb0c640 1 -- --> [v2:172.21.15.90:3300/0,v1:172.21.15.90:6789/0] -- mon_getmap magic: 0 -- 0x7efcd810abb0 con 0x7efcd8106ae0
2024-09-12T02:04:41.826 INFO:teuthology.orchestra.run.smithi090.stdout:/usr/bin/ceph: stderr
2024-09-12T02:04:40.997+0000 7efcdc8a8640 1 --2- >> [v2:172.21.15.90:3300/0,v1:172.21.15.90:6789/0] conn(0x7efcd8106ae0 0x7efcd81917b0 unknown :-1 s=BANNER_CONNECTING pgs=0 cs=0 l=1 rev1=0 crypto rx=0 tx=0 comp rx=0 tx=0)._handle_peer_banner_payload supported=3 required=0
2024-09-12T02:04:41.826 INFO:teuthology.orchestra.run.smithi090.stdout:/usr/bin/ceph: stderr
2024-09-12T02:04:40.997+0000 7efcdc8a8640 1 --2- >> [v2:172.21.15.90:3300/0,v1:172.21.15.90:6789/0] conn(0x7efcd8106ae0 0x7efcd81917b0 unknown :-1 s=HELLO_CONNECTING pgs=0 cs=0 l=1 rev1=1 crypto rx=0 tx=0 comp rx=0 tx=0).handle_hello peer v2:172.21.15.90:3300/0 says I am v2:172.21.15.90:58356/0 (socket says 172.21.15.90:58356)
2024-09-12T02:04:41.826 INFO:teuthology.orchestra.run.smithi090.stdout:/usr/bin/ceph: stderr
2024-09-12T02:04:40.997+0000 7efcdc8a8640 1 -- 172.21.15.90:0/1333617180 learned_addr learned my addr 172.21.15.90:0/1333617180 (peer_addr_for_me v2:172.21.15.90:0/0)
2024-09-12T02:04:41.826 INFO:teuthology.orchestra.run.smithi090.stdout:/usr/bin/ceph: stderr
2024-09-12T02:04:40.997+0000 7efcdc8a8640 1 -- 172.21.15.90:0/1333617180 --> [v2:172.21.15.90:3300/0,v1:172.21.15.90:6789/0] -- mon_subscribe({config=0+,monmap=0+}) -- 0x7efcd8191cf0 con 0x7efcd8106ae0
2024-09-12T02:04:41.826 INFO:teuthology.orchestra.run.smithi090.stdout:/usr/bin/ceph: stderr
2024-09-12T02:04:40.997+0000 7efcdc8a8640 1 --2- 172.21.15.90:0/1333617180 >> [v2:172.21.15.90:3300/0,v1:172.21.15.90:6789/0] conn(0x7efcd8106ae0 0x7efcd81917b0 secure :-1 s=READY pgs=69 cs=0 l=1 rev1=1 crypto rx=0x7efccc030560 tx=0x7efccc032670 comp rx=0 tx=0).ready entity=mon.0 client_cookie=0 server_cookie=0 in_seq=0 out_seq=0
2024-09-12T02:04:41.826 INFO:teuthology.orchestra.run.smithi090.stdout:/usr/bin/ceph: stderr
2024-09-12T02:04:40.997+0000 7efcd5ffb640 1 -- 172.21.15.90:0/1333617180 <== mon.0 v2:172.21.15.90:3300/0 1 ==== mon_map magic: 0 ==== 205+0+0 (secure 0 0 0) 0x7efccc037040 con 0x7efcd8106ae0
2024-09-12T02:04:41.826 INFO:teuthology.orchestra.run.smithi090.stdout:/usr/bin/ceph: stderr
2024-09-12T02:04:40.997+0000 7efcd5ffb640 1 -- 172.21.15.90:0/1333617180 <== mon.0 v2:172.21.15.90:3300/0 2 ==== config(27 keys) ==== 1140+0+0 (secure 0 0 0) 0x7efccc040070 con 0x7efcd8106ae0
2024-09-12T02:04:41.826 INFO:teuthology.orchestra.run.smithi090.stdout:/usr/bin/ceph: stderr
2024-09-12T02:04:40.997+0000 7efcdeb0c640 1 -- 172.21.15.90:0/1333617180 --> [v2:172.21.15.90:3300/0,v1:172.21.15.90:6789/0] -- mon_subscribe({mgrmap=0+}) -- 0x7efcd818fee0 con 0x7efcd8106ae0
2024-09-12T02:04:41.826 INFO:teuthology.orchestra.run.smithi090.stdout:/usr/bin/ceph: stderr
2024-09-12T02:04:40.998+0000 7efcd5ffb640 1 -- 172.21.15.90:0/1333617180 <== mon.0 v2:172.21.15.90:3300/0 3 ==== mon_map magic: 0 ==== 205+0+0 (secure 0 0 0) 0x7efccc03a740 con 0x7efcd8106ae0
2024-09-12T02:04:41.827 INFO:teuthology.orchestra.run.smithi090.stdout:/usr/bin/ceph: stderr
2024-09-12T02:04:40.998+0000 7efcdeb0c640 1 -- 172.21.15.90:0/1333617180 --> [v2:172.21.15.90:3300/0,v1:172.21.15.90:6789/0] -- mon_subscribe({osdmap=0}) -- 0x7efcd8190420 con 0x7efcd8106ae0
2024-09-12T02:04:41.827 INFO:teuthology.orchestra.run.smithi090.stdout:/usr/bin/ceph: stderr
2024-09-12T02:04:40.998+0000 7efcd5ffb640 1 -- 172.21.15.90:0/1333617180 <== mon.0 v2:172.21.15.90:3300/0 4 ==== mgrmap(e 11) ==== 46194+0+0 (secure 0 0 0) 0x7efccc03a9b0 con 0x7efcd8106ae0
2024-09-12T02:04:41.827 INFO:teuthology.orchestra.run.smithi090.stdout:/usr/bin/ceph: stderr
2024-09-12T02:04:40.999+0000 7efcd5ffb640 1 --2- 172.21.15.90:0/1333617180 >> [v2:172.21.15.90:6800/1895990039,v1:172.21.15.90:6801/1895990039] conn(0x7efcc8038eb0 0x7efcc803b370 unknown :-1 s=NONE pgs=0 cs=0 l=1 rev1=0 crypto rx=0 tx=0 comp rx=0 tx=0).connect
2024-09-12T02:04:41.827 INFO:teuthology.orchestra.run.smithi090.stdout:/usr/bin/ceph: stderr
2024-09-12T02:04:40.999+0000 7efcd5ffb640 1 -- 172.21.15.90:0/1333617180 <== mon.0 v2:172.21.15.90:3300/0 5 ==== osd_map(3..3 src has 1..3) ==== 1155+0+0 (secure 0 0 0) 0x7efccc06d970 con 0x7efcd8106ae0
2024-09-12T02:04:41.827 INFO:teuthology.orchestra.run.smithi090.stdout:/usr/bin/ceph: stderr
2024-09-12T02:04:40.999+0000 7efcd7fff640 1 --2- 172.21.15.90:0/1333617180 >> [v2:172.21.15.90:6800/1895990039,v1:172.21.15.90:6801/1895990039] conn(0x7efcc8038eb0 0x7efcc803b370 unknown :-1 s=BANNER_CONNECTING pgs=0 cs=0 l=1 rev1=0 crypto rx=0 tx=0 comp rx=0 tx=0)._handle_peer_banner_payload supported=3 required=0
2024-09-12T02:04:41.827 INFO:teuthology.orchestra.run.smithi090.stdout:/usr/bin/ceph: stderr
2024-09-12T02:04:40.999+0000 7efcdeb0c640 1 -- 172.21.15.90:0/1333617180 --> [v2:172.21.15.90:3300/0,v1:172.21.15.90:6789/0] -- mon_command({"prefix": "get_command_descriptions"} v 0) -- 0x7efcd8106f60 con 0x7efcd8106ae0
2024-09-12T02:04:41.827 INFO:teuthology.orchestra.run.smithi090.stdout:/usr/bin/ceph: stderr
2024-09-12T02:04:40.999+0000 7efcd7fff640 1 --2- 172.21.15.90:0/1333617180 >> [v2:172.21.15.90:6800/1895990039,v1:172.21.15.90:6801/1895990039] conn(0x7efcc8038eb0 0x7efcc803b370 secure :-1 s=READY pgs=7 cs=0 l=1 rev1=1 crypto rx=0x7efcc40098c0 tx=0x7efcc4006db0 comp rx=0 tx=0).ready entity=mgr.14150 client_cookie=0 server_cookie=0 in_seq=0 out_seq=0
2024-09-12T02:04:41.827 INFO:teuthology.orchestra.run.smithi090.stdout:/usr/bin/ceph: stderr
2024-09-12T02:04:41.004+0000 7efcd5ffb640 1 -- 172.21.15.90:0/1333617180 <== mon.0 v2:172.21.15.90:3300/0 6 ==== mon_command_ack([{"prefix": "get_command_descriptions"}]=0 v0) ==== 72+0+188821 (secure 0 0 0) 0x7efccc0328f0 con 0x7efcd8106ae0
2024-09-12T02:04:41.827 INFO:teuthology.orchestra.run.smithi090.stdout:/usr/bin/ceph: stderr
2024-09-12T02:04:41.187+0000 7efcdeb0c640 1 -- 172.21.15.90:0/1333617180 --> [v2:172.21.15.90:6800/1895990039,v1:172.21.15.90:6801/1895990039] -- mgr_command(tid 0: {"prefix": "dashboard create-self-signed-cert", "target": ["mon-mgr", ""]}) -- 0x7efcd8195450 con 0x7efcc8038eb0
2024-09-12T02:04:41.827 INFO:teuthology.orchestra.run.smithi090.stdout:/usr/bin/ceph: stderr
2024-09-12T02:04:41.248+0000 7efcd5ffb640 1 -- 172.21.15.90:0/1333617180 <== mon.0 v2:172.21.15.90:3300/0 7 ==== mgrmap(e 12) ==== 46300+0+0 (secure 0 0 0) 0x7efccc03ad40 con 0x7efcd8106ae0
2024-09-12T02:04:41.827 INFO:teuthology.orchestra.run.smithi090.stdout:/usr/bin/ceph: stderr
2024-09-12T02:04:41.276+0000 7efcd5ffb640 1 -- 172.21.15.90:0/1333617180 <== mgr.14150 v2:172.21.15.90:6800/1895990039 1 ==== mgr_command_reply(tid 0: 0 ) ==== 8+0+32 (secure 0 0 0) 0x7efcd8195450 con 0x7efcc8038eb0
2024-09-12T02:04:41.827 INFO:teuthology.orchestra.run.smithi090.stdout:/usr/bin/ceph: stderr
2024-09-12T02:04:41.278+0000 7efcdeb0c640 1 -- 172.21.15.90:0/1333617180 >> [v2:172.21.15.90:6800/1895990039,v1:172.21.15.90:6801/1895990039] conn(0x7efcc8038eb0 msgr2=0x7efcc803b370 secure :-1 s=STATE_CONNECTION_ESTABLISHED l=1).mark_down
2024-09-12T02:04:41.828 INFO:teuthology.orchestra.run.smithi090.stdout:/usr/bin/ceph: stderr
2024-09-12T02:04:41.278+0000 7efcdeb0c640 1 --2- 172.21.15.90:0/1333617180 >> [v2:172.21.15.90:6800/1895990039,v1:172.21.15.90:6801/1895990039] conn(0x7efcc8038eb0 0x7efcc803b370 secure :-1 s=READY pgs=7 cs=0 l=1 rev1=1 crypto rx=0x7efcc40098c0 tx=0x7efcc4006db0 comp rx=0 tx=0).stop
2024-09-12T02:04:41.828 INFO:teuthology.orchestra.run.smithi090.stdout:/usr/bin/ceph: stderr
2024-09-12T02:04:41.278+0000 7efcdeb0c640 1 -- 172.21.15.90:0/1333617180 >> [v2:172.21.15.90:3300/0,v1:172.21.15.90:6789/0] conn(0x7efcd8106ae0 msgr2=0x7efcd81917b0 secure :-1 s=STATE_CONNECTION_ESTABLISHED l=1).mark_down
2024-09-12T02:04:41.828 INFO:teuthology.orchestra.run.smithi090.stdout:/usr/bin/ceph: stderr
2024-09-12T02:04:41.278+0000 7efcdeb0c640 1 --2- 172.21.15.90:0/1333617180 >> [v2:172.21.15.90:3300/0,v1:172.21.15.90:6789/0] conn(0x7efcd8106ae0 0x7efcd81917b0 secure :-1 s=READY pgs=69 cs=0 l=1 rev1=1 crypto rx=0x7efccc030560 tx=0x7efccc032670 comp rx=0 tx=0).stop
2024-09-12T02:04:41.828 INFO:teuthology.orchestra.run.smithi090.stdout:/usr/bin/ceph: stderr
2024-09-12T02:04:41.278+0000 7efcdeb0c640 1 -- 172.21.15.90:0/1333617180 shutdown_connections
2024-09-12T02:04:41.828 INFO:teuthology.orchestra.run.smithi090.stdout:/usr/bin/ceph: stderr
2024-09-12T02:04:41.278+0000 7efcdeb0c640 1 --2- 172.21.15.90:0/1333617180 >> [v2:172.21.15.90:6800/1895990039,v1:172.21.15.90:6801/1895990039] conn(0x7efcc8038eb0 0x7efcc803b370 unknown :-1 s=CLOSED pgs=7 cs=0 l=1 rev1=1 crypto rx=0 tx=0 comp rx=0 tx=0).stop
2024-09-12T02:04:41.828 INFO:teuthology.orchestra.run.smithi090.stdout:/usr/bin/ceph: stderr
2024-09-12T02:04:41.278+0000 7efcdeb0c640 1 --2- 172.21.15.90:0/1333617180 >> [v2:172.21.15.90:3300/0,v1:172.21.15.90:6789/0] conn(0x7efcd8106ae0 0x7efcd81917b0 unknown :-1 s=CLOSED pgs=69 cs=0 l=1 rev1=1 crypto rx=0 tx=0 comp rx=0 tx=0).stop
2024-09-12T02:04:41.828 INFO:teuthology.orchestra.run.smithi090.stdout:/usr/bin/ceph: stderr
2024-09-12T02:04:41.278+0000 7efcdeb0c640 1 -- 172.21.15.90:0/1333617180 >> 172.21.15.90:0/1333617180 conn(0x7efcd81014f0 msgr2=0x7efcd8102410 unknown :-1 s=STATE_NONE l=0).mark_down
2024-09-12T02:04:41.828 INFO:teuthology.orchestra.run.smithi090.stdout:/usr/bin/ceph: stderr
2024-09-12T02:04:41.278+0000 7efcdeb0c640 1 -- 172.21.15.90:0/1333617180 shutdown_connections
2024-09-12T02:04:41.828 INFO:teuthology.orchestra.run.smithi090.stdout:/usr/bin/ceph: stderr
2024-09-12T02:04:41.278+0000 7efcdeb0c640 1 -- 172.21.15.90:0/1333617180 wait complete.
2024-09-12T02:04:41.828 INFO:teuthology.orchestra.run.smithi090.stdout:Creating initial admin user...
2024-09-12T02:04:42.034 INFO:journalctl@ceph.mon.a.smithi090.stdout:Sep 12 02:04:41 smithi090 ceph-mon[30959]: [12/Sep/2024:02:04:40] ENGINE Bus STARTING
2024-09-12T02:04:42.034 INFO:journalctl@ceph.mon.a.smithi090.stdout:Sep 12 02:04:41 smithi090 ceph-mon[30959]: [12/Sep/2024:02:04:40] ENGINE Serving on https://172.21.15.90:7150
2024-09-12T02:04:42.034 INFO:journalctl@ceph.mon.a.smithi090.stdout:Sep 12 02:04:41 smithi090 ceph-mon[30959]: [12/Sep/2024:02:04:40] ENGINE Error in HTTPServer.serve
2024-09-12T02:04:42.034 INFO:journalctl@ceph.mon.a.smithi090.stdout: Traceback (most recent call last):
2024-09-12T02:04:42.034 INFO:journalctl@ceph.mon.a.smithi090.stdout: File "/lib/python3.9/site-packages/cheroot/server.py", line 1823, in serve
2024-09-12T02:04:42.034 INFO:journalctl@ceph.mon.a.smithi090.stdout: self._connections.run(self.expiration_interval)
2024-09-12T02:04:42.034 INFO:journalctl@ceph.mon.a.smithi090.stdout: File "/lib/python3.9/site-packages/cheroot/connections.py", line 203, in run
2024-09-12T02:04:42.035 INFO:journalctl@ceph.mon.a.smithi090.stdout: self._run(expiration_interval)
2024-09-12T02:04:42.035 INFO:journalctl@ceph.mon.a.smithi090.stdout: File "/lib/python3.9/site-packages/cheroot/connections.py", line 246, in _run
2024-09-12T02:04:42.035 INFO:journalctl@ceph.mon.a.smithi090.stdout: new_conn = self._from_server_socket(self.server.socket)
2024-09-12T02:04:42.035 INFO:journalctl@ceph.mon.a.smithi090.stdout: File "/lib/python3.9/site-packages/cheroot/connections.py", line 300, in _from_server_socket
2024-09-12T02:04:42.035 INFO:journalctl@ceph.mon.a.smithi090.stdout: s, ssl_env = self.server.ssl_adapter.wrap(s)
2024-09-12T02:04:42.035 INFO:journalctl@ceph.mon.a.smithi090.stdout: File "/lib/python3.9/site-packages/cheroot/ssl/builtin.py", line 277, in wrap
2024-09-12T02:04:42.035 INFO:journalctl@ceph.mon.a.smithi090.stdout: s = self.context.wrap_socket(
2024-09-12T02:04:42.035 INFO:journalctl@ceph.mon.a.smithi090.stdout: File "/lib64/python3.9/ssl.py", line 501, in wrap_socket
2024-09-12T02:04:42.035 INFO:journalctl@ceph.mon.a.smithi090.stdout: return self.sslsocket_class._create(
2024-09-12T02:04:42.035 INFO:journalctl@ceph.mon.a.smithi090.stdout: File "/lib64/python3.9/ssl.py", line 1074, in _create
2024-09-12T02:04:42.035 INFO:journalctl@ceph.mon.a.smithi090.stdout: self.do_handshake()
2024-09-12T02:04:42.035 INFO:journalctl@ceph.mon.a.smithi090.stdout: File "/lib64/python3.9/ssl.py", line 1343, in do_handshake
