2024-09-12T02:04:13.571+0000 7f2c25d9b640 1 -- 172.21.15.90:0/979122142 >> [v2:172.21.15.90:6800/935770779,v1:172.21.15.90:6801/935770779] conn(0x7f2c10038f70 msgr2=0x7f2c1003b430 unknown :-1 s=STATE_CONNECTING_RE l=1).process reconnect failed to v2:172.21.15.90:6800/935770779
2024-09-12T02:04:17.531 INFO:teuthology.orchestra.run.smithi090.stdout:/usr/bin/ceph: stderr
2024-09-12T02:04:13.571+0000 7f2c25d9b640 1 --2- 172.21.15.90:0/979122142 >> [v2:172.21.15.90:6800/935770779,v1:172.21.15.90:6801/935770779] conn(0x7f2c10038f70 0x7f2c1003b430 unknown :-1 s=START_CONNECT pgs=0 cs=0 l=1 rev1=0 crypto rx=0 tx=0 comp rx=0 tx=0)._fault waiting 0.400000
2024-09-12T02:04:17.531 INFO:teuthology.orchestra.run.smithi090.stdout:/usr/bin/ceph: stderr
2024-09-12T02:04:13.972+0000 7f2c25d9b640 1 -- 172.21.15.90:0/979122142 >> [v2:172.21.15.90:6800/935770779,v1:172.21.15.90:6801/935770779] conn(0x7f2c10038f70 msgr2=0x7f2c1003b430 unknown :-1 s=STATE_CONNECTING_RE l=1).process reconnect failed to v2:172.21.15.90:6800/935770779
2024-09-12T02:04:17.531 INFO:teuthology.orchestra.run.smithi090.stdout:/usr/bin/ceph: stderr
2024-09-12T02:04:13.972+0000 7f2c25d9b640 1 --2- 172.21.15.90:0/979122142 >> [v2:172.21.15.90:6800/935770779,v1:172.21.15.90:6801/935770779] conn(0x7f2c10038f70 0x7f2c1003b430 unknown :-1 s=START_CONNECT pgs=0 cs=0 l=1 rev1=0 crypto rx=0 tx=0 comp rx=0 tx=0)._fault waiting 0.800000
2024-09-12T02:04:17.531 INFO:teuthology.orchestra.run.smithi090.stdout:/usr/bin/ceph: stderr
2024-09-12T02:04:14.773+0000 7f2c25d9b640 1 -- 172.21.15.90:0/979122142 >> [v2:172.21.15.90:6800/935770779,v1:172.21.15.90:6801/935770779] conn(0x7f2c10038f70 msgr2=0x7f2c1003b430 unknown :-1 s=STATE_CONNECTING_RE l=1).process reconnect failed to v2:172.21.15.90:6800/935770779
2024-09-12T02:04:17.531 INFO:teuthology.orchestra.run.smithi090.stdout:/usr/bin/ceph: stderr
2024-09-12T02:04:14.773+0000 7f2c25d9b640 1 --2- 172.21.15.90:0/979122142 >> [v2:172.21.15.90:6800/935770779,v1:172.21.15.90:6801/935770779] conn(0x7f2c10038f70 0x7f2c1003b430 unknown :-1 s=START_CONNECT pgs=0 cs=0 l=1 rev1=0 crypto rx=0 tx=0 comp rx=0 tx=0)._fault waiting 1.600000
2024-09-12T02:04:17.531 INFO:teuthology.orchestra.run.smithi090.stdout:/usr/bin/ceph: stderr
2024-09-12T02:04:15.951+0000 7f2c177fe640 1 -- 172.21.15.90:0/979122142 <== mon.0 v2:172.21.15.90:3300/0 6 ==== mgrmap(e 6) ==== 46054+0+0 (secure 0 0 0) 0x7f2c1806ba20 con 0x7f2c281065f0
2024-09-12T02:04:17.532 INFO:teuthology.orchestra.run.smithi090.stdout:/usr/bin/ceph: stderr
2024-09-12T02:04:15.951+0000 7f2c177fe640 1 -- 172.21.15.90:0/979122142 >> [v2:172.21.15.90:6800/935770779,v1:172.21.15.90:6801/935770779] conn(0x7f2c10038f70 msgr2=0x7f2c1003b430 unknown :-1 s=STATE_CONNECTING l=1).mark_down
2024-09-12T02:04:17.532 INFO:teuthology.orchestra.run.smithi090.stdout:/usr/bin/ceph: stderr
2024-09-12T02:04:15.951+0000 7f2c177fe640 1 --2- 172.21.15.90:0/979122142 >> [v2:172.21.15.90:6800/935770779,v1:172.21.15.90:6801/935770779] conn(0x7f2c10038f70 0x7f2c1003b430 unknown :-1 s=START_CONNECT pgs=0 cs=0 l=1 rev1=0 crypto rx=0 tx=0 comp rx=0 tx=0).stop
2024-09-12T02:04:17.532 INFO:teuthology.orchestra.run.smithi090.stdout:/usr/bin/ceph: stderr
2024-09-12T02:04:16.952+0000 7f2c177fe640 1 -- 172.21.15.90:0/979122142 <== mon.0 v2:172.21.15.90:3300/0 7 ==== mgrmap(e 7) ==== 46181+0+0 (secure 0 0 0) 0x7f2c1803b330 con 0x7f2c281065f0
2024-09-12T02:04:17.532 INFO:teuthology.orchestra.run.smithi090.stdout:/usr/bin/ceph: stderr
2024-09-12T02:04:16.952+0000 7f2c177fe640 1 --2- 172.21.15.90:0/979122142 >> [v2:172.21.15.90:6800/2017532573,v1:172.21.15.90:6801/2017532573] conn(0x7f2c1003c6b0 0x7f2c1003eaa0 unknown :-1 s=NONE pgs=0 cs=0 l=1 rev1=0 crypto rx=0 tx=0 comp rx=0 tx=0).connect
2024-09-12T02:04:17.532 INFO:teuthology.orchestra.run.smithi090.stdout:/usr/bin/ceph: stderr
2024-09-12T02:04:16.952+0000 7f2c177fe640 1 -- 172.21.15.90:0/979122142 --> [v2:172.21.15.90:6800/2017532573,v1:172.21.15.90:6801/2017532573] -- command(tid 0: {"prefix": "get_command_descriptions"}) -- 0x7f2c1802eb70 con 0x7f2c1003c6b0
2024-09-12T02:04:17.532 INFO:teuthology.orchestra.run.smithi090.stdout:/usr/bin/ceph: stderr
2024-09-12T02:04:16.953+0000 7f2c25d9b640 1 --2- 172.21.15.90:0/979122142 >> [v2:172.21.15.90:6800/2017532573,v1:172.21.15.90:6801/2017532573] conn(0x7f2c1003c6b0 0x7f2c1003eaa0 unknown :-1 s=BANNER_CONNECTING pgs=0 cs=0 l=1 rev1=0 crypto rx=0 tx=0 comp rx=0 tx=0)._handle_peer_banner_payload supported=3 required=0
2024-09-12T02:04:17.532 INFO:teuthology.orchestra.run.smithi090.stdout:/usr/bin/ceph: stderr
2024-09-12T02:04:16.954+0000 7f2c25d9b640 1 --2- 172.21.15.90:0/979122142 >> [v2:172.21.15.90:6800/2017532573,v1:172.21.15.90:6801/2017532573] conn(0x7f2c1003c6b0 0x7f2c1003eaa0 secure :-1 s=READY pgs=2 cs=0 l=1 rev1=1 crypto rx=0x7f2c1c003980 tx=0x7f2c1c006e10 comp rx=0 tx=0).ready entity=mgr.14118 client_cookie=0 server_cookie=0 in_seq=0 out_seq=0
2024-09-12T02:04:17.532 INFO:teuthology.orchestra.run.smithi090.stdout:/usr/bin/ceph: stderr
2024-09-12T02:04:16.954+0000 7f2c177fe640 1 -- 172.21.15.90:0/979122142 <== mgr.14118 v2:172.21.15.90:6800/2017532573 1 ==== command_reply(tid 0: 0 ) ==== 8+0+9564 (secure 0 0 0) 0x7f2c1802eb70 con 0x7f2c1003c6b0
2024-09-12T02:04:17.532 INFO:teuthology.orchestra.run.smithi090.stdout:/usr/bin/ceph: stderr
2024-09-12T02:04:16.961+0000 7f2c2ccf9640 1 -- 172.21.15.90:0/979122142 --> [v2:172.21.15.90:6800/2017532573,v1:172.21.15.90:6801/2017532573] -- command(tid 1: {"prefix": "mgr_status"}) -- 0x7f2c28074c10 con 0x7f2c1003c6b0
2024-09-12T02:04:17.532 INFO:teuthology.orchestra.run.smithi090.stdout:/usr/bin/ceph: stderr
2024-09-12T02:04:16.961+0000 7f2c177fe640 1 -- 172.21.15.90:0/979122142 <== mgr.14118 v2:172.21.15.90:6800/2017532573 2 ==== command_reply(tid 1: 0 ) ==== 8+0+51 (secure 0 0 0) 0x7f2c28074c10 con 0x7f2c1003c6b0
2024-09-12T02:04:17.532 INFO:teuthology.orchestra.run.smithi090.stdout:/usr/bin/ceph: stderr
2024-09-12T02:04:16.962+0000 7f2c2ccf9640 1 -- 172.21.15.90:0/979122142 >> [v2:172.21.15.90:6800/2017532573,v1:172.21.15.90:6801/2017532573] conn(0x7f2c1003c6b0 msgr2=0x7f2c1003eaa0 secure :-1 s=STATE_CONNECTION_ESTABLISHED l=1).mark_down
2024-09-12T02:04:17.532 INFO:teuthology.orchestra.run.smithi090.stdout:/usr/bin/ceph: stderr
2024-09-12T02:04:16.962+0000 7f2c2ccf9640 1 --2- 172.21.15.90:0/979122142 >> [v2:172.21.15.90:6800/2017532573,v1:172.21.15.90:6801/2017532573] conn(0x7f2c1003c6b0 0x7f2c1003eaa0 secure :-1 s=READY pgs=2 cs=0 l=1 rev1=1 crypto rx=0x7f2c1c003980 tx=0x7f2c1c006e10 comp rx=0 tx=0).stop
2024-09-12T02:04:17.532 INFO:teuthology.orchestra.run.smithi090.stdout:/usr/bin/ceph: stderr
2024-09-12T02:04:16.962+0000 7f2c2ccf9640 1 -- 172.21.15.90:0/979122142 >> [v2:172.21.15.90:3300/0,v1:172.21.15.90:6789/0] conn(0x7f2c281065f0 msgr2=0x7f2c2819b710 secure :-1 s=STATE_CONNECTION_ESTABLISHED l=1).mark_down
2024-09-12T02:04:17.533 INFO:teuthology.orchestra.run.smithi090.stdout:/usr/bin/ceph: stderr
2024-09-12T02:04:16.962+0000 7f2c2ccf9640 1 --2- 172.21.15.90:0/979122142 >> [v2:172.21.15.90:3300/0,v1:172.21.15.90:6789/0] conn(0x7f2c281065f0 0x7f2c2819b710 secure :-1 s=READY pgs=27 cs=0 l=1 rev1=1 crypto rx=0x7f2c18009940 tx=0x7f2c180326e0 comp rx=0 tx=0).stop
2024-09-12T02:04:17.533 INFO:teuthology.orchestra.run.smithi090.stdout:/usr/bin/ceph: stderr
2024-09-12T02:04:16.962+0000 7f2c2ccf9640 1 -- 172.21.15.90:0/979122142 shutdown_connections
2024-09-12T02:04:17.533 INFO:teuthology.orchestra.run.smithi090.stdout:/usr/bin/ceph: stderr
2024-09-12T02:04:16.962+0000 7f2c2ccf9640 1 --2- 172.21.15.90:0/979122142 >> [v2:172.21.15.90:6800/2017532573,v1:172.21.15.90:6801/2017532573] conn(0x7f2c1003c6b0 0x7f2c1003eaa0 unknown :-1 s=CLOSED pgs=2 cs=0 l=1 rev1=1 crypto rx=0 tx=0 comp rx=0 tx=0).stop
2024-09-12T02:04:17.533 INFO:teuthology.orchestra.run.smithi090.stdout:/usr/bin/ceph: stderr
2024-09-12T02:04:16.962+0000 7f2c2ccf9640 1 --2- 172.21.15.90:0/979122142 >> [v2:172.21.15.90:6800/935770779,v1:172.21.15.90:6801/935770779] conn(0x7f2c10038f70 0x7f2c1003b430 unknown :-1 s=CLOSED pgs=0 cs=0 l=1 rev1=0 crypto rx=0 tx=0 comp rx=0 tx=0).stop
2024-09-12T02:04:17.533 INFO:teuthology.orchestra.run.smithi090.stdout:/usr/bin/ceph: stderr
2024-09-12T02:04:16.962+0000 7f2c2ccf9640 1 --2- 172.21.15.90:0/979122142 >> [v2:172.21.15.90:3300/0,v1:172.21.15.90:6789/0] conn(0x7f2c281065f0 0x7f2c2819b710 unknown :-1 s=CLOSED pgs=27 cs=0 l=1 rev1=1 crypto rx=0 tx=0 comp rx=0 tx=0).stop
2024-09-12T02:04:17.533 INFO:teuthology.orchestra.run.smithi090.stdout:/usr/bin/ceph: stderr
2024-09-12T02:04:16.962+0000 7f2c2ccf9640 1 -- 172.21.15.90:0/979122142 >> 172.21.15.90:0/979122142 conn(0x7f2c28101dc0 msgr2=0x7f2c28102d20 unknown :-1 s=STATE_NONE l=0).mark_down
2024-09-12T02:04:17.533 INFO:teuthology.orchestra.run.smithi090.stdout:/usr/bin/ceph: stderr
2024-09-12T02:04:16.962+0000 7f2c2ccf9640 1 -- 172.21.15.90:0/979122142 shutdown_connections
2024-09-12T02:04:17.533 INFO:teuthology.orchestra.run.smithi090.stdout:/usr/bin/ceph: stderr
2024-09-12T02:04:16.962+0000 7f2c2ccf9640 1 -- 172.21.15.90:0/979122142 wait complete.
2024-09-12T02:04:17.533 INFO:teuthology.orchestra.run.smithi090.stdout:mgr epoch 5 is available
2024-09-12T02:04:17.533 INFO:teuthology.orchestra.run.smithi090.stdout:Setting orchestrator backend to cephadm...
2024-09-12T02:04:18.074 INFO:journalctl@ceph.mon.a.smithi090.stdout:Sep 12 02:04:18 smithi090 ceph-mon[30959]: from='client.14122 -' entity='client.admin' cmd=[{"prefix": "get_command_descriptions"}]: dispatch
2024-09-12T02:04:18.074 INFO:journalctl@ceph.mon.a.smithi090.stdout:Sep 12 02:04:18 smithi090 ceph-mon[30959]: from='client.14122 -' entity='client.admin' cmd=[{"prefix": "mgr_status"}]: dispatch
2024-09-12T02:04:18.074 INFO:journalctl@ceph.mon.a.smithi090.stdout:Sep 12 02:04:18 smithi090 ceph-mon[30959]: from='mgr.14118 172.21.15.90:0/1603125572' entity='mgr.x' cmd=[{"prefix": "config dump", "format": "json"}]: dispatch
2024-09-12T02:04:18.660 INFO:teuthology.orchestra.run.smithi090.stdout:/usr/bin/ceph: stderr
2024-09-12T02:04:17.883+0000 7efd514d3640 1 Processor -- start
2024-09-12T02:04:18.660 INFO:teuthology.orchestra.run.smithi090.stdout:/usr/bin/ceph: stderr
2024-09-12T02:04:17.883+0000 7efd514d3640 1 -- start start
2024-09-12T02:04:18.660 INFO:teuthology.orchestra.run.smithi090.stdout:/usr/bin/ceph: stderr
2024-09-12T02:04:17.883+0000 7efd514d3640 1 --2- >> [v2:172.21.15.90:3300/0,v1:172.21.15.90:6789/0] conn(0x7efd4c108180 0x7efd4c10a570 unknown :-1 s=NONE pgs=0 cs=0 l=0 rev1=0 crypto rx=0 tx=0 comp rx=0 tx=0).connect
2024-09-12T02:04:18.660 INFO:teuthology.orchestra.run.smithi090.stdout:/usr/bin/ceph: stderr
2024-09-12T02:04:17.883+0000 7efd514d3640 1 -- --> [v2:172.21.15.90:3300/0,v1:172.21.15.90:6789/0] -- mon_getmap magic: 0 -- 0x7efd4c07be90 con 0x7efd4c108180
2024-09-12T02:04:18.660 INFO:teuthology.orchestra.run.smithi090.stdout:/usr/bin/ceph: stderr
2024-09-12T02:04:17.884+0000 7efd4affd640 1 --2- >> [v2:172.21.15.90:3300/0,v1:172.21.15.90:6789/0] conn(0x7efd4c108180 0x7efd4c10a570 unknown :-1 s=BANNER_CONNECTING pgs=0 cs=0 l=0 rev1=0 crypto rx=0 tx=0 comp rx=0 tx=0)._handle_peer_banner_payload supported=3 required=0
2024-09-12T02:04:18.660 INFO:teuthology.orchestra.run.smithi090.stdout:/usr/bin/ceph: stderr
2024-09-12T02:04:17.884+0000 7efd4affd640 1 --2- >> [v2:172.21.15.90:3300/0,v1:172.21.15.90:6789/0] conn(0x7efd4c108180 0x7efd4c10a570 unknown :-1 s=HELLO_CONNECTING pgs=0 cs=0 l=0 rev1=1 crypto rx=0 tx=0 comp rx=0 tx=0).handle_hello peer v2:172.21.15.90:3300/0 says I am v2:172.21.15.90:52800/0 (socket says 172.21.15.90:52800)
2024-09-12T02:04:18.660 INFO:teuthology.orchestra.run.smithi090.stdout:/usr/bin/ceph: stderr
2024-09-12T02:04:17.884+0000 7efd4affd640 1 -- 172.21.15.90:0/2082487038 learned_addr learned my addr 172.21.15.90:0/2082487038 (peer_addr_for_me v2:172.21.15.90:0/0)
2024-09-12T02:04:18.661 INFO:teuthology.orchestra.run.smithi090.stdout:/usr/bin/ceph: stderr
2024-09-12T02:04:17.884+0000 7efd4affd640 1 -- 172.21.15.90:0/2082487038 --> [v2:172.21.15.90:3300/0,v1:172.21.15.90:6789/0] -- mon_subscribe({config=0+,monmap=0+}) -- 0x7efd4c10aab0 con 0x7efd4c108180
2024-09-12T02:04:18.661 INFO:teuthology.orchestra.run.smithi090.stdout:/usr/bin/ceph: stderr
2024-09-12T02:04:17.885+0000 7efd4affd640 1 --2- 172.21.15.90:0/2082487038 >> [v2:172.21.15.90:3300/0,v1:172.21.15.90:6789/0] conn(0x7efd4c108180 0x7efd4c10a570 secure :-1 s=READY pgs=35 cs=0 l=1 rev1=1 crypto rx=0x7efd3c009e80 tx=0x7efd3c02a7a0 comp rx=0 tx=0).ready entity=mon.0 client_cookie=5bc72e55f44acb99 server_cookie=0 in_seq=0 out_seq=0
2024-09-12T02:04:18.661 INFO:teuthology.orchestra.run.smithi090.stdout:/usr/bin/ceph: stderr
2024-09-12T02:04:17.885+0000 7efd49ffb640 1 -- 172.21.15.90:0/2082487038 <== mon.0 v2:172.21.15.90:3300/0 1 ==== mon_map magic: 0 ==== 205+0+0 (secure 0 0 0) 0x7efd3c036070 con 0x7efd4c108180
2024-09-12T02:04:18.661 INFO:teuthology.orchestra.run.smithi090.stdout:/usr/bin/ceph: stderr
2024-09-12T02:04:17.885+0000 7efd49ffb640 1 -- 172.21.15.90:0/2082487038 <== mon.0 v2:172.21.15.90:3300/0 2 ==== config(27 keys) ==== 1109+0+0 (secure 0 0 0) 0x7efd3c0318c0 con 0x7efd4c108180
2024-09-12T02:04:18.661 INFO:teuthology.orchestra.run.smithi090.stdout:/usr/bin/ceph: stderr
2024-09-12T02:04:17.885+0000 7efd49ffb640 1 -- 172.21.15.90:0/2082487038 <== mon.0 v2:172.21.15.90:3300/0 3 ==== mon_map magic: 0 ==== 205+0+0 (secure 0 0 0) 0x7efd3c007ab0 con 0x7efd4c108180
2024-09-12T02:04:18.661 INFO:teuthology.orchestra.run.smithi090.stdout:/usr/bin/ceph: stderr
2024-09-12T02:04:17.885+0000 7efd514d3640 1 -- 172.21.15.90:0/2082487038 >> [v2:172.21.15.90:3300/0,v1:172.21.15.90:6789/0] conn(0x7efd4c108180 msgr2=0x7efd4c10a570 secure :-1 s=STATE_CONNECTION_ESTABLISHED l=1).mark_down
2024-09-12T02:04:18.661 INFO:teuthology.orchestra.run.smithi090.stdout:/usr/bin/ceph: stderr
2024-09-12T02:04:17.885+0000 7efd514d3640 1 --2- 172.21.15.90:0/2082487038 >> [v2:172.21.15.90:3300/0,v1:172.21.15.90:6789/0] conn(0x7efd4c108180 0x7efd4c10a570 secure :-1 s=READY pgs=35 cs=0 l=1 rev1=1 crypto rx=0x7efd3c009e80 tx=0x7efd3c02a7a0 comp rx=0 tx=0).stop
2024-09-12T02:04:18.661 INFO:teuthology.orchestra.run.smithi090.stdout:/usr/bin/ceph: stderr
2024-09-12T02:04:17.885+0000 7efd514d3640 1 -- 172.21.15.90:0/2082487038 shutdown_connections
2024-09-12T02:04:18.661 INFO:teuthology.orchestra.run.smithi090.stdout:/usr/bin/ceph: stderr
2024-09-12T02:04:17.885+0000 7efd514d3640 1 --2- 172.21.15.90:0/2082487038 >> [v2:172.21.15.90:3300/0,v1:172.21.15.90:6789/0] conn(0x7efd4c108180 0x7efd4c10a570 unknown :-1 s=CLOSED pgs=35 cs=0 l=1 rev1=1 crypto rx=0 tx=0 comp rx=0 tx=0).stop
2024-09-12T02:04:18.661 INFO:teuthology.orchestra.run.smithi090.stdout:/usr/bin/ceph: stderr
2024-09-12T02:04:17.885+0000 7efd514d3640 1 -- 172.21.15.90:0/2082487038 >> 172.21.15.90:0/2082487038 conn(0x7efd4c101d80 msgr2=0x7efd4c1041a0 unknown :-1 s=STATE_NONE l=0).mark_down
2024-09-12T02:04:18.661 INFO:teuthology.orchestra.run.smithi090.stdout:/usr/bin/ceph: stderr
2024-09-12T02:04:17.885+0000 7efd514d3640 1 -- 172.21.15.90:0/2082487038 shutdown_connections
2024-09-12T02:04:18.661 INFO:teuthology.orchestra.run.smithi090.stdout:/usr/bin/ceph: stderr
2024-09-12T02:04:17.885+0000 7efd514d3640 1 -- 172.21.15.90:0/2082487038 wait complete.
2024-09-12T02:04:18.661 INFO:teuthology.orchestra.run.smithi090.stdout:/usr/bin/ceph: stderr
2024-09-12T02:04:17.886+0000 7efd514d3640 1 Processor -- start
2024-09-12T02:04:18.662 INFO:teuthology.orchestra.run.smithi090.stdout:/usr/bin/ceph: stderr
2024-09-12T02:04:17.886+0000 7efd514d3640 1 -- start start
2024-09-12T02:04:18.662 INFO:teuthology.orchestra.run.smithi090.stdout:/usr/bin/ceph: stderr
2024-09-12T02:04:17.886+0000 7efd514d3640 1 --2- >> [v2:172.21.15.90:3300/0,v1:172.21.15.90:6789/0] conn(0x7efd4c108180 0x7efd4c107a00 unknown :-1 s=NONE pgs=0 cs=0 l=1 rev1=0 crypto rx=0 tx=0 comp rx=0 tx=0).connect
2024-09-12T02:04:18.662 INFO:teuthology.orchestra.run.smithi090.stdout:/usr/bin/ceph: stderr
2024-09-12T02:04:17.886+0000 7efd514d3640 1 -- --> [v2:172.21.15.90:3300/0,v1:172.21.15.90:6789/0] -- mon_getmap magic: 0 -- 0x7efd4c10ba80 con 0x7efd4c108180
2024-09-12T02:04:18.662 INFO:teuthology.orchestra.run.smithi090.stdout:/usr/bin/ceph: stderr
2024-09-12T02:04:17.886+0000 7efd4affd640 1 --2- >> [v2:172.21.15.90:3300/0,v1:172.21.15.90:6789/0] conn(0x7efd4c108180 0x7efd4c107a00 unknown :-1 s=BANNER_CONNECTING pgs=0 cs=0 l=1 rev1=0 crypto rx=0 tx=0 comp rx=0 tx=0)._handle_peer_banner_payload supported=3 required=0
2024-09-12T02:04:18.662 INFO:teuthology.orchestra.run.smithi090.stdout:/usr/bin/ceph: stderr
2024-09-12T02:04:17.886+0000 7efd4affd640 1 --2- >> [v2:172.21.15.90:3300/0,v1:172.21.15.90:6789/0] conn(0x7efd4c108180 0x7efd4c107a00 unknown :-1 s=HELLO_CONNECTING pgs=0 cs=0 l=1 rev1=1 crypto rx=0 tx=0 comp rx=0 tx=0).handle_hello peer v2:172.21.15.90:3300/0 says I am v2:172.21.15.90:52812/0 (socket says 172.21.15.90:52812)
2024-09-12T02:04:18.662 INFO:teuthology.orchestra.run.smithi090.stdout:/usr/bin/ceph: stderr
2024-09-12T02:04:17.886+0000 7efd4affd640 1 -- 172.21.15.90:0/1056779318 learned_addr learned my addr 172.21.15.90:0/1056779318 (peer_addr_for_me v2:172.21.15.90:0/0)
2024-09-12T02:04:18.662 INFO:teuthology.orchestra.run.smithi090.stdout:/usr/bin/ceph: stderr
2024-09-12T02:04:17.887+0000 7efd4affd640 1 -- 172.21.15.90:0/1056779318 --> [v2:172.21.15.90:3300/0,v1:172.21.15.90:6789/0] -- mon_subscribe({config=0+,monmap=0+}) -- 0x7efd4c107f40 con 0x7efd4c108180
2024-09-12T02:04:18.662 INFO:teuthology.orchestra.run.smithi090.stdout:/usr/bin/ceph: stderr
2024-09-12T02:04:17.887+0000 7efd4affd640 1 --2- 172.21.15.90:0/1056779318 >> [v2:172.21.15.90:3300/0,v1:172.21.15.90:6789/0] conn(0x7efd4c108180 0x7efd4c107a00 secure :-1 s=READY pgs=36 cs=0 l=1 rev1=1 crypto rx=0x7efd3c031ca0 tx=0x7efd3c031cd0 comp rx=0 tx=0).ready entity=mon.0 client_cookie=0 server_cookie=0 in_seq=0 out_seq=0
2024-09-12T02:04:18.662 INFO:teuthology.orchestra.run.smithi090.stdout:/usr/bin/ceph: stderr
2024-09-12T02:04:17.887+0000 7efd43fff640 1 -- 172.21.15.90:0/1056779318 <== mon.0 v2:172.21.15.90:3300/0 1 ==== mon_map magic: 0 ==== 205+0+0 (secure 0 0 0) 0x7efd3c036050 con 0x7efd4c108180
2024-09-12T02:04:18.662 INFO:teuthology.orchestra.run.smithi090.stdout:/usr/bin/ceph: stderr
2024-09-12T02:04:17.887+0000 7efd43fff640 1 -- 172.21.15.90:0/1056779318 <== mon.0 v2:172.21.15.90:3300/0 2 ==== config(27 keys) ==== 1109+0+0 (secure 0 0 0) 0x7efd3c042070 con 0x7efd4c108180
2024-09-12T02:04:18.662 INFO:teuthology.orchestra.run.smithi090.stdout:/usr/bin/ceph: stderr
2024-09-12T02:04:17.887+0000 7efd514d3640 1 -- 172.21.15.90:0/1056779318 --> [v2:172.21.15.90:3300/0,v1:172.21.15.90:6789/0] -- mon_subscribe({mgrmap=0+}) -- 0x7efd4c106130 con 0x7efd4c108180
2024-09-12T02:04:18.662 INFO:teuthology.orchestra.run.smithi090.stdout:/usr/bin/ceph: stderr
2024-09-12T02:04:17.887+0000 7efd43fff640 1 -- 172.21.15.90:0/1056779318 <== mon.0 v2:172.21.15.90:3300/0 3 ==== mon_map magic: 0 ==== 205+0+0 (secure 0 0 0) 0x7efd3c03d820 con 0x7efd4c108180
2024-09-12T02:04:18.663 INFO:teuthology.orchestra.run.smithi090.stdout:/usr/bin/ceph: stderr
2024-09-12T02:04:17.887+0000 7efd514d3640 1 -- 172.21.15.90:0/1056779318 --> [v2:172.21.15.90:3300/0,v1:172.21.15.90:6789/0] -- mon_subscribe({osdmap=0}) -- 0x7efd4c106670 con 0x7efd4c108180
2024-09-12T02:04:18.663 INFO:teuthology.orchestra.run.smithi090.stdout:/usr/bin/ceph: stderr
2024-09-12T02:04:17.888+0000 7efd43fff640 1 -- 172.21.15.90:0/1056779318 <== mon.0 v2:172.21.15.90:3300/0 4 ==== mgrmap(e 7) ==== 46181+0+0 (secure 0 0 0) 0x7efd3c03db20 con 0x7efd4c108180
2024-09-12T02:04:18.663 INFO:teuthology.orchestra.run.smithi090.stdout:/usr/bin/ceph: stderr
2024-09-12T02:04:17.888+0000 7efd514d3640 1 -- 172.21.15.90:0/1056779318 --> [v2:172.21.15.90:3300/0,v1:172.21.15.90:6789/0] -- mon_command({"prefix": "get_command_descriptions"} v 0) -- 0x7efd4c1085e0 con 0x7efd4c108180
2024-09-12T02:04:18.663 INFO:teuthology.orchestra.run.smithi090.stdout:/usr/bin/ceph: stderr
2024-09-12T02:04:17.888+0000 7efd43fff640 1 --2- 172.21.15.90:0/1056779318 >> [v2:172.21.15.90:6800/2017532573,v1:172.21.15.90:6801/2017532573] conn(0x7efd38038e60 0x7efd3803b320 unknown :-1 s=NONE pgs=0 cs=0 l=1 rev1=0 crypto rx=0 tx=0 comp rx=0 tx=0).connect
2024-09-12T02:04:18.663 INFO:teuthology.orchestra.run.smithi090.stdout:/usr/bin/ceph: stderr
2024-09-12T02:04:17.888+0000 7efd43fff640 1 -- 172.21.15.90:0/1056779318 <== mon.0 v2:172.21.15.90:3300/0 5 ==== osd_map(2..2 src has 1..2) ==== 940+0+0 (secure 0 0 0) 0x7efd3c007e00 con 0x7efd4c108180
2024-09-12T02:04:18.663 INFO:teuthology.orchestra.run.smithi090.stdout:/usr/bin/ceph: stderr
2024-09-12T02:04:17.888+0000 7efd4a7fc640 1 --2- 172.21.15.90:0/1056779318 >> [v2:172.21.15.90:6800/2017532573,v1:172.21.15.90:6801/2017532573] conn(0x7efd38038e60 0x7efd3803b320 unknown :-1 s=BANNER_CONNECTING pgs=0 cs=0 l=1 rev1=0 crypto rx=0 tx=0 comp rx=0 tx=0)._handle_peer_banner_payload supported=3 required=0
2024-09-12T02:04:18.663 INFO:teuthology.orchestra.run.smithi090.stdout:/usr/bin/ceph: stderr
2024-09-12T02:04:17.889+0000 7efd4a7fc640 1 --2- 172.21.15.90:0/1056779318 >> [v2:172.21.15.90:6800/2017532573,v1:172.21.15.90:6801/2017532573] conn(0x7efd38038e60 0x7efd3803b320 secure :-1 s=READY pgs=7 cs=0 l=1 rev1=1 crypto rx=0x7efd340098c0 tx=0x7efd34006db0 comp rx=0 tx=0).ready entity=mgr.14118 client_cookie=0 server_cookie=0 in_seq=0 out_seq=0
2024-09-12T02:04:18.663 INFO:teuthology.orchestra.run.smithi090.stdout:/usr/bin/ceph: stderr
2024-09-12T02:04:17.893+0000 7efd43fff640 1 -- 172.21.15.90:0/1056779318 <== mon.0 v2:172.21.15.90:3300/0 6 ==== mon_command_ack([{"prefix": "get_command_descriptions"}]=0 v0) ==== 72+0+188821 (secure 0 0 0) 0x7efd3c007310 con 0x7efd4c108180
2024-09-12T02:04:18.663 INFO:teuthology.orchestra.run.smithi090.stdout:/usr/bin/ceph: stderr
2024-09-12T02:04:18.007+0000 7efd43fff640 1 -- 172.21.15.90:0/1056779318 <== mon.0 v2:172.21.15.90:3300/0 7 ==== mgrmap(e 8) ==== 46287+0+0 (secure 0 0 0) 0x7efd3c047980 con 0x7efd4c108180
2024-09-12T02:04:18.663 INFO:teuthology.orchestra.run.smithi090.stdout:/usr/bin/ceph: stderr
2024-09-12T02:04:18.073+0000 7efd514d3640 1 -- 172.21.15.90:0/1056779318 --> [v2:172.21.15.90:6800/2017532573,v1:172.21.15.90:6801/2017532573] -- mgr_command(tid 0: {"prefix": "orch set backend", "module_name": "cephadm", "target": ["mon-mgr", ""]}) -- 0x7efd4c106f20 con 0x7efd38038e60
2024-09-12T02:04:18.663 INFO:teuthology.orchestra.run.smithi090.stdout:/usr/bin/ceph: stderr
2024-09-12T02:04:18.079+0000 7efd43fff640 1 -- 172.21.15.90:0/1056779318 <== mgr.14118 v2:172.21.15.90:6800/2017532573 1 ==== mgr_command_reply(tid 0: 0 ) ==== 8+0+0 (secure 0 0 0) 0x7efd4c106f20 con 0x7efd38038e60
2024-09-12T02:04:18.663 INFO:teuthology.orchestra.run.smithi090.stdout:/usr/bin/ceph: stderr
2024-09-12T02:04:18.081+0000 7efd514d3640 1 -- 172.21.15.90:0/1056779318 >> [v2:172.21.15.90:6800/2017532573,v1:172.21.15.90:6801/2017532573] conn(0x7efd38038e60 msgr2=0x7efd3803b320 secure :-1 s=STATE_CONNECTION_ESTABLISHED l=1).mark_down
2024-09-12T02:04:18.664 INFO:teuthology.orchestra.run.smithi090.stdout:/usr/bin/ceph: stderr
2024-09-12T02:04:18.081+0000 7efd514d3640 1 --2- 172.21.15.90:0/1056779318 >> [v2:172.21.15.90:6800/2017532573,v1:172.21.15.90:6801/2017532573] conn(0x7efd38038e60 0x7efd3803b320 secure :-1 s=READY pgs=7 cs=0 l=1 rev1=1 crypto rx=0x7efd340098c0 tx=0x7efd34006db0 comp rx=0 tx=0).stop
2024-09-12T02:04:18.664 INFO:teuthology.orchestra.run.smithi090.stdout:/usr/bin/ceph: stderr
2024-09-12T02:04:18.081+0000 7efd514d3640 1 -- 172.21.15.90:0/1056779318 >> [v2:172.21.15.90:3300/0,v1:172.21.15.90:6789/0] conn(0x7efd4c108180 msgr2=0x7efd4c107a00 secure :-1 s=STATE_CONNECTION_ESTABLISHED l=1).mark_down
2024-09-12T02:04:18.664 INFO:teuthology.orchestra.run.smithi090.stdout:/usr/bin/ceph: stderr
2024-09-12T02:04:18.081+0000 7efd514d3640 1 --2- 172.21.15.90:0/1056779318 >> [v2:172.21.15.90:3300/0,v1:172.21.15.90:6789/0] conn(0x7efd4c108180 0x7efd4c107a00 secure :-1 s=READY pgs=36 cs=0 l=1 rev1=1 crypto rx=0x7efd3c031ca0 tx=0x7efd3c031cd0 comp rx=0 tx=0).stop
2024-09-12T02:04:18.664 INFO:teuthology.orchestra.run.smithi090.stdout:/usr/bin/ceph: stderr
2024-09-12T02:04:18.082+0000 7efd514d3640 1 -- 172.21.15.90:0/1056779318 shutdown_connections
2024-09-12T02:04:18.664 INFO:teuthology.orchestra.run.smithi090.stdout:/usr/bin/ceph: stderr
2024-09-12T02:04:18.082+0000 7efd514d3640 1 --2- 172.21.15.90:0/1056779318 >> [v2:172.21.15.90:6800/2017532573,v1:172.21.15.90:6801/2017532573] conn(0x7efd38038e60 0x7efd3803b320 unknown :-1 s=CLOSED pgs=7 cs=0 l=1 rev1=1 crypto rx=0 tx=0 comp rx=0 tx=0).stop
2024-09-12T02:04:18.664 INFO:teuthology.orchestra.run.smithi090.stdout:/usr/bin/ceph: stderr
2024-09-12T02:04:18.082+0000 7efd514d3640 1 --2- 172.21.15.90:0/1056779318 >> [v2:172.21.15.90:3300/0,v1:172.21.15.90:6789/0] conn(0x7efd4c108180 0x7efd4c107a00 unknown :-1 s=CLOSED pgs=36 cs=0 l=1 rev1=1 crypto rx=0 tx=0 comp rx=0 tx=0).stop
2024-09-12T02:04:18.664 INFO:teuthology.orchestra.run.smithi090.stdout:/usr/bin/ceph: stderr
2024-09-12T02:04:18.082+0000 7efd514d3640 1 -- 172.21.15.90:0/1056779318 >> 172.21.15.90:0/1056779318 conn(0x7efd4c101d80 msgr2=0x7efd4c102900 unknown :-1 s=STATE_NONE l=0).mark_down
2024-09-12T02:04:18.664 INFO:teuthology.orchestra.run.smithi090.stdout:/usr/bin/ceph: stderr
2024-09-12T02:04:18.082+0000 7efd514d3640 1 -- 172.21.15.90:0/1056779318 shutdown_connections
2024-09-12T02:04:18.664 INFO:teuthology.orchestra.run.smithi090.stdout:/usr/bin/ceph: stderr
2024-09-12T02:04:18.082+0000 7efd514d3640 1 -- 172.21.15.90:0/1056779318 wait complete.
2024-09-12T02:04:19.192 INFO:journalctl@ceph.mon.a.smithi090.stdout:Sep 12 02:04:19 smithi090 ceph-mon[30959]: [12/Sep/2024:02:04:17] ENGINE Bus STARTING
2024-09-12T02:04:19.192 INFO:journalctl@ceph.mon.a.smithi090.stdout:Sep 12 02:04:19 smithi090 ceph-mon[30959]: [12/Sep/2024:02:04:17] ENGINE Serving on https://172.21.15.90:7150
2024-09-12T02:04:19.192 INFO:journalctl@ceph.mon.a.smithi090.stdout:Sep 12 02:04:19 smithi090 ceph-mon[30959]: [12/Sep/2024:02:04:17] ENGINE Error in HTTPServer.serve
2024-09-12T02:04:19.192 INFO:journalctl@ceph.mon.a.smithi090.stdout: Traceback (most recent call last):
2024-09-12T02:04:19.192 INFO:journalctl@ceph.mon.a.smithi090.stdout: File "/lib/python3.9/site-packages/cheroot/server.py", line 1823, in serve
2024-09-12T02:04:19.192 INFO:journalctl@ceph.mon.a.smithi090.stdout: self._connections.run(self.expiration_interval)
2024-09-12T02:04:19.193 INFO:journalctl@ceph.mon.a.smithi090.stdout: File "/lib/python3.9/site-packages/cheroot/connections.py", line 203, in run
2024-09-12T02:04:19.193 INFO:journalctl@ceph.mon.a.smithi090.stdout: self._run(expiration_interval)
2024-09-12T02:04:19.193 INFO:journalctl@ceph.mon.a.smithi090.stdout: File "/lib/python3.9/site-packages/cheroot/connections.py", line 246, in _run
2024-09-12T02:04:19.193 INFO:journalctl@ceph.mon.a.smithi090.stdout: new_conn = self._from_server_socket(self.server.socket)
2024-09-12T02:04:19.193 INFO:journalctl@ceph.mon.a.smithi090.stdout: File "/lib/python3.9/site-packages/cheroot/connections.py", line 300, in _from_server_socket
2024-09-12T02:04:19.193 INFO:journalctl@ceph.mon.a.smithi090.stdout: s, ssl_env = self.server.ssl_adapter.wrap(s)
2024-09-12T02:04:19.193 INFO:journalctl@ceph.mon.a.smithi090.stdout: File "/lib/python3.9/site-packages/cheroot/ssl/builtin.py", line 277, in wrap
2024-09-12T02:04:19.193 INFO:journalctl@ceph.mon.a.smithi090.stdout: s = self.context.wrap_socket(
2024-09-12T02:04:19.193 INFO:journalctl@ceph.mon.a.smithi090.stdout: File "/lib64/python3.9/ssl.py", line 501, in wrap_socket
2024-09-12T02:04:19.193 INFO:journalctl@ceph.mon.a.smithi090.stdout: return self.sslsocket_class._create(
2024-09-12T02:04:19.193 INFO:journalctl@ceph.mon.a.smithi090.stdout: File "/lib64/python3.9/ssl.py", line 1074, in _create
2024-09-12T02:04:19.193 INFO:journalctl@ceph.mon.a.smithi090.stdout: self.do_handshake()
2024-09-12T02:04:19.193 INFO:journalctl@ceph.mon.a.smithi090.stdout: File "/lib64/python3.9/ssl.py", line 1343, in do_handshake
2024-09-12T02:04:19.194 INFO:journalctl@ceph.mon.a.smithi090.stdout: self._sslobj.do_handshake()
2024-09-12T02:04:19.194 INFO:journalctl@ceph.mon.a.smithi090.stdout: ssl.SSLZeroReturnError: TLS/SSL connection has been closed (EOF) (_ssl.c:1133)
2024-09-12T02:04:19.194 INFO:journalctl@ceph.mon.a.smithi090.stdout:Sep 12 02:04:19 smithi090 ceph-mon[30959]: [12/Sep/2024:02:04:17] ENGINE Serving on http://172.21.15.90:8765
2024-09-12T02:04:19.194 INFO:journalctl@ceph.mon.a.smithi090.stdout:Sep 12 02:04:19 smithi090 ceph-mon[30959]: [12/Sep/2024:02:04:17] ENGINE Bus STARTED
2024-09-12T02:04:19.194 INFO:journalctl@ceph.mon.a.smithi090.stdout:Sep 12 02:04:19 smithi090 ceph-mon[30959]: mgrmap e8: x(active, since 2s)
2024-09-12T02:04:19.194 INFO:journalctl@ceph.mon.a.smithi090.stdout:Sep 12 02:04:19 smithi090 ceph-mon[30959]: from='client.14130 -' entity='client.admin' cmd=[{"prefix": "orch set backend", "module_name": "cephadm", "target": ["mon-mgr", ""]}]: dispatch
2024-09-12T02:04:19.194 INFO:journalctl@ceph.mon.a.smithi090.stdout:Sep 12 02:04:19 smithi090 ceph-mon[30959]: from='mgr.14118 172.21.15.90:0/1603125572' entity='mgr.x'
2024-09-12T02:04:19.194 INFO:journalctl@ceph.mon.a.smithi090.stdout:Sep 12 02:04:19 smithi090 ceph-mon[30959]: from='mgr.14118 172.21.15.90:0/1603125572' entity='mgr.x' cmd=[{"prefix": "config dump", "format": "json"}]: dispatch
2024-09-12T02:04:19.772 INFO:teuthology.orchestra.run.smithi090.stdout:/usr/bin/ceph: stdout value unchanged
2024-09-12T02:04:19.773 INFO:teuthology.orchestra.run.smithi090.stdout:/usr/bin/ceph: stderr
2024-09-12T02:04:19.016+0000 7f84c151b640 1 Processor -- start
2024-09-12T02:04:19.773 INFO:teuthology.orchestra.run.smithi090.stdout:/usr/bin/ceph: stderr
2024-09-12T02:04:19.017+0000 7f84c151b640 1 -- start start
2024-09-12T02:04:19.773 INFO:teuthology.orchestra.run.smithi090.stdout:/usr/bin/ceph: stderr
2024-09-12T02:04:19.017+0000 7f84c151b640 1 --2- >> [v2:172.21.15.90:3300/0,v1:172.21.15.90:6789/0] conn(0x7f84bc107740 0x7f84bc107b40 unknown :-1 s=NONE pgs=0 cs=0 l=0 rev1=0 crypto rx=0 tx=0 comp rx=0 tx=0).connect
2024-09-12T02:04:19.773 INFO:teuthology.orchestra.run.smithi090.stdout:/usr/bin/ceph: stderr
2024-09-12T02:04:19.017+0000 7f84c151b640 1 -- --> [v2:172.21.15.90:3300/0,v1:172.21.15.90:6789/0] -- mon_getmap magic: 0 -- 0x7f84bc108110 con 0x7f84bc107740
2024-09-12T02:04:19.773 INFO:teuthology.orchestra.run.smithi090.stdout:/usr/bin/ceph: stderr
2024-09-12T02:04:19.017+0000 7f84baffd640 1 --2- >> [v2:172.21.15.90:3300/0,v1:172.21.15.90:6789/0] conn(0x7f84bc107740 0x7f84bc107b40 unknown :-1 s=BANNER_CONNECTING pgs=0 cs=0 l=0 rev1=0 crypto rx=0 tx=0 comp rx=0 tx=0)._handle_peer_banner_payload supported=3 required=0
2024-09-12T02:04:19.773 INFO:teuthology.orchestra.run.smithi090.stdout:/usr/bin/ceph: stderr
2024-09-12T02:04:19.017+0000 7f84baffd640 1 --2- >> [v2:172.21.15.90:3300/0,v1:172.21.15.90:6789/0] conn(0x7f84bc107740 0x7f84bc107b40 unknown :-1 s=HELLO_CONNECTING pgs=0 cs=0 l=0 rev1=1 crypto rx=0 tx=0 comp rx=0 tx=0).handle_hello peer v2:172.21.15.90:3300/0 says I am v2:172.21.15.90:52818/0 (socket says 172.21.15.90:52818)
2024-09-12T02:04:19.773 INFO:teuthology.orchestra.run.smithi090.stdout:/usr/bin/ceph: stderr
2024-09-12T02:04:19.017+0000 7f84baffd640 1 -- 172.21.15.90:0/2596905201 learned_addr learned my addr 172.21.15.90:0/2596905201 (peer_addr_for_me v2:172.21.15.90:0/0)
2024-09-12T02:04:19.773 INFO:teuthology.orchestra.run.smithi090.stdout:/usr/bin/ceph: stderr
2024-09-12T02:04:19.017+0000 7f84baffd640 1 -- 172.21.15.90:0/2596905201 --> [v2:172.21.15.90:3300/0,v1:172.21.15.90:6789/0] -- mon_subscribe({config=0+,monmap=0+}) -- 0x7f84bc108940 con 0x7f84bc107740
2024-09-12T02:04:19.774 INFO:teuthology.orchestra.run.smithi090.stdout:/usr/bin/ceph: stderr
2024-09-12T02:04:19.018+0000 7f84baffd640 1 --2- 172.21.15.90:0/2596905201 >> [v2:172.21.15.90:3300/0,v1:172.21.15.90:6789/0] conn(0x7f84bc107740 0x7f84bc107b40 secure :-1 s=READY pgs=37 cs=0 l=1 rev1=1 crypto rx=0x7f84ac009820 tx=0x7f84ac02a270 comp rx=0 tx=0).ready entity=mon.0 client_cookie=59d402d9f4bfc3c1 server_cookie=0 in_seq=0 out_seq=0
2024-09-12T02:04:19.774 INFO:teuthology.orchestra.run.smithi090.stdout:/usr/bin/ceph: stderr
2024-09-12T02:04:19.018+0000 7f84ba7fc640 1 -- 172.21.15.90:0/2596905201 <== mon.0 v2:172.21.15.90:3300/0 1 ==== mon_map magic: 0 ==== 205+0+0 (secure 0 0 0) 0x7f84ac037070 con 0x7f84bc107740
2024-09-12T02:04:19.774 INFO:teuthology.orchestra.run.smithi090.stdout:/usr/bin/ceph: stderr
2024-09-12T02:04:19.018+0000 7f84ba7fc640 1 -- 172.21.15.90:0/2596905201 <== mon.0 v2:172.21.15.90:3300/0 2 ==== config(27 keys) ==== 1109+0+0 (secure 0 0 0) 0x7f84ac032900 con 0x7f84bc107740
2024-09-12T02:04:19.774 INFO:teuthology.orchestra.run.smithi090.stdout:/usr/bin/ceph: stderr
2024-09-12T02:04:19.018+0000 7f84ba7fc640 1 -- 172.21.15.90:0/2596905201 <== mon.0 v2:172.21.15.90:3300/0 3 ==== mon_map magic: 0 ==== 205+0+0 (secure 0 0 0) 0x7f84ac030850 con 0x7f84bc107740
2024-09-12T02:04:19.774 INFO:teuthology.orchestra.run.smithi090.stdout:/usr/bin/ceph: stderr
2024-09-12T02:04:19.019+0000 7f84c151b640 1 -- 172.21.15.90:0/2596905201 >> [v2:172.21.15.90:3300/0,v1:172.21.15.90:6789/0] conn(0x7f84bc107740 msgr2=0x7f84bc107b40 secure :-1 s=STATE_CONNECTION_ESTABLISHED l=1).mark_down
2024-09-12T02:04:19.774 INFO:teuthology.orchestra.run.smithi090.stdout:/usr/bin/ceph: stderr
2024-09-12T02:04:19.019+0000 7f84c151b640 1 --2- 172.21.15.90:0/2596905201 >> [v2:172.21.15.90:3300/0,v1:172.21.15.90:6789/0] conn(0x7f84bc107740 0x7f84bc107b40 secure :-1 s=READY pgs=37 cs=0 l=1 rev1=1 crypto rx=0x7f84ac009820 tx=0x7f84ac02a270 comp rx=0 tx=0).stop
2024-09-12T02:04:19.774 INFO:teuthology.orchestra.run.smithi090.stdout:/usr/bin/ceph: stderr
2024-09-12T02:04:19.019+0000 7f84c151b640 1 -- 172.21.15.90:0/2596905201 shutdown_connections
2024-09-12T02:04:19.774 INFO:teuthology.orchestra.run.smithi090.stdout:/usr/bin/ceph: stderr
2024-09-12T02:04:19.019+0000 7f84c151b640 1 --2- 172.21.15.90:0/2596905201 >> [v2:172.21.15.90:3300/0,v1:172.21.15.90:6789/0] conn(0x7f84bc107740 0x7f84bc107b40 unknown :-1 s=CLOSED pgs=37 cs=0 l=1 rev1=1 crypto rx=0 tx=0 comp rx=0 tx=0).stop
2024-09-12T02:04:19.775 INFO:teuthology.orchestra.run.smithi090.stdout:/usr/bin/ceph: stderr
2024-09-12T02:04:19.019+0000 7f84c151b640 1 -- 172.21.15.90:0/2596905201 >> 172.21.15.90:0/2596905201 conn(0x7f84bc102f10 msgr2=0x7f84bc105330 unknown :-1 s=STATE_NONE l=0).mark_down
2024-09-12T02:04:19.775 INFO:teuthology.orchestra.run.smithi090.stdout:/usr/bin/ceph: stderr
2024-09-12T02:04:19.019+0000 7f84c151b640 1 -- 172.21.15.90:0/2596905201 shutdown_connections
2024-09-12T02:04:19.775 INFO:teuthology.orchestra.run.smithi090.stdout:/usr/bin/ceph: stderr
2024-09-12T02:04:19.019+0000 7f84c151b640 1 -- 172.21.15.90:0/2596905201 wait complete.
2024-09-12T02:04:19.775 INFO:teuthology.orchestra.run.smithi090.stdout:/usr/bin/ceph: stderr
2024-09-12T02:04:19.019+0000 7f84c151b640 1 Processor -- start
2024-09-12T02:04:19.775 INFO:teuthology.orchestra.run.smithi090.stdout:/usr/bin/ceph: stderr
2024-09-12T02:04:19.019+0000 7f84c151b640 1 -- start start
2024-09-12T02:04:19.775 INFO:teuthology.orchestra.run.smithi090.stdout:/usr/bin/ceph: stderr
2024-09-12T02:04:19.019+0000 7f84c151b640 1 --2- >> [v2:172.21.15.90:3300/0,v1:172.21.15.90:6789/0] conn(0x7f84bc107740 0x7f84bc19b680 unknown :-1 s=NONE pgs=0 cs=0 l=1 rev1=0 crypto rx=0 tx=0 comp rx=0 tx=0).connect
2024-09-12T02:04:19.775 INFO:teuthology.orchestra.run.smithi090.stdout:/usr/bin/ceph: stderr
2024-09-12T02:04:19.019+0000 7f84c151b640 1 -- --> [v2:172.21.15.90:3300/0,v1:172.21.15.90:6789/0] -- mon_getmap magic: 0 -- 0x7f84bc10bcf0 con 0x7f84bc107740
2024-09-12T02:04:19.775 INFO:teuthology.orchestra.run.smithi090.stdout:/usr/bin/ceph: stderr
2024-09-12T02:04:19.020+0000 7f84baffd640 1 --2- >> [v2:172.21.15.90:3300/0,v1:172.21.15.90:6789/0] conn(0x7f84bc107740 0x7f84bc19b680 unknown :-1 s=BANNER_CONNECTING pgs=0 cs=0 l=1 rev1=0 crypto rx=0 tx=0 comp rx=0 tx=0)._handle_peer_banner_payload supported=3 required=0
2024-09-12T02:04:19.776 INFO:teuthology.orchestra.run.smithi090.stdout:/usr/bin/ceph: stderr
2024-09-12T02:04:19.020+0000 7f84baffd640 1 --2- >> [v2:172.21.15.90:3300/0,v1:172.21.15.90:6789/0] conn(0x7f84bc107740 0x7f84bc19b680 unknown :-1 s=HELLO_CONNECTING pgs=0 cs=0 l=1 rev1=1 crypto rx=0 tx=0 comp rx=0 tx=0).handle_hello peer v2:172.21.15.90:3300/0 says I am v2:172.21.15.90:52824/0 (socket says 172.21.15.90:52824)
2024-09-12T02:04:19.776 INFO:teuthology.orchestra.run.smithi090.stdout:/usr/bin/ceph: stderr
2024-09-12T02:04:19.020+0000 7f84baffd640 1 -- 172.21.15.90:0/1669631374 learned_addr learned my addr 172.21.15.90:0/1669631374 (peer_addr_for_me v2:172.21.15.90:0/0)
2024-09-12T02:04:19.776 INFO:teuthology.orchestra.run.smithi090.stdout:/usr/bin/ceph: stderr
2024-09-12T02:04:19.020+0000 7f84baffd640 1 -- 172.21.15.90:0/1669631374 --> [v2:172.21.15.90:3300/0,v1:172.21.15.90:6789/0] -- mon_subscribe({config=0+,monmap=0+}) -- 0x7f84bc19bbc0 con 0x7f84bc107740
2024-09-12T02:04:19.776 INFO:teuthology.orchestra.run.smithi090.stdout:/usr/bin/ceph: stderr
2024-09-12T02:04:19.020+0000 7f84baffd640 1 --2- 172.21.15.90:0/1669631374 >> [v2:172.21.15.90:3300/0,v1:172.21.15.90:6789/0] conn(0x7f84bc107740 0x7f84bc19b680 secure :-1 s=READY pgs=38 cs=0 l=1 rev1=1 crypto rx=0x7f84ac0097f0 tx=0x7f84ac030ec0 comp rx=0 tx=0).ready entity=mon.0 client_cookie=0 server_cookie=0 in_seq=0 out_seq=0
2024-09-12T02:04:19.776 INFO:teuthology.orchestra.run.smithi090.stdout:/usr/bin/ceph: stderr
2024-09-12T02:04:19.020+0000 7f84b8ff9640 1 -- 172.21.15.90:0/1669631374 <== mon.0 v2:172.21.15.90:3300/0 1 ==== mon_map magic: 0 ==== 205+0+0 (secure 0 0 0) 0x7f84ac042070 con 0x7f84bc107740
2024-09-12T02:04:19.776 INFO:teuthology.orchestra.run.smithi090.stdout:/usr/bin/ceph: stderr
2024-09-12T02:04:19.020+0000 7f84b8ff9640 1 -- 172.21.15.90:0/1669631374 <== mon.0 v2:172.21.15.90:3300/0 2 ==== config(27 keys) ==== 1109+0+0 (secure 0 0 0) 0x7f84ac032ca0 con 0x7f84bc107740
2024-09-12T02:04:19.776 INFO:teuthology.orchestra.run.smithi090.stdout:/usr/bin/ceph: stderr
2024-09-12T02:04:19.020+0000 7f84c151b640 1 -- 172.21.15.90:0/1669631374 --> [v2:172.21.15.90:3300/0,v1:172.21.15.90:6789/0] -- mon_subscribe({mgrmap=0+}) -- 0x7f84bc19be50 con 0x7f84bc107740
2024-09-12T02:04:19.777 INFO:teuthology.orchestra.run.smithi090.stdout:/usr/bin/ceph: stderr
2024-09-12T02:04:19.020+0000 7f84b8ff9640 1 -- 172.21.15.90:0/1669631374 <== mon.0 v2:172.21.15.90:3300/0 3 ==== mon_map magic: 0 ==== 205+0+0 (secure 0 0 0) 0x7f84ac037040 con 0x7f84bc107740
2024-09-12T02:04:19.777 INFO:teuthology.orchestra.run.smithi090.stdout:/usr/bin/ceph: stderr
2024-09-12T02:04:19.020+0000 7f84c151b640 1 -- 172.21.15.90:0/1669631374 --> [v2:172.21.15.90:3300/0,v1:172.21.15.90:6789/0] -- mon_subscribe({osdmap=0}) -- 0x7f84bc19eb40 con 0x7f84bc107740
2024-09-12T02:04:19.777 INFO:teuthology.orchestra.run.smithi090.stdout:/usr/bin/ceph: stderr
2024-09-12T02:04:19.021+0000 7f84b8ff9640 1 -- 172.21.15.90:0/1669631374 <== mon.0 v2:172.21.15.90:3300/0 4 ==== mgrmap(e 8) ==== 46287+0+0 (secure 0 0 0) 0x7f84ac045070 con 0x7f84bc107740
2024-09-12T02:04:19.777 INFO:teuthology.orchestra.run.smithi090.stdout:/usr/bin/ceph: stderr
2024-09-12T02:04:19.021+0000 7f84c151b640 1 -- 172.21.15.90:0/1669631374 --> [v2:172.21.15.90:3300/0,v1:172.21.15.90:6789/0] -- mon_command({"prefix": "get_command_descriptions"} v 0) -- 0x7f84bc107bc0 con 0x7f84bc107740
2024-09-12T02:04:19.777 INFO:teuthology.orchestra.run.smithi090.stdout:/usr/bin/ceph: stderr
2024-09-12T02:04:19.021+0000 7f84b8ff9640 1 --2- 172.21.15.90:0/1669631374 >> [v2:172.21.15.90:6800/2017532573,v1:172.21.15.90:6801/2017532573] conn(0x7f84a8038f70 0x7f84a803b430 unknown :-1 s=NONE pgs=0 cs=0 l=1 rev1=0 crypto rx=0 tx=0 comp rx=0 tx=0).connect
2024-09-12T02:04:19.777 INFO:teuthology.orchestra.run.smithi090.stdout:/usr/bin/ceph: stderr
2024-09-12T02:04:19.021+0000 7f84b8ff9640 1 -- 172.21.15.90:0/1669631374 <== mon.0 v2:172.21.15.90:3300/0 5 ==== osd_map(2..2 src has 1..2) ==== 940+0+0 (secure 0 0 0) 0x7f84ac06beb0 con 0x7f84bc107740
2024-09-12T02:04:19.777 INFO:teuthology.orchestra.run.smithi090.stdout:/usr/bin/ceph: stderr
2024-09-12T02:04:19.021+0000 7f84b3fff640 1 --2- 172.21.15.90:0/1669631374 >> [v2:172.21.15.90:6800/2017532573,v1:172.21.15.90:6801/2017532573] conn(0x7f84a8038f70 0x7f84a803b430 unknown :-1 s=BANNER_CONNECTING pgs=0 cs=0 l=1 rev1=0 crypto rx=0 tx=0 comp rx=0 tx=0)._handle_peer_banner_payload supported=3 required=0
2024-09-12T02:04:19.777 INFO:teuthology.orchestra.run.smithi090.stdout:/usr/bin/ceph: stderr
2024-09-12T02:04:19.022+0000 7f84b3fff640 1 --2- 172.21.15.90:0/1669631374 >> [v2:172.21.15.90:6800/2017532573,v1:172.21.15.90:6801/2017532573] conn(0x7f84a8038f70 0x7f84a803b430 secure :-1 s=READY pgs=8 cs=0 l=1 rev1=1 crypto rx=0x7f84a40098c0 tx=0x7f84a4006db0 comp rx=0 tx=0).ready entity=mgr.14118 client_cookie=0 server_cookie=0 in_seq=0 out_seq=0
2024-09-12T02:04:19.778 INFO:teuthology.orchestra.run.smithi090.stdout:/usr/bin/ceph: stderr
2024-09-12T02:04:19.026+0000 7f84b8ff9640 1 -- 172.21.15.90:0/1669631374 <== mon.0 v2:172.21.15.90:3300/0 6 ==== mon_command_ack([{"prefix": "get_command_descriptions"}]=0 v0) ==== 72+0+188821 (secure 0 0 0) 0x7f84ac04b170 con 0x7f84bc107740
2024-09-12T02:04:19.778 INFO:teuthology.orchestra.run.smithi090.stdout:/usr/bin/ceph: stderr
2024-09-12T02:04:19.192+0000 7f84c151b640 1 -- 172.21.15.90:0/1669631374 --> [v2:172.21.15.90:6800/2017532573,v1:172.21.15.90:6801/2017532573] -- mgr_command(tid 0: {"prefix": "cephadm set-user", "user": "root", "target": ["mon-mgr", ""]}) -- 0x7f84bc104190 con 0x7f84a8038f70
2024-09-12T02:04:19.778 INFO:teuthology.orchestra.run.smithi090.stdout:/usr/bin/ceph: stderr
2024-09-12T02:04:19.192+0000 7f84b8ff9640 1 -- 172.21.15.90:0/1669631374 <== mgr.14118 v2:172.21.15.90:6800/2017532573 1 ==== mgr_command_reply(tid 0: 0 ) ==== 8+0+16 (secure 0 0 0) 0x7f84bc104190 con 0x7f84a8038f70
2024-09-12T02:04:19.778 INFO:teuthology.orchestra.run.smithi090.stdout:/usr/bin/ceph: stderr
2024-09-12T02:04:19.194+0000 7f84c151b640 1 -- 172.21.15.90:0/1669631374 >> [v2:172.21.15.90:6800/2017532573,v1:172.21.15.90:6801/2017532573] conn(0x7f84a8038f70 msgr2=0x7f84a803b430 secure :-1 s=STATE_CONNECTION_ESTABLISHED l=1).mark_down
2024-09-12T02:04:19.778 INFO:teuthology.orchestra.run.smithi090.stdout:/usr/bin/ceph: stderr
2024-09-12T02:04:19.194+0000 7f84c151b640 1 --2- 172.21.15.90:0/1669631374 >> [v2:172.21.15.90:6800/2017532573,v1:172.21.15.90:6801/2017532573] conn(0x7f84a8038f70 0x7f84a803b430 secure :-1 s=READY pgs=8 cs=0 l=1 rev1=1 crypto rx=0x7f84a40098c0 tx=0x7f84a4006db0 comp rx=0 tx=0).stop
2024-09-12T02:04:19.778 INFO:teuthology.orchestra.run.smithi090.stdout:/usr/bin/ceph: stderr
2024-09-12T02:04:19.194+0000 7f84c151b640 1 -- 172.21.15.90:0/1669631374 >> [v2:172.21.15.90:3300/0,v1:172.21.15.90:6789/0] conn(0x7f84bc107740 msgr2=0x7f84bc19b680 secure :-1 s=STATE_CONNECTION_ESTABLISHED l=1).mark_down
2024-09-12T02:04:19.779 INFO:teuthology.orchestra.run.smithi090.stdout:/usr/bin/ceph: stderr
2024-09-12T02:04:19.194+0000 7f84c151b640 1 --2- 172.21.15.90:0/1669631374 >> [v2:172.21.15.90:3300/0,v1:172.21.15.90:6789/0] conn(0x7f84bc107740 0x7f84bc19b680 secure :-1 s=READY pgs=38 cs=0 l=1 rev1=1 crypto rx=0x7f84ac0097f0 tx=0x7f84ac030ec0 comp rx=0 tx=0).stop
2024-09-12T02:04:19.779 INFO:teuthology.orchestra.run.smithi090.stdout:/usr/bin/ceph: stderr
2024-09-12T02:04:19.194+0000 7f84c151b640 1 -- 172.21.15.90:0/1669631374 shutdown_connections
2024-09-12T02:04:19.779 INFO:teuthology.orchestra.run.smithi090.stdout:/usr/bin/ceph: stderr
2024-09-12T02:04:19.194+0000 7f84c151b640 1 --2- 172.21.15.90:0/1669631374 >> [v2:172.21.15.90:6800/2017532573,v1:172.21.15.90:6801/2017532573] conn(0x7f84a8038f70 0x7f84a803b430 unknown :-1 s=CLOSED pgs=8 cs=0 l=1 rev1=1 crypto rx=0 tx=0 comp rx=0 tx=0).stop
2024-09-12T02:04:19.779 INFO:teuthology.orchestra.run.smithi090.stdout:/usr/bin/ceph: stderr
2024-09-12T02:04:19.194+0000 7f84c151b640 1 --2- 172.21.15.90:0/1669631374 >> [v2:172.21.15.90:3300/0,v1:172.21.15.90:6789/0] conn(0x7f84bc107740 0x7f84bc19b680 unknown :-1 s=CLOSED pgs=38 cs=0 l=1 rev1=1 crypto rx=0 tx=0 comp rx=0 tx=0).stop
2024-09-12T02:04:19.779 INFO:teuthology.orchestra.run.smithi090.stdout:/usr/bin/ceph: stderr
2024-09-12T02:04:19.194+0000 7f84c151b640 1 -- 172.21.15.90:0/1669631374 >> 172.21.15.90:0/1669631374 conn(0x7f84bc102f10 msgr2=0x7f84bc103a80 unknown :-1 s=STATE_NONE l=0).mark_down
2024-09-12T02:04:19.779 INFO:teuthology.orchestra.run.smithi090.stdout:/usr/bin/ceph: stderr
2024-09-12T02:04:19.194+0000 7f84c151b640 1 -- 172.21.15.90:0/1669631374 shutdown_connections
2024-09-12T02:04:19.779 INFO:teuthology.orchestra.run.smithi090.stdout:/usr/bin/ceph: stderr
2024-09-12T02:04:19.194+0000 7f84c151b640 1 -- 172.21.15.90:0/1669631374 wait complete.
2024-09-12T02:04:19.779 INFO:teuthology.orchestra.run.smithi090.stdout:Generating ssh key...
2024-09-12T02:04:20.324 INFO:journalctl@ceph.mon.a.smithi090.stdout:Sep 12 02:04:20 smithi090 ceph-mon[30959]: from='client.14132 -' entity='client.admin' cmd=[{"prefix": "cephadm set-user", "user": "root", "target": ["mon-mgr", ""]}]: dispatch
2024-09-12T02:04:20.778 INFO:journalctl@ceph.mgr.x.smithi090.stdout:Sep 12 02:04:20 smithi090 ceph-1a8af08a-70ab-11ef-bcea-c7b262605968-mgr-x[31191]: Generating public/private rsa key pair.
2024-09-12T02:04:20.778 INFO:journalctl@ceph.mgr.x.smithi090.stdout:Sep 12 02:04:20 smithi090 ceph-1a8af08a-70ab-11ef-bcea-c7b262605968-mgr-x[31191]: Your identification has been saved in /tmp/tmplmx6pfjx/key
2024-09-12T02:04:20.778 INFO:journalctl@ceph.mgr.x.smithi090.stdout:Sep 12 02:04:20 smithi090 ceph-1a8af08a-70ab-11ef-bcea-c7b262605968-mgr-x[31191]: Your public key has been saved in /tmp/tmplmx6pfjx/key.pub
2024-09-12T02:04:20.778 INFO:journalctl@ceph.mgr.x.smithi090.stdout:Sep 12 02:04:20 smithi090 ceph-1a8af08a-70ab-11ef-bcea-c7b262605968-mgr-x[31191]: The key fingerprint is:
2024-09-12T02:04:20.778 INFO:journalctl@ceph.mgr.x.smithi090.stdout:Sep 12 02:04:20 smithi090 ceph-1a8af08a-70ab-11ef-bcea-c7b262605968-mgr-x[31191]: SHA256:XWl8jc43b65AemSSWG5xy+AwKvkDNfDM7wQ655D8S7g ceph-1a8af08a-70ab-11ef-bcea-c7b262605968
2024-09-12T02:04:20.778 INFO:journalctl@ceph.mgr.x.smithi090.stdout:Sep 12 02:04:20 smithi090 ceph-1a8af08a-70ab-11ef-bcea-c7b262605968-mgr-x[31191]: The key's randomart image is:
2024-09-12T02:04:20.778 INFO:journalctl@ceph.mgr.x.smithi090.stdout:Sep 12 02:04:20 smithi090 ceph-1a8af08a-70ab-11ef-bcea-c7b262605968-mgr-x[31191]: +---[RSA 3072]----+
2024-09-12T02:04:20.778 INFO:journalctl@ceph.mgr.x.smithi090.stdout:Sep 12 02:04:20 smithi090 ceph-1a8af08a-70ab-11ef-bcea-c7b262605968-mgr-x[31191]: | . |
2024-09-12T02:04:20.778 INFO:journalctl@ceph.mgr.x.smithi090.stdout:Sep 12 02:04:20 smithi090 ceph-1a8af08a-70ab-11ef-bcea-c7b262605968-mgr-x[31191]: | = . . o |
2024-09-12T02:04:20.779 INFO:journalctl@ceph.mgr.x.smithi090.stdout:Sep 12 02:04:20 smithi090 ceph-1a8af08a-70ab-11ef-bcea-c7b262605968-mgr-x[31191]: | B o + * o .|
2024-09-12T02:04:20.779 INFO:journalctl@ceph.mgr.x.smithi090.stdout:Sep 12 02:04:20 smithi090 ceph-1a8af08a-70ab-11ef-bcea-c7b262605968-mgr-x[31191]: | . = = O O = |
2024-09-12T02:04:20.779 INFO:journalctl@ceph.mgr.x.smithi090.stdout:Sep 12 02:04:20 smithi090 ceph-1a8af08a-70ab-11ef-bcea-c7b262605968-mgr-x[31191]: | X o S B * o..|
2024-09-12T02:04:20.779 INFO:journalctl@ceph.mgr.x.smithi090.stdout:Sep 12 02:04:20 smithi090 ceph-1a8af08a-70ab-11ef-bcea-c7b262605968-mgr-x[31191]: | @ o . * .o|
2024-09-12T02:04:20.779 INFO:journalctl@ceph.mgr.x.smithi090.stdout:Sep 12 02:04:20 smithi090 ceph-1a8af08a-70ab-11ef-bcea-c7b262605968-mgr-x[31191]: | . * . . o o|
2024-09-12T02:04:20.779 INFO:journalctl@ceph.mgr.x.smithi090.stdout:Sep 12 02:04:20 smithi090 ceph-1a8af08a-70ab-11ef-bcea-c7b262605968-mgr-x[31191]: | o o . . o |
2024-09-12T02:04:20.779 INFO:journalctl@ceph.mgr.x.smithi090.stdout:Sep 12 02:04:20 smithi090 ceph-1a8af08a-70ab-11ef-bcea-c7b262605968-mgr-x[31191]: | E . ...|
2024-09-12T02:04:20.779 INFO:journalctl@ceph.mgr.x.smithi090.stdout:Sep 12 02:04:20 smithi090 ceph-1a8af08a-70ab-11ef-bcea-c7b262605968-mgr-x[31191]: +----[SHA256]-----+
2024-09-12T02:04:21.077 INFO:teuthology.orchestra.run.smithi090.stdout:/usr/bin/ceph: stderr
2024-09-12T02:04:20.145+0000 7f722ede9640 1 Processor -- start
2024-09-12T02:04:21.077 INFO:teuthology.orchestra.run.smithi090.stdout:/usr/bin/ceph: stderr
2024-09-12T02:04:20.145+0000 7f722ede9640 1 -- start start
2024-09-12T02:04:21.077 INFO:teuthology.orchestra.run.smithi090.stdout:/usr/bin/ceph: stderr
2024-09-12T02:04:20.145+0000 7f722ede9640 1 --2- >> [v2:172.21.15.90:3300/0,v1:172.21.15.90:6789/0] conn(0x7f72281076b0 0x7f7228107ab0 unknown :-1 s=NONE pgs=0 cs=0 l=0 rev1=0 crypto rx=0 tx=0 comp rx=0 tx=0).connect
2024-09-12T02:04:21.078 INFO:teuthology.orchestra.run.smithi090.stdout:/usr/bin/ceph: stderr
2024-09-12T02:04:20.145+0000 7f722ede9640 1 -- --> [v2:172.21.15.90:3300/0,v1:172.21.15.90:6789/0] -- mon_getmap magic: 0 -- 0x7f7228108080 con 0x7f72281076b0
2024-09-12T02:04:21.078 INFO:teuthology.orchestra.run.smithi090.stdout:/usr/bin/ceph: stderr
2024-09-12T02:04:20.145+0000 7f722cb85640 1 --2- >> [v2:172.21.15.90:3300/0,v1:172.21.15.90:6789/0] conn(0x7f72281076b0 0x7f7228107ab0 unknown :-1 s=BANNER_CONNECTING pgs=0 cs=0 l=0 rev1=0 crypto rx=0 tx=0 comp rx=0 tx=0)._handle_peer_banner_payload supported=3 required=0
2024-09-12T02:04:21.078 INFO:teuthology.orchestra.run.smithi090.stdout:/usr/bin/ceph: stderr
