2024-09-12T02:09:17.408 INFO:journalctl@ceph.mgr.x.smithi003.stdout:Sep 12 02:09:17 smithi003 ceph-c595fa10-70ab-11ef-bcea-c7b262605968-mgr-x[31701]: Your public key has been saved in /tmp/tmpvsiu604i/key.pub
2024-09-12T02:09:17.408 INFO:journalctl@ceph.mgr.x.smithi003.stdout:Sep 12 02:09:17 smithi003 ceph-c595fa10-70ab-11ef-bcea-c7b262605968-mgr-x[31701]: The key fingerprint is:
2024-09-12T02:09:17.408 INFO:journalctl@ceph.mgr.x.smithi003.stdout:Sep 12 02:09:17 smithi003 ceph-c595fa10-70ab-11ef-bcea-c7b262605968-mgr-x[31701]: SHA256:1jfCwzXQ18DpkFK7y2YwvwJ9l8rB4/oTW+6AtfwgIVQ ceph-c595fa10-70ab-11ef-bcea-c7b262605968
2024-09-12T02:09:17.408 INFO:journalctl@ceph.mgr.x.smithi003.stdout:Sep 12 02:09:17 smithi003 ceph-c595fa10-70ab-11ef-bcea-c7b262605968-mgr-x[31701]: The key's randomart image is:
2024-09-12T02:09:17.408 INFO:journalctl@ceph.mgr.x.smithi003.stdout:Sep 12 02:09:17 smithi003 ceph-c595fa10-70ab-11ef-bcea-c7b262605968-mgr-x[31701]: +---[RSA 3072]----+
2024-09-12T02:09:17.408 INFO:journalctl@ceph.mgr.x.smithi003.stdout:Sep 12 02:09:17 smithi003 ceph-c595fa10-70ab-11ef-bcea-c7b262605968-mgr-x[31701]: | Eo.o.+ |
2024-09-12T02:09:17.408 INFO:journalctl@ceph.mgr.x.smithi003.stdout:Sep 12 02:09:17 smithi003 ceph-c595fa10-70ab-11ef-bcea-c7b262605968-mgr-x[31701]: | ...+.+ .|
2024-09-12T02:09:17.408 INFO:journalctl@ceph.mgr.x.smithi003.stdout:Sep 12 02:09:17 smithi003 ceph-c595fa10-70ab-11ef-bcea-c7b262605968-mgr-x[31701]: | . .++ |
2024-09-12T02:09:17.408 INFO:journalctl@ceph.mgr.x.smithi003.stdout:Sep 12 02:09:17 smithi003 ceph-c595fa10-70ab-11ef-bcea-c7b262605968-mgr-x[31701]: | . + . o. |
2024-09-12T02:09:17.409 INFO:journalctl@ceph.mgr.x.smithi003.stdout:Sep 12 02:09:17 smithi003 ceph-c595fa10-70ab-11ef-bcea-c7b262605968-mgr-x[31701]: | S.X.= . |
2024-09-12T02:09:17.409 INFO:journalctl@ceph.mgr.x.smithi003.stdout:Sep 12 02:09:17 smithi003 ceph-c595fa10-70ab-11ef-bcea-c7b262605968-mgr-x[31701]: | ....&*++ |
2024-09-12T02:09:17.409 INFO:journalctl@ceph.mgr.x.smithi003.stdout:Sep 12 02:09:17 smithi003 ceph-c595fa10-70ab-11ef-bcea-c7b262605968-mgr-x[31701]: | .o+@X |
2024-09-12T02:09:17.409 INFO:journalctl@ceph.mgr.x.smithi003.stdout:Sep 12 02:09:17 smithi003 ceph-c595fa10-70ab-11ef-bcea-c7b262605968-mgr-x[31701]: | .+*=. |
2024-09-12T02:09:17.409 INFO:journalctl@ceph.mgr.x.smithi003.stdout:Sep 12 02:09:17 smithi003 ceph-c595fa10-70ab-11ef-bcea-c7b262605968-mgr-x[31701]: | .+ooo |
2024-09-12T02:09:17.409 INFO:journalctl@ceph.mgr.x.smithi003.stdout:Sep 12 02:09:17 smithi003 ceph-c595fa10-70ab-11ef-bcea-c7b262605968-mgr-x[31701]: +----[SHA256]-----+
2024-09-12T02:09:17.673 INFO:teuthology.orchestra.run.smithi003.stdout:/usr/bin/ceph: stderr
2024-09-12T02:09:16.491+0000 7fc106f29640 1 Processor -- start
2024-09-12T02:09:17.673 INFO:teuthology.orchestra.run.smithi003.stdout:/usr/bin/ceph: stderr
2024-09-12T02:09:16.491+0000 7fc106f29640 1 -- start start
2024-09-12T02:09:17.673 INFO:teuthology.orchestra.run.smithi003.stdout:/usr/bin/ceph: stderr
2024-09-12T02:09:16.491+0000 7fc106f29640 1 --2- >> [v2:172.21.15.3:3300/0,v1:172.21.15.3:6789/0] conn(0x7fc100107780 0x7fc100107b80 unknown :-1 s=NONE pgs=0 cs=0 l=0 rev1=0 crypto rx=0 tx=0 comp rx=0 tx=0).connect
2024-09-12T02:09:17.673 INFO:teuthology.orchestra.run.smithi003.stdout:/usr/bin/ceph: stderr
2024-09-12T02:09:16.491+0000 7fc106f29640 1 -- --> [v2:172.21.15.3:3300/0,v1:172.21.15.3:6789/0] -- mon_getmap magic: 0 -- 0x7fc100108150 con 0x7fc100107780
2024-09-12T02:09:17.674 INFO:teuthology.orchestra.run.smithi003.stdout:/usr/bin/ceph: stderr
2024-09-12T02:09:16.492+0000 7fc104cc5640 1 --2- >> [v2:172.21.15.3:3300/0,v1:172.21.15.3:6789/0] conn(0x7fc100107780 0x7fc100107b80 unknown :-1 s=BANNER_CONNECTING pgs=0 cs=0 l=0 rev1=0 crypto rx=0 tx=0 comp rx=0 tx=0)._handle_peer_banner_payload supported=3 required=0
2024-09-12T02:09:17.674 INFO:teuthology.orchestra.run.smithi003.stdout:/usr/bin/ceph: stderr
2024-09-12T02:09:16.492+0000 7fc104cc5640 1 --2- >> [v2:172.21.15.3:3300/0,v1:172.21.15.3:6789/0] conn(0x7fc100107780 0x7fc100107b80 unknown :-1 s=HELLO_CONNECTING pgs=0 cs=0 l=0 rev1=1 crypto rx=0 tx=0 comp rx=0 tx=0).handle_hello peer v2:172.21.15.3:3300/0 says I am v2:172.21.15.3:48898/0 (socket says 172.21.15.3:48898)
2024-09-12T02:09:17.674 INFO:teuthology.orchestra.run.smithi003.stdout:/usr/bin/ceph: stderr
2024-09-12T02:09:16.492+0000 7fc104cc5640 1 -- 172.21.15.3:0/2026637015 learned_addr learned my addr 172.21.15.3:0/2026637015 (peer_addr_for_me v2:172.21.15.3:0/0)
2024-09-12T02:09:17.674 INFO:teuthology.orchestra.run.smithi003.stdout:/usr/bin/ceph: stderr
2024-09-12T02:09:16.492+0000 7fc104cc5640 1 -- 172.21.15.3:0/2026637015 --> [v2:172.21.15.3:3300/0,v1:172.21.15.3:6789/0] -- mon_subscribe({config=0+,monmap=0+}) -- 0x7fc100108930 con 0x7fc100107780
2024-09-12T02:09:17.674 INFO:teuthology.orchestra.run.smithi003.stdout:/usr/bin/ceph: stderr
2024-09-12T02:09:16.493+0000 7fc104cc5640 1 --2- 172.21.15.3:0/2026637015 >> [v2:172.21.15.3:3300/0,v1:172.21.15.3:6789/0] conn(0x7fc100107780 0x7fc100107b80 secure :-1 s=READY pgs=39 cs=0 l=1 rev1=1 crypto rx=0x7fc0f8009e80 tx=0x7fc0f802a7a0 comp rx=0 tx=0).ready entity=mon.0 client_cookie=7c2da8694262729e server_cookie=0 in_seq=0 out_seq=0
2024-09-12T02:09:17.674 INFO:teuthology.orchestra.run.smithi003.stdout:/usr/bin/ceph: stderr
2024-09-12T02:09:16.493+0000 7fc0ff7fe640 1 -- 172.21.15.3:0/2026637015 <== mon.0 v2:172.21.15.3:3300/0 1 ==== mon_map magic: 0 ==== 205+0+0 (secure 0 0 0) 0x7fc0f8036070 con 0x7fc100107780
2024-09-12T02:09:17.674 INFO:teuthology.orchestra.run.smithi003.stdout:/usr/bin/ceph: stderr
2024-09-12T02:09:16.493+0000 7fc0ff7fe640 1 -- 172.21.15.3:0/2026637015 <== mon.0 v2:172.21.15.3:3300/0 2 ==== config(27 keys) ==== 1109+0+0 (secure 0 0 0) 0x7fc0f80318c0 con 0x7fc100107780
2024-09-12T02:09:17.674 INFO:teuthology.orchestra.run.smithi003.stdout:/usr/bin/ceph: stderr
2024-09-12T02:09:16.493+0000 7fc0ff7fe640 1 -- 172.21.15.3:0/2026637015 <== mon.0 v2:172.21.15.3:3300/0 3 ==== mon_map magic: 0 ==== 205+0+0 (secure 0 0 0) 0x7fc0f8007ab0 con 0x7fc100107780
2024-09-12T02:09:17.674 INFO:teuthology.orchestra.run.smithi003.stdout:/usr/bin/ceph: stderr
2024-09-12T02:09:16.493+0000 7fc106f29640 1 -- 172.21.15.3:0/2026637015 >> [v2:172.21.15.3:3300/0,v1:172.21.15.3:6789/0] conn(0x7fc100107780 msgr2=0x7fc100107b80 secure :-1 s=STATE_CONNECTION_ESTABLISHED l=1).mark_down
2024-09-12T02:09:17.674 INFO:teuthology.orchestra.run.smithi003.stdout:/usr/bin/ceph: stderr
2024-09-12T02:09:16.493+0000 7fc106f29640 1 --2- 172.21.15.3:0/2026637015 >> [v2:172.21.15.3:3300/0,v1:172.21.15.3:6789/0] conn(0x7fc100107780 0x7fc100107b80 secure :-1 s=READY pgs=39 cs=0 l=1 rev1=1 crypto rx=0x7fc0f8009e80 tx=0x7fc0f802a7a0 comp rx=0 tx=0).stop
2024-09-12T02:09:17.674 INFO:teuthology.orchestra.run.smithi003.stdout:/usr/bin/ceph: stderr
2024-09-12T02:09:16.494+0000 7fc106f29640 1 -- 172.21.15.3:0/2026637015 shutdown_connections
2024-09-12T02:09:17.674 INFO:teuthology.orchestra.run.smithi003.stdout:/usr/bin/ceph: stderr
2024-09-12T02:09:16.494+0000 7fc106f29640 1 --2- 172.21.15.3:0/2026637015 >> [v2:172.21.15.3:3300/0,v1:172.21.15.3:6789/0] conn(0x7fc100107780 0x7fc100107b80 unknown :-1 s=CLOSED pgs=39 cs=0 l=1 rev1=1 crypto rx=0 tx=0 comp rx=0 tx=0).stop
2024-09-12T02:09:17.675 INFO:teuthology.orchestra.run.smithi003.stdout:/usr/bin/ceph: stderr
2024-09-12T02:09:16.494+0000 7fc106f29640 1 -- 172.21.15.3:0/2026637015 >> 172.21.15.3:0/2026637015 conn(0x7fc100102f30 msgr2=0x7fc100105350 unknown :-1 s=STATE_NONE l=0).mark_down
2024-09-12T02:09:17.675 INFO:teuthology.orchestra.run.smithi003.stdout:/usr/bin/ceph: stderr
2024-09-12T02:09:16.494+0000 7fc106f29640 1 -- 172.21.15.3:0/2026637015 shutdown_connections
2024-09-12T02:09:17.675 INFO:teuthology.orchestra.run.smithi003.stdout:/usr/bin/ceph: stderr
2024-09-12T02:09:16.494+0000 7fc106f29640 1 -- 172.21.15.3:0/2026637015 wait complete.
2024-09-12T02:09:17.675 INFO:teuthology.orchestra.run.smithi003.stdout:/usr/bin/ceph: stderr
2024-09-12T02:09:16.494+0000 7fc106f29640 1 Processor -- start
2024-09-12T02:09:17.675 INFO:teuthology.orchestra.run.smithi003.stdout:/usr/bin/ceph: stderr
2024-09-12T02:09:16.494+0000 7fc106f29640 1 -- start start
2024-09-12T02:09:17.675 INFO:teuthology.orchestra.run.smithi003.stdout:/usr/bin/ceph: stderr
2024-09-12T02:09:16.494+0000 7fc106f29640 1 --2- >> [v2:172.21.15.3:3300/0,v1:172.21.15.3:6789/0] conn(0x7fc100107780 0x7fc10019d9b0 unknown :-1 s=NONE pgs=0 cs=0 l=1 rev1=0 crypto rx=0 tx=0 comp rx=0 tx=0).connect
2024-09-12T02:09:17.675 INFO:teuthology.orchestra.run.smithi003.stdout:/usr/bin/ceph: stderr
2024-09-12T02:09:16.494+0000 7fc106f29640 1 -- --> [v2:172.21.15.3:3300/0,v1:172.21.15.3:6789/0] -- mon_getmap magic: 0 -- 0x7fc10010bce0 con 0x7fc100107780
2024-09-12T02:09:17.675 INFO:teuthology.orchestra.run.smithi003.stdout:/usr/bin/ceph: stderr
2024-09-12T02:09:16.495+0000 7fc104cc5640 1 --2- >> [v2:172.21.15.3:3300/0,v1:172.21.15.3:6789/0] conn(0x7fc100107780 0x7fc10019d9b0 unknown :-1 s=BANNER_CONNECTING pgs=0 cs=0 l=1 rev1=0 crypto rx=0 tx=0 comp rx=0 tx=0)._handle_peer_banner_payload supported=3 required=0
2024-09-12T02:09:17.675 INFO:teuthology.orchestra.run.smithi003.stdout:/usr/bin/ceph: stderr
2024-09-12T02:09:16.495+0000 7fc104cc5640 1 --2- >> [v2:172.21.15.3:3300/0,v1:172.21.15.3:6789/0] conn(0x7fc100107780 0x7fc10019d9b0 unknown :-1 s=HELLO_CONNECTING pgs=0 cs=0 l=1 rev1=1 crypto rx=0 tx=0 comp rx=0 tx=0).handle_hello peer v2:172.21.15.3:3300/0 says I am v2:172.21.15.3:48912/0 (socket says 172.21.15.3:48912)
2024-09-12T02:09:17.675 INFO:teuthology.orchestra.run.smithi003.stdout:/usr/bin/ceph: stderr
2024-09-12T02:09:16.495+0000 7fc104cc5640 1 -- 172.21.15.3:0/2963091171 learned_addr learned my addr 172.21.15.3:0/2963091171 (peer_addr_for_me v2:172.21.15.3:0/0)
2024-09-12T02:09:17.675 INFO:teuthology.orchestra.run.smithi003.stdout:/usr/bin/ceph: stderr
2024-09-12T02:09:16.495+0000 7fc104cc5640 1 -- 172.21.15.3:0/2963091171 --> [v2:172.21.15.3:3300/0,v1:172.21.15.3:6789/0] -- mon_subscribe({config=0+,monmap=0+}) -- 0x7fc10019def0 con 0x7fc100107780
2024-09-12T02:09:17.675 INFO:teuthology.orchestra.run.smithi003.stdout:/usr/bin/ceph: stderr
2024-09-12T02:09:16.495+0000 7fc104cc5640 1 --2- 172.21.15.3:0/2963091171 >> [v2:172.21.15.3:3300/0,v1:172.21.15.3:6789/0] conn(0x7fc100107780 0x7fc10019d9b0 secure :-1 s=READY pgs=40 cs=0 l=1 rev1=1 crypto rx=0x7fc0f802acc0 tx=0x7fc0f8031ca0 comp rx=0 tx=0).ready entity=mon.0 client_cookie=0 server_cookie=0 in_seq=0 out_seq=0
2024-09-12T02:09:17.676 INFO:teuthology.orchestra.run.smithi003.stdout:/usr/bin/ceph: stderr
2024-09-12T02:09:16.495+0000 7fc0fdffb640 1 -- 172.21.15.3:0/2963091171 <== mon.0 v2:172.21.15.3:3300/0 1 ==== mon_map magic: 0 ==== 205+0+0 (secure 0 0 0) 0x7fc0f8036050 con 0x7fc100107780
2024-09-12T02:09:17.676 INFO:teuthology.orchestra.run.smithi003.stdout:/usr/bin/ceph: stderr
2024-09-12T02:09:16.495+0000 7fc0fdffb640 1 -- 172.21.15.3:0/2963091171 <== mon.0 v2:172.21.15.3:3300/0 2 ==== config(27 keys) ==== 1109+0+0 (secure 0 0 0) 0x7fc0f8037040 con 0x7fc100107780
2024-09-12T02:09:17.676 INFO:teuthology.orchestra.run.smithi003.stdout:/usr/bin/ceph: stderr
2024-09-12T02:09:16.495+0000 7fc0fdffb640 1 -- 172.21.15.3:0/2963091171 <== mon.0 v2:172.21.15.3:3300/0 3 ==== mon_map magic: 0 ==== 205+0+0 (secure 0 0 0) 0x7fc0f803d8c0 con 0x7fc100107780
2024-09-12T02:09:17.676 INFO:teuthology.orchestra.run.smithi003.stdout:/usr/bin/ceph: stderr
2024-09-12T02:09:16.495+0000 7fc106f29640 1 -- 172.21.15.3:0/2963091171 --> [v2:172.21.15.3:3300/0,v1:172.21.15.3:6789/0] -- mon_subscribe({mgrmap=0+}) -- 0x7fc10019e180 con 0x7fc100107780
2024-09-12T02:09:17.676 INFO:teuthology.orchestra.run.smithi003.stdout:/usr/bin/ceph: stderr
2024-09-12T02:09:16.496+0000 7fc106f29640 1 -- 172.21.15.3:0/2963091171 --> [v2:172.21.15.3:3300/0,v1:172.21.15.3:6789/0] -- mon_subscribe({osdmap=0}) -- 0x7fc1001a0e70 con 0x7fc100107780
2024-09-12T02:09:17.676 INFO:teuthology.orchestra.run.smithi003.stdout:/usr/bin/ceph: stderr
2024-09-12T02:09:16.496+0000 7fc0fdffb640 1 -- 172.21.15.3:0/2963091171 <== mon.0 v2:172.21.15.3:3300/0 4 ==== mgrmap(e 8) ==== 46287+0+0 (secure 0 0 0) 0x7fc0f8044020 con 0x7fc100107780
2024-09-12T02:09:17.676 INFO:teuthology.orchestra.run.smithi003.stdout:/usr/bin/ceph: stderr
2024-09-12T02:09:16.497+0000 7fc106f29640 1 -- 172.21.15.3:0/2963091171 --> [v2:172.21.15.3:3300/0,v1:172.21.15.3:6789/0] -- mon_command({"prefix": "get_command_descriptions"} v 0) -- 0x7fc10010be60 con 0x7fc100107780
2024-09-12T02:09:17.676 INFO:teuthology.orchestra.run.smithi003.stdout:/usr/bin/ceph: stderr
2024-09-12T02:09:16.497+0000 7fc0fdffb640 1 --2- 172.21.15.3:0/2963091171 >> [v2:172.21.15.3:6800/1539065682,v1:172.21.15.3:6801/1539065682] conn(0x7fc0ec038fc0 0x7fc0ec03b480 unknown :-1 s=NONE pgs=0 cs=0 l=1 rev1=0 crypto rx=0 tx=0 comp rx=0 tx=0).connect
2024-09-12T02:09:17.676 INFO:teuthology.orchestra.run.smithi003.stdout:/usr/bin/ceph: stderr
2024-09-12T02:09:16.497+0000 7fc0fdffb640 1 -- 172.21.15.3:0/2963091171 <== mon.0 v2:172.21.15.3:3300/0 5 ==== osd_map(2..2 src has 1..2) ==== 940+0+0 (secure 0 0 0) 0x7fc0f8042020 con 0x7fc100107780
2024-09-12T02:09:17.676 INFO:teuthology.orchestra.run.smithi003.stdout:/usr/bin/ceph: stderr
2024-09-12T02:09:16.497+0000 7fc0fffff640 1 --2- 172.21.15.3:0/2963091171 >> [v2:172.21.15.3:6800/1539065682,v1:172.21.15.3:6801/1539065682] conn(0x7fc0ec038fc0 0x7fc0ec03b480 unknown :-1 s=BANNER_CONNECTING pgs=0 cs=0 l=1 rev1=0 crypto rx=0 tx=0 comp rx=0 tx=0)._handle_peer_banner_payload supported=3 required=0
2024-09-12T02:09:17.676 INFO:teuthology.orchestra.run.smithi003.stdout:/usr/bin/ceph: stderr
2024-09-12T02:09:16.497+0000 7fc0fffff640 1 --2- 172.21.15.3:0/2963091171 >> [v2:172.21.15.3:6800/1539065682,v1:172.21.15.3:6801/1539065682] conn(0x7fc0ec038fc0 0x7fc0ec03b480 secure :-1 s=READY pgs=9 cs=0 l=1 rev1=1 crypto rx=0x7fc0e80098c0 tx=0x7fc0e8006db0 comp rx=0 tx=0).ready entity=mgr.14118 client_cookie=0 server_cookie=0 in_seq=0 out_seq=0
2024-09-12T02:09:17.676 INFO:teuthology.orchestra.run.smithi003.stdout:/usr/bin/ceph: stderr
2024-09-12T02:09:16.502+0000 7fc0fdffb640 1 -- 172.21.15.3:0/2963091171 <== mon.0 v2:172.21.15.3:3300/0 6 ==== mon_command_ack([{"prefix": "get_command_descriptions"}]=0 v0) ==== 72+0+188821 (secure 0 0 0) 0x7fc0f804b020 con 0x7fc100107780
2024-09-12T02:09:17.676 INFO:teuthology.orchestra.run.smithi003.stdout:/usr/bin/ceph: stderr
2024-09-12T02:09:16.681+0000 7fc106f29640 1 -- 172.21.15.3:0/2963091171 --> [v2:172.21.15.3:6800/1539065682,v1:172.21.15.3:6801/1539065682] -- mgr_command(tid 0: {"prefix": "cephadm generate-key", "target": ["mon-mgr", ""]}) -- 0x7fc100104160 con 0x7fc0ec038fc0
2024-09-12T02:09:17.677 INFO:teuthology.orchestra.run.smithi003.stdout:/usr/bin/ceph: stderr
2024-09-12T02:09:17.124+0000 7fc0fdffb640 1 -- 172.21.15.3:0/2963091171 <== mgr.14118 v2:172.21.15.3:6800/1539065682 1 ==== mgr_command_reply(tid 0: 0 ) ==== 8+0+0 (secure 0 0 0) 0x7fc100104160 con 0x7fc0ec038fc0
2024-09-12T02:09:17.677 INFO:teuthology.orchestra.run.smithi003.stdout:/usr/bin/ceph: stderr
2024-09-12T02:09:17.127+0000 7fc106f29640 1 -- 172.21.15.3:0/2963091171 >> [v2:172.21.15.3:6800/1539065682,v1:172.21.15.3:6801/1539065682] conn(0x7fc0ec038fc0 msgr2=0x7fc0ec03b480 secure :-1 s=STATE_CONNECTION_ESTABLISHED l=1).mark_down
2024-09-12T02:09:17.677 INFO:teuthology.orchestra.run.smithi003.stdout:/usr/bin/ceph: stderr
2024-09-12T02:09:17.127+0000 7fc106f29640 1 --2- 172.21.15.3:0/2963091171 >> [v2:172.21.15.3:6800/1539065682,v1:172.21.15.3:6801/1539065682] conn(0x7fc0ec038fc0 0x7fc0ec03b480 secure :-1 s=READY pgs=9 cs=0 l=1 rev1=1 crypto rx=0x7fc0e80098c0 tx=0x7fc0e8006db0 comp rx=0 tx=0).stop
2024-09-12T02:09:17.677 INFO:teuthology.orchestra.run.smithi003.stdout:/usr/bin/ceph: stderr
2024-09-12T02:09:17.127+0000 7fc106f29640 1 -- 172.21.15.3:0/2963091171 >> [v2:172.21.15.3:3300/0,v1:172.21.15.3:6789/0] conn(0x7fc100107780 msgr2=0x7fc10019d9b0 secure :-1 s=STATE_CONNECTION_ESTABLISHED l=1).mark_down
2024-09-12T02:09:17.680 INFO:teuthology.orchestra.run.smithi003.stdout:/usr/bin/ceph: stderr
2024-09-12T02:09:17.127+0000 7fc106f29640 1 --2- 172.21.15.3:0/2963091171 >> [v2:172.21.15.3:3300/0,v1:172.21.15.3:6789/0] conn(0x7fc100107780 0x7fc10019d9b0 secure :-1 s=READY pgs=40 cs=0 l=1 rev1=1 crypto rx=0x7fc0f802acc0 tx=0x7fc0f8031ca0 comp rx=0 tx=0).stop
2024-09-12T02:09:17.680 INFO:teuthology.orchestra.run.smithi003.stdout:/usr/bin/ceph: stderr
2024-09-12T02:09:17.127+0000 7fc106f29640 1 -- 172.21.15.3:0/2963091171 shutdown_connections
2024-09-12T02:09:17.680 INFO:teuthology.orchestra.run.smithi003.stdout:/usr/bin/ceph: stderr
2024-09-12T02:09:17.127+0000 7fc106f29640 1 --2- 172.21.15.3:0/2963091171 >> [v2:172.21.15.3:6800/1539065682,v1:172.21.15.3:6801/1539065682] conn(0x7fc0ec038fc0 0x7fc0ec03b480 unknown :-1 s=CLOSED pgs=9 cs=0 l=1 rev1=1 crypto rx=0 tx=0 comp rx=0 tx=0).stop
2024-09-12T02:09:17.681 INFO:teuthology.orchestra.run.smithi003.stdout:/usr/bin/ceph: stderr
2024-09-12T02:09:17.127+0000 7fc106f29640 1 --2- 172.21.15.3:0/2963091171 >> [v2:172.21.15.3:3300/0,v1:172.21.15.3:6789/0] conn(0x7fc100107780 0x7fc10019d9b0 unknown :-1 s=CLOSED pgs=40 cs=0 l=1 rev1=1 crypto rx=0 tx=0 comp rx=0 tx=0).stop
2024-09-12T02:09:17.681 INFO:teuthology.orchestra.run.smithi003.stdout:/usr/bin/ceph: stderr
2024-09-12T02:09:17.127+0000 7fc106f29640 1 -- 172.21.15.3:0/2963091171 >> 172.21.15.3:0/2963091171 conn(0x7fc100102f30 msgr2=0x7fc100103a50 unknown :-1 s=STATE_NONE l=0).mark_down
2024-09-12T02:09:17.681 INFO:teuthology.orchestra.run.smithi003.stdout:/usr/bin/ceph: stderr
2024-09-12T02:09:17.127+0000 7fc106f29640 1 -- 172.21.15.3:0/2963091171 shutdown_connections
2024-09-12T02:09:17.681 INFO:teuthology.orchestra.run.smithi003.stdout:/usr/bin/ceph: stderr
2024-09-12T02:09:17.127+0000 7fc106f29640 1 -- 172.21.15.3:0/2963091171 wait complete.
2024-09-12T02:09:17.968 INFO:journalctl@ceph.mon.a.smithi003.stdout:Sep 12 02:09:17 smithi003 ceph-mon[31476]: from='client.14134 -' entity='client.admin' cmd=[{"prefix": "cephadm generate-key", "target": ["mon-mgr", ""]}]: dispatch
2024-09-12T02:09:17.968 INFO:journalctl@ceph.mon.a.smithi003.stdout:Sep 12 02:09:17 smithi003 ceph-mon[31476]: Generating ssh key...
2024-09-12T02:09:17.968 INFO:journalctl@ceph.mon.a.smithi003.stdout:Sep 12 02:09:17 smithi003 ceph-mon[31476]: from='mgr.14118 172.21.15.3:0/1720640992' entity='mgr.x'
2024-09-12T02:09:17.968 INFO:journalctl@ceph.mon.a.smithi003.stdout:Sep 12 02:09:17 smithi003 ceph-mon[31476]: from='mgr.14118 172.21.15.3:0/1720640992' entity='mgr.x'
2024-09-12T02:09:18.746 INFO:teuthology.orchestra.run.smithi003.stdout:/usr/bin/ceph: stdout ssh-rsa AAAAB3NzaC1yc2EAAAADAQABAAABgQCecC5fQNLpcE1bk4NvDEuNBBAyMt0XeOrIULwezP/hWf7zbDA6RiXSPuwHkck9194i6YtVFRk/YgwOVFdd4AneVJ1mhTmApzhaF9P2ANIt2CzaIMYCKEnizP4ZoCNKm0k0NSZshV/I+UfnWEk9EwwvB/8xKNBppbKvhG/ZxdbqWCwYABoL7IibAnSLOzltr67BABlrVPzdx6dxoNHsCnqmeKBjlpBlKgdLzpq9Sd2D3pWUOnb+HYlWp8nQaFqqcj+wgxRYB7jK7QqgmS9htY0tNnpmrio/nVSkklLrRRkb5CJwF8JMp4WID2ITBkD3qn7vCiCjGxfBpM3SEhVblAlC4kjHSiUNv3GSjsDeqrULeVvmmkOgMSRe6J/UCP8UzKDn/baLjAxgfvE0ptxHH/dTuQTOtziQkqg26l54QQM9dRAixiznrgiqPVLEBCrb+4Bxjo/MB95nXBBeysj/6cYjxNSICsawD4Fh2EqsTBtT+VOo4bvGy9OOgn2OTmMDgjU= ceph-c595fa10-70ab-11ef-bcea-c7b262605968
2024-09-12T02:09:18.746 INFO:teuthology.orchestra.run.smithi003.stdout:/usr/bin/ceph: stderr
2024-09-12T02:09:18.048+0000 7fde6673f640 1 Processor -- start
2024-09-12T02:09:18.746 INFO:teuthology.orchestra.run.smithi003.stdout:/usr/bin/ceph: stderr
2024-09-12T02:09:18.049+0000 7fde6673f640 1 -- start start
2024-09-12T02:09:18.746 INFO:teuthology.orchestra.run.smithi003.stdout:/usr/bin/ceph: stderr
2024-09-12T02:09:18.049+0000 7fde6673f640 1 --2- >> [v2:172.21.15.3:3300/0,v1:172.21.15.3:6789/0] conn(0x7fde60107730 0x7fde60107b30 unknown :-1 s=NONE pgs=0 cs=0 l=0 rev1=0 crypto rx=0 tx=0 comp rx=0 tx=0).connect
2024-09-12T02:09:18.746 INFO:teuthology.orchestra.run.smithi003.stdout:/usr/bin/ceph: stderr
2024-09-12T02:09:18.049+0000 7fde6673f640 1 -- --> [v2:172.21.15.3:3300/0,v1:172.21.15.3:6789/0] -- mon_getmap magic: 0 -- 0x7fde60108100 con 0x7fde60107730
2024-09-12T02:09:18.746 INFO:teuthology.orchestra.run.smithi003.stdout:/usr/bin/ceph: stderr
2024-09-12T02:09:18.049+0000 7fde5ffff640 1 --2- >> [v2:172.21.15.3:3300/0,v1:172.21.15.3:6789/0] conn(0x7fde60107730 0x7fde60107b30 unknown :-1 s=BANNER_CONNECTING pgs=0 cs=0 l=0 rev1=0 crypto rx=0 tx=0 comp rx=0 tx=0)._handle_peer_banner_payload supported=3 required=0
2024-09-12T02:09:18.746 INFO:teuthology.orchestra.run.smithi003.stdout:/usr/bin/ceph: stderr
2024-09-12T02:09:18.049+0000 7fde5ffff640 1 --2- >> [v2:172.21.15.3:3300/0,v1:172.21.15.3:6789/0] conn(0x7fde60107730 0x7fde60107b30 unknown :-1 s=HELLO_CONNECTING pgs=0 cs=0 l=0 rev1=1 crypto rx=0 tx=0 comp rx=0 tx=0).handle_hello peer v2:172.21.15.3:3300/0 says I am v2:172.21.15.3:48928/0 (socket says 172.21.15.3:48928)
2024-09-12T02:09:18.747 INFO:teuthology.orchestra.run.smithi003.stdout:/usr/bin/ceph: stderr
2024-09-12T02:09:18.049+0000 7fde5ffff640 1 -- 172.21.15.3:0/1134359148 learned_addr learned my addr 172.21.15.3:0/1134359148 (peer_addr_for_me v2:172.21.15.3:0/0)
2024-09-12T02:09:18.747 INFO:teuthology.orchestra.run.smithi003.stdout:/usr/bin/ceph: stderr
2024-09-12T02:09:18.049+0000 7fde5ffff640 1 -- 172.21.15.3:0/1134359148 --> [v2:172.21.15.3:3300/0,v1:172.21.15.3:6789/0] -- mon_subscribe({config=0+,monmap=0+}) -- 0x7fde60108930 con 0x7fde60107730
2024-09-12T02:09:18.747 INFO:teuthology.orchestra.run.smithi003.stdout:/usr/bin/ceph: stderr
2024-09-12T02:09:18.050+0000 7fde5ffff640 1 --2- 172.21.15.3:0/1134359148 >> [v2:172.21.15.3:3300/0,v1:172.21.15.3:6789/0] conn(0x7fde60107730 0x7fde60107b30 secure :-1 s=READY pgs=41 cs=0 l=1 rev1=1 crypto rx=0x7fde50009820 tx=0x7fde5002a270 comp rx=0 tx=0).ready entity=mon.0 client_cookie=84f0beec1f4c4820 server_cookie=0 in_seq=0 out_seq=0
2024-09-12T02:09:18.747 INFO:teuthology.orchestra.run.smithi003.stdout:/usr/bin/ceph: stderr
2024-09-12T02:09:18.050+0000 7fde5effd640 1 -- 172.21.15.3:0/1134359148 <== mon.0 v2:172.21.15.3:3300/0 1 ==== mon_map magic: 0 ==== 205+0+0 (secure 0 0 0) 0x7fde50037070 con 0x7fde60107730
2024-09-12T02:09:18.747 INFO:teuthology.orchestra.run.smithi003.stdout:/usr/bin/ceph: stderr
2024-09-12T02:09:18.050+0000 7fde5effd640 1 -- 172.21.15.3:0/1134359148 <== mon.0 v2:172.21.15.3:3300/0 2 ==== config(27 keys) ==== 1109+0+0 (secure 0 0 0) 0x7fde50032900 con 0x7fde60107730
2024-09-12T02:09:18.747 INFO:teuthology.orchestra.run.smithi003.stdout:/usr/bin/ceph: stderr
2024-09-12T02:09:18.050+0000 7fde5effd640 1 -- 172.21.15.3:0/1134359148 <== mon.0 v2:172.21.15.3:3300/0 3 ==== mon_map magic: 0 ==== 205+0+0 (secure 0 0 0) 0x7fde50030850 con 0x7fde60107730
2024-09-12T02:09:18.747 INFO:teuthology.orchestra.run.smithi003.stdout:/usr/bin/ceph: stderr
2024-09-12T02:09:18.051+0000 7fde6673f640 1 -- 172.21.15.3:0/1134359148 >> [v2:172.21.15.3:3300/0,v1:172.21.15.3:6789/0] conn(0x7fde60107730 msgr2=0x7fde60107b30 secure :-1 s=STATE_CONNECTION_ESTABLISHED l=1).mark_down
2024-09-12T02:09:18.747 INFO:teuthology.orchestra.run.smithi003.stdout:/usr/bin/ceph: stderr
2024-09-12T02:09:18.051+0000 7fde6673f640 1 --2- 172.21.15.3:0/1134359148 >> [v2:172.21.15.3:3300/0,v1:172.21.15.3:6789/0] conn(0x7fde60107730 0x7fde60107b30 secure :-1 s=READY pgs=41 cs=0 l=1 rev1=1 crypto rx=0x7fde50009820 tx=0x7fde5002a270 comp rx=0 tx=0).stop
2024-09-12T02:09:18.747 INFO:teuthology.orchestra.run.smithi003.stdout:/usr/bin/ceph: stderr
2024-09-12T02:09:18.051+0000 7fde6673f640 1 -- 172.21.15.3:0/1134359148 shutdown_connections
2024-09-12T02:09:18.747 INFO:teuthology.orchestra.run.smithi003.stdout:/usr/bin/ceph: stderr
2024-09-12T02:09:18.051+0000 7fde6673f640 1 --2- 172.21.15.3:0/1134359148 >> [v2:172.21.15.3:3300/0,v1:172.21.15.3:6789/0] conn(0x7fde60107730 0x7fde60107b30 unknown :-1 s=CLOSED pgs=41 cs=0 l=1 rev1=1 crypto rx=0 tx=0 comp rx=0 tx=0).stop
2024-09-12T02:09:18.747 INFO:teuthology.orchestra.run.smithi003.stdout:/usr/bin/ceph: stderr
2024-09-12T02:09:18.051+0000 7fde6673f640 1 -- 172.21.15.3:0/1134359148 >> 172.21.15.3:0/1134359148 conn(0x7fde60102fa0 msgr2=0x7fde601053c0 unknown :-1 s=STATE_NONE l=0).mark_down
2024-09-12T02:09:18.747 INFO:teuthology.orchestra.run.smithi003.stdout:/usr/bin/ceph: stderr
2024-09-12T02:09:18.051+0000 7fde6673f640 1 -- 172.21.15.3:0/1134359148 shutdown_connections
2024-09-12T02:09:18.748 INFO:teuthology.orchestra.run.smithi003.stdout:/usr/bin/ceph: stderr
2024-09-12T02:09:18.051+0000 7fde6673f640 1 -- 172.21.15.3:0/1134359148 wait complete.
2024-09-12T02:09:18.748 INFO:teuthology.orchestra.run.smithi003.stdout:/usr/bin/ceph: stderr
2024-09-12T02:09:18.051+0000 7fde6673f640 1 Processor -- start
2024-09-12T02:09:18.748 INFO:teuthology.orchestra.run.smithi003.stdout:/usr/bin/ceph: stderr
2024-09-12T02:09:18.051+0000 7fde6673f640 1 -- start start
2024-09-12T02:09:18.748 INFO:teuthology.orchestra.run.smithi003.stdout:/usr/bin/ceph: stderr
2024-09-12T02:09:18.052+0000 7fde6673f640 1 --2- >> [v2:172.21.15.3:3300/0,v1:172.21.15.3:6789/0] conn(0x7fde60107730 0x7fde6019b750 unknown :-1 s=NONE pgs=0 cs=0 l=1 rev1=0 crypto rx=0 tx=0 comp rx=0 tx=0).connect
2024-09-12T02:09:18.748 INFO:teuthology.orchestra.run.smithi003.stdout:/usr/bin/ceph: stderr
2024-09-12T02:09:18.052+0000 7fde6673f640 1 -- --> [v2:172.21.15.3:3300/0,v1:172.21.15.3:6789/0] -- mon_getmap magic: 0 -- 0x7fde6010bce0 con 0x7fde60107730
2024-09-12T02:09:18.748 INFO:teuthology.orchestra.run.smithi003.stdout:/usr/bin/ceph: stderr
2024-09-12T02:09:18.052+0000 7fde5ffff640 1 --2- >> [v2:172.21.15.3:3300/0,v1:172.21.15.3:6789/0] conn(0x7fde60107730 0x7fde6019b750 unknown :-1 s=BANNER_CONNECTING pgs=0 cs=0 l=1 rev1=0 crypto rx=0 tx=0 comp rx=0 tx=0)._handle_peer_banner_payload supported=3 required=0
2024-09-12T02:09:18.748 INFO:teuthology.orchestra.run.smithi003.stdout:/usr/bin/ceph: stderr
2024-09-12T02:09:18.052+0000 7fde5ffff640 1 --2- >> [v2:172.21.15.3:3300/0,v1:172.21.15.3:6789/0] conn(0x7fde60107730 0x7fde6019b750 unknown :-1 s=HELLO_CONNECTING pgs=0 cs=0 l=1 rev1=1 crypto rx=0 tx=0 comp rx=0 tx=0).handle_hello peer v2:172.21.15.3:3300/0 says I am v2:172.21.15.3:48942/0 (socket says 172.21.15.3:48942)
2024-09-12T02:09:18.748 INFO:teuthology.orchestra.run.smithi003.stdout:/usr/bin/ceph: stderr
2024-09-12T02:09:18.052+0000 7fde5ffff640 1 -- 172.21.15.3:0/4242979836 learned_addr learned my addr 172.21.15.3:0/4242979836 (peer_addr_for_me v2:172.21.15.3:0/0)
2024-09-12T02:09:18.748 INFO:teuthology.orchestra.run.smithi003.stdout:/usr/bin/ceph: stderr
2024-09-12T02:09:18.052+0000 7fde5ffff640 1 -- 172.21.15.3:0/4242979836 --> [v2:172.21.15.3:3300/0,v1:172.21.15.3:6789/0] -- mon_subscribe({config=0+,monmap=0+}) -- 0x7fde6019bc90 con 0x7fde60107730
2024-09-12T02:09:18.748 INFO:teuthology.orchestra.run.smithi003.stdout:/usr/bin/ceph: stderr
2024-09-12T02:09:18.052+0000 7fde5ffff640 1 --2- 172.21.15.3:0/4242979836 >> [v2:172.21.15.3:3300/0,v1:172.21.15.3:6789/0] conn(0x7fde60107730 0x7fde6019b750 secure :-1 s=READY pgs=42 cs=0 l=1 rev1=1 crypto rx=0x7fde500097f0 tx=0x7fde50030d80 comp rx=0 tx=0).ready entity=mon.0 client_cookie=0 server_cookie=0 in_seq=0 out_seq=0
2024-09-12T02:09:18.748 INFO:teuthology.orchestra.run.smithi003.stdout:/usr/bin/ceph: stderr
2024-09-12T02:09:18.052+0000 7fde5d7fa640 1 -- 172.21.15.3:0/4242979836 <== mon.0 v2:172.21.15.3:3300/0 1 ==== mon_map magic: 0 ==== 205+0+0 (secure 0 0 0) 0x7fde50037040 con 0x7fde60107730
2024-09-12T02:09:18.748 INFO:teuthology.orchestra.run.smithi003.stdout:/usr/bin/ceph: stderr
2024-09-12T02:09:18.053+0000 7fde5d7fa640 1 -- 172.21.15.3:0/4242979836 <== mon.0 v2:172.21.15.3:3300/0 2 ==== config(27 keys) ==== 1109+0+0 (secure 0 0 0) 0x7fde50040070 con 0x7fde60107730
2024-09-12T02:09:18.748 INFO:teuthology.orchestra.run.smithi003.stdout:/usr/bin/ceph: stderr
2024-09-12T02:09:18.053+0000 7fde5d7fa640 1 -- 172.21.15.3:0/4242979836 <== mon.0 v2:172.21.15.3:3300/0 3 ==== mon_map magic: 0 ==== 205+0+0 (secure 0 0 0) 0x7fde5003a390 con 0x7fde60107730
2024-09-12T02:09:18.748 INFO:teuthology.orchestra.run.smithi003.stdout:/usr/bin/ceph: stderr
2024-09-12T02:09:18.053+0000 7fde6673f640 1 -- 172.21.15.3:0/4242979836 --> [v2:172.21.15.3:3300/0,v1:172.21.15.3:6789/0] -- mon_subscribe({mgrmap=0+}) -- 0x7fde6019bf20 con 0x7fde60107730
2024-09-12T02:09:18.749 INFO:teuthology.orchestra.run.smithi003.stdout:/usr/bin/ceph: stderr
2024-09-12T02:09:18.053+0000 7fde6673f640 1 -- 172.21.15.3:0/4242979836 --> [v2:172.21.15.3:3300/0,v1:172.21.15.3:6789/0] -- mon_subscribe({osdmap=0}) -- 0x7fde6019ec10 con 0x7fde60107730
2024-09-12T02:09:18.749 INFO:teuthology.orchestra.run.smithi003.stdout:/usr/bin/ceph: stderr
2024-09-12T02:09:18.053+0000 7fde5d7fa640 1 -- 172.21.15.3:0/4242979836 <== mon.0 v2:172.21.15.3:3300/0 4 ==== mgrmap(e 8) ==== 46287+0+0 (secure 0 0 0) 0x7fde5003a5e0 con 0x7fde60107730
2024-09-12T02:09:18.749 INFO:teuthology.orchestra.run.smithi003.stdout:/usr/bin/ceph: stderr
2024-09-12T02:09:18.054+0000 7fde6673f640 1 -- 172.21.15.3:0/4242979836 --> [v2:172.21.15.3:3300/0,v1:172.21.15.3:6789/0] -- mon_command({"prefix": "get_command_descriptions"} v 0) -- 0x7fde60107bb0 con 0x7fde60107730
2024-09-12T02:09:18.749 INFO:teuthology.orchestra.run.smithi003.stdout:/usr/bin/ceph: stderr
2024-09-12T02:09:18.054+0000 7fde5d7fa640 1 --2- 172.21.15.3:0/4242979836 >> [v2:172.21.15.3:6800/1539065682,v1:172.21.15.3:6801/1539065682] conn(0x7fde48038fc0 0x7fde4803b480 unknown :-1 s=NONE pgs=0 cs=0 l=1 rev1=0 crypto rx=0 tx=0 comp rx=0 tx=0).connect
2024-09-12T02:09:18.749 INFO:teuthology.orchestra.run.smithi003.stdout:/usr/bin/ceph: stderr
2024-09-12T02:09:18.054+0000 7fde5d7fa640 1 -- 172.21.15.3:0/4242979836 <== mon.0 v2:172.21.15.3:3300/0 5 ==== osd_map(2..2 src has 1..2) ==== 940+0+0 (secure 0 0 0) 0x7fde5006c560 con 0x7fde60107730
2024-09-12T02:09:18.749 INFO:teuthology.orchestra.run.smithi003.stdout:/usr/bin/ceph: stderr
2024-09-12T02:09:18.054+0000 7fde5f7fe640 1 --2- 172.21.15.3:0/4242979836 >> [v2:172.21.15.3:6800/1539065682,v1:172.21.15.3:6801/1539065682] conn(0x7fde48038fc0 0x7fde4803b480 unknown :-1 s=BANNER_CONNECTING pgs=0 cs=0 l=1 rev1=0 crypto rx=0 tx=0 comp rx=0 tx=0)._handle_peer_banner_payload supported=3 required=0
2024-09-12T02:09:18.749 INFO:teuthology.orchestra.run.smithi003.stdout:/usr/bin/ceph: stderr
2024-09-12T02:09:18.054+0000 7fde5f7fe640 1 --2- 172.21.15.3:0/4242979836 >> [v2:172.21.15.3:6800/1539065682,v1:172.21.15.3:6801/1539065682] conn(0x7fde48038fc0 0x7fde4803b480 secure :-1 s=READY pgs=10 cs=0 l=1 rev1=1 crypto rx=0x7fde540098c0 tx=0x7fde54006db0 comp rx=0 tx=0).ready entity=mgr.14118 client_cookie=0 server_cookie=0 in_seq=0 out_seq=0
2024-09-12T02:09:18.749 INFO:teuthology.orchestra.run.smithi003.stdout:/usr/bin/ceph: stderr
2024-09-12T02:09:18.058+0000 7fde5d7fa640 1 -- 172.21.15.3:0/4242979836 <== mon.0 v2:172.21.15.3:3300/0 6 ==== mon_command_ack([{"prefix": "get_command_descriptions"}]=0 v0) ==== 72+0+188821 (secure 0 0 0) 0x7fde50043760 con 0x7fde60107730
2024-09-12T02:09:18.749 INFO:teuthology.orchestra.run.smithi003.stdout:/usr/bin/ceph: stderr
2024-09-12T02:09:18.236+0000 7fde6673f640 1 -- 172.21.15.3:0/4242979836 --> [v2:172.21.15.3:6800/1539065682,v1:172.21.15.3:6801/1539065682] -- mgr_command(tid 0: {"prefix": "cephadm get-pub-key", "target": ["mon-mgr", ""]}) -- 0x7fde60104220 con 0x7fde48038fc0
2024-09-12T02:09:18.749 INFO:teuthology.orchestra.run.smithi003.stdout:/usr/bin/ceph: stderr
2024-09-12T02:09:18.237+0000 7fde5d7fa640 1 -- 172.21.15.3:0/4242979836 <== mgr.14118 v2:172.21.15.3:6800/1539065682 1 ==== mgr_command_reply(tid 0: 0 ) ==== 8+0+595 (secure 0 0 0) 0x7fde60104220 con 0x7fde48038fc0
2024-09-12T02:09:18.749 INFO:teuthology.orchestra.run.smithi003.stdout:/usr/bin/ceph: stderr
2024-09-12T02:09:18.239+0000 7fde6673f640 1 -- 172.21.15.3:0/4242979836 >> [v2:172.21.15.3:6800/1539065682,v1:172.21.15.3:6801/1539065682] conn(0x7fde48038fc0 msgr2=0x7fde4803b480 secure :-1 s=STATE_CONNECTION_ESTABLISHED l=1).mark_down
2024-09-12T02:09:18.749 INFO:teuthology.orchestra.run.smithi003.stdout:/usr/bin/ceph: stderr
2024-09-12T02:09:18.239+0000 7fde6673f640 1 --2- 172.21.15.3:0/4242979836 >> [v2:172.21.15.3:6800/1539065682,v1:172.21.15.3:6801/1539065682] conn(0x7fde48038fc0 0x7fde4803b480 secure :-1 s=READY pgs=10 cs=0 l=1 rev1=1 crypto rx=0x7fde540098c0 tx=0x7fde54006db0 comp rx=0 tx=0).stop
2024-09-12T02:09:18.750 INFO:teuthology.orchestra.run.smithi003.stdout:/usr/bin/ceph: stderr
2024-09-12T02:09:18.239+0000 7fde6673f640 1 -- 172.21.15.3:0/4242979836 >> [v2:172.21.15.3:3300/0,v1:172.21.15.3:6789/0] conn(0x7fde60107730 msgr2=0x7fde6019b750 secure :-1 s=STATE_CONNECTION_ESTABLISHED l=1).mark_down
2024-09-12T02:09:18.750 INFO:teuthology.orchestra.run.smithi003.stdout:/usr/bin/ceph: stderr
2024-09-12T02:09:18.239+0000 7fde6673f640 1 --2- 172.21.15.3:0/4242979836 >> [v2:172.21.15.3:3300/0,v1:172.21.15.3:6789/0] conn(0x7fde60107730 0x7fde6019b750 secure :-1 s=READY pgs=42 cs=0 l=1 rev1=1 crypto rx=0x7fde500097f0 tx=0x7fde50030d80 comp rx=0 tx=0).stop
2024-09-12T02:09:18.750 INFO:teuthology.orchestra.run.smithi003.stdout:/usr/bin/ceph: stderr
2024-09-12T02:09:18.239+0000 7fde6673f640 1 -- 172.21.15.3:0/4242979836 shutdown_connections
2024-09-12T02:09:18.750 INFO:teuthology.orchestra.run.smithi003.stdout:/usr/bin/ceph: stderr
2024-09-12T02:09:18.239+0000 7fde6673f640 1 --2- 172.21.15.3:0/4242979836 >> [v2:172.21.15.3:6800/1539065682,v1:172.21.15.3:6801/1539065682] conn(0x7fde48038fc0 0x7fde4803b480 unknown :-1 s=CLOSED pgs=10 cs=0 l=1 rev1=1 crypto rx=0 tx=0 comp rx=0 tx=0).stop
2024-09-12T02:09:18.750 INFO:teuthology.orchestra.run.smithi003.stdout:/usr/bin/ceph: stderr
2024-09-12T02:09:18.239+0000 7fde6673f640 1 --2- 172.21.15.3:0/4242979836 >> [v2:172.21.15.3:3300/0,v1:172.21.15.3:6789/0] conn(0x7fde60107730 0x7fde6019b750 unknown :-1 s=CLOSED pgs=42 cs=0 l=1 rev1=1 crypto rx=0 tx=0 comp rx=0 tx=0).stop
2024-09-12T02:09:18.750 INFO:teuthology.orchestra.run.smithi003.stdout:/usr/bin/ceph: stderr
2024-09-12T02:09:18.239+0000 7fde6673f640 1 -- 172.21.15.3:0/4242979836 >> 172.21.15.3:0/4242979836 conn(0x7fde60102fa0 msgr2=0x7fde60103b10 unknown :-1 s=STATE_NONE l=0).mark_down
2024-09-12T02:09:18.750 INFO:teuthology.orchestra.run.smithi003.stdout:/usr/bin/ceph: stderr
2024-09-12T02:09:18.239+0000 7fde6673f640 1 -- 172.21.15.3:0/4242979836 shutdown_connections
2024-09-12T02:09:18.750 INFO:teuthology.orchestra.run.smithi003.stdout:/usr/bin/ceph: stderr
2024-09-12T02:09:18.239+0000 7fde6673f640 1 -- 172.21.15.3:0/4242979836 wait complete.
2024-09-12T02:09:18.750 INFO:teuthology.orchestra.run.smithi003.stdout:Wrote public SSH key to /home/ubuntu/cephtest/ceph.pub
2024-09-12T02:09:18.750 INFO:teuthology.orchestra.run.smithi003.stdout:Adding key to root@localhost authorized_keys...
2024-09-12T02:09:18.751 INFO:teuthology.orchestra.run.smithi003.stdout:Adding host smithi003...
2024-09-12T02:09:19.339 INFO:journalctl@ceph.mon.a.smithi003.stdout:Sep 12 02:09:19 smithi003 ceph-mon[31476]: from='client.14136 -' entity='client.admin' cmd=[{"prefix": "cephadm get-pub-key", "target": ["mon-mgr", ""]}]: dispatch
2024-09-12T02:09:20.359 INFO:journalctl@ceph.mon.a.smithi003.stdout:Sep 12 02:09:20 smithi003 ceph-mon[31476]: from='client.14138 -' entity='client.admin' cmd=[{"prefix": "orch host add", "hostname": "smithi003", "addr": "172.21.15.3", "target": ["mon-mgr", ""]}]: dispatch
2024-09-12T02:09:21.262 INFO:journalctl@ceph.mon.a.smithi003.stdout:Sep 12 02:09:21 smithi003 ceph-mon[31476]: Deploying cephadm binary to smithi003
2024-09-12T02:09:23.779 INFO:teuthology.orchestra.run.smithi003.stdout:/usr/bin/ceph: stdout Added host 'smithi003' with addr '172.21.15.3'
2024-09-12T02:09:23.779 INFO:teuthology.orchestra.run.smithi003.stdout:/usr/bin/ceph: stderr
2024-09-12T02:09:19.150+0000 7f2c5cdcb640 1 Processor -- start
2024-09-12T02:09:23.780 INFO:teuthology.orchestra.run.smithi003.stdout:/usr/bin/ceph: stderr
2024-09-12T02:09:19.150+0000 7f2c5cdcb640 1 -- start start
2024-09-12T02:09:23.780 INFO:teuthology.orchestra.run.smithi003.stdout:/usr/bin/ceph: stderr
2024-09-12T02:09:19.150+0000 7f2c5cdcb640 1 --2- >> [v2:172.21.15.3:3300/0,v1:172.21.15.3:6789/0] conn(0x7f2c58107760 0x7f2c58107b60 unknown :-1 s=NONE pgs=0 cs=0 l=0 rev1=0 crypto rx=0 tx=0 comp rx=0 tx=0).connect
2024-09-12T02:09:23.780 INFO:teuthology.orchestra.run.smithi003.stdout:/usr/bin/ceph: stderr
2024-09-12T02:09:19.150+0000 7f2c5cdcb640 1 -- --> [v2:172.21.15.3:3300/0,v1:172.21.15.3:6789/0] -- mon_getmap magic: 0 -- 0x7f2c58108130 con 0x7f2c58107760
2024-09-12T02:09:23.780 INFO:teuthology.orchestra.run.smithi003.stdout:/usr/bin/ceph: stderr
2024-09-12T02:09:19.150+0000 7f2c5659c640 1 --2- >> [v2:172.21.15.3:3300/0,v1:172.21.15.3:6789/0] conn(0x7f2c58107760 0x7f2c58107b60 unknown :-1 s=BANNER_CONNECTING pgs=0 cs=0 l=0 rev1=0 crypto rx=0 tx=0 comp rx=0 tx=0)._handle_peer_banner_payload supported=3 required=0
2024-09-12T02:09:23.780 INFO:teuthology.orchestra.run.smithi003.stdout:/usr/bin/ceph: stderr
2024-09-12T02:09:19.150+0000 7f2c5659c640 1 --2- >> [v2:172.21.15.3:3300/0,v1:172.21.15.3:6789/0] conn(0x7f2c58107760 0x7f2c58107b60 unknown :-1 s=HELLO_CONNECTING pgs=0 cs=0 l=0 rev1=1 crypto rx=0 tx=0 comp rx=0 tx=0).handle_hello peer v2:172.21.15.3:3300/0 says I am v2:172.21.15.3:36354/0 (socket says 172.21.15.3:36354)
2024-09-12T02:09:23.780 INFO:teuthology.orchestra.run.smithi003.stdout:/usr/bin/ceph: stderr
2024-09-12T02:09:19.151+0000 7f2c5659c640 1 -- 172.21.15.3:0/1720833721 learned_addr learned my addr 172.21.15.3:0/1720833721 (peer_addr_for_me v2:172.21.15.3:0/0)
2024-09-12T02:09:23.780 INFO:teuthology.orchestra.run.smithi003.stdout:/usr/bin/ceph: stderr
2024-09-12T02:09:19.151+0000 7f2c5659c640 1 -- 172.21.15.3:0/1720833721 --> [v2:172.21.15.3:3300/0,v1:172.21.15.3:6789/0] -- mon_subscribe({config=0+,monmap=0+}) -- 0x7f2c58108960 con 0x7f2c58107760
2024-09-12T02:09:23.780 INFO:teuthology.orchestra.run.smithi003.stdout:/usr/bin/ceph: stderr
2024-09-12T02:09:19.152+0000 7f2c5659c640 1 --2- 172.21.15.3:0/1720833721 >> [v2:172.21.15.3:3300/0,v1:172.21.15.3:6789/0] conn(0x7f2c58107760 0x7f2c58107b60 secure :-1 s=READY pgs=43 cs=0 l=1 rev1=1 crypto rx=0x7f2c48009820 tx=0x7f2c4802a270 comp rx=0 tx=0).ready entity=mon.0 client_cookie=48b8be7e0ee2db9d server_cookie=0 in_seq=0 out_seq=0
2024-09-12T02:09:23.780 INFO:teuthology.orchestra.run.smithi003.stdout:/usr/bin/ceph: stderr
2024-09-12T02:09:19.152+0000 7f2c55d9b640 1 -- 172.21.15.3:0/1720833721 <== mon.0 v2:172.21.15.3:3300/0 1 ==== mon_map magic: 0 ==== 205+0+0 (secure 0 0 0) 0x7f2c48037070 con 0x7f2c58107760
2024-09-12T02:09:23.780 INFO:teuthology.orchestra.run.smithi003.stdout:/usr/bin/ceph: stderr
2024-09-12T02:09:19.152+0000 7f2c55d9b640 1 -- 172.21.15.3:0/1720833721 <== mon.0 v2:172.21.15.3:3300/0 2 ==== config(27 keys) ==== 1109+0+0 (secure 0 0 0) 0x7f2c48032900 con 0x7f2c58107760
2024-09-12T02:09:23.780 INFO:teuthology.orchestra.run.smithi003.stdout:/usr/bin/ceph: stderr
2024-09-12T02:09:19.152+0000 7f2c55d9b640 1 -- 172.21.15.3:0/1720833721 <== mon.0 v2:172.21.15.3:3300/0 3 ==== mon_map magic: 0 ==== 205+0+0 (secure 0 0 0) 0x7f2c48030850 con 0x7f2c58107760
2024-09-12T02:09:23.780 INFO:teuthology.orchestra.run.smithi003.stdout:/usr/bin/ceph: stderr
2024-09-12T02:09:19.152+0000 7f2c5cdcb640 1 -- 172.21.15.3:0/1720833721 >> [v2:172.21.15.3:3300/0,v1:172.21.15.3:6789/0] conn(0x7f2c58107760 msgr2=0x7f2c58107b60 secure :-1 s=STATE_CONNECTION_ESTABLISHED l=1).mark_down
2024-09-12T02:09:23.781 INFO:teuthology.orchestra.run.smithi003.stdout:/usr/bin/ceph: stderr
2024-09-12T02:09:19.152+0000 7f2c5cdcb640 1 --2- 172.21.15.3:0/1720833721 >> [v2:172.21.15.3:3300/0,v1:172.21.15.3:6789/0] conn(0x7f2c58107760 0x7f2c58107b60 secure :-1 s=READY pgs=43 cs=0 l=1 rev1=1 crypto rx=0x7f2c48009820 tx=0x7f2c4802a270 comp rx=0 tx=0).stop
2024-09-12T02:09:23.781 INFO:teuthology.orchestra.run.smithi003.stdout:/usr/bin/ceph: stderr
2024-09-12T02:09:19.152+0000 7f2c5cdcb640 1 -- 172.21.15.3:0/1720833721 shutdown_connections
2024-09-12T02:09:23.781 INFO:teuthology.orchestra.run.smithi003.stdout:/usr/bin/ceph: stderr
2024-09-12T02:09:19.152+0000 7f2c5cdcb640 1 --2- 172.21.15.3:0/1720833721 >> [v2:172.21.15.3:3300/0,v1:172.21.15.3:6789/0] conn(0x7f2c58107760 0x7f2c58107b60 unknown :-1 s=CLOSED pgs=43 cs=0 l=1 rev1=1 crypto rx=0 tx=0 comp rx=0 tx=0).stop
2024-09-12T02:09:23.781 INFO:teuthology.orchestra.run.smithi003.stdout:/usr/bin/ceph: stderr
2024-09-12T02:09:19.153+0000 7f2c5cdcb640 1 -- 172.21.15.3:0/1720833721 >> 172.21.15.3:0/1720833721 conn(0x7f2c58102ff0 msgr2=0x7f2c58105410 unknown :-1 s=STATE_NONE l=0).mark_down
2024-09-12T02:09:23.781 INFO:teuthology.orchestra.run.smithi003.stdout:/usr/bin/ceph: stderr
2024-09-12T02:09:19.153+0000 7f2c5cdcb640 1 -- 172.21.15.3:0/1720833721 shutdown_connections
2024-09-12T02:09:23.781 INFO:teuthology.orchestra.run.smithi003.stdout:/usr/bin/ceph: stderr
2024-09-12T02:09:19.153+0000 7f2c5cdcb640 1 -- 172.21.15.3:0/1720833721 wait complete.
2024-09-12T02:09:23.781 INFO:teuthology.orchestra.run.smithi003.stdout:/usr/bin/ceph: stderr
2024-09-12T02:09:19.153+0000 7f2c5cdcb640 1 Processor -- start
2024-09-12T02:09:23.781 INFO:teuthology.orchestra.run.smithi003.stdout:/usr/bin/ceph: stderr
2024-09-12T02:09:19.153+0000 7f2c5cdcb640 1 -- start start
2024-09-12T02:09:23.781 INFO:teuthology.orchestra.run.smithi003.stdout:/usr/bin/ceph: stderr
2024-09-12T02:09:19.154+0000 7f2c5cdcb640 1 --2- >> [v2:172.21.15.3:3300/0,v1:172.21.15.3:6789/0] conn(0x7f2c58107760 0x7f2c5819b790 unknown :-1 s=NONE pgs=0 cs=0 l=1 rev1=0 crypto rx=0 tx=0 comp rx=0 tx=0).connect
2024-09-12T02:09:23.781 INFO:teuthology.orchestra.run.smithi003.stdout:/usr/bin/ceph: stderr
2024-09-12T02:09:19.154+0000 7f2c5cdcb640 1 -- --> [v2:172.21.15.3:3300/0,v1:172.21.15.3:6789/0] -- mon_getmap magic: 0 -- 0x7f2c5810bd10 con 0x7f2c58107760
2024-09-12T02:09:23.781 INFO:teuthology.orchestra.run.smithi003.stdout:/usr/bin/ceph: stderr
2024-09-12T02:09:19.154+0000 7f2c5659c640 1 --2- >> [v2:172.21.15.3:3300/0,v1:172.21.15.3:6789/0] conn(0x7f2c58107760 0x7f2c5819b790 unknown :-1 s=BANNER_CONNECTING pgs=0 cs=0 l=1 rev1=0 crypto rx=0 tx=0 comp rx=0 tx=0)._handle_peer_banner_payload supported=3 required=0
2024-09-12T02:09:23.781 INFO:teuthology.orchestra.run.smithi003.stdout:/usr/bin/ceph: stderr
2024-09-12T02:09:19.154+0000 7f2c5659c640 1 --2- >> [v2:172.21.15.3:3300/0,v1:172.21.15.3:6789/0] conn(0x7f2c58107760 0x7f2c5819b790 unknown :-1 s=HELLO_CONNECTING pgs=0 cs=0 l=1 rev1=1 crypto rx=0 tx=0 comp rx=0 tx=0).handle_hello peer v2:172.21.15.3:3300/0 says I am v2:172.21.15.3:36360/0 (socket says 172.21.15.3:36360)
2024-09-12T02:09:23.781 INFO:teuthology.orchestra.run.smithi003.stdout:/usr/bin/ceph: stderr
2024-09-12T02:09:19.154+0000 7f2c5659c640 1 -- 172.21.15.3:0/3627255097 learned_addr learned my addr 172.21.15.3:0/3627255097 (peer_addr_for_me v2:172.21.15.3:0/0)
2024-09-12T02:09:23.782 INFO:teuthology.orchestra.run.smithi003.stdout:/usr/bin/ceph: stderr
2024-09-12T02:09:19.154+0000 7f2c5659c640 1 -- 172.21.15.3:0/3627255097 --> [v2:172.21.15.3:3300/0,v1:172.21.15.3:6789/0] -- mon_subscribe({config=0+,monmap=0+}) -- 0x7f2c5819bcd0 con 0x7f2c58107760
2024-09-12T02:09:23.782 INFO:teuthology.orchestra.run.smithi003.stdout:/usr/bin/ceph: stderr
2024-09-12T02:09:19.154+0000 7f2c5659c640 1 --2- 172.21.15.3:0/3627255097 >> [v2:172.21.15.3:3300/0,v1:172.21.15.3:6789/0] conn(0x7f2c58107760 0x7f2c5819b790 secure :-1 s=READY pgs=44 cs=0 l=1 rev1=1 crypto rx=0x7f2c48009940 tx=0x7f2c48032ce0 comp rx=0 tx=0).ready entity=mon.0 client_cookie=0 server_cookie=0 in_seq=0 out_seq=0
2024-09-12T02:09:23.782 INFO:teuthology.orchestra.run.smithi003.stdout:/usr/bin/ceph: stderr
2024-09-12T02:09:19.154+0000 7f2c4f7fe640 1 -- 172.21.15.3:0/3627255097 <== mon.0 v2:172.21.15.3:3300/0 1 ==== mon_map magic: 0 ==== 205+0+0 (secure 0 0 0) 0x7f2c48042070 con 0x7f2c58107760
2024-09-12T02:09:23.782 INFO:teuthology.orchestra.run.smithi003.stdout:/usr/bin/ceph: stderr
2024-09-12T02:09:19.154+0000 7f2c4f7fe640 1 -- 172.21.15.3:0/3627255097 <== mon.0 v2:172.21.15.3:3300/0 2 ==== config(27 keys) ==== 1109+0+0 (secure 0 0 0) 0x7f2c480308c0 con 0x7f2c58107760
2024-09-12T02:09:23.782 INFO:teuthology.orchestra.run.smithi003.stdout:/usr/bin/ceph: stderr
2024-09-12T02:09:19.154+0000 7f2c5cdcb640 1 -- 172.21.15.3:0/3627255097 --> [v2:172.21.15.3:3300/0,v1:172.21.15.3:6789/0] -- mon_subscribe({mgrmap=0+}) -- 0x7f2c5819bf60 con 0x7f2c58107760
2024-09-12T02:09:23.782 INFO:teuthology.orchestra.run.smithi003.stdout:/usr/bin/ceph: stderr
2024-09-12T02:09:19.154+0000 7f2c4f7fe640 1 -- 172.21.15.3:0/3627255097 <== mon.0 v2:172.21.15.3:3300/0 3 ==== mon_map magic: 0 ==== 205+0+0 (secure 0 0 0) 0x7f2c48037040 con 0x7f2c58107760
2024-09-12T02:09:23.782 INFO:teuthology.orchestra.run.smithi003.stdout:/usr/bin/ceph: stderr
2024-09-12T02:09:19.155+0000 7f2c5cdcb640 1 -- 172.21.15.3:0/3627255097 --> [v2:172.21.15.3:3300/0,v1:172.21.15.3:6789/0] -- mon_subscribe({osdmap=0}) -- 0x7f2c5819ec50 con 0x7f2c58107760
2024-09-12T02:09:23.782 INFO:teuthology.orchestra.run.smithi003.stdout:/usr/bin/ceph: stderr
2024-09-12T02:09:19.155+0000 7f2c4f7fe640 1 -- 172.21.15.3:0/3627255097 <== mon.0 v2:172.21.15.3:3300/0 4 ==== mgrmap(e 8) ==== 46287+0+0 (secure 0 0 0) 0x7f2c48045070 con 0x7f2c58107760
2024-09-12T02:09:23.782 INFO:teuthology.orchestra.run.smithi003.stdout:/usr/bin/ceph: stderr
2024-09-12T02:09:19.156+0000 7f2c4f7fe640 1 --2- 172.21.15.3:0/3627255097 >> [v2:172.21.15.3:6800/1539065682,v1:172.21.15.3:6801/1539065682] conn(0x7f2c44038fc0 0x7f2c4403b480 unknown :-1 s=NONE pgs=0 cs=0 l=1 rev1=0 crypto rx=0 tx=0 comp rx=0 tx=0).connect
2024-09-12T02:09:23.782 INFO:teuthology.orchestra.run.smithi003.stdout:/usr/bin/ceph: stderr
2024-09-12T02:09:19.156+0000 7f2c4f7fe640 1 -- 172.21.15.3:0/3627255097 <== mon.0 v2:172.21.15.3:3300/0 5 ==== osd_map(2..2 src has 1..2) ==== 940+0+0 (secure 0 0 0) 0x7f2c4806c060 con 0x7f2c58107760
2024-09-12T02:09:23.782 INFO:teuthology.orchestra.run.smithi003.stdout:/usr/bin/ceph: stderr
2024-09-12T02:09:19.156+0000 7f2c4ffff640 1 --2- 172.21.15.3:0/3627255097 >> [v2:172.21.15.3:6800/1539065682,v1:172.21.15.3:6801/1539065682] conn(0x7f2c44038fc0 0x7f2c4403b480 unknown :-1 s=BANNER_CONNECTING pgs=0 cs=0 l=1 rev1=0 crypto rx=0 tx=0 comp rx=0 tx=0)._handle_peer_banner_payload supported=3 required=0
2024-09-12T02:09:23.782 INFO:teuthology.orchestra.run.smithi003.stdout:/usr/bin/ceph: stderr
2024-09-12T02:09:19.156+0000 7f2c5cdcb640 1 -- 172.21.15.3:0/3627255097 --> [v2:172.21.15.3:3300/0,v1:172.21.15.3:6789/0] -- mon_command({"prefix": "get_command_descriptions"} v 0) -- 0x7f2c5810be90 con 0x7f2c58107760
2024-09-12T02:09:23.783 INFO:teuthology.orchestra.run.smithi003.stdout:/usr/bin/ceph: stderr
2024-09-12T02:09:19.156+0000 7f2c4ffff640 1 --2- 172.21.15.3:0/3627255097 >> [v2:172.21.15.3:6800/1539065682,v1:172.21.15.3:6801/1539065682] conn(0x7f2c44038fc0 0x7f2c4403b480 secure :-1 s=READY pgs=11 cs=0 l=1 rev1=1 crypto rx=0x7f2c400098c0 tx=0x7f2c40006db0 comp rx=0 tx=0).ready entity=mgr.14118 client_cookie=0 server_cookie=0 in_seq=0 out_seq=0
2024-09-12T02:09:23.783 INFO:teuthology.orchestra.run.smithi003.stdout:/usr/bin/ceph: stderr
2024-09-12T02:09:19.161+0000 7f2c4f7fe640 1 -- 172.21.15.3:0/3627255097 <== mon.0 v2:172.21.15.3:3300/0 6 ==== mon_command_ack([{"prefix": "get_command_descriptions"}]=0 v0) ==== 72+0+188821 (secure 0 0 0) 0x7f2c48045520 con 0x7f2c58107760
2024-09-12T02:09:23.783 INFO:teuthology.orchestra.run.smithi003.stdout:/usr/bin/ceph: stderr
2024-09-12T02:09:19.339+0000 7f2c5cdcb640 1 -- 172.21.15.3:0/3627255097 --> [v2:172.21.15.3:6800/1539065682,v1:172.21.15.3:6801/1539065682] -- mgr_command(tid 0: {"prefix": "orch host add", "hostname": "smithi003", "addr": "172.21.15.3", "target": ["mon-mgr", ""]}) -- 0x7f2c581042e0 con 0x7f2c44038fc0
2024-09-12T02:09:23.783 INFO:teuthology.orchestra.run.smithi003.stdout:/usr/bin/ceph: stderr
2024-09-12T02:09:23.209+0000 7f2c4f7fe640 1 -- 172.21.15.3:0/3627255097 <== mgr.14118 v2:172.21.15.3:6800/1539065682 1 ==== mgr_command_reply(tid 0: 0 ) ==== 8+0+47 (secure 0 0 0) 0x7f2c581042e0 con 0x7f2c44038fc0
2024-09-12T02:09:23.783 INFO:teuthology.orchestra.run.smithi003.stdout:/usr/bin/ceph: stderr
2024-09-12T02:09:23.212+0000 7f2c5cdcb640 1 -- 172.21.15.3:0/3627255097 >> [v2:172.21.15.3:6800/1539065682,v1:172.21.15.3:6801/1539065682] conn(0x7f2c44038fc0 msgr2=0x7f2c4403b480 secure :-1 s=STATE_CONNECTION_ESTABLISHED l=1).mark_down
2024-09-12T02:09:23.783 INFO:teuthology.orchestra.run.smithi003.stdout:/usr/bin/ceph: stderr
2024-09-12T02:09:23.212+0000 7f2c5cdcb640 1 --2- 172.21.15.3:0/3627255097 >> [v2:172.21.15.3:6800/1539065682,v1:172.21.15.3:6801/1539065682] conn(0x7f2c44038fc0 0x7f2c4403b480 secure :-1 s=READY pgs=11 cs=0 l=1 rev1=1 crypto rx=0x7f2c400098c0 tx=0x7f2c40006db0 comp rx=0 tx=0).stop
2024-09-12T02:09:23.783 INFO:teuthology.orchestra.run.smithi003.stdout:/usr/bin/ceph: stderr
2024-09-12T02:09:23.212+0000 7f2c5cdcb640 1 -- 172.21.15.3:0/3627255097 >> [v2:172.21.15.3:3300/0,v1:172.21.15.3:6789/0] conn(0x7f2c58107760 msgr2=0x7f2c5819b790 secure :-1 s=STATE_CONNECTION_ESTABLISHED l=1).mark_down
2024-09-12T02:09:23.783 INFO:teuthology.orchestra.run.smithi003.stdout:/usr/bin/ceph: stderr
2024-09-12T02:09:23.212+0000 7f2c5cdcb640 1 --2- 172.21.15.3:0/3627255097 >> [v2:172.21.15.3:3300/0,v1:172.21.15.3:6789/0] conn(0x7f2c58107760 0x7f2c5819b790 secure :-1 s=READY pgs=44 cs=0 l=1 rev1=1 crypto rx=0x7f2c48009940 tx=0x7f2c48032ce0 comp rx=0 tx=0).stop
2024-09-12T02:09:23.783 INFO:teuthology.orchestra.run.smithi003.stdout:/usr/bin/ceph: stderr
2024-09-12T02:09:23.212+0000 7f2c5cdcb640 1 -- 172.21.15.3:0/3627255097 shutdown_connections
2024-09-12T02:09:23.783 INFO:teuthology.orchestra.run.smithi003.stdout:/usr/bin/ceph: stderr
