2024-09-12T02:21:31.246 INFO:teuthology.orchestra.run.smithi001.stdout:/usr/bin/ceph: stderr
2024-09-12T02:21:30.694+0000 7f476bfff640 1 --2- 172.21.15.1:0/1223320654 >> [v2:172.21.15.1:6800/556592053,v1:172.21.15.1:6801/556592053] conn(0x7f476003c8f0 0x7f476003ece0 unknown :-1 s=BANNER_CONNECTING pgs=0 cs=0 l=1 rev1=0 crypto rx=0 tx=0 comp rx=0 tx=0)._handle_peer_banner_payload supported=3 required=0
2024-09-12T02:21:31.246 INFO:teuthology.orchestra.run.smithi001.stdout:/usr/bin/ceph: stderr
2024-09-12T02:21:30.695+0000 7f476bfff640 1 --2- 172.21.15.1:0/1223320654 >> [v2:172.21.15.1:6800/556592053,v1:172.21.15.1:6801/556592053] conn(0x7f476003c8f0 0x7f476003ece0 secure :-1 s=READY pgs=3 cs=0 l=1 rev1=1 crypto rx=0x7f475c003980 tx=0x7f475c0092b0 comp rx=0 tx=0).ready entity=mgr.14118 client_cookie=0 server_cookie=0 in_seq=0 out_seq=0
2024-09-12T02:21:31.246 INFO:teuthology.orchestra.run.smithi001.stdout:/usr/bin/ceph: stderr
2024-09-12T02:21:30.695+0000 7f4771ffb640 1 -- 172.21.15.1:0/1223320654 <== mgr.14118 v2:172.21.15.1:6800/556592053 1 ==== command_reply(tid 0: 0 ) ==== 8+0+9564 (secure 0 0 0) 0x7f476406b720 con 0x7f476003c8f0
2024-09-12T02:21:31.246 INFO:teuthology.orchestra.run.smithi001.stdout:/usr/bin/ceph: stderr
2024-09-12T02:21:30.702+0000 7f477a43f640 1 -- 172.21.15.1:0/1223320654 --> [v2:172.21.15.1:6800/556592053,v1:172.21.15.1:6801/556592053] -- command(tid 1: {"prefix": "mgr_status"}) -- 0x7f47540025a0 con 0x7f476003c8f0
2024-09-12T02:21:31.246 INFO:teuthology.orchestra.run.smithi001.stdout:/usr/bin/ceph: stderr
2024-09-12T02:21:30.703+0000 7f4771ffb640 1 -- 172.21.15.1:0/1223320654 <== mgr.14118 v2:172.21.15.1:6800/556592053 2 ==== command_reply(tid 1: 0 ) ==== 8+0+51 (secure 0 0 0) 0x7f47540025a0 con 0x7f476003c8f0
2024-09-12T02:21:31.246 INFO:teuthology.orchestra.run.smithi001.stdout:/usr/bin/ceph: stderr
2024-09-12T02:21:30.703+0000 7f477a43f640 1 -- 172.21.15.1:0/1223320654 >> [v2:172.21.15.1:6800/556592053,v1:172.21.15.1:6801/556592053] conn(0x7f476003c8f0 msgr2=0x7f476003ece0 secure :-1 s=STATE_CONNECTION_ESTABLISHED l=1).mark_down
2024-09-12T02:21:31.246 INFO:teuthology.orchestra.run.smithi001.stdout:/usr/bin/ceph: stderr
2024-09-12T02:21:30.703+0000 7f477a43f640 1 --2- 172.21.15.1:0/1223320654 >> [v2:172.21.15.1:6800/556592053,v1:172.21.15.1:6801/556592053] conn(0x7f476003c8f0 0x7f476003ece0 secure :-1 s=READY pgs=3 cs=0 l=1 rev1=1 crypto rx=0x7f475c003980 tx=0x7f475c0092b0 comp rx=0 tx=0).stop
2024-09-12T02:21:31.246 INFO:teuthology.orchestra.run.smithi001.stdout:/usr/bin/ceph: stderr
2024-09-12T02:21:30.703+0000 7f477a43f640 1 -- 172.21.15.1:0/1223320654 >> [v2:172.21.15.1:3300/0,v1:172.21.15.1:6789/0] conn(0x7f4774108030 msgr2=0x7f477419daa0 secure :-1 s=STATE_CONNECTION_ESTABLISHED l=1).mark_down
2024-09-12T02:21:31.246 INFO:teuthology.orchestra.run.smithi001.stdout:/usr/bin/ceph: stderr
2024-09-12T02:21:30.703+0000 7f477a43f640 1 --2- 172.21.15.1:0/1223320654 >> [v2:172.21.15.1:3300/0,v1:172.21.15.1:6789/0] conn(0x7f4774108030 0x7f477419daa0 secure :-1 s=READY pgs=27 cs=0 l=1 rev1=1 crypto rx=0x7f4764032ce0 tx=0x7f4764032d10 comp rx=0 tx=0).stop
2024-09-12T02:21:31.246 INFO:teuthology.orchestra.run.smithi001.stdout:/usr/bin/ceph: stderr
2024-09-12T02:21:30.703+0000 7f477a43f640 1 -- 172.21.15.1:0/1223320654 shutdown_connections
2024-09-12T02:21:31.247 INFO:teuthology.orchestra.run.smithi001.stdout:/usr/bin/ceph: stderr
2024-09-12T02:21:30.703+0000 7f477a43f640 1 --2- 172.21.15.1:0/1223320654 >> [v2:172.21.15.1:6800/556592053,v1:172.21.15.1:6801/556592053] conn(0x7f476003c8f0 0x7f476003ece0 unknown :-1 s=CLOSED pgs=3 cs=0 l=1 rev1=1 crypto rx=0 tx=0 comp rx=0 tx=0).stop
2024-09-12T02:21:31.247 INFO:teuthology.orchestra.run.smithi001.stdout:/usr/bin/ceph: stderr
2024-09-12T02:21:30.703+0000 7f477a43f640 1 --2- 172.21.15.1:0/1223320654 >> [v2:172.21.15.1:6800/3479905526,v1:172.21.15.1:6801/3479905526] conn(0x7f4760038fc0 0x7f476003b480 unknown :-1 s=CLOSED pgs=0 cs=0 l=1 rev1=0 crypto rx=0 tx=0 comp rx=0 tx=0).stop
2024-09-12T02:21:31.247 INFO:teuthology.orchestra.run.smithi001.stdout:/usr/bin/ceph: stderr
2024-09-12T02:21:30.703+0000 7f477a43f640 1 --2- 172.21.15.1:0/1223320654 >> [v2:172.21.15.1:3300/0,v1:172.21.15.1:6789/0] conn(0x7f4774108030 0x7f477419daa0 unknown :-1 s=CLOSED pgs=27 cs=0 l=1 rev1=1 crypto rx=0 tx=0 comp rx=0 tx=0).stop
2024-09-12T02:21:31.247 INFO:teuthology.orchestra.run.smithi001.stdout:/usr/bin/ceph: stderr
2024-09-12T02:21:30.703+0000 7f477a43f640 1 -- 172.21.15.1:0/1223320654 >> 172.21.15.1:0/1223320654 conn(0x7f4774101b90 msgr2=0x7f4774102940 unknown :-1 s=STATE_NONE l=0).mark_down
2024-09-12T02:21:31.247 INFO:teuthology.orchestra.run.smithi001.stdout:/usr/bin/ceph: stderr
2024-09-12T02:21:30.703+0000 7f477a43f640 1 -- 172.21.15.1:0/1223320654 shutdown_connections
2024-09-12T02:21:31.247 INFO:teuthology.orchestra.run.smithi001.stdout:/usr/bin/ceph: stderr
2024-09-12T02:21:30.703+0000 7f477a43f640 1 -- 172.21.15.1:0/1223320654 wait complete.
2024-09-12T02:21:31.247 INFO:teuthology.orchestra.run.smithi001.stdout:mgr epoch 5 is available
2024-09-12T02:21:31.247 INFO:teuthology.orchestra.run.smithi001.stdout:Setting orchestrator backend to cephadm...
2024-09-12T02:21:32.189 INFO:journalctl@ceph.mon.a.smithi001.stdout:Sep 12 02:21:31 smithi001 ceph-mon[31252]: from='client.14122 -' entity='client.admin' cmd=[{"prefix": "get_command_descriptions"}]: dispatch
2024-09-12T02:21:32.189 INFO:journalctl@ceph.mon.a.smithi001.stdout:Sep 12 02:21:31 smithi001 ceph-mon[31252]: from='client.14122 -' entity='client.admin' cmd=[{"prefix": "mgr_status"}]: dispatch
2024-09-12T02:21:32.189 INFO:journalctl@ceph.mon.a.smithi001.stdout:Sep 12 02:21:31 smithi001 ceph-mon[31252]: from='mgr.14118 172.21.15.1:0/4032058563' entity='mgr.x'
2024-09-12T02:21:32.189 INFO:journalctl@ceph.mon.a.smithi001.stdout:Sep 12 02:21:31 smithi001 ceph-mon[31252]: from='mgr.14118 172.21.15.1:0/4032058563' entity='mgr.x'
2024-09-12T02:21:32.189 INFO:journalctl@ceph.mon.a.smithi001.stdout:Sep 12 02:21:31 smithi001 ceph-mon[31252]: from='mgr.14118 172.21.15.1:0/4032058563' entity='mgr.x'
2024-09-12T02:21:32.189 INFO:journalctl@ceph.mon.a.smithi001.stdout:Sep 12 02:21:31 smithi001 ceph-mon[31252]: from='mgr.14118 172.21.15.1:0/4032058563' entity='mgr.x' cmd=[{"prefix": "config dump", "format": "json"}]: dispatch
2024-09-12T02:21:32.483 INFO:journalctl@ceph.mgr.x.smithi001.stdout:Sep 12 02:21:32 smithi001 ceph-877143dc-70ad-11ef-bcea-c7b262605968-mgr-x[31476]:
2024-09-12T02:21:32.271+0000 7fdeda492640 -1 log_channel(cephadm) log [ERR] : [12/Sep/2024:02:21:32] ENGINE Error in HTTPServer.serve
2024-09-12T02:21:32.483 INFO:journalctl@ceph.mgr.x.smithi001.stdout:Sep 12 02:21:32 smithi001 ceph-877143dc-70ad-11ef-bcea-c7b262605968-mgr-x[31476]: Traceback (most recent call last):
2024-09-12T02:21:32.483 INFO:journalctl@ceph.mgr.x.smithi001.stdout:Sep 12 02:21:32 smithi001 ceph-877143dc-70ad-11ef-bcea-c7b262605968-mgr-x[31476]: File "/lib/python3.9/site-packages/cheroot/server.py", line 1823, in serve
2024-09-12T02:21:32.483 INFO:journalctl@ceph.mgr.x.smithi001.stdout:Sep 12 02:21:32 smithi001 ceph-877143dc-70ad-11ef-bcea-c7b262605968-mgr-x[31476]: self._connections.run(self.expiration_interval)
2024-09-12T02:21:32.483 INFO:journalctl@ceph.mgr.x.smithi001.stdout:Sep 12 02:21:32 smithi001 ceph-877143dc-70ad-11ef-bcea-c7b262605968-mgr-x[31476]: File "/lib/python3.9/site-packages/cheroot/connections.py", line 203, in run
2024-09-12T02:21:32.483 INFO:journalctl@ceph.mgr.x.smithi001.stdout:Sep 12 02:21:32 smithi001 ceph-877143dc-70ad-11ef-bcea-c7b262605968-mgr-x[31476]: self._run(expiration_interval)
2024-09-12T02:21:32.483 INFO:journalctl@ceph.mgr.x.smithi001.stdout:Sep 12 02:21:32 smithi001 ceph-877143dc-70ad-11ef-bcea-c7b262605968-mgr-x[31476]: File "/lib/python3.9/site-packages/cheroot/connections.py", line 246, in _run
2024-09-12T02:21:32.483 INFO:journalctl@ceph.mgr.x.smithi001.stdout:Sep 12 02:21:32 smithi001 ceph-877143dc-70ad-11ef-bcea-c7b262605968-mgr-x[31476]: new_conn = self._from_server_socket(self.server.socket)
2024-09-12T02:21:32.484 INFO:journalctl@ceph.mgr.x.smithi001.stdout:Sep 12 02:21:32 smithi001 ceph-877143dc-70ad-11ef-bcea-c7b262605968-mgr-x[31476]: File "/lib/python3.9/site-packages/cheroot/connections.py", line 300, in _from_server_socket
2024-09-12T02:21:32.484 INFO:journalctl@ceph.mgr.x.smithi001.stdout:Sep 12 02:21:32 smithi001 ceph-877143dc-70ad-11ef-bcea-c7b262605968-mgr-x[31476]: s, ssl_env = self.server.ssl_adapter.wrap(s)
2024-09-12T02:21:32.484 INFO:journalctl@ceph.mgr.x.smithi001.stdout:Sep 12 02:21:32 smithi001 ceph-877143dc-70ad-11ef-bcea-c7b262605968-mgr-x[31476]: File "/lib/python3.9/site-packages/cheroot/ssl/builtin.py", line 277, in wrap
2024-09-12T02:21:32.484 INFO:journalctl@ceph.mgr.x.smithi001.stdout:Sep 12 02:21:32 smithi001 ceph-877143dc-70ad-11ef-bcea-c7b262605968-mgr-x[31476]: s = self.context.wrap_socket(
2024-09-12T02:21:32.484 INFO:journalctl@ceph.mgr.x.smithi001.stdout:Sep 12 02:21:32 smithi001 ceph-877143dc-70ad-11ef-bcea-c7b262605968-mgr-x[31476]: File "/lib64/python3.9/ssl.py", line 501, in wrap_socket
2024-09-12T02:21:32.484 INFO:journalctl@ceph.mgr.x.smithi001.stdout:Sep 12 02:21:32 smithi001 ceph-877143dc-70ad-11ef-bcea-c7b262605968-mgr-x[31476]: return self.sslsocket_class._create(
2024-09-12T02:21:32.484 INFO:journalctl@ceph.mgr.x.smithi001.stdout:Sep 12 02:21:32 smithi001 ceph-877143dc-70ad-11ef-bcea-c7b262605968-mgr-x[31476]: File "/lib64/python3.9/ssl.py", line 1074, in _create
2024-09-12T02:21:32.484 INFO:journalctl@ceph.mgr.x.smithi001.stdout:Sep 12 02:21:32 smithi001 ceph-877143dc-70ad-11ef-bcea-c7b262605968-mgr-x[31476]: self.do_handshake()
2024-09-12T02:21:32.484 INFO:journalctl@ceph.mgr.x.smithi001.stdout:Sep 12 02:21:32 smithi001 ceph-877143dc-70ad-11ef-bcea-c7b262605968-mgr-x[31476]: File "/lib64/python3.9/ssl.py", line 1343, in do_handshake
2024-09-12T02:21:32.484 INFO:journalctl@ceph.mgr.x.smithi001.stdout:Sep 12 02:21:32 smithi001 ceph-877143dc-70ad-11ef-bcea-c7b262605968-mgr-x[31476]: self._sslobj.do_handshake()
2024-09-12T02:21:32.485 INFO:journalctl@ceph.mgr.x.smithi001.stdout:Sep 12 02:21:32 smithi001 ceph-877143dc-70ad-11ef-bcea-c7b262605968-mgr-x[31476]: ssl.SSLZeroReturnError: TLS/SSL connection has been closed (EOF) (_ssl.c:1133)
2024-09-12T02:21:32.485 INFO:journalctl@ceph.mgr.x.smithi001.stdout:Sep 12 02:21:32 smithi001 ceph-877143dc-70ad-11ef-bcea-c7b262605968-mgr-x[31476]:
2024-09-12T02:21:32.491 INFO:teuthology.orchestra.run.smithi001.stdout:/usr/bin/ceph: stderr
2024-09-12T02:21:31.681+0000 7f691bd15640 1 Processor -- start
2024-09-12T02:21:32.491 INFO:teuthology.orchestra.run.smithi001.stdout:/usr/bin/ceph: stderr
2024-09-12T02:21:31.681+0000 7f691bd15640 1 -- start start
2024-09-12T02:21:32.491 INFO:teuthology.orchestra.run.smithi001.stdout:/usr/bin/ceph: stderr
2024-09-12T02:21:31.682+0000 7f691bd15640 1 --2- >> [v2:172.21.15.1:3300/0,v1:172.21.15.1:6789/0] conn(0x7f6914106410 0x7f6914106810 unknown :-1 s=NONE pgs=0 cs=0 l=0 rev1=0 crypto rx=0 tx=0 comp rx=0 tx=0).connect
2024-09-12T02:21:32.491 INFO:teuthology.orchestra.run.smithi001.stdout:/usr/bin/ceph: stderr
2024-09-12T02:21:31.682+0000 7f691bd15640 1 -- --> [v2:172.21.15.1:3300/0,v1:172.21.15.1:6789/0] -- mon_getmap magic: 0 -- 0x7f6914106de0 con 0x7f6914106410
2024-09-12T02:21:32.491 INFO:teuthology.orchestra.run.smithi001.stdout:/usr/bin/ceph: stderr
2024-09-12T02:21:31.682+0000 7f6919ab1640 1 --2- >> [v2:172.21.15.1:3300/0,v1:172.21.15.1:6789/0] conn(0x7f6914106410 0x7f6914106810 unknown :-1 s=BANNER_CONNECTING pgs=0 cs=0 l=0 rev1=0 crypto rx=0 tx=0 comp rx=0 tx=0)._handle_peer_banner_payload supported=3 required=0
2024-09-12T02:21:32.491 INFO:teuthology.orchestra.run.smithi001.stdout:/usr/bin/ceph: stderr
2024-09-12T02:21:31.682+0000 7f6919ab1640 1 --2- >> [v2:172.21.15.1:3300/0,v1:172.21.15.1:6789/0] conn(0x7f6914106410 0x7f6914106810 unknown :-1 s=HELLO_CONNECTING pgs=0 cs=0 l=0 rev1=1 crypto rx=0 tx=0 comp rx=0 tx=0).handle_hello peer v2:172.21.15.1:3300/0 says I am v2:172.21.15.1:50426/0 (socket says 172.21.15.1:50426)
2024-09-12T02:21:32.491 INFO:teuthology.orchestra.run.smithi001.stdout:/usr/bin/ceph: stderr
2024-09-12T02:21:31.682+0000 7f6919ab1640 1 -- 172.21.15.1:0/1427316425 learned_addr learned my addr 172.21.15.1:0/1427316425 (peer_addr_for_me v2:172.21.15.1:0/0)
2024-09-12T02:21:32.492 INFO:teuthology.orchestra.run.smithi001.stdout:/usr/bin/ceph: stderr
2024-09-12T02:21:31.682+0000 7f6919ab1640 1 -- 172.21.15.1:0/1427316425 --> [v2:172.21.15.1:3300/0,v1:172.21.15.1:6789/0] -- mon_subscribe({config=0+,monmap=0+}) -- 0x7f6914107610 con 0x7f6914106410
2024-09-12T02:21:32.492 INFO:teuthology.orchestra.run.smithi001.stdout:/usr/bin/ceph: stderr
2024-09-12T02:21:31.683+0000 7f6919ab1640 1 --2- 172.21.15.1:0/1427316425 >> [v2:172.21.15.1:3300/0,v1:172.21.15.1:6789/0] conn(0x7f6914106410 0x7f6914106810 secure :-1 s=READY pgs=35 cs=0 l=1 rev1=1 crypto rx=0x7f6910009820 tx=0x7f691002a270 comp rx=0 tx=0).ready entity=mon.0 client_cookie=b2933f9ff822089d server_cookie=0 in_seq=0 out_seq=0
2024-09-12T02:21:32.492 INFO:teuthology.orchestra.run.smithi001.stdout:/usr/bin/ceph: stderr
2024-09-12T02:21:31.683+0000 7f6918aaf640 1 -- 172.21.15.1:0/1427316425 <== mon.0 v2:172.21.15.1:3300/0 1 ==== mon_map magic: 0 ==== 205+0+0 (secure 0 0 0) 0x7f6910037070 con 0x7f6914106410
2024-09-12T02:21:32.492 INFO:teuthology.orchestra.run.smithi001.stdout:/usr/bin/ceph: stderr
2024-09-12T02:21:31.683+0000 7f6918aaf640 1 -- 172.21.15.1:0/1427316425 <== mon.0 v2:172.21.15.1:3300/0 2 ==== config(27 keys) ==== 1109+0+0 (secure 0 0 0) 0x7f6910032900 con 0x7f6914106410
2024-09-12T02:21:32.492 INFO:teuthology.orchestra.run.smithi001.stdout:/usr/bin/ceph: stderr
2024-09-12T02:21:31.683+0000 7f6918aaf640 1 -- 172.21.15.1:0/1427316425 <== mon.0 v2:172.21.15.1:3300/0 3 ==== mon_map magic: 0 ==== 205+0+0 (secure 0 0 0) 0x7f6910030850 con 0x7f6914106410
2024-09-12T02:21:32.492 INFO:teuthology.orchestra.run.smithi001.stdout:/usr/bin/ceph: stderr
2024-09-12T02:21:31.684+0000 7f691bd15640 1 -- 172.21.15.1:0/1427316425 >> [v2:172.21.15.1:3300/0,v1:172.21.15.1:6789/0] conn(0x7f6914106410 msgr2=0x7f6914106810 secure :-1 s=STATE_CONNECTION_ESTABLISHED l=1).mark_down
2024-09-12T02:21:32.492 INFO:teuthology.orchestra.run.smithi001.stdout:/usr/bin/ceph: stderr
2024-09-12T02:21:31.684+0000 7f691bd15640 1 --2- 172.21.15.1:0/1427316425 >> [v2:172.21.15.1:3300/0,v1:172.21.15.1:6789/0] conn(0x7f6914106410 0x7f6914106810 secure :-1 s=READY pgs=35 cs=0 l=1 rev1=1 crypto rx=0x7f6910009820 tx=0x7f691002a270 comp rx=0 tx=0).stop
2024-09-12T02:21:32.492 INFO:teuthology.orchestra.run.smithi001.stdout:/usr/bin/ceph: stderr
2024-09-12T02:21:31.684+0000 7f691bd15640 1 -- 172.21.15.1:0/1427316425 shutdown_connections
2024-09-12T02:21:32.492 INFO:teuthology.orchestra.run.smithi001.stdout:/usr/bin/ceph: stderr
2024-09-12T02:21:31.684+0000 7f691bd15640 1 --2- 172.21.15.1:0/1427316425 >> [v2:172.21.15.1:3300/0,v1:172.21.15.1:6789/0] conn(0x7f6914106410 0x7f6914106810 unknown :-1 s=CLOSED pgs=35 cs=0 l=1 rev1=1 crypto rx=0 tx=0 comp rx=0 tx=0).stop
2024-09-12T02:21:32.492 INFO:teuthology.orchestra.run.smithi001.stdout:/usr/bin/ceph: stderr
2024-09-12T02:21:31.684+0000 7f691bd15640 1 -- 172.21.15.1:0/1427316425 >> 172.21.15.1:0/1427316425 conn(0x7f6914101b80 msgr2=0x7f6914103fe0 unknown :-1 s=STATE_NONE l=0).mark_down
2024-09-12T02:21:32.493 INFO:teuthology.orchestra.run.smithi001.stdout:/usr/bin/ceph: stderr
2024-09-12T02:21:31.684+0000 7f691bd15640 1 -- 172.21.15.1:0/1427316425 shutdown_connections
2024-09-12T02:21:32.493 INFO:teuthology.orchestra.run.smithi001.stdout:/usr/bin/ceph: stderr
2024-09-12T02:21:31.684+0000 7f691bd15640 1 -- 172.21.15.1:0/1427316425 wait complete.
2024-09-12T02:21:32.493 INFO:teuthology.orchestra.run.smithi001.stdout:/usr/bin/ceph: stderr
2024-09-12T02:21:31.685+0000 7f691bd15640 1 Processor -- start
2024-09-12T02:21:32.493 INFO:teuthology.orchestra.run.smithi001.stdout:/usr/bin/ceph: stderr
2024-09-12T02:21:31.685+0000 7f691bd15640 1 -- start start
2024-09-12T02:21:32.493 INFO:teuthology.orchestra.run.smithi001.stdout:/usr/bin/ceph: stderr
2024-09-12T02:21:31.685+0000 7f691bd15640 1 --2- >> [v2:172.21.15.1:3300/0,v1:172.21.15.1:6789/0] conn(0x7f6914106410 0x7f691419b840 unknown :-1 s=NONE pgs=0 cs=0 l=1 rev1=0 crypto rx=0 tx=0 comp rx=0 tx=0).connect
2024-09-12T02:21:32.493 INFO:teuthology.orchestra.run.smithi001.stdout:/usr/bin/ceph: stderr
2024-09-12T02:21:31.685+0000 7f691bd15640 1 -- --> [v2:172.21.15.1:3300/0,v1:172.21.15.1:6789/0] -- mon_getmap magic: 0 -- 0x7f691410a9c0 con 0x7f6914106410
2024-09-12T02:21:32.494 INFO:teuthology.orchestra.run.smithi001.stdout:/usr/bin/ceph: stderr
2024-09-12T02:21:31.685+0000 7f6919ab1640 1 --2- >> [v2:172.21.15.1:3300/0,v1:172.21.15.1:6789/0] conn(0x7f6914106410 0x7f691419b840 unknown :-1 s=BANNER_CONNECTING pgs=0 cs=0 l=1 rev1=0 crypto rx=0 tx=0 comp rx=0 tx=0)._handle_peer_banner_payload supported=3 required=0
2024-09-12T02:21:32.494 INFO:teuthology.orchestra.run.smithi001.stdout:/usr/bin/ceph: stderr
2024-09-12T02:21:31.685+0000 7f6919ab1640 1 --2- >> [v2:172.21.15.1:3300/0,v1:172.21.15.1:6789/0] conn(0x7f6914106410 0x7f691419b840 unknown :-1 s=HELLO_CONNECTING pgs=0 cs=0 l=1 rev1=1 crypto rx=0 tx=0 comp rx=0 tx=0).handle_hello peer v2:172.21.15.1:3300/0 says I am v2:172.21.15.1:50432/0 (socket says 172.21.15.1:50432)
2024-09-12T02:21:32.494 INFO:teuthology.orchestra.run.smithi001.stdout:/usr/bin/ceph: stderr
2024-09-12T02:21:31.685+0000 7f6919ab1640 1 -- 172.21.15.1:0/1277171134 learned_addr learned my addr 172.21.15.1:0/1277171134 (peer_addr_for_me v2:172.21.15.1:0/0)
2024-09-12T02:21:32.494 INFO:teuthology.orchestra.run.smithi001.stdout:/usr/bin/ceph: stderr
2024-09-12T02:21:31.685+0000 7f6919ab1640 1 -- 172.21.15.1:0/1277171134 --> [v2:172.21.15.1:3300/0,v1:172.21.15.1:6789/0] -- mon_subscribe({config=0+,monmap=0+}) -- 0x7f691419bd80 con 0x7f6914106410
2024-09-12T02:21:32.494 INFO:teuthology.orchestra.run.smithi001.stdout:/usr/bin/ceph: stderr
2024-09-12T02:21:31.685+0000 7f6919ab1640 1 --2- 172.21.15.1:0/1277171134 >> [v2:172.21.15.1:3300/0,v1:172.21.15.1:6789/0] conn(0x7f6914106410 0x7f691419b840 secure :-1 s=READY pgs=36 cs=0 l=1 rev1=1 crypto rx=0x7f69100097f0 tx=0x7f6910030d80 comp rx=0 tx=0).ready entity=mon.0 client_cookie=0 server_cookie=0 in_seq=0 out_seq=0
2024-09-12T02:21:32.494 INFO:teuthology.orchestra.run.smithi001.stdout:/usr/bin/ceph: stderr
2024-09-12T02:21:31.686+0000 7f690affd640 1 -- 172.21.15.1:0/1277171134 <== mon.0 v2:172.21.15.1:3300/0 1 ==== mon_map magic: 0 ==== 205+0+0 (secure 0 0 0) 0x7f6910037040 con 0x7f6914106410
2024-09-12T02:21:32.494 INFO:teuthology.orchestra.run.smithi001.stdout:/usr/bin/ceph: stderr
2024-09-12T02:21:31.686+0000 7f690affd640 1 -- 172.21.15.1:0/1277171134 <== mon.0 v2:172.21.15.1:3300/0 2 ==== config(27 keys) ==== 1109+0+0 (secure 0 0 0) 0x7f6910040070 con 0x7f6914106410
2024-09-12T02:21:32.494 INFO:teuthology.orchestra.run.smithi001.stdout:/usr/bin/ceph: stderr
2024-09-12T02:21:31.686+0000 7f691bd15640 1 -- 172.21.15.1:0/1277171134 --> [v2:172.21.15.1:3300/0,v1:172.21.15.1:6789/0] -- mon_subscribe({mgrmap=0+}) -- 0x7f691419c010 con 0x7f6914106410
2024-09-12T02:21:32.494 INFO:teuthology.orchestra.run.smithi001.stdout:/usr/bin/ceph: stderr
2024-09-12T02:21:31.686+0000 7f690affd640 1 -- 172.21.15.1:0/1277171134 <== mon.0 v2:172.21.15.1:3300/0 3 ==== mon_map magic: 0 ==== 205+0+0 (secure 0 0 0) 0x7f691003a390 con 0x7f6914106410
2024-09-12T02:21:32.494 INFO:teuthology.orchestra.run.smithi001.stdout:/usr/bin/ceph: stderr
2024-09-12T02:21:31.686+0000 7f691bd15640 1 -- 172.21.15.1:0/1277171134 --> [v2:172.21.15.1:3300/0,v1:172.21.15.1:6789/0] -- mon_subscribe({osdmap=0}) -- 0x7f691419ed00 con 0x7f6914106410
2024-09-12T02:21:32.494 INFO:teuthology.orchestra.run.smithi001.stdout:/usr/bin/ceph: stderr
2024-09-12T02:21:31.687+0000 7f690affd640 1 -- 172.21.15.1:0/1277171134 <== mon.0 v2:172.21.15.1:3300/0 4 ==== mgrmap(e 7) ==== 46181+0+0 (secure 0 0 0) 0x7f6910032900 con 0x7f6914106410
2024-09-12T02:21:32.495 INFO:teuthology.orchestra.run.smithi001.stdout:/usr/bin/ceph: stderr
2024-09-12T02:21:31.687+0000 7f691bd15640 1 -- 172.21.15.1:0/1277171134 --> [v2:172.21.15.1:3300/0,v1:172.21.15.1:6789/0] -- mon_command({"prefix": "get_command_descriptions"} v 0) -- 0x7f6914106890 con 0x7f6914106410
2024-09-12T02:21:32.495 INFO:teuthology.orchestra.run.smithi001.stdout:/usr/bin/ceph: stderr
2024-09-12T02:21:31.687+0000 7f690affd640 1 --2- 172.21.15.1:0/1277171134 >> [v2:172.21.15.1:6800/556592053,v1:172.21.15.1:6801/556592053] conn(0x7f6900038eb0 0x7f690003b370 unknown :-1 s=NONE pgs=0 cs=0 l=1 rev1=0 crypto rx=0 tx=0 comp rx=0 tx=0).connect
2024-09-12T02:21:32.495 INFO:teuthology.orchestra.run.smithi001.stdout:/usr/bin/ceph: stderr
2024-09-12T02:21:31.687+0000 7f690affd640 1 -- 172.21.15.1:0/1277171134 <== mon.0 v2:172.21.15.1:3300/0 5 ==== osd_map(2..2 src has 1..2) ==== 940+0+0 (secure 0 0 0) 0x7f691006c250 con 0x7f6914106410
2024-09-12T02:21:32.495 INFO:teuthology.orchestra.run.smithi001.stdout:/usr/bin/ceph: stderr
2024-09-12T02:21:31.687+0000 7f69192b0640 1 --2- 172.21.15.1:0/1277171134 >> [v2:172.21.15.1:6800/556592053,v1:172.21.15.1:6801/556592053] conn(0x7f6900038eb0 0x7f690003b370 unknown :-1 s=BANNER_CONNECTING pgs=0 cs=0 l=1 rev1=0 crypto rx=0 tx=0 comp rx=0 tx=0)._handle_peer_banner_payload supported=3 required=0
2024-09-12T02:21:32.495 INFO:teuthology.orchestra.run.smithi001.stdout:/usr/bin/ceph: stderr
2024-09-12T02:21:31.688+0000 7f69192b0640 1 --2- 172.21.15.1:0/1277171134 >> [v2:172.21.15.1:6800/556592053,v1:172.21.15.1:6801/556592053] conn(0x7f6900038eb0 0x7f690003b370 secure :-1 s=READY pgs=7 cs=0 l=1 rev1=1 crypto rx=0x7f69040098c0 tx=0x7f6904006db0 comp rx=0 tx=0).ready entity=mgr.14118 client_cookie=0 server_cookie=0 in_seq=0 out_seq=0
2024-09-12T02:21:32.495 INFO:teuthology.orchestra.run.smithi001.stdout:/usr/bin/ceph: stderr
2024-09-12T02:21:31.692+0000 7f690affd640 1 -- 172.21.15.1:0/1277171134 <== mon.0 v2:172.21.15.1:3300/0 6 ==== mon_command_ack([{"prefix": "get_command_descriptions"}]=0 v0) ==== 72+0+188821 (secure 0 0 0) 0x7f6910040cc0 con 0x7f6914106410
2024-09-12T02:21:32.495 INFO:teuthology.orchestra.run.smithi001.stdout:/usr/bin/ceph: stderr
2024-09-12T02:21:31.881+0000 7f691bd15640 1 -- 172.21.15.1:0/1277171134 --> [v2:172.21.15.1:6800/556592053,v1:172.21.15.1:6801/556592053] -- mgr_command(tid 0: {"prefix": "orch set backend", "module_name": "cephadm", "target": ["mon-mgr", ""]}) -- 0x7f691402d830 con 0x7f6900038eb0
2024-09-12T02:21:32.495 INFO:teuthology.orchestra.run.smithi001.stdout:/usr/bin/ceph: stderr
2024-09-12T02:21:31.887+0000 7f690affd640 1 -- 172.21.15.1:0/1277171134 <== mgr.14118 v2:172.21.15.1:6800/556592053 1 ==== mgr_command_reply(tid 0: 0 ) ==== 8+0+0 (secure 0 0 0) 0x7f691402d830 con 0x7f6900038eb0
2024-09-12T02:21:32.495 INFO:teuthology.orchestra.run.smithi001.stdout:/usr/bin/ceph: stderr
2024-09-12T02:21:31.889+0000 7f691bd15640 1 -- 172.21.15.1:0/1277171134 >> [v2:172.21.15.1:6800/556592053,v1:172.21.15.1:6801/556592053] conn(0x7f6900038eb0 msgr2=0x7f690003b370 secure :-1 s=STATE_CONNECTION_ESTABLISHED l=1).mark_down
2024-09-12T02:21:32.495 INFO:teuthology.orchestra.run.smithi001.stdout:/usr/bin/ceph: stderr
2024-09-12T02:21:31.889+0000 7f691bd15640 1 --2- 172.21.15.1:0/1277171134 >> [v2:172.21.15.1:6800/556592053,v1:172.21.15.1:6801/556592053] conn(0x7f6900038eb0 0x7f690003b370 secure :-1 s=READY pgs=7 cs=0 l=1 rev1=1 crypto rx=0x7f69040098c0 tx=0x7f6904006db0 comp rx=0 tx=0).stop
2024-09-12T02:21:32.495 INFO:teuthology.orchestra.run.smithi001.stdout:/usr/bin/ceph: stderr
2024-09-12T02:21:31.889+0000 7f691bd15640 1 -- 172.21.15.1:0/1277171134 >> [v2:172.21.15.1:3300/0,v1:172.21.15.1:6789/0] conn(0x7f6914106410 msgr2=0x7f691419b840 secure :-1 s=STATE_CONNECTION_ESTABLISHED l=1).mark_down
2024-09-12T02:21:32.496 INFO:teuthology.orchestra.run.smithi001.stdout:/usr/bin/ceph: stderr
2024-09-12T02:21:31.889+0000 7f691bd15640 1 --2- 172.21.15.1:0/1277171134 >> [v2:172.21.15.1:3300/0,v1:172.21.15.1:6789/0] conn(0x7f6914106410 0x7f691419b840 secure :-1 s=READY pgs=36 cs=0 l=1 rev1=1 crypto rx=0x7f69100097f0 tx=0x7f6910030d80 comp rx=0 tx=0).stop
2024-09-12T02:21:32.496 INFO:teuthology.orchestra.run.smithi001.stdout:/usr/bin/ceph: stderr
2024-09-12T02:21:31.889+0000 7f691bd15640 1 -- 172.21.15.1:0/1277171134 shutdown_connections
2024-09-12T02:21:32.496 INFO:teuthology.orchestra.run.smithi001.stdout:/usr/bin/ceph: stderr
2024-09-12T02:21:31.889+0000 7f691bd15640 1 --2- 172.21.15.1:0/1277171134 >> [v2:172.21.15.1:6800/556592053,v1:172.21.15.1:6801/556592053] conn(0x7f6900038eb0 0x7f690003b370 unknown :-1 s=CLOSED pgs=7 cs=0 l=1 rev1=1 crypto rx=0 tx=0 comp rx=0 tx=0).stop
2024-09-12T02:21:32.496 INFO:teuthology.orchestra.run.smithi001.stdout:/usr/bin/ceph: stderr
2024-09-12T02:21:31.889+0000 7f691bd15640 1 --2- 172.21.15.1:0/1277171134 >> [v2:172.21.15.1:3300/0,v1:172.21.15.1:6789/0] conn(0x7f6914106410 0x7f691419b840 unknown :-1 s=CLOSED pgs=36 cs=0 l=1 rev1=1 crypto rx=0 tx=0 comp rx=0 tx=0).stop
2024-09-12T02:21:32.496 INFO:teuthology.orchestra.run.smithi001.stdout:/usr/bin/ceph: stderr
2024-09-12T02:21:31.889+0000 7f691bd15640 1 -- 172.21.15.1:0/1277171134 >> 172.21.15.1:0/1277171134 conn(0x7f6914101b80 msgr2=0x7f69141028e0 unknown :-1 s=STATE_NONE l=0).mark_down
2024-09-12T02:21:32.496 INFO:teuthology.orchestra.run.smithi001.stdout:/usr/bin/ceph: stderr
2024-09-12T02:21:31.889+0000 7f691bd15640 1 -- 172.21.15.1:0/1277171134 shutdown_connections
2024-09-12T02:21:32.496 INFO:teuthology.orchestra.run.smithi001.stdout:/usr/bin/ceph: stderr
2024-09-12T02:21:31.889+0000 7f691bd15640 1 -- 172.21.15.1:0/1277171134 wait complete.
2024-09-12T02:21:33.045 INFO:journalctl@ceph.mon.a.smithi001.stdout:Sep 12 02:21:32 smithi001 ceph-mon[31252]: from='client.14130 -' entity='client.admin' cmd=[{"prefix": "orch set backend", "module_name": "cephadm", "target": ["mon-mgr", ""]}]: dispatch
2024-09-12T02:21:33.045 INFO:journalctl@ceph.mon.a.smithi001.stdout:Sep 12 02:21:32 smithi001 ceph-mon[31252]: mgrmap e8: x(active, since 2s)
2024-09-12T02:21:33.045 INFO:journalctl@ceph.mon.a.smithi001.stdout:Sep 12 02:21:32 smithi001 ceph-mon[31252]: [12/Sep/2024:02:21:32] ENGINE Bus STARTING
2024-09-12T02:21:33.045 INFO:journalctl@ceph.mon.a.smithi001.stdout:Sep 12 02:21:32 smithi001 ceph-mon[31252]: [12/Sep/2024:02:21:32] ENGINE Serving on http://172.21.15.1:8765
2024-09-12T02:21:33.045 INFO:journalctl@ceph.mon.a.smithi001.stdout:Sep 12 02:21:32 smithi001 ceph-mon[31252]: [12/Sep/2024:02:21:32] ENGINE Serving on https://172.21.15.1:7150
2024-09-12T02:21:33.045 INFO:journalctl@ceph.mon.a.smithi001.stdout:Sep 12 02:21:32 smithi001 ceph-mon[31252]: [12/Sep/2024:02:21:32] ENGINE Bus STARTED
2024-09-12T02:21:33.046 INFO:journalctl@ceph.mon.a.smithi001.stdout:Sep 12 02:21:32 smithi001 ceph-mon[31252]: from='mgr.14118 172.21.15.1:0/4032058563' entity='mgr.x' cmd=[{"prefix": "config dump", "format": "json"}]: dispatch
2024-09-12T02:21:33.046 INFO:journalctl@ceph.mon.a.smithi001.stdout:Sep 12 02:21:32 smithi001 ceph-mon[31252]: [12/Sep/2024:02:21:32] ENGINE Error in HTTPServer.serve
2024-09-12T02:21:33.046 INFO:journalctl@ceph.mon.a.smithi001.stdout: Traceback (most recent call last):
2024-09-12T02:21:33.046 INFO:journalctl@ceph.mon.a.smithi001.stdout: File "/lib/python3.9/site-packages/cheroot/server.py", line 1823, in serve
2024-09-12T02:21:33.046 INFO:journalctl@ceph.mon.a.smithi001.stdout: self._connections.run(self.expiration_interval)
2024-09-12T02:21:33.046 INFO:journalctl@ceph.mon.a.smithi001.stdout: File "/lib/python3.9/site-packages/cheroot/connections.py", line 203, in run
2024-09-12T02:21:33.046 INFO:journalctl@ceph.mon.a.smithi001.stdout: self._run(expiration_interval)
2024-09-12T02:21:33.046 INFO:journalctl@ceph.mon.a.smithi001.stdout: File "/lib/python3.9/site-packages/cheroot/connections.py", line 246, in _run
2024-09-12T02:21:33.046 INFO:journalctl@ceph.mon.a.smithi001.stdout: new_conn = self._from_server_socket(self.server.socket)
2024-09-12T02:21:33.046 INFO:journalctl@ceph.mon.a.smithi001.stdout: File "/lib/python3.9/site-packages/cheroot/connections.py", line 300, in _from_server_socket
2024-09-12T02:21:33.046 INFO:journalctl@ceph.mon.a.smithi001.stdout: s, ssl_env = self.server.ssl_adapter.wrap(s)
2024-09-12T02:21:33.046 INFO:journalctl@ceph.mon.a.smithi001.stdout: File "/lib/python3.9/site-packages/cheroot/ssl/builtin.py", line 277, in wrap
2024-09-12T02:21:33.046 INFO:journalctl@ceph.mon.a.smithi001.stdout: s = self.context.wrap_socket(
2024-09-12T02:21:33.046 INFO:journalctl@ceph.mon.a.smithi001.stdout: File "/lib64/python3.9/ssl.py", line 501, in wrap_socket
2024-09-12T02:21:33.047 INFO:journalctl@ceph.mon.a.smithi001.stdout: return self.sslsocket_class._create(
2024-09-12T02:21:33.047 INFO:journalctl@ceph.mon.a.smithi001.stdout: File "/lib64/python3.9/ssl.py", line 1074, in _create
2024-09-12T02:21:33.047 INFO:journalctl@ceph.mon.a.smithi001.stdout: self.do_handshake()
2024-09-12T02:21:33.047 INFO:journalctl@ceph.mon.a.smithi001.stdout: File "/lib64/python3.9/ssl.py", line 1343, in do_handshake
2024-09-12T02:21:33.047 INFO:journalctl@ceph.mon.a.smithi001.stdout: self._sslobj.do_handshake()
2024-09-12T02:21:33.047 INFO:journalctl@ceph.mon.a.smithi001.stdout: ssl.SSLZeroReturnError: TLS/SSL connection has been closed (EOF) (_ssl.c:1133)
2024-09-12T02:21:33.619 INFO:teuthology.orchestra.run.smithi001.stdout:/usr/bin/ceph: stdout value unchanged
2024-09-12T02:21:33.620 INFO:teuthology.orchestra.run.smithi001.stdout:/usr/bin/ceph: stderr
2024-09-12T02:21:32.858+0000 7ffbc7483640 1 Processor -- start
2024-09-12T02:21:33.620 INFO:teuthology.orchestra.run.smithi001.stdout:/usr/bin/ceph: stderr
2024-09-12T02:21:32.858+0000 7ffbc7483640 1 -- start start
2024-09-12T02:21:33.620 INFO:teuthology.orchestra.run.smithi001.stdout:/usr/bin/ceph: stderr
2024-09-12T02:21:32.858+0000 7ffbc7483640 1 --2- >> [v2:172.21.15.1:3300/0,v1:172.21.15.1:6789/0] conn(0x7ffbc0108080 0x7ffbc010a470 unknown :-1 s=NONE pgs=0 cs=0 l=0 rev1=0 crypto rx=0 tx=0 comp rx=0 tx=0).connect
2024-09-12T02:21:33.620 INFO:teuthology.orchestra.run.smithi001.stdout:/usr/bin/ceph: stderr
2024-09-12T02:21:32.858+0000 7ffbc7483640 1 -- --> [v2:172.21.15.1:3300/0,v1:172.21.15.1:6789/0] -- mon_getmap magic: 0 -- 0x7ffbc007bde0 con 0x7ffbc0108080
2024-09-12T02:21:33.620 INFO:teuthology.orchestra.run.smithi001.stdout:/usr/bin/ceph: stderr
2024-09-12T02:21:32.858+0000 7ffbc521f640 1 --2- >> [v2:172.21.15.1:3300/0,v1:172.21.15.1:6789/0] conn(0x7ffbc0108080 0x7ffbc010a470 unknown :-1 s=BANNER_CONNECTING pgs=0 cs=0 l=0 rev1=0 crypto rx=0 tx=0 comp rx=0 tx=0)._handle_peer_banner_payload supported=3 required=0
2024-09-12T02:21:33.620 INFO:teuthology.orchestra.run.smithi001.stdout:/usr/bin/ceph: stderr
2024-09-12T02:21:32.858+0000 7ffbc521f640 1 --2- >> [v2:172.21.15.1:3300/0,v1:172.21.15.1:6789/0] conn(0x7ffbc0108080 0x7ffbc010a470 unknown :-1 s=HELLO_CONNECTING pgs=0 cs=0 l=0 rev1=1 crypto rx=0 tx=0 comp rx=0 tx=0).handle_hello peer v2:172.21.15.1:3300/0 says I am v2:172.21.15.1:50434/0 (socket says 172.21.15.1:50434)
2024-09-12T02:21:33.620 INFO:teuthology.orchestra.run.smithi001.stdout:/usr/bin/ceph: stderr
2024-09-12T02:21:32.858+0000 7ffbc521f640 1 -- 172.21.15.1:0/1778389152 learned_addr learned my addr 172.21.15.1:0/1778389152 (peer_addr_for_me v2:172.21.15.1:0/0)
2024-09-12T02:21:33.620 INFO:teuthology.orchestra.run.smithi001.stdout:/usr/bin/ceph: stderr
2024-09-12T02:21:32.859+0000 7ffbc521f640 1 -- 172.21.15.1:0/1778389152 --> [v2:172.21.15.1:3300/0,v1:172.21.15.1:6789/0] -- mon_subscribe({config=0+,monmap=0+}) -- 0x7ffbc010a9b0 con 0x7ffbc0108080
2024-09-12T02:21:33.620 INFO:teuthology.orchestra.run.smithi001.stdout:/usr/bin/ceph: stderr
2024-09-12T02:21:32.859+0000 7ffbc521f640 1 --2- 172.21.15.1:0/1778389152 >> [v2:172.21.15.1:3300/0,v1:172.21.15.1:6789/0] conn(0x7ffbc0108080 0x7ffbc010a470 secure :-1 s=READY pgs=37 cs=0 l=1 rev1=1 crypto rx=0x7ffbbc009820 tx=0x7ffbbc02a270 comp rx=0 tx=0).ready entity=mon.0 client_cookie=ece0af92f2cebe9b server_cookie=0 in_seq=0 out_seq=0
2024-09-12T02:21:33.620 INFO:teuthology.orchestra.run.smithi001.stdout:/usr/bin/ceph: stderr
2024-09-12T02:21:32.859+0000 7ffbb7fff640 1 -- 172.21.15.1:0/1778389152 <== mon.0 v2:172.21.15.1:3300/0 1 ==== mon_map magic: 0 ==== 205+0+0 (secure 0 0 0) 0x7ffbbc037070 con 0x7ffbc0108080
2024-09-12T02:21:33.620 INFO:teuthology.orchestra.run.smithi001.stdout:/usr/bin/ceph: stderr
2024-09-12T02:21:32.859+0000 7ffbb7fff640 1 -- 172.21.15.1:0/1778389152 <== mon.0 v2:172.21.15.1:3300/0 2 ==== config(27 keys) ==== 1109+0+0 (secure 0 0 0) 0x7ffbbc032900 con 0x7ffbc0108080
2024-09-12T02:21:33.621 INFO:teuthology.orchestra.run.smithi001.stdout:/usr/bin/ceph: stderr
2024-09-12T02:21:32.860+0000 7ffbb7fff640 1 -- 172.21.15.1:0/1778389152 <== mon.0 v2:172.21.15.1:3300/0 3 ==== mon_map magic: 0 ==== 205+0+0 (secure 0 0 0) 0x7ffbbc030850 con 0x7ffbc0108080
2024-09-12T02:21:33.621 INFO:teuthology.orchestra.run.smithi001.stdout:/usr/bin/ceph: stderr
2024-09-12T02:21:32.860+0000 7ffbc7483640 1 -- 172.21.15.1:0/1778389152 >> [v2:172.21.15.1:3300/0,v1:172.21.15.1:6789/0] conn(0x7ffbc0108080 msgr2=0x7ffbc010a470 secure :-1 s=STATE_CONNECTION_ESTABLISHED l=1).mark_down
2024-09-12T02:21:33.621 INFO:teuthology.orchestra.run.smithi001.stdout:/usr/bin/ceph: stderr
2024-09-12T02:21:32.860+0000 7ffbc7483640 1 --2- 172.21.15.1:0/1778389152 >> [v2:172.21.15.1:3300/0,v1:172.21.15.1:6789/0] conn(0x7ffbc0108080 0x7ffbc010a470 secure :-1 s=READY pgs=37 cs=0 l=1 rev1=1 crypto rx=0x7ffbbc009820 tx=0x7ffbbc02a270 comp rx=0 tx=0).stop
2024-09-12T02:21:33.621 INFO:teuthology.orchestra.run.smithi001.stdout:/usr/bin/ceph: stderr
2024-09-12T02:21:32.860+0000 7ffbc7483640 1 -- 172.21.15.1:0/1778389152 shutdown_connections
2024-09-12T02:21:33.621 INFO:teuthology.orchestra.run.smithi001.stdout:/usr/bin/ceph: stderr
2024-09-12T02:21:32.860+0000 7ffbc7483640 1 --2- 172.21.15.1:0/1778389152 >> [v2:172.21.15.1:3300/0,v1:172.21.15.1:6789/0] conn(0x7ffbc0108080 0x7ffbc010a470 unknown :-1 s=CLOSED pgs=37 cs=0 l=1 rev1=1 crypto rx=0 tx=0 comp rx=0 tx=0).stop
2024-09-12T02:21:33.621 INFO:teuthology.orchestra.run.smithi001.stdout:/usr/bin/ceph: stderr
2024-09-12T02:21:32.860+0000 7ffbc7483640 1 -- 172.21.15.1:0/1778389152 >> 172.21.15.1:0/1778389152 conn(0x7ffbc0101c60 msgr2=0x7ffbc0104080 unknown :-1 s=STATE_NONE l=0).mark_down
2024-09-12T02:21:33.621 INFO:teuthology.orchestra.run.smithi001.stdout:/usr/bin/ceph: stderr
2024-09-12T02:21:32.860+0000 7ffbc7483640 1 -- 172.21.15.1:0/1778389152 shutdown_connections
2024-09-12T02:21:33.621 INFO:teuthology.orchestra.run.smithi001.stdout:/usr/bin/ceph: stderr
2024-09-12T02:21:32.860+0000 7ffbc7483640 1 -- 172.21.15.1:0/1778389152 wait complete.
2024-09-12T02:21:33.621 INFO:teuthology.orchestra.run.smithi001.stdout:/usr/bin/ceph: stderr
2024-09-12T02:21:32.861+0000 7ffbc7483640 1 Processor -- start
2024-09-12T02:21:33.621 INFO:teuthology.orchestra.run.smithi001.stdout:/usr/bin/ceph: stderr
2024-09-12T02:21:32.861+0000 7ffbc7483640 1 -- start start
2024-09-12T02:21:33.621 INFO:teuthology.orchestra.run.smithi001.stdout:/usr/bin/ceph: stderr
2024-09-12T02:21:32.861+0000 7ffbc7483640 1 --2- >> [v2:172.21.15.1:3300/0,v1:172.21.15.1:6789/0] conn(0x7ffbc0108080 0x7ffbc019b840 unknown :-1 s=NONE pgs=0 cs=0 l=1 rev1=0 crypto rx=0 tx=0 comp rx=0 tx=0).connect
2024-09-12T02:21:33.621 INFO:teuthology.orchestra.run.smithi001.stdout:/usr/bin/ceph: stderr
2024-09-12T02:21:32.861+0000 7ffbc7483640 1 -- --> [v2:172.21.15.1:3300/0,v1:172.21.15.1:6789/0] -- mon_getmap magic: 0 -- 0x7ffbc010b990 con 0x7ffbc0108080
2024-09-12T02:21:33.621 INFO:teuthology.orchestra.run.smithi001.stdout:/usr/bin/ceph: stderr
2024-09-12T02:21:32.861+0000 7ffbc521f640 1 --2- >> [v2:172.21.15.1:3300/0,v1:172.21.15.1:6789/0] conn(0x7ffbc0108080 0x7ffbc019b840 unknown :-1 s=BANNER_CONNECTING pgs=0 cs=0 l=1 rev1=0 crypto rx=0 tx=0 comp rx=0 tx=0)._handle_peer_banner_payload supported=3 required=0
2024-09-12T02:21:33.621 INFO:teuthology.orchestra.run.smithi001.stdout:/usr/bin/ceph: stderr
2024-09-12T02:21:32.861+0000 7ffbc521f640 1 --2- >> [v2:172.21.15.1:3300/0,v1:172.21.15.1:6789/0] conn(0x7ffbc0108080 0x7ffbc019b840 unknown :-1 s=HELLO_CONNECTING pgs=0 cs=0 l=1 rev1=1 crypto rx=0 tx=0 comp rx=0 tx=0).handle_hello peer v2:172.21.15.1:3300/0 says I am v2:172.21.15.1:50448/0 (socket says 172.21.15.1:50448)
2024-09-12T02:21:33.622 INFO:teuthology.orchestra.run.smithi001.stdout:/usr/bin/ceph: stderr
2024-09-12T02:21:32.861+0000 7ffbc521f640 1 -- 172.21.15.1:0/1302743918 learned_addr learned my addr 172.21.15.1:0/1302743918 (peer_addr_for_me v2:172.21.15.1:0/0)
2024-09-12T02:21:33.622 INFO:teuthology.orchestra.run.smithi001.stdout:/usr/bin/ceph: stderr
2024-09-12T02:21:32.861+0000 7ffbc521f640 1 -- 172.21.15.1:0/1302743918 --> [v2:172.21.15.1:3300/0,v1:172.21.15.1:6789/0] -- mon_subscribe({config=0+,monmap=0+}) -- 0x7ffbc019bd80 con 0x7ffbc0108080
2024-09-12T02:21:33.622 INFO:teuthology.orchestra.run.smithi001.stdout:/usr/bin/ceph: stderr
2024-09-12T02:21:32.861+0000 7ffbc521f640 1 --2- 172.21.15.1:0/1302743918 >> [v2:172.21.15.1:3300/0,v1:172.21.15.1:6789/0] conn(0x7ffbc0108080 0x7ffbc019b840 secure :-1 s=READY pgs=38 cs=0 l=1 rev1=1 crypto rx=0x7ffbbc032ce0 tx=0x7ffbbc032d10 comp rx=0 tx=0).ready entity=mon.0 client_cookie=0 server_cookie=0 in_seq=0 out_seq=0
2024-09-12T02:21:33.622 INFO:teuthology.orchestra.run.smithi001.stdout:/usr/bin/ceph: stderr
2024-09-12T02:21:32.862+0000 7ffbb67fc640 1 -- 172.21.15.1:0/1302743918 <== mon.0 v2:172.21.15.1:3300/0 1 ==== mon_map magic: 0 ==== 205+0+0 (secure 0 0 0) 0x7ffbbc042070 con 0x7ffbc0108080
2024-09-12T02:21:33.622 INFO:teuthology.orchestra.run.smithi001.stdout:/usr/bin/ceph: stderr
2024-09-12T02:21:32.862+0000 7ffbb67fc640 1 -- 172.21.15.1:0/1302743918 <== mon.0 v2:172.21.15.1:3300/0 2 ==== config(27 keys) ==== 1109+0+0 (secure 0 0 0) 0x7ffbbc0308c0 con 0x7ffbc0108080
2024-09-12T02:21:33.622 INFO:teuthology.orchestra.run.smithi001.stdout:/usr/bin/ceph: stderr
2024-09-12T02:21:32.862+0000 7ffbc7483640 1 -- 172.21.15.1:0/1302743918 --> [v2:172.21.15.1:3300/0,v1:172.21.15.1:6789/0] -- mon_subscribe({mgrmap=0+}) -- 0x7ffbc019c010 con 0x7ffbc0108080
2024-09-12T02:21:33.622 INFO:teuthology.orchestra.run.smithi001.stdout:/usr/bin/ceph: stderr
2024-09-12T02:21:32.862+0000 7ffbb67fc640 1 -- 172.21.15.1:0/1302743918 <== mon.0 v2:172.21.15.1:3300/0 3 ==== mon_map magic: 0 ==== 205+0+0 (secure 0 0 0) 0x7ffbbc037040 con 0x7ffbc0108080
2024-09-12T02:21:33.622 INFO:teuthology.orchestra.run.smithi001.stdout:/usr/bin/ceph: stderr
2024-09-12T02:21:32.862+0000 7ffbc7483640 1 -- 172.21.15.1:0/1302743918 --> [v2:172.21.15.1:3300/0,v1:172.21.15.1:6789/0] -- mon_subscribe({osdmap=0}) -- 0x7ffbc019ed00 con 0x7ffbc0108080
2024-09-12T02:21:33.622 INFO:teuthology.orchestra.run.smithi001.stdout:/usr/bin/ceph: stderr
2024-09-12T02:21:32.863+0000 7ffbb67fc640 1 -- 172.21.15.1:0/1302743918 <== mon.0 v2:172.21.15.1:3300/0 4 ==== mgrmap(e 8) ==== 46287+0+0 (secure 0 0 0) 0x7ffbbc045070 con 0x7ffbc0108080
2024-09-12T02:21:33.622 INFO:teuthology.orchestra.run.smithi001.stdout:/usr/bin/ceph: stderr
2024-09-12T02:21:32.863+0000 7ffbb67fc640 1 --2- 172.21.15.1:0/1302743918 >> [v2:172.21.15.1:6800/556592053,v1:172.21.15.1:6801/556592053] conn(0x7ffbac038fc0 0x7ffbac03b480 unknown :-1 s=NONE pgs=0 cs=0 l=1 rev1=0 crypto rx=0 tx=0 comp rx=0 tx=0).connect
2024-09-12T02:21:33.622 INFO:teuthology.orchestra.run.smithi001.stdout:/usr/bin/ceph: stderr
2024-09-12T02:21:32.863+0000 7ffbc7483640 1 -- 172.21.15.1:0/1302743918 --> [v2:172.21.15.1:3300/0,v1:172.21.15.1:6789/0] -- mon_command({"prefix": "get_command_descriptions"} v 0) -- 0x7ffbc01084e0 con 0x7ffbc0108080
2024-09-12T02:21:33.622 INFO:teuthology.orchestra.run.smithi001.stdout:/usr/bin/ceph: stderr
2024-09-12T02:21:32.863+0000 7ffbb67fc640 1 -- 172.21.15.1:0/1302743918 <== mon.0 v2:172.21.15.1:3300/0 5 ==== osd_map(2..2 src has 1..2) ==== 940+0+0 (secure 0 0 0) 0x7ffbbc06c180 con 0x7ffbc0108080
2024-09-12T02:21:33.622 INFO:teuthology.orchestra.run.smithi001.stdout:/usr/bin/ceph: stderr
2024-09-12T02:21:32.863+0000 7ffbc4a1e640 1 --2- 172.21.15.1:0/1302743918 >> [v2:172.21.15.1:6800/556592053,v1:172.21.15.1:6801/556592053] conn(0x7ffbac038fc0 0x7ffbac03b480 unknown :-1 s=BANNER_CONNECTING pgs=0 cs=0 l=1 rev1=0 crypto rx=0 tx=0 comp rx=0 tx=0)._handle_peer_banner_payload supported=3 required=0
2024-09-12T02:21:33.623 INFO:teuthology.orchestra.run.smithi001.stdout:/usr/bin/ceph: stderr
2024-09-12T02:21:32.863+0000 7ffbc4a1e640 1 --2- 172.21.15.1:0/1302743918 >> [v2:172.21.15.1:6800/556592053,v1:172.21.15.1:6801/556592053] conn(0x7ffbac038fc0 0x7ffbac03b480 secure :-1 s=READY pgs=8 cs=0 l=1 rev1=1 crypto rx=0x7ffbb00098c0 tx=0x7ffbb0006db0 comp rx=0 tx=0).ready entity=mgr.14118 client_cookie=0 server_cookie=0 in_seq=0 out_seq=0
2024-09-12T02:21:33.623 INFO:teuthology.orchestra.run.smithi001.stdout:/usr/bin/ceph: stderr
2024-09-12T02:21:32.868+0000 7ffbb67fc640 1 -- 172.21.15.1:0/1302743918 <== mon.0 v2:172.21.15.1:3300/0 6 ==== mon_command_ack([{"prefix": "get_command_descriptions"}]=0 v0) ==== 72+0+188821 (secure 0 0 0) 0x7ffbbc03cc50 con 0x7ffbc0108080
2024-09-12T02:21:33.623 INFO:teuthology.orchestra.run.smithi001.stdout:/usr/bin/ceph: stderr
2024-09-12T02:21:33.045+0000 7ffbc7483640 1 -- 172.21.15.1:0/1302743918 --> [v2:172.21.15.1:6800/556592053,v1:172.21.15.1:6801/556592053] -- mgr_command(tid 0: {"prefix": "cephadm set-user", "user": "root", "target": ["mon-mgr", ""]}) -- 0x7ffbc0062630 con 0x7ffbac038fc0
2024-09-12T02:21:33.623 INFO:teuthology.orchestra.run.smithi001.stdout:/usr/bin/ceph: stderr
2024-09-12T02:21:33.045+0000 7ffbb67fc640 1 -- 172.21.15.1:0/1302743918 <== mgr.14118 v2:172.21.15.1:6800/556592053 1 ==== mgr_command_reply(tid 0: 0 ) ==== 8+0+16 (secure 0 0 0) 0x7ffbc0062630 con 0x7ffbac038fc0
2024-09-12T02:21:33.623 INFO:teuthology.orchestra.run.smithi001.stdout:/usr/bin/ceph: stderr
2024-09-12T02:21:33.047+0000 7ffbc7483640 1 -- 172.21.15.1:0/1302743918 >> [v2:172.21.15.1:6800/556592053,v1:172.21.15.1:6801/556592053] conn(0x7ffbac038fc0 msgr2=0x7ffbac03b480 secure :-1 s=STATE_CONNECTION_ESTABLISHED l=1).mark_down
2024-09-12T02:21:33.623 INFO:teuthology.orchestra.run.smithi001.stdout:/usr/bin/ceph: stderr
2024-09-12T02:21:33.047+0000 7ffbc7483640 1 --2- 172.21.15.1:0/1302743918 >> [v2:172.21.15.1:6800/556592053,v1:172.21.15.1:6801/556592053] conn(0x7ffbac038fc0 0x7ffbac03b480 secure :-1 s=READY pgs=8 cs=0 l=1 rev1=1 crypto rx=0x7ffbb00098c0 tx=0x7ffbb0006db0 comp rx=0 tx=0).stop
2024-09-12T02:21:33.623 INFO:teuthology.orchestra.run.smithi001.stdout:/usr/bin/ceph: stderr
2024-09-12T02:21:33.047+0000 7ffbc7483640 1 -- 172.21.15.1:0/1302743918 >> [v2:172.21.15.1:3300/0,v1:172.21.15.1:6789/0] conn(0x7ffbc0108080 msgr2=0x7ffbc019b840 secure :-1 s=STATE_CONNECTION_ESTABLISHED l=1).mark_down
2024-09-12T02:21:33.623 INFO:teuthology.orchestra.run.smithi001.stdout:/usr/bin/ceph: stderr
2024-09-12T02:21:33.047+0000 7ffbc7483640 1 --2- 172.21.15.1:0/1302743918 >> [v2:172.21.15.1:3300/0,v1:172.21.15.1:6789/0] conn(0x7ffbc0108080 0x7ffbc019b840 secure :-1 s=READY pgs=38 cs=0 l=1 rev1=1 crypto rx=0x7ffbbc032ce0 tx=0x7ffbbc032d10 comp rx=0 tx=0).stop
2024-09-12T02:21:33.623 INFO:teuthology.orchestra.run.smithi001.stdout:/usr/bin/ceph: stderr
2024-09-12T02:21:33.047+0000 7ffbc7483640 1 -- 172.21.15.1:0/1302743918 shutdown_connections
2024-09-12T02:21:33.623 INFO:teuthology.orchestra.run.smithi001.stdout:/usr/bin/ceph: stderr
2024-09-12T02:21:33.047+0000 7ffbc7483640 1 --2- 172.21.15.1:0/1302743918 >> [v2:172.21.15.1:6800/556592053,v1:172.21.15.1:6801/556592053] conn(0x7ffbac038fc0 0x7ffbac03b480 unknown :-1 s=CLOSED pgs=8 cs=0 l=1 rev1=1 crypto rx=0 tx=0 comp rx=0 tx=0).stop
2024-09-12T02:21:33.623 INFO:teuthology.orchestra.run.smithi001.stdout:/usr/bin/ceph: stderr
2024-09-12T02:21:33.047+0000 7ffbc7483640 1 --2- 172.21.15.1:0/1302743918 >> [v2:172.21.15.1:3300/0,v1:172.21.15.1:6789/0] conn(0x7ffbc0108080 0x7ffbc019b840 unknown :-1 s=CLOSED pgs=38 cs=0 l=1 rev1=1 crypto rx=0 tx=0 comp rx=0 tx=0).stop
2024-09-12T02:21:33.623 INFO:teuthology.orchestra.run.smithi001.stdout:/usr/bin/ceph: stderr
2024-09-12T02:21:33.047+0000 7ffbc7483640 1 -- 172.21.15.1:0/1302743918 >> 172.21.15.1:0/1302743918 conn(0x7ffbc0101c60 msgr2=0x7ffbc0102980 unknown :-1 s=STATE_NONE l=0).mark_down
2024-09-12T02:21:33.623 INFO:teuthology.orchestra.run.smithi001.stdout:/usr/bin/ceph: stderr
2024-09-12T02:21:33.048+0000 7ffbc7483640 1 -- 172.21.15.1:0/1302743918 shutdown_connections
2024-09-12T02:21:33.623 INFO:teuthology.orchestra.run.smithi001.stdout:/usr/bin/ceph: stderr
2024-09-12T02:21:33.048+0000 7ffbc7483640 1 -- 172.21.15.1:0/1302743918 wait complete.
2024-09-12T02:21:33.624 INFO:teuthology.orchestra.run.smithi001.stdout:Generating ssh key...
2024-09-12T02:21:34.191 INFO:journalctl@ceph.mon.a.smithi001.stdout:Sep 12 02:21:33 smithi001 ceph-mon[31252]: from='client.14132 -' entity='client.admin' cmd=[{"prefix": "cephadm set-user", "user": "root", "target": ["mon-mgr", ""]}]: dispatch
2024-09-12T02:21:34.876 INFO:journalctl@ceph.mgr.x.smithi001.stdout:Sep 12 02:21:34 smithi001 ceph-877143dc-70ad-11ef-bcea-c7b262605968-mgr-x[31476]: Generating public/private rsa key pair.
2024-09-12T02:21:34.876 INFO:journalctl@ceph.mgr.x.smithi001.stdout:Sep 12 02:21:34 smithi001 ceph-877143dc-70ad-11ef-bcea-c7b262605968-mgr-x[31476]: Your identification has been saved in /tmp/tmpu7ntf7cm/key
2024-09-12T02:21:34.877 INFO:journalctl@ceph.mgr.x.smithi001.stdout:Sep 12 02:21:34 smithi001 ceph-877143dc-70ad-11ef-bcea-c7b262605968-mgr-x[31476]: Your public key has been saved in /tmp/tmpu7ntf7cm/key.pub
2024-09-12T02:21:34.877 INFO:journalctl@ceph.mgr.x.smithi001.stdout:Sep 12 02:21:34 smithi001 ceph-877143dc-70ad-11ef-bcea-c7b262605968-mgr-x[31476]: The key fingerprint is:
2024-09-12T02:21:34.877 INFO:journalctl@ceph.mgr.x.smithi001.stdout:Sep 12 02:21:34 smithi001 ceph-877143dc-70ad-11ef-bcea-c7b262605968-mgr-x[31476]: SHA256:JFFy3u1O2n9zdFY0G/21IiAQUvP2hRrVg6GBWOJIm20 ceph-877143dc-70ad-11ef-bcea-c7b262605968
2024-09-12T02:21:34.877 INFO:journalctl@ceph.mgr.x.smithi001.stdout:Sep 12 02:21:34 smithi001 ceph-877143dc-70ad-11ef-bcea-c7b262605968-mgr-x[31476]: The key's randomart image is:
2024-09-12T02:21:34.877 INFO:journalctl@ceph.mgr.x.smithi001.stdout:Sep 12 02:21:34 smithi001 ceph-877143dc-70ad-11ef-bcea-c7b262605968-mgr-x[31476]: +---[RSA 3072]----+
2024-09-12T02:21:34.877 INFO:journalctl@ceph.mgr.x.smithi001.stdout:Sep 12 02:21:34 smithi001 ceph-877143dc-70ad-11ef-bcea-c7b262605968-mgr-x[31476]: | . o+**ooo+ .|
2024-09-12T02:21:34.877 INFO:journalctl@ceph.mgr.x.smithi001.stdout:Sep 12 02:21:34 smithi001 ceph-877143dc-70ad-11ef-bcea-c7b262605968-mgr-x[31476]: |. *.o.o*++.+ o+|
2024-09-12T02:21:34.877 INFO:journalctl@ceph.mgr.x.smithi001.stdout:Sep 12 02:21:34 smithi001 ceph-877143dc-70ad-11ef-bcea-c7b262605968-mgr-x[31476]: | + E .=+.o.o .B|
2024-09-12T02:21:34.877 INFO:journalctl@ceph.mgr.x.smithi001.stdout:Sep 12 02:21:34 smithi001 ceph-877143dc-70ad-11ef-bcea-c7b262605968-mgr-x[31476]: | . .o+ .o . oo|
2024-09-12T02:21:34.877 INFO:journalctl@ceph.mgr.x.smithi001.stdout:Sep 12 02:21:34 smithi001 ceph-877143dc-70ad-11ef-bcea-c7b262605968-mgr-x[31476]: | .S. + . .|
2024-09-12T02:21:34.877 INFO:journalctl@ceph.mgr.x.smithi001.stdout:Sep 12 02:21:34 smithi001 ceph-877143dc-70ad-11ef-bcea-c7b262605968-mgr-x[31476]: | = +|
2024-09-12T02:21:34.877 INFO:journalctl@ceph.mgr.x.smithi001.stdout:Sep 12 02:21:34 smithi001 ceph-877143dc-70ad-11ef-bcea-c7b262605968-mgr-x[31476]: | . o o.|
2024-09-12T02:21:34.877 INFO:journalctl@ceph.mgr.x.smithi001.stdout:Sep 12 02:21:34 smithi001 ceph-877143dc-70ad-11ef-bcea-c7b262605968-mgr-x[31476]: | . .o|
2024-09-12T02:21:34.877 INFO:journalctl@ceph.mgr.x.smithi001.stdout:Sep 12 02:21:34 smithi001 ceph-877143dc-70ad-11ef-bcea-c7b262605968-mgr-x[31476]: | ..o|
2024-09-12T02:21:34.878 INFO:journalctl@ceph.mgr.x.smithi001.stdout:Sep 12 02:21:34 smithi001 ceph-877143dc-70ad-11ef-bcea-c7b262605968-mgr-x[31476]: +----[SHA256]-----+
2024-09-12T02:21:35.260 INFO:teuthology.orchestra.run.smithi001.stdout:/usr/bin/ceph: stderr
2024-09-12T02:21:34.001+0000 7f31fd7e5640 1 Processor -- start
2024-09-12T02:21:35.260 INFO:teuthology.orchestra.run.smithi001.stdout:/usr/bin/ceph: stderr
2024-09-12T02:21:34.001+0000 7f31fd7e5640 1 -- start start
2024-09-12T02:21:35.260 INFO:teuthology.orchestra.run.smithi001.stdout:/usr/bin/ceph: stderr
2024-09-12T02:21:34.001+0000 7f31fd7e5640 1 --2- >> [v2:172.21.15.1:3300/0,v1:172.21.15.1:6789/0] conn(0x7f31f807dde0 0x7f31f807c290 unknown :-1 s=NONE pgs=0 cs=0 l=0 rev1=0 crypto rx=0 tx=0 comp rx=0 tx=0).connect
2024-09-12T02:21:35.261 INFO:teuthology.orchestra.run.smithi001.stdout:/usr/bin/ceph: stderr
2024-09-12T02:21:34.001+0000 7f31fd7e5640 1 -- --> [v2:172.21.15.1:3300/0,v1:172.21.15.1:6789/0] -- mon_getmap magic: 0 -- 0x7f31f807c7d0 con 0x7f31f807dde0
2024-09-12T02:21:35.261 INFO:teuthology.orchestra.run.smithi001.stdout:/usr/bin/ceph: stderr
2024-09-12T02:21:34.001+0000 7f31f6ffd640 1 --2- >> [v2:172.21.15.1:3300/0,v1:172.21.15.1:6789/0] conn(0x7f31f807dde0 0x7f31f807c290 unknown :-1 s=BANNER_CONNECTING pgs=0 cs=0 l=0 rev1=0 crypto rx=0 tx=0 comp rx=0 tx=0)._handle_peer_banner_payload supported=3 required=0
2024-09-12T02:21:35.261 INFO:teuthology.orchestra.run.smithi001.stdout:/usr/bin/ceph: stderr
2024-09-12T02:21:34.001+0000 7f31f6ffd640 1 --2- >> [v2:172.21.15.1:3300/0,v1:172.21.15.1:6789/0] conn(0x7f31f807dde0 0x7f31f807c290 unknown :-1 s=HELLO_CONNECTING pgs=0 cs=0 l=0 rev1=1 crypto rx=0 tx=0 comp rx=0 tx=0).handle_hello peer v2:172.21.15.1:3300/0 says I am v2:172.21.15.1:50452/0 (socket says 172.21.15.1:50452)
2024-09-12T02:21:35.261 INFO:teuthology.orchestra.run.smithi001.stdout:/usr/bin/ceph: stderr
