2024-09-12T02:21:34.001+0000 7f31f6ffd640 1 -- 172.21.15.1:0/2115181095 learned_addr learned my addr 172.21.15.1:0/2115181095 (peer_addr_for_me v2:172.21.15.1:0/0)
2024-09-12T02:21:35.261 INFO:teuthology.orchestra.run.smithi001.stdout:/usr/bin/ceph: stderr
2024-09-12T02:21:34.002+0000 7f31f6ffd640 1 -- 172.21.15.1:0/2115181095 --> [v2:172.21.15.1:3300/0,v1:172.21.15.1:6789/0] -- mon_subscribe({config=0+,monmap=0+}) -- 0x7f31f807c950 con 0x7f31f807dde0
2024-09-12T02:21:35.261 INFO:teuthology.orchestra.run.smithi001.stdout:/usr/bin/ceph: stderr
2024-09-12T02:21:34.002+0000 7f31f6ffd640 1 --2- 172.21.15.1:0/2115181095 >> [v2:172.21.15.1:3300/0,v1:172.21.15.1:6789/0] conn(0x7f31f807dde0 0x7f31f807c290 secure :-1 s=READY pgs=39 cs=0 l=1 rev1=1 crypto rx=0x7f31e8009820 tx=0x7f31e802a270 comp rx=0 tx=0).ready entity=mon.0 client_cookie=729c6dbd2d612d70 server_cookie=0 in_seq=0 out_seq=0
2024-09-12T02:21:35.261 INFO:teuthology.orchestra.run.smithi001.stdout:/usr/bin/ceph: stderr
2024-09-12T02:21:34.003+0000 7f31f67fc640 1 -- 172.21.15.1:0/2115181095 <== mon.0 v2:172.21.15.1:3300/0 1 ==== mon_map magic: 0 ==== 205+0+0 (secure 0 0 0) 0x7f31e8037070 con 0x7f31f807dde0
2024-09-12T02:21:35.261 INFO:teuthology.orchestra.run.smithi001.stdout:/usr/bin/ceph: stderr
2024-09-12T02:21:34.003+0000 7f31f67fc640 1 -- 172.21.15.1:0/2115181095 <== mon.0 v2:172.21.15.1:3300/0 2 ==== config(27 keys) ==== 1109+0+0 (secure 0 0 0) 0x7f31e8032900 con 0x7f31f807dde0
2024-09-12T02:21:35.261 INFO:teuthology.orchestra.run.smithi001.stdout:/usr/bin/ceph: stderr
2024-09-12T02:21:34.003+0000 7f31f67fc640 1 -- 172.21.15.1:0/2115181095 <== mon.0 v2:172.21.15.1:3300/0 3 ==== mon_map magic: 0 ==== 205+0+0 (secure 0 0 0) 0x7f31e8030850 con 0x7f31f807dde0
2024-09-12T02:21:35.261 INFO:teuthology.orchestra.run.smithi001.stdout:/usr/bin/ceph: stderr
2024-09-12T02:21:34.003+0000 7f31fd7e5640 1 -- 172.21.15.1:0/2115181095 >> [v2:172.21.15.1:3300/0,v1:172.21.15.1:6789/0] conn(0x7f31f807dde0 msgr2=0x7f31f807c290 secure :-1 s=STATE_CONNECTION_ESTABLISHED l=1).mark_down
2024-09-12T02:21:35.261 INFO:teuthology.orchestra.run.smithi001.stdout:/usr/bin/ceph: stderr
2024-09-12T02:21:34.003+0000 7f31fd7e5640 1 --2- 172.21.15.1:0/2115181095 >> [v2:172.21.15.1:3300/0,v1:172.21.15.1:6789/0] conn(0x7f31f807dde0 0x7f31f807c290 secure :-1 s=READY pgs=39 cs=0 l=1 rev1=1 crypto rx=0x7f31e8009820 tx=0x7f31e802a270 comp rx=0 tx=0).stop
2024-09-12T02:21:35.261 INFO:teuthology.orchestra.run.smithi001.stdout:/usr/bin/ceph: stderr
2024-09-12T02:21:34.003+0000 7f31fd7e5640 1 -- 172.21.15.1:0/2115181095 shutdown_connections
2024-09-12T02:21:35.261 INFO:teuthology.orchestra.run.smithi001.stdout:/usr/bin/ceph: stderr
2024-09-12T02:21:34.003+0000 7f31fd7e5640 1 --2- 172.21.15.1:0/2115181095 >> [v2:172.21.15.1:3300/0,v1:172.21.15.1:6789/0] conn(0x7f31f807dde0 0x7f31f807c290 unknown :-1 s=CLOSED pgs=39 cs=0 l=1 rev1=1 crypto rx=0 tx=0 comp rx=0 tx=0).stop
2024-09-12T02:21:35.262 INFO:teuthology.orchestra.run.smithi001.stdout:/usr/bin/ceph: stderr
2024-09-12T02:21:34.003+0000 7f31fd7e5640 1 -- 172.21.15.1:0/2115181095 >> 172.21.15.1:0/2115181095 conn(0x7f31f8102dc0 msgr2=0x7f31f81051e0 unknown :-1 s=STATE_NONE l=0).mark_down
2024-09-12T02:21:35.262 INFO:teuthology.orchestra.run.smithi001.stdout:/usr/bin/ceph: stderr
2024-09-12T02:21:34.003+0000 7f31fd7e5640 1 -- 172.21.15.1:0/2115181095 shutdown_connections
2024-09-12T02:21:35.262 INFO:teuthology.orchestra.run.smithi001.stdout:/usr/bin/ceph: stderr
2024-09-12T02:21:34.003+0000 7f31fd7e5640 1 -- 172.21.15.1:0/2115181095 wait complete.
2024-09-12T02:21:35.262 INFO:teuthology.orchestra.run.smithi001.stdout:/usr/bin/ceph: stderr
2024-09-12T02:21:34.004+0000 7f31fd7e5640 1 Processor -- start
2024-09-12T02:21:35.262 INFO:teuthology.orchestra.run.smithi001.stdout:/usr/bin/ceph: stderr
2024-09-12T02:21:34.004+0000 7f31fd7e5640 1 -- start start
2024-09-12T02:21:35.262 INFO:teuthology.orchestra.run.smithi001.stdout:/usr/bin/ceph: stderr
2024-09-12T02:21:34.004+0000 7f31fd7e5640 1 --2- >> [v2:172.21.15.1:3300/0,v1:172.21.15.1:6789/0] conn(0x7f31f807dde0 0x7f31f819daa0 unknown :-1 s=NONE pgs=0 cs=0 l=1 rev1=0 crypto rx=0 tx=0 comp rx=0 tx=0).connect
2024-09-12T02:21:35.262 INFO:teuthology.orchestra.run.smithi001.stdout:/usr/bin/ceph: stderr
2024-09-12T02:21:34.004+0000 7f31fd7e5640 1 -- --> [v2:172.21.15.1:3300/0,v1:172.21.15.1:6789/0] -- mon_getmap magic: 0 -- 0x7f31f810dc20 con 0x7f31f807dde0
2024-09-12T02:21:35.262 INFO:teuthology.orchestra.run.smithi001.stdout:/usr/bin/ceph: stderr
2024-09-12T02:21:34.004+0000 7f31f6ffd640 1 --2- >> [v2:172.21.15.1:3300/0,v1:172.21.15.1:6789/0] conn(0x7f31f807dde0 0x7f31f819daa0 unknown :-1 s=BANNER_CONNECTING pgs=0 cs=0 l=1 rev1=0 crypto rx=0 tx=0 comp rx=0 tx=0)._handle_peer_banner_payload supported=3 required=0
2024-09-12T02:21:35.262 INFO:teuthology.orchestra.run.smithi001.stdout:/usr/bin/ceph: stderr
2024-09-12T02:21:34.004+0000 7f31f6ffd640 1 --2- >> [v2:172.21.15.1:3300/0,v1:172.21.15.1:6789/0] conn(0x7f31f807dde0 0x7f31f819daa0 unknown :-1 s=HELLO_CONNECTING pgs=0 cs=0 l=1 rev1=1 crypto rx=0 tx=0 comp rx=0 tx=0).handle_hello peer v2:172.21.15.1:3300/0 says I am v2:172.21.15.1:50466/0 (socket says 172.21.15.1:50466)
2024-09-12T02:21:35.262 INFO:teuthology.orchestra.run.smithi001.stdout:/usr/bin/ceph: stderr
2024-09-12T02:21:34.004+0000 7f31f6ffd640 1 -- 172.21.15.1:0/2742567575 learned_addr learned my addr 172.21.15.1:0/2742567575 (peer_addr_for_me v2:172.21.15.1:0/0)
2024-09-12T02:21:35.262 INFO:teuthology.orchestra.run.smithi001.stdout:/usr/bin/ceph: stderr
2024-09-12T02:21:34.004+0000 7f31f6ffd640 1 -- 172.21.15.1:0/2742567575 --> [v2:172.21.15.1:3300/0,v1:172.21.15.1:6789/0] -- mon_subscribe({config=0+,monmap=0+}) -- 0x7f31f819dfe0 con 0x7f31f807dde0
2024-09-12T02:21:35.262 INFO:teuthology.orchestra.run.smithi001.stdout:/usr/bin/ceph: stderr
2024-09-12T02:21:34.005+0000 7f31f6ffd640 1 --2- 172.21.15.1:0/2742567575 >> [v2:172.21.15.1:3300/0,v1:172.21.15.1:6789/0] conn(0x7f31f807dde0 0x7f31f819daa0 secure :-1 s=READY pgs=40 cs=0 l=1 rev1=1 crypto rx=0x7f31e8032ce0 tx=0x7f31e8032d10 comp rx=0 tx=0).ready entity=mon.0 client_cookie=0 server_cookie=0 in_seq=0 out_seq=0
2024-09-12T02:21:35.263 INFO:teuthology.orchestra.run.smithi001.stdout:/usr/bin/ceph: stderr
2024-09-12T02:21:34.005+0000 7f31f4ff9640 1 -- 172.21.15.1:0/2742567575 <== mon.0 v2:172.21.15.1:3300/0 1 ==== mon_map magic: 0 ==== 205+0+0 (secure 0 0 0) 0x7f31e8042070 con 0x7f31f807dde0
2024-09-12T02:21:35.263 INFO:teuthology.orchestra.run.smithi001.stdout:/usr/bin/ceph: stderr
2024-09-12T02:21:34.005+0000 7f31f4ff9640 1 -- 172.21.15.1:0/2742567575 <== mon.0 v2:172.21.15.1:3300/0 2 ==== config(27 keys) ==== 1109+0+0 (secure 0 0 0) 0x7f31e80308c0 con 0x7f31f807dde0
2024-09-12T02:21:35.263 INFO:teuthology.orchestra.run.smithi001.stdout:/usr/bin/ceph: stderr
2024-09-12T02:21:34.005+0000 7f31fd7e5640 1 -- 172.21.15.1:0/2742567575 --> [v2:172.21.15.1:3300/0,v1:172.21.15.1:6789/0] -- mon_subscribe({mgrmap=0+}) -- 0x7f31f819e270 con 0x7f31f807dde0
2024-09-12T02:21:35.263 INFO:teuthology.orchestra.run.smithi001.stdout:/usr/bin/ceph: stderr
2024-09-12T02:21:34.005+0000 7f31f4ff9640 1 -- 172.21.15.1:0/2742567575 <== mon.0 v2:172.21.15.1:3300/0 3 ==== mon_map magic: 0 ==== 205+0+0 (secure 0 0 0) 0x7f31e8037040 con 0x7f31f807dde0
2024-09-12T02:21:35.263 INFO:teuthology.orchestra.run.smithi001.stdout:/usr/bin/ceph: stderr
2024-09-12T02:21:34.005+0000 7f31fd7e5640 1 -- 172.21.15.1:0/2742567575 --> [v2:172.21.15.1:3300/0,v1:172.21.15.1:6789/0] -- mon_subscribe({osdmap=0}) -- 0x7f31f81a0f60 con 0x7f31f807dde0
2024-09-12T02:21:35.263 INFO:teuthology.orchestra.run.smithi001.stdout:/usr/bin/ceph: stderr
2024-09-12T02:21:34.006+0000 7f31f4ff9640 1 -- 172.21.15.1:0/2742567575 <== mon.0 v2:172.21.15.1:3300/0 4 ==== mgrmap(e 8) ==== 46287+0+0 (secure 0 0 0) 0x7f31e8045070 con 0x7f31f807dde0
2024-09-12T02:21:35.263 INFO:teuthology.orchestra.run.smithi001.stdout:/usr/bin/ceph: stderr
2024-09-12T02:21:34.006+0000 7f31f4ff9640 1 --2- 172.21.15.1:0/2742567575 >> [v2:172.21.15.1:6800/556592053,v1:172.21.15.1:6801/556592053] conn(0x7f31e4038f70 0x7f31e403b430 unknown :-1 s=NONE pgs=0 cs=0 l=1 rev1=0 crypto rx=0 tx=0 comp rx=0 tx=0).connect
2024-09-12T02:21:35.263 INFO:teuthology.orchestra.run.smithi001.stdout:/usr/bin/ceph: stderr
2024-09-12T02:21:34.006+0000 7f31f4ff9640 1 -- 172.21.15.1:0/2742567575 <== mon.0 v2:172.21.15.1:3300/0 5 ==== osd_map(2..2 src has 1..2) ==== 940+0+0 (secure 0 0 0) 0x7f31e806c040 con 0x7f31f807dde0
2024-09-12T02:21:35.263 INFO:teuthology.orchestra.run.smithi001.stdout:/usr/bin/ceph: stderr
2024-09-12T02:21:34.006+0000 7f31fd7e5640 1 -- 172.21.15.1:0/2742567575 --> [v2:172.21.15.1:3300/0,v1:172.21.15.1:6789/0] -- mon_command({"prefix": "get_command_descriptions"} v 0) -- 0x7f31f807c310 con 0x7f31f807dde0
2024-09-12T02:21:35.263 INFO:teuthology.orchestra.run.smithi001.stdout:/usr/bin/ceph: stderr
2024-09-12T02:21:34.006+0000 7f31effff640 1 --2- 172.21.15.1:0/2742567575 >> [v2:172.21.15.1:6800/556592053,v1:172.21.15.1:6801/556592053] conn(0x7f31e4038f70 0x7f31e403b430 unknown :-1 s=BANNER_CONNECTING pgs=0 cs=0 l=1 rev1=0 crypto rx=0 tx=0 comp rx=0 tx=0)._handle_peer_banner_payload supported=3 required=0
2024-09-12T02:21:35.263 INFO:teuthology.orchestra.run.smithi001.stdout:/usr/bin/ceph: stderr
2024-09-12T02:21:34.006+0000 7f31effff640 1 --2- 172.21.15.1:0/2742567575 >> [v2:172.21.15.1:6800/556592053,v1:172.21.15.1:6801/556592053] conn(0x7f31e4038f70 0x7f31e403b430 secure :-1 s=READY pgs=9 cs=0 l=1 rev1=1 crypto rx=0x7f31e00098c0 tx=0x7f31e0006db0 comp rx=0 tx=0).ready entity=mgr.14118 client_cookie=0 server_cookie=0 in_seq=0 out_seq=0
2024-09-12T02:21:35.263 INFO:teuthology.orchestra.run.smithi001.stdout:/usr/bin/ceph: stderr
2024-09-12T02:21:34.011+0000 7f31f4ff9640 1 -- 172.21.15.1:0/2742567575 <== mon.0 v2:172.21.15.1:3300/0 6 ==== mon_command_ack([{"prefix": "get_command_descriptions"}]=0 v0) ==== 72+0+188821 (secure 0 0 0) 0x7f31e804b170 con 0x7f31f807dde0
2024-09-12T02:21:35.263 INFO:teuthology.orchestra.run.smithi001.stdout:/usr/bin/ceph: stderr
2024-09-12T02:21:34.191+0000 7f31fd7e5640 1 -- 172.21.15.1:0/2742567575 --> [v2:172.21.15.1:6800/556592053,v1:172.21.15.1:6801/556592053] -- mgr_command(tid 0: {"prefix": "cephadm generate-key", "target": ["mon-mgr", ""]}) -- 0x7f31f8062630 con 0x7f31e4038f70
2024-09-12T02:21:35.264 INFO:teuthology.orchestra.run.smithi001.stdout:/usr/bin/ceph: stderr
2024-09-12T02:21:34.597+0000 7f31f4ff9640 1 -- 172.21.15.1:0/2742567575 <== mgr.14118 v2:172.21.15.1:6800/556592053 1 ==== mgr_command_reply(tid 0: 0 ) ==== 8+0+0 (secure 0 0 0) 0x7f31f8062630 con 0x7f31e4038f70
2024-09-12T02:21:35.264 INFO:teuthology.orchestra.run.smithi001.stdout:/usr/bin/ceph: stderr
2024-09-12T02:21:34.599+0000 7f31fd7e5640 1 -- 172.21.15.1:0/2742567575 >> [v2:172.21.15.1:6800/556592053,v1:172.21.15.1:6801/556592053] conn(0x7f31e4038f70 msgr2=0x7f31e403b430 secure :-1 s=STATE_CONNECTION_ESTABLISHED l=1).mark_down
2024-09-12T02:21:35.264 INFO:teuthology.orchestra.run.smithi001.stdout:/usr/bin/ceph: stderr
2024-09-12T02:21:34.599+0000 7f31fd7e5640 1 --2- 172.21.15.1:0/2742567575 >> [v2:172.21.15.1:6800/556592053,v1:172.21.15.1:6801/556592053] conn(0x7f31e4038f70 0x7f31e403b430 secure :-1 s=READY pgs=9 cs=0 l=1 rev1=1 crypto rx=0x7f31e00098c0 tx=0x7f31e0006db0 comp rx=0 tx=0).stop
2024-09-12T02:21:35.264 INFO:teuthology.orchestra.run.smithi001.stdout:/usr/bin/ceph: stderr
2024-09-12T02:21:34.599+0000 7f31fd7e5640 1 -- 172.21.15.1:0/2742567575 >> [v2:172.21.15.1:3300/0,v1:172.21.15.1:6789/0] conn(0x7f31f807dde0 msgr2=0x7f31f819daa0 secure :-1 s=STATE_CONNECTION_ESTABLISHED l=1).mark_down
2024-09-12T02:21:35.264 INFO:teuthology.orchestra.run.smithi001.stdout:/usr/bin/ceph: stderr
2024-09-12T02:21:34.599+0000 7f31fd7e5640 1 --2- 172.21.15.1:0/2742567575 >> [v2:172.21.15.1:3300/0,v1:172.21.15.1:6789/0] conn(0x7f31f807dde0 0x7f31f819daa0 secure :-1 s=READY pgs=40 cs=0 l=1 rev1=1 crypto rx=0x7f31e8032ce0 tx=0x7f31e8032d10 comp rx=0 tx=0).stop
2024-09-12T02:21:35.264 INFO:teuthology.orchestra.run.smithi001.stdout:/usr/bin/ceph: stderr
2024-09-12T02:21:34.599+0000 7f31fd7e5640 1 -- 172.21.15.1:0/2742567575 shutdown_connections
2024-09-12T02:21:35.264 INFO:teuthology.orchestra.run.smithi001.stdout:/usr/bin/ceph: stderr
2024-09-12T02:21:34.599+0000 7f31fd7e5640 1 --2- 172.21.15.1:0/2742567575 >> [v2:172.21.15.1:6800/556592053,v1:172.21.15.1:6801/556592053] conn(0x7f31e4038f70 0x7f31e403b430 unknown :-1 s=CLOSED pgs=9 cs=0 l=1 rev1=1 crypto rx=0 tx=0 comp rx=0 tx=0).stop
2024-09-12T02:21:35.264 INFO:teuthology.orchestra.run.smithi001.stdout:/usr/bin/ceph: stderr
2024-09-12T02:21:34.599+0000 7f31fd7e5640 1 --2- 172.21.15.1:0/2742567575 >> [v2:172.21.15.1:3300/0,v1:172.21.15.1:6789/0] conn(0x7f31f807dde0 0x7f31f819daa0 unknown :-1 s=CLOSED pgs=40 cs=0 l=1 rev1=1 crypto rx=0 tx=0 comp rx=0 tx=0).stop
2024-09-12T02:21:35.264 INFO:teuthology.orchestra.run.smithi001.stdout:/usr/bin/ceph: stderr
2024-09-12T02:21:34.599+0000 7f31fd7e5640 1 -- 172.21.15.1:0/2742567575 >> 172.21.15.1:0/2742567575 conn(0x7f31f8102dc0 msgr2=0x7f31f8103b20 unknown :-1 s=STATE_NONE l=0).mark_down
2024-09-12T02:21:35.264 INFO:teuthology.orchestra.run.smithi001.stdout:/usr/bin/ceph: stderr
2024-09-12T02:21:34.599+0000 7f31fd7e5640 1 -- 172.21.15.1:0/2742567575 shutdown_connections
2024-09-12T02:21:35.264 INFO:teuthology.orchestra.run.smithi001.stdout:/usr/bin/ceph: stderr
2024-09-12T02:21:34.599+0000 7f31fd7e5640 1 -- 172.21.15.1:0/2742567575 wait complete.
2024-09-12T02:21:35.826 INFO:journalctl@ceph.mon.a.smithi001.stdout:Sep 12 02:21:35 smithi001 ceph-mon[31252]: from='client.14134 -' entity='client.admin' cmd=[{"prefix": "cephadm generate-key", "target": ["mon-mgr", ""]}]: dispatch
2024-09-12T02:21:35.826 INFO:journalctl@ceph.mon.a.smithi001.stdout:Sep 12 02:21:35 smithi001 ceph-mon[31252]: Generating ssh key...
2024-09-12T02:21:35.826 INFO:journalctl@ceph.mon.a.smithi001.stdout:Sep 12 02:21:35 smithi001 ceph-mon[31252]: from='mgr.14118 172.21.15.1:0/4032058563' entity='mgr.x'
2024-09-12T02:21:35.827 INFO:journalctl@ceph.mon.a.smithi001.stdout:Sep 12 02:21:35 smithi001 ceph-mon[31252]: from='mgr.14118 172.21.15.1:0/4032058563' entity='mgr.x'
2024-09-12T02:21:36.399 INFO:teuthology.orchestra.run.smithi001.stdout:/usr/bin/ceph: stdout ssh-rsa AAAAB3NzaC1yc2EAAAADAQABAAABgQCj3fTiHEXlbBEnuO9kjgJNJFEbeLS68r4hjmC05e5QZqugQUiwa5AkNESrxRstpyPA2trRi+jsZCn5oRfUNCMiXIA0+ffYpEHx1XX9oRLAKDQLxkw1p7hEk3EQBSZV4epNdvjs1JZN+XdPU1HcDnq37yV/X8fB/c4ztkpPpMvMoYvQJk4evswSryjMSNgu1Ft67Jj4qJdL0bx9qLdrVrivKkMUsLQd2HW9fRT+vUsUxffOSiXxPcxAFtIWragmAbJe55QWYLSUVc5kQaSOCMPhFcHnMHBUJ+F4oqByizyQkQHJ2Ju/W2eBwn4RAVJd98tEIAFvhMMdbAUOCmuwFZC4X6gJ9xmCJzBaAUolRnbQLEIPZiLbr121nwg1dzOgDCRVpDUoresqAoPNGyxLfy7gUkMd1Rj9FFStkoYyEQ1/LEJXQoMotR/MTaaXFmWPLML4K3tfr6l0BUvNbBTwd+MNHvqXsHIfUMSk4Gs3jmdJygi2+8roEqfKtuRhbxyYdq8= ceph-877143dc-70ad-11ef-bcea-c7b262605968
2024-09-12T02:21:36.399 INFO:teuthology.orchestra.run.smithi001.stdout:/usr/bin/ceph: stderr
2024-09-12T02:21:35.638+0000 7faadeec6640 1 Processor -- start
2024-09-12T02:21:36.399 INFO:teuthology.orchestra.run.smithi001.stdout:/usr/bin/ceph: stderr
2024-09-12T02:21:35.638+0000 7faadeec6640 1 -- start start
2024-09-12T02:21:36.399 INFO:teuthology.orchestra.run.smithi001.stdout:/usr/bin/ceph: stderr
2024-09-12T02:21:35.639+0000 7faadeec6640 1 --2- >> [v2:172.21.15.1:3300/0,v1:172.21.15.1:6789/0] conn(0x7faad81075f0 0x7faad81079f0 unknown :-1 s=NONE pgs=0 cs=0 l=0 rev1=0 crypto rx=0 tx=0 comp rx=0 tx=0).connect
2024-09-12T02:21:36.399 INFO:teuthology.orchestra.run.smithi001.stdout:/usr/bin/ceph: stderr
2024-09-12T02:21:35.639+0000 7faadeec6640 1 -- --> [v2:172.21.15.1:3300/0,v1:172.21.15.1:6789/0] -- mon_getmap magic: 0 -- 0x7faad8107fc0 con 0x7faad81075f0
2024-09-12T02:21:36.400 INFO:teuthology.orchestra.run.smithi001.stdout:/usr/bin/ceph: stderr
2024-09-12T02:21:35.639+0000 7faadcc62640 1 --2- >> [v2:172.21.15.1:3300/0,v1:172.21.15.1:6789/0] conn(0x7faad81075f0 0x7faad81079f0 unknown :-1 s=BANNER_CONNECTING pgs=0 cs=0 l=0 rev1=0 crypto rx=0 tx=0 comp rx=0 tx=0)._handle_peer_banner_payload supported=3 required=0
2024-09-12T02:21:36.400 INFO:teuthology.orchestra.run.smithi001.stdout:/usr/bin/ceph: stderr
2024-09-12T02:21:35.639+0000 7faadcc62640 1 --2- >> [v2:172.21.15.1:3300/0,v1:172.21.15.1:6789/0] conn(0x7faad81075f0 0x7faad81079f0 unknown :-1 s=HELLO_CONNECTING pgs=0 cs=0 l=0 rev1=1 crypto rx=0 tx=0 comp rx=0 tx=0).handle_hello peer v2:172.21.15.1:3300/0 says I am v2:172.21.15.1:50468/0 (socket says 172.21.15.1:50468)
2024-09-12T02:21:36.400 INFO:teuthology.orchestra.run.smithi001.stdout:/usr/bin/ceph: stderr
2024-09-12T02:21:35.639+0000 7faadcc62640 1 -- 172.21.15.1:0/1118003699 learned_addr learned my addr 172.21.15.1:0/1118003699 (peer_addr_for_me v2:172.21.15.1:0/0)
2024-09-12T02:21:36.400 INFO:teuthology.orchestra.run.smithi001.stdout:/usr/bin/ceph: stderr
2024-09-12T02:21:35.639+0000 7faadcc62640 1 -- 172.21.15.1:0/1118003699 --> [v2:172.21.15.1:3300/0,v1:172.21.15.1:6789/0] -- mon_subscribe({config=0+,monmap=0+}) -- 0x7faad81087a0 con 0x7faad81075f0
2024-09-12T02:21:36.400 INFO:teuthology.orchestra.run.smithi001.stdout:/usr/bin/ceph: stderr
2024-09-12T02:21:35.640+0000 7faadcc62640 1 --2- 172.21.15.1:0/1118003699 >> [v2:172.21.15.1:3300/0,v1:172.21.15.1:6789/0] conn(0x7faad81075f0 0x7faad81079f0 secure :-1 s=READY pgs=41 cs=0 l=1 rev1=1 crypto rx=0x7faac0009820 tx=0x7faac002a270 comp rx=0 tx=0).ready entity=mon.0 client_cookie=36e3c0ab696e2fad server_cookie=0 in_seq=0 out_seq=0
2024-09-12T02:21:36.400 INFO:teuthology.orchestra.run.smithi001.stdout:/usr/bin/ceph: stderr
2024-09-12T02:21:35.640+0000 7faad77fe640 1 -- 172.21.15.1:0/1118003699 <== mon.0 v2:172.21.15.1:3300/0 1 ==== mon_map magic: 0 ==== 205+0+0 (secure 0 0 0) 0x7faac0037070 con 0x7faad81075f0
2024-09-12T02:21:36.400 INFO:teuthology.orchestra.run.smithi001.stdout:/usr/bin/ceph: stderr
2024-09-12T02:21:35.640+0000 7faad77fe640 1 -- 172.21.15.1:0/1118003699 <== mon.0 v2:172.21.15.1:3300/0 2 ==== config(27 keys) ==== 1109+0+0 (secure 0 0 0) 0x7faac0032900 con 0x7faad81075f0
2024-09-12T02:21:36.400 INFO:teuthology.orchestra.run.smithi001.stdout:/usr/bin/ceph: stderr
2024-09-12T02:21:35.640+0000 7faad77fe640 1 -- 172.21.15.1:0/1118003699 <== mon.0 v2:172.21.15.1:3300/0 3 ==== mon_map magic: 0 ==== 205+0+0 (secure 0 0 0) 0x7faac0030850 con 0x7faad81075f0
2024-09-12T02:21:36.400 INFO:teuthology.orchestra.run.smithi001.stdout:/usr/bin/ceph: stderr
2024-09-12T02:21:35.641+0000 7faadeec6640 1 -- 172.21.15.1:0/1118003699 >> [v2:172.21.15.1:3300/0,v1:172.21.15.1:6789/0] conn(0x7faad81075f0 msgr2=0x7faad81079f0 secure :-1 s=STATE_CONNECTION_ESTABLISHED l=1).mark_down
2024-09-12T02:21:36.400 INFO:teuthology.orchestra.run.smithi001.stdout:/usr/bin/ceph: stderr
2024-09-12T02:21:35.641+0000 7faadeec6640 1 --2- 172.21.15.1:0/1118003699 >> [v2:172.21.15.1:3300/0,v1:172.21.15.1:6789/0] conn(0x7faad81075f0 0x7faad81079f0 secure :-1 s=READY pgs=41 cs=0 l=1 rev1=1 crypto rx=0x7faac0009820 tx=0x7faac002a270 comp rx=0 tx=0).stop
2024-09-12T02:21:36.400 INFO:teuthology.orchestra.run.smithi001.stdout:/usr/bin/ceph: stderr
2024-09-12T02:21:35.641+0000 7faadeec6640 1 -- 172.21.15.1:0/1118003699 shutdown_connections
2024-09-12T02:21:36.400 INFO:teuthology.orchestra.run.smithi001.stdout:/usr/bin/ceph: stderr
2024-09-12T02:21:35.641+0000 7faadeec6640 1 --2- 172.21.15.1:0/1118003699 >> [v2:172.21.15.1:3300/0,v1:172.21.15.1:6789/0] conn(0x7faad81075f0 0x7faad81079f0 unknown :-1 s=CLOSED pgs=41 cs=0 l=1 rev1=1 crypto rx=0 tx=0 comp rx=0 tx=0).stop
2024-09-12T02:21:36.400 INFO:teuthology.orchestra.run.smithi001.stdout:/usr/bin/ceph: stderr
2024-09-12T02:21:35.641+0000 7faadeec6640 1 -- 172.21.15.1:0/1118003699 >> 172.21.15.1:0/1118003699 conn(0x7faad8102dc0 msgr2=0x7faad81051e0 unknown :-1 s=STATE_NONE l=0).mark_down
2024-09-12T02:21:36.401 INFO:teuthology.orchestra.run.smithi001.stdout:/usr/bin/ceph: stderr
2024-09-12T02:21:35.641+0000 7faadeec6640 1 -- 172.21.15.1:0/1118003699 shutdown_connections
2024-09-12T02:21:36.401 INFO:teuthology.orchestra.run.smithi001.stdout:/usr/bin/ceph: stderr
2024-09-12T02:21:35.641+0000 7faadeec6640 1 -- 172.21.15.1:0/1118003699 wait complete.
2024-09-12T02:21:36.401 INFO:teuthology.orchestra.run.smithi001.stdout:/usr/bin/ceph: stderr
2024-09-12T02:21:35.641+0000 7faadeec6640 1 Processor -- start
2024-09-12T02:21:36.401 INFO:teuthology.orchestra.run.smithi001.stdout:/usr/bin/ceph: stderr
2024-09-12T02:21:35.641+0000 7faadeec6640 1 -- start start
2024-09-12T02:21:36.401 INFO:teuthology.orchestra.run.smithi001.stdout:/usr/bin/ceph: stderr
2024-09-12T02:21:35.641+0000 7faadeec6640 1 --2- >> [v2:172.21.15.1:3300/0,v1:172.21.15.1:6789/0] conn(0x7faad81075f0 0x7faad819dae0 unknown :-1 s=NONE pgs=0 cs=0 l=1 rev1=0 crypto rx=0 tx=0 comp rx=0 tx=0).connect
2024-09-12T02:21:36.401 INFO:teuthology.orchestra.run.smithi001.stdout:/usr/bin/ceph: stderr
2024-09-12T02:21:35.642+0000 7faadeec6640 1 -- --> [v2:172.21.15.1:3300/0,v1:172.21.15.1:6789/0] -- mon_getmap magic: 0 -- 0x7faad810bb50 con 0x7faad81075f0
2024-09-12T02:21:36.401 INFO:teuthology.orchestra.run.smithi001.stdout:/usr/bin/ceph: stderr
2024-09-12T02:21:35.642+0000 7faadcc62640 1 --2- >> [v2:172.21.15.1:3300/0,v1:172.21.15.1:6789/0] conn(0x7faad81075f0 0x7faad819dae0 unknown :-1 s=BANNER_CONNECTING pgs=0 cs=0 l=1 rev1=0 crypto rx=0 tx=0 comp rx=0 tx=0)._handle_peer_banner_payload supported=3 required=0
2024-09-12T02:21:36.401 INFO:teuthology.orchestra.run.smithi001.stdout:/usr/bin/ceph: stderr
2024-09-12T02:21:35.642+0000 7faadcc62640 1 --2- >> [v2:172.21.15.1:3300/0,v1:172.21.15.1:6789/0] conn(0x7faad81075f0 0x7faad819dae0 unknown :-1 s=HELLO_CONNECTING pgs=0 cs=0 l=1 rev1=1 crypto rx=0 tx=0 comp rx=0 tx=0).handle_hello peer v2:172.21.15.1:3300/0 says I am v2:172.21.15.1:50478/0 (socket says 172.21.15.1:50478)
2024-09-12T02:21:36.401 INFO:teuthology.orchestra.run.smithi001.stdout:/usr/bin/ceph: stderr
2024-09-12T02:21:35.642+0000 7faadcc62640 1 -- 172.21.15.1:0/1427007211 learned_addr learned my addr 172.21.15.1:0/1427007211 (peer_addr_for_me v2:172.21.15.1:0/0)
2024-09-12T02:21:36.401 INFO:teuthology.orchestra.run.smithi001.stdout:/usr/bin/ceph: stderr
2024-09-12T02:21:35.642+0000 7faadcc62640 1 -- 172.21.15.1:0/1427007211 --> [v2:172.21.15.1:3300/0,v1:172.21.15.1:6789/0] -- mon_subscribe({config=0+,monmap=0+}) -- 0x7faad819e020 con 0x7faad81075f0
2024-09-12T02:21:36.401 INFO:teuthology.orchestra.run.smithi001.stdout:/usr/bin/ceph: stderr
2024-09-12T02:21:35.642+0000 7faadcc62640 1 --2- 172.21.15.1:0/1427007211 >> [v2:172.21.15.1:3300/0,v1:172.21.15.1:6789/0] conn(0x7faad81075f0 0x7faad819dae0 secure :-1 s=READY pgs=42 cs=0 l=1 rev1=1 crypto rx=0x7faac00097f0 tx=0x7faac0030d80 comp rx=0 tx=0).ready entity=mon.0 client_cookie=0 server_cookie=0 in_seq=0 out_seq=0
2024-09-12T02:21:36.401 INFO:teuthology.orchestra.run.smithi001.stdout:/usr/bin/ceph: stderr
2024-09-12T02:21:35.642+0000 7faad5ffb640 1 -- 172.21.15.1:0/1427007211 <== mon.0 v2:172.21.15.1:3300/0 1 ==== mon_map magic: 0 ==== 205+0+0 (secure 0 0 0) 0x7faac0037040 con 0x7faad81075f0
2024-09-12T02:21:36.401 INFO:teuthology.orchestra.run.smithi001.stdout:/usr/bin/ceph: stderr
2024-09-12T02:21:35.642+0000 7faad5ffb640 1 -- 172.21.15.1:0/1427007211 <== mon.0 v2:172.21.15.1:3300/0 2 ==== config(27 keys) ==== 1109+0+0 (secure 0 0 0) 0x7faac0040070 con 0x7faad81075f0
2024-09-12T02:21:36.401 INFO:teuthology.orchestra.run.smithi001.stdout:/usr/bin/ceph: stderr
2024-09-12T02:21:35.642+0000 7faadeec6640 1 -- 172.21.15.1:0/1427007211 --> [v2:172.21.15.1:3300/0,v1:172.21.15.1:6789/0] -- mon_subscribe({mgrmap=0+}) -- 0x7faad819e2b0 con 0x7faad81075f0
2024-09-12T02:21:36.402 INFO:teuthology.orchestra.run.smithi001.stdout:/usr/bin/ceph: stderr
2024-09-12T02:21:35.642+0000 7faad5ffb640 1 -- 172.21.15.1:0/1427007211 <== mon.0 v2:172.21.15.1:3300/0 3 ==== mon_map magic: 0 ==== 205+0+0 (secure 0 0 0) 0x7faac003a390 con 0x7faad81075f0
2024-09-12T02:21:36.402 INFO:teuthology.orchestra.run.smithi001.stdout:/usr/bin/ceph: stderr
2024-09-12T02:21:35.642+0000 7faadeec6640 1 -- 172.21.15.1:0/1427007211 --> [v2:172.21.15.1:3300/0,v1:172.21.15.1:6789/0] -- mon_subscribe({osdmap=0}) -- 0x7faad81a0fa0 con 0x7faad81075f0
2024-09-12T02:21:36.402 INFO:teuthology.orchestra.run.smithi001.stdout:/usr/bin/ceph: stderr
2024-09-12T02:21:35.643+0000 7faad5ffb640 1 -- 172.21.15.1:0/1427007211 <== mon.0 v2:172.21.15.1:3300/0 4 ==== mgrmap(e 8) ==== 46287+0+0 (secure 0 0 0) 0x7faac003a630 con 0x7faad81075f0
2024-09-12T02:21:36.402 INFO:teuthology.orchestra.run.smithi001.stdout:/usr/bin/ceph: stderr
2024-09-12T02:21:35.644+0000 7faadeec6640 1 -- 172.21.15.1:0/1427007211 --> [v2:172.21.15.1:3300/0,v1:172.21.15.1:6789/0] -- mon_command({"prefix": "get_command_descriptions"} v 0) -- 0x7faad8107a70 con 0x7faad81075f0
2024-09-12T02:21:36.402 INFO:teuthology.orchestra.run.smithi001.stdout:/usr/bin/ceph: stderr
2024-09-12T02:21:35.644+0000 7faad5ffb640 1 --2- 172.21.15.1:0/1427007211 >> [v2:172.21.15.1:6800/556592053,v1:172.21.15.1:6801/556592053] conn(0x7faac4038f70 0x7faac403b430 unknown :-1 s=NONE pgs=0 cs=0 l=1 rev1=0 crypto rx=0 tx=0 comp rx=0 tx=0).connect
2024-09-12T02:21:36.402 INFO:teuthology.orchestra.run.smithi001.stdout:/usr/bin/ceph: stderr
2024-09-12T02:21:35.644+0000 7faad5ffb640 1 -- 172.21.15.1:0/1427007211 <== mon.0 v2:172.21.15.1:3300/0 5 ==== osd_map(2..2 src has 1..2) ==== 940+0+0 (secure 0 0 0) 0x7faac006c4c0 con 0x7faad81075f0
2024-09-12T02:21:36.402 INFO:teuthology.orchestra.run.smithi001.stdout:/usr/bin/ceph: stderr
2024-09-12T02:21:35.644+0000 7faad7fff640 1 --2- 172.21.15.1:0/1427007211 >> [v2:172.21.15.1:6800/556592053,v1:172.21.15.1:6801/556592053] conn(0x7faac4038f70 0x7faac403b430 unknown :-1 s=BANNER_CONNECTING pgs=0 cs=0 l=1 rev1=0 crypto rx=0 tx=0 comp rx=0 tx=0)._handle_peer_banner_payload supported=3 required=0
2024-09-12T02:21:36.402 INFO:teuthology.orchestra.run.smithi001.stdout:/usr/bin/ceph: stderr
2024-09-12T02:21:35.644+0000 7faad7fff640 1 --2- 172.21.15.1:0/1427007211 >> [v2:172.21.15.1:6800/556592053,v1:172.21.15.1:6801/556592053] conn(0x7faac4038f70 0x7faac403b430 secure :-1 s=READY pgs=10 cs=0 l=1 rev1=1 crypto rx=0x7faac800ad30 tx=0x7faac80093f0 comp rx=0 tx=0).ready entity=mgr.14118 client_cookie=0 server_cookie=0 in_seq=0 out_seq=0
2024-09-12T02:21:36.402 INFO:teuthology.orchestra.run.smithi001.stdout:/usr/bin/ceph: stderr
2024-09-12T02:21:35.649+0000 7faad5ffb640 1 -- 172.21.15.1:0/1427007211 <== mon.0 v2:172.21.15.1:3300/0 6 ==== mon_command_ack([{"prefix": "get_command_descriptions"}]=0 v0) ==== 72+0+188821 (secure 0 0 0) 0x7faac004a200 con 0x7faad81075f0
2024-09-12T02:21:36.402 INFO:teuthology.orchestra.run.smithi001.stdout:/usr/bin/ceph: stderr
2024-09-12T02:21:35.826+0000 7faadeec6640 1 -- 172.21.15.1:0/1427007211 --> [v2:172.21.15.1:6800/556592053,v1:172.21.15.1:6801/556592053] -- mgr_command(tid 0: {"prefix": "cephadm get-pub-key", "target": ["mon-mgr", ""]}) -- 0x7faad802d830 con 0x7faac4038f70
2024-09-12T02:21:36.402 INFO:teuthology.orchestra.run.smithi001.stdout:/usr/bin/ceph: stderr
2024-09-12T02:21:35.827+0000 7faad5ffb640 1 -- 172.21.15.1:0/1427007211 <== mgr.14118 v2:172.21.15.1:6800/556592053 1 ==== mgr_command_reply(tid 0: 0 ) ==== 8+0+595 (secure 0 0 0) 0x7faad802d830 con 0x7faac4038f70
2024-09-12T02:21:36.402 INFO:teuthology.orchestra.run.smithi001.stdout:/usr/bin/ceph: stderr
2024-09-12T02:21:35.829+0000 7faadeec6640 1 -- 172.21.15.1:0/1427007211 >> [v2:172.21.15.1:6800/556592053,v1:172.21.15.1:6801/556592053] conn(0x7faac4038f70 msgr2=0x7faac403b430 secure :-1 s=STATE_CONNECTION_ESTABLISHED l=1).mark_down
2024-09-12T02:21:36.402 INFO:teuthology.orchestra.run.smithi001.stdout:/usr/bin/ceph: stderr
2024-09-12T02:21:35.829+0000 7faadeec6640 1 --2- 172.21.15.1:0/1427007211 >> [v2:172.21.15.1:6800/556592053,v1:172.21.15.1:6801/556592053] conn(0x7faac4038f70 0x7faac403b430 secure :-1 s=READY pgs=10 cs=0 l=1 rev1=1 crypto rx=0x7faac800ad30 tx=0x7faac80093f0 comp rx=0 tx=0).stop
2024-09-12T02:21:36.402 INFO:teuthology.orchestra.run.smithi001.stdout:/usr/bin/ceph: stderr
2024-09-12T02:21:35.829+0000 7faadeec6640 1 -- 172.21.15.1:0/1427007211 >> [v2:172.21.15.1:3300/0,v1:172.21.15.1:6789/0] conn(0x7faad81075f0 msgr2=0x7faad819dae0 secure :-1 s=STATE_CONNECTION_ESTABLISHED l=1).mark_down
2024-09-12T02:21:36.403 INFO:teuthology.orchestra.run.smithi001.stdout:/usr/bin/ceph: stderr
2024-09-12T02:21:35.829+0000 7faadeec6640 1 --2- 172.21.15.1:0/1427007211 >> [v2:172.21.15.1:3300/0,v1:172.21.15.1:6789/0] conn(0x7faad81075f0 0x7faad819dae0 secure :-1 s=READY pgs=42 cs=0 l=1 rev1=1 crypto rx=0x7faac00097f0 tx=0x7faac0030d80 comp rx=0 tx=0).stop
2024-09-12T02:21:36.403 INFO:teuthology.orchestra.run.smithi001.stdout:/usr/bin/ceph: stderr
2024-09-12T02:21:35.829+0000 7faadeec6640 1 -- 172.21.15.1:0/1427007211 shutdown_connections
2024-09-12T02:21:36.403 INFO:teuthology.orchestra.run.smithi001.stdout:/usr/bin/ceph: stderr
2024-09-12T02:21:35.829+0000 7faadeec6640 1 --2- 172.21.15.1:0/1427007211 >> [v2:172.21.15.1:6800/556592053,v1:172.21.15.1:6801/556592053] conn(0x7faac4038f70 0x7faac403b430 unknown :-1 s=CLOSED pgs=10 cs=0 l=1 rev1=1 crypto rx=0 tx=0 comp rx=0 tx=0).stop
2024-09-12T02:21:36.403 INFO:teuthology.orchestra.run.smithi001.stdout:/usr/bin/ceph: stderr
2024-09-12T02:21:35.829+0000 7faadeec6640 1 --2- 172.21.15.1:0/1427007211 >> [v2:172.21.15.1:3300/0,v1:172.21.15.1:6789/0] conn(0x7faad81075f0 0x7faad819dae0 unknown :-1 s=CLOSED pgs=42 cs=0 l=1 rev1=1 crypto rx=0 tx=0 comp rx=0 tx=0).stop
2024-09-12T02:21:36.403 INFO:teuthology.orchestra.run.smithi001.stdout:/usr/bin/ceph: stderr
2024-09-12T02:21:35.829+0000 7faadeec6640 1 -- 172.21.15.1:0/1427007211 >> 172.21.15.1:0/1427007211 conn(0x7faad8102dc0 msgr2=0x7faad8103a30 unknown :-1 s=STATE_NONE l=0).mark_down
2024-09-12T02:21:36.403 INFO:teuthology.orchestra.run.smithi001.stdout:/usr/bin/ceph: stderr
2024-09-12T02:21:35.829+0000 7faadeec6640 1 -- 172.21.15.1:0/1427007211 shutdown_connections
2024-09-12T02:21:36.403 INFO:teuthology.orchestra.run.smithi001.stdout:/usr/bin/ceph: stderr
2024-09-12T02:21:35.829+0000 7faadeec6640 1 -- 172.21.15.1:0/1427007211 wait complete.
2024-09-12T02:21:36.403 INFO:teuthology.orchestra.run.smithi001.stdout:Wrote public SSH key to /home/ubuntu/cephtest/ceph.pub
2024-09-12T02:21:36.403 INFO:teuthology.orchestra.run.smithi001.stdout:Adding key to root@localhost authorized_keys...
2024-09-12T02:21:36.404 INFO:teuthology.orchestra.run.smithi001.stdout:Adding host smithi001...
2024-09-12T02:21:37.118 INFO:journalctl@ceph.mon.a.smithi001.stdout:Sep 12 02:21:36 smithi001 ceph-mon[31252]: from='client.14136 -' entity='client.admin' cmd=[{"prefix": "cephadm get-pub-key", "target": ["mon-mgr", ""]}]: dispatch
2024-09-12T02:21:38.125 INFO:journalctl@ceph.mon.a.smithi001.stdout:Sep 12 02:21:37 smithi001 ceph-mon[31252]: from='client.14138 -' entity='client.admin' cmd=[{"prefix": "orch host add", "hostname": "smithi001", "addr": "172.21.15.1", "target": ["mon-mgr", ""]}]: dispatch
2024-09-12T02:21:38.770 INFO:journalctl@ceph.mon.a.smithi001.stdout:Sep 12 02:21:38 smithi001 ceph-mon[31252]: Deploying cephadm binary to smithi001
2024-09-12T02:21:41.616 INFO:teuthology.orchestra.run.smithi001.stdout:/usr/bin/ceph: stdout Added host 'smithi001' with addr '172.21.15.1'
2024-09-12T02:21:41.616 INFO:teuthology.orchestra.run.smithi001.stdout:/usr/bin/ceph: stderr
2024-09-12T02:21:36.924+0000 7fba2fed2640 1 Processor -- start
2024-09-12T02:21:41.616 INFO:teuthology.orchestra.run.smithi001.stdout:/usr/bin/ceph: stderr
2024-09-12T02:21:36.925+0000 7fba2fed2640 1 -- start start
2024-09-12T02:21:41.617 INFO:teuthology.orchestra.run.smithi001.stdout:/usr/bin/ceph: stderr
2024-09-12T02:21:36.925+0000 7fba2fed2640 1 --2- >> [v2:172.21.15.1:3300/0,v1:172.21.15.1:6789/0] conn(0x7fba28106460 0x7fba28106860 unknown :-1 s=NONE pgs=0 cs=0 l=0 rev1=0 crypto rx=0 tx=0 comp rx=0 tx=0).connect
2024-09-12T02:21:41.617 INFO:teuthology.orchestra.run.smithi001.stdout:/usr/bin/ceph: stderr
2024-09-12T02:21:36.925+0000 7fba2fed2640 1 -- --> [v2:172.21.15.1:3300/0,v1:172.21.15.1:6789/0] -- mon_getmap magic: 0 -- 0x7fba28106e30 con 0x7fba28106460
2024-09-12T02:21:41.617 INFO:teuthology.orchestra.run.smithi001.stdout:/usr/bin/ceph: stderr
2024-09-12T02:21:36.925+0000 7fba2dc6e640 1 --2- >> [v2:172.21.15.1:3300/0,v1:172.21.15.1:6789/0] conn(0x7fba28106460 0x7fba28106860 unknown :-1 s=BANNER_CONNECTING pgs=0 cs=0 l=0 rev1=0 crypto rx=0 tx=0 comp rx=0 tx=0)._handle_peer_banner_payload supported=3 required=0
2024-09-12T02:21:41.617 INFO:teuthology.orchestra.run.smithi001.stdout:/usr/bin/ceph: stderr
2024-09-12T02:21:36.925+0000 7fba2dc6e640 1 --2- >> [v2:172.21.15.1:3300/0,v1:172.21.15.1:6789/0] conn(0x7fba28106460 0x7fba28106860 unknown :-1 s=HELLO_CONNECTING pgs=0 cs=0 l=0 rev1=1 crypto rx=0 tx=0 comp rx=0 tx=0).handle_hello peer v2:172.21.15.1:3300/0 says I am v2:172.21.15.1:50482/0 (socket says 172.21.15.1:50482)
2024-09-12T02:21:41.617 INFO:teuthology.orchestra.run.smithi001.stdout:/usr/bin/ceph: stderr
2024-09-12T02:21:36.925+0000 7fba2dc6e640 1 -- 172.21.15.1:0/2540940578 learned_addr learned my addr 172.21.15.1:0/2540940578 (peer_addr_for_me v2:172.21.15.1:0/0)
2024-09-12T02:21:41.617 INFO:teuthology.orchestra.run.smithi001.stdout:/usr/bin/ceph: stderr
2024-09-12T02:21:36.925+0000 7fba2dc6e640 1 -- 172.21.15.1:0/2540940578 --> [v2:172.21.15.1:3300/0,v1:172.21.15.1:6789/0] -- mon_subscribe({config=0+,monmap=0+}) -- 0x7fba28107660 con 0x7fba28106460
2024-09-12T02:21:41.617 INFO:teuthology.orchestra.run.smithi001.stdout:/usr/bin/ceph: stderr
2024-09-12T02:21:36.926+0000 7fba2dc6e640 1 --2- 172.21.15.1:0/2540940578 >> [v2:172.21.15.1:3300/0,v1:172.21.15.1:6789/0] conn(0x7fba28106460 0x7fba28106860 secure :-1 s=READY pgs=43 cs=0 l=1 rev1=1 crypto rx=0x7fba24009820 tx=0x7fba2402a270 comp rx=0 tx=0).ready entity=mon.0 client_cookie=1f1fcbf8449180e9 server_cookie=0 in_seq=0 out_seq=0
2024-09-12T02:21:41.617 INFO:teuthology.orchestra.run.smithi001.stdout:/usr/bin/ceph: stderr
2024-09-12T02:21:36.926+0000 7fba2cc6c640 1 -- 172.21.15.1:0/2540940578 <== mon.0 v2:172.21.15.1:3300/0 1 ==== mon_map magic: 0 ==== 205+0+0 (secure 0 0 0) 0x7fba24037070 con 0x7fba28106460
2024-09-12T02:21:41.617 INFO:teuthology.orchestra.run.smithi001.stdout:/usr/bin/ceph: stderr
2024-09-12T02:21:36.926+0000 7fba2cc6c640 1 -- 172.21.15.1:0/2540940578 <== mon.0 v2:172.21.15.1:3300/0 2 ==== config(27 keys) ==== 1109+0+0 (secure 0 0 0) 0x7fba24032900 con 0x7fba28106460
2024-09-12T02:21:41.617 INFO:teuthology.orchestra.run.smithi001.stdout:/usr/bin/ceph: stderr
2024-09-12T02:21:36.926+0000 7fba2cc6c640 1 -- 172.21.15.1:0/2540940578 <== mon.0 v2:172.21.15.1:3300/0 3 ==== mon_map magic: 0 ==== 205+0+0 (secure 0 0 0) 0x7fba24030850 con 0x7fba28106460
2024-09-12T02:21:41.618 INFO:teuthology.orchestra.run.smithi001.stdout:/usr/bin/ceph: stderr
2024-09-12T02:21:36.927+0000 7fba2fed2640 1 -- 172.21.15.1:0/2540940578 >> [v2:172.21.15.1:3300/0,v1:172.21.15.1:6789/0] conn(0x7fba28106460 msgr2=0x7fba28106860 secure :-1 s=STATE_CONNECTION_ESTABLISHED l=1).mark_down
2024-09-12T02:21:41.618 INFO:teuthology.orchestra.run.smithi001.stdout:/usr/bin/ceph: stderr
2024-09-12T02:21:36.927+0000 7fba2fed2640 1 --2- 172.21.15.1:0/2540940578 >> [v2:172.21.15.1:3300/0,v1:172.21.15.1:6789/0] conn(0x7fba28106460 0x7fba28106860 secure :-1 s=READY pgs=43 cs=0 l=1 rev1=1 crypto rx=0x7fba24009820 tx=0x7fba2402a270 comp rx=0 tx=0).stop
2024-09-12T02:21:41.618 INFO:teuthology.orchestra.run.smithi001.stdout:/usr/bin/ceph: stderr
2024-09-12T02:21:36.927+0000 7fba2fed2640 1 -- 172.21.15.1:0/2540940578 shutdown_connections
2024-09-12T02:21:41.618 INFO:teuthology.orchestra.run.smithi001.stdout:/usr/bin/ceph: stderr
2024-09-12T02:21:36.927+0000 7fba2fed2640 1 --2- 172.21.15.1:0/2540940578 >> [v2:172.21.15.1:3300/0,v1:172.21.15.1:6789/0] conn(0x7fba28106460 0x7fba28106860 unknown :-1 s=CLOSED pgs=43 cs=0 l=1 rev1=1 crypto rx=0 tx=0 comp rx=0 tx=0).stop
2024-09-12T02:21:41.618 INFO:teuthology.orchestra.run.smithi001.stdout:/usr/bin/ceph: stderr
2024-09-12T02:21:36.927+0000 7fba2fed2640 1 -- 172.21.15.1:0/2540940578 >> 172.21.15.1:0/2540940578 conn(0x7fba28101c30 msgr2=0x7fba28104050 unknown :-1 s=STATE_NONE l=0).mark_down
2024-09-12T02:21:41.618 INFO:teuthology.orchestra.run.smithi001.stdout:/usr/bin/ceph: stderr
2024-09-12T02:21:36.927+0000 7fba2fed2640 1 -- 172.21.15.1:0/2540940578 shutdown_connections
2024-09-12T02:21:41.618 INFO:teuthology.orchestra.run.smithi001.stdout:/usr/bin/ceph: stderr
2024-09-12T02:21:36.927+0000 7fba2fed2640 1 -- 172.21.15.1:0/2540940578 wait complete.
2024-09-12T02:21:41.618 INFO:teuthology.orchestra.run.smithi001.stdout:/usr/bin/ceph: stderr
2024-09-12T02:21:36.928+0000 7fba2fed2640 1 Processor -- start
2024-09-12T02:21:41.619 INFO:teuthology.orchestra.run.smithi001.stdout:/usr/bin/ceph: stderr
2024-09-12T02:21:36.928+0000 7fba2fed2640 1 -- start start
2024-09-12T02:21:41.619 INFO:teuthology.orchestra.run.smithi001.stdout:/usr/bin/ceph: stderr
2024-09-12T02:21:36.928+0000 7fba2fed2640 1 --2- >> [v2:172.21.15.1:3300/0,v1:172.21.15.1:6789/0] conn(0x7fba28106460 0x7fba2819b8c0 unknown :-1 s=NONE pgs=0 cs=0 l=1 rev1=0 crypto rx=0 tx=0 comp rx=0 tx=0).connect
2024-09-12T02:21:41.619 INFO:teuthology.orchestra.run.smithi001.stdout:/usr/bin/ceph: stderr
2024-09-12T02:21:36.928+0000 7fba2fed2640 1 -- --> [v2:172.21.15.1:3300/0,v1:172.21.15.1:6789/0] -- mon_getmap magic: 0 -- 0x7fba2810aa10 con 0x7fba28106460
2024-09-12T02:21:41.619 INFO:teuthology.orchestra.run.smithi001.stdout:/usr/bin/ceph: stderr
2024-09-12T02:21:36.928+0000 7fba2dc6e640 1 --2- >> [v2:172.21.15.1:3300/0,v1:172.21.15.1:6789/0] conn(0x7fba28106460 0x7fba2819b8c0 unknown :-1 s=BANNER_CONNECTING pgs=0 cs=0 l=1 rev1=0 crypto rx=0 tx=0 comp rx=0 tx=0)._handle_peer_banner_payload supported=3 required=0
2024-09-12T02:21:41.619 INFO:teuthology.orchestra.run.smithi001.stdout:/usr/bin/ceph: stderr
2024-09-12T02:21:36.928+0000 7fba2dc6e640 1 --2- >> [v2:172.21.15.1:3300/0,v1:172.21.15.1:6789/0] conn(0x7fba28106460 0x7fba2819b8c0 unknown :-1 s=HELLO_CONNECTING pgs=0 cs=0 l=1 rev1=1 crypto rx=0 tx=0 comp rx=0 tx=0).handle_hello peer v2:172.21.15.1:3300/0 says I am v2:172.21.15.1:50496/0 (socket says 172.21.15.1:50496)
2024-09-12T02:21:41.619 INFO:teuthology.orchestra.run.smithi001.stdout:/usr/bin/ceph: stderr
2024-09-12T02:21:36.928+0000 7fba2dc6e640 1 -- 172.21.15.1:0/3402670724 learned_addr learned my addr 172.21.15.1:0/3402670724 (peer_addr_for_me v2:172.21.15.1:0/0)
2024-09-12T02:21:41.619 INFO:teuthology.orchestra.run.smithi001.stdout:/usr/bin/ceph: stderr
2024-09-12T02:21:36.928+0000 7fba2dc6e640 1 -- 172.21.15.1:0/3402670724 --> [v2:172.21.15.1:3300/0,v1:172.21.15.1:6789/0] -- mon_subscribe({config=0+,monmap=0+}) -- 0x7fba2819be00 con 0x7fba28106460
2024-09-12T02:21:41.619 INFO:teuthology.orchestra.run.smithi001.stdout:/usr/bin/ceph: stderr
2024-09-12T02:21:36.928+0000 7fba2dc6e640 1 --2- 172.21.15.1:0/3402670724 >> [v2:172.21.15.1:3300/0,v1:172.21.15.1:6789/0] conn(0x7fba28106460 0x7fba2819b8c0 secure :-1 s=READY pgs=44 cs=0 l=1 rev1=1 crypto rx=0x7fba240097f0 tx=0x7fba24030d80 comp rx=0 tx=0).ready entity=mon.0 client_cookie=0 server_cookie=0 in_seq=0 out_seq=0
2024-09-12T02:21:41.619 INFO:teuthology.orchestra.run.smithi001.stdout:/usr/bin/ceph: stderr
2024-09-12T02:21:36.929+0000 7fba1effd640 1 -- 172.21.15.1:0/3402670724 <== mon.0 v2:172.21.15.1:3300/0 1 ==== mon_map magic: 0 ==== 205+0+0 (secure 0 0 0) 0x7fba24037040 con 0x7fba28106460
2024-09-12T02:21:41.619 INFO:teuthology.orchestra.run.smithi001.stdout:/usr/bin/ceph: stderr
2024-09-12T02:21:36.929+0000 7fba1effd640 1 -- 172.21.15.1:0/3402670724 <== mon.0 v2:172.21.15.1:3300/0 2 ==== config(27 keys) ==== 1109+0+0 (secure 0 0 0) 0x7fba24040070 con 0x7fba28106460
2024-09-12T02:21:41.619 INFO:teuthology.orchestra.run.smithi001.stdout:/usr/bin/ceph: stderr
2024-09-12T02:21:36.929+0000 7fba1effd640 1 -- 172.21.15.1:0/3402670724 <== mon.0 v2:172.21.15.1:3300/0 3 ==== mon_map magic: 0 ==== 205+0+0 (secure 0 0 0) 0x7fba2403a390 con 0x7fba28106460
2024-09-12T02:21:41.619 INFO:teuthology.orchestra.run.smithi001.stdout:/usr/bin/ceph: stderr
2024-09-12T02:21:36.929+0000 7fba2fed2640 1 -- 172.21.15.1:0/3402670724 --> [v2:172.21.15.1:3300/0,v1:172.21.15.1:6789/0] -- mon_subscribe({mgrmap=0+}) -- 0x7fba2819c090 con 0x7fba28106460
2024-09-12T02:21:41.620 INFO:teuthology.orchestra.run.smithi001.stdout:/usr/bin/ceph: stderr
2024-09-12T02:21:36.929+0000 7fba2fed2640 1 -- 172.21.15.1:0/3402670724 --> [v2:172.21.15.1:3300/0,v1:172.21.15.1:6789/0] -- mon_subscribe({osdmap=0}) -- 0x7fba2819ed80 con 0x7fba28106460
2024-09-12T02:21:41.620 INFO:teuthology.orchestra.run.smithi001.stdout:/usr/bin/ceph: stderr
2024-09-12T02:21:36.930+0000 7fba1effd640 1 -- 172.21.15.1:0/3402670724 <== mon.0 v2:172.21.15.1:3300/0 4 ==== mgrmap(e 8) ==== 46287+0+0 (secure 0 0 0) 0x7fba24032900 con 0x7fba28106460
2024-09-12T02:21:41.620 INFO:teuthology.orchestra.run.smithi001.stdout:/usr/bin/ceph: stderr
2024-09-12T02:21:36.930+0000 7fba1effd640 1 --2- 172.21.15.1:0/3402670724 >> [v2:172.21.15.1:6800/556592053,v1:172.21.15.1:6801/556592053] conn(0x7fba14038fc0 0x7fba1403b480 unknown :-1 s=NONE pgs=0 cs=0 l=1 rev1=0 crypto rx=0 tx=0 comp rx=0 tx=0).connect
2024-09-12T02:21:41.620 INFO:teuthology.orchestra.run.smithi001.stdout:/usr/bin/ceph: stderr
2024-09-12T02:21:36.930+0000 7fba2fed2640 1 -- 172.21.15.1:0/3402670724 --> [v2:172.21.15.1:3300/0,v1:172.21.15.1:6789/0] -- mon_command({"prefix": "get_command_descriptions"} v 0) -- 0x7fba281068e0 con 0x7fba28106460
2024-09-12T02:21:41.620 INFO:teuthology.orchestra.run.smithi001.stdout:/usr/bin/ceph: stderr
2024-09-12T02:21:36.930+0000 7fba1effd640 1 -- 172.21.15.1:0/3402670724 <== mon.0 v2:172.21.15.1:3300/0 5 ==== osd_map(2..2 src has 1..2) ==== 940+0+0 (secure 0 0 0) 0x7fba2406c440 con 0x7fba28106460
2024-09-12T02:21:41.620 INFO:teuthology.orchestra.run.smithi001.stdout:/usr/bin/ceph: stderr
2024-09-12T02:21:36.930+0000 7fba2d46d640 1 --2- 172.21.15.1:0/3402670724 >> [v2:172.21.15.1:6800/556592053,v1:172.21.15.1:6801/556592053] conn(0x7fba14038fc0 0x7fba1403b480 unknown :-1 s=BANNER_CONNECTING pgs=0 cs=0 l=1 rev1=0 crypto rx=0 tx=0 comp rx=0 tx=0)._handle_peer_banner_payload supported=3 required=0
2024-09-12T02:21:41.620 INFO:teuthology.orchestra.run.smithi001.stdout:/usr/bin/ceph: stderr
2024-09-12T02:21:36.930+0000 7fba2d46d640 1 --2- 172.21.15.1:0/3402670724 >> [v2:172.21.15.1:6800/556592053,v1:172.21.15.1:6801/556592053] conn(0x7fba14038fc0 0x7fba1403b480 secure :-1 s=READY pgs=11 cs=0 l=1 rev1=1 crypto rx=0x7fba180098c0 tx=0x7fba18006db0 comp rx=0 tx=0).ready entity=mgr.14118 client_cookie=0 server_cookie=0 in_seq=0 out_seq=0
2024-09-12T02:21:41.620 INFO:teuthology.orchestra.run.smithi001.stdout:/usr/bin/ceph: stderr
2024-09-12T02:21:36.935+0000 7fba1effd640 1 -- 172.21.15.1:0/3402670724 <== mon.0 v2:172.21.15.1:3300/0 6 ==== mon_command_ack([{"prefix": "get_command_descriptions"}]=0 v0) ==== 72+0+188821 (secure 0 0 0) 0x7fba24044ca0 con 0x7fba28106460
2024-09-12T02:21:41.620 INFO:teuthology.orchestra.run.smithi001.stdout:/usr/bin/ceph: stderr
2024-09-12T02:21:37.117+0000 7fba2fed2640 1 -- 172.21.15.1:0/3402670724 --> [v2:172.21.15.1:6800/556592053,v1:172.21.15.1:6801/556592053] -- mgr_command(tid 0: {"prefix": "orch host add", "hostname": "smithi001", "addr": "172.21.15.1", "target": ["mon-mgr", ""]}) -- 0x7fba28062630 con 0x7fba14038fc0
2024-09-12T02:21:41.620 INFO:teuthology.orchestra.run.smithi001.stdout:/usr/bin/ceph: stderr
2024-09-12T02:21:41.005+0000 7fba1effd640 1 -- 172.21.15.1:0/3402670724 <== mgr.14118 v2:172.21.15.1:6800/556592053 1 ==== mgr_command_reply(tid 0: 0 ) ==== 8+0+47 (secure 0 0 0) 0x7fba28062630 con 0x7fba14038fc0
2024-09-12T02:21:41.621 INFO:teuthology.orchestra.run.smithi001.stdout:/usr/bin/ceph: stderr
2024-09-12T02:21:41.008+0000 7fba2fed2640 1 -- 172.21.15.1:0/3402670724 >> [v2:172.21.15.1:6800/556592053,v1:172.21.15.1:6801/556592053] conn(0x7fba14038fc0 msgr2=0x7fba1403b480 secure :-1 s=STATE_CONNECTION_ESTABLISHED l=1).mark_down
2024-09-12T02:21:41.621 INFO:teuthology.orchestra.run.smithi001.stdout:/usr/bin/ceph: stderr
2024-09-12T02:21:41.008+0000 7fba2fed2640 1 --2- 172.21.15.1:0/3402670724 >> [v2:172.21.15.1:6800/556592053,v1:172.21.15.1:6801/556592053] conn(0x7fba14038fc0 0x7fba1403b480 secure :-1 s=READY pgs=11 cs=0 l=1 rev1=1 crypto rx=0x7fba180098c0 tx=0x7fba18006db0 comp rx=0 tx=0).stop
2024-09-12T02:21:41.621 INFO:teuthology.orchestra.run.smithi001.stdout:/usr/bin/ceph: stderr
2024-09-12T02:21:41.008+0000 7fba2fed2640 1 -- 172.21.15.1:0/3402670724 >> [v2:172.21.15.1:3300/0,v1:172.21.15.1:6789/0] conn(0x7fba28106460 msgr2=0x7fba2819b8c0 secure :-1 s=STATE_CONNECTION_ESTABLISHED l=1).mark_down
2024-09-12T02:21:41.621 INFO:teuthology.orchestra.run.smithi001.stdout:/usr/bin/ceph: stderr
2024-09-12T02:21:41.008+0000 7fba2fed2640 1 --2- 172.21.15.1:0/3402670724 >> [v2:172.21.15.1:3300/0,v1:172.21.15.1:6789/0] conn(0x7fba28106460 0x7fba2819b8c0 secure :-1 s=READY pgs=44 cs=0 l=1 rev1=1 crypto rx=0x7fba240097f0 tx=0x7fba24030d80 comp rx=0 tx=0).stop
2024-09-12T02:21:41.621 INFO:teuthology.orchestra.run.smithi001.stdout:/usr/bin/ceph: stderr
2024-09-12T02:21:41.008+0000 7fba2fed2640 1 -- 172.21.15.1:0/3402670724 shutdown_connections
2024-09-12T02:21:41.621 INFO:teuthology.orchestra.run.smithi001.stdout:/usr/bin/ceph: stderr
2024-09-12T02:21:41.008+0000 7fba2fed2640 1 --2- 172.21.15.1:0/3402670724 >> [v2:172.21.15.1:6800/556592053,v1:172.21.15.1:6801/556592053] conn(0x7fba14038fc0 0x7fba1403b480 unknown :-1 s=CLOSED pgs=11 cs=0 l=1 rev1=1 crypto rx=0 tx=0 comp rx=0 tx=0).stop
2024-09-12T02:21:41.621 INFO:teuthology.orchestra.run.smithi001.stdout:/usr/bin/ceph: stderr
2024-09-12T02:21:41.008+0000 7fba2fed2640 1 --2- 172.21.15.1:0/3402670724 >> [v2:172.21.15.1:3300/0,v1:172.21.15.1:6789/0] conn(0x7fba28106460 0x7fba2819b8c0 unknown :-1 s=CLOSED pgs=44 cs=0 l=1 rev1=1 crypto rx=0 tx=0 comp rx=0 tx=0).stop
2024-09-12T02:21:41.621 INFO:teuthology.orchestra.run.smithi001.stdout:/usr/bin/ceph: stderr
2024-09-12T02:21:41.008+0000 7fba2fed2640 1 -- 172.21.15.1:0/3402670724 >> 172.21.15.1:0/3402670724 conn(0x7fba28101c30 msgr2=0x7fba28102b50 unknown :-1 s=STATE_NONE l=0).mark_down
2024-09-12T02:21:41.621 INFO:teuthology.orchestra.run.smithi001.stdout:/usr/bin/ceph: stderr
2024-09-12T02:21:41.008+0000 7fba2fed2640 1 -- 172.21.15.1:0/3402670724 shutdown_connections
2024-09-12T02:21:41.621 INFO:teuthology.orchestra.run.smithi001.stdout:/usr/bin/ceph: stderr
2024-09-12T02:21:41.008+0000 7fba2fed2640 1 -- 172.21.15.1:0/3402670724 wait complete.
2024-09-12T02:21:41.622 INFO:teuthology.orchestra.run.smithi001.stdout:Deploying unmanaged mon service...
2024-09-12T02:21:42.259 INFO:journalctl@ceph.mon.a.smithi001.stdout:Sep 12 02:21:42 smithi001 ceph-mon[31252]: from='mgr.14118 172.21.15.1:0/4032058563' entity='mgr.x'
2024-09-12T02:21:42.259 INFO:journalctl@ceph.mon.a.smithi001.stdout:Sep 12 02:21:42 smithi001 ceph-mon[31252]: Added host smithi001
2024-09-12T02:21:42.259 INFO:journalctl@ceph.mon.a.smithi001.stdout:Sep 12 02:21:42 smithi001 ceph-mon[31252]: from='mgr.14118 172.21.15.1:0/4032058563' entity='mgr.x' cmd=[{"prefix": "config dump", "format": "json"}]: dispatch
2024-09-12T02:21:43.092 INFO:teuthology.orchestra.run.smithi001.stdout:/usr/bin/ceph: stdout Scheduled mon update...
2024-09-12T02:21:43.092 INFO:teuthology.orchestra.run.smithi001.stdout:/usr/bin/ceph: stderr
2024-09-12T02:21:42.048+0000 7f16aae96640 1 Processor -- start
2024-09-12T02:21:43.092 INFO:teuthology.orchestra.run.smithi001.stdout:/usr/bin/ceph: stderr
2024-09-12T02:21:42.048+0000 7f16aae96640 1 -- start start
2024-09-12T02:21:43.092 INFO:teuthology.orchestra.run.smithi001.stdout:/usr/bin/ceph: stderr
2024-09-12T02:21:42.048+0000 7f16aae96640 1 --2- >> [v2:172.21.15.1:3300/0,v1:172.21.15.1:6789/0] conn(0x7f16a4105850 0x7f16a4105c50 unknown :-1 s=NONE pgs=0 cs=0 l=0 rev1=0 crypto rx=0 tx=0 comp rx=0 tx=0).connect
2024-09-12T02:21:43.092 INFO:teuthology.orchestra.run.smithi001.stdout:/usr/bin/ceph: stderr
2024-09-12T02:21:42.048+0000 7f16aae96640 1 -- --> [v2:172.21.15.1:3300/0,v1:172.21.15.1:6789/0] -- mon_getmap magic: 0 -- 0x7f16a4106220 con 0x7f16a4105850
2024-09-12T02:21:43.092 INFO:teuthology.orchestra.run.smithi001.stdout:/usr/bin/ceph: stderr
2024-09-12T02:21:42.048+0000 7f16a8c32640 1 --2- >> [v2:172.21.15.1:3300/0,v1:172.21.15.1:6789/0] conn(0x7f16a4105850 0x7f16a4105c50 unknown :-1 s=BANNER_CONNECTING pgs=0 cs=0 l=0 rev1=0 crypto rx=0 tx=0 comp rx=0 tx=0)._handle_peer_banner_payload supported=3 required=0
2024-09-12T02:21:43.092 INFO:teuthology.orchestra.run.smithi001.stdout:/usr/bin/ceph: stderr
2024-09-12T02:21:42.048+0000 7f16a8c32640 1 --2- >> [v2:172.21.15.1:3300/0,v1:172.21.15.1:6789/0] conn(0x7f16a4105850 0x7f16a4105c50 unknown :-1 s=HELLO_CONNECTING pgs=0 cs=0 l=0 rev1=1 crypto rx=0 tx=0 comp rx=0 tx=0).handle_hello peer v2:172.21.15.1:3300/0 says I am v2:172.21.15.1:54274/0 (socket says 172.21.15.1:54274)
2024-09-12T02:21:43.092 INFO:teuthology.orchestra.run.smithi001.stdout:/usr/bin/ceph: stderr
2024-09-12T02:21:42.048+0000 7f16a8c32640 1 -- 172.21.15.1:0/957745889 learned_addr learned my addr 172.21.15.1:0/957745889 (peer_addr_for_me v2:172.21.15.1:0/0)
2024-09-12T02:21:43.092 INFO:teuthology.orchestra.run.smithi001.stdout:/usr/bin/ceph: stderr
2024-09-12T02:21:42.049+0000 7f16a8c32640 1 -- 172.21.15.1:0/957745889 --> [v2:172.21.15.1:3300/0,v1:172.21.15.1:6789/0] -- mon_subscribe({config=0+,monmap=0+}) -- 0x7f16a4108830 con 0x7f16a4105850
2024-09-12T02:21:43.093 INFO:teuthology.orchestra.run.smithi001.stdout:/usr/bin/ceph: stderr
