2024-09-12T02:49:09.303 INFO:journalctl@ceph.mon.a.smithi005.stdout: self._sslobj.do_handshake()
2024-09-12T02:49:09.303 INFO:journalctl@ceph.mon.a.smithi005.stdout: ssl.SSLZeroReturnError: TLS/SSL connection has been closed (EOF) (_ssl.c:1133)
2024-09-12T02:49:09.303 INFO:journalctl@ceph.mon.a.smithi005.stdout:Sep 12 02:49:09 smithi005 ceph-mon[31197]: [12/Sep/2024:02:49:07] ENGINE Serving on http://172.21.15.5:8765
2024-09-12T02:49:09.303 INFO:journalctl@ceph.mon.a.smithi005.stdout:Sep 12 02:49:09 smithi005 ceph-mon[31197]: [12/Sep/2024:02:49:07] ENGINE Bus STARTED
2024-09-12T02:49:09.566 INFO:teuthology.orchestra.run.smithi005.stdout:/usr/bin/ceph: stdout value unchanged
2024-09-12T02:49:09.567 INFO:teuthology.orchestra.run.smithi005.stdout:/usr/bin/ceph: stderr
2024-09-12T02:49:08.727+0000 7ff2baf47640 1 Processor -- start
2024-09-12T02:49:09.567 INFO:teuthology.orchestra.run.smithi005.stdout:/usr/bin/ceph: stderr
2024-09-12T02:49:08.728+0000 7ff2baf47640 1 -- start start
2024-09-12T02:49:09.567 INFO:teuthology.orchestra.run.smithi005.stdout:/usr/bin/ceph: stderr
2024-09-12T02:49:08.728+0000 7ff2baf47640 1 --2- >> [v2:172.21.15.5:3300/0,v1:172.21.15.5:6789/0] conn(0x7ff2b41081d0 0x7ff2b410a5c0 unknown :-1 s=NONE pgs=0 cs=0 l=0 rev1=0 crypto rx=0 tx=0 comp rx=0 tx=0).connect
2024-09-12T02:49:09.567 INFO:teuthology.orchestra.run.smithi005.stdout:/usr/bin/ceph: stderr
2024-09-12T02:49:08.728+0000 7ff2baf47640 1 -- --> [v2:172.21.15.5:3300/0,v1:172.21.15.5:6789/0] -- mon_getmap magic: 0 -- 0x7ff2b407bdb0 con 0x7ff2b41081d0
2024-09-12T02:49:09.567 INFO:teuthology.orchestra.run.smithi005.stdout:/usr/bin/ceph: stderr
2024-09-12T02:49:08.728+0000 7ff2b8ce3640 1 --2- >> [v2:172.21.15.5:3300/0,v1:172.21.15.5:6789/0] conn(0x7ff2b41081d0 0x7ff2b410a5c0 unknown :-1 s=BANNER_CONNECTING pgs=0 cs=0 l=0 rev1=0 crypto rx=0 tx=0 comp rx=0 tx=0)._handle_peer_banner_payload supported=3 required=0
2024-09-12T02:49:09.567 INFO:teuthology.orchestra.run.smithi005.stdout:/usr/bin/ceph: stderr
2024-09-12T02:49:08.728+0000 7ff2b8ce3640 1 --2- >> [v2:172.21.15.5:3300/0,v1:172.21.15.5:6789/0] conn(0x7ff2b41081d0 0x7ff2b410a5c0 unknown :-1 s=HELLO_CONNECTING pgs=0 cs=0 l=0 rev1=1 crypto rx=0 tx=0 comp rx=0 tx=0).handle_hello peer v2:172.21.15.5:3300/0 says I am v2:172.21.15.5:36634/0 (socket says 172.21.15.5:36634)
2024-09-12T02:49:09.567 INFO:teuthology.orchestra.run.smithi005.stdout:/usr/bin/ceph: stderr
2024-09-12T02:49:08.728+0000 7ff2b8ce3640 1 -- 172.21.15.5:0/526465504 learned_addr learned my addr 172.21.15.5:0/526465504 (peer_addr_for_me v2:172.21.15.5:0/0)
2024-09-12T02:49:09.567 INFO:teuthology.orchestra.run.smithi005.stdout:/usr/bin/ceph: stderr
2024-09-12T02:49:08.728+0000 7ff2b8ce3640 1 -- 172.21.15.5:0/526465504 --> [v2:172.21.15.5:3300/0,v1:172.21.15.5:6789/0] -- mon_subscribe({config=0+,monmap=0+}) -- 0x7ff2b410ab00 con 0x7ff2b41081d0
2024-09-12T02:49:09.567 INFO:teuthology.orchestra.run.smithi005.stdout:/usr/bin/ceph: stderr
2024-09-12T02:49:08.729+0000 7ff2b8ce3640 1 --2- 172.21.15.5:0/526465504 >> [v2:172.21.15.5:3300/0,v1:172.21.15.5:6789/0] conn(0x7ff2b41081d0 0x7ff2b410a5c0 secure :-1 s=READY pgs=35 cs=0 l=1 rev1=1 crypto rx=0x7ff2b0009820 tx=0x7ff2b002a270 comp rx=0 tx=0).ready entity=mon.0 client_cookie=e66f53c4140f4129 server_cookie=0 in_seq=0 out_seq=0
2024-09-12T02:49:09.567 INFO:teuthology.orchestra.run.smithi005.stdout:/usr/bin/ceph: stderr
2024-09-12T02:49:08.729+0000 7ff2ab7fe640 1 -- 172.21.15.5:0/526465504 <== mon.0 v2:172.21.15.5:3300/0 1 ==== mon_map magic: 0 ==== 205+0+0 (secure 0 0 0) 0x7ff2b0037070 con 0x7ff2b41081d0
2024-09-12T02:49:09.567 INFO:teuthology.orchestra.run.smithi005.stdout:/usr/bin/ceph: stderr
2024-09-12T02:49:08.729+0000 7ff2ab7fe640 1 -- 172.21.15.5:0/526465504 <== mon.0 v2:172.21.15.5:3300/0 2 ==== config(27 keys) ==== 1109+0+0 (secure 0 0 0) 0x7ff2b0032900 con 0x7ff2b41081d0
2024-09-12T02:49:09.567 INFO:teuthology.orchestra.run.smithi005.stdout:/usr/bin/ceph: stderr
2024-09-12T02:49:08.729+0000 7ff2ab7fe640 1 -- 172.21.15.5:0/526465504 <== mon.0 v2:172.21.15.5:3300/0 3 ==== mon_map magic: 0 ==== 205+0+0 (secure 0 0 0) 0x7ff2b0030850 con 0x7ff2b41081d0
2024-09-12T02:49:09.567 INFO:teuthology.orchestra.run.smithi005.stdout:/usr/bin/ceph: stderr
2024-09-12T02:49:08.730+0000 7ff2baf47640 1 -- 172.21.15.5:0/526465504 >> [v2:172.21.15.5:3300/0,v1:172.21.15.5:6789/0] conn(0x7ff2b41081d0 msgr2=0x7ff2b410a5c0 secure :-1 s=STATE_CONNECTION_ESTABLISHED l=1).mark_down
2024-09-12T02:49:09.568 INFO:teuthology.orchestra.run.smithi005.stdout:/usr/bin/ceph: stderr
2024-09-12T02:49:08.730+0000 7ff2baf47640 1 --2- 172.21.15.5:0/526465504 >> [v2:172.21.15.5:3300/0,v1:172.21.15.5:6789/0] conn(0x7ff2b41081d0 0x7ff2b410a5c0 secure :-1 s=READY pgs=35 cs=0 l=1 rev1=1 crypto rx=0x7ff2b0009820 tx=0x7ff2b002a270 comp rx=0 tx=0).stop
2024-09-12T02:49:09.568 INFO:teuthology.orchestra.run.smithi005.stdout:/usr/bin/ceph: stderr
2024-09-12T02:49:08.730+0000 7ff2baf47640 1 -- 172.21.15.5:0/526465504 shutdown_connections
2024-09-12T02:49:09.568 INFO:teuthology.orchestra.run.smithi005.stdout:/usr/bin/ceph: stderr
2024-09-12T02:49:08.730+0000 7ff2baf47640 1 --2- 172.21.15.5:0/526465504 >> [v2:172.21.15.5:3300/0,v1:172.21.15.5:6789/0] conn(0x7ff2b41081d0 0x7ff2b410a5c0 unknown :-1 s=CLOSED pgs=35 cs=0 l=1 rev1=1 crypto rx=0 tx=0 comp rx=0 tx=0).stop
2024-09-12T02:49:09.568 INFO:teuthology.orchestra.run.smithi005.stdout:/usr/bin/ceph: stderr
2024-09-12T02:49:08.730+0000 7ff2baf47640 1 -- 172.21.15.5:0/526465504 >> 172.21.15.5:0/526465504 conn(0x7ff2b4101d90 msgr2=0x7ff2b41041b0 unknown :-1 s=STATE_NONE l=0).mark_down
2024-09-12T02:49:09.568 INFO:teuthology.orchestra.run.smithi005.stdout:/usr/bin/ceph: stderr
2024-09-12T02:49:08.730+0000 7ff2baf47640 1 -- 172.21.15.5:0/526465504 shutdown_connections
2024-09-12T02:49:09.568 INFO:teuthology.orchestra.run.smithi005.stdout:/usr/bin/ceph: stderr
2024-09-12T02:49:08.730+0000 7ff2baf47640 1 -- 172.21.15.5:0/526465504 wait complete.
2024-09-12T02:49:09.568 INFO:teuthology.orchestra.run.smithi005.stdout:/usr/bin/ceph: stderr
2024-09-12T02:49:08.730+0000 7ff2baf47640 1 Processor -- start
2024-09-12T02:49:09.568 INFO:teuthology.orchestra.run.smithi005.stdout:/usr/bin/ceph: stderr
2024-09-12T02:49:08.730+0000 7ff2baf47640 1 -- start start
2024-09-12T02:49:09.568 INFO:teuthology.orchestra.run.smithi005.stdout:/usr/bin/ceph: stderr
2024-09-12T02:49:08.731+0000 7ff2baf47640 1 --2- >> [v2:172.21.15.5:3300/0,v1:172.21.15.5:6789/0] conn(0x7ff2b41081d0 0x7ff2b419b6f0 unknown :-1 s=NONE pgs=0 cs=0 l=1 rev1=0 crypto rx=0 tx=0 comp rx=0 tx=0).connect
2024-09-12T02:49:09.568 INFO:teuthology.orchestra.run.smithi005.stdout:/usr/bin/ceph: stderr
2024-09-12T02:49:08.731+0000 7ff2baf47640 1 -- --> [v2:172.21.15.5:3300/0,v1:172.21.15.5:6789/0] -- mon_getmap magic: 0 -- 0x7ff2b410bae0 con 0x7ff2b41081d0
2024-09-12T02:49:09.568 INFO:teuthology.orchestra.run.smithi005.stdout:/usr/bin/ceph: stderr
2024-09-12T02:49:08.731+0000 7ff2b8ce3640 1 --2- >> [v2:172.21.15.5:3300/0,v1:172.21.15.5:6789/0] conn(0x7ff2b41081d0 0x7ff2b419b6f0 unknown :-1 s=BANNER_CONNECTING pgs=0 cs=0 l=1 rev1=0 crypto rx=0 tx=0 comp rx=0 tx=0)._handle_peer_banner_payload supported=3 required=0
2024-09-12T02:49:09.568 INFO:teuthology.orchestra.run.smithi005.stdout:/usr/bin/ceph: stderr
2024-09-12T02:49:08.731+0000 7ff2b8ce3640 1 --2- >> [v2:172.21.15.5:3300/0,v1:172.21.15.5:6789/0] conn(0x7ff2b41081d0 0x7ff2b419b6f0 unknown :-1 s=HELLO_CONNECTING pgs=0 cs=0 l=1 rev1=1 crypto rx=0 tx=0 comp rx=0 tx=0).handle_hello peer v2:172.21.15.5:3300/0 says I am v2:172.21.15.5:36636/0 (socket says 172.21.15.5:36636)
2024-09-12T02:49:09.569 INFO:teuthology.orchestra.run.smithi005.stdout:/usr/bin/ceph: stderr
2024-09-12T02:49:08.731+0000 7ff2b8ce3640 1 -- 172.21.15.5:0/1503547807 learned_addr learned my addr 172.21.15.5:0/1503547807 (peer_addr_for_me v2:172.21.15.5:0/0)
2024-09-12T02:49:09.569 INFO:teuthology.orchestra.run.smithi005.stdout:/usr/bin/ceph: stderr
2024-09-12T02:49:08.731+0000 7ff2b8ce3640 1 -- 172.21.15.5:0/1503547807 --> [v2:172.21.15.5:3300/0,v1:172.21.15.5:6789/0] -- mon_subscribe({config=0+,monmap=0+}) -- 0x7ff2b419bc30 con 0x7ff2b41081d0
2024-09-12T02:49:09.569 INFO:teuthology.orchestra.run.smithi005.stdout:/usr/bin/ceph: stderr
2024-09-12T02:49:08.731+0000 7ff2b8ce3640 1 --2- 172.21.15.5:0/1503547807 >> [v2:172.21.15.5:3300/0,v1:172.21.15.5:6789/0] conn(0x7ff2b41081d0 0x7ff2b419b6f0 secure :-1 s=READY pgs=36 cs=0 l=1 rev1=1 crypto rx=0x7ff2b00097f0 tx=0x7ff2b0030d80 comp rx=0 tx=0).ready entity=mon.0 client_cookie=0 server_cookie=0 in_seq=0 out_seq=0
2024-09-12T02:49:09.569 INFO:teuthology.orchestra.run.smithi005.stdout:/usr/bin/ceph: stderr
2024-09-12T02:49:08.731+0000 7ff2a9ffb640 1 -- 172.21.15.5:0/1503547807 <== mon.0 v2:172.21.15.5:3300/0 1 ==== mon_map magic: 0 ==== 205+0+0 (secure 0 0 0) 0x7ff2b0037040 con 0x7ff2b41081d0
2024-09-12T02:49:09.569 INFO:teuthology.orchestra.run.smithi005.stdout:/usr/bin/ceph: stderr
2024-09-12T02:49:08.731+0000 7ff2a9ffb640 1 -- 172.21.15.5:0/1503547807 <== mon.0 v2:172.21.15.5:3300/0 2 ==== config(27 keys) ==== 1109+0+0 (secure 0 0 0) 0x7ff2b0040070 con 0x7ff2b41081d0
2024-09-12T02:49:09.569 INFO:teuthology.orchestra.run.smithi005.stdout:/usr/bin/ceph: stderr
2024-09-12T02:49:08.731+0000 7ff2baf47640 1 -- 172.21.15.5:0/1503547807 --> [v2:172.21.15.5:3300/0,v1:172.21.15.5:6789/0] -- mon_subscribe({mgrmap=0+}) -- 0x7ff2b419bec0 con 0x7ff2b41081d0
2024-09-12T02:49:09.569 INFO:teuthology.orchestra.run.smithi005.stdout:/usr/bin/ceph: stderr
2024-09-12T02:49:08.731+0000 7ff2a9ffb640 1 -- 172.21.15.5:0/1503547807 <== mon.0 v2:172.21.15.5:3300/0 3 ==== mon_map magic: 0 ==== 205+0+0 (secure 0 0 0) 0x7ff2b003a390 con 0x7ff2b41081d0
2024-09-12T02:49:09.569 INFO:teuthology.orchestra.run.smithi005.stdout:/usr/bin/ceph: stderr
2024-09-12T02:49:08.732+0000 7ff2baf47640 1 -- 172.21.15.5:0/1503547807 --> [v2:172.21.15.5:3300/0,v1:172.21.15.5:6789/0] -- mon_subscribe({osdmap=0}) -- 0x7ff2b419ebb0 con 0x7ff2b41081d0
2024-09-12T02:49:09.569 INFO:teuthology.orchestra.run.smithi005.stdout:/usr/bin/ceph: stderr
2024-09-12T02:49:08.732+0000 7ff2a9ffb640 1 -- 172.21.15.5:0/1503547807 <== mon.0 v2:172.21.15.5:3300/0 4 ==== mgrmap(e 8) ==== 46287+0+0 (secure 0 0 0) 0x7ff2b003a5e0 con 0x7ff2b41081d0
2024-09-12T02:49:09.569 INFO:teuthology.orchestra.run.smithi005.stdout:/usr/bin/ceph: stderr
2024-09-12T02:49:08.733+0000 7ff2baf47640 1 -- 172.21.15.5:0/1503547807 --> [v2:172.21.15.5:3300/0,v1:172.21.15.5:6789/0] -- mon_command({"prefix": "get_command_descriptions"} v 0) -- 0x7ff2b4108630 con 0x7ff2b41081d0
2024-09-12T02:49:09.569 INFO:teuthology.orchestra.run.smithi005.stdout:/usr/bin/ceph: stderr
2024-09-12T02:49:08.733+0000 7ff2a9ffb640 1 --2- 172.21.15.5:0/1503547807 >> [v2:172.21.15.5:6800/3125821798,v1:172.21.15.5:6801/3125821798] conn(0x7ff29c038fc0 0x7ff29c03b480 unknown :-1 s=NONE pgs=0 cs=0 l=1 rev1=0 crypto rx=0 tx=0 comp rx=0 tx=0).connect
2024-09-12T02:49:09.569 INFO:teuthology.orchestra.run.smithi005.stdout:/usr/bin/ceph: stderr
2024-09-12T02:49:08.733+0000 7ff2a9ffb640 1 -- 172.21.15.5:0/1503547807 <== mon.0 v2:172.21.15.5:3300/0 5 ==== osd_map(2..2 src has 1..2) ==== 940+0+0 (secure 0 0 0) 0x7ff2b006c690 con 0x7ff2b41081d0
2024-09-12T02:49:09.569 INFO:teuthology.orchestra.run.smithi005.stdout:/usr/bin/ceph: stderr
2024-09-12T02:49:08.733+0000 7ff2abfff640 1 --2- 172.21.15.5:0/1503547807 >> [v2:172.21.15.5:6800/3125821798,v1:172.21.15.5:6801/3125821798] conn(0x7ff29c038fc0 0x7ff29c03b480 unknown :-1 s=BANNER_CONNECTING pgs=0 cs=0 l=1 rev1=0 crypto rx=0 tx=0 comp rx=0 tx=0)._handle_peer_banner_payload supported=3 required=0
2024-09-12T02:49:09.570 INFO:teuthology.orchestra.run.smithi005.stdout:/usr/bin/ceph: stderr
2024-09-12T02:49:08.733+0000 7ff2abfff640 1 --2- 172.21.15.5:0/1503547807 >> [v2:172.21.15.5:6800/3125821798,v1:172.21.15.5:6801/3125821798] conn(0x7ff29c038fc0 0x7ff29c03b480 secure :-1 s=READY pgs=8 cs=0 l=1 rev1=1 crypto rx=0x7ff2a40098c0 tx=0x7ff2a4006db0 comp rx=0 tx=0).ready entity=mgr.14116 client_cookie=0 server_cookie=0 in_seq=0 out_seq=0
2024-09-12T02:49:09.570 INFO:teuthology.orchestra.run.smithi005.stdout:/usr/bin/ceph: stderr
2024-09-12T02:49:08.738+0000 7ff2a9ffb640 1 -- 172.21.15.5:0/1503547807 <== mon.0 v2:172.21.15.5:3300/0 6 ==== mon_command_ack([{"prefix": "get_command_descriptions"}]=0 v0) ==== 72+0+188821 (secure 0 0 0) 0x7ff2b0043760 con 0x7ff2b41081d0
2024-09-12T02:49:09.570 INFO:teuthology.orchestra.run.smithi005.stdout:/usr/bin/ceph: stderr
2024-09-12T02:49:08.916+0000 7ff2baf47640 1 -- 172.21.15.5:0/1503547807 --> [v2:172.21.15.5:6800/3125821798,v1:172.21.15.5:6801/3125821798] -- mgr_command(tid 0: {"prefix": "cephadm set-user", "user": "root", "target": ["mon-mgr", ""]}) -- 0x7ff2b4103080 con 0x7ff29c038fc0
2024-09-12T02:49:09.570 INFO:teuthology.orchestra.run.smithi005.stdout:/usr/bin/ceph: stderr
2024-09-12T02:49:08.917+0000 7ff2a9ffb640 1 -- 172.21.15.5:0/1503547807 <== mgr.14116 v2:172.21.15.5:6800/3125821798 1 ==== mgr_command_reply(tid 0: 0 ) ==== 8+0+16 (secure 0 0 0) 0x7ff2b4103080 con 0x7ff29c038fc0
2024-09-12T02:49:09.570 INFO:teuthology.orchestra.run.smithi005.stdout:/usr/bin/ceph: stderr
2024-09-12T02:49:08.919+0000 7ff2baf47640 1 -- 172.21.15.5:0/1503547807 >> [v2:172.21.15.5:6800/3125821798,v1:172.21.15.5:6801/3125821798] conn(0x7ff29c038fc0 msgr2=0x7ff29c03b480 secure :-1 s=STATE_CONNECTION_ESTABLISHED l=1).mark_down
2024-09-12T02:49:09.570 INFO:teuthology.orchestra.run.smithi005.stdout:/usr/bin/ceph: stderr
2024-09-12T02:49:08.919+0000 7ff2baf47640 1 --2- 172.21.15.5:0/1503547807 >> [v2:172.21.15.5:6800/3125821798,v1:172.21.15.5:6801/3125821798] conn(0x7ff29c038fc0 0x7ff29c03b480 secure :-1 s=READY pgs=8 cs=0 l=1 rev1=1 crypto rx=0x7ff2a40098c0 tx=0x7ff2a4006db0 comp rx=0 tx=0).stop
2024-09-12T02:49:09.570 INFO:teuthology.orchestra.run.smithi005.stdout:/usr/bin/ceph: stderr
2024-09-12T02:49:08.919+0000 7ff2baf47640 1 -- 172.21.15.5:0/1503547807 >> [v2:172.21.15.5:3300/0,v1:172.21.15.5:6789/0] conn(0x7ff2b41081d0 msgr2=0x7ff2b419b6f0 secure :-1 s=STATE_CONNECTION_ESTABLISHED l=1).mark_down
2024-09-12T02:49:09.570 INFO:teuthology.orchestra.run.smithi005.stdout:/usr/bin/ceph: stderr
2024-09-12T02:49:08.919+0000 7ff2baf47640 1 --2- 172.21.15.5:0/1503547807 >> [v2:172.21.15.5:3300/0,v1:172.21.15.5:6789/0] conn(0x7ff2b41081d0 0x7ff2b419b6f0 secure :-1 s=READY pgs=36 cs=0 l=1 rev1=1 crypto rx=0x7ff2b00097f0 tx=0x7ff2b0030d80 comp rx=0 tx=0).stop
2024-09-12T02:49:09.570 INFO:teuthology.orchestra.run.smithi005.stdout:/usr/bin/ceph: stderr
2024-09-12T02:49:08.919+0000 7ff2baf47640 1 -- 172.21.15.5:0/1503547807 shutdown_connections
2024-09-12T02:49:09.570 INFO:teuthology.orchestra.run.smithi005.stdout:/usr/bin/ceph: stderr
2024-09-12T02:49:08.919+0000 7ff2baf47640 1 --2- 172.21.15.5:0/1503547807 >> [v2:172.21.15.5:6800/3125821798,v1:172.21.15.5:6801/3125821798] conn(0x7ff29c038fc0 0x7ff29c03b480 unknown :-1 s=CLOSED pgs=8 cs=0 l=1 rev1=1 crypto rx=0 tx=0 comp rx=0 tx=0).stop
2024-09-12T02:49:09.570 INFO:teuthology.orchestra.run.smithi005.stdout:/usr/bin/ceph: stderr
2024-09-12T02:49:08.919+0000 7ff2baf47640 1 --2- 172.21.15.5:0/1503547807 >> [v2:172.21.15.5:3300/0,v1:172.21.15.5:6789/0] conn(0x7ff2b41081d0 0x7ff2b419b6f0 unknown :-1 s=CLOSED pgs=36 cs=0 l=1 rev1=1 crypto rx=0 tx=0 comp rx=0 tx=0).stop
2024-09-12T02:49:09.570 INFO:teuthology.orchestra.run.smithi005.stdout:/usr/bin/ceph: stderr
2024-09-12T02:49:08.919+0000 7ff2baf47640 1 -- 172.21.15.5:0/1503547807 >> 172.21.15.5:0/1503547807 conn(0x7ff2b4101d90 msgr2=0x7ff2b4102970 unknown :-1 s=STATE_NONE l=0).mark_down
2024-09-12T02:49:09.570 INFO:teuthology.orchestra.run.smithi005.stdout:/usr/bin/ceph: stderr
2024-09-12T02:49:08.919+0000 7ff2baf47640 1 -- 172.21.15.5:0/1503547807 shutdown_connections
2024-09-12T02:49:09.571 INFO:teuthology.orchestra.run.smithi005.stdout:/usr/bin/ceph: stderr
2024-09-12T02:49:08.919+0000 7ff2baf47640 1 -- 172.21.15.5:0/1503547807 wait complete.
2024-09-12T02:49:09.571 INFO:teuthology.orchestra.run.smithi005.stdout:Generating ssh key...
2024-09-12T02:49:10.183 INFO:journalctl@ceph.mon.a.smithi005.stdout:Sep 12 02:49:10 smithi005 ceph-mon[31197]: from='client.14130 -' entity='client.admin' cmd=[{"prefix": "cephadm set-user", "user": "root", "target": ["mon-mgr", ""]}]: dispatch
2024-09-12T02:49:10.806 INFO:journalctl@ceph.mgr.x.smithi005.stdout:Sep 12 02:49:10 smithi005 ceph-618305f8-70b1-11ef-bcea-c7b262605968-mgr-x[31423]: Generating public/private rsa key pair.
2024-09-12T02:49:10.807 INFO:journalctl@ceph.mgr.x.smithi005.stdout:Sep 12 02:49:10 smithi005 ceph-618305f8-70b1-11ef-bcea-c7b262605968-mgr-x[31423]: Your identification has been saved in /tmp/tmpushqngwc/key
2024-09-12T02:49:10.807 INFO:journalctl@ceph.mgr.x.smithi005.stdout:Sep 12 02:49:10 smithi005 ceph-618305f8-70b1-11ef-bcea-c7b262605968-mgr-x[31423]: Your public key has been saved in /tmp/tmpushqngwc/key.pub
2024-09-12T02:49:10.807 INFO:journalctl@ceph.mgr.x.smithi005.stdout:Sep 12 02:49:10 smithi005 ceph-618305f8-70b1-11ef-bcea-c7b262605968-mgr-x[31423]: The key fingerprint is:
2024-09-12T02:49:10.807 INFO:journalctl@ceph.mgr.x.smithi005.stdout:Sep 12 02:49:10 smithi005 ceph-618305f8-70b1-11ef-bcea-c7b262605968-mgr-x[31423]: SHA256:66RlS0oXp1IoiQGvuT+P+1MKQ2UogPCUOcpciKeGeXM ceph-618305f8-70b1-11ef-bcea-c7b262605968
2024-09-12T02:49:10.807 INFO:journalctl@ceph.mgr.x.smithi005.stdout:Sep 12 02:49:10 smithi005 ceph-618305f8-70b1-11ef-bcea-c7b262605968-mgr-x[31423]: The key's randomart image is:
2024-09-12T02:49:10.807 INFO:journalctl@ceph.mgr.x.smithi005.stdout:Sep 12 02:49:10 smithi005 ceph-618305f8-70b1-11ef-bcea-c7b262605968-mgr-x[31423]: +---[RSA 3072]----+
2024-09-12T02:49:10.807 INFO:journalctl@ceph.mgr.x.smithi005.stdout:Sep 12 02:49:10 smithi005 ceph-618305f8-70b1-11ef-bcea-c7b262605968-mgr-x[31423]: |O o+ |
2024-09-12T02:49:10.807 INFO:journalctl@ceph.mgr.x.smithi005.stdout:Sep 12 02:49:10 smithi005 ceph-618305f8-70b1-11ef-bcea-c7b262605968-mgr-x[31423]: |+**.o |
2024-09-12T02:49:10.807 INFO:journalctl@ceph.mgr.x.smithi005.stdout:Sep 12 02:49:10 smithi005 ceph-618305f8-70b1-11ef-bcea-c7b262605968-mgr-x[31423]: |+*=+ |
2024-09-12T02:49:10.807 INFO:journalctl@ceph.mgr.x.smithi005.stdout:Sep 12 02:49:10 smithi005 ceph-618305f8-70b1-11ef-bcea-c7b262605968-mgr-x[31423]: |=*+oE. . |
2024-09-12T02:49:10.807 INFO:journalctl@ceph.mgr.x.smithi005.stdout:Sep 12 02:49:10 smithi005 ceph-618305f8-70b1-11ef-bcea-c7b262605968-mgr-x[31423]: |+o.oo . S . |
2024-09-12T02:49:10.808 INFO:journalctl@ceph.mgr.x.smithi005.stdout:Sep 12 02:49:10 smithi005 ceph-618305f8-70b1-11ef-bcea-c7b262605968-mgr-x[31423]: | .o ... = |
2024-09-12T02:49:10.808 INFO:journalctl@ceph.mgr.x.smithi005.stdout:Sep 12 02:49:10 smithi005 ceph-618305f8-70b1-11ef-bcea-c7b262605968-mgr-x[31423]: |. o oo O |
2024-09-12T02:49:10.808 INFO:journalctl@ceph.mgr.x.smithi005.stdout:Sep 12 02:49:10 smithi005 ceph-618305f8-70b1-11ef-bcea-c7b262605968-mgr-x[31423]: | ...o. @ . |
2024-09-12T02:49:10.808 INFO:journalctl@ceph.mgr.x.smithi005.stdout:Sep 12 02:49:10 smithi005 ceph-618305f8-70b1-11ef-bcea-c7b262605968-mgr-x[31423]: | +=o.o o |
2024-09-12T02:49:10.808 INFO:journalctl@ceph.mgr.x.smithi005.stdout:Sep 12 02:49:10 smithi005 ceph-618305f8-70b1-11ef-bcea-c7b262605968-mgr-x[31423]: +----[SHA256]-----+
2024-09-12T02:49:11.057 INFO:journalctl@ceph.mon.a.smithi005.stdout:Sep 12 02:49:11 smithi005 ceph-mon[31197]: from='client.14132 -' entity='client.admin' cmd=[{"prefix": "cephadm generate-key", "target": ["mon-mgr", ""]}]: dispatch
2024-09-12T02:49:11.057 INFO:journalctl@ceph.mon.a.smithi005.stdout:Sep 12 02:49:11 smithi005 ceph-mon[31197]: Generating ssh key...
2024-09-12T02:49:11.057 INFO:journalctl@ceph.mon.a.smithi005.stdout:Sep 12 02:49:11 smithi005 ceph-mon[31197]: from='mgr.14116 172.21.15.5:0/613993494' entity='mgr.x'
2024-09-12T02:49:11.057 INFO:journalctl@ceph.mon.a.smithi005.stdout:Sep 12 02:49:11 smithi005 ceph-mon[31197]: from='mgr.14116 172.21.15.5:0/613993494' entity='mgr.x'
2024-09-12T02:49:11.065 INFO:teuthology.orchestra.run.smithi005.stdout:/usr/bin/ceph: stderr
2024-09-12T02:49:09.996+0000 7f7e1a34f640 1 Processor -- start
2024-09-12T02:49:11.065 INFO:teuthology.orchestra.run.smithi005.stdout:/usr/bin/ceph: stderr
2024-09-12T02:49:09.996+0000 7f7e1a34f640 1 -- start start
2024-09-12T02:49:11.065 INFO:teuthology.orchestra.run.smithi005.stdout:/usr/bin/ceph: stderr
2024-09-12T02:49:09.997+0000 7f7e1a34f640 1 --2- >> [v2:172.21.15.5:3300/0,v1:172.21.15.5:6789/0] conn(0x7f7e14106bc0 0x7f7e14106fc0 unknown :-1 s=NONE pgs=0 cs=0 l=0 rev1=0 crypto rx=0 tx=0 comp rx=0 tx=0).connect
2024-09-12T02:49:11.065 INFO:teuthology.orchestra.run.smithi005.stdout:/usr/bin/ceph: stderr
2024-09-12T02:49:09.997+0000 7f7e1a34f640 1 -- --> [v2:172.21.15.5:3300/0,v1:172.21.15.5:6789/0] -- mon_getmap magic: 0 -- 0x7f7e14107590 con 0x7f7e14106bc0
2024-09-12T02:49:11.065 INFO:teuthology.orchestra.run.smithi005.stdout:/usr/bin/ceph: stderr
2024-09-12T02:49:09.997+0000 7f7e13fff640 1 --2- >> [v2:172.21.15.5:3300/0,v1:172.21.15.5:6789/0] conn(0x7f7e14106bc0 0x7f7e14106fc0 unknown :-1 s=BANNER_CONNECTING pgs=0 cs=0 l=0 rev1=0 crypto rx=0 tx=0 comp rx=0 tx=0)._handle_peer_banner_payload supported=3 required=0
2024-09-12T02:49:11.065 INFO:teuthology.orchestra.run.smithi005.stdout:/usr/bin/ceph: stderr
2024-09-12T02:49:09.997+0000 7f7e13fff640 1 --2- >> [v2:172.21.15.5:3300/0,v1:172.21.15.5:6789/0] conn(0x7f7e14106bc0 0x7f7e14106fc0 unknown :-1 s=HELLO_CONNECTING pgs=0 cs=0 l=0 rev1=1 crypto rx=0 tx=0 comp rx=0 tx=0).handle_hello peer v2:172.21.15.5:3300/0 says I am v2:172.21.15.5:36650/0 (socket says 172.21.15.5:36650)
2024-09-12T02:49:11.065 INFO:teuthology.orchestra.run.smithi005.stdout:/usr/bin/ceph: stderr
2024-09-12T02:49:09.997+0000 7f7e13fff640 1 -- 172.21.15.5:0/2396744192 learned_addr learned my addr 172.21.15.5:0/2396744192 (peer_addr_for_me v2:172.21.15.5:0/0)
2024-09-12T02:49:11.065 INFO:teuthology.orchestra.run.smithi005.stdout:/usr/bin/ceph: stderr
2024-09-12T02:49:09.997+0000 7f7e13fff640 1 -- 172.21.15.5:0/2396744192 --> [v2:172.21.15.5:3300/0,v1:172.21.15.5:6789/0] -- mon_subscribe({config=0+,monmap=0+}) -- 0x7f7e141078e0 con 0x7f7e14106bc0
2024-09-12T02:49:11.065 INFO:teuthology.orchestra.run.smithi005.stdout:/usr/bin/ceph: stderr
2024-09-12T02:49:09.998+0000 7f7e13fff640 1 --2- 172.21.15.5:0/2396744192 >> [v2:172.21.15.5:3300/0,v1:172.21.15.5:6789/0] conn(0x7f7e14106bc0 0x7f7e14106fc0 secure :-1 s=READY pgs=37 cs=0 l=1 rev1=1 crypto rx=0x7f7e04009820 tx=0x7f7e0402a270 comp rx=0 tx=0).ready entity=mon.0 client_cookie=fc7e8ad1bda16bd6 server_cookie=0 in_seq=0 out_seq=0
2024-09-12T02:49:11.065 INFO:teuthology.orchestra.run.smithi005.stdout:/usr/bin/ceph: stderr
2024-09-12T02:49:09.998+0000 7f7e137fe640 1 -- 172.21.15.5:0/2396744192 <== mon.0 v2:172.21.15.5:3300/0 1 ==== mon_map magic: 0 ==== 205+0+0 (secure 0 0 0) 0x7f7e04037070 con 0x7f7e14106bc0
2024-09-12T02:49:11.066 INFO:teuthology.orchestra.run.smithi005.stdout:/usr/bin/ceph: stderr
2024-09-12T02:49:09.998+0000 7f7e137fe640 1 -- 172.21.15.5:0/2396744192 <== mon.0 v2:172.21.15.5:3300/0 2 ==== config(27 keys) ==== 1109+0+0 (secure 0 0 0) 0x7f7e04032900 con 0x7f7e14106bc0
2024-09-12T02:49:11.066 INFO:teuthology.orchestra.run.smithi005.stdout:/usr/bin/ceph: stderr
2024-09-12T02:49:09.998+0000 7f7e137fe640 1 -- 172.21.15.5:0/2396744192 <== mon.0 v2:172.21.15.5:3300/0 3 ==== mon_map magic: 0 ==== 205+0+0 (secure 0 0 0) 0x7f7e04030850 con 0x7f7e14106bc0
2024-09-12T02:49:11.066 INFO:teuthology.orchestra.run.smithi005.stdout:/usr/bin/ceph: stderr
2024-09-12T02:49:09.999+0000 7f7e1a34f640 1 -- 172.21.15.5:0/2396744192 >> [v2:172.21.15.5:3300/0,v1:172.21.15.5:6789/0] conn(0x7f7e14106bc0 msgr2=0x7f7e14106fc0 secure :-1 s=STATE_CONNECTION_ESTABLISHED l=1).mark_down
2024-09-12T02:49:11.066 INFO:teuthology.orchestra.run.smithi005.stdout:/usr/bin/ceph: stderr
2024-09-12T02:49:09.999+0000 7f7e1a34f640 1 --2- 172.21.15.5:0/2396744192 >> [v2:172.21.15.5:3300/0,v1:172.21.15.5:6789/0] conn(0x7f7e14106bc0 0x7f7e14106fc0 secure :-1 s=READY pgs=37 cs=0 l=1 rev1=1 crypto rx=0x7f7e04009820 tx=0x7f7e0402a270 comp rx=0 tx=0).stop
2024-09-12T02:49:11.066 INFO:teuthology.orchestra.run.smithi005.stdout:/usr/bin/ceph: stderr
2024-09-12T02:49:09.999+0000 7f7e1a34f640 1 -- 172.21.15.5:0/2396744192 shutdown_connections
2024-09-12T02:49:11.066 INFO:teuthology.orchestra.run.smithi005.stdout:/usr/bin/ceph: stderr
2024-09-12T02:49:09.999+0000 7f7e1a34f640 1 --2- 172.21.15.5:0/2396744192 >> [v2:172.21.15.5:3300/0,v1:172.21.15.5:6789/0] conn(0x7f7e14106bc0 0x7f7e14106fc0 unknown :-1 s=CLOSED pgs=37 cs=0 l=1 rev1=1 crypto rx=0 tx=0 comp rx=0 tx=0).stop
2024-09-12T02:49:11.066 INFO:teuthology.orchestra.run.smithi005.stdout:/usr/bin/ceph: stderr
2024-09-12T02:49:09.999+0000 7f7e1a34f640 1 -- 172.21.15.5:0/2396744192 >> 172.21.15.5:0/2396744192 conn(0x7f7e141015f0 msgr2=0x7f7e14103a10 unknown :-1 s=STATE_NONE l=0).mark_down
2024-09-12T02:49:11.066 INFO:teuthology.orchestra.run.smithi005.stdout:/usr/bin/ceph: stderr
2024-09-12T02:49:09.999+0000 7f7e1a34f640 1 -- 172.21.15.5:0/2396744192 shutdown_connections
2024-09-12T02:49:11.066 INFO:teuthology.orchestra.run.smithi005.stdout:/usr/bin/ceph: stderr
2024-09-12T02:49:09.999+0000 7f7e1a34f640 1 -- 172.21.15.5:0/2396744192 wait complete.
2024-09-12T02:49:11.066 INFO:teuthology.orchestra.run.smithi005.stdout:/usr/bin/ceph: stderr
2024-09-12T02:49:09.999+0000 7f7e1a34f640 1 Processor -- start
2024-09-12T02:49:11.066 INFO:teuthology.orchestra.run.smithi005.stdout:/usr/bin/ceph: stderr
2024-09-12T02:49:10.000+0000 7f7e1a34f640 1 -- start start
2024-09-12T02:49:11.066 INFO:teuthology.orchestra.run.smithi005.stdout:/usr/bin/ceph: stderr
2024-09-12T02:49:10.000+0000 7f7e1a34f640 1 --2- >> [v2:172.21.15.5:3300/0,v1:172.21.15.5:6789/0] conn(0x7f7e14106bc0 0x7f7e1419b730 unknown :-1 s=NONE pgs=0 cs=0 l=1 rev1=0 crypto rx=0 tx=0 comp rx=0 tx=0).connect
2024-09-12T02:49:11.066 INFO:teuthology.orchestra.run.smithi005.stdout:/usr/bin/ceph: stderr
2024-09-12T02:49:10.000+0000 7f7e1a34f640 1 -- --> [v2:172.21.15.5:3300/0,v1:172.21.15.5:6789/0] -- mon_getmap magic: 0 -- 0x7f7e1410ac90 con 0x7f7e14106bc0
2024-09-12T02:49:11.067 INFO:teuthology.orchestra.run.smithi005.stdout:/usr/bin/ceph: stderr
2024-09-12T02:49:10.000+0000 7f7e13fff640 1 --2- >> [v2:172.21.15.5:3300/0,v1:172.21.15.5:6789/0] conn(0x7f7e14106bc0 0x7f7e1419b730 unknown :-1 s=BANNER_CONNECTING pgs=0 cs=0 l=1 rev1=0 crypto rx=0 tx=0 comp rx=0 tx=0)._handle_peer_banner_payload supported=3 required=0
2024-09-12T02:49:11.067 INFO:teuthology.orchestra.run.smithi005.stdout:/usr/bin/ceph: stderr
2024-09-12T02:49:10.000+0000 7f7e13fff640 1 --2- >> [v2:172.21.15.5:3300/0,v1:172.21.15.5:6789/0] conn(0x7f7e14106bc0 0x7f7e1419b730 unknown :-1 s=HELLO_CONNECTING pgs=0 cs=0 l=1 rev1=1 crypto rx=0 tx=0 comp rx=0 tx=0).handle_hello peer v2:172.21.15.5:3300/0 says I am v2:172.21.15.5:36664/0 (socket says 172.21.15.5:36664)
2024-09-12T02:49:11.067 INFO:teuthology.orchestra.run.smithi005.stdout:/usr/bin/ceph: stderr
2024-09-12T02:49:10.000+0000 7f7e13fff640 1 -- 172.21.15.5:0/1066784769 learned_addr learned my addr 172.21.15.5:0/1066784769 (peer_addr_for_me v2:172.21.15.5:0/0)
2024-09-12T02:49:11.067 INFO:teuthology.orchestra.run.smithi005.stdout:/usr/bin/ceph: stderr
2024-09-12T02:49:10.000+0000 7f7e13fff640 1 -- 172.21.15.5:0/1066784769 --> [v2:172.21.15.5:3300/0,v1:172.21.15.5:6789/0] -- mon_subscribe({config=0+,monmap=0+}) -- 0x7f7e1419bc70 con 0x7f7e14106bc0
2024-09-12T02:49:11.067 INFO:teuthology.orchestra.run.smithi005.stdout:/usr/bin/ceph: stderr
2024-09-12T02:49:10.000+0000 7f7e13fff640 1 --2- 172.21.15.5:0/1066784769 >> [v2:172.21.15.5:3300/0,v1:172.21.15.5:6789/0] conn(0x7f7e14106bc0 0x7f7e1419b730 secure :-1 s=READY pgs=38 cs=0 l=1 rev1=1 crypto rx=0x7f7e040097f0 tx=0x7f7e04030d80 comp rx=0 tx=0).ready entity=mon.0 client_cookie=0 server_cookie=0 in_seq=0 out_seq=0
2024-09-12T02:49:11.067 INFO:teuthology.orchestra.run.smithi005.stdout:/usr/bin/ceph: stderr
2024-09-12T02:49:10.000+0000 7f7e11ffb640 1 -- 172.21.15.5:0/1066784769 <== mon.0 v2:172.21.15.5:3300/0 1 ==== mon_map magic: 0 ==== 205+0+0 (secure 0 0 0) 0x7f7e04037040 con 0x7f7e14106bc0
2024-09-12T02:49:11.067 INFO:teuthology.orchestra.run.smithi005.stdout:/usr/bin/ceph: stderr
2024-09-12T02:49:10.001+0000 7f7e11ffb640 1 -- 172.21.15.5:0/1066784769 <== mon.0 v2:172.21.15.5:3300/0 2 ==== config(27 keys) ==== 1109+0+0 (secure 0 0 0) 0x7f7e04040070 con 0x7f7e14106bc0
2024-09-12T02:49:11.067 INFO:teuthology.orchestra.run.smithi005.stdout:/usr/bin/ceph: stderr
2024-09-12T02:49:10.001+0000 7f7e1a34f640 1 -- 172.21.15.5:0/1066784769 --> [v2:172.21.15.5:3300/0,v1:172.21.15.5:6789/0] -- mon_subscribe({mgrmap=0+}) -- 0x7f7e1419bf00 con 0x7f7e14106bc0
2024-09-12T02:49:11.067 INFO:teuthology.orchestra.run.smithi005.stdout:/usr/bin/ceph: stderr
2024-09-12T02:49:10.001+0000 7f7e11ffb640 1 -- 172.21.15.5:0/1066784769 <== mon.0 v2:172.21.15.5:3300/0 3 ==== mon_map magic: 0 ==== 205+0+0 (secure 0 0 0) 0x7f7e0403a390 con 0x7f7e14106bc0
2024-09-12T02:49:11.067 INFO:teuthology.orchestra.run.smithi005.stdout:/usr/bin/ceph: stderr
2024-09-12T02:49:10.001+0000 7f7e1a34f640 1 -- 172.21.15.5:0/1066784769 --> [v2:172.21.15.5:3300/0,v1:172.21.15.5:6789/0] -- mon_subscribe({osdmap=0}) -- 0x7f7e1419ebf0 con 0x7f7e14106bc0
2024-09-12T02:49:11.068 INFO:teuthology.orchestra.run.smithi005.stdout:/usr/bin/ceph: stderr
2024-09-12T02:49:10.002+0000 7f7e11ffb640 1 -- 172.21.15.5:0/1066784769 <== mon.0 v2:172.21.15.5:3300/0 4 ==== mgrmap(e 8) ==== 46287+0+0 (secure 0 0 0) 0x7f7e04032900 con 0x7f7e14106bc0
2024-09-12T02:49:11.068 INFO:teuthology.orchestra.run.smithi005.stdout:/usr/bin/ceph: stderr
2024-09-12T02:49:10.002+0000 7f7e1a34f640 1 -- 172.21.15.5:0/1066784769 --> [v2:172.21.15.5:3300/0,v1:172.21.15.5:6789/0] -- mon_command({"prefix": "get_command_descriptions"} v 0) -- 0x7f7e14107040 con 0x7f7e14106bc0
2024-09-12T02:49:11.068 INFO:teuthology.orchestra.run.smithi005.stdout:/usr/bin/ceph: stderr
2024-09-12T02:49:10.002+0000 7f7e11ffb640 1 --2- 172.21.15.5:0/1066784769 >> [v2:172.21.15.5:6800/3125821798,v1:172.21.15.5:6801/3125821798] conn(0x7f7e00038fc0 0x7f7e0003b480 unknown :-1 s=NONE pgs=0 cs=0 l=1 rev1=0 crypto rx=0 tx=0 comp rx=0 tx=0).connect
2024-09-12T02:49:11.068 INFO:teuthology.orchestra.run.smithi005.stdout:/usr/bin/ceph: stderr
2024-09-12T02:49:10.002+0000 7f7e11ffb640 1 -- 172.21.15.5:0/1066784769 <== mon.0 v2:172.21.15.5:3300/0 5 ==== osd_map(2..2 src has 1..2) ==== 940+0+0 (secure 0 0 0) 0x7f7e0406c4c0 con 0x7f7e14106bc0
2024-09-12T02:49:11.068 INFO:teuthology.orchestra.run.smithi005.stdout:/usr/bin/ceph: stderr
2024-09-12T02:49:10.002+0000 7f7e0bfff640 1 --2- 172.21.15.5:0/1066784769 >> [v2:172.21.15.5:6800/3125821798,v1:172.21.15.5:6801/3125821798] conn(0x7f7e00038fc0 0x7f7e0003b480 unknown :-1 s=BANNER_CONNECTING pgs=0 cs=0 l=1 rev1=0 crypto rx=0 tx=0 comp rx=0 tx=0)._handle_peer_banner_payload supported=3 required=0
2024-09-12T02:49:11.068 INFO:teuthology.orchestra.run.smithi005.stdout:/usr/bin/ceph: stderr
2024-09-12T02:49:10.002+0000 7f7e0bfff640 1 --2- 172.21.15.5:0/1066784769 >> [v2:172.21.15.5:6800/3125821798,v1:172.21.15.5:6801/3125821798] conn(0x7f7e00038fc0 0x7f7e0003b480 secure :-1 s=READY pgs=9 cs=0 l=1 rev1=1 crypto rx=0x7f7dfc0098c0 tx=0x7f7dfc006db0 comp rx=0 tx=0).ready entity=mgr.14116 client_cookie=0 server_cookie=0 in_seq=0 out_seq=0
2024-09-12T02:49:11.068 INFO:teuthology.orchestra.run.smithi005.stdout:/usr/bin/ceph: stderr
2024-09-12T02:49:10.007+0000 7f7e11ffb640 1 -- 172.21.15.5:0/1066784769 <== mon.0 v2:172.21.15.5:3300/0 6 ==== mon_command_ack([{"prefix": "get_command_descriptions"}]=0 v0) ==== 72+0+188821 (secure 0 0 0) 0x7f7e0406be50 con 0x7f7e14106bc0
2024-09-12T02:49:11.068 INFO:teuthology.orchestra.run.smithi005.stdout:/usr/bin/ceph: stderr
2024-09-12T02:49:10.183+0000 7f7e1a34f640 1 -- 172.21.15.5:0/1066784769 --> [v2:172.21.15.5:6800/3125821798,v1:172.21.15.5:6801/3125821798] -- mgr_command(tid 0: {"prefix": "cephadm generate-key", "target": ["mon-mgr", ""]}) -- 0x7f7e1402db70 con 0x7f7e00038fc0
2024-09-12T02:49:11.068 INFO:teuthology.orchestra.run.smithi005.stdout:/usr/bin/ceph: stderr
2024-09-12T02:49:10.507+0000 7f7e11ffb640 1 -- 172.21.15.5:0/1066784769 <== mgr.14116 v2:172.21.15.5:6800/3125821798 1 ==== mgr_command_reply(tid 0: 0 ) ==== 8+0+0 (secure 0 0 0) 0x7f7e1402db70 con 0x7f7e00038fc0
2024-09-12T02:49:11.068 INFO:teuthology.orchestra.run.smithi005.stdout:/usr/bin/ceph: stderr
2024-09-12T02:49:10.508+0000 7f7e1a34f640 1 -- 172.21.15.5:0/1066784769 >> [v2:172.21.15.5:6800/3125821798,v1:172.21.15.5:6801/3125821798] conn(0x7f7e00038fc0 msgr2=0x7f7e0003b480 secure :-1 s=STATE_CONNECTION_ESTABLISHED l=1).mark_down
2024-09-12T02:49:11.068 INFO:teuthology.orchestra.run.smithi005.stdout:/usr/bin/ceph: stderr
2024-09-12T02:49:10.508+0000 7f7e1a34f640 1 --2- 172.21.15.5:0/1066784769 >> [v2:172.21.15.5:6800/3125821798,v1:172.21.15.5:6801/3125821798] conn(0x7f7e00038fc0 0x7f7e0003b480 secure :-1 s=READY pgs=9 cs=0 l=1 rev1=1 crypto rx=0x7f7dfc0098c0 tx=0x7f7dfc006db0 comp rx=0 tx=0).stop
2024-09-12T02:49:11.068 INFO:teuthology.orchestra.run.smithi005.stdout:/usr/bin/ceph: stderr
2024-09-12T02:49:10.508+0000 7f7e1a34f640 1 -- 172.21.15.5:0/1066784769 >> [v2:172.21.15.5:3300/0,v1:172.21.15.5:6789/0] conn(0x7f7e14106bc0 msgr2=0x7f7e1419b730 secure :-1 s=STATE_CONNECTION_ESTABLISHED l=1).mark_down
2024-09-12T02:49:11.069 INFO:teuthology.orchestra.run.smithi005.stdout:/usr/bin/ceph: stderr
2024-09-12T02:49:10.508+0000 7f7e1a34f640 1 --2- 172.21.15.5:0/1066784769 >> [v2:172.21.15.5:3300/0,v1:172.21.15.5:6789/0] conn(0x7f7e14106bc0 0x7f7e1419b730 secure :-1 s=READY pgs=38 cs=0 l=1 rev1=1 crypto rx=0x7f7e040097f0 tx=0x7f7e04030d80 comp rx=0 tx=0).stop
2024-09-12T02:49:11.069 INFO:teuthology.orchestra.run.smithi005.stdout:/usr/bin/ceph: stderr
2024-09-12T02:49:10.509+0000 7f7e1a34f640 1 -- 172.21.15.5:0/1066784769 shutdown_connections
2024-09-12T02:49:11.069 INFO:teuthology.orchestra.run.smithi005.stdout:/usr/bin/ceph: stderr
2024-09-12T02:49:10.509+0000 7f7e1a34f640 1 --2- 172.21.15.5:0/1066784769 >> [v2:172.21.15.5:6800/3125821798,v1:172.21.15.5:6801/3125821798] conn(0x7f7e00038fc0 0x7f7e0003b480 unknown :-1 s=CLOSED pgs=9 cs=0 l=1 rev1=1 crypto rx=0 tx=0 comp rx=0 tx=0).stop
2024-09-12T02:49:11.070 INFO:teuthology.orchestra.run.smithi005.stdout:/usr/bin/ceph: stderr
2024-09-12T02:49:10.509+0000 7f7e1a34f640 1 --2- 172.21.15.5:0/1066784769 >> [v2:172.21.15.5:3300/0,v1:172.21.15.5:6789/0] conn(0x7f7e14106bc0 0x7f7e1419b730 unknown :-1 s=CLOSED pgs=38 cs=0 l=1 rev1=1 crypto rx=0 tx=0 comp rx=0 tx=0).stop
2024-09-12T02:49:11.070 INFO:teuthology.orchestra.run.smithi005.stdout:/usr/bin/ceph: stderr
2024-09-12T02:49:10.509+0000 7f7e1a34f640 1 -- 172.21.15.5:0/1066784769 >> 172.21.15.5:0/1066784769 conn(0x7f7e141015f0 msgr2=0x7f7e141024e0 unknown :-1 s=STATE_NONE l=0).mark_down
2024-09-12T02:49:11.070 INFO:teuthology.orchestra.run.smithi005.stdout:/usr/bin/ceph: stderr
2024-09-12T02:49:10.509+0000 7f7e1a34f640 1 -- 172.21.15.5:0/1066784769 shutdown_connections
2024-09-12T02:49:11.070 INFO:teuthology.orchestra.run.smithi005.stdout:/usr/bin/ceph: stderr
2024-09-12T02:49:10.509+0000 7f7e1a34f640 1 -- 172.21.15.5:0/1066784769 wait complete.
2024-09-12T02:49:12.204 INFO:teuthology.orchestra.run.smithi005.stdout:/usr/bin/ceph: stdout ssh-rsa AAAAB3NzaC1yc2EAAAADAQABAAABgQCkO7uq7a+tQ6DHnIxiHhyCltvl6iy/AWOzZGgRZdA2BT0+s8CNG2ITuTQLE4EbGMp8R39OwF6zRuJy9ltDSStD/i3e9DM7kj8RtZe586zqM2rsII3pfUdhYaNvUslnrIw9nZVBaNTvX8UHZ3+SK8ODUOrRJBuRnNHYrdKIRx8iyQEbxetAcxKEJjnr/atSKc1sGd0YgztITWr+J9SKlu0wxQ/Cel+I99Zz/oX4ACpiKeyG5uW1LzRLi3EUtT7ReVp7mCo9OE6Wt0RWefhNBnOnX2ejSwF8gaKVgEsmFaSXBuFeq+TczOninzrVwzXkHNqVHOnKIsNNROzwnAn85oA1Cf0iI2bETVmj76Fcwtuvy0PBmQJbGt76jjNfOXSYN8cVEEMC7v3ybTiKmr2SYWkmsm7YjohjnOlsmSMFwgjlZwWngYv8abwdMG9+vUrPPlAiYqW8UJLgvgsgjoJTS8vGtJkMU4w248YmcGSjLV2jK4aaFlab571vnWwwh33wnjc= ceph-618305f8-70b1-11ef-bcea-c7b262605968
2024-09-12T02:49:12.204 INFO:teuthology.orchestra.run.smithi005.stdout:/usr/bin/ceph: stderr
2024-09-12T02:49:11.426+0000 7f9c6d11c640 1 Processor -- start
2024-09-12T02:49:12.204 INFO:teuthology.orchestra.run.smithi005.stdout:/usr/bin/ceph: stderr
2024-09-12T02:49:11.426+0000 7f9c6d11c640 1 -- start start
2024-09-12T02:49:12.204 INFO:teuthology.orchestra.run.smithi005.stdout:/usr/bin/ceph: stderr
2024-09-12T02:49:11.426+0000 7f9c6d11c640 1 --2- >> [v2:172.21.15.5:3300/0,v1:172.21.15.5:6789/0] conn(0x7f9c68107780 0x7f9c68107b80 unknown :-1 s=NONE pgs=0 cs=0 l=0 rev1=0 crypto rx=0 tx=0 comp rx=0 tx=0).connect
2024-09-12T02:49:12.204 INFO:teuthology.orchestra.run.smithi005.stdout:/usr/bin/ceph: stderr
2024-09-12T02:49:11.426+0000 7f9c6d11c640 1 -- --> [v2:172.21.15.5:3300/0,v1:172.21.15.5:6789/0] -- mon_getmap magic: 0 -- 0x7f9c68108150 con 0x7f9c68107780
2024-09-12T02:49:12.204 INFO:teuthology.orchestra.run.smithi005.stdout:/usr/bin/ceph: stderr
2024-09-12T02:49:11.426+0000 7f9c66d9d640 1 --2- >> [v2:172.21.15.5:3300/0,v1:172.21.15.5:6789/0] conn(0x7f9c68107780 0x7f9c68107b80 unknown :-1 s=BANNER_CONNECTING pgs=0 cs=0 l=0 rev1=0 crypto rx=0 tx=0 comp rx=0 tx=0)._handle_peer_banner_payload supported=3 required=0
2024-09-12T02:49:12.204 INFO:teuthology.orchestra.run.smithi005.stdout:/usr/bin/ceph: stderr
2024-09-12T02:49:11.426+0000 7f9c66d9d640 1 --2- >> [v2:172.21.15.5:3300/0,v1:172.21.15.5:6789/0] conn(0x7f9c68107780 0x7f9c68107b80 unknown :-1 s=HELLO_CONNECTING pgs=0 cs=0 l=0 rev1=1 crypto rx=0 tx=0 comp rx=0 tx=0).handle_hello peer v2:172.21.15.5:3300/0 says I am v2:172.21.15.5:36680/0 (socket says 172.21.15.5:36680)
2024-09-12T02:49:12.205 INFO:teuthology.orchestra.run.smithi005.stdout:/usr/bin/ceph: stderr
2024-09-12T02:49:11.426+0000 7f9c66d9d640 1 -- 172.21.15.5:0/639617453 learned_addr learned my addr 172.21.15.5:0/639617453 (peer_addr_for_me v2:172.21.15.5:0/0)
2024-09-12T02:49:12.205 INFO:teuthology.orchestra.run.smithi005.stdout:/usr/bin/ceph: stderr
2024-09-12T02:49:11.427+0000 7f9c66d9d640 1 -- 172.21.15.5:0/639617453 --> [v2:172.21.15.5:3300/0,v1:172.21.15.5:6789/0] -- mon_subscribe({config=0+,monmap=0+}) -- 0x7f9c68108980 con 0x7f9c68107780
2024-09-12T02:49:12.205 INFO:teuthology.orchestra.run.smithi005.stdout:/usr/bin/ceph: stderr
2024-09-12T02:49:11.427+0000 7f9c66d9d640 1 --2- 172.21.15.5:0/639617453 >> [v2:172.21.15.5:3300/0,v1:172.21.15.5:6789/0] conn(0x7f9c68107780 0x7f9c68107b80 secure :-1 s=READY pgs=39 cs=0 l=1 rev1=1 crypto rx=0x7f9c58009820 tx=0x7f9c5802a270 comp rx=0 tx=0).ready entity=mon.0 client_cookie=1b3905300c236d73 server_cookie=0 in_seq=0 out_seq=0
2024-09-12T02:49:12.205 INFO:teuthology.orchestra.run.smithi005.stdout:/usr/bin/ceph: stderr
2024-09-12T02:49:11.428+0000 7f9c6659c640 1 -- 172.21.15.5:0/639617453 <== mon.0 v2:172.21.15.5:3300/0 1 ==== mon_map magic: 0 ==== 205+0+0 (secure 0 0 0) 0x7f9c58037070 con 0x7f9c68107780
2024-09-12T02:49:12.205 INFO:teuthology.orchestra.run.smithi005.stdout:/usr/bin/ceph: stderr
2024-09-12T02:49:11.428+0000 7f9c6659c640 1 -- 172.21.15.5:0/639617453 <== mon.0 v2:172.21.15.5:3300/0 2 ==== config(27 keys) ==== 1109+0+0 (secure 0 0 0) 0x7f9c58032900 con 0x7f9c68107780
2024-09-12T02:49:12.205 INFO:teuthology.orchestra.run.smithi005.stdout:/usr/bin/ceph: stderr
2024-09-12T02:49:11.428+0000 7f9c6659c640 1 -- 172.21.15.5:0/639617453 <== mon.0 v2:172.21.15.5:3300/0 3 ==== mon_map magic: 0 ==== 205+0+0 (secure 0 0 0) 0x7f9c58030850 con 0x7f9c68107780
2024-09-12T02:49:12.205 INFO:teuthology.orchestra.run.smithi005.stdout:/usr/bin/ceph: stderr
2024-09-12T02:49:11.428+0000 7f9c6d11c640 1 -- 172.21.15.5:0/639617453 >> [v2:172.21.15.5:3300/0,v1:172.21.15.5:6789/0] conn(0x7f9c68107780 msgr2=0x7f9c68107b80 secure :-1 s=STATE_CONNECTION_ESTABLISHED l=1).mark_down
2024-09-12T02:49:12.205 INFO:teuthology.orchestra.run.smithi005.stdout:/usr/bin/ceph: stderr
2024-09-12T02:49:11.428+0000 7f9c6d11c640 1 --2- 172.21.15.5:0/639617453 >> [v2:172.21.15.5:3300/0,v1:172.21.15.5:6789/0] conn(0x7f9c68107780 0x7f9c68107b80 secure :-1 s=READY pgs=39 cs=0 l=1 rev1=1 crypto rx=0x7f9c58009820 tx=0x7f9c5802a270 comp rx=0 tx=0).stop
2024-09-12T02:49:12.205 INFO:teuthology.orchestra.run.smithi005.stdout:/usr/bin/ceph: stderr
2024-09-12T02:49:11.428+0000 7f9c6d11c640 1 -- 172.21.15.5:0/639617453 shutdown_connections
2024-09-12T02:49:12.205 INFO:teuthology.orchestra.run.smithi005.stdout:/usr/bin/ceph: stderr
2024-09-12T02:49:11.428+0000 7f9c6d11c640 1 --2- 172.21.15.5:0/639617453 >> [v2:172.21.15.5:3300/0,v1:172.21.15.5:6789/0] conn(0x7f9c68107780 0x7f9c68107b80 unknown :-1 s=CLOSED pgs=39 cs=0 l=1 rev1=1 crypto rx=0 tx=0 comp rx=0 tx=0).stop
2024-09-12T02:49:12.206 INFO:teuthology.orchestra.run.smithi005.stdout:/usr/bin/ceph: stderr
2024-09-12T02:49:11.428+0000 7f9c6d11c640 1 -- 172.21.15.5:0/639617453 >> 172.21.15.5:0/639617453 conn(0x7f9c68102f30 msgr2=0x7f9c68105350 unknown :-1 s=STATE_NONE l=0).mark_down
2024-09-12T02:49:12.206 INFO:teuthology.orchestra.run.smithi005.stdout:/usr/bin/ceph: stderr
2024-09-12T02:49:11.428+0000 7f9c6d11c640 1 -- 172.21.15.5:0/639617453 shutdown_connections
2024-09-12T02:49:12.206 INFO:teuthology.orchestra.run.smithi005.stdout:/usr/bin/ceph: stderr
2024-09-12T02:49:11.428+0000 7f9c6d11c640 1 -- 172.21.15.5:0/639617453 wait complete.
2024-09-12T02:49:12.206 INFO:teuthology.orchestra.run.smithi005.stdout:/usr/bin/ceph: stderr
2024-09-12T02:49:11.429+0000 7f9c6d11c640 1 Processor -- start
2024-09-12T02:49:12.206 INFO:teuthology.orchestra.run.smithi005.stdout:/usr/bin/ceph: stderr
2024-09-12T02:49:11.429+0000 7f9c6d11c640 1 -- start start
2024-09-12T02:49:12.206 INFO:teuthology.orchestra.run.smithi005.stdout:/usr/bin/ceph: stderr
2024-09-12T02:49:11.429+0000 7f9c6d11c640 1 --2- >> [v2:172.21.15.5:3300/0,v1:172.21.15.5:6789/0] conn(0x7f9c68107780 0x7f9c6807daf0 unknown :-1 s=NONE pgs=0 cs=0 l=1 rev1=0 crypto rx=0 tx=0 comp rx=0 tx=0).connect
2024-09-12T02:49:12.206 INFO:teuthology.orchestra.run.smithi005.stdout:/usr/bin/ceph: stderr
2024-09-12T02:49:11.429+0000 7f9c6d11c640 1 -- --> [v2:172.21.15.5:3300/0,v1:172.21.15.5:6789/0] -- mon_getmap magic: 0 -- 0x7f9c6810bd30 con 0x7f9c68107780
2024-09-12T02:49:12.206 INFO:teuthology.orchestra.run.smithi005.stdout:/usr/bin/ceph: stderr
2024-09-12T02:49:11.430+0000 7f9c66d9d640 1 --2- >> [v2:172.21.15.5:3300/0,v1:172.21.15.5:6789/0] conn(0x7f9c68107780 0x7f9c6807daf0 unknown :-1 s=BANNER_CONNECTING pgs=0 cs=0 l=1 rev1=0 crypto rx=0 tx=0 comp rx=0 tx=0)._handle_peer_banner_payload supported=3 required=0
2024-09-12T02:49:12.206 INFO:teuthology.orchestra.run.smithi005.stdout:/usr/bin/ceph: stderr
2024-09-12T02:49:11.430+0000 7f9c66d9d640 1 --2- >> [v2:172.21.15.5:3300/0,v1:172.21.15.5:6789/0] conn(0x7f9c68107780 0x7f9c6807daf0 unknown :-1 s=HELLO_CONNECTING pgs=0 cs=0 l=1 rev1=1 crypto rx=0 tx=0 comp rx=0 tx=0).handle_hello peer v2:172.21.15.5:3300/0 says I am v2:172.21.15.5:36694/0 (socket says 172.21.15.5:36694)
2024-09-12T02:49:12.206 INFO:teuthology.orchestra.run.smithi005.stdout:/usr/bin/ceph: stderr
2024-09-12T02:49:11.430+0000 7f9c66d9d640 1 -- 172.21.15.5:0/784366339 learned_addr learned my addr 172.21.15.5:0/784366339 (peer_addr_for_me v2:172.21.15.5:0/0)
2024-09-12T02:49:12.206 INFO:teuthology.orchestra.run.smithi005.stdout:/usr/bin/ceph: stderr
2024-09-12T02:49:11.430+0000 7f9c66d9d640 1 -- 172.21.15.5:0/784366339 --> [v2:172.21.15.5:3300/0,v1:172.21.15.5:6789/0] -- mon_subscribe({config=0+,monmap=0+}) -- 0x7f9c6807e030 con 0x7f9c68107780
2024-09-12T02:49:12.206 INFO:teuthology.orchestra.run.smithi005.stdout:/usr/bin/ceph: stderr
2024-09-12T02:49:11.430+0000 7f9c66d9d640 1 --2- 172.21.15.5:0/784366339 >> [v2:172.21.15.5:3300/0,v1:172.21.15.5:6789/0] conn(0x7f9c68107780 0x7f9c6807daf0 secure :-1 s=READY pgs=40 cs=0 l=1 rev1=1 crypto rx=0x7f9c58009940 tx=0x7f9c58032ce0 comp rx=0 tx=0).ready entity=mon.0 client_cookie=0 server_cookie=0 in_seq=0 out_seq=0
2024-09-12T02:49:12.206 INFO:teuthology.orchestra.run.smithi005.stdout:/usr/bin/ceph: stderr
2024-09-12T02:49:11.430+0000 7f9c64d99640 1 -- 172.21.15.5:0/784366339 <== mon.0 v2:172.21.15.5:3300/0 1 ==== mon_map magic: 0 ==== 205+0+0 (secure 0 0 0) 0x7f9c58042070 con 0x7f9c68107780
2024-09-12T02:49:12.207 INFO:teuthology.orchestra.run.smithi005.stdout:/usr/bin/ceph: stderr
2024-09-12T02:49:11.430+0000 7f9c6d11c640 1 -- 172.21.15.5:0/784366339 --> [v2:172.21.15.5:3300/0,v1:172.21.15.5:6789/0] -- mon_subscribe({mgrmap=0+}) -- 0x7f9c6807c220 con 0x7f9c68107780
2024-09-12T02:49:12.207 INFO:teuthology.orchestra.run.smithi005.stdout:/usr/bin/ceph: stderr
2024-09-12T02:49:11.430+0000 7f9c64d99640 1 -- 172.21.15.5:0/784366339 <== mon.0 v2:172.21.15.5:3300/0 2 ==== config(27 keys) ==== 1109+0+0 (secure 0 0 0) 0x7f9c580308c0 con 0x7f9c68107780
2024-09-12T02:49:12.207 INFO:teuthology.orchestra.run.smithi005.stdout:/usr/bin/ceph: stderr
2024-09-12T02:49:11.430+0000 7f9c64d99640 1 -- 172.21.15.5:0/784366339 <== mon.0 v2:172.21.15.5:3300/0 3 ==== mon_map magic: 0 ==== 205+0+0 (secure 0 0 0) 0x7f9c58037040 con 0x7f9c68107780
2024-09-12T02:49:12.207 INFO:teuthology.orchestra.run.smithi005.stdout:/usr/bin/ceph: stderr
2024-09-12T02:49:11.430+0000 7f9c6d11c640 1 -- 172.21.15.5:0/784366339 --> [v2:172.21.15.5:3300/0,v1:172.21.15.5:6789/0] -- mon_subscribe({osdmap=0}) -- 0x7f9c6807c760 con 0x7f9c68107780
2024-09-12T02:49:12.207 INFO:teuthology.orchestra.run.smithi005.stdout:/usr/bin/ceph: stderr
2024-09-12T02:49:11.431+0000 7f9c64d99640 1 -- 172.21.15.5:0/784366339 <== mon.0 v2:172.21.15.5:3300/0 4 ==== mgrmap(e 8) ==== 46287+0+0 (secure 0 0 0) 0x7f9c58045070 con 0x7f9c68107780
2024-09-12T02:49:12.207 INFO:teuthology.orchestra.run.smithi005.stdout:/usr/bin/ceph: stderr
2024-09-12T02:49:11.431+0000 7f9c64d99640 1 --2- 172.21.15.5:0/784366339 >> [v2:172.21.15.5:6800/3125821798,v1:172.21.15.5:6801/3125821798] conn(0x7f9c54038f70 0x7f9c5403b430 unknown :-1 s=NONE pgs=0 cs=0 l=1 rev1=0 crypto rx=0 tx=0 comp rx=0 tx=0).connect
2024-09-12T02:49:12.207 INFO:teuthology.orchestra.run.smithi005.stdout:/usr/bin/ceph: stderr
2024-09-12T02:49:11.431+0000 7f9c6d11c640 1 -- 172.21.15.5:0/784366339 --> [v2:172.21.15.5:3300/0,v1:172.21.15.5:6789/0] -- mon_command({"prefix": "get_command_descriptions"} v 0) -- 0x7f9c68107c00 con 0x7f9c68107780
2024-09-12T02:49:12.207 INFO:teuthology.orchestra.run.smithi005.stdout:/usr/bin/ceph: stderr
2024-09-12T02:49:11.431+0000 7f9c64d99640 1 -- 172.21.15.5:0/784366339 <== mon.0 v2:172.21.15.5:3300/0 5 ==== osd_map(2..2 src has 1..2) ==== 940+0+0 (secure 0 0 0) 0x7f9c5806c060 con 0x7f9c68107780
2024-09-12T02:49:12.207 INFO:teuthology.orchestra.run.smithi005.stdout:/usr/bin/ceph: stderr
2024-09-12T02:49:11.431+0000 7f9c5ffff640 1 --2- 172.21.15.5:0/784366339 >> [v2:172.21.15.5:6800/3125821798,v1:172.21.15.5:6801/3125821798] conn(0x7f9c54038f70 0x7f9c5403b430 unknown :-1 s=BANNER_CONNECTING pgs=0 cs=0 l=1 rev1=0 crypto rx=0 tx=0 comp rx=0 tx=0)._handle_peer_banner_payload supported=3 required=0
2024-09-12T02:49:12.208 INFO:teuthology.orchestra.run.smithi005.stdout:/usr/bin/ceph: stderr
2024-09-12T02:49:11.432+0000 7f9c5ffff640 1 --2- 172.21.15.5:0/784366339 >> [v2:172.21.15.5:6800/3125821798,v1:172.21.15.5:6801/3125821798] conn(0x7f9c54038f70 0x7f9c5403b430 secure :-1 s=READY pgs=10 cs=0 l=1 rev1=1 crypto rx=0x7f9c500098c0 tx=0x7f9c50006db0 comp rx=0 tx=0).ready entity=mgr.14116 client_cookie=0 server_cookie=0 in_seq=0 out_seq=0
2024-09-12T02:49:12.208 INFO:teuthology.orchestra.run.smithi005.stdout:/usr/bin/ceph: stderr
2024-09-12T02:49:11.436+0000 7f9c64d99640 1 -- 172.21.15.5:0/784366339 <== mon.0 v2:172.21.15.5:3300/0 6 ==== mon_command_ack([{"prefix": "get_command_descriptions"}]=0 v0) ==== 72+0+188821 (secure 0 0 0) 0x7f9c58045520 con 0x7f9c68107780
2024-09-12T02:49:12.208 INFO:teuthology.orchestra.run.smithi005.stdout:/usr/bin/ceph: stderr
2024-09-12T02:49:11.615+0000 7f9c6d11c640 1 -- 172.21.15.5:0/784366339 --> [v2:172.21.15.5:6800/3125821798,v1:172.21.15.5:6801/3125821798] -- mgr_command(tid 0: {"prefix": "cephadm get-pub-key", "target": ["mon-mgr", ""]}) -- 0x7f9c6807cfc0 con 0x7f9c54038f70
2024-09-12T02:49:12.208 INFO:teuthology.orchestra.run.smithi005.stdout:/usr/bin/ceph: stderr
2024-09-12T02:49:11.616+0000 7f9c64d99640 1 -- 172.21.15.5:0/784366339 <== mgr.14116 v2:172.21.15.5:6800/3125821798 1 ==== mgr_command_reply(tid 0: 0 ) ==== 8+0+595 (secure 0 0 0) 0x7f9c6807cfc0 con 0x7f9c54038f70
2024-09-12T02:49:12.208 INFO:teuthology.orchestra.run.smithi005.stdout:/usr/bin/ceph: stderr
2024-09-12T02:49:11.618+0000 7f9c6d11c640 1 -- 172.21.15.5:0/784366339 >> [v2:172.21.15.5:6800/3125821798,v1:172.21.15.5:6801/3125821798] conn(0x7f9c54038f70 msgr2=0x7f9c5403b430 secure :-1 s=STATE_CONNECTION_ESTABLISHED l=1).mark_down
2024-09-12T02:49:12.208 INFO:teuthology.orchestra.run.smithi005.stdout:/usr/bin/ceph: stderr
2024-09-12T02:49:11.618+0000 7f9c6d11c640 1 --2- 172.21.15.5:0/784366339 >> [v2:172.21.15.5:6800/3125821798,v1:172.21.15.5:6801/3125821798] conn(0x7f9c54038f70 0x7f9c5403b430 secure :-1 s=READY pgs=10 cs=0 l=1 rev1=1 crypto rx=0x7f9c500098c0 tx=0x7f9c50006db0 comp rx=0 tx=0).stop
2024-09-12T02:49:12.208 INFO:teuthology.orchestra.run.smithi005.stdout:/usr/bin/ceph: stderr
2024-09-12T02:49:11.618+0000 7f9c6d11c640 1 -- 172.21.15.5:0/784366339 >> [v2:172.21.15.5:3300/0,v1:172.21.15.5:6789/0] conn(0x7f9c68107780 msgr2=0x7f9c6807daf0 secure :-1 s=STATE_CONNECTION_ESTABLISHED l=1).mark_down
2024-09-12T02:49:12.208 INFO:teuthology.orchestra.run.smithi005.stdout:/usr/bin/ceph: stderr
2024-09-12T02:49:11.618+0000 7f9c6d11c640 1 --2- 172.21.15.5:0/784366339 >> [v2:172.21.15.5:3300/0,v1:172.21.15.5:6789/0] conn(0x7f9c68107780 0x7f9c6807daf0 secure :-1 s=READY pgs=40 cs=0 l=1 rev1=1 crypto rx=0x7f9c58009940 tx=0x7f9c58032ce0 comp rx=0 tx=0).stop
2024-09-12T02:49:12.208 INFO:teuthology.orchestra.run.smithi005.stdout:/usr/bin/ceph: stderr
2024-09-12T02:49:11.619+0000 7f9c6d11c640 1 -- 172.21.15.5:0/784366339 shutdown_connections
