2024-09-12T02:53:55.953+0000 7f05ebfff640 1 --2- >> [v2:172.21.15.116:3300/0,v1:172.21.15.116:6789/0] conn(0x7f05ec106520 0x7f05ec106920 unknown :-1 s=BANNER_CONNECTING pgs=0 cs=0 l=0 rev1=0 crypto rx=0 tx=0 comp rx=0 tx=0)._handle_peer_banner_payload supported=3 required=0
2024-09-12T02:53:56.722 INFO:teuthology.orchestra.run.smithi116.stdout:/usr/bin/ceph: stderr
2024-09-12T02:53:55.953+0000 7f05ebfff640 1 --2- >> [v2:172.21.15.116:3300/0,v1:172.21.15.116:6789/0] conn(0x7f05ec106520 0x7f05ec106920 unknown :-1 s=HELLO_CONNECTING pgs=0 cs=0 l=0 rev1=1 crypto rx=0 tx=0 comp rx=0 tx=0).handle_hello peer v2:172.21.15.116:3300/0 says I am v2:172.21.15.116:59692/0 (socket says 172.21.15.116:59692)
2024-09-12T02:53:56.722 INFO:teuthology.orchestra.run.smithi116.stdout:/usr/bin/ceph: stderr
2024-09-12T02:53:55.953+0000 7f05ebfff640 1 -- 172.21.15.116:0/3164601199 learned_addr learned my addr 172.21.15.116:0/3164601199 (peer_addr_for_me v2:172.21.15.116:0/0)
2024-09-12T02:53:56.722 INFO:teuthology.orchestra.run.smithi116.stdout:/usr/bin/ceph: stderr
2024-09-12T02:53:55.953+0000 7f05ebfff640 1 -- 172.21.15.116:0/3164601199 --> [v2:172.21.15.116:3300/0,v1:172.21.15.116:6789/0] -- mon_subscribe({config=0+,monmap=0+}) -- 0x7f05ec107720 con 0x7f05ec106520
2024-09-12T02:53:56.722 INFO:teuthology.orchestra.run.smithi116.stdout:/usr/bin/ceph: stderr
2024-09-12T02:53:55.954+0000 7f05ebfff640 1 --2- 172.21.15.116:0/3164601199 >> [v2:172.21.15.116:3300/0,v1:172.21.15.116:6789/0] conn(0x7f05ec106520 0x7f05ec106920 secure :-1 s=READY pgs=51 cs=0 l=1 rev1=1 crypto rx=0x7f05dc009820 tx=0x7f05dc02a270 comp rx=0 tx=0).ready entity=mon.0 client_cookie=e839b5eba8c9d8ea server_cookie=0 in_seq=0 out_seq=0
2024-09-12T02:53:56.722 INFO:teuthology.orchestra.run.smithi116.stdout:/usr/bin/ceph: stderr
2024-09-12T02:53:55.954+0000 7f05eaffd640 1 -- 172.21.15.116:0/3164601199 <== mon.0 v2:172.21.15.116:3300/0 1 ==== mon_map magic: 0 ==== 205+0+0 (secure 0 0 0) 0x7f05dc037070 con 0x7f05ec106520
2024-09-12T02:53:56.722 INFO:teuthology.orchestra.run.smithi116.stdout:/usr/bin/ceph: stderr
2024-09-12T02:53:55.954+0000 7f05eaffd640 1 -- 172.21.15.116:0/3164601199 <== mon.0 v2:172.21.15.116:3300/0 2 ==== config(27 keys) ==== 1140+0+0 (secure 0 0 0) 0x7f05dc032920 con 0x7f05ec106520
2024-09-12T02:53:56.723 INFO:teuthology.orchestra.run.smithi116.stdout:/usr/bin/ceph: stderr
2024-09-12T02:53:55.954+0000 7f05eaffd640 1 -- 172.21.15.116:0/3164601199 <== mon.0 v2:172.21.15.116:3300/0 3 ==== mon_map magic: 0 ==== 205+0+0 (secure 0 0 0) 0x7f05dc030810 con 0x7f05ec106520
2024-09-12T02:53:56.723 INFO:teuthology.orchestra.run.smithi116.stdout:/usr/bin/ceph: stderr
2024-09-12T02:53:55.955+0000 7f05f2705640 1 -- 172.21.15.116:0/3164601199 >> [v2:172.21.15.116:3300/0,v1:172.21.15.116:6789/0] conn(0x7f05ec106520 msgr2=0x7f05ec106920 secure :-1 s=STATE_CONNECTION_ESTABLISHED l=1).mark_down
2024-09-12T02:53:56.723 INFO:teuthology.orchestra.run.smithi116.stdout:/usr/bin/ceph: stderr
2024-09-12T02:53:55.955+0000 7f05f2705640 1 --2- 172.21.15.116:0/3164601199 >> [v2:172.21.15.116:3300/0,v1:172.21.15.116:6789/0] conn(0x7f05ec106520 0x7f05ec106920 secure :-1 s=READY pgs=51 cs=0 l=1 rev1=1 crypto rx=0x7f05dc009820 tx=0x7f05dc02a270 comp rx=0 tx=0).stop
2024-09-12T02:53:56.723 INFO:teuthology.orchestra.run.smithi116.stdout:/usr/bin/ceph: stderr
2024-09-12T02:53:55.955+0000 7f05f2705640 1 -- 172.21.15.116:0/3164601199 shutdown_connections
2024-09-12T02:53:56.723 INFO:teuthology.orchestra.run.smithi116.stdout:/usr/bin/ceph: stderr
2024-09-12T02:53:55.955+0000 7f05f2705640 1 --2- 172.21.15.116:0/3164601199 >> [v2:172.21.15.116:3300/0,v1:172.21.15.116:6789/0] conn(0x7f05ec106520 0x7f05ec106920 unknown :-1 s=CLOSED pgs=51 cs=0 l=1 rev1=1 crypto rx=0 tx=0 comp rx=0 tx=0).stop
2024-09-12T02:53:56.723 INFO:teuthology.orchestra.run.smithi116.stdout:/usr/bin/ceph: stderr
2024-09-12T02:53:55.955+0000 7f05f2705640 1 -- 172.21.15.116:0/3164601199 >> 172.21.15.116:0/3164601199 conn(0x7f05ec101db0 msgr2=0x7f05ec1041d0 unknown :-1 s=STATE_NONE l=0).mark_down
2024-09-12T02:53:56.723 INFO:teuthology.orchestra.run.smithi116.stdout:/usr/bin/ceph: stderr
2024-09-12T02:53:55.955+0000 7f05f2705640 1 -- 172.21.15.116:0/3164601199 shutdown_connections
2024-09-12T02:53:56.723 INFO:teuthology.orchestra.run.smithi116.stdout:/usr/bin/ceph: stderr
2024-09-12T02:53:55.955+0000 7f05f2705640 1 -- 172.21.15.116:0/3164601199 wait complete.
2024-09-12T02:53:56.723 INFO:teuthology.orchestra.run.smithi116.stdout:/usr/bin/ceph: stderr
2024-09-12T02:53:55.955+0000 7f05f2705640 1 Processor -- start
2024-09-12T02:53:56.723 INFO:teuthology.orchestra.run.smithi116.stdout:/usr/bin/ceph: stderr
2024-09-12T02:53:55.955+0000 7f05f2705640 1 -- start start
2024-09-12T02:53:56.723 INFO:teuthology.orchestra.run.smithi116.stdout:/usr/bin/ceph: stderr
2024-09-12T02:53:55.956+0000 7f05f2705640 1 --2- >> [v2:172.21.15.116:3300/0,v1:172.21.15.116:6789/0] conn(0x7f05ec106520 0x7f05ec19b660 unknown :-1 s=NONE pgs=0 cs=0 l=1 rev1=0 crypto rx=0 tx=0 comp rx=0 tx=0).connect
2024-09-12T02:53:56.723 INFO:teuthology.orchestra.run.smithi116.stdout:/usr/bin/ceph: stderr
2024-09-12T02:53:55.956+0000 7f05f2705640 1 -- --> [v2:172.21.15.116:3300/0,v1:172.21.15.116:6789/0] -- mon_getmap magic: 0 -- 0x7f05ec10aad0 con 0x7f05ec106520
2024-09-12T02:53:56.723 INFO:teuthology.orchestra.run.smithi116.stdout:/usr/bin/ceph: stderr
2024-09-12T02:53:55.956+0000 7f05ebfff640 1 --2- >> [v2:172.21.15.116:3300/0,v1:172.21.15.116:6789/0] conn(0x7f05ec106520 0x7f05ec19b660 unknown :-1 s=BANNER_CONNECTING pgs=0 cs=0 l=1 rev1=0 crypto rx=0 tx=0 comp rx=0 tx=0)._handle_peer_banner_payload supported=3 required=0
2024-09-12T02:53:56.723 INFO:teuthology.orchestra.run.smithi116.stdout:/usr/bin/ceph: stderr
2024-09-12T02:53:55.956+0000 7f05ebfff640 1 --2- >> [v2:172.21.15.116:3300/0,v1:172.21.15.116:6789/0] conn(0x7f05ec106520 0x7f05ec19b660 unknown :-1 s=HELLO_CONNECTING pgs=0 cs=0 l=1 rev1=1 crypto rx=0 tx=0 comp rx=0 tx=0).handle_hello peer v2:172.21.15.116:3300/0 says I am v2:172.21.15.116:59700/0 (socket says 172.21.15.116:59700)
2024-09-12T02:53:56.724 INFO:teuthology.orchestra.run.smithi116.stdout:/usr/bin/ceph: stderr
2024-09-12T02:53:55.956+0000 7f05ebfff640 1 -- 172.21.15.116:0/1217112505 learned_addr learned my addr 172.21.15.116:0/1217112505 (peer_addr_for_me v2:172.21.15.116:0/0)
2024-09-12T02:53:56.724 INFO:teuthology.orchestra.run.smithi116.stdout:/usr/bin/ceph: stderr
2024-09-12T02:53:55.956+0000 7f05ebfff640 1 -- 172.21.15.116:0/1217112505 --> [v2:172.21.15.116:3300/0,v1:172.21.15.116:6789/0] -- mon_subscribe({config=0+,monmap=0+}) -- 0x7f05ec19bba0 con 0x7f05ec106520
2024-09-12T02:53:56.724 INFO:teuthology.orchestra.run.smithi116.stdout:/usr/bin/ceph: stderr
2024-09-12T02:53:55.956+0000 7f05ebfff640 1 --2- 172.21.15.116:0/1217112505 >> [v2:172.21.15.116:3300/0,v1:172.21.15.116:6789/0] conn(0x7f05ec106520 0x7f05ec19b660 secure :-1 s=READY pgs=52 cs=0 l=1 rev1=1 crypto rx=0x7f05dc030560 tx=0x7f05dc032670 comp rx=0 tx=0).ready entity=mon.0 client_cookie=0 server_cookie=0 in_seq=0 out_seq=0
2024-09-12T02:53:56.724 INFO:teuthology.orchestra.run.smithi116.stdout:/usr/bin/ceph: stderr
2024-09-12T02:53:55.957+0000 7f05e97fa640 1 -- 172.21.15.116:0/1217112505 <== mon.0 v2:172.21.15.116:3300/0 1 ==== mon_map magic: 0 ==== 205+0+0 (secure 0 0 0) 0x7f05dc037040 con 0x7f05ec106520
2024-09-12T02:53:56.724 INFO:teuthology.orchestra.run.smithi116.stdout:/usr/bin/ceph: stderr
2024-09-12T02:53:55.957+0000 7f05e97fa640 1 -- 172.21.15.116:0/1217112505 <== mon.0 v2:172.21.15.116:3300/0 2 ==== config(27 keys) ==== 1140+0+0 (secure 0 0 0) 0x7f05dc040070 con 0x7f05ec106520
2024-09-12T02:53:56.724 INFO:teuthology.orchestra.run.smithi116.stdout:/usr/bin/ceph: stderr
2024-09-12T02:53:55.957+0000 7f05f2705640 1 -- 172.21.15.116:0/1217112505 --> [v2:172.21.15.116:3300/0,v1:172.21.15.116:6789/0] -- mon_subscribe({mgrmap=0+}) -- 0x7f05ec19be30 con 0x7f05ec106520
2024-09-12T02:53:56.724 INFO:teuthology.orchestra.run.smithi116.stdout:/usr/bin/ceph: stderr
2024-09-12T02:53:55.957+0000 7f05e97fa640 1 -- 172.21.15.116:0/1217112505 <== mon.0 v2:172.21.15.116:3300/0 3 ==== mon_map magic: 0 ==== 205+0+0 (secure 0 0 0) 0x7f05dc03a740 con 0x7f05ec106520
2024-09-12T02:53:56.724 INFO:teuthology.orchestra.run.smithi116.stdout:/usr/bin/ceph: stderr
2024-09-12T02:53:55.957+0000 7f05f2705640 1 -- 172.21.15.116:0/1217112505 --> [v2:172.21.15.116:3300/0,v1:172.21.15.116:6789/0] -- mon_subscribe({osdmap=0}) -- 0x7f05ec19eb20 con 0x7f05ec106520
2024-09-12T02:53:56.724 INFO:teuthology.orchestra.run.smithi116.stdout:/usr/bin/ceph: stderr
2024-09-12T02:53:55.958+0000 7f05e97fa640 1 -- 172.21.15.116:0/1217112505 <== mon.0 v2:172.21.15.116:3300/0 4 ==== mgrmap(e 8) ==== 46287+0+0 (secure 0 0 0) 0x7f05dc03a9b0 con 0x7f05ec106520
2024-09-12T02:53:56.724 INFO:teuthology.orchestra.run.smithi116.stdout:/usr/bin/ceph: stderr
2024-09-12T02:53:55.958+0000 7f05f2705640 1 -- 172.21.15.116:0/1217112505 --> [v2:172.21.15.116:3300/0,v1:172.21.15.116:6789/0] -- mon_command({"prefix": "get_command_descriptions"} v 0) -- 0x7f05ec10ac50 con 0x7f05ec106520
2024-09-12T02:53:56.724 INFO:teuthology.orchestra.run.smithi116.stdout:/usr/bin/ceph: stderr
2024-09-12T02:53:55.958+0000 7f05e97fa640 1 --2- 172.21.15.116:0/1217112505 >> [v2:172.21.15.116:6800/2966274423,v1:172.21.15.116:6801/2966274423] conn(0x7f05d4038f70 0x7f05d403b430 unknown :-1 s=NONE pgs=0 cs=0 l=1 rev1=0 crypto rx=0 tx=0 comp rx=0 tx=0).connect
2024-09-12T02:53:56.724 INFO:teuthology.orchestra.run.smithi116.stdout:/usr/bin/ceph: stderr
2024-09-12T02:53:55.958+0000 7f05e97fa640 1 -- 172.21.15.116:0/1217112505 <== mon.0 v2:172.21.15.116:3300/0 5 ==== osd_map(2..2 src has 1..2) ==== 940+0+0 (secure 0 0 0) 0x7f05dc06c5c0 con 0x7f05ec106520
2024-09-12T02:53:56.724 INFO:teuthology.orchestra.run.smithi116.stdout:/usr/bin/ceph: stderr
2024-09-12T02:53:55.958+0000 7f05eb7fe640 1 --2- 172.21.15.116:0/1217112505 >> [v2:172.21.15.116:6800/2966274423,v1:172.21.15.116:6801/2966274423] conn(0x7f05d4038f70 0x7f05d403b430 unknown :-1 s=BANNER_CONNECTING pgs=0 cs=0 l=1 rev1=0 crypto rx=0 tx=0 comp rx=0 tx=0)._handle_peer_banner_payload supported=3 required=0
2024-09-12T02:53:56.725 INFO:teuthology.orchestra.run.smithi116.stdout:/usr/bin/ceph: stderr
2024-09-12T02:53:55.958+0000 7f05eb7fe640 1 --2- 172.21.15.116:0/1217112505 >> [v2:172.21.15.116:6800/2966274423,v1:172.21.15.116:6801/2966274423] conn(0x7f05d4038f70 0x7f05d403b430 secure :-1 s=READY pgs=15 cs=0 l=1 rev1=1 crypto rx=0x7f05e00098c0 tx=0x7f05e0006db0 comp rx=0 tx=0).ready entity=mgr.14118 client_cookie=0 server_cookie=0 in_seq=0 out_seq=0
2024-09-12T02:53:56.725 INFO:teuthology.orchestra.run.smithi116.stdout:/usr/bin/ceph: stderr
2024-09-12T02:53:55.963+0000 7f05e97fa640 1 -- 172.21.15.116:0/1217112505 <== mon.0 v2:172.21.15.116:3300/0 6 ==== mon_command_ack([{"prefix": "get_command_descriptions"}]=0 v0) ==== 72+0+188821 (secure 0 0 0) 0x7f05dc041270 con 0x7f05ec106520
2024-09-12T02:53:56.725 INFO:teuthology.orchestra.run.smithi116.stdout:/usr/bin/ceph: stderr
2024-09-12T02:53:56.138+0000 7f05f2705640 1 -- 172.21.15.116:0/1217112505 --> [v2:172.21.15.116:3300/0,v1:172.21.15.116:6789/0] -- mon_command([{prefix=config set, name=mgr/dashboard/ssl_server_port}] v 0) -- 0x7f05ec02da20 con 0x7f05ec106520
2024-09-12T02:53:56.725 INFO:teuthology.orchestra.run.smithi116.stdout:/usr/bin/ceph: stderr
2024-09-12T02:53:56.141+0000 7f05e97fa640 1 -- 172.21.15.116:0/1217112505 <== mon.0 v2:172.21.15.116:3300/0 7 ==== mon_command_ack([{prefix=config set, name=mgr/dashboard/ssl_server_port}]=0 v8)=0 v8) ==== 130+0+0 (secure 0 0 0) 0x7f05dc03ada0 con 0x7f05ec106520
2024-09-12T02:53:56.725 INFO:teuthology.orchestra.run.smithi116.stdout:/usr/bin/ceph: stderr
2024-09-12T02:53:56.143+0000 7f05f2705640 1 -- 172.21.15.116:0/1217112505 >> [v2:172.21.15.116:6800/2966274423,v1:172.21.15.116:6801/2966274423] conn(0x7f05d4038f70 msgr2=0x7f05d403b430 secure :-1 s=STATE_CONNECTION_ESTABLISHED l=1).mark_down
2024-09-12T02:53:56.725 INFO:teuthology.orchestra.run.smithi116.stdout:/usr/bin/ceph: stderr
2024-09-12T02:53:56.143+0000 7f05f2705640 1 --2- 172.21.15.116:0/1217112505 >> [v2:172.21.15.116:6800/2966274423,v1:172.21.15.116:6801/2966274423] conn(0x7f05d4038f70 0x7f05d403b430 secure :-1 s=READY pgs=15 cs=0 l=1 rev1=1 crypto rx=0x7f05e00098c0 tx=0x7f05e0006db0 comp rx=0 tx=0).stop
2024-09-12T02:53:56.725 INFO:teuthology.orchestra.run.smithi116.stdout:/usr/bin/ceph: stderr
2024-09-12T02:53:56.143+0000 7f05f2705640 1 -- 172.21.15.116:0/1217112505 >> [v2:172.21.15.116:3300/0,v1:172.21.15.116:6789/0] conn(0x7f05ec106520 msgr2=0x7f05ec19b660 secure :-1 s=STATE_CONNECTION_ESTABLISHED l=1).mark_down
2024-09-12T02:53:56.725 INFO:teuthology.orchestra.run.smithi116.stdout:/usr/bin/ceph: stderr
2024-09-12T02:53:56.143+0000 7f05f2705640 1 --2- 172.21.15.116:0/1217112505 >> [v2:172.21.15.116:3300/0,v1:172.21.15.116:6789/0] conn(0x7f05ec106520 0x7f05ec19b660 secure :-1 s=READY pgs=52 cs=0 l=1 rev1=1 crypto rx=0x7f05dc030560 tx=0x7f05dc032670 comp rx=0 tx=0).stop
2024-09-12T02:53:56.725 INFO:teuthology.orchestra.run.smithi116.stdout:/usr/bin/ceph: stderr
2024-09-12T02:53:56.144+0000 7f05f2705640 1 -- 172.21.15.116:0/1217112505 shutdown_connections
2024-09-12T02:53:56.725 INFO:teuthology.orchestra.run.smithi116.stdout:/usr/bin/ceph: stderr
2024-09-12T02:53:56.144+0000 7f05f2705640 1 --2- 172.21.15.116:0/1217112505 >> [v2:172.21.15.116:6800/2966274423,v1:172.21.15.116:6801/2966274423] conn(0x7f05d4038f70 0x7f05d403b430 unknown :-1 s=CLOSED pgs=15 cs=0 l=1 rev1=1 crypto rx=0 tx=0 comp rx=0 tx=0).stop
2024-09-12T02:53:56.725 INFO:teuthology.orchestra.run.smithi116.stdout:/usr/bin/ceph: stderr
2024-09-12T02:53:56.144+0000 7f05f2705640 1 --2- 172.21.15.116:0/1217112505 >> [v2:172.21.15.116:3300/0,v1:172.21.15.116:6789/0] conn(0x7f05ec106520 0x7f05ec19b660 unknown :-1 s=CLOSED pgs=52 cs=0 l=1 rev1=1 crypto rx=0 tx=0 comp rx=0 tx=0).stop
2024-09-12T02:53:56.725 INFO:teuthology.orchestra.run.smithi116.stdout:/usr/bin/ceph: stderr
2024-09-12T02:53:56.144+0000 7f05f2705640 1 -- 172.21.15.116:0/1217112505 >> 172.21.15.116:0/1217112505 conn(0x7f05ec101db0 msgr2=0x7f05ec102cc0 unknown :-1 s=STATE_NONE l=0).mark_down
2024-09-12T02:53:56.725 INFO:teuthology.orchestra.run.smithi116.stdout:/usr/bin/ceph: stderr
2024-09-12T02:53:56.144+0000 7f05f2705640 1 -- 172.21.15.116:0/1217112505 shutdown_connections
2024-09-12T02:53:56.726 INFO:teuthology.orchestra.run.smithi116.stdout:/usr/bin/ceph: stderr
2024-09-12T02:53:56.144+0000 7f05f2705640 1 -- 172.21.15.116:0/1217112505 wait complete.
2024-09-12T02:53:56.726 INFO:teuthology.orchestra.run.smithi116.stdout:Enabling the dashboard module...
2024-09-12T02:53:57.302 INFO:journalctl@ceph.mon.a.smithi116.stdout:Sep 12 02:53:57 smithi116 ceph-mon[31410]: from='client.? 172.21.15.116:0/1217112505' entity='client.admin'
2024-09-12T02:53:58.476 INFO:journalctl@ceph.mon.a.smithi116.stdout:Sep 12 02:53:58 smithi116 ceph-mon[31410]: from='client.? 172.21.15.116:0/2075830089' entity='client.admin' cmd=[{"prefix": "mgr module enable", "module": "dashboard"}]: dispatch
2024-09-12T02:53:58.477 INFO:journalctl@ceph.mgr.x.smithi116.stdout:Sep 12 02:53:58 smithi116 ceph-eb1ac602-70b1-11ef-bcea-c7b262605968-mgr-x[31636]: ignoring --setuser ceph since I am not root
2024-09-12T02:53:58.477 INFO:journalctl@ceph.mgr.x.smithi116.stdout:Sep 12 02:53:58 smithi116 ceph-eb1ac602-70b1-11ef-bcea-c7b262605968-mgr-x[31636]: ignoring --setgroup ceph since I am not root
2024-09-12T02:53:58.477 INFO:journalctl@ceph.mgr.x.smithi116.stdout:Sep 12 02:53:58 smithi116 ceph-eb1ac602-70b1-11ef-bcea-c7b262605968-mgr-x[31636]:
2024-09-12T02:53:58.290+0000 7fc384f35040 -1 mgr[py] Module osd_perf_query has missing NOTIFY_TYPES member
2024-09-12T02:53:58.477 INFO:journalctl@ceph.mgr.x.smithi116.stdout:Sep 12 02:53:58 smithi116 ceph-eb1ac602-70b1-11ef-bcea-c7b262605968-mgr-x[31636]:
2024-09-12T02:53:58.347+0000 7fc384f35040 -1 mgr[py] Module osd_support has missing NOTIFY_TYPES member
2024-09-12T02:53:58.802 INFO:journalctl@ceph.mgr.x.smithi116.stdout:Sep 12 02:53:58 smithi116 ceph-eb1ac602-70b1-11ef-bcea-c7b262605968-mgr-x[31636]:
2024-09-12T02:53:58.498+0000 7fc384f35040 -1 mgr[py] Module diskprediction_local has missing NOTIFY_TYPES member
2024-09-12T02:53:58.802 INFO:journalctl@ceph.mgr.x.smithi116.stdout:Sep 12 02:53:58 smithi116 ceph-eb1ac602-70b1-11ef-bcea-c7b262605968-mgr-x[31636]:
2024-09-12T02:53:58.566+0000 7fc384f35040 -1 mgr[py] Module crash has missing NOTIFY_TYPES member
2024-09-12T02:53:58.802 INFO:journalctl@ceph.mgr.x.smithi116.stdout:Sep 12 02:53:58 smithi116 ceph-eb1ac602-70b1-11ef-bcea-c7b262605968-mgr-x[31636]:
2024-09-12T02:53:58.715+0000 7fc384f35040 -1 mgr[py] Module test_orchestrator has missing NOTIFY_TYPES member
2024-09-12T02:53:58.809 INFO:teuthology.orchestra.run.smithi116.stdout:/usr/bin/ceph: stderr
2024-09-12T02:53:57.155+0000 7f0b9fa3e640 1 Processor -- start
2024-09-12T02:53:58.809 INFO:teuthology.orchestra.run.smithi116.stdout:/usr/bin/ceph: stderr
2024-09-12T02:53:57.155+0000 7f0b9fa3e640 1 -- start start
2024-09-12T02:53:58.809 INFO:teuthology.orchestra.run.smithi116.stdout:/usr/bin/ceph: stderr
2024-09-12T02:53:57.155+0000 7f0b9fa3e640 1 --2- >> [v2:172.21.15.116:3300/0,v1:172.21.15.116:6789/0] conn(0x7f0b98106a40 0x7f0b98106e40 unknown :-1 s=NONE pgs=0 cs=0 l=0 rev1=0 crypto rx=0 tx=0 comp rx=0 tx=0).connect
2024-09-12T02:53:58.809 INFO:teuthology.orchestra.run.smithi116.stdout:/usr/bin/ceph: stderr
2024-09-12T02:53:57.155+0000 7f0b9fa3e640 1 -- --> [v2:172.21.15.116:3300/0,v1:172.21.15.116:6789/0] -- mon_getmap magic: 0 -- 0x7f0b98107410 con 0x7f0b98106a40
2024-09-12T02:53:58.809 INFO:teuthology.orchestra.run.smithi116.stdout:/usr/bin/ceph: stderr
2024-09-12T02:53:57.156+0000 7f0b9d7da640 1 --2- >> [v2:172.21.15.116:3300/0,v1:172.21.15.116:6789/0] conn(0x7f0b98106a40 0x7f0b98106e40 unknown :-1 s=BANNER_CONNECTING pgs=0 cs=0 l=0 rev1=0 crypto rx=0 tx=0 comp rx=0 tx=0)._handle_peer_banner_payload supported=3 required=0
2024-09-12T02:53:58.810 INFO:teuthology.orchestra.run.smithi116.stdout:/usr/bin/ceph: stderr
2024-09-12T02:53:57.156+0000 7f0b9d7da640 1 --2- >> [v2:172.21.15.116:3300/0,v1:172.21.15.116:6789/0] conn(0x7f0b98106a40 0x7f0b98106e40 unknown :-1 s=HELLO_CONNECTING pgs=0 cs=0 l=0 rev1=1 crypto rx=0 tx=0 comp rx=0 tx=0).handle_hello peer v2:172.21.15.116:3300/0 says I am v2:172.21.15.116:59706/0 (socket says 172.21.15.116:59706)
2024-09-12T02:53:58.810 INFO:teuthology.orchestra.run.smithi116.stdout:/usr/bin/ceph: stderr
2024-09-12T02:53:57.156+0000 7f0b9d7da640 1 -- 172.21.15.116:0/589288333 learned_addr learned my addr 172.21.15.116:0/589288333 (peer_addr_for_me v2:172.21.15.116:0/0)
2024-09-12T02:53:58.810 INFO:teuthology.orchestra.run.smithi116.stdout:/usr/bin/ceph: stderr
2024-09-12T02:53:57.156+0000 7f0b9d7da640 1 -- 172.21.15.116:0/589288333 --> [v2:172.21.15.116:3300/0,v1:172.21.15.116:6789/0] -- mon_subscribe({config=0+,monmap=0+}) -- 0x7f0b98107760 con 0x7f0b98106a40
2024-09-12T02:53:58.810 INFO:teuthology.orchestra.run.smithi116.stdout:/usr/bin/ceph: stderr
2024-09-12T02:53:57.157+0000 7f0b9d7da640 1 --2- 172.21.15.116:0/589288333 >> [v2:172.21.15.116:3300/0,v1:172.21.15.116:6789/0] conn(0x7f0b98106a40 0x7f0b98106e40 secure :-1 s=READY pgs=53 cs=0 l=1 rev1=1 crypto rx=0x7f0b94009820 tx=0x7f0b9402a270 comp rx=0 tx=0).ready entity=mon.0 client_cookie=d7a9d1063d102d16 server_cookie=0 in_seq=0 out_seq=0
2024-09-12T02:53:58.810 INFO:teuthology.orchestra.run.smithi116.stdout:/usr/bin/ceph: stderr
2024-09-12T02:53:57.157+0000 7f0b8bfff640 1 -- 172.21.15.116:0/589288333 <== mon.0 v2:172.21.15.116:3300/0 1 ==== mon_map magic: 0 ==== 205+0+0 (secure 0 0 0) 0x7f0b94037070 con 0x7f0b98106a40
2024-09-12T02:53:58.810 INFO:teuthology.orchestra.run.smithi116.stdout:/usr/bin/ceph: stderr
2024-09-12T02:53:57.157+0000 7f0b8bfff640 1 -- 172.21.15.116:0/589288333 <== mon.0 v2:172.21.15.116:3300/0 2 ==== config(27 keys) ==== 1140+0+0 (secure 0 0 0) 0x7f0b94032920 con 0x7f0b98106a40
2024-09-12T02:53:58.810 INFO:teuthology.orchestra.run.smithi116.stdout:/usr/bin/ceph: stderr
2024-09-12T02:53:57.157+0000 7f0b8bfff640 1 -- 172.21.15.116:0/589288333 <== mon.0 v2:172.21.15.116:3300/0 3 ==== mon_map magic: 0 ==== 205+0+0 (secure 0 0 0) 0x7f0b94030810 con 0x7f0b98106a40
2024-09-12T02:53:58.810 INFO:teuthology.orchestra.run.smithi116.stdout:/usr/bin/ceph: stderr
2024-09-12T02:53:57.157+0000 7f0b9fa3e640 1 -- 172.21.15.116:0/589288333 >> [v2:172.21.15.116:3300/0,v1:172.21.15.116:6789/0] conn(0x7f0b98106a40 msgr2=0x7f0b98106e40 secure :-1 s=STATE_CONNECTION_ESTABLISHED l=1).mark_down
2024-09-12T02:53:58.810 INFO:teuthology.orchestra.run.smithi116.stdout:/usr/bin/ceph: stderr
2024-09-12T02:53:57.157+0000 7f0b9fa3e640 1 --2- 172.21.15.116:0/589288333 >> [v2:172.21.15.116:3300/0,v1:172.21.15.116:6789/0] conn(0x7f0b98106a40 0x7f0b98106e40 secure :-1 s=READY pgs=53 cs=0 l=1 rev1=1 crypto rx=0x7f0b94009820 tx=0x7f0b9402a270 comp rx=0 tx=0).stop
2024-09-12T02:53:58.810 INFO:teuthology.orchestra.run.smithi116.stdout:/usr/bin/ceph: stderr
2024-09-12T02:53:57.158+0000 7f0b9fa3e640 1 -- 172.21.15.116:0/589288333 shutdown_connections
2024-09-12T02:53:58.810 INFO:teuthology.orchestra.run.smithi116.stdout:/usr/bin/ceph: stderr
2024-09-12T02:53:57.158+0000 7f0b9fa3e640 1 --2- 172.21.15.116:0/589288333 >> [v2:172.21.15.116:3300/0,v1:172.21.15.116:6789/0] conn(0x7f0b98106a40 0x7f0b98106e40 unknown :-1 s=CLOSED pgs=53 cs=0 l=1 rev1=1 crypto rx=0 tx=0 comp rx=0 tx=0).stop
2024-09-12T02:53:58.810 INFO:teuthology.orchestra.run.smithi116.stdout:/usr/bin/ceph: stderr
2024-09-12T02:53:57.158+0000 7f0b9fa3e640 1 -- 172.21.15.116:0/589288333 >> 172.21.15.116:0/589288333 conn(0x7f0b98101510 msgr2=0x7f0b98103930 unknown :-1 s=STATE_NONE l=0).mark_down
2024-09-12T02:53:58.810 INFO:teuthology.orchestra.run.smithi116.stdout:/usr/bin/ceph: stderr
2024-09-12T02:53:57.158+0000 7f0b9fa3e640 1 -- 172.21.15.116:0/589288333 shutdown_connections
2024-09-12T02:53:58.811 INFO:teuthology.orchestra.run.smithi116.stdout:/usr/bin/ceph: stderr
2024-09-12T02:53:57.158+0000 7f0b9fa3e640 1 -- 172.21.15.116:0/589288333 wait complete.
2024-09-12T02:53:58.811 INFO:teuthology.orchestra.run.smithi116.stdout:/usr/bin/ceph: stderr
2024-09-12T02:53:57.158+0000 7f0b9fa3e640 1 Processor -- start
2024-09-12T02:53:58.811 INFO:teuthology.orchestra.run.smithi116.stdout:/usr/bin/ceph: stderr
2024-09-12T02:53:57.158+0000 7f0b9fa3e640 1 -- start start
2024-09-12T02:53:58.811 INFO:teuthology.orchestra.run.smithi116.stdout:/usr/bin/ceph: stderr
2024-09-12T02:53:57.158+0000 7f0b9fa3e640 1 --2- >> [v2:172.21.15.116:3300/0,v1:172.21.15.116:6789/0] conn(0x7f0b98106a40 0x7f0b98106020 unknown :-1 s=NONE pgs=0 cs=0 l=1 rev1=0 crypto rx=0 tx=0 comp rx=0 tx=0).connect
2024-09-12T02:53:58.811 INFO:teuthology.orchestra.run.smithi116.stdout:/usr/bin/ceph: stderr
2024-09-12T02:53:57.158+0000 7f0b9fa3e640 1 -- --> [v2:172.21.15.116:3300/0,v1:172.21.15.116:6789/0] -- mon_getmap magic: 0 -- 0x7f0b9810ab10 con 0x7f0b98106a40
2024-09-12T02:53:58.811 INFO:teuthology.orchestra.run.smithi116.stdout:/usr/bin/ceph: stderr
2024-09-12T02:53:57.158+0000 7f0b9d7da640 1 --2- >> [v2:172.21.15.116:3300/0,v1:172.21.15.116:6789/0] conn(0x7f0b98106a40 0x7f0b98106020 unknown :-1 s=BANNER_CONNECTING pgs=0 cs=0 l=1 rev1=0 crypto rx=0 tx=0 comp rx=0 tx=0)._handle_peer_banner_payload supported=3 required=0
2024-09-12T02:53:58.811 INFO:teuthology.orchestra.run.smithi116.stdout:/usr/bin/ceph: stderr
2024-09-12T02:53:57.158+0000 7f0b9d7da640 1 --2- >> [v2:172.21.15.116:3300/0,v1:172.21.15.116:6789/0] conn(0x7f0b98106a40 0x7f0b98106020 unknown :-1 s=HELLO_CONNECTING pgs=0 cs=0 l=1 rev1=1 crypto rx=0 tx=0 comp rx=0 tx=0).handle_hello peer v2:172.21.15.116:3300/0 says I am v2:172.21.15.116:59722/0 (socket says 172.21.15.116:59722)
2024-09-12T02:53:58.811 INFO:teuthology.orchestra.run.smithi116.stdout:/usr/bin/ceph: stderr
2024-09-12T02:53:57.158+0000 7f0b9d7da640 1 -- 172.21.15.116:0/2075830089 learned_addr learned my addr 172.21.15.116:0/2075830089 (peer_addr_for_me v2:172.21.15.116:0/0)
2024-09-12T02:53:58.811 INFO:teuthology.orchestra.run.smithi116.stdout:/usr/bin/ceph: stderr
2024-09-12T02:53:57.159+0000 7f0b9d7da640 1 -- 172.21.15.116:0/2075830089 --> [v2:172.21.15.116:3300/0,v1:172.21.15.116:6789/0] -- mon_subscribe({config=0+,monmap=0+}) -- 0x7f0b9819e3c0 con 0x7f0b98106a40
2024-09-12T02:53:58.812 INFO:teuthology.orchestra.run.smithi116.stdout:/usr/bin/ceph: stderr
2024-09-12T02:53:57.159+0000 7f0b9d7da640 1 --2- 172.21.15.116:0/2075830089 >> [v2:172.21.15.116:3300/0,v1:172.21.15.116:6789/0] conn(0x7f0b98106a40 0x7f0b98106020 secure :-1 s=READY pgs=54 cs=0 l=1 rev1=1 crypto rx=0x7f0b94030560 tx=0x7f0b94032670 comp rx=0 tx=0).ready entity=mon.0 client_cookie=0 server_cookie=0 in_seq=0 out_seq=0
2024-09-12T02:53:58.812 INFO:teuthology.orchestra.run.smithi116.stdout:/usr/bin/ceph: stderr
2024-09-12T02:53:57.159+0000 7f0b8a7fc640 1 -- 172.21.15.116:0/2075830089 <== mon.0 v2:172.21.15.116:3300/0 1 ==== mon_map magic: 0 ==== 205+0+0 (secure 0 0 0) 0x7f0b94037040 con 0x7f0b98106a40
2024-09-12T02:53:58.812 INFO:teuthology.orchestra.run.smithi116.stdout:/usr/bin/ceph: stderr
2024-09-12T02:53:57.159+0000 7f0b9fa3e640 1 -- 172.21.15.116:0/2075830089 --> [v2:172.21.15.116:3300/0,v1:172.21.15.116:6789/0] -- mon_subscribe({mgrmap=0+}) -- 0x7f0b9819e590 con 0x7f0b98106a40
2024-09-12T02:53:58.812 INFO:teuthology.orchestra.run.smithi116.stdout:/usr/bin/ceph: stderr
2024-09-12T02:53:57.159+0000 7f0b8a7fc640 1 -- 172.21.15.116:0/2075830089 <== mon.0 v2:172.21.15.116:3300/0 2 ==== config(27 keys) ==== 1140+0+0 (secure 0 0 0) 0x7f0b94040070 con 0x7f0b98106a40
2024-09-12T02:53:58.812 INFO:teuthology.orchestra.run.smithi116.stdout:/usr/bin/ceph: stderr
2024-09-12T02:53:57.159+0000 7f0b9fa3e640 1 -- 172.21.15.116:0/2075830089 --> [v2:172.21.15.116:3300/0,v1:172.21.15.116:6789/0] -- mon_subscribe({osdmap=0}) -- 0x7f0b9819e930 con 0x7f0b98106a40
2024-09-12T02:53:58.812 INFO:teuthology.orchestra.run.smithi116.stdout:/usr/bin/ceph: stderr
2024-09-12T02:53:57.159+0000 7f0b8a7fc640 1 -- 172.21.15.116:0/2075830089 <== mon.0 v2:172.21.15.116:3300/0 3 ==== mon_map magic: 0 ==== 205+0+0 (secure 0 0 0) 0x7f0b9403a740 con 0x7f0b98106a40
2024-09-12T02:53:58.812 INFO:teuthology.orchestra.run.smithi116.stdout:/usr/bin/ceph: stderr
2024-09-12T02:53:57.160+0000 7f0b8a7fc640 1 -- 172.21.15.116:0/2075830089 <== mon.0 v2:172.21.15.116:3300/0 4 ==== mgrmap(e 8) ==== 46287+0+0 (secure 0 0 0) 0x7f0b9403a9b0 con 0x7f0b98106a40
2024-09-12T02:53:58.812 INFO:teuthology.orchestra.run.smithi116.stdout:/usr/bin/ceph: stderr
2024-09-12T02:53:57.160+0000 7f0b9fa3e640 1 -- 172.21.15.116:0/2075830089 --> [v2:172.21.15.116:3300/0,v1:172.21.15.116:6789/0] -- mon_command({"prefix": "get_command_descriptions"} v 0) -- 0x7f0b98106e40 con 0x7f0b98106a40
2024-09-12T02:53:58.812 INFO:teuthology.orchestra.run.smithi116.stdout:/usr/bin/ceph: stderr
2024-09-12T02:53:57.160+0000 7f0b8a7fc640 1 --2- 172.21.15.116:0/2075830089 >> [v2:172.21.15.116:6800/2966274423,v1:172.21.15.116:6801/2966274423] conn(0x7f0b84038f70 0x7f0b8403b430 unknown :-1 s=NONE pgs=0 cs=0 l=1 rev1=0 crypto rx=0 tx=0 comp rx=0 tx=0).connect
2024-09-12T02:53:58.812 INFO:teuthology.orchestra.run.smithi116.stdout:/usr/bin/ceph: stderr
2024-09-12T02:53:57.161+0000 7f0b8a7fc640 1 -- 172.21.15.116:0/2075830089 <== mon.0 v2:172.21.15.116:3300/0 5 ==== osd_map(2..2 src has 1..2) ==== 940+0+0 (secure 0 0 0) 0x7f0b9406c720 con 0x7f0b98106a40
2024-09-12T02:53:58.813 INFO:teuthology.orchestra.run.smithi116.stdout:/usr/bin/ceph: stderr
2024-09-12T02:53:57.161+0000 7f0b9cfd9640 1 --2- 172.21.15.116:0/2075830089 >> [v2:172.21.15.116:6800/2966274423,v1:172.21.15.116:6801/2966274423] conn(0x7f0b84038f70 0x7f0b8403b430 unknown :-1 s=BANNER_CONNECTING pgs=0 cs=0 l=1 rev1=0 crypto rx=0 tx=0 comp rx=0 tx=0)._handle_peer_banner_payload supported=3 required=0
2024-09-12T02:53:58.813 INFO:teuthology.orchestra.run.smithi116.stdout:/usr/bin/ceph: stderr
2024-09-12T02:53:57.161+0000 7f0b9cfd9640 1 --2- 172.21.15.116:0/2075830089 >> [v2:172.21.15.116:6800/2966274423,v1:172.21.15.116:6801/2966274423] conn(0x7f0b84038f70 0x7f0b8403b430 secure :-1 s=READY pgs=16 cs=0 l=1 rev1=1 crypto rx=0x7f0b8c0098c0 tx=0x7f0b8c006db0 comp rx=0 tx=0).ready entity=mgr.14118 client_cookie=0 server_cookie=0 in_seq=0 out_seq=0
2024-09-12T02:53:58.813 INFO:teuthology.orchestra.run.smithi116.stdout:/usr/bin/ceph: stderr
2024-09-12T02:53:57.165+0000 7f0b8a7fc640 1 -- 172.21.15.116:0/2075830089 <== mon.0 v2:172.21.15.116:3300/0 6 ==== mon_command_ack([{"prefix": "get_command_descriptions"}]=0 v0) ==== 72+0+188821 (secure 0 0 0) 0x7f0b9403adf0 con 0x7f0b98106a40
2024-09-12T02:53:58.814 INFO:teuthology.orchestra.run.smithi116.stdout:/usr/bin/ceph: stderr
2024-09-12T02:53:57.448+0000 7f0b9fa3e640 1 -- 172.21.15.116:0/2075830089 --> [v2:172.21.15.116:3300/0,v1:172.21.15.116:6789/0] -- mon_command({"prefix": "mgr module enable", "module": "dashboard"} v 0) -- 0x7f0b9819f170 con 0x7f0b98106a40
2024-09-12T02:53:58.814 INFO:teuthology.orchestra.run.smithi116.stdout:/usr/bin/ceph: stderr
2024-09-12T02:53:58.143+0000 7f0b8a7fc640 1 -- 172.21.15.116:0/2075830089 <== mon.0 v2:172.21.15.116:3300/0 7 ==== mon_command_ack([{"prefix": "mgr module enable", "module": "dashboard"}]=0 v9) ==== 88+0+0 (secure 0 0 0) 0x7f0b940328f0 con 0x7f0b98106a40
2024-09-12T02:53:58.814 INFO:teuthology.orchestra.run.smithi116.stdout:/usr/bin/ceph: stderr
2024-09-12T02:53:58.145+0000 7f0b8a7fc640 1 -- 172.21.15.116:0/2075830089 <== mon.0 v2:172.21.15.116:3300/0 8 ==== mgrmap(e 9) ==== 46300+0+0 (secure 0 0 0) 0x7f0b94045980 con 0x7f0b98106a40
2024-09-12T02:53:58.814 INFO:teuthology.orchestra.run.smithi116.stdout:/usr/bin/ceph: stderr
2024-09-12T02:53:58.146+0000 7f0b9fa3e640 1 -- 172.21.15.116:0/2075830089 >> [v2:172.21.15.116:6800/2966274423,v1:172.21.15.116:6801/2966274423] conn(0x7f0b84038f70 msgr2=0x7f0b8403b430 secure :-1 s=STATE_CONNECTION_ESTABLISHED l=1).mark_down
2024-09-12T02:53:58.814 INFO:teuthology.orchestra.run.smithi116.stdout:/usr/bin/ceph: stderr
2024-09-12T02:53:58.146+0000 7f0b9fa3e640 1 --2- 172.21.15.116:0/2075830089 >> [v2:172.21.15.116:6800/2966274423,v1:172.21.15.116:6801/2966274423] conn(0x7f0b84038f70 0x7f0b8403b430 secure :-1 s=READY pgs=16 cs=0 l=1 rev1=1 crypto rx=0x7f0b8c0098c0 tx=0x7f0b8c006db0 comp rx=0 tx=0).stop
2024-09-12T02:53:58.814 INFO:teuthology.orchestra.run.smithi116.stdout:/usr/bin/ceph: stderr
2024-09-12T02:53:58.146+0000 7f0b9fa3e640 1 -- 172.21.15.116:0/2075830089 >> [v2:172.21.15.116:3300/0,v1:172.21.15.116:6789/0] conn(0x7f0b98106a40 msgr2=0x7f0b98106020 secure :-1 s=STATE_CONNECTION_ESTABLISHED l=1).mark_down
2024-09-12T02:53:58.814 INFO:teuthology.orchestra.run.smithi116.stdout:/usr/bin/ceph: stderr
2024-09-12T02:53:58.146+0000 7f0b9fa3e640 1 --2- 172.21.15.116:0/2075830089 >> [v2:172.21.15.116:3300/0,v1:172.21.15.116:6789/0] conn(0x7f0b98106a40 0x7f0b98106020 secure :-1 s=READY pgs=54 cs=0 l=1 rev1=1 crypto rx=0x7f0b94030560 tx=0x7f0b94032670 comp rx=0 tx=0).stop
2024-09-12T02:53:58.814 INFO:teuthology.orchestra.run.smithi116.stdout:/usr/bin/ceph: stderr
2024-09-12T02:53:58.146+0000 7f0b9fa3e640 1 -- 172.21.15.116:0/2075830089 shutdown_connections
2024-09-12T02:53:58.814 INFO:teuthology.orchestra.run.smithi116.stdout:/usr/bin/ceph: stderr
2024-09-12T02:53:58.146+0000 7f0b9fa3e640 1 --2- 172.21.15.116:0/2075830089 >> [v2:172.21.15.116:6800/2966274423,v1:172.21.15.116:6801/2966274423] conn(0x7f0b84038f70 0x7f0b8403b430 unknown :-1 s=CLOSED pgs=16 cs=0 l=1 rev1=1 crypto rx=0 tx=0 comp rx=0 tx=0).stop
2024-09-12T02:53:58.814 INFO:teuthology.orchestra.run.smithi116.stdout:/usr/bin/ceph: stderr
2024-09-12T02:53:58.146+0000 7f0b9fa3e640 1 --2- 172.21.15.116:0/2075830089 >> [v2:172.21.15.116:3300/0,v1:172.21.15.116:6789/0] conn(0x7f0b98106a40 0x7f0b98106020 unknown :-1 s=CLOSED pgs=54 cs=0 l=1 rev1=1 crypto rx=0 tx=0 comp rx=0 tx=0).stop
2024-09-12T02:53:58.814 INFO:teuthology.orchestra.run.smithi116.stdout:/usr/bin/ceph: stderr
2024-09-12T02:53:58.146+0000 7f0b9fa3e640 1 -- 172.21.15.116:0/2075830089 >> 172.21.15.116:0/2075830089 conn(0x7f0b98101510 msgr2=0x7f0b98101fe0 unknown :-1 s=STATE_NONE l=0).mark_down
2024-09-12T02:53:58.814 INFO:teuthology.orchestra.run.smithi116.stdout:/usr/bin/ceph: stderr
2024-09-12T02:53:58.147+0000 7f0b9fa3e640 1 -- 172.21.15.116:0/2075830089 shutdown_connections
2024-09-12T02:53:58.815 INFO:teuthology.orchestra.run.smithi116.stdout:/usr/bin/ceph: stderr
2024-09-12T02:53:58.147+0000 7f0b9fa3e640 1 -- 172.21.15.116:0/2075830089 wait complete.
2024-09-12T02:53:59.052 INFO:journalctl@ceph.mgr.x.smithi116.stdout:Sep 12 02:53:58 smithi116 ceph-eb1ac602-70b1-11ef-bcea-c7b262605968-mgr-x[31636]:
2024-09-12T02:53:58.862+0000 7fc384f35040 -1 mgr[py] Module snap_schedule has missing NOTIFY_TYPES member
2024-09-12T02:53:59.390 INFO:journalctl@ceph.mon.a.smithi116.stdout:Sep 12 02:53:59 smithi116 ceph-mon[31410]: from='client.? 172.21.15.116:0/2075830089' entity='client.admin' cmd='[{"prefix": "mgr module enable", "module": "dashboard"}]': finished
2024-09-12T02:53:59.390 INFO:journalctl@ceph.mon.a.smithi116.stdout:Sep 12 02:53:59 smithi116 ceph-mon[31410]: mgrmap e9: x(active, since 18s)
2024-09-12T02:53:59.391 INFO:journalctl@ceph.mgr.x.smithi116.stdout:Sep 12 02:53:59 smithi116 ceph-eb1ac602-70b1-11ef-bcea-c7b262605968-mgr-x[31636]:
2024-09-12T02:53:59.186+0000 7fc384f35040 -1 mgr[py] Module prometheus has missing NOTIFY_TYPES member
2024-09-12T02:53:59.391 INFO:journalctl@ceph.mgr.x.smithi116.stdout:Sep 12 02:53:59 smithi116 ceph-eb1ac602-70b1-11ef-bcea-c7b262605968-mgr-x[31636]:
2024-09-12T02:53:59.250+0000 7fc384f35040 -1 mgr[py] Module selftest has missing NOTIFY_TYPES member
2024-09-12T02:53:59.716 INFO:journalctl@ceph.mgr.x.smithi116.stdout:Sep 12 02:53:59 smithi116 ceph-eb1ac602-70b1-11ef-bcea-c7b262605968-mgr-x[31636]:
2024-09-12T02:53:59.446+0000 7fc384f35040 -1 mgr[py] Module volumes has missing NOTIFY_TYPES member
2024-09-12T02:54:00.009 INFO:teuthology.orchestra.run.smithi116.stdout:/usr/bin/ceph: stdout {
2024-09-12T02:54:00.009 INFO:teuthology.orchestra.run.smithi116.stdout:/usr/bin/ceph: stdout "epoch": 9,
2024-09-12T02:54:00.009 INFO:teuthology.orchestra.run.smithi116.stdout:/usr/bin/ceph: stdout "available": true,
2024-09-12T02:54:00.009 INFO:teuthology.orchestra.run.smithi116.stdout:/usr/bin/ceph: stdout "active_name": "x",
2024-09-12T02:54:00.010 INFO:teuthology.orchestra.run.smithi116.stdout:/usr/bin/ceph: stdout "num_standby": 0
2024-09-12T02:54:00.010 INFO:teuthology.orchestra.run.smithi116.stdout:/usr/bin/ceph: stdout }
2024-09-12T02:54:00.010 INFO:teuthology.orchestra.run.smithi116.stdout:/usr/bin/ceph: stderr
2024-09-12T02:53:59.183+0000 7f741788c640 1 Processor -- start
2024-09-12T02:54:00.010 INFO:teuthology.orchestra.run.smithi116.stdout:/usr/bin/ceph: stderr
2024-09-12T02:53:59.183+0000 7f741788c640 1 -- start start
2024-09-12T02:54:00.010 INFO:teuthology.orchestra.run.smithi116.stdout:/usr/bin/ceph: stderr
2024-09-12T02:53:59.184+0000 7f741788c640 1 --2- >> [v2:172.21.15.116:3300/0,v1:172.21.15.116:6789/0] conn(0x7f74101080d0 0x7f741010a4c0 unknown :-1 s=NONE pgs=0 cs=0 l=0 rev1=0 crypto rx=0 tx=0 comp rx=0 tx=0).connect
2024-09-12T02:54:00.010 INFO:teuthology.orchestra.run.smithi116.stdout:/usr/bin/ceph: stderr
2024-09-12T02:53:59.184+0000 7f741788c640 1 -- --> [v2:172.21.15.116:3300/0,v1:172.21.15.116:6789/0] -- mon_getmap magic: 0 -- 0x7f741007be50 con 0x7f74101080d0
2024-09-12T02:54:00.010 INFO:teuthology.orchestra.run.smithi116.stdout:/usr/bin/ceph: stderr
2024-09-12T02:53:59.184+0000 7f7415628640 1 --2- >> [v2:172.21.15.116:3300/0,v1:172.21.15.116:6789/0] conn(0x7f74101080d0 0x7f741010a4c0 unknown :-1 s=BANNER_CONNECTING pgs=0 cs=0 l=0 rev1=0 crypto rx=0 tx=0 comp rx=0 tx=0)._handle_peer_banner_payload supported=3 required=0
2024-09-12T02:54:00.010 INFO:teuthology.orchestra.run.smithi116.stdout:/usr/bin/ceph: stderr
2024-09-12T02:53:59.184+0000 7f7415628640 1 --2- >> [v2:172.21.15.116:3300/0,v1:172.21.15.116:6789/0] conn(0x7f74101080d0 0x7f741010a4c0 unknown :-1 s=HELLO_CONNECTING pgs=0 cs=0 l=0 rev1=1 crypto rx=0 tx=0 comp rx=0 tx=0).handle_hello peer v2:172.21.15.116:3300/0 says I am v2:172.21.15.116:59750/0 (socket says 172.21.15.116:59750)
2024-09-12T02:54:00.010 INFO:teuthology.orchestra.run.smithi116.stdout:/usr/bin/ceph: stderr
2024-09-12T02:53:59.184+0000 7f7415628640 1 -- 172.21.15.116:0/2044333871 learned_addr learned my addr 172.21.15.116:0/2044333871 (peer_addr_for_me v2:172.21.15.116:0/0)
2024-09-12T02:54:00.010 INFO:teuthology.orchestra.run.smithi116.stdout:/usr/bin/ceph: stderr
2024-09-12T02:53:59.184+0000 7f7415628640 1 -- 172.21.15.116:0/2044333871 --> [v2:172.21.15.116:3300/0,v1:172.21.15.116:6789/0] -- mon_subscribe({config=0+,monmap=0+}) -- 0x7f741010aa00 con 0x7f74101080d0
2024-09-12T02:54:00.010 INFO:teuthology.orchestra.run.smithi116.stdout:/usr/bin/ceph: stderr
2024-09-12T02:53:59.185+0000 7f7415628640 1 --2- 172.21.15.116:0/2044333871 >> [v2:172.21.15.116:3300/0,v1:172.21.15.116:6789/0] conn(0x7f74101080d0 0x7f741010a4c0 secure :-1 s=READY pgs=57 cs=0 l=1 rev1=1 crypto rx=0x7f7404009820 tx=0x7f740402a270 comp rx=0 tx=0).ready entity=mon.0 client_cookie=6d71024976d7fe40 server_cookie=0 in_seq=0 out_seq=0
2024-09-12T02:54:00.010 INFO:teuthology.orchestra.run.smithi116.stdout:/usr/bin/ceph: stderr
2024-09-12T02:53:59.185+0000 7f7403fff640 1 -- 172.21.15.116:0/2044333871 <== mon.0 v2:172.21.15.116:3300/0 1 ==== mon_map magic: 0 ==== 205+0+0 (secure 0 0 0) 0x7f7404037070 con 0x7f74101080d0
2024-09-12T02:54:00.010 INFO:teuthology.orchestra.run.smithi116.stdout:/usr/bin/ceph: stderr
2024-09-12T02:53:59.185+0000 7f7403fff640 1 -- 172.21.15.116:0/2044333871 <== mon.0 v2:172.21.15.116:3300/0 2 ==== config(27 keys) ==== 1140+0+0 (secure 0 0 0) 0x7f7404032920 con 0x7f74101080d0
2024-09-12T02:54:00.011 INFO:teuthology.orchestra.run.smithi116.stdout:/usr/bin/ceph: stderr
2024-09-12T02:53:59.185+0000 7f7403fff640 1 -- 172.21.15.116:0/2044333871 <== mon.0 v2:172.21.15.116:3300/0 3 ==== mon_map magic: 0 ==== 205+0+0 (secure 0 0 0) 0x7f7404030810 con 0x7f74101080d0
2024-09-12T02:54:00.011 INFO:teuthology.orchestra.run.smithi116.stdout:/usr/bin/ceph: stderr
2024-09-12T02:53:59.186+0000 7f741788c640 1 -- 172.21.15.116:0/2044333871 >> [v2:172.21.15.116:3300/0,v1:172.21.15.116:6789/0] conn(0x7f74101080d0 msgr2=0x7f741010a4c0 secure :-1 s=STATE_CONNECTION_ESTABLISHED l=1).mark_down
2024-09-12T02:54:00.011 INFO:teuthology.orchestra.run.smithi116.stdout:/usr/bin/ceph: stderr
2024-09-12T02:53:59.186+0000 7f741788c640 1 --2- 172.21.15.116:0/2044333871 >> [v2:172.21.15.116:3300/0,v1:172.21.15.116:6789/0] conn(0x7f74101080d0 0x7f741010a4c0 secure :-1 s=READY pgs=57 cs=0 l=1 rev1=1 crypto rx=0x7f7404009820 tx=0x7f740402a270 comp rx=0 tx=0).stop
2024-09-12T02:54:00.011 INFO:teuthology.orchestra.run.smithi116.stdout:/usr/bin/ceph: stderr
2024-09-12T02:53:59.186+0000 7f741788c640 1 -- 172.21.15.116:0/2044333871 shutdown_connections
2024-09-12T02:54:00.011 INFO:teuthology.orchestra.run.smithi116.stdout:/usr/bin/ceph: stderr
2024-09-12T02:53:59.186+0000 7f741788c640 1 --2- 172.21.15.116:0/2044333871 >> [v2:172.21.15.116:3300/0,v1:172.21.15.116:6789/0] conn(0x7f74101080d0 0x7f741010a4c0 unknown :-1 s=CLOSED pgs=57 cs=0 l=1 rev1=1 crypto rx=0 tx=0 comp rx=0 tx=0).stop
2024-09-12T02:54:00.011 INFO:teuthology.orchestra.run.smithi116.stdout:/usr/bin/ceph: stderr
2024-09-12T02:53:59.186+0000 7f741788c640 1 -- 172.21.15.116:0/2044333871 >> 172.21.15.116:0/2044333871 conn(0x7f7410101db0 msgr2=0x7f74101041d0 unknown :-1 s=STATE_NONE l=0).mark_down
2024-09-12T02:54:00.011 INFO:teuthology.orchestra.run.smithi116.stdout:/usr/bin/ceph: stderr
2024-09-12T02:53:59.186+0000 7f741788c640 1 -- 172.21.15.116:0/2044333871 shutdown_connections
2024-09-12T02:54:00.011 INFO:teuthology.orchestra.run.smithi116.stdout:/usr/bin/ceph: stderr
2024-09-12T02:53:59.186+0000 7f741788c640 1 -- 172.21.15.116:0/2044333871 wait complete.
2024-09-12T02:54:00.011 INFO:teuthology.orchestra.run.smithi116.stdout:/usr/bin/ceph: stderr
2024-09-12T02:53:59.186+0000 7f741788c640 1 Processor -- start
2024-09-12T02:54:00.011 INFO:teuthology.orchestra.run.smithi116.stdout:/usr/bin/ceph: stderr
2024-09-12T02:53:59.186+0000 7f741788c640 1 -- start start
2024-09-12T02:54:00.011 INFO:teuthology.orchestra.run.smithi116.stdout:/usr/bin/ceph: stderr
2024-09-12T02:53:59.187+0000 7f741788c640 1 --2- >> [v2:172.21.15.116:3300/0,v1:172.21.15.116:6789/0] conn(0x7f74101080d0 0x7f7410107950 unknown :-1 s=NONE pgs=0 cs=0 l=1 rev1=0 crypto rx=0 tx=0 comp rx=0 tx=0).connect
2024-09-12T02:54:00.011 INFO:teuthology.orchestra.run.smithi116.stdout:/usr/bin/ceph: stderr
2024-09-12T02:53:59.187+0000 7f741788c640 1 -- --> [v2:172.21.15.116:3300/0,v1:172.21.15.116:6789/0] -- mon_getmap magic: 0 -- 0x7f741010ba80 con 0x7f74101080d0
2024-09-12T02:54:00.011 INFO:teuthology.orchestra.run.smithi116.stdout:/usr/bin/ceph: stderr
2024-09-12T02:53:59.187+0000 7f7415628640 1 --2- >> [v2:172.21.15.116:3300/0,v1:172.21.15.116:6789/0] conn(0x7f74101080d0 0x7f7410107950 unknown :-1 s=BANNER_CONNECTING pgs=0 cs=0 l=1 rev1=0 crypto rx=0 tx=0 comp rx=0 tx=0)._handle_peer_banner_payload supported=3 required=0
2024-09-12T02:54:00.012 INFO:teuthology.orchestra.run.smithi116.stdout:/usr/bin/ceph: stderr
2024-09-12T02:53:59.187+0000 7f7415628640 1 --2- >> [v2:172.21.15.116:3300/0,v1:172.21.15.116:6789/0] conn(0x7f74101080d0 0x7f7410107950 unknown :-1 s=HELLO_CONNECTING pgs=0 cs=0 l=1 rev1=1 crypto rx=0 tx=0 comp rx=0 tx=0).handle_hello peer v2:172.21.15.116:3300/0 says I am v2:172.21.15.116:59754/0 (socket says 172.21.15.116:59754)
2024-09-12T02:54:00.012 INFO:teuthology.orchestra.run.smithi116.stdout:/usr/bin/ceph: stderr
2024-09-12T02:53:59.187+0000 7f7415628640 1 -- 172.21.15.116:0/2751743800 learned_addr learned my addr 172.21.15.116:0/2751743800 (peer_addr_for_me v2:172.21.15.116:0/0)
2024-09-12T02:54:00.012 INFO:teuthology.orchestra.run.smithi116.stdout:/usr/bin/ceph: stderr
2024-09-12T02:53:59.187+0000 7f7415628640 1 -- 172.21.15.116:0/2751743800 --> [v2:172.21.15.116:3300/0,v1:172.21.15.116:6789/0] -- mon_subscribe({config=0+,monmap=0+}) -- 0x7f7410107e90 con 0x7f74101080d0
2024-09-12T02:54:00.012 INFO:teuthology.orchestra.run.smithi116.stdout:/usr/bin/ceph: stderr
2024-09-12T02:53:59.187+0000 7f7415628640 1 --2- 172.21.15.116:0/2751743800 >> [v2:172.21.15.116:3300/0,v1:172.21.15.116:6789/0] conn(0x7f74101080d0 0x7f7410107950 secure :-1 s=READY pgs=58 cs=0 l=1 rev1=1 crypto rx=0x7f7404030380 tx=0x7f7404032670 comp rx=0 tx=0).ready entity=mon.0 client_cookie=0 server_cookie=0 in_seq=0 out_seq=0
2024-09-12T02:54:00.012 INFO:teuthology.orchestra.run.smithi116.stdout:/usr/bin/ceph: stderr
2024-09-12T02:53:59.187+0000 7f74027fc640 1 -- 172.21.15.116:0/2751743800 <== mon.0 v2:172.21.15.116:3300/0 1 ==== mon_map magic: 0 ==== 205+0+0 (secure 0 0 0) 0x7f7404037040 con 0x7f74101080d0
2024-09-12T02:54:00.012 INFO:teuthology.orchestra.run.smithi116.stdout:/usr/bin/ceph: stderr
2024-09-12T02:53:59.187+0000 7f741788c640 1 -- 172.21.15.116:0/2751743800 --> [v2:172.21.15.116:3300/0,v1:172.21.15.116:6789/0] -- mon_subscribe({mgrmap=0+}) -- 0x7f7410106080 con 0x7f74101080d0
2024-09-12T02:54:00.012 INFO:teuthology.orchestra.run.smithi116.stdout:/usr/bin/ceph: stderr
2024-09-12T02:53:59.187+0000 7f74027fc640 1 -- 172.21.15.116:0/2751743800 <== mon.0 v2:172.21.15.116:3300/0 2 ==== config(27 keys) ==== 1140+0+0 (secure 0 0 0) 0x7f7404040070 con 0x7f74101080d0
2024-09-12T02:54:00.012 INFO:teuthology.orchestra.run.smithi116.stdout:/usr/bin/ceph: stderr
2024-09-12T02:53:59.187+0000 7f741788c640 1 -- 172.21.15.116:0/2751743800 --> [v2:172.21.15.116:3300/0,v1:172.21.15.116:6789/0] -- mon_subscribe({osdmap=0}) -- 0x7f74101065c0 con 0x7f74101080d0
2024-09-12T02:54:00.012 INFO:teuthology.orchestra.run.smithi116.stdout:/usr/bin/ceph: stderr
2024-09-12T02:53:59.187+0000 7f74027fc640 1 -- 172.21.15.116:0/2751743800 <== mon.0 v2:172.21.15.116:3300/0 3 ==== mon_map magic: 0 ==== 205+0+0 (secure 0 0 0) 0x7f740403a7b0 con 0x7f74101080d0
2024-09-12T02:54:00.012 INFO:teuthology.orchestra.run.smithi116.stdout:/usr/bin/ceph: stderr
2024-09-12T02:53:59.188+0000 7f74027fc640 1 -- 172.21.15.116:0/2751743800 <== mon.0 v2:172.21.15.116:3300/0 4 ==== mgrmap(e 9) ==== 46300+0+0 (secure 0 0 0) 0x7f740403a9e0 con 0x7f74101080d0
2024-09-12T02:54:00.012 INFO:teuthology.orchestra.run.smithi116.stdout:/usr/bin/ceph: stderr
2024-09-12T02:53:59.188+0000 7f741788c640 1 -- 172.21.15.116:0/2751743800 --> [v2:172.21.15.116:3300/0,v1:172.21.15.116:6789/0] -- mon_command({"prefix": "get_command_descriptions"} v 0) -- 0x7f7410108530 con 0x7f74101080d0
2024-09-12T02:54:00.012 INFO:teuthology.orchestra.run.smithi116.stdout:/usr/bin/ceph: stderr
2024-09-12T02:53:59.189+0000 7f74027fc640 1 --2- 172.21.15.116:0/2751743800 >> [v2:172.21.15.116:6800/2966274423,v1:172.21.15.116:6801/2966274423] conn(0x7f73fc039020 0x7f73fc03b4e0 unknown :-1 s=NONE pgs=0 cs=0 l=1 rev1=0 crypto rx=0 tx=0 comp rx=0 tx=0).connect
2024-09-12T02:54:00.012 INFO:teuthology.orchestra.run.smithi116.stdout:/usr/bin/ceph: stderr
2024-09-12T02:53:59.189+0000 7f74027fc640 1 -- 172.21.15.116:0/2751743800 <== mon.0 v2:172.21.15.116:3300/0 5 ==== osd_map(2..2 src has 1..2) ==== 940+0+0 (secure 0 0 0) 0x7f740406c640 con 0x7f74101080d0
2024-09-12T02:54:00.013 INFO:teuthology.orchestra.run.smithi116.stdout:/usr/bin/ceph: stderr
2024-09-12T02:53:59.189+0000 7f7414e27640 1 -- 172.21.15.116:0/2751743800 >> [v2:172.21.15.116:6800/2966274423,v1:172.21.15.116:6801/2966274423] conn(0x7f73fc039020 msgr2=0x7f73fc03b4e0 unknown :-1 s=STATE_CONNECTING_RE l=1).process reconnect failed to v2:172.21.15.116:6800/2966274423
2024-09-12T02:54:00.013 INFO:teuthology.orchestra.run.smithi116.stdout:/usr/bin/ceph: stderr
2024-09-12T02:53:59.189+0000 7f7414e27640 1 --2- 172.21.15.116:0/2751743800 >> [v2:172.21.15.116:6800/2966274423,v1:172.21.15.116:6801/2966274423] conn(0x7f73fc039020 0x7f73fc03b4e0 unknown :-1 s=START_CONNECT pgs=0 cs=0 l=1 rev1=0 crypto rx=0 tx=0 comp rx=0 tx=0)._fault waiting 0.200000
2024-09-12T02:54:00.013 INFO:teuthology.orchestra.run.smithi116.stdout:/usr/bin/ceph: stderr
2024-09-12T02:53:59.193+0000 7f74027fc640 1 -- 172.21.15.116:0/2751743800 <== mon.0 v2:172.21.15.116:3300/0 6 ==== mon_command_ack([{"prefix": "get_command_descriptions"}]=0 v0) ==== 72+0+188821 (secure 0 0 0) 0x7f7404041270 con 0x7f74101080d0
2024-09-12T02:54:00.013 INFO:teuthology.orchestra.run.smithi116.stdout:/usr/bin/ceph: stderr
2024-09-12T02:53:59.390+0000 7f7414e27640 1 -- 172.21.15.116:0/2751743800 >> [v2:172.21.15.116:6800/2966274423,v1:172.21.15.116:6801/2966274423] conn(0x7f73fc039020 msgr2=0x7f73fc03b4e0 unknown :-1 s=STATE_CONNECTING_RE l=1).process reconnect failed to v2:172.21.15.116:6800/2966274423
2024-09-12T02:54:00.013 INFO:teuthology.orchestra.run.smithi116.stdout:/usr/bin/ceph: stderr
2024-09-12T02:53:59.390+0000 7f7414e27640 1 --2- 172.21.15.116:0/2751743800 >> [v2:172.21.15.116:6800/2966274423,v1:172.21.15.116:6801/2966274423] conn(0x7f73fc039020 0x7f73fc03b4e0 unknown :-1 s=START_CONNECT pgs=0 cs=0 l=1 rev1=0 crypto rx=0 tx=0 comp rx=0 tx=0)._fault waiting 0.400000
2024-09-12T02:54:00.013 INFO:teuthology.orchestra.run.smithi116.stdout:/usr/bin/ceph: stderr
2024-09-12T02:53:59.412+0000 7f741788c640 1 -- 172.21.15.116:0/2751743800 --> [v2:172.21.15.116:3300/0,v1:172.21.15.116:6789/0] -- mon_command({"prefix": "mgr stat"} v 0) -- 0x7f7410106d60 con 0x7f74101080d0
2024-09-12T02:54:00.013 INFO:teuthology.orchestra.run.smithi116.stdout:/usr/bin/ceph: stderr
2024-09-12T02:53:59.413+0000 7f74027fc640 1 -- 172.21.15.116:0/2751743800 <== mon.0 v2:172.21.15.116:3300/0 7 ==== mon_command_ack([{"prefix": "mgr stat"}]=0 v9) ==== 56+0+88 (secure 0 0 0) 0x7f740403ae20 con 0x7f74101080d0
2024-09-12T02:54:00.013 INFO:teuthology.orchestra.run.smithi116.stdout:/usr/bin/ceph: stderr
2024-09-12T02:53:59.415+0000 7f741788c640 1 -- 172.21.15.116:0/2751743800 >> [v2:172.21.15.116:6800/2966274423,v1:172.21.15.116:6801/2966274423] conn(0x7f73fc039020 msgr2=0x7f73fc03b4e0 unknown :-1 s=STATE_CONNECTING l=1).mark_down
2024-09-12T02:54:00.013 INFO:teuthology.orchestra.run.smithi116.stdout:/usr/bin/ceph: stderr
2024-09-12T02:53:59.415+0000 7f741788c640 1 --2- 172.21.15.116:0/2751743800 >> [v2:172.21.15.116:6800/2966274423,v1:172.21.15.116:6801/2966274423] conn(0x7f73fc039020 0x7f73fc03b4e0 unknown :-1 s=START_CONNECT pgs=0 cs=0 l=1 rev1=0 crypto rx=0 tx=0 comp rx=0 tx=0).stop
2024-09-12T02:54:00.013 INFO:teuthology.orchestra.run.smithi116.stdout:/usr/bin/ceph: stderr
2024-09-12T02:53:59.415+0000 7f741788c640 1 -- 172.21.15.116:0/2751743800 >> [v2:172.21.15.116:3300/0,v1:172.21.15.116:6789/0] conn(0x7f74101080d0 msgr2=0x7f7410107950 secure :-1 s=STATE_CONNECTION_ESTABLISHED l=1).mark_down
2024-09-12T02:54:00.013 INFO:teuthology.orchestra.run.smithi116.stdout:/usr/bin/ceph: stderr
2024-09-12T02:53:59.415+0000 7f741788c640 1 --2- 172.21.15.116:0/2751743800 >> [v2:172.21.15.116:3300/0,v1:172.21.15.116:6789/0] conn(0x7f74101080d0 0x7f7410107950 secure :-1 s=READY pgs=58 cs=0 l=1 rev1=1 crypto rx=0x7f7404030380 tx=0x7f7404032670 comp rx=0 tx=0).stop
2024-09-12T02:54:00.013 INFO:teuthology.orchestra.run.smithi116.stdout:/usr/bin/ceph: stderr
2024-09-12T02:53:59.415+0000 7f741788c640 1 -- 172.21.15.116:0/2751743800 shutdown_connections
2024-09-12T02:54:00.013 INFO:teuthology.orchestra.run.smithi116.stdout:/usr/bin/ceph: stderr
2024-09-12T02:53:59.415+0000 7f741788c640 1 --2- 172.21.15.116:0/2751743800 >> [v2:172.21.15.116:6800/2966274423,v1:172.21.15.116:6801/2966274423] conn(0x7f73fc039020 0x7f73fc03b4e0 unknown :-1 s=CLOSED pgs=0 cs=0 l=1 rev1=0 crypto rx=0 tx=0 comp rx=0 tx=0).stop
2024-09-12T02:54:00.013 INFO:teuthology.orchestra.run.smithi116.stdout:/usr/bin/ceph: stderr
