2024-09-12T02:53:44.571 INFO:teuthology.orchestra.run.smithi116.stdout:/usr/bin/ceph: stderr
2024-09-12T02:53:43.725+0000 7fe80e4ea640 1 Processor -- start
2024-09-12T02:53:44.571 INFO:teuthology.orchestra.run.smithi116.stdout:/usr/bin/ceph: stderr
2024-09-12T02:53:43.725+0000 7fe80e4ea640 1 -- start start
2024-09-12T02:53:44.571 INFO:teuthology.orchestra.run.smithi116.stdout:/usr/bin/ceph: stderr
2024-09-12T02:53:43.725+0000 7fe80e4ea640 1 --2- >> [v2:172.21.15.116:3300/0,v1:172.21.15.116:6789/0] conn(0x7fe808107740 0x7fe808107b40 unknown :-1 s=NONE pgs=0 cs=0 l=0 rev1=0 crypto rx=0 tx=0 comp rx=0 tx=0).connect
2024-09-12T02:53:44.571 INFO:teuthology.orchestra.run.smithi116.stdout:/usr/bin/ceph: stderr
2024-09-12T02:53:43.725+0000 7fe80e4ea640 1 -- --> [v2:172.21.15.116:3300/0,v1:172.21.15.116:6789/0] -- mon_getmap magic: 0 -- 0x7fe808108110 con 0x7fe808107740
2024-09-12T02:53:44.571 INFO:teuthology.orchestra.run.smithi116.stdout:/usr/bin/ceph: stderr
2024-09-12T02:53:43.726+0000 7fe807fff640 1 --2- >> [v2:172.21.15.116:3300/0,v1:172.21.15.116:6789/0] conn(0x7fe808107740 0x7fe808107b40 unknown :-1 s=BANNER_CONNECTING pgs=0 cs=0 l=0 rev1=0 crypto rx=0 tx=0 comp rx=0 tx=0)._handle_peer_banner_payload supported=3 required=0
2024-09-12T02:53:44.571 INFO:teuthology.orchestra.run.smithi116.stdout:/usr/bin/ceph: stderr
2024-09-12T02:53:43.726+0000 7fe807fff640 1 --2- >> [v2:172.21.15.116:3300/0,v1:172.21.15.116:6789/0] conn(0x7fe808107740 0x7fe808107b40 unknown :-1 s=HELLO_CONNECTING pgs=0 cs=0 l=0 rev1=1 crypto rx=0 tx=0 comp rx=0 tx=0).handle_hello peer v2:172.21.15.116:3300/0 says I am v2:172.21.15.116:33150/0 (socket says 172.21.15.116:33150)
2024-09-12T02:53:44.572 INFO:teuthology.orchestra.run.smithi116.stdout:/usr/bin/ceph: stderr
2024-09-12T02:53:43.726+0000 7fe807fff640 1 -- 172.21.15.116:0/3747175590 learned_addr learned my addr 172.21.15.116:0/3747175590 (peer_addr_for_me v2:172.21.15.116:0/0)
2024-09-12T02:53:44.572 INFO:teuthology.orchestra.run.smithi116.stdout:/usr/bin/ceph: stderr
2024-09-12T02:53:43.726+0000 7fe807fff640 1 -- 172.21.15.116:0/3747175590 --> [v2:172.21.15.116:3300/0,v1:172.21.15.116:6789/0] -- mon_subscribe({config=0+,monmap=0+}) -- 0x7fe8081088a0 con 0x7fe808107740
2024-09-12T02:53:44.572 INFO:teuthology.orchestra.run.smithi116.stdout:/usr/bin/ceph: stderr
2024-09-12T02:53:43.726+0000 7fe807fff640 1 --2- 172.21.15.116:0/3747175590 >> [v2:172.21.15.116:3300/0,v1:172.21.15.116:6789/0] conn(0x7fe808107740 0x7fe808107b40 secure :-1 s=READY pgs=39 cs=0 l=1 rev1=1 crypto rx=0x7fe7f8009820 tx=0x7fe7f802a270 comp rx=0 tx=0).ready entity=mon.0 client_cookie=5e969c4fe98786bf server_cookie=0 in_seq=0 out_seq=0
2024-09-12T02:53:44.572 INFO:teuthology.orchestra.run.smithi116.stdout:/usr/bin/ceph: stderr
2024-09-12T02:53:43.727+0000 7fe8077fe640 1 -- 172.21.15.116:0/3747175590 <== mon.0 v2:172.21.15.116:3300/0 1 ==== mon_map magic: 0 ==== 205+0+0 (secure 0 0 0) 0x7fe7f8037070 con 0x7fe808107740
2024-09-12T02:53:44.572 INFO:teuthology.orchestra.run.smithi116.stdout:/usr/bin/ceph: stderr
2024-09-12T02:53:43.727+0000 7fe8077fe640 1 -- 172.21.15.116:0/3747175590 <== mon.0 v2:172.21.15.116:3300/0 2 ==== config(27 keys) ==== 1109+0+0 (secure 0 0 0) 0x7fe7f8032900 con 0x7fe808107740
2024-09-12T02:53:44.572 INFO:teuthology.orchestra.run.smithi116.stdout:/usr/bin/ceph: stderr
2024-09-12T02:53:43.727+0000 7fe8077fe640 1 -- 172.21.15.116:0/3747175590 <== mon.0 v2:172.21.15.116:3300/0 3 ==== mon_map magic: 0 ==== 205+0+0 (secure 0 0 0) 0x7fe7f8030850 con 0x7fe808107740
2024-09-12T02:53:44.572 INFO:teuthology.orchestra.run.smithi116.stdout:/usr/bin/ceph: stderr
2024-09-12T02:53:43.727+0000 7fe80e4ea640 1 -- 172.21.15.116:0/3747175590 >> [v2:172.21.15.116:3300/0,v1:172.21.15.116:6789/0] conn(0x7fe808107740 msgr2=0x7fe808107b40 secure :-1 s=STATE_CONNECTION_ESTABLISHED l=1).mark_down
2024-09-12T02:53:44.572 INFO:teuthology.orchestra.run.smithi116.stdout:/usr/bin/ceph: stderr
2024-09-12T02:53:43.727+0000 7fe80e4ea640 1 --2- 172.21.15.116:0/3747175590 >> [v2:172.21.15.116:3300/0,v1:172.21.15.116:6789/0] conn(0x7fe808107740 0x7fe808107b40 secure :-1 s=READY pgs=39 cs=0 l=1 rev1=1 crypto rx=0x7fe7f8009820 tx=0x7fe7f802a270 comp rx=0 tx=0).stop
2024-09-12T02:53:44.572 INFO:teuthology.orchestra.run.smithi116.stdout:/usr/bin/ceph: stderr
2024-09-12T02:53:43.727+0000 7fe80e4ea640 1 -- 172.21.15.116:0/3747175590 shutdown_connections
2024-09-12T02:53:44.573 INFO:teuthology.orchestra.run.smithi116.stdout:/usr/bin/ceph: stderr
2024-09-12T02:53:43.727+0000 7fe80e4ea640 1 --2- 172.21.15.116:0/3747175590 >> [v2:172.21.15.116:3300/0,v1:172.21.15.116:6789/0] conn(0x7fe808107740 0x7fe808107b40 unknown :-1 s=CLOSED pgs=39 cs=0 l=1 rev1=1 crypto rx=0 tx=0 comp rx=0 tx=0).stop
2024-09-12T02:53:44.573 INFO:teuthology.orchestra.run.smithi116.stdout:/usr/bin/ceph: stderr
2024-09-12T02:53:43.727+0000 7fe80e4ea640 1 -- 172.21.15.116:0/3747175590 >> 172.21.15.116:0/3747175590 conn(0x7fe808102eb0 msgr2=0x7fe808105310 unknown :-1 s=STATE_NONE l=0).mark_down
2024-09-12T02:53:44.573 INFO:teuthology.orchestra.run.smithi116.stdout:/usr/bin/ceph: stderr
2024-09-12T02:53:43.727+0000 7fe80e4ea640 1 -- 172.21.15.116:0/3747175590 shutdown_connections
2024-09-12T02:53:44.573 INFO:teuthology.orchestra.run.smithi116.stdout:/usr/bin/ceph: stderr
2024-09-12T02:53:43.727+0000 7fe80e4ea640 1 -- 172.21.15.116:0/3747175590 wait complete.
2024-09-12T02:53:44.573 INFO:teuthology.orchestra.run.smithi116.stdout:/usr/bin/ceph: stderr
2024-09-12T02:53:43.728+0000 7fe80e4ea640 1 Processor -- start
2024-09-12T02:53:44.573 INFO:teuthology.orchestra.run.smithi116.stdout:/usr/bin/ceph: stderr
2024-09-12T02:53:43.728+0000 7fe80e4ea640 1 -- start start
2024-09-12T02:53:44.573 INFO:teuthology.orchestra.run.smithi116.stdout:/usr/bin/ceph: stderr
2024-09-12T02:53:43.728+0000 7fe80e4ea640 1 --2- >> [v2:172.21.15.116:3300/0,v1:172.21.15.116:6789/0] conn(0x7fe808107740 0x7fe80819b6b0 unknown :-1 s=NONE pgs=0 cs=0 l=1 rev1=0 crypto rx=0 tx=0 comp rx=0 tx=0).connect
2024-09-12T02:53:44.573 INFO:teuthology.orchestra.run.smithi116.stdout:/usr/bin/ceph: stderr
2024-09-12T02:53:43.728+0000 7fe80e4ea640 1 -- --> [v2:172.21.15.116:3300/0,v1:172.21.15.116:6789/0] -- mon_getmap magic: 0 -- 0x7fe80810bc50 con 0x7fe808107740
2024-09-12T02:53:44.573 INFO:teuthology.orchestra.run.smithi116.stdout:/usr/bin/ceph: stderr
2024-09-12T02:53:43.728+0000 7fe807fff640 1 --2- >> [v2:172.21.15.116:3300/0,v1:172.21.15.116:6789/0] conn(0x7fe808107740 0x7fe80819b6b0 unknown :-1 s=BANNER_CONNECTING pgs=0 cs=0 l=1 rev1=0 crypto rx=0 tx=0 comp rx=0 tx=0)._handle_peer_banner_payload supported=3 required=0
2024-09-12T02:53:44.573 INFO:teuthology.orchestra.run.smithi116.stdout:/usr/bin/ceph: stderr
2024-09-12T02:53:43.728+0000 7fe807fff640 1 --2- >> [v2:172.21.15.116:3300/0,v1:172.21.15.116:6789/0] conn(0x7fe808107740 0x7fe80819b6b0 unknown :-1 s=HELLO_CONNECTING pgs=0 cs=0 l=1 rev1=1 crypto rx=0 tx=0 comp rx=0 tx=0).handle_hello peer v2:172.21.15.116:3300/0 says I am v2:172.21.15.116:33154/0 (socket says 172.21.15.116:33154)
2024-09-12T02:53:44.573 INFO:teuthology.orchestra.run.smithi116.stdout:/usr/bin/ceph: stderr
2024-09-12T02:53:43.728+0000 7fe807fff640 1 -- 172.21.15.116:0/1533467555 learned_addr learned my addr 172.21.15.116:0/1533467555 (peer_addr_for_me v2:172.21.15.116:0/0)
2024-09-12T02:53:44.574 INFO:teuthology.orchestra.run.smithi116.stdout:/usr/bin/ceph: stderr
2024-09-12T02:53:43.729+0000 7fe807fff640 1 -- 172.21.15.116:0/1533467555 --> [v2:172.21.15.116:3300/0,v1:172.21.15.116:6789/0] -- mon_subscribe({config=0+,monmap=0+}) -- 0x7fe80819bbf0 con 0x7fe808107740
2024-09-12T02:53:44.574 INFO:teuthology.orchestra.run.smithi116.stdout:/usr/bin/ceph: stderr
2024-09-12T02:53:43.729+0000 7fe807fff640 1 --2- 172.21.15.116:0/1533467555 >> [v2:172.21.15.116:3300/0,v1:172.21.15.116:6789/0] conn(0x7fe808107740 0x7fe80819b6b0 secure :-1 s=READY pgs=40 cs=0 l=1 rev1=1 crypto rx=0x7fe7f8009940 tx=0x7fe7f80326e0 comp rx=0 tx=0).ready entity=mon.0 client_cookie=0 server_cookie=0 in_seq=0 out_seq=0
2024-09-12T02:53:44.574 INFO:teuthology.orchestra.run.smithi116.stdout:/usr/bin/ceph: stderr
2024-09-12T02:53:43.729+0000 7fe805ffb640 1 -- 172.21.15.116:0/1533467555 <== mon.0 v2:172.21.15.116:3300/0 1 ==== mon_map magic: 0 ==== 205+0+0 (secure 0 0 0) 0x7fe7f8042070 con 0x7fe808107740
2024-09-12T02:53:44.574 INFO:teuthology.orchestra.run.smithi116.stdout:/usr/bin/ceph: stderr
2024-09-12T02:53:43.729+0000 7fe805ffb640 1 -- 172.21.15.116:0/1533467555 <== mon.0 v2:172.21.15.116:3300/0 2 ==== config(27 keys) ==== 1109+0+0 (secure 0 0 0) 0x7fe7f8032be0 con 0x7fe808107740
2024-09-12T02:53:44.574 INFO:teuthology.orchestra.run.smithi116.stdout:/usr/bin/ceph: stderr
2024-09-12T02:53:43.729+0000 7fe80e4ea640 1 -- 172.21.15.116:0/1533467555 --> [v2:172.21.15.116:3300/0,v1:172.21.15.116:6789/0] -- mon_subscribe({mgrmap=0+}) -- 0x7fe80819be80 con 0x7fe808107740
2024-09-12T02:53:44.574 INFO:teuthology.orchestra.run.smithi116.stdout:/usr/bin/ceph: stderr
2024-09-12T02:53:43.729+0000 7fe805ffb640 1 -- 172.21.15.116:0/1533467555 <== mon.0 v2:172.21.15.116:3300/0 3 ==== mon_map magic: 0 ==== 205+0+0 (secure 0 0 0) 0x7fe7f8037040 con 0x7fe808107740
2024-09-12T02:53:44.574 INFO:teuthology.orchestra.run.smithi116.stdout:/usr/bin/ceph: stderr
2024-09-12T02:53:43.729+0000 7fe80e4ea640 1 -- 172.21.15.116:0/1533467555 --> [v2:172.21.15.116:3300/0,v1:172.21.15.116:6789/0] -- mon_subscribe({osdmap=0}) -- 0x7fe80819eb70 con 0x7fe808107740
2024-09-12T02:53:44.574 INFO:teuthology.orchestra.run.smithi116.stdout:/usr/bin/ceph: stderr
2024-09-12T02:53:43.730+0000 7fe805ffb640 1 -- 172.21.15.116:0/1533467555 <== mon.0 v2:172.21.15.116:3300/0 4 ==== mgrmap(e 8) ==== 46287+0+0 (secure 0 0 0) 0x7fe7f8045070 con 0x7fe808107740
2024-09-12T02:53:44.574 INFO:teuthology.orchestra.run.smithi116.stdout:/usr/bin/ceph: stderr
2024-09-12T02:53:43.730+0000 7fe805ffb640 1 --2- 172.21.15.116:0/1533467555 >> [v2:172.21.15.116:6800/2966274423,v1:172.21.15.116:6801/2966274423] conn(0x7fe7f4038f70 0x7fe7f403b430 unknown :-1 s=NONE pgs=0 cs=0 l=1 rev1=0 crypto rx=0 tx=0 comp rx=0 tx=0).connect
2024-09-12T02:53:44.574 INFO:teuthology.orchestra.run.smithi116.stdout:/usr/bin/ceph: stderr
2024-09-12T02:53:43.730+0000 7fe80e4ea640 1 -- 172.21.15.116:0/1533467555 --> [v2:172.21.15.116:3300/0,v1:172.21.15.116:6789/0] -- mon_command({"prefix": "get_command_descriptions"} v 0) -- 0x7fe808107bc0 con 0x7fe808107740
2024-09-12T02:53:44.575 INFO:teuthology.orchestra.run.smithi116.stdout:/usr/bin/ceph: stderr
2024-09-12T02:53:43.730+0000 7fe805ffb640 1 -- 172.21.15.116:0/1533467555 <== mon.0 v2:172.21.15.116:3300/0 5 ==== osd_map(2..2 src has 1..2) ==== 940+0+0 (secure 0 0 0) 0x7fe7f806bef0 con 0x7fe808107740
2024-09-12T02:53:44.575 INFO:teuthology.orchestra.run.smithi116.stdout:/usr/bin/ceph: stderr
2024-09-12T02:53:43.730+0000 7fe7fffff640 1 --2- 172.21.15.116:0/1533467555 >> [v2:172.21.15.116:6800/2966274423,v1:172.21.15.116:6801/2966274423] conn(0x7fe7f4038f70 0x7fe7f403b430 unknown :-1 s=BANNER_CONNECTING pgs=0 cs=0 l=1 rev1=0 crypto rx=0 tx=0 comp rx=0 tx=0)._handle_peer_banner_payload supported=3 required=0
2024-09-12T02:53:44.575 INFO:teuthology.orchestra.run.smithi116.stdout:/usr/bin/ceph: stderr
2024-09-12T02:53:43.730+0000 7fe7fffff640 1 --2- 172.21.15.116:0/1533467555 >> [v2:172.21.15.116:6800/2966274423,v1:172.21.15.116:6801/2966274423] conn(0x7fe7f4038f70 0x7fe7f403b430 secure :-1 s=READY pgs=9 cs=0 l=1 rev1=1 crypto rx=0x7fe7f00098c0 tx=0x7fe7f0006db0 comp rx=0 tx=0).ready entity=mgr.14118 client_cookie=0 server_cookie=0 in_seq=0 out_seq=0
2024-09-12T02:53:44.575 INFO:teuthology.orchestra.run.smithi116.stdout:/usr/bin/ceph: stderr
2024-09-12T02:53:43.735+0000 7fe805ffb640 1 -- 172.21.15.116:0/1533467555 <== mon.0 v2:172.21.15.116:3300/0 6 ==== mon_command_ack([{"prefix": "get_command_descriptions"}]=0 v0) ==== 72+0+188821 (secure 0 0 0) 0x7fe7f8032d90 con 0x7fe808107740
2024-09-12T02:53:44.575 INFO:teuthology.orchestra.run.smithi116.stdout:/usr/bin/ceph: stderr
2024-09-12T02:53:43.904+0000 7fe80e4ea640 1 -- 172.21.15.116:0/1533467555 --> [v2:172.21.15.116:6800/2966274423,v1:172.21.15.116:6801/2966274423] -- mgr_command(tid 0: {"prefix": "cephadm generate-key", "target": ["mon-mgr", ""]}) -- 0x7fe8081041a0 con 0x7fe7f4038f70
2024-09-12T02:53:44.575 INFO:teuthology.orchestra.run.smithi116.stdout:/usr/bin/ceph: stderr
2024-09-12T02:53:44.018+0000 7fe805ffb640 1 -- 172.21.15.116:0/1533467555 <== mgr.14118 v2:172.21.15.116:6800/2966274423 1 ==== mgr_command_reply(tid 0: 0 ) ==== 8+0+0 (secure 0 0 0) 0x7fe8081041a0 con 0x7fe7f4038f70
2024-09-12T02:53:44.575 INFO:teuthology.orchestra.run.smithi116.stdout:/usr/bin/ceph: stderr
2024-09-12T02:53:44.020+0000 7fe80e4ea640 1 -- 172.21.15.116:0/1533467555 >> [v2:172.21.15.116:6800/2966274423,v1:172.21.15.116:6801/2966274423] conn(0x7fe7f4038f70 msgr2=0x7fe7f403b430 secure :-1 s=STATE_CONNECTION_ESTABLISHED l=1).mark_down
2024-09-12T02:53:44.575 INFO:teuthology.orchestra.run.smithi116.stdout:/usr/bin/ceph: stderr
2024-09-12T02:53:44.020+0000 7fe80e4ea640 1 --2- 172.21.15.116:0/1533467555 >> [v2:172.21.15.116:6800/2966274423,v1:172.21.15.116:6801/2966274423] conn(0x7fe7f4038f70 0x7fe7f403b430 secure :-1 s=READY pgs=9 cs=0 l=1 rev1=1 crypto rx=0x7fe7f00098c0 tx=0x7fe7f0006db0 comp rx=0 tx=0).stop
2024-09-12T02:53:44.575 INFO:teuthology.orchestra.run.smithi116.stdout:/usr/bin/ceph: stderr
2024-09-12T02:53:44.020+0000 7fe80e4ea640 1 -- 172.21.15.116:0/1533467555 >> [v2:172.21.15.116:3300/0,v1:172.21.15.116:6789/0] conn(0x7fe808107740 msgr2=0x7fe80819b6b0 secure :-1 s=STATE_CONNECTION_ESTABLISHED l=1).mark_down
2024-09-12T02:53:44.575 INFO:teuthology.orchestra.run.smithi116.stdout:/usr/bin/ceph: stderr
2024-09-12T02:53:44.020+0000 7fe80e4ea640 1 --2- 172.21.15.116:0/1533467555 >> [v2:172.21.15.116:3300/0,v1:172.21.15.116:6789/0] conn(0x7fe808107740 0x7fe80819b6b0 secure :-1 s=READY pgs=40 cs=0 l=1 rev1=1 crypto rx=0x7fe7f8009940 tx=0x7fe7f80326e0 comp rx=0 tx=0).stop
2024-09-12T02:53:44.575 INFO:teuthology.orchestra.run.smithi116.stdout:/usr/bin/ceph: stderr
2024-09-12T02:53:44.020+0000 7fe80e4ea640 1 -- 172.21.15.116:0/1533467555 shutdown_connections
2024-09-12T02:53:44.576 INFO:teuthology.orchestra.run.smithi116.stdout:/usr/bin/ceph: stderr
2024-09-12T02:53:44.020+0000 7fe80e4ea640 1 --2- 172.21.15.116:0/1533467555 >> [v2:172.21.15.116:6800/2966274423,v1:172.21.15.116:6801/2966274423] conn(0x7fe7f4038f70 0x7fe7f403b430 unknown :-1 s=CLOSED pgs=9 cs=0 l=1 rev1=1 crypto rx=0 tx=0 comp rx=0 tx=0).stop
2024-09-12T02:53:44.576 INFO:teuthology.orchestra.run.smithi116.stdout:/usr/bin/ceph: stderr
2024-09-12T02:53:44.020+0000 7fe80e4ea640 1 --2- 172.21.15.116:0/1533467555 >> [v2:172.21.15.116:3300/0,v1:172.21.15.116:6789/0] conn(0x7fe808107740 0x7fe80819b6b0 unknown :-1 s=CLOSED pgs=40 cs=0 l=1 rev1=1 crypto rx=0 tx=0 comp rx=0 tx=0).stop
2024-09-12T02:53:44.576 INFO:teuthology.orchestra.run.smithi116.stdout:/usr/bin/ceph: stderr
2024-09-12T02:53:44.020+0000 7fe80e4ea640 1 -- 172.21.15.116:0/1533467555 >> 172.21.15.116:0/1533467555 conn(0x7fe808102eb0 msgr2=0x7fe808103a90 unknown :-1 s=STATE_NONE l=0).mark_down
2024-09-12T02:53:44.576 INFO:teuthology.orchestra.run.smithi116.stdout:/usr/bin/ceph: stderr
2024-09-12T02:53:44.020+0000 7fe80e4ea640 1 -- 172.21.15.116:0/1533467555 shutdown_connections
2024-09-12T02:53:44.576 INFO:teuthology.orchestra.run.smithi116.stdout:/usr/bin/ceph: stderr
2024-09-12T02:53:44.020+0000 7fe80e4ea640 1 -- 172.21.15.116:0/1533467555 wait complete.
2024-09-12T02:53:45.302 INFO:journalctl@ceph.mon.a.smithi116.stdout:Sep 12 02:53:45 smithi116 ceph-mon[31410]: from='client.14134 -' entity='client.admin' cmd=[{"prefix": "cephadm generate-key", "target": ["mon-mgr", ""]}]: dispatch
2024-09-12T02:53:45.302 INFO:journalctl@ceph.mon.a.smithi116.stdout:Sep 12 02:53:45 smithi116 ceph-mon[31410]: Generating ssh key...
2024-09-12T02:53:45.302 INFO:journalctl@ceph.mon.a.smithi116.stdout:Sep 12 02:53:45 smithi116 ceph-mon[31410]: from='mgr.14118 172.21.15.116:0/1263688136' entity='mgr.x'
2024-09-12T02:53:45.303 INFO:journalctl@ceph.mon.a.smithi116.stdout:Sep 12 02:53:45 smithi116 ceph-mon[31410]: from='mgr.14118 172.21.15.116:0/1263688136' entity='mgr.x'
2024-09-12T02:53:45.750 INFO:teuthology.orchestra.run.smithi116.stdout:/usr/bin/ceph: stdout ssh-rsa AAAAB3NzaC1yc2EAAAADAQABAAABgQC0C7Up4lYIJ4YJgQv/JwnLjQSoSttVjejpz4yaXzwzNqNv3A9GdBpJmjBBzDuQ3mFVEymlLuj+zC5CkkVc8dhrze3rGwMSURlA3bQyORgwvttEVV1qeAqFVJG63j1M+dRYkiMiJmwB8m4A7NaO/ylIkd9IJogpibuRjTrve1inVR9fp66ctXcaKGCdrivMTxmF8JR/NsXRPOEOav75BD62v1ANy3ZyreURasi/UX6PPieD4PjFCfJJi81vZCl2cKMANQy+SVpO32Fxptuj04r7SMXOd+dWH3j7Mc+YuT4LpuftruDpqRSu8gqp5Ir1RdQuiz8EKJRvUr8XkmG9/aSQV9fVgotx0uF3cujVEuQcodLlxkKntVKgAju064r7EEXia50uQqAhHqsQaCpCh1bWkTF1zHxePtemCPcFfJD7veXHD/NmPYQ4J9ZAGy8/f6soq/I6iUoHNoZyAZv3QUpx9SfvRKbd4jRaZOswv/aWTj6Set26RnvB/iGYfcpXpQ8= ceph-eb1ac602-70b1-11ef-bcea-c7b262605968
2024-09-12T02:53:45.750 INFO:teuthology.orchestra.run.smithi116.stdout:/usr/bin/ceph: stderr
2024-09-12T02:53:44.955+0000 7f4a627dc640 1 Processor -- start
2024-09-12T02:53:45.750 INFO:teuthology.orchestra.run.smithi116.stdout:/usr/bin/ceph: stderr
2024-09-12T02:53:44.955+0000 7f4a627dc640 1 -- start start
2024-09-12T02:53:45.750 INFO:teuthology.orchestra.run.smithi116.stdout:/usr/bin/ceph: stderr
2024-09-12T02:53:44.955+0000 7f4a627dc640 1 --2- >> [v2:172.21.15.116:3300/0,v1:172.21.15.116:6789/0] conn(0x7f4a5c106520 0x7f4a5c106920 unknown :-1 s=NONE pgs=0 cs=0 l=0 rev1=0 crypto rx=0 tx=0 comp rx=0 tx=0).connect
2024-09-12T02:53:45.750 INFO:teuthology.orchestra.run.smithi116.stdout:/usr/bin/ceph: stderr
2024-09-12T02:53:44.955+0000 7f4a627dc640 1 -- --> [v2:172.21.15.116:3300/0,v1:172.21.15.116:6789/0] -- mon_getmap magic: 0 -- 0x7f4a5c106ef0 con 0x7f4a5c106520
2024-09-12T02:53:45.751 INFO:teuthology.orchestra.run.smithi116.stdout:/usr/bin/ceph: stderr
2024-09-12T02:53:44.955+0000 7f4a5bfff640 1 --2- >> [v2:172.21.15.116:3300/0,v1:172.21.15.116:6789/0] conn(0x7f4a5c106520 0x7f4a5c106920 unknown :-1 s=BANNER_CONNECTING pgs=0 cs=0 l=0 rev1=0 crypto rx=0 tx=0 comp rx=0 tx=0)._handle_peer_banner_payload supported=3 required=0
2024-09-12T02:53:45.751 INFO:teuthology.orchestra.run.smithi116.stdout:/usr/bin/ceph: stderr
2024-09-12T02:53:44.955+0000 7f4a5bfff640 1 --2- >> [v2:172.21.15.116:3300/0,v1:172.21.15.116:6789/0] conn(0x7f4a5c106520 0x7f4a5c106920 unknown :-1 s=HELLO_CONNECTING pgs=0 cs=0 l=0 rev1=1 crypto rx=0 tx=0 comp rx=0 tx=0).handle_hello peer v2:172.21.15.116:3300/0 says I am v2:172.21.15.116:33164/0 (socket says 172.21.15.116:33164)
2024-09-12T02:53:45.751 INFO:teuthology.orchestra.run.smithi116.stdout:/usr/bin/ceph: stderr
2024-09-12T02:53:44.955+0000 7f4a5bfff640 1 -- 172.21.15.116:0/905929751 learned_addr learned my addr 172.21.15.116:0/905929751 (peer_addr_for_me v2:172.21.15.116:0/0)
2024-09-12T02:53:45.751 INFO:teuthology.orchestra.run.smithi116.stdout:/usr/bin/ceph: stderr
2024-09-12T02:53:44.956+0000 7f4a5bfff640 1 -- 172.21.15.116:0/905929751 --> [v2:172.21.15.116:3300/0,v1:172.21.15.116:6789/0] -- mon_subscribe({config=0+,monmap=0+}) -- 0x7f4a5c107720 con 0x7f4a5c106520
2024-09-12T02:53:45.751 INFO:teuthology.orchestra.run.smithi116.stdout:/usr/bin/ceph: stderr
2024-09-12T02:53:44.956+0000 7f4a5bfff640 1 --2- 172.21.15.116:0/905929751 >> [v2:172.21.15.116:3300/0,v1:172.21.15.116:6789/0] conn(0x7f4a5c106520 0x7f4a5c106920 secure :-1 s=READY pgs=41 cs=0 l=1 rev1=1 crypto rx=0x7f4a4c009820 tx=0x7f4a4c02a270 comp rx=0 tx=0).ready entity=mon.0 client_cookie=b35146a66ca864c1 server_cookie=0 in_seq=0 out_seq=0
2024-09-12T02:53:45.751 INFO:teuthology.orchestra.run.smithi116.stdout:/usr/bin/ceph: stderr
2024-09-12T02:53:44.956+0000 7f4a5affd640 1 -- 172.21.15.116:0/905929751 <== mon.0 v2:172.21.15.116:3300/0 1 ==== mon_map magic: 0 ==== 205+0+0 (secure 0 0 0) 0x7f4a4c037070 con 0x7f4a5c106520
2024-09-12T02:53:45.751 INFO:teuthology.orchestra.run.smithi116.stdout:/usr/bin/ceph: stderr
2024-09-12T02:53:44.957+0000 7f4a5affd640 1 -- 172.21.15.116:0/905929751 <== mon.0 v2:172.21.15.116:3300/0 2 ==== config(27 keys) ==== 1109+0+0 (secure 0 0 0) 0x7f4a4c032900 con 0x7f4a5c106520
2024-09-12T02:53:45.751 INFO:teuthology.orchestra.run.smithi116.stdout:/usr/bin/ceph: stderr
2024-09-12T02:53:44.957+0000 7f4a5affd640 1 -- 172.21.15.116:0/905929751 <== mon.0 v2:172.21.15.116:3300/0 3 ==== mon_map magic: 0 ==== 205+0+0 (secure 0 0 0) 0x7f4a4c030850 con 0x7f4a5c106520
2024-09-12T02:53:45.751 INFO:teuthology.orchestra.run.smithi116.stdout:/usr/bin/ceph: stderr
2024-09-12T02:53:44.957+0000 7f4a627dc640 1 -- 172.21.15.116:0/905929751 >> [v2:172.21.15.116:3300/0,v1:172.21.15.116:6789/0] conn(0x7f4a5c106520 msgr2=0x7f4a5c106920 secure :-1 s=STATE_CONNECTION_ESTABLISHED l=1).mark_down
2024-09-12T02:53:45.752 INFO:teuthology.orchestra.run.smithi116.stdout:/usr/bin/ceph: stderr
2024-09-12T02:53:44.957+0000 7f4a627dc640 1 --2- 172.21.15.116:0/905929751 >> [v2:172.21.15.116:3300/0,v1:172.21.15.116:6789/0] conn(0x7f4a5c106520 0x7f4a5c106920 secure :-1 s=READY pgs=41 cs=0 l=1 rev1=1 crypto rx=0x7f4a4c009820 tx=0x7f4a4c02a270 comp rx=0 tx=0).stop
2024-09-12T02:53:45.752 INFO:teuthology.orchestra.run.smithi116.stdout:/usr/bin/ceph: stderr
2024-09-12T02:53:44.957+0000 7f4a627dc640 1 -- 172.21.15.116:0/905929751 shutdown_connections
2024-09-12T02:53:45.752 INFO:teuthology.orchestra.run.smithi116.stdout:/usr/bin/ceph: stderr
2024-09-12T02:53:44.957+0000 7f4a627dc640 1 --2- 172.21.15.116:0/905929751 >> [v2:172.21.15.116:3300/0,v1:172.21.15.116:6789/0] conn(0x7f4a5c106520 0x7f4a5c106920 unknown :-1 s=CLOSED pgs=41 cs=0 l=1 rev1=1 crypto rx=0 tx=0 comp rx=0 tx=0).stop
2024-09-12T02:53:45.752 INFO:teuthology.orchestra.run.smithi116.stdout:/usr/bin/ceph: stderr
2024-09-12T02:53:44.957+0000 7f4a627dc640 1 -- 172.21.15.116:0/905929751 >> 172.21.15.116:0/905929751 conn(0x7f4a5c101db0 msgr2=0x7f4a5c1041d0 unknown :-1 s=STATE_NONE l=0).mark_down
2024-09-12T02:53:45.752 INFO:teuthology.orchestra.run.smithi116.stdout:/usr/bin/ceph: stderr
2024-09-12T02:53:44.957+0000 7f4a627dc640 1 -- 172.21.15.116:0/905929751 shutdown_connections
2024-09-12T02:53:45.752 INFO:teuthology.orchestra.run.smithi116.stdout:/usr/bin/ceph: stderr
2024-09-12T02:53:44.957+0000 7f4a627dc640 1 -- 172.21.15.116:0/905929751 wait complete.
2024-09-12T02:53:45.752 INFO:teuthology.orchestra.run.smithi116.stdout:/usr/bin/ceph: stderr
2024-09-12T02:53:44.958+0000 7f4a627dc640 1 Processor -- start
2024-09-12T02:53:45.752 INFO:teuthology.orchestra.run.smithi116.stdout:/usr/bin/ceph: stderr
2024-09-12T02:53:44.958+0000 7f4a627dc640 1 -- start start
2024-09-12T02:53:45.752 INFO:teuthology.orchestra.run.smithi116.stdout:/usr/bin/ceph: stderr
2024-09-12T02:53:44.958+0000 7f4a627dc640 1 --2- >> [v2:172.21.15.116:3300/0,v1:172.21.15.116:6789/0] conn(0x7f4a5c106520 0x7f4a5c19b640 unknown :-1 s=NONE pgs=0 cs=0 l=1 rev1=0 crypto rx=0 tx=0 comp rx=0 tx=0).connect
2024-09-12T02:53:45.752 INFO:teuthology.orchestra.run.smithi116.stdout:/usr/bin/ceph: stderr
2024-09-12T02:53:44.958+0000 7f4a627dc640 1 -- --> [v2:172.21.15.116:3300/0,v1:172.21.15.116:6789/0] -- mon_getmap magic: 0 -- 0x7f4a5c10aad0 con 0x7f4a5c106520
2024-09-12T02:53:45.752 INFO:teuthology.orchestra.run.smithi116.stdout:/usr/bin/ceph: stderr
2024-09-12T02:53:44.958+0000 7f4a5bfff640 1 --2- >> [v2:172.21.15.116:3300/0,v1:172.21.15.116:6789/0] conn(0x7f4a5c106520 0x7f4a5c19b640 unknown :-1 s=BANNER_CONNECTING pgs=0 cs=0 l=1 rev1=0 crypto rx=0 tx=0 comp rx=0 tx=0)._handle_peer_banner_payload supported=3 required=0
2024-09-12T02:53:45.752 INFO:teuthology.orchestra.run.smithi116.stdout:/usr/bin/ceph: stderr
2024-09-12T02:53:44.958+0000 7f4a5bfff640 1 --2- >> [v2:172.21.15.116:3300/0,v1:172.21.15.116:6789/0] conn(0x7f4a5c106520 0x7f4a5c19b640 unknown :-1 s=HELLO_CONNECTING pgs=0 cs=0 l=1 rev1=1 crypto rx=0 tx=0 comp rx=0 tx=0).handle_hello peer v2:172.21.15.116:3300/0 says I am v2:172.21.15.116:33168/0 (socket says 172.21.15.116:33168)
2024-09-12T02:53:45.753 INFO:teuthology.orchestra.run.smithi116.stdout:/usr/bin/ceph: stderr
2024-09-12T02:53:44.958+0000 7f4a5bfff640 1 -- 172.21.15.116:0/217290925 learned_addr learned my addr 172.21.15.116:0/217290925 (peer_addr_for_me v2:172.21.15.116:0/0)
2024-09-12T02:53:45.753 INFO:teuthology.orchestra.run.smithi116.stdout:/usr/bin/ceph: stderr
2024-09-12T02:53:44.958+0000 7f4a5bfff640 1 -- 172.21.15.116:0/217290925 --> [v2:172.21.15.116:3300/0,v1:172.21.15.116:6789/0] -- mon_subscribe({config=0+,monmap=0+}) -- 0x7f4a5c19bb80 con 0x7f4a5c106520
2024-09-12T02:53:45.753 INFO:teuthology.orchestra.run.smithi116.stdout:/usr/bin/ceph: stderr
2024-09-12T02:53:44.958+0000 7f4a5bfff640 1 --2- 172.21.15.116:0/217290925 >> [v2:172.21.15.116:3300/0,v1:172.21.15.116:6789/0] conn(0x7f4a5c106520 0x7f4a5c19b640 secure :-1 s=READY pgs=42 cs=0 l=1 rev1=1 crypto rx=0x7f4a4c009940 tx=0x7f4a4c032ce0 comp rx=0 tx=0).ready entity=mon.0 client_cookie=0 server_cookie=0 in_seq=0 out_seq=0
2024-09-12T02:53:45.753 INFO:teuthology.orchestra.run.smithi116.stdout:/usr/bin/ceph: stderr
2024-09-12T02:53:44.959+0000 7f4a597fa640 1 -- 172.21.15.116:0/217290925 <== mon.0 v2:172.21.15.116:3300/0 1 ==== mon_map magic: 0 ==== 205+0+0 (secure 0 0 0) 0x7f4a4c042070 con 0x7f4a5c106520
2024-09-12T02:53:45.753 INFO:teuthology.orchestra.run.smithi116.stdout:/usr/bin/ceph: stderr
2024-09-12T02:53:44.959+0000 7f4a597fa640 1 -- 172.21.15.116:0/217290925 <== mon.0 v2:172.21.15.116:3300/0 2 ==== config(27 keys) ==== 1109+0+0 (secure 0 0 0) 0x7f4a4c0308c0 con 0x7f4a5c106520
2024-09-12T02:53:45.753 INFO:teuthology.orchestra.run.smithi116.stdout:/usr/bin/ceph: stderr
2024-09-12T02:53:44.959+0000 7f4a597fa640 1 -- 172.21.15.116:0/217290925 <== mon.0 v2:172.21.15.116:3300/0 3 ==== mon_map magic: 0 ==== 205+0+0 (secure 0 0 0) 0x7f4a4c037040 con 0x7f4a5c106520
2024-09-12T02:53:45.753 INFO:teuthology.orchestra.run.smithi116.stdout:/usr/bin/ceph: stderr
2024-09-12T02:53:44.959+0000 7f4a627dc640 1 -- 172.21.15.116:0/217290925 --> [v2:172.21.15.116:3300/0,v1:172.21.15.116:6789/0] -- mon_subscribe({mgrmap=0+}) -- 0x7f4a5c19be10 con 0x7f4a5c106520
2024-09-12T02:53:45.753 INFO:teuthology.orchestra.run.smithi116.stdout:/usr/bin/ceph: stderr
2024-09-12T02:53:44.959+0000 7f4a627dc640 1 -- 172.21.15.116:0/217290925 --> [v2:172.21.15.116:3300/0,v1:172.21.15.116:6789/0] -- mon_subscribe({osdmap=0}) -- 0x7f4a5c19eb00 con 0x7f4a5c106520
2024-09-12T02:53:45.753 INFO:teuthology.orchestra.run.smithi116.stdout:/usr/bin/ceph: stderr
2024-09-12T02:53:44.960+0000 7f4a597fa640 1 -- 172.21.15.116:0/217290925 <== mon.0 v2:172.21.15.116:3300/0 4 ==== mgrmap(e 8) ==== 46287+0+0 (secure 0 0 0) 0x7f4a4c045070 con 0x7f4a5c106520
2024-09-12T02:53:45.753 INFO:teuthology.orchestra.run.smithi116.stdout:/usr/bin/ceph: stderr
2024-09-12T02:53:44.960+0000 7f4a627dc640 1 -- 172.21.15.116:0/217290925 --> [v2:172.21.15.116:3300/0,v1:172.21.15.116:6789/0] -- mon_command({"prefix": "get_command_descriptions"} v 0) -- 0x7f4a5c10ac50 con 0x7f4a5c106520
2024-09-12T02:53:45.753 INFO:teuthology.orchestra.run.smithi116.stdout:/usr/bin/ceph: stderr
2024-09-12T02:53:44.960+0000 7f4a597fa640 1 --2- 172.21.15.116:0/217290925 >> [v2:172.21.15.116:6800/2966274423,v1:172.21.15.116:6801/2966274423] conn(0x7f4a44038f70 0x7f4a4403b430 unknown :-1 s=NONE pgs=0 cs=0 l=1 rev1=0 crypto rx=0 tx=0 comp rx=0 tx=0).connect
2024-09-12T02:53:45.753 INFO:teuthology.orchestra.run.smithi116.stdout:/usr/bin/ceph: stderr
2024-09-12T02:53:44.960+0000 7f4a597fa640 1 -- 172.21.15.116:0/217290925 <== mon.0 v2:172.21.15.116:3300/0 5 ==== osd_map(2..2 src has 1..2) ==== 940+0+0 (secure 0 0 0) 0x7f4a4c06c030 con 0x7f4a5c106520
2024-09-12T02:53:45.753 INFO:teuthology.orchestra.run.smithi116.stdout:/usr/bin/ceph: stderr
2024-09-12T02:53:44.960+0000 7f4a5b7fe640 1 --2- 172.21.15.116:0/217290925 >> [v2:172.21.15.116:6800/2966274423,v1:172.21.15.116:6801/2966274423] conn(0x7f4a44038f70 0x7f4a4403b430 unknown :-1 s=BANNER_CONNECTING pgs=0 cs=0 l=1 rev1=0 crypto rx=0 tx=0 comp rx=0 tx=0)._handle_peer_banner_payload supported=3 required=0
2024-09-12T02:53:45.754 INFO:teuthology.orchestra.run.smithi116.stdout:/usr/bin/ceph: stderr
2024-09-12T02:53:44.960+0000 7f4a5b7fe640 1 --2- 172.21.15.116:0/217290925 >> [v2:172.21.15.116:6800/2966274423,v1:172.21.15.116:6801/2966274423] conn(0x7f4a44038f70 0x7f4a4403b430 secure :-1 s=READY pgs=10 cs=0 l=1 rev1=1 crypto rx=0x7f4a500098c0 tx=0x7f4a50006db0 comp rx=0 tx=0).ready entity=mgr.14118 client_cookie=0 server_cookie=0 in_seq=0 out_seq=0
2024-09-12T02:53:45.754 INFO:teuthology.orchestra.run.smithi116.stdout:/usr/bin/ceph: stderr
2024-09-12T02:53:44.965+0000 7f4a597fa640 1 -- 172.21.15.116:0/217290925 <== mon.0 v2:172.21.15.116:3300/0 6 ==== mon_command_ack([{"prefix": "get_command_descriptions"}]=0 v0) ==== 72+0+188821 (secure 0 0 0) 0x7f4a4c03cd90 con 0x7f4a5c106520
2024-09-12T02:53:45.754 INFO:teuthology.orchestra.run.smithi116.stdout:/usr/bin/ceph: stderr
2024-09-12T02:53:45.134+0000 7f4a627dc640 1 -- 172.21.15.116:0/217290925 --> [v2:172.21.15.116:6800/2966274423,v1:172.21.15.116:6801/2966274423] -- mgr_command(tid 0: {"prefix": "cephadm get-pub-key", "target": ["mon-mgr", ""]}) -- 0x7f4a5c102fe0 con 0x7f4a44038f70
2024-09-12T02:53:45.754 INFO:teuthology.orchestra.run.smithi116.stdout:/usr/bin/ceph: stderr
2024-09-12T02:53:45.135+0000 7f4a597fa640 1 -- 172.21.15.116:0/217290925 <== mgr.14118 v2:172.21.15.116:6800/2966274423 1 ==== mgr_command_reply(tid 0: 0 ) ==== 8+0+595 (secure 0 0 0) 0x7f4a5c102fe0 con 0x7f4a44038f70
2024-09-12T02:53:45.754 INFO:teuthology.orchestra.run.smithi116.stdout:/usr/bin/ceph: stderr
2024-09-12T02:53:45.137+0000 7f4a627dc640 1 -- 172.21.15.116:0/217290925 >> [v2:172.21.15.116:6800/2966274423,v1:172.21.15.116:6801/2966274423] conn(0x7f4a44038f70 msgr2=0x7f4a4403b430 secure :-1 s=STATE_CONNECTION_ESTABLISHED l=1).mark_down
2024-09-12T02:53:45.754 INFO:teuthology.orchestra.run.smithi116.stdout:/usr/bin/ceph: stderr
2024-09-12T02:53:45.137+0000 7f4a627dc640 1 --2- 172.21.15.116:0/217290925 >> [v2:172.21.15.116:6800/2966274423,v1:172.21.15.116:6801/2966274423] conn(0x7f4a44038f70 0x7f4a4403b430 secure :-1 s=READY pgs=10 cs=0 l=1 rev1=1 crypto rx=0x7f4a500098c0 tx=0x7f4a50006db0 comp rx=0 tx=0).stop
2024-09-12T02:53:45.754 INFO:teuthology.orchestra.run.smithi116.stdout:/usr/bin/ceph: stderr
2024-09-12T02:53:45.137+0000 7f4a627dc640 1 -- 172.21.15.116:0/217290925 >> [v2:172.21.15.116:3300/0,v1:172.21.15.116:6789/0] conn(0x7f4a5c106520 msgr2=0x7f4a5c19b640 secure :-1 s=STATE_CONNECTION_ESTABLISHED l=1).mark_down
2024-09-12T02:53:45.754 INFO:teuthology.orchestra.run.smithi116.stdout:/usr/bin/ceph: stderr
2024-09-12T02:53:45.137+0000 7f4a627dc640 1 --2- 172.21.15.116:0/217290925 >> [v2:172.21.15.116:3300/0,v1:172.21.15.116:6789/0] conn(0x7f4a5c106520 0x7f4a5c19b640 secure :-1 s=READY pgs=42 cs=0 l=1 rev1=1 crypto rx=0x7f4a4c009940 tx=0x7f4a4c032ce0 comp rx=0 tx=0).stop
2024-09-12T02:53:45.754 INFO:teuthology.orchestra.run.smithi116.stdout:/usr/bin/ceph: stderr
2024-09-12T02:53:45.137+0000 7f4a627dc640 1 -- 172.21.15.116:0/217290925 shutdown_connections
2024-09-12T02:53:45.754 INFO:teuthology.orchestra.run.smithi116.stdout:/usr/bin/ceph: stderr
2024-09-12T02:53:45.137+0000 7f4a627dc640 1 --2- 172.21.15.116:0/217290925 >> [v2:172.21.15.116:6800/2966274423,v1:172.21.15.116:6801/2966274423] conn(0x7f4a44038f70 0x7f4a4403b430 unknown :-1 s=CLOSED pgs=10 cs=0 l=1 rev1=1 crypto rx=0 tx=0 comp rx=0 tx=0).stop
2024-09-12T02:53:45.754 INFO:teuthology.orchestra.run.smithi116.stdout:/usr/bin/ceph: stderr
2024-09-12T02:53:45.137+0000 7f4a627dc640 1 --2- 172.21.15.116:0/217290925 >> [v2:172.21.15.116:3300/0,v1:172.21.15.116:6789/0] conn(0x7f4a5c106520 0x7f4a5c19b640 unknown :-1 s=CLOSED pgs=42 cs=0 l=1 rev1=1 crypto rx=0 tx=0 comp rx=0 tx=0).stop
2024-09-12T02:53:45.754 INFO:teuthology.orchestra.run.smithi116.stdout:/usr/bin/ceph: stderr
2024-09-12T02:53:45.138+0000 7f4a627dc640 1 -- 172.21.15.116:0/217290925 >> 172.21.15.116:0/217290925 conn(0x7f4a5c101db0 msgr2=0x7f4a5c1028d0 unknown :-1 s=STATE_NONE l=0).mark_down
2024-09-12T02:53:45.754 INFO:teuthology.orchestra.run.smithi116.stdout:/usr/bin/ceph: stderr
2024-09-12T02:53:45.138+0000 7f4a627dc640 1 -- 172.21.15.116:0/217290925 shutdown_connections
2024-09-12T02:53:45.755 INFO:teuthology.orchestra.run.smithi116.stdout:/usr/bin/ceph: stderr
2024-09-12T02:53:45.138+0000 7f4a627dc640 1 -- 172.21.15.116:0/217290925 wait complete.
2024-09-12T02:53:45.755 INFO:teuthology.orchestra.run.smithi116.stdout:Wrote public SSH key to /home/ubuntu/cephtest/ceph.pub
2024-09-12T02:53:45.755 INFO:teuthology.orchestra.run.smithi116.stdout:Adding key to root@localhost authorized_keys...
2024-09-12T02:53:45.755 INFO:teuthology.orchestra.run.smithi116.stdout:Adding host smithi116...
2024-09-12T02:53:46.302 INFO:journalctl@ceph.mon.a.smithi116.stdout:Sep 12 02:53:46 smithi116 ceph-mon[31410]: from='client.14136 -' entity='client.admin' cmd=[{"prefix": "cephadm get-pub-key", "target": ["mon-mgr", ""]}]: dispatch
2024-09-12T02:53:47.094 INFO:journalctl@ceph.mon.a.smithi116.stdout:Sep 12 02:53:47 smithi116 ceph-mon[31410]: from='client.14138 -' entity='client.admin' cmd=[{"prefix": "orch host add", "hostname": "smithi116", "addr": "172.21.15.116", "target": ["mon-mgr", ""]}]: dispatch
2024-09-12T02:53:48.082 INFO:journalctl@ceph.mon.a.smithi116.stdout:Sep 12 02:53:48 smithi116 ceph-mon[31410]: Deploying cephadm binary to smithi116
2024-09-12T02:53:50.049 INFO:teuthology.orchestra.run.smithi116.stdout:/usr/bin/ceph: stdout Added host 'smithi116' with addr '172.21.15.116'
2024-09-12T02:53:50.049 INFO:teuthology.orchestra.run.smithi116.stdout:/usr/bin/ceph: stderr
2024-09-12T02:53:46.147+0000 7f625dccf640 1 Processor -- start
2024-09-12T02:53:50.049 INFO:teuthology.orchestra.run.smithi116.stdout:/usr/bin/ceph: stderr
2024-09-12T02:53:46.148+0000 7f625dccf640 1 -- start start
2024-09-12T02:53:50.049 INFO:teuthology.orchestra.run.smithi116.stdout:/usr/bin/ceph: stderr
2024-09-12T02:53:46.148+0000 7f625dccf640 1 --2- >> [v2:172.21.15.116:3300/0,v1:172.21.15.116:6789/0] conn(0x7f62581080d0 0x7f625810a4c0 unknown :-1 s=NONE pgs=0 cs=0 l=0 rev1=0 crypto rx=0 tx=0 comp rx=0 tx=0).connect
2024-09-12T02:53:50.049 INFO:teuthology.orchestra.run.smithi116.stdout:/usr/bin/ceph: stderr
2024-09-12T02:53:46.148+0000 7f625dccf640 1 -- --> [v2:172.21.15.116:3300/0,v1:172.21.15.116:6789/0] -- mon_getmap magic: 0 -- 0x7f625807be70 con 0x7f62581080d0
2024-09-12T02:53:50.049 INFO:teuthology.orchestra.run.smithi116.stdout:/usr/bin/ceph: stderr
2024-09-12T02:53:46.148+0000 7f62577fe640 1 --2- >> [v2:172.21.15.116:3300/0,v1:172.21.15.116:6789/0] conn(0x7f62581080d0 0x7f625810a4c0 unknown :-1 s=BANNER_CONNECTING pgs=0 cs=0 l=0 rev1=0 crypto rx=0 tx=0 comp rx=0 tx=0)._handle_peer_banner_payload supported=3 required=0
2024-09-12T02:53:50.049 INFO:teuthology.orchestra.run.smithi116.stdout:/usr/bin/ceph: stderr
2024-09-12T02:53:46.148+0000 7f62577fe640 1 --2- >> [v2:172.21.15.116:3300/0,v1:172.21.15.116:6789/0] conn(0x7f62581080d0 0x7f625810a4c0 unknown :-1 s=HELLO_CONNECTING pgs=0 cs=0 l=0 rev1=1 crypto rx=0 tx=0 comp rx=0 tx=0).handle_hello peer v2:172.21.15.116:3300/0 says I am v2:172.21.15.116:33180/0 (socket says 172.21.15.116:33180)
2024-09-12T02:53:50.049 INFO:teuthology.orchestra.run.smithi116.stdout:/usr/bin/ceph: stderr
2024-09-12T02:53:46.148+0000 7f62577fe640 1 -- 172.21.15.116:0/1161004930 learned_addr learned my addr 172.21.15.116:0/1161004930 (peer_addr_for_me v2:172.21.15.116:0/0)
2024-09-12T02:53:50.049 INFO:teuthology.orchestra.run.smithi116.stdout:/usr/bin/ceph: stderr
2024-09-12T02:53:46.148+0000 7f62577fe640 1 -- 172.21.15.116:0/1161004930 --> [v2:172.21.15.116:3300/0,v1:172.21.15.116:6789/0] -- mon_subscribe({config=0+,monmap=0+}) -- 0x7f625810aa00 con 0x7f62581080d0
2024-09-12T02:53:50.050 INFO:teuthology.orchestra.run.smithi116.stdout:/usr/bin/ceph: stderr
2024-09-12T02:53:46.149+0000 7f62577fe640 1 --2- 172.21.15.116:0/1161004930 >> [v2:172.21.15.116:3300/0,v1:172.21.15.116:6789/0] conn(0x7f62581080d0 0x7f625810a4c0 secure :-1 s=READY pgs=43 cs=0 l=1 rev1=1 crypto rx=0x7f6248009820 tx=0x7f624802a270 comp rx=0 tx=0).ready entity=mon.0 client_cookie=83f7fa458ac23b80 server_cookie=0 in_seq=0 out_seq=0
2024-09-12T02:53:50.050 INFO:teuthology.orchestra.run.smithi116.stdout:/usr/bin/ceph: stderr
2024-09-12T02:53:46.149+0000 7f6256ffd640 1 -- 172.21.15.116:0/1161004930 <== mon.0 v2:172.21.15.116:3300/0 1 ==== mon_map magic: 0 ==== 205+0+0 (secure 0 0 0) 0x7f6248037070 con 0x7f62581080d0
2024-09-12T02:53:50.050 INFO:teuthology.orchestra.run.smithi116.stdout:/usr/bin/ceph: stderr
2024-09-12T02:53:46.149+0000 7f6256ffd640 1 -- 172.21.15.116:0/1161004930 <== mon.0 v2:172.21.15.116:3300/0 2 ==== config(27 keys) ==== 1109+0+0 (secure 0 0 0) 0x7f6248032900 con 0x7f62581080d0
2024-09-12T02:53:50.050 INFO:teuthology.orchestra.run.smithi116.stdout:/usr/bin/ceph: stderr
2024-09-12T02:53:46.149+0000 7f6256ffd640 1 -- 172.21.15.116:0/1161004930 <== mon.0 v2:172.21.15.116:3300/0 3 ==== mon_map magic: 0 ==== 205+0+0 (secure 0 0 0) 0x7f6248030850 con 0x7f62581080d0
2024-09-12T02:53:50.050 INFO:teuthology.orchestra.run.smithi116.stdout:/usr/bin/ceph: stderr
2024-09-12T02:53:46.150+0000 7f625dccf640 1 -- 172.21.15.116:0/1161004930 >> [v2:172.21.15.116:3300/0,v1:172.21.15.116:6789/0] conn(0x7f62581080d0 msgr2=0x7f625810a4c0 secure :-1 s=STATE_CONNECTION_ESTABLISHED l=1).mark_down
2024-09-12T02:53:50.050 INFO:teuthology.orchestra.run.smithi116.stdout:/usr/bin/ceph: stderr
2024-09-12T02:53:46.150+0000 7f625dccf640 1 --2- 172.21.15.116:0/1161004930 >> [v2:172.21.15.116:3300/0,v1:172.21.15.116:6789/0] conn(0x7f62581080d0 0x7f625810a4c0 secure :-1 s=READY pgs=43 cs=0 l=1 rev1=1 crypto rx=0x7f6248009820 tx=0x7f624802a270 comp rx=0 tx=0).stop
2024-09-12T02:53:50.050 INFO:teuthology.orchestra.run.smithi116.stdout:/usr/bin/ceph: stderr
2024-09-12T02:53:46.150+0000 7f625dccf640 1 -- 172.21.15.116:0/1161004930 shutdown_connections
2024-09-12T02:53:50.050 INFO:teuthology.orchestra.run.smithi116.stdout:/usr/bin/ceph: stderr
2024-09-12T02:53:46.150+0000 7f625dccf640 1 --2- 172.21.15.116:0/1161004930 >> [v2:172.21.15.116:3300/0,v1:172.21.15.116:6789/0] conn(0x7f62581080d0 0x7f625810a4c0 unknown :-1 s=CLOSED pgs=43 cs=0 l=1 rev1=1 crypto rx=0 tx=0 comp rx=0 tx=0).stop
2024-09-12T02:53:50.050 INFO:teuthology.orchestra.run.smithi116.stdout:/usr/bin/ceph: stderr
2024-09-12T02:53:46.150+0000 7f625dccf640 1 -- 172.21.15.116:0/1161004930 >> 172.21.15.116:0/1161004930 conn(0x7f6258101db0 msgr2=0x7f62581041d0 unknown :-1 s=STATE_NONE l=0).mark_down
2024-09-12T02:53:50.050 INFO:teuthology.orchestra.run.smithi116.stdout:/usr/bin/ceph: stderr
2024-09-12T02:53:46.150+0000 7f625dccf640 1 -- 172.21.15.116:0/1161004930 shutdown_connections
2024-09-12T02:53:50.050 INFO:teuthology.orchestra.run.smithi116.stdout:/usr/bin/ceph: stderr
2024-09-12T02:53:46.150+0000 7f625dccf640 1 -- 172.21.15.116:0/1161004930 wait complete.
2024-09-12T02:53:50.050 INFO:teuthology.orchestra.run.smithi116.stdout:/usr/bin/ceph: stderr
2024-09-12T02:53:46.150+0000 7f625dccf640 1 Processor -- start
2024-09-12T02:53:50.050 INFO:teuthology.orchestra.run.smithi116.stdout:/usr/bin/ceph: stderr
2024-09-12T02:53:46.150+0000 7f625dccf640 1 -- start start
2024-09-12T02:53:50.051 INFO:teuthology.orchestra.run.smithi116.stdout:/usr/bin/ceph: stderr
2024-09-12T02:53:46.150+0000 7f625dccf640 1 --2- >> [v2:172.21.15.116:3300/0,v1:172.21.15.116:6789/0] conn(0x7f62581080d0 0x7f625819b610 unknown :-1 s=NONE pgs=0 cs=0 l=1 rev1=0 crypto rx=0 tx=0 comp rx=0 tx=0).connect
2024-09-12T02:53:50.051 INFO:teuthology.orchestra.run.smithi116.stdout:/usr/bin/ceph: stderr
2024-09-12T02:53:46.151+0000 7f625dccf640 1 -- --> [v2:172.21.15.116:3300/0,v1:172.21.15.116:6789/0] -- mon_getmap magic: 0 -- 0x7f625810ba40 con 0x7f62581080d0
2024-09-12T02:53:50.051 INFO:teuthology.orchestra.run.smithi116.stdout:/usr/bin/ceph: stderr
2024-09-12T02:53:46.151+0000 7f62577fe640 1 --2- >> [v2:172.21.15.116:3300/0,v1:172.21.15.116:6789/0] conn(0x7f62581080d0 0x7f625819b610 unknown :-1 s=BANNER_CONNECTING pgs=0 cs=0 l=1 rev1=0 crypto rx=0 tx=0 comp rx=0 tx=0)._handle_peer_banner_payload supported=3 required=0
2024-09-12T02:53:50.051 INFO:teuthology.orchestra.run.smithi116.stdout:/usr/bin/ceph: stderr
2024-09-12T02:53:46.151+0000 7f62577fe640 1 --2- >> [v2:172.21.15.116:3300/0,v1:172.21.15.116:6789/0] conn(0x7f62581080d0 0x7f625819b610 unknown :-1 s=HELLO_CONNECTING pgs=0 cs=0 l=1 rev1=1 crypto rx=0 tx=0 comp rx=0 tx=0).handle_hello peer v2:172.21.15.116:3300/0 says I am v2:172.21.15.116:33192/0 (socket says 172.21.15.116:33192)
2024-09-12T02:53:50.051 INFO:teuthology.orchestra.run.smithi116.stdout:/usr/bin/ceph: stderr
2024-09-12T02:53:46.151+0000 7f62577fe640 1 -- 172.21.15.116:0/3536086911 learned_addr learned my addr 172.21.15.116:0/3536086911 (peer_addr_for_me v2:172.21.15.116:0/0)
2024-09-12T02:53:50.051 INFO:teuthology.orchestra.run.smithi116.stdout:/usr/bin/ceph: stderr
2024-09-12T02:53:46.151+0000 7f62577fe640 1 -- 172.21.15.116:0/3536086911 --> [v2:172.21.15.116:3300/0,v1:172.21.15.116:6789/0] -- mon_subscribe({config=0+,monmap=0+}) -- 0x7f625819bb50 con 0x7f62581080d0
2024-09-12T02:53:50.051 INFO:teuthology.orchestra.run.smithi116.stdout:/usr/bin/ceph: stderr
2024-09-12T02:53:46.151+0000 7f62577fe640 1 --2- 172.21.15.116:0/3536086911 >> [v2:172.21.15.116:3300/0,v1:172.21.15.116:6789/0] conn(0x7f62581080d0 0x7f625819b610 secure :-1 s=READY pgs=44 cs=0 l=1 rev1=1 crypto rx=0x7f62480097f0 tx=0x7f6248030d80 comp rx=0 tx=0).ready entity=mon.0 client_cookie=0 server_cookie=0 in_seq=0 out_seq=0
2024-09-12T02:53:50.051 INFO:teuthology.orchestra.run.smithi116.stdout:/usr/bin/ceph: stderr
2024-09-12T02:53:46.151+0000 7f62557fa640 1 -- 172.21.15.116:0/3536086911 <== mon.0 v2:172.21.15.116:3300/0 1 ==== mon_map magic: 0 ==== 205+0+0 (secure 0 0 0) 0x7f6248037040 con 0x7f62581080d0
2024-09-12T02:53:50.051 INFO:teuthology.orchestra.run.smithi116.stdout:/usr/bin/ceph: stderr
2024-09-12T02:53:46.151+0000 7f625dccf640 1 -- 172.21.15.116:0/3536086911 --> [v2:172.21.15.116:3300/0,v1:172.21.15.116:6789/0] -- mon_subscribe({mgrmap=0+}) -- 0x7f625819bde0 con 0x7f62581080d0
2024-09-12T02:53:50.051 INFO:teuthology.orchestra.run.smithi116.stdout:/usr/bin/ceph: stderr
2024-09-12T02:53:46.151+0000 7f62557fa640 1 -- 172.21.15.116:0/3536086911 <== mon.0 v2:172.21.15.116:3300/0 2 ==== config(27 keys) ==== 1109+0+0 (secure 0 0 0) 0x7f6248040070 con 0x7f62581080d0
2024-09-12T02:53:50.051 INFO:teuthology.orchestra.run.smithi116.stdout:/usr/bin/ceph: stderr
2024-09-12T02:53:46.151+0000 7f62557fa640 1 -- 172.21.15.116:0/3536086911 <== mon.0 v2:172.21.15.116:3300/0 3 ==== mon_map magic: 0 ==== 205+0+0 (secure 0 0 0) 0x7f624803a390 con 0x7f62581080d0
2024-09-12T02:53:50.051 INFO:teuthology.orchestra.run.smithi116.stdout:/usr/bin/ceph: stderr
2024-09-12T02:53:46.151+0000 7f625dccf640 1 -- 172.21.15.116:0/3536086911 --> [v2:172.21.15.116:3300/0,v1:172.21.15.116:6789/0] -- mon_subscribe({osdmap=0}) -- 0x7f625819ead0 con 0x7f62581080d0
2024-09-12T02:53:50.051 INFO:teuthology.orchestra.run.smithi116.stdout:/usr/bin/ceph: stderr
2024-09-12T02:53:46.152+0000 7f62557fa640 1 -- 172.21.15.116:0/3536086911 <== mon.0 v2:172.21.15.116:3300/0 4 ==== mgrmap(e 8) ==== 46287+0+0 (secure 0 0 0) 0x7f6248032900 con 0x7f62581080d0
2024-09-12T02:53:50.052 INFO:teuthology.orchestra.run.smithi116.stdout:/usr/bin/ceph: stderr
2024-09-12T02:53:46.152+0000 7f625dccf640 1 -- 172.21.15.116:0/3536086911 --> [v2:172.21.15.116:3300/0,v1:172.21.15.116:6789/0] -- mon_command({"prefix": "get_command_descriptions"} v 0) -- 0x7f6258108530 con 0x7f62581080d0
2024-09-12T02:53:50.052 INFO:teuthology.orchestra.run.smithi116.stdout:/usr/bin/ceph: stderr
2024-09-12T02:53:46.152+0000 7f62557fa640 1 --2- 172.21.15.116:0/3536086911 >> [v2:172.21.15.116:6800/2966274423,v1:172.21.15.116:6801/2966274423] conn(0x7f6244038f70 0x7f624403b430 unknown :-1 s=NONE pgs=0 cs=0 l=1 rev1=0 crypto rx=0 tx=0 comp rx=0 tx=0).connect
2024-09-12T02:53:50.052 INFO:teuthology.orchestra.run.smithi116.stdout:/usr/bin/ceph: stderr
2024-09-12T02:53:46.153+0000 7f62557fa640 1 -- 172.21.15.116:0/3536086911 <== mon.0 v2:172.21.15.116:3300/0 5 ==== osd_map(2..2 src has 1..2) ==== 940+0+0 (secure 0 0 0) 0x7f624806c4b0 con 0x7f62581080d0
2024-09-12T02:53:50.052 INFO:teuthology.orchestra.run.smithi116.stdout:/usr/bin/ceph: stderr
2024-09-12T02:53:46.153+0000 7f624ffff640 1 --2- 172.21.15.116:0/3536086911 >> [v2:172.21.15.116:6800/2966274423,v1:172.21.15.116:6801/2966274423] conn(0x7f6244038f70 0x7f624403b430 unknown :-1 s=BANNER_CONNECTING pgs=0 cs=0 l=1 rev1=0 crypto rx=0 tx=0 comp rx=0 tx=0)._handle_peer_banner_payload supported=3 required=0
2024-09-12T02:53:50.052 INFO:teuthology.orchestra.run.smithi116.stdout:/usr/bin/ceph: stderr
2024-09-12T02:53:46.153+0000 7f624ffff640 1 --2- 172.21.15.116:0/3536086911 >> [v2:172.21.15.116:6800/2966274423,v1:172.21.15.116:6801/2966274423] conn(0x7f6244038f70 0x7f624403b430 secure :-1 s=READY pgs=11 cs=0 l=1 rev1=1 crypto rx=0x7f62400098c0 tx=0x7f6240006db0 comp rx=0 tx=0).ready entity=mgr.14118 client_cookie=0 server_cookie=0 in_seq=0 out_seq=0
2024-09-12T02:53:50.052 INFO:teuthology.orchestra.run.smithi116.stdout:/usr/bin/ceph: stderr
2024-09-12T02:53:46.157+0000 7f62557fa640 1 -- 172.21.15.116:0/3536086911 <== mon.0 v2:172.21.15.116:3300/0 6 ==== mon_command_ack([{"prefix": "get_command_descriptions"}]=0 v0) ==== 72+0+188821 (secure 0 0 0) 0x7f6248040ce0 con 0x7f62581080d0
2024-09-12T02:53:50.052 INFO:teuthology.orchestra.run.smithi116.stdout:/usr/bin/ceph: stderr
2024-09-12T02:53:46.327+0000 7f625dccf640 1 -- 172.21.15.116:0/3536086911 --> [v2:172.21.15.116:6800/2966274423,v1:172.21.15.116:6801/2966274423] -- mgr_command(tid 0: {"prefix": "orch host add", "hostname": "smithi116", "addr": "172.21.15.116", "target": ["mon-mgr", ""]}) -- 0x7f6258103000 con 0x7f6244038f70
2024-09-12T02:53:50.052 INFO:teuthology.orchestra.run.smithi116.stdout:/usr/bin/ceph: stderr
2024-09-12T02:53:49.514+0000 7f62557fa640 1 -- 172.21.15.116:0/3536086911 <== mgr.14118 v2:172.21.15.116:6800/2966274423 1 ==== mgr_command_reply(tid 0: 0 ) ==== 8+0+49 (secure 0 0 0) 0x7f6258103000 con 0x7f6244038f70
2024-09-12T02:53:50.052 INFO:teuthology.orchestra.run.smithi116.stdout:/usr/bin/ceph: stderr
2024-09-12T02:53:49.517+0000 7f625dccf640 1 -- 172.21.15.116:0/3536086911 >> [v2:172.21.15.116:6800/2966274423,v1:172.21.15.116:6801/2966274423] conn(0x7f6244038f70 msgr2=0x7f624403b430 secure :-1 s=STATE_CONNECTION_ESTABLISHED l=1).mark_down
2024-09-12T02:53:50.052 INFO:teuthology.orchestra.run.smithi116.stdout:/usr/bin/ceph: stderr
2024-09-12T02:53:49.517+0000 7f625dccf640 1 --2- 172.21.15.116:0/3536086911 >> [v2:172.21.15.116:6800/2966274423,v1:172.21.15.116:6801/2966274423] conn(0x7f6244038f70 0x7f624403b430 secure :-1 s=READY pgs=11 cs=0 l=1 rev1=1 crypto rx=0x7f62400098c0 tx=0x7f6240006db0 comp rx=0 tx=0).stop
2024-09-12T02:53:50.052 INFO:teuthology.orchestra.run.smithi116.stdout:/usr/bin/ceph: stderr
2024-09-12T02:53:49.517+0000 7f625dccf640 1 -- 172.21.15.116:0/3536086911 >> [v2:172.21.15.116:3300/0,v1:172.21.15.116:6789/0] conn(0x7f62581080d0 msgr2=0x7f625819b610 secure :-1 s=STATE_CONNECTION_ESTABLISHED l=1).mark_down
2024-09-12T02:53:50.052 INFO:teuthology.orchestra.run.smithi116.stdout:/usr/bin/ceph: stderr
2024-09-12T02:53:49.517+0000 7f625dccf640 1 --2- 172.21.15.116:0/3536086911 >> [v2:172.21.15.116:3300/0,v1:172.21.15.116:6789/0] conn(0x7f62581080d0 0x7f625819b610 secure :-1 s=READY pgs=44 cs=0 l=1 rev1=1 crypto rx=0x7f62480097f0 tx=0x7f6248030d80 comp rx=0 tx=0).stop
2024-09-12T02:53:50.052 INFO:teuthology.orchestra.run.smithi116.stdout:/usr/bin/ceph: stderr
2024-09-12T02:53:49.517+0000 7f625dccf640 1 -- 172.21.15.116:0/3536086911 shutdown_connections
2024-09-12T02:53:50.053 INFO:teuthology.orchestra.run.smithi116.stdout:/usr/bin/ceph: stderr
2024-09-12T02:53:49.517+0000 7f625dccf640 1 --2- 172.21.15.116:0/3536086911 >> [v2:172.21.15.116:6800/2966274423,v1:172.21.15.116:6801/2966274423] conn(0x7f6244038f70 0x7f624403b430 unknown :-1 s=CLOSED pgs=11 cs=0 l=1 rev1=1 crypto rx=0 tx=0 comp rx=0 tx=0).stop
2024-09-12T02:53:50.053 INFO:teuthology.orchestra.run.smithi116.stdout:/usr/bin/ceph: stderr
2024-09-12T02:53:49.517+0000 7f625dccf640 1 --2- 172.21.15.116:0/3536086911 >> [v2:172.21.15.116:3300/0,v1:172.21.15.116:6789/0] conn(0x7f62581080d0 0x7f625819b610 unknown :-1 s=CLOSED pgs=44 cs=0 l=1 rev1=1 crypto rx=0 tx=0 comp rx=0 tx=0).stop
2024-09-12T02:53:50.053 INFO:teuthology.orchestra.run.smithi116.stdout:/usr/bin/ceph: stderr
2024-09-12T02:53:49.517+0000 7f625dccf640 1 -- 172.21.15.116:0/3536086911 >> 172.21.15.116:0/3536086911 conn(0x7f6258101db0 msgr2=0x7f62581028f0 unknown :-1 s=STATE_NONE l=0).mark_down
2024-09-12T02:53:50.053 INFO:teuthology.orchestra.run.smithi116.stdout:/usr/bin/ceph: stderr
2024-09-12T02:53:49.517+0000 7f625dccf640 1 -- 172.21.15.116:0/3536086911 shutdown_connections
2024-09-12T02:53:50.053 INFO:teuthology.orchestra.run.smithi116.stdout:/usr/bin/ceph: stderr
2024-09-12T02:53:49.517+0000 7f625dccf640 1 -- 172.21.15.116:0/3536086911 wait complete.
2024-09-12T02:53:50.053 INFO:teuthology.orchestra.run.smithi116.stdout:Deploying unmanaged mon service...
2024-09-12T02:53:50.552 INFO:journalctl@ceph.mon.a.smithi116.stdout:Sep 12 02:53:50 smithi116 ceph-mon[31410]: from='mgr.14118 172.21.15.116:0/1263688136' entity='mgr.x'
2024-09-12T02:53:50.553 INFO:journalctl@ceph.mon.a.smithi116.stdout:Sep 12 02:53:50 smithi116 ceph-mon[31410]: Added host smithi116
2024-09-12T02:53:50.553 INFO:journalctl@ceph.mon.a.smithi116.stdout:Sep 12 02:53:50 smithi116 ceph-mon[31410]: from='mgr.14118 172.21.15.116:0/1263688136' entity='mgr.x' cmd=[{"prefix": "config dump", "format": "json"}]: dispatch
2024-09-12T02:53:51.552 INFO:teuthology.orchestra.run.smithi116.stdout:/usr/bin/ceph: stdout Scheduled mon update...
2024-09-12T02:53:51.552 INFO:teuthology.orchestra.run.smithi116.stdout:/usr/bin/ceph: stderr
