2024-09-12T02:55:05.606+0000 7fb56f200640 1 --2- >> [v2:172.21.15.57:3300/0,v1:172.21.15.57:6789/0] conn(0x7fb57007de60 0x7fb5701a1aa0 unknown :-1 s=NONE pgs=0 cs=0 l=1 rev1=0 crypto rx=0 tx=0 comp rx=0 tx=0).connect
2024-09-12T02:55:06.534 INFO:teuthology.orchestra.run.smithi057.stdout:/usr/bin/ceph: stderr
2024-09-12T02:55:05.606+0000 7fb56f200640 1 -- --> [v2:172.21.15.57:3300/0,v1:172.21.15.57:6789/0] -- mon_getmap magic: 0 -- 0x7fb5701096c0 con 0x7fb57007de60
2024-09-12T02:55:06.535 INFO:teuthology.orchestra.run.smithi057.stdout:/usr/bin/ceph: stderr
2024-09-12T02:55:05.606+0000 7fb56de00640 1 --2- >> [v2:172.21.15.57:3300/0,v1:172.21.15.57:6789/0] conn(0x7fb57007de60 0x7fb5701a1aa0 unknown :-1 s=BANNER_CONNECTING pgs=0 cs=0 l=1 rev1=0 crypto rx=0 tx=0 comp rx=0 tx=0)._handle_peer_banner_payload supported=3 required=0
2024-09-12T02:55:06.535 INFO:teuthology.orchestra.run.smithi057.stdout:/usr/bin/ceph: stderr
2024-09-12T02:55:05.606+0000 7fb56de00640 1 --2- >> [v2:172.21.15.57:3300/0,v1:172.21.15.57:6789/0] conn(0x7fb57007de60 0x7fb5701a1aa0 unknown :-1 s=HELLO_CONNECTING pgs=0 cs=0 l=1 rev1=1 crypto rx=0 tx=0 comp rx=0 tx=0).handle_hello peer v2:172.21.15.57:3300/0 says I am v2:172.21.15.57:40962/0 (socket says 172.21.15.57:40962)
2024-09-12T02:55:06.535 INFO:teuthology.orchestra.run.smithi057.stdout:/usr/bin/ceph: stderr
2024-09-12T02:55:05.606+0000 7fb56de00640 1 -- 172.21.15.57:0/3189308329 learned_addr learned my addr 172.21.15.57:0/3189308329 (peer_addr_for_me v2:172.21.15.57:0/0)
2024-09-12T02:55:06.535 INFO:teuthology.orchestra.run.smithi057.stdout:/usr/bin/ceph: stderr
2024-09-12T02:55:05.606+0000 7fb56de00640 1 -- 172.21.15.57:0/3189308329 --> [v2:172.21.15.57:3300/0,v1:172.21.15.57:6789/0] -- mon_subscribe({config=0+,monmap=0+}) -- 0x7fb5701a1fe0 con 0x7fb57007de60
2024-09-12T02:55:06.535 INFO:teuthology.orchestra.run.smithi057.stdout:/usr/bin/ceph: stderr
2024-09-12T02:55:05.607+0000 7fb56de00640 1 --2- 172.21.15.57:0/3189308329 >> [v2:172.21.15.57:3300/0,v1:172.21.15.57:6789/0] conn(0x7fb57007de60 0x7fb5701a1aa0 secure :-1 s=READY pgs=25 cs=0 l=1 rev1=1 crypto rx=0x7fb560009940 tx=0x7fb560032ce0 comp rx=0 tx=0).ready entity=mon.0 client_cookie=0 server_cookie=0 in_seq=0 out_seq=0
2024-09-12T02:55:06.535 INFO:teuthology.orchestra.run.smithi057.stdout:/usr/bin/ceph: stderr
2024-09-12T02:55:05.607+0000 7fb567400640 1 -- 172.21.15.57:0/3189308329 <== mon.0 v2:172.21.15.57:3300/0 1 ==== mon_map magic: 0 ==== 205+0+0 (secure 0 0 0) 0x7fb560042070 con 0x7fb57007de60
2024-09-12T02:55:06.535 INFO:teuthology.orchestra.run.smithi057.stdout:/usr/bin/ceph: stderr
2024-09-12T02:55:05.607+0000 7fb567400640 1 -- 172.21.15.57:0/3189308329 <== mon.0 v2:172.21.15.57:3300/0 2 ==== config(27 keys) ==== 1109+0+0 (secure 0 0 0) 0x7fb5600308c0 con 0x7fb57007de60
2024-09-12T02:55:06.535 INFO:teuthology.orchestra.run.smithi057.stdout:/usr/bin/ceph: stderr
2024-09-12T02:55:05.607+0000 7fb56f200640 1 -- 172.21.15.57:0/3189308329 --> [v2:172.21.15.57:3300/0,v1:172.21.15.57:6789/0] -- mon_subscribe({mgrmap=0+}) -- 0x7fb5701a2270 con 0x7fb57007de60
2024-09-12T02:55:06.535 INFO:teuthology.orchestra.run.smithi057.stdout:/usr/bin/ceph: stderr
2024-09-12T02:55:05.607+0000 7fb567400640 1 -- 172.21.15.57:0/3189308329 <== mon.0 v2:172.21.15.57:3300/0 3 ==== mon_map magic: 0 ==== 205+0+0 (secure 0 0 0) 0x7fb560037040 con 0x7fb57007de60
2024-09-12T02:55:06.535 INFO:teuthology.orchestra.run.smithi057.stdout:/usr/bin/ceph: stderr
2024-09-12T02:55:05.607+0000 7fb56f200640 1 -- 172.21.15.57:0/3189308329 --> [v2:172.21.15.57:3300/0,v1:172.21.15.57:6789/0] -- mon_subscribe({osdmap=0}) -- 0x7fb5701a4f60 con 0x7fb57007de60
2024-09-12T02:55:06.535 INFO:teuthology.orchestra.run.smithi057.stdout:/usr/bin/ceph: stderr
2024-09-12T02:55:05.608+0000 7fb567400640 1 -- 172.21.15.57:0/3189308329 <== mon.0 v2:172.21.15.57:3300/0 4 ==== mgrmap(e 5) ==== 46287+0+0 (secure 0 0 0) 0x7fb560045070 con 0x7fb57007de60
2024-09-12T02:55:06.535 INFO:teuthology.orchestra.run.smithi057.stdout:/usr/bin/ceph: stderr
2024-09-12T02:55:05.608+0000 7fb56f200640 1 -- 172.21.15.57:0/3189308329 --> [v2:172.21.15.57:3300/0,v1:172.21.15.57:6789/0] -- mon_command({"prefix": "get_command_descriptions"} v 0) -- 0x7fb57007c340 con 0x7fb57007de60
2024-09-12T02:55:06.535 INFO:teuthology.orchestra.run.smithi057.stdout:/usr/bin/ceph: stderr
2024-09-12T02:55:05.608+0000 7fb567400640 1 --2- 172.21.15.57:0/3189308329 >> [v2:172.21.15.57:6800/1326814975,v1:172.21.15.57:6801/1326814975] conn(0x7fb554038f70 0x7fb55403b430 unknown :-1 s=NONE pgs=0 cs=0 l=1 rev1=0 crypto rx=0 tx=0 comp rx=0 tx=0).connect
2024-09-12T02:55:06.536 INFO:teuthology.orchestra.run.smithi057.stdout:/usr/bin/ceph: stderr
2024-09-12T02:55:05.609+0000 7fb565400640 1 -- 172.21.15.57:0/3189308329 >> [v2:172.21.15.57:6800/1326814975,v1:172.21.15.57:6801/1326814975] conn(0x7fb554038f70 msgr2=0x7fb55403b430 unknown :-1 s=STATE_CONNECTING_RE l=1).process reconnect failed to v2:172.21.15.57:6800/1326814975
2024-09-12T02:55:06.536 INFO:teuthology.orchestra.run.smithi057.stdout:/usr/bin/ceph: stderr
2024-09-12T02:55:05.609+0000 7fb567400640 1 -- 172.21.15.57:0/3189308329 <== mon.0 v2:172.21.15.57:3300/0 5 ==== osd_map(1..1 src has 1..1) ==== 725+0+0 (secure 0 0 0) 0x7fb56006bfb0 con 0x7fb57007de60
2024-09-12T02:55:06.536 INFO:teuthology.orchestra.run.smithi057.stdout:/usr/bin/ceph: stderr
2024-09-12T02:55:05.609+0000 7fb565400640 1 --2- 172.21.15.57:0/3189308329 >> [v2:172.21.15.57:6800/1326814975,v1:172.21.15.57:6801/1326814975] conn(0x7fb554038f70 0x7fb55403b430 unknown :-1 s=START_CONNECT pgs=0 cs=0 l=1 rev1=0 crypto rx=0 tx=0 comp rx=0 tx=0)._fault waiting 0.200000
2024-09-12T02:55:06.536 INFO:teuthology.orchestra.run.smithi057.stdout:/usr/bin/ceph: stderr
2024-09-12T02:55:05.614+0000 7fb567400640 1 -- 172.21.15.57:0/3189308329 <== mon.0 v2:172.21.15.57:3300/0 6 ==== mon_command_ack([{"prefix": "get_command_descriptions"}]=0 v0) ==== 72+0+188821 (secure 0 0 0) 0x7fb56003cd90 con 0x7fb57007de60
2024-09-12T02:55:06.536 INFO:teuthology.orchestra.run.smithi057.stdout:/usr/bin/ceph: stderr
2024-09-12T02:55:05.810+0000 7fb565400640 1 -- 172.21.15.57:0/3189308329 >> [v2:172.21.15.57:6800/1326814975,v1:172.21.15.57:6801/1326814975] conn(0x7fb554038f70 msgr2=0x7fb55403b430 unknown :-1 s=STATE_CONNECTING_RE l=1).process reconnect failed to v2:172.21.15.57:6800/1326814975
2024-09-12T02:55:06.536 INFO:teuthology.orchestra.run.smithi057.stdout:/usr/bin/ceph: stderr
2024-09-12T02:55:05.810+0000 7fb565400640 1 --2- 172.21.15.57:0/3189308329 >> [v2:172.21.15.57:6800/1326814975,v1:172.21.15.57:6801/1326814975] conn(0x7fb554038f70 0x7fb55403b430 unknown :-1 s=START_CONNECT pgs=0 cs=0 l=1 rev1=0 crypto rx=0 tx=0 comp rx=0 tx=0)._fault waiting 0.400000
2024-09-12T02:55:06.536 INFO:teuthology.orchestra.run.smithi057.stdout:/usr/bin/ceph: stderr
2024-09-12T02:55:05.855+0000 7fb56f200640 1 -- 172.21.15.57:0/3189308329 --> [v2:172.21.15.57:3300/0,v1:172.21.15.57:6789/0] -- mon_command({"prefix": "mgr stat"} v 0) -- 0x7fb57019af10 con 0x7fb57007de60
2024-09-12T02:55:06.536 INFO:teuthology.orchestra.run.smithi057.stdout:/usr/bin/ceph: stderr
2024-09-12T02:55:05.856+0000 7fb567400640 1 -- 172.21.15.57:0/3189308329 <== mon.0 v2:172.21.15.57:3300/0 7 ==== mon_command_ack([{"prefix": "mgr stat"}]=0 v5) ==== 56+0+88 (secure 0 0 0) 0x7fb56003c820 con 0x7fb57007de60
2024-09-12T02:55:06.536 INFO:teuthology.orchestra.run.smithi057.stdout:/usr/bin/ceph: stderr
2024-09-12T02:55:05.858+0000 7fb56f200640 1 -- 172.21.15.57:0/3189308329 >> [v2:172.21.15.57:6800/1326814975,v1:172.21.15.57:6801/1326814975] conn(0x7fb554038f70 msgr2=0x7fb55403b430 unknown :-1 s=STATE_CONNECTING l=1).mark_down
2024-09-12T02:55:06.536 INFO:teuthology.orchestra.run.smithi057.stdout:/usr/bin/ceph: stderr
2024-09-12T02:55:05.858+0000 7fb56f200640 1 --2- 172.21.15.57:0/3189308329 >> [v2:172.21.15.57:6800/1326814975,v1:172.21.15.57:6801/1326814975] conn(0x7fb554038f70 0x7fb55403b430 unknown :-1 s=START_CONNECT pgs=0 cs=0 l=1 rev1=0 crypto rx=0 tx=0 comp rx=0 tx=0).stop
2024-09-12T02:55:06.536 INFO:teuthology.orchestra.run.smithi057.stdout:/usr/bin/ceph: stderr
2024-09-12T02:55:05.858+0000 7fb56f200640 1 -- 172.21.15.57:0/3189308329 >> [v2:172.21.15.57:3300/0,v1:172.21.15.57:6789/0] conn(0x7fb57007de60 msgr2=0x7fb5701a1aa0 secure :-1 s=STATE_CONNECTION_ESTABLISHED l=1).mark_down
2024-09-12T02:55:06.536 INFO:teuthology.orchestra.run.smithi057.stdout:/usr/bin/ceph: stderr
2024-09-12T02:55:05.858+0000 7fb56f200640 1 --2- 172.21.15.57:0/3189308329 >> [v2:172.21.15.57:3300/0,v1:172.21.15.57:6789/0] conn(0x7fb57007de60 0x7fb5701a1aa0 secure :-1 s=READY pgs=25 cs=0 l=1 rev1=1 crypto rx=0x7fb560009940 tx=0x7fb560032ce0 comp rx=0 tx=0).stop
2024-09-12T02:55:06.537 INFO:teuthology.orchestra.run.smithi057.stdout:/usr/bin/ceph: stderr
2024-09-12T02:55:05.858+0000 7fb56f200640 1 -- 172.21.15.57:0/3189308329 shutdown_connections
2024-09-12T02:55:06.537 INFO:teuthology.orchestra.run.smithi057.stdout:/usr/bin/ceph: stderr
2024-09-12T02:55:05.858+0000 7fb56f200640 1 --2- 172.21.15.57:0/3189308329 >> [v2:172.21.15.57:6800/1326814975,v1:172.21.15.57:6801/1326814975] conn(0x7fb554038f70 0x7fb55403b430 unknown :-1 s=CLOSED pgs=0 cs=0 l=1 rev1=0 crypto rx=0 tx=0 comp rx=0 tx=0).stop
2024-09-12T02:55:06.537 INFO:teuthology.orchestra.run.smithi057.stdout:/usr/bin/ceph: stderr
2024-09-12T02:55:05.858+0000 7fb56f200640 1 --2- 172.21.15.57:0/3189308329 >> [v2:172.21.15.57:3300/0,v1:172.21.15.57:6789/0] conn(0x7fb57007de60 0x7fb5701a1aa0 unknown :-1 s=CLOSED pgs=25 cs=0 l=1 rev1=1 crypto rx=0 tx=0 comp rx=0 tx=0).stop
2024-09-12T02:55:06.537 INFO:teuthology.orchestra.run.smithi057.stdout:/usr/bin/ceph: stderr
2024-09-12T02:55:05.858+0000 7fb56f200640 1 -- 172.21.15.57:0/3189308329 >> 172.21.15.57:0/3189308329 conn(0x7fb570102c90 msgr2=0x7fb570105080 unknown :-1 s=STATE_NONE l=0).mark_down
2024-09-12T02:55:06.537 INFO:teuthology.orchestra.run.smithi057.stdout:/usr/bin/ceph: stderr
2024-09-12T02:55:05.858+0000 7fb56f200640 1 -- 172.21.15.57:0/3189308329 shutdown_connections
2024-09-12T02:55:06.537 INFO:teuthology.orchestra.run.smithi057.stdout:/usr/bin/ceph: stderr
2024-09-12T02:55:05.858+0000 7fb56f200640 1 -- 172.21.15.57:0/3189308329 wait complete.
2024-09-12T02:55:06.537 INFO:teuthology.orchestra.run.smithi057.stdout:Waiting for the mgr to restart...
2024-09-12T02:55:06.537 INFO:teuthology.orchestra.run.smithi057.stdout:Waiting for mgr epoch 5...
2024-09-12T02:55:07.370 INFO:journalctl@ceph.mgr.x.smithi057.stdout:Sep 12 02:55:07 smithi057 ceph-3c25d9c4-70b2-11ef-bcea-c7b262605968-mgr-x[30601]:
2024-09-12T02:55:07.157+0000 7fe17ee10040 -1 mgr[py] Module telemetry has missing NOTIFY_TYPES member
2024-09-12T02:55:07.370 INFO:journalctl@ceph.mgr.x.smithi057.stdout:Sep 12 02:55:07 smithi057 ceph-3c25d9c4-70b2-11ef-bcea-c7b262605968-mgr-x[30601]:
2024-09-12T02:55:07.240+0000 7fe17ee10040 -1 mgr[py] Module balancer has missing NOTIFY_TYPES member
2024-09-12T02:55:08.506 INFO:journalctl@ceph.mgr.x.smithi057.stdout:Sep 12 02:55:08 smithi057 ceph-3c25d9c4-70b2-11ef-bcea-c7b262605968-mgr-x[30601]:
2024-09-12T02:55:08.192+0000 7fe17ee10040 -1 mgr[py] Module rook has missing NOTIFY_TYPES member
2024-09-12T02:55:08.506 INFO:journalctl@ceph.mgr.x.smithi057.stdout:Sep 12 02:55:08 smithi057 ceph-3c25d9c4-70b2-11ef-bcea-c7b262605968-mgr-x[30601]:
2024-09-12T02:55:08.334+0000 7fe17ee10040 -1 mgr[py] Module iostat has missing NOTIFY_TYPES member
2024-09-12T02:55:08.506 INFO:journalctl@ceph.mgr.x.smithi057.stdout:Sep 12 02:55:08 smithi057 ceph-3c25d9c4-70b2-11ef-bcea-c7b262605968-mgr-x[30601]:
2024-09-12T02:55:08.505+0000 7fe17ee10040 -1 mgr[py] Module orchestrator has missing NOTIFY_TYPES member
2024-09-12T02:55:08.760 INFO:journalctl@ceph.mgr.x.smithi057.stdout:Sep 12 02:55:08 smithi057 ceph-3c25d9c4-70b2-11ef-bcea-c7b262605968-mgr-x[30601]:
2024-09-12T02:55:08.580+0000 7fe17ee10040 -1 mgr[py] Module devicehealth has missing NOTIFY_TYPES member
2024-09-12T02:55:08.760 INFO:journalctl@ceph.mgr.x.smithi057.stdout:Sep 12 02:55:08 smithi057 ceph-3c25d9c4-70b2-11ef-bcea-c7b262605968-mgr-x[30601]:
2024-09-12T02:55:08.759+0000 7fe17ee10040 -1 mgr[py] Module rgw has missing NOTIFY_TYPES member
2024-09-12T02:55:09.106 INFO:journalctl@ceph.mgr.x.smithi057.stdout:Sep 12 02:55:08 smithi057 ceph-3c25d9c4-70b2-11ef-bcea-c7b262605968-mgr-x[30601]:
2024-09-12T02:55:08.843+0000 7fe17ee10040 -1 mgr[py] Module alerts has missing NOTIFY_TYPES member
2024-09-12T02:55:09.106 INFO:journalctl@ceph.mgr.x.smithi057.stdout:Sep 12 02:55:08 smithi057 ceph-3c25d9c4-70b2-11ef-bcea-c7b262605968-mgr-x[30601]:
2024-09-12T02:55:08.917+0000 7fe17ee10040 -1 mgr[py] Module progress has missing NOTIFY_TYPES member
2024-09-12T02:55:09.106 INFO:journalctl@ceph.mgr.x.smithi057.stdout:Sep 12 02:55:09 smithi057 ceph-3c25d9c4-70b2-11ef-bcea-c7b262605968-mgr-x[30601]:
2024-09-12T02:55:09.105+0000 7fe17ee10040 -1 mgr[py] Module nfs has missing NOTIFY_TYPES member
2024-09-12T02:55:09.368 INFO:journalctl@ceph.mgr.x.smithi057.stdout:Sep 12 02:55:09 smithi057 ceph-3c25d9c4-70b2-11ef-bcea-c7b262605968-mgr-x[30601]:
2024-09-12T02:55:09.185+0000 7fe17ee10040 -1 mgr[py] Module status has missing NOTIFY_TYPES member
2024-09-12T02:55:09.368 INFO:journalctl@ceph.mgr.x.smithi057.stdout:Sep 12 02:55:09 smithi057 ceph-3c25d9c4-70b2-11ef-bcea-c7b262605968-mgr-x[30601]:
2024-09-12T02:55:09.267+0000 7fe17ee10040 -1 mgr[py] Module pg_autoscaler has missing NOTIFY_TYPES member
2024-09-12T02:55:09.368 INFO:journalctl@ceph.mgr.x.smithi057.stdout:Sep 12 02:55:09 smithi057 ceph-3c25d9c4-70b2-11ef-bcea-c7b262605968-mgr-x[30601]:
2024-09-12T02:55:09.367+0000 7fe17ee10040 -1 mgr[py] Module rbd_support has missing NOTIFY_TYPES member
2024-09-12T02:55:09.620 INFO:journalctl@ceph.mgr.x.smithi057.stdout:Sep 12 02:55:09 smithi057 ceph-3c25d9c4-70b2-11ef-bcea-c7b262605968-mgr-x[30601]:
2024-09-12T02:55:09.440+0000 7fe17ee10040 -1 mgr[py] Module influx has missing NOTIFY_TYPES member
2024-09-12T02:55:09.620 INFO:journalctl@ceph.mgr.x.smithi057.stdout:Sep 12 02:55:09 smithi057 ceph-3c25d9c4-70b2-11ef-bcea-c7b262605968-mgr-x[30601]:
2024-09-12T02:55:09.513+0000 7fe17ee10040 -1 mgr[py] Module zabbix has missing NOTIFY_TYPES member
2024-09-12T02:55:10.870 INFO:journalctl@ceph.mgr.x.smithi057.stdout:Sep 12 02:55:10 smithi057 ceph-3c25d9c4-70b2-11ef-bcea-c7b262605968-mgr-x[30601]:
2024-09-12T02:55:10.463+0000 7fe17ee10040 -1 mgr[py] Module telegraf has missing NOTIFY_TYPES member
2024-09-12T02:55:10.870 INFO:journalctl@ceph.mon.a.smithi057.stdout:Sep 12 02:55:10 smithi057 ceph-mon[30361]: Active manager daemon x restarted
2024-09-12T02:55:10.870 INFO:journalctl@ceph.mon.a.smithi057.stdout:Sep 12 02:55:10 smithi057 ceph-mon[30361]: Activating manager daemon x
2024-09-12T02:55:10.870 INFO:journalctl@ceph.mon.a.smithi057.stdout:Sep 12 02:55:10 smithi057 ceph-mon[30361]: osdmap e2: 0 total, 0 up, 0 in
2024-09-12T02:55:10.870 INFO:journalctl@ceph.mon.a.smithi057.stdout:Sep 12 02:55:10 smithi057 ceph-mon[30361]: mgrmap e6: x(active, starting, since 0.00447021s)
2024-09-12T02:55:10.870 INFO:journalctl@ceph.mon.a.smithi057.stdout:Sep 12 02:55:10 smithi057 ceph-mon[30361]: from='mgr.14118 172.21.15.57:0/3036419448' entity='mgr.x' cmd=[{"prefix": "mon metadata", "id": "a"}]: dispatch
2024-09-12T02:55:10.870 INFO:journalctl@ceph.mon.a.smithi057.stdout:Sep 12 02:55:10 smithi057 ceph-mon[30361]: from='mgr.14118 172.21.15.57:0/3036419448' entity='mgr.x' cmd=[{"prefix": "mgr metadata", "who": "x", "id": "x"}]: dispatch
2024-09-12T02:55:10.871 INFO:journalctl@ceph.mon.a.smithi057.stdout:Sep 12 02:55:10 smithi057 ceph-mon[30361]: from='mgr.14118 172.21.15.57:0/3036419448' entity='mgr.x' cmd=[{"prefix": "mds metadata"}]: dispatch
2024-09-12T02:55:10.871 INFO:journalctl@ceph.mon.a.smithi057.stdout:Sep 12 02:55:10 smithi057 ceph-mon[30361]: from='mgr.14118 172.21.15.57:0/3036419448' entity='mgr.x' cmd=[{"prefix": "osd metadata"}]: dispatch
2024-09-12T02:55:10.871 INFO:journalctl@ceph.mon.a.smithi057.stdout:Sep 12 02:55:10 smithi057 ceph-mon[30361]: from='mgr.14118 172.21.15.57:0/3036419448' entity='mgr.x' cmd=[{"prefix": "mon metadata"}]: dispatch
2024-09-12T02:55:10.871 INFO:journalctl@ceph.mon.a.smithi057.stdout:Sep 12 02:55:10 smithi057 ceph-mon[30361]: Manager daemon x is now available
2024-09-12T02:55:10.871 INFO:journalctl@ceph.mon.a.smithi057.stdout:Sep 12 02:55:10 smithi057 ceph-mon[30361]: Found migration_current of "None". Setting to last migration.
2024-09-12T02:55:10.871 INFO:journalctl@ceph.mon.a.smithi057.stdout:Sep 12 02:55:10 smithi057 ceph-mon[30361]: from='mgr.14118 172.21.15.57:0/3036419448' entity='mgr.x'
2024-09-12T02:55:10.871 INFO:journalctl@ceph.mon.a.smithi057.stdout:Sep 12 02:55:10 smithi057 ceph-mon[30361]: from='mgr.14118 172.21.15.57:0/3036419448' entity='mgr.x'
2024-09-12T02:55:10.871 INFO:journalctl@ceph.mon.a.smithi057.stdout:Sep 12 02:55:10 smithi057 ceph-mon[30361]: from='mgr.14118 172.21.15.57:0/3036419448' entity='mgr.x' cmd=[{"prefix": "config dump", "format": "json"}]: dispatch
2024-09-12T02:55:10.871 INFO:journalctl@ceph.mon.a.smithi057.stdout:Sep 12 02:55:10 smithi057 ceph-mon[30361]: from='mgr.14118 172.21.15.57:0/3036419448' entity='mgr.x' cmd=[{"prefix": "config dump", "format": "json"}]: dispatch
2024-09-12T02:55:11.816 INFO:journalctl@ceph.mon.a.smithi057.stdout:Sep 12 02:55:11 smithi057 ceph-mon[30361]: from='mgr.14118 172.21.15.57:0/3036419448' entity='mgr.x' cmd=[{"prefix":"config rm","who":"mgr","name":"mgr/rbd_support/x/mirror_snapshot_schedule"}]: dispatch
2024-09-12T02:55:11.817 INFO:journalctl@ceph.mon.a.smithi057.stdout:Sep 12 02:55:11 smithi057 ceph-mon[30361]: from='mgr.14118 172.21.15.57:0/3036419448' entity='mgr.x' cmd=[{"prefix":"config rm","who":"mgr","name":"mgr/rbd_support/x/trash_purge_schedule"}]: dispatch
2024-09-12T02:55:11.817 INFO:journalctl@ceph.mon.a.smithi057.stdout:Sep 12 02:55:11 smithi057 ceph-mon[30361]: mgrmap e7: x(active, since 1.00699s)
2024-09-12T02:55:11.817 INFO:journalctl@ceph.mon.a.smithi057.stdout:Sep 12 02:55:11 smithi057 ceph-mon[30361]: from='client.14122 -' entity='client.admin' cmd=[{"prefix": "get_command_descriptions"}]: dispatch
2024-09-12T02:55:11.817 INFO:journalctl@ceph.mon.a.smithi057.stdout:Sep 12 02:55:11 smithi057 ceph-mon[30361]: from='client.14122 -' entity='client.admin' cmd=[{"prefix": "mgr_status"}]: dispatch
2024-09-12T02:55:12.591 INFO:teuthology.orchestra.run.smithi057.stdout:/usr/bin/ceph: stdout {
2024-09-12T02:55:12.591 INFO:teuthology.orchestra.run.smithi057.stdout:/usr/bin/ceph: stdout "mgrmap_epoch": 7,
2024-09-12T02:55:12.591 INFO:teuthology.orchestra.run.smithi057.stdout:/usr/bin/ceph: stdout "initialized": true
2024-09-12T02:55:12.591 INFO:teuthology.orchestra.run.smithi057.stdout:/usr/bin/ceph: stdout }
2024-09-12T02:55:12.591 INFO:teuthology.orchestra.run.smithi057.stdout:/usr/bin/ceph: stderr
2024-09-12T02:55:07.024+0000 7f6e7b000640 1 Processor -- start
2024-09-12T02:55:12.591 INFO:teuthology.orchestra.run.smithi057.stdout:/usr/bin/ceph: stderr
2024-09-12T02:55:07.024+0000 7f6e7b000640 1 -- start start
2024-09-12T02:55:12.592 INFO:teuthology.orchestra.run.smithi057.stdout:/usr/bin/ceph: stderr
2024-09-12T02:55:07.025+0000 7f6e7b000640 1 --2- >> [v2:172.21.15.57:3300/0,v1:172.21.15.57:6789/0] conn(0x7f6e741098e0 0x7f6e74109ce0 unknown :-1 s=NONE pgs=0 cs=0 l=0 rev1=0 crypto rx=0 tx=0 comp rx=0 tx=0).connect
2024-09-12T02:55:12.592 INFO:teuthology.orchestra.run.smithi057.stdout:/usr/bin/ceph: stderr
2024-09-12T02:55:07.025+0000 7f6e7b000640 1 -- --> [v2:172.21.15.57:3300/0,v1:172.21.15.57:6789/0] -- mon_getmap magic: 0 -- 0x7f6e7410a2b0 con 0x7f6e741098e0
2024-09-12T02:55:12.592 INFO:teuthology.orchestra.run.smithi057.stdout:/usr/bin/ceph: stderr
2024-09-12T02:55:07.025+0000 7f6e73e00640 1 --2- >> [v2:172.21.15.57:3300/0,v1:172.21.15.57:6789/0] conn(0x7f6e741098e0 0x7f6e74109ce0 unknown :-1 s=BANNER_CONNECTING pgs=0 cs=0 l=0 rev1=0 crypto rx=0 tx=0 comp rx=0 tx=0)._handle_peer_banner_payload supported=3 required=0
2024-09-12T02:55:12.592 INFO:teuthology.orchestra.run.smithi057.stdout:/usr/bin/ceph: stderr
2024-09-12T02:55:07.025+0000 7f6e73e00640 1 --2- >> [v2:172.21.15.57:3300/0,v1:172.21.15.57:6789/0] conn(0x7f6e741098e0 0x7f6e74109ce0 unknown :-1 s=HELLO_CONNECTING pgs=0 cs=0 l=0 rev1=1 crypto rx=0 tx=0 comp rx=0 tx=0).handle_hello peer v2:172.21.15.57:3300/0 says I am v2:172.21.15.57:40968/0 (socket says 172.21.15.57:40968)
2024-09-12T02:55:12.592 INFO:teuthology.orchestra.run.smithi057.stdout:/usr/bin/ceph: stderr
2024-09-12T02:55:07.025+0000 7f6e73e00640 1 -- 172.21.15.57:0/464889217 learned_addr learned my addr 172.21.15.57:0/464889217 (peer_addr_for_me v2:172.21.15.57:0/0)
2024-09-12T02:55:12.592 INFO:teuthology.orchestra.run.smithi057.stdout:/usr/bin/ceph: stderr
2024-09-12T02:55:07.026+0000 7f6e73e00640 1 -- 172.21.15.57:0/464889217 --> [v2:172.21.15.57:3300/0,v1:172.21.15.57:6789/0] -- mon_subscribe({config=0+,monmap=0+}) -- 0x7f6e7410aa90 con 0x7f6e741098e0
2024-09-12T02:55:12.592 INFO:teuthology.orchestra.run.smithi057.stdout:/usr/bin/ceph: stderr
2024-09-12T02:55:07.027+0000 7f6e73e00640 1 --2- 172.21.15.57:0/464889217 >> [v2:172.21.15.57:3300/0,v1:172.21.15.57:6789/0] conn(0x7f6e741098e0 0x7f6e74109ce0 secure :-1 s=READY pgs=26 cs=0 l=1 rev1=1 crypto rx=0x7f6e64009820 tx=0x7f6e6402a270 comp rx=0 tx=0).ready entity=mon.0 client_cookie=4ec900e6a1918d8a server_cookie=0 in_seq=0 out_seq=0
2024-09-12T02:55:12.592 INFO:teuthology.orchestra.run.smithi057.stdout:/usr/bin/ceph: stderr
2024-09-12T02:55:07.028+0000 7f6e72a00640 1 -- 172.21.15.57:0/464889217 <== mon.0 v2:172.21.15.57:3300/0 1 ==== mon_map magic: 0 ==== 205+0+0 (secure 0 0 0) 0x7f6e64037070 con 0x7f6e741098e0
2024-09-12T02:55:12.592 INFO:teuthology.orchestra.run.smithi057.stdout:/usr/bin/ceph: stderr
2024-09-12T02:55:07.028+0000 7f6e72a00640 1 -- 172.21.15.57:0/464889217 <== mon.0 v2:172.21.15.57:3300/0 2 ==== config(27 keys) ==== 1109+0+0 (secure 0 0 0) 0x7f6e64032900 con 0x7f6e741098e0
2024-09-12T02:55:12.592 INFO:teuthology.orchestra.run.smithi057.stdout:/usr/bin/ceph: stderr
2024-09-12T02:55:07.028+0000 7f6e72a00640 1 -- 172.21.15.57:0/464889217 <== mon.0 v2:172.21.15.57:3300/0 3 ==== mon_map magic: 0 ==== 205+0+0 (secure 0 0 0) 0x7f6e64030850 con 0x7f6e741098e0
2024-09-12T02:55:12.592 INFO:teuthology.orchestra.run.smithi057.stdout:/usr/bin/ceph: stderr
2024-09-12T02:55:07.028+0000 7f6e7b000640 1 -- 172.21.15.57:0/464889217 >> [v2:172.21.15.57:3300/0,v1:172.21.15.57:6789/0] conn(0x7f6e741098e0 msgr2=0x7f6e74109ce0 secure :-1 s=STATE_CONNECTION_ESTABLISHED l=1).mark_down
2024-09-12T02:55:12.592 INFO:teuthology.orchestra.run.smithi057.stdout:/usr/bin/ceph: stderr
2024-09-12T02:55:07.028+0000 7f6e7b000640 1 --2- 172.21.15.57:0/464889217 >> [v2:172.21.15.57:3300/0,v1:172.21.15.57:6789/0] conn(0x7f6e741098e0 0x7f6e74109ce0 secure :-1 s=READY pgs=26 cs=0 l=1 rev1=1 crypto rx=0x7f6e64009820 tx=0x7f6e6402a270 comp rx=0 tx=0).stop
2024-09-12T02:55:12.593 INFO:teuthology.orchestra.run.smithi057.stdout:/usr/bin/ceph: stderr
2024-09-12T02:55:07.028+0000 7f6e7b000640 1 -- 172.21.15.57:0/464889217 shutdown_connections
2024-09-12T02:55:12.593 INFO:teuthology.orchestra.run.smithi057.stdout:/usr/bin/ceph: stderr
2024-09-12T02:55:07.028+0000 7f6e7b000640 1 --2- 172.21.15.57:0/464889217 >> [v2:172.21.15.57:3300/0,v1:172.21.15.57:6789/0] conn(0x7f6e741098e0 0x7f6e74109ce0 unknown :-1 s=CLOSED pgs=26 cs=0 l=1 rev1=1 crypto rx=0 tx=0 comp rx=0 tx=0).stop
2024-09-12T02:55:12.593 INFO:teuthology.orchestra.run.smithi057.stdout:/usr/bin/ceph: stderr
2024-09-12T02:55:07.028+0000 7f6e7b000640 1 -- 172.21.15.57:0/464889217 >> 172.21.15.57:0/464889217 conn(0x7f6e7407cec0 msgr2=0x7f6e7407d2d0 unknown :-1 s=STATE_NONE l=0).mark_down
2024-09-12T02:55:12.593 INFO:teuthology.orchestra.run.smithi057.stdout:/usr/bin/ceph: stderr
2024-09-12T02:55:07.029+0000 7f6e7b000640 1 -- 172.21.15.57:0/464889217 shutdown_connections
2024-09-12T02:55:12.593 INFO:teuthology.orchestra.run.smithi057.stdout:/usr/bin/ceph: stderr
2024-09-12T02:55:07.029+0000 7f6e7b000640 1 -- 172.21.15.57:0/464889217 wait complete.
2024-09-12T02:55:12.593 INFO:teuthology.orchestra.run.smithi057.stdout:/usr/bin/ceph: stderr
2024-09-12T02:55:07.030+0000 7f6e7b000640 1 Processor -- start
2024-09-12T02:55:12.593 INFO:teuthology.orchestra.run.smithi057.stdout:/usr/bin/ceph: stderr
2024-09-12T02:55:07.030+0000 7f6e7b000640 1 -- start start
2024-09-12T02:55:12.593 INFO:teuthology.orchestra.run.smithi057.stdout:/usr/bin/ceph: stderr
2024-09-12T02:55:07.030+0000 7f6e7b000640 1 --2- >> [v2:172.21.15.57:3300/0,v1:172.21.15.57:6789/0] conn(0x7f6e741098e0 0x7f6e7419d890 unknown :-1 s=NONE pgs=0 cs=0 l=1 rev1=0 crypto rx=0 tx=0 comp rx=0 tx=0).connect
2024-09-12T02:55:12.593 INFO:teuthology.orchestra.run.smithi057.stdout:/usr/bin/ceph: stderr
2024-09-12T02:55:07.030+0000 7f6e7b000640 1 -- --> [v2:172.21.15.57:3300/0,v1:172.21.15.57:6789/0] -- mon_getmap magic: 0 -- 0x7f6e7410de40 con 0x7f6e741098e0
2024-09-12T02:55:12.593 INFO:teuthology.orchestra.run.smithi057.stdout:/usr/bin/ceph: stderr
2024-09-12T02:55:07.030+0000 7f6e73e00640 1 --2- >> [v2:172.21.15.57:3300/0,v1:172.21.15.57:6789/0] conn(0x7f6e741098e0 0x7f6e7419d890 unknown :-1 s=BANNER_CONNECTING pgs=0 cs=0 l=1 rev1=0 crypto rx=0 tx=0 comp rx=0 tx=0)._handle_peer_banner_payload supported=3 required=0
2024-09-12T02:55:12.593 INFO:teuthology.orchestra.run.smithi057.stdout:/usr/bin/ceph: stderr
2024-09-12T02:55:07.030+0000 7f6e73e00640 1 --2- >> [v2:172.21.15.57:3300/0,v1:172.21.15.57:6789/0] conn(0x7f6e741098e0 0x7f6e7419d890 unknown :-1 s=HELLO_CONNECTING pgs=0 cs=0 l=1 rev1=1 crypto rx=0 tx=0 comp rx=0 tx=0).handle_hello peer v2:172.21.15.57:3300/0 says I am v2:172.21.15.57:40974/0 (socket says 172.21.15.57:40974)
2024-09-12T02:55:12.593 INFO:teuthology.orchestra.run.smithi057.stdout:/usr/bin/ceph: stderr
2024-09-12T02:55:07.030+0000 7f6e73e00640 1 -- 172.21.15.57:0/3856523766 learned_addr learned my addr 172.21.15.57:0/3856523766 (peer_addr_for_me v2:172.21.15.57:0/0)
2024-09-12T02:55:12.593 INFO:teuthology.orchestra.run.smithi057.stdout:/usr/bin/ceph: stderr
2024-09-12T02:55:07.031+0000 7f6e73e00640 1 -- 172.21.15.57:0/3856523766 --> [v2:172.21.15.57:3300/0,v1:172.21.15.57:6789/0] -- mon_subscribe({config=0+,monmap=0+}) -- 0x7f6e7419ddd0 con 0x7f6e741098e0
2024-09-12T02:55:12.594 INFO:teuthology.orchestra.run.smithi057.stdout:/usr/bin/ceph: stderr
2024-09-12T02:55:07.031+0000 7f6e73e00640 1 --2- 172.21.15.57:0/3856523766 >> [v2:172.21.15.57:3300/0,v1:172.21.15.57:6789/0] conn(0x7f6e741098e0 0x7f6e7419d890 secure :-1 s=READY pgs=27 cs=0 l=1 rev1=1 crypto rx=0x7f6e640097f0 tx=0x7f6e64030d80 comp rx=0 tx=0).ready entity=mon.0 client_cookie=0 server_cookie=0 in_seq=0 out_seq=0
2024-09-12T02:55:12.594 INFO:teuthology.orchestra.run.smithi057.stdout:/usr/bin/ceph: stderr
2024-09-12T02:55:07.031+0000 7f6e70c00640 1 -- 172.21.15.57:0/3856523766 <== mon.0 v2:172.21.15.57:3300/0 1 ==== mon_map magic: 0 ==== 205+0+0 (secure 0 0 0) 0x7f6e64037040 con 0x7f6e741098e0
2024-09-12T02:55:12.594 INFO:teuthology.orchestra.run.smithi057.stdout:/usr/bin/ceph: stderr
2024-09-12T02:55:07.031+0000 7f6e70c00640 1 -- 172.21.15.57:0/3856523766 <== mon.0 v2:172.21.15.57:3300/0 2 ==== config(27 keys) ==== 1109+0+0 (secure 0 0 0) 0x7f6e64040070 con 0x7f6e741098e0
2024-09-12T02:55:12.594 INFO:teuthology.orchestra.run.smithi057.stdout:/usr/bin/ceph: stderr
2024-09-12T02:55:07.031+0000 7f6e70c00640 1 -- 172.21.15.57:0/3856523766 <== mon.0 v2:172.21.15.57:3300/0 3 ==== mon_map magic: 0 ==== 205+0+0 (secure 0 0 0) 0x7f6e6403a390 con 0x7f6e741098e0
2024-09-12T02:55:12.594 INFO:teuthology.orchestra.run.smithi057.stdout:/usr/bin/ceph: stderr
2024-09-12T02:55:07.031+0000 7f6e7b000640 1 -- 172.21.15.57:0/3856523766 --> [v2:172.21.15.57:3300/0,v1:172.21.15.57:6789/0] -- mon_subscribe({mgrmap=0+}) -- 0x7f6e7419e060 con 0x7f6e741098e0
2024-09-12T02:55:12.594 INFO:teuthology.orchestra.run.smithi057.stdout:/usr/bin/ceph: stderr
2024-09-12T02:55:07.032+0000 7f6e7b000640 1 -- 172.21.15.57:0/3856523766 --> [v2:172.21.15.57:3300/0,v1:172.21.15.57:6789/0] -- mon_subscribe({osdmap=0}) -- 0x7f6e741a0d50 con 0x7f6e741098e0
2024-09-12T02:55:12.594 INFO:teuthology.orchestra.run.smithi057.stdout:/usr/bin/ceph: stderr
2024-09-12T02:55:07.033+0000 7f6e70c00640 1 -- 172.21.15.57:0/3856523766 <== mon.0 v2:172.21.15.57:3300/0 4 ==== mgrmap(e 5) ==== 46287+0+0 (secure 0 0 0) 0x7f6e6403b430 con 0x7f6e741098e0
2024-09-12T02:55:12.594 INFO:teuthology.orchestra.run.smithi057.stdout:/usr/bin/ceph: stderr
2024-09-12T02:55:07.034+0000 7f6e70c00640 1 --2- 172.21.15.57:0/3856523766 >> [v2:172.21.15.57:6800/1326814975,v1:172.21.15.57:6801/1326814975] conn(0x7f6e58038fc0 0x7f6e5803b480 unknown :-1 s=NONE pgs=0 cs=0 l=1 rev1=0 crypto rx=0 tx=0 comp rx=0 tx=0).connect
2024-09-12T02:55:12.594 INFO:teuthology.orchestra.run.smithi057.stdout:/usr/bin/ceph: stderr
2024-09-12T02:55:07.034+0000 7f6e70c00640 1 -- 172.21.15.57:0/3856523766 --> [v2:172.21.15.57:6800/1326814975,v1:172.21.15.57:6801/1326814975] -- command(tid 0: {"prefix": "get_command_descriptions"}) -- 0x7f6e5803bb90 con 0x7f6e58038fc0
2024-09-12T02:55:12.594 INFO:teuthology.orchestra.run.smithi057.stdout:/usr/bin/ceph: stderr
2024-09-12T02:55:07.034+0000 7f6e70c00640 1 -- 172.21.15.57:0/3856523766 <== mon.0 v2:172.21.15.57:3300/0 5 ==== osd_map(1..1 src has 1..1) ==== 725+0+0 (secure 0 0 0) 0x7f6e6406c0d0 con 0x7f6e741098e0
2024-09-12T02:55:12.594 INFO:teuthology.orchestra.run.smithi057.stdout:/usr/bin/ceph: stderr
2024-09-12T02:55:07.034+0000 7f6e73400640 1 -- 172.21.15.57:0/3856523766 >> [v2:172.21.15.57:6800/1326814975,v1:172.21.15.57:6801/1326814975] conn(0x7f6e58038fc0 msgr2=0x7f6e5803b480 unknown :-1 s=STATE_CONNECTING_RE l=1).process reconnect failed to v2:172.21.15.57:6800/1326814975
2024-09-12T02:55:12.594 INFO:teuthology.orchestra.run.smithi057.stdout:/usr/bin/ceph: stderr
2024-09-12T02:55:07.034+0000 7f6e73400640 1 --2- 172.21.15.57:0/3856523766 >> [v2:172.21.15.57:6800/1326814975,v1:172.21.15.57:6801/1326814975] conn(0x7f6e58038fc0 0x7f6e5803b480 unknown :-1 s=START_CONNECT pgs=0 cs=0 l=1 rev1=0 crypto rx=0 tx=0 comp rx=0 tx=0)._fault waiting 0.200000
2024-09-12T02:55:12.594 INFO:teuthology.orchestra.run.smithi057.stdout:/usr/bin/ceph: stderr
2024-09-12T02:55:07.235+0000 7f6e73400640 1 -- 172.21.15.57:0/3856523766 >> [v2:172.21.15.57:6800/1326814975,v1:172.21.15.57:6801/1326814975] conn(0x7f6e58038fc0 msgr2=0x7f6e5803b480 unknown :-1 s=STATE_CONNECTING_RE l=1).process reconnect failed to v2:172.21.15.57:6800/1326814975
2024-09-12T02:55:12.595 INFO:teuthology.orchestra.run.smithi057.stdout:/usr/bin/ceph: stderr
2024-09-12T02:55:07.235+0000 7f6e73400640 1 --2- 172.21.15.57:0/3856523766 >> [v2:172.21.15.57:6800/1326814975,v1:172.21.15.57:6801/1326814975] conn(0x7f6e58038fc0 0x7f6e5803b480 unknown :-1 s=START_CONNECT pgs=0 cs=0 l=1 rev1=0 crypto rx=0 tx=0 comp rx=0 tx=0)._fault waiting 0.400000
2024-09-12T02:55:12.595 INFO:teuthology.orchestra.run.smithi057.stdout:/usr/bin/ceph: stderr
2024-09-12T02:55:07.636+0000 7f6e73400640 1 -- 172.21.15.57:0/3856523766 >> [v2:172.21.15.57:6800/1326814975,v1:172.21.15.57:6801/1326814975] conn(0x7f6e58038fc0 msgr2=0x7f6e5803b480 unknown :-1 s=STATE_CONNECTING_RE l=1).process reconnect failed to v2:172.21.15.57:6800/1326814975
2024-09-12T02:55:12.595 INFO:teuthology.orchestra.run.smithi057.stdout:/usr/bin/ceph: stderr
2024-09-12T02:55:07.636+0000 7f6e73400640 1 --2- 172.21.15.57:0/3856523766 >> [v2:172.21.15.57:6800/1326814975,v1:172.21.15.57:6801/1326814975] conn(0x7f6e58038fc0 0x7f6e5803b480 unknown :-1 s=START_CONNECT pgs=0 cs=0 l=1 rev1=0 crypto rx=0 tx=0 comp rx=0 tx=0)._fault waiting 0.800000
2024-09-12T02:55:12.595 INFO:teuthology.orchestra.run.smithi057.stdout:/usr/bin/ceph: stderr
2024-09-12T02:55:08.437+0000 7f6e73400640 1 -- 172.21.15.57:0/3856523766 >> [v2:172.21.15.57:6800/1326814975,v1:172.21.15.57:6801/1326814975] conn(0x7f6e58038fc0 msgr2=0x7f6e5803b480 unknown :-1 s=STATE_CONNECTING_RE l=1).process reconnect failed to v2:172.21.15.57:6800/1326814975
2024-09-12T02:55:12.595 INFO:teuthology.orchestra.run.smithi057.stdout:/usr/bin/ceph: stderr
2024-09-12T02:55:08.437+0000 7f6e73400640 1 --2- 172.21.15.57:0/3856523766 >> [v2:172.21.15.57:6800/1326814975,v1:172.21.15.57:6801/1326814975] conn(0x7f6e58038fc0 0x7f6e5803b480 unknown :-1 s=START_CONNECT pgs=0 cs=0 l=1 rev1=0 crypto rx=0 tx=0 comp rx=0 tx=0)._fault waiting 1.600000
2024-09-12T02:55:12.595 INFO:teuthology.orchestra.run.smithi057.stdout:/usr/bin/ceph: stderr
2024-09-12T02:55:10.038+0000 7f6e73400640 1 -- 172.21.15.57:0/3856523766 >> [v2:172.21.15.57:6800/1326814975,v1:172.21.15.57:6801/1326814975] conn(0x7f6e58038fc0 msgr2=0x7f6e5803b480 unknown :-1 s=STATE_CONNECTING_RE l=1).process reconnect failed to v2:172.21.15.57:6800/1326814975
2024-09-12T02:55:12.595 INFO:teuthology.orchestra.run.smithi057.stdout:/usr/bin/ceph: stderr
2024-09-12T02:55:10.039+0000 7f6e73400640 1 --2- 172.21.15.57:0/3856523766 >> [v2:172.21.15.57:6800/1326814975,v1:172.21.15.57:6801/1326814975] conn(0x7f6e58038fc0 0x7f6e5803b480 unknown :-1 s=START_CONNECT pgs=0 cs=0 l=1 rev1=0 crypto rx=0 tx=0 comp rx=0 tx=0)._fault waiting 3.200000
2024-09-12T02:55:12.595 INFO:teuthology.orchestra.run.smithi057.stdout:/usr/bin/ceph: stderr
2024-09-12T02:55:10.468+0000 7f6e70c00640 1 -- 172.21.15.57:0/3856523766 <== mon.0 v2:172.21.15.57:3300/0 6 ==== mgrmap(e 6) ==== 46054+0+0 (secure 0 0 0) 0x7f6e64032900 con 0x7f6e741098e0
2024-09-12T02:55:12.595 INFO:teuthology.orchestra.run.smithi057.stdout:/usr/bin/ceph: stderr
2024-09-12T02:55:10.468+0000 7f6e70c00640 1 -- 172.21.15.57:0/3856523766 >> [v2:172.21.15.57:6800/1326814975,v1:172.21.15.57:6801/1326814975] conn(0x7f6e58038fc0 msgr2=0x7f6e5803b480 unknown :-1 s=STATE_CONNECTING l=1).mark_down
2024-09-12T02:55:12.595 INFO:teuthology.orchestra.run.smithi057.stdout:/usr/bin/ceph: stderr
2024-09-12T02:55:10.468+0000 7f6e70c00640 1 --2- 172.21.15.57:0/3856523766 >> [v2:172.21.15.57:6800/1326814975,v1:172.21.15.57:6801/1326814975] conn(0x7f6e58038fc0 0x7f6e5803b480 unknown :-1 s=START_CONNECT pgs=0 cs=0 l=1 rev1=0 crypto rx=0 tx=0 comp rx=0 tx=0).stop
2024-09-12T02:55:12.595 INFO:teuthology.orchestra.run.smithi057.stdout:/usr/bin/ceph: stderr
2024-09-12T02:55:11.470+0000 7f6e70c00640 1 -- 172.21.15.57:0/3856523766 <== mon.0 v2:172.21.15.57:3300/0 7 ==== mgrmap(e 7) ==== 46181+0+0 (secure 0 0 0) 0x7f6e6406cf70 con 0x7f6e741098e0
2024-09-12T02:55:12.595 INFO:teuthology.orchestra.run.smithi057.stdout:/usr/bin/ceph: stderr
2024-09-12T02:55:11.470+0000 7f6e70c00640 1 --2- 172.21.15.57:0/3856523766 >> [v2:172.21.15.57:6800/522425633,v1:172.21.15.57:6801/522425633] conn(0x7f6e5803c8f0 0x7f6e5803ece0 unknown :-1 s=NONE pgs=0 cs=0 l=1 rev1=0 crypto rx=0 tx=0 comp rx=0 tx=0).connect
2024-09-12T02:55:12.596 INFO:teuthology.orchestra.run.smithi057.stdout:/usr/bin/ceph: stderr
2024-09-12T02:55:11.470+0000 7f6e70c00640 1 -- 172.21.15.57:0/3856523766 --> [v2:172.21.15.57:6800/522425633,v1:172.21.15.57:6801/522425633] -- command(tid 0: {"prefix": "get_command_descriptions"}) -- 0x7f6e64043a70 con 0x7f6e5803c8f0
2024-09-12T02:55:12.596 INFO:teuthology.orchestra.run.smithi057.stdout:/usr/bin/ceph: stderr
2024-09-12T02:55:11.471+0000 7f6e73400640 1 --2- 172.21.15.57:0/3856523766 >> [v2:172.21.15.57:6800/522425633,v1:172.21.15.57:6801/522425633] conn(0x7f6e5803c8f0 0x7f6e5803ece0 unknown :-1 s=BANNER_CONNECTING pgs=0 cs=0 l=1 rev1=0 crypto rx=0 tx=0 comp rx=0 tx=0)._handle_peer_banner_payload supported=3 required=0
2024-09-12T02:55:12.596 INFO:teuthology.orchestra.run.smithi057.stdout:/usr/bin/ceph: stderr
2024-09-12T02:55:11.472+0000 7f6e73400640 1 --2- 172.21.15.57:0/3856523766 >> [v2:172.21.15.57:6800/522425633,v1:172.21.15.57:6801/522425633] conn(0x7f6e5803c8f0 0x7f6e5803ece0 secure :-1 s=READY pgs=1 cs=0 l=1 rev1=1 crypto rx=0x7f6e60003980 tx=0x7f6e600092b0 comp rx=0 tx=0).ready entity=mgr.14118 client_cookie=0 server_cookie=0 in_seq=0 out_seq=0
2024-09-12T02:55:12.596 INFO:teuthology.orchestra.run.smithi057.stdout:/usr/bin/ceph: stderr
2024-09-12T02:55:11.473+0000 7f6e70c00640 1 -- 172.21.15.57:0/3856523766 <== mgr.14118 v2:172.21.15.57:6800/522425633 1 ==== command_reply(tid 0: 0 ) ==== 8+0+9564 (secure 0 0 0) 0x7f6e64043a70 con 0x7f6e5803c8f0
2024-09-12T02:55:12.596 INFO:teuthology.orchestra.run.smithi057.stdout:/usr/bin/ceph: stderr
2024-09-12T02:55:11.480+0000 7f6e7b000640 1 -- 172.21.15.57:0/3856523766 --> [v2:172.21.15.57:6800/522425633,v1:172.21.15.57:6801/522425633] -- command(tid 1: {"prefix": "mgr_status"}) -- 0x7f6e7410dfc0 con 0x7f6e5803c8f0
2024-09-12T02:55:12.596 INFO:teuthology.orchestra.run.smithi057.stdout:/usr/bin/ceph: stderr
2024-09-12T02:55:11.480+0000 7f6e70c00640 1 -- 172.21.15.57:0/3856523766 <== mgr.14118 v2:172.21.15.57:6800/522425633 2 ==== command_reply(tid 1: 0 ) ==== 8+0+51 (secure 0 0 0) 0x7f6e7410dfc0 con 0x7f6e5803c8f0
2024-09-12T02:55:12.596 INFO:teuthology.orchestra.run.smithi057.stdout:/usr/bin/ceph: stderr
2024-09-12T02:55:11.481+0000 7f6e7b000640 1 -- 172.21.15.57:0/3856523766 >> [v2:172.21.15.57:6800/522425633,v1:172.21.15.57:6801/522425633] conn(0x7f6e5803c8f0 msgr2=0x7f6e5803ece0 secure :-1 s=STATE_CONNECTION_ESTABLISHED l=1).mark_down
2024-09-12T02:55:12.596 INFO:teuthology.orchestra.run.smithi057.stdout:/usr/bin/ceph: stderr
2024-09-12T02:55:11.481+0000 7f6e7b000640 1 --2- 172.21.15.57:0/3856523766 >> [v2:172.21.15.57:6800/522425633,v1:172.21.15.57:6801/522425633] conn(0x7f6e5803c8f0 0x7f6e5803ece0 secure :-1 s=READY pgs=1 cs=0 l=1 rev1=1 crypto rx=0x7f6e60003980 tx=0x7f6e600092b0 comp rx=0 tx=0).stop
2024-09-12T02:55:12.596 INFO:teuthology.orchestra.run.smithi057.stdout:/usr/bin/ceph: stderr
2024-09-12T02:55:11.481+0000 7f6e7b000640 1 -- 172.21.15.57:0/3856523766 >> [v2:172.21.15.57:3300/0,v1:172.21.15.57:6789/0] conn(0x7f6e741098e0 msgr2=0x7f6e7419d890 secure :-1 s=STATE_CONNECTION_ESTABLISHED l=1).mark_down
2024-09-12T02:55:12.596 INFO:teuthology.orchestra.run.smithi057.stdout:/usr/bin/ceph: stderr
2024-09-12T02:55:11.481+0000 7f6e7b000640 1 --2- 172.21.15.57:0/3856523766 >> [v2:172.21.15.57:3300/0,v1:172.21.15.57:6789/0] conn(0x7f6e741098e0 0x7f6e7419d890 secure :-1 s=READY pgs=27 cs=0 l=1 rev1=1 crypto rx=0x7f6e640097f0 tx=0x7f6e64030d80 comp rx=0 tx=0).stop
2024-09-12T02:55:12.596 INFO:teuthology.orchestra.run.smithi057.stdout:/usr/bin/ceph: stderr
2024-09-12T02:55:11.481+0000 7f6e7b000640 1 -- 172.21.15.57:0/3856523766 shutdown_connections
2024-09-12T02:55:12.596 INFO:teuthology.orchestra.run.smithi057.stdout:/usr/bin/ceph: stderr
2024-09-12T02:55:11.481+0000 7f6e7b000640 1 --2- 172.21.15.57:0/3856523766 >> [v2:172.21.15.57:6800/522425633,v1:172.21.15.57:6801/522425633] conn(0x7f6e5803c8f0 0x7f6e5803ece0 unknown :-1 s=CLOSED pgs=1 cs=0 l=1 rev1=1 crypto rx=0 tx=0 comp rx=0 tx=0).stop
2024-09-12T02:55:12.597 INFO:teuthology.orchestra.run.smithi057.stdout:/usr/bin/ceph: stderr
2024-09-12T02:55:11.481+0000 7f6e7b000640 1 --2- 172.21.15.57:0/3856523766 >> [v2:172.21.15.57:6800/1326814975,v1:172.21.15.57:6801/1326814975] conn(0x7f6e58038fc0 0x7f6e5803b480 unknown :-1 s=CLOSED pgs=0 cs=0 l=1 rev1=0 crypto rx=0 tx=0 comp rx=0 tx=0).stop
2024-09-12T02:55:12.597 INFO:teuthology.orchestra.run.smithi057.stdout:/usr/bin/ceph: stderr
2024-09-12T02:55:11.481+0000 7f6e7b000640 1 --2- 172.21.15.57:0/3856523766 >> [v2:172.21.15.57:3300/0,v1:172.21.15.57:6789/0] conn(0x7f6e741098e0 0x7f6e7419d890 unknown :-1 s=CLOSED pgs=27 cs=0 l=1 rev1=1 crypto rx=0 tx=0 comp rx=0 tx=0).stop
2024-09-12T02:55:12.597 INFO:teuthology.orchestra.run.smithi057.stdout:/usr/bin/ceph: stderr
2024-09-12T02:55:11.481+0000 7f6e7b000640 1 -- 172.21.15.57:0/3856523766 >> 172.21.15.57:0/3856523766 conn(0x7f6e7407cec0 msgr2=0x7f6e74106d00 unknown :-1 s=STATE_NONE l=0).mark_down
2024-09-12T02:55:12.597 INFO:teuthology.orchestra.run.smithi057.stdout:/usr/bin/ceph: stderr
2024-09-12T02:55:11.481+0000 7f6e7b000640 1 -- 172.21.15.57:0/3856523766 shutdown_connections
2024-09-12T02:55:12.597 INFO:teuthology.orchestra.run.smithi057.stdout:/usr/bin/ceph: stderr
2024-09-12T02:55:11.481+0000 7f6e7b000640 1 -- 172.21.15.57:0/3856523766 wait complete.
2024-09-12T02:55:12.597 INFO:teuthology.orchestra.run.smithi057.stdout:mgr epoch 5 is available
2024-09-12T02:55:12.597 INFO:teuthology.orchestra.run.smithi057.stdout:Setting orchestrator backend to cephadm...
2024-09-12T02:55:13.870 INFO:journalctl@ceph.mon.a.smithi057.stdout:Sep 12 02:55:13 smithi057 ceph-mon[30361]: mgrmap e8: x(active, since 2s)
2024-09-12T02:55:13.870 INFO:journalctl@ceph.mon.a.smithi057.stdout:Sep 12 02:55:13 smithi057 ceph-mon[30361]: from='mgr.14118 172.21.15.57:0/3036419448' entity='mgr.x'
2024-09-12T02:55:13.870 INFO:journalctl@ceph.mon.a.smithi057.stdout:Sep 12 02:55:13 smithi057 ceph-mon[30361]: from='mgr.14118 172.21.15.57:0/3036419448' entity='mgr.x'
2024-09-12T02:55:13.870 INFO:journalctl@ceph.mon.a.smithi057.stdout:Sep 12 02:55:13 smithi057 ceph-mon[30361]: from='client.14130 -' entity='client.admin' cmd=[{"prefix": "orch set backend", "module_name": "cephadm", "target": ["mon-mgr", ""]}]: dispatch
2024-09-12T02:55:13.870 INFO:journalctl@ceph.mon.a.smithi057.stdout:Sep 12 02:55:13 smithi057 ceph-mon[30361]: from='mgr.14118 172.21.15.57:0/3036419448' entity='mgr.x'
2024-09-12T02:55:13.870 INFO:journalctl@ceph.mon.a.smithi057.stdout:Sep 12 02:55:13 smithi057 ceph-mon[30361]: from='mgr.14118 172.21.15.57:0/3036419448' entity='mgr.x' cmd=[{"prefix": "config dump", "format": "json"}]: dispatch
2024-09-12T02:55:14.022 INFO:teuthology.orchestra.run.smithi057.stdout:/usr/bin/ceph: stderr
2024-09-12T02:55:13.099+0000 7f380b000640 1 Processor -- start
2024-09-12T02:55:14.023 INFO:teuthology.orchestra.run.smithi057.stdout:/usr/bin/ceph: stderr
2024-09-12T02:55:13.099+0000 7f380b000640 1 -- start start
2024-09-12T02:55:14.023 INFO:teuthology.orchestra.run.smithi057.stdout:/usr/bin/ceph: stderr
2024-09-12T02:55:13.100+0000 7f380b000640 1 --2- >> [v2:172.21.15.57:3300/0,v1:172.21.15.57:6789/0] conn(0x7f38041076e0 0x7f3804107ae0 unknown :-1 s=NONE pgs=0 cs=0 l=0 rev1=0 crypto rx=0 tx=0 comp rx=0 tx=0).connect
2024-09-12T02:55:14.023 INFO:teuthology.orchestra.run.smithi057.stdout:/usr/bin/ceph: stderr
2024-09-12T02:55:13.100+0000 7f380b000640 1 -- --> [v2:172.21.15.57:3300/0,v1:172.21.15.57:6789/0] -- mon_getmap magic: 0 -- 0x7f38041080b0 con 0x7f38041076e0
2024-09-12T02:55:14.023 INFO:teuthology.orchestra.run.smithi057.stdout:/usr/bin/ceph: stderr
2024-09-12T02:55:13.100+0000 7f3803e00640 1 --2- >> [v2:172.21.15.57:3300/0,v1:172.21.15.57:6789/0] conn(0x7f38041076e0 0x7f3804107ae0 unknown :-1 s=BANNER_CONNECTING pgs=0 cs=0 l=0 rev1=0 crypto rx=0 tx=0 comp rx=0 tx=0)._handle_peer_banner_payload supported=3 required=0
2024-09-12T02:55:14.023 INFO:teuthology.orchestra.run.smithi057.stdout:/usr/bin/ceph: stderr
2024-09-12T02:55:13.100+0000 7f3803e00640 1 --2- >> [v2:172.21.15.57:3300/0,v1:172.21.15.57:6789/0] conn(0x7f38041076e0 0x7f3804107ae0 unknown :-1 s=HELLO_CONNECTING pgs=0 cs=0 l=0 rev1=1 crypto rx=0 tx=0 comp rx=0 tx=0).handle_hello peer v2:172.21.15.57:3300/0 says I am v2:172.21.15.57:35014/0 (socket says 172.21.15.57:35014)
2024-09-12T02:55:14.023 INFO:teuthology.orchestra.run.smithi057.stdout:/usr/bin/ceph: stderr
2024-09-12T02:55:13.100+0000 7f3803e00640 1 -- 172.21.15.57:0/1153662954 learned_addr learned my addr 172.21.15.57:0/1153662954 (peer_addr_for_me v2:172.21.15.57:0/0)
2024-09-12T02:55:14.023 INFO:teuthology.orchestra.run.smithi057.stdout:/usr/bin/ceph: stderr
2024-09-12T02:55:13.100+0000 7f3803e00640 1 -- 172.21.15.57:0/1153662954 --> [v2:172.21.15.57:3300/0,v1:172.21.15.57:6789/0] -- mon_subscribe({config=0+,monmap=0+}) -- 0x7f3804108890 con 0x7f38041076e0
2024-09-12T02:55:14.023 INFO:teuthology.orchestra.run.smithi057.stdout:/usr/bin/ceph: stderr
2024-09-12T02:55:13.101+0000 7f3803e00640 1 --2- 172.21.15.57:0/1153662954 >> [v2:172.21.15.57:3300/0,v1:172.21.15.57:6789/0] conn(0x7f38041076e0 0x7f3804107ae0 secure :-1 s=READY pgs=35 cs=0 l=1 rev1=1 crypto rx=0x7f37f4009820 tx=0x7f37f402a270 comp rx=0 tx=0).ready entity=mon.0 client_cookie=1b7e02266d86b07b server_cookie=0 in_seq=0 out_seq=0
2024-09-12T02:55:14.023 INFO:teuthology.orchestra.run.smithi057.stdout:/usr/bin/ceph: stderr
2024-09-12T02:55:13.102+0000 7f3802a00640 1 -- 172.21.15.57:0/1153662954 <== mon.0 v2:172.21.15.57:3300/0 1 ==== mon_map magic: 0 ==== 205+0+0 (secure 0 0 0) 0x7f37f4037070 con 0x7f38041076e0
2024-09-12T02:55:14.023 INFO:teuthology.orchestra.run.smithi057.stdout:/usr/bin/ceph: stderr
2024-09-12T02:55:13.102+0000 7f3802a00640 1 -- 172.21.15.57:0/1153662954 <== mon.0 v2:172.21.15.57:3300/0 2 ==== config(27 keys) ==== 1109+0+0 (secure 0 0 0) 0x7f37f4032900 con 0x7f38041076e0
2024-09-12T02:55:14.023 INFO:teuthology.orchestra.run.smithi057.stdout:/usr/bin/ceph: stderr
2024-09-12T02:55:13.102+0000 7f3802a00640 1 -- 172.21.15.57:0/1153662954 <== mon.0 v2:172.21.15.57:3300/0 3 ==== mon_map magic: 0 ==== 205+0+0 (secure 0 0 0) 0x7f37f4030850 con 0x7f38041076e0
2024-09-12T02:55:14.024 INFO:teuthology.orchestra.run.smithi057.stdout:/usr/bin/ceph: stderr
2024-09-12T02:55:13.102+0000 7f380b000640 1 -- 172.21.15.57:0/1153662954 >> [v2:172.21.15.57:3300/0,v1:172.21.15.57:6789/0] conn(0x7f38041076e0 msgr2=0x7f3804107ae0 secure :-1 s=STATE_CONNECTION_ESTABLISHED l=1).mark_down
2024-09-12T02:55:14.024 INFO:teuthology.orchestra.run.smithi057.stdout:/usr/bin/ceph: stderr
2024-09-12T02:55:13.102+0000 7f380b000640 1 --2- 172.21.15.57:0/1153662954 >> [v2:172.21.15.57:3300/0,v1:172.21.15.57:6789/0] conn(0x7f38041076e0 0x7f3804107ae0 secure :-1 s=READY pgs=35 cs=0 l=1 rev1=1 crypto rx=0x7f37f4009820 tx=0x7f37f402a270 comp rx=0 tx=0).stop
2024-09-12T02:55:14.024 INFO:teuthology.orchestra.run.smithi057.stdout:/usr/bin/ceph: stderr
2024-09-12T02:55:13.102+0000 7f380b000640 1 -- 172.21.15.57:0/1153662954 shutdown_connections
2024-09-12T02:55:14.024 INFO:teuthology.orchestra.run.smithi057.stdout:/usr/bin/ceph: stderr
2024-09-12T02:55:13.102+0000 7f380b000640 1 --2- 172.21.15.57:0/1153662954 >> [v2:172.21.15.57:3300/0,v1:172.21.15.57:6789/0] conn(0x7f38041076e0 0x7f3804107ae0 unknown :-1 s=CLOSED pgs=35 cs=0 l=1 rev1=1 crypto rx=0 tx=0 comp rx=0 tx=0).stop
2024-09-12T02:55:14.024 INFO:teuthology.orchestra.run.smithi057.stdout:/usr/bin/ceph: stderr
2024-09-12T02:55:13.102+0000 7f380b000640 1 -- 172.21.15.57:0/1153662954 >> 172.21.15.57:0/1153662954 conn(0x7f3804102e90 msgr2=0x7f38041052b0 unknown :-1 s=STATE_NONE l=0).mark_down
2024-09-12T02:55:14.024 INFO:teuthology.orchestra.run.smithi057.stdout:/usr/bin/ceph: stderr
2024-09-12T02:55:13.103+0000 7f380b000640 1 -- 172.21.15.57:0/1153662954 shutdown_connections
2024-09-12T02:55:14.024 INFO:teuthology.orchestra.run.smithi057.stdout:/usr/bin/ceph: stderr
2024-09-12T02:55:13.103+0000 7f380b000640 1 -- 172.21.15.57:0/1153662954 wait complete.
2024-09-12T02:55:14.024 INFO:teuthology.orchestra.run.smithi057.stdout:/usr/bin/ceph: stderr
2024-09-12T02:55:13.104+0000 7f380b000640 1 Processor -- start
2024-09-12T02:55:14.024 INFO:teuthology.orchestra.run.smithi057.stdout:/usr/bin/ceph: stderr
2024-09-12T02:55:13.104+0000 7f380b000640 1 -- start start
2024-09-12T02:55:14.024 INFO:teuthology.orchestra.run.smithi057.stdout:/usr/bin/ceph: stderr
2024-09-12T02:55:13.104+0000 7f380b000640 1 --2- >> [v2:172.21.15.57:3300/0,v1:172.21.15.57:6789/0] conn(0x7f38041076e0 0x7f380407e380 unknown :-1 s=NONE pgs=0 cs=0 l=1 rev1=0 crypto rx=0 tx=0 comp rx=0 tx=0).connect
2024-09-12T02:55:14.024 INFO:teuthology.orchestra.run.smithi057.stdout:/usr/bin/ceph: stderr
2024-09-12T02:55:13.104+0000 7f380b000640 1 -- --> [v2:172.21.15.57:3300/0,v1:172.21.15.57:6789/0] -- mon_getmap magic: 0 -- 0x7f380410bc40 con 0x7f38041076e0
2024-09-12T02:55:14.024 INFO:teuthology.orchestra.run.smithi057.stdout:/usr/bin/ceph: stderr
2024-09-12T02:55:13.104+0000 7f3803e00640 1 --2- >> [v2:172.21.15.57:3300/0,v1:172.21.15.57:6789/0] conn(0x7f38041076e0 0x7f380407e380 unknown :-1 s=BANNER_CONNECTING pgs=0 cs=0 l=1 rev1=0 crypto rx=0 tx=0 comp rx=0 tx=0)._handle_peer_banner_payload supported=3 required=0
2024-09-12T02:55:14.025 INFO:teuthology.orchestra.run.smithi057.stdout:/usr/bin/ceph: stderr
2024-09-12T02:55:13.104+0000 7f3803e00640 1 --2- >> [v2:172.21.15.57:3300/0,v1:172.21.15.57:6789/0] conn(0x7f38041076e0 0x7f380407e380 unknown :-1 s=HELLO_CONNECTING pgs=0 cs=0 l=1 rev1=1 crypto rx=0 tx=0 comp rx=0 tx=0).handle_hello peer v2:172.21.15.57:3300/0 says I am v2:172.21.15.57:35022/0 (socket says 172.21.15.57:35022)
2024-09-12T02:55:14.025 INFO:teuthology.orchestra.run.smithi057.stdout:/usr/bin/ceph: stderr
2024-09-12T02:55:13.104+0000 7f3803e00640 1 -- 172.21.15.57:0/2756546932 learned_addr learned my addr 172.21.15.57:0/2756546932 (peer_addr_for_me v2:172.21.15.57:0/0)
2024-09-12T02:55:14.025 INFO:teuthology.orchestra.run.smithi057.stdout:/usr/bin/ceph: stderr
2024-09-12T02:55:13.105+0000 7f3803e00640 1 -- 172.21.15.57:0/2756546932 --> [v2:172.21.15.57:3300/0,v1:172.21.15.57:6789/0] -- mon_subscribe({config=0+,monmap=0+}) -- 0x7f380407e8c0 con 0x7f38041076e0
2024-09-12T02:55:14.025 INFO:teuthology.orchestra.run.smithi057.stdout:/usr/bin/ceph: stderr
2024-09-12T02:55:13.105+0000 7f3803e00640 1 --2- 172.21.15.57:0/2756546932 >> [v2:172.21.15.57:3300/0,v1:172.21.15.57:6789/0] conn(0x7f38041076e0 0x7f380407e380 secure :-1 s=READY pgs=36 cs=0 l=1 rev1=1 crypto rx=0x7f37f40097f0 tx=0x7f37f4030d80 comp rx=0 tx=0).ready entity=mon.0 client_cookie=0 server_cookie=0 in_seq=0 out_seq=0
2024-09-12T02:55:14.025 INFO:teuthology.orchestra.run.smithi057.stdout:/usr/bin/ceph: stderr
2024-09-12T02:55:13.105+0000 7f3800c00640 1 -- 172.21.15.57:0/2756546932 <== mon.0 v2:172.21.15.57:3300/0 1 ==== mon_map magic: 0 ==== 205+0+0 (secure 0 0 0) 0x7f37f4037040 con 0x7f38041076e0
2024-09-12T02:55:14.025 INFO:teuthology.orchestra.run.smithi057.stdout:/usr/bin/ceph: stderr
