2024-09-12T02:55:28.654 INFO:teuthology.orchestra.run.smithi057.stdout:/usr/bin/ceph: stdout Scheduled mgr update...
2024-09-12T02:55:28.654 INFO:teuthology.orchestra.run.smithi057.stdout:/usr/bin/ceph: stderr
2024-09-12T02:55:27.500+0000 7fe01be00640 1 Processor -- start
2024-09-12T02:55:28.654 INFO:teuthology.orchestra.run.smithi057.stdout:/usr/bin/ceph: stderr
2024-09-12T02:55:27.501+0000 7fe01be00640 1 -- start start
2024-09-12T02:55:28.654 INFO:teuthology.orchestra.run.smithi057.stdout:/usr/bin/ceph: stderr
2024-09-12T02:55:27.501+0000 7fe01be00640 1 --2- >> [v2:172.21.15.57:3300/0,v1:172.21.15.57:6789/0] conn(0x7fe014109880 0x7fe014109c80 unknown :-1 s=NONE pgs=0 cs=0 l=0 rev1=0 crypto rx=0 tx=0 comp rx=0 tx=0).connect
2024-09-12T02:55:28.654 INFO:teuthology.orchestra.run.smithi057.stdout:/usr/bin/ceph: stderr
2024-09-12T02:55:27.501+0000 7fe01be00640 1 -- --> [v2:172.21.15.57:3300/0,v1:172.21.15.57:6789/0] -- mon_getmap magic: 0 -- 0x7fe01410a250 con 0x7fe014109880
2024-09-12T02:55:28.654 INFO:teuthology.orchestra.run.smithi057.stdout:/usr/bin/ceph: stderr
2024-09-12T02:55:27.501+0000 7fe019400640 1 --2- >> [v2:172.21.15.57:3300/0,v1:172.21.15.57:6789/0] conn(0x7fe014109880 0x7fe014109c80 unknown :-1 s=BANNER_CONNECTING pgs=0 cs=0 l=0 rev1=0 crypto rx=0 tx=0 comp rx=0 tx=0)._handle_peer_banner_payload supported=3 required=0
2024-09-12T02:55:28.654 INFO:teuthology.orchestra.run.smithi057.stdout:/usr/bin/ceph: stderr
2024-09-12T02:55:27.501+0000 7fe019400640 1 --2- >> [v2:172.21.15.57:3300/0,v1:172.21.15.57:6789/0] conn(0x7fe014109880 0x7fe014109c80 unknown :-1 s=HELLO_CONNECTING pgs=0 cs=0 l=0 rev1=1 crypto rx=0 tx=0 comp rx=0 tx=0).handle_hello peer v2:172.21.15.57:3300/0 says I am v2:172.21.15.57:41998/0 (socket says 172.21.15.57:41998)
2024-09-12T02:55:28.654 INFO:teuthology.orchestra.run.smithi057.stdout:/usr/bin/ceph: stderr
2024-09-12T02:55:27.501+0000 7fe019400640 1 -- 172.21.15.57:0/2165093910 learned_addr learned my addr 172.21.15.57:0/2165093910 (peer_addr_for_me v2:172.21.15.57:0/0)
2024-09-12T02:55:28.655 INFO:teuthology.orchestra.run.smithi057.stdout:/usr/bin/ceph: stderr
2024-09-12T02:55:27.502+0000 7fe019400640 1 -- 172.21.15.57:0/2165093910 --> [v2:172.21.15.57:3300/0,v1:172.21.15.57:6789/0] -- mon_subscribe({config=0+,monmap=0+}) -- 0x7fe01410aa80 con 0x7fe014109880
2024-09-12T02:55:28.655 INFO:teuthology.orchestra.run.smithi057.stdout:/usr/bin/ceph: stderr
2024-09-12T02:55:27.503+0000 7fe019400640 1 --2- 172.21.15.57:0/2165093910 >> [v2:172.21.15.57:3300/0,v1:172.21.15.57:6789/0] conn(0x7fe014109880 0x7fe014109c80 secure :-1 s=READY pgs=47 cs=0 l=1 rev1=1 crypto rx=0x7fe008009820 tx=0x7fe00802a270 comp rx=0 tx=0).ready entity=mon.0 client_cookie=304510e94ba1e70 server_cookie=0 in_seq=0 out_seq=0
2024-09-12T02:55:28.655 INFO:teuthology.orchestra.run.smithi057.stdout:/usr/bin/ceph: stderr
2024-09-12T02:55:27.503+0000 7fe013e00640 1 -- 172.21.15.57:0/2165093910 <== mon.0 v2:172.21.15.57:3300/0 1 ==== mon_map magic: 0 ==== 205+0+0 (secure 0 0 0) 0x7fe008037070 con 0x7fe014109880
2024-09-12T02:55:28.655 INFO:teuthology.orchestra.run.smithi057.stdout:/usr/bin/ceph: stderr
2024-09-12T02:55:27.503+0000 7fe013e00640 1 -- 172.21.15.57:0/2165093910 <== mon.0 v2:172.21.15.57:3300/0 2 ==== config(27 keys) ==== 1140+0+0 (secure 0 0 0) 0x7fe008032920 con 0x7fe014109880
2024-09-12T02:55:28.655 INFO:teuthology.orchestra.run.smithi057.stdout:/usr/bin/ceph: stderr
2024-09-12T02:55:27.503+0000 7fe013e00640 1 -- 172.21.15.57:0/2165093910 <== mon.0 v2:172.21.15.57:3300/0 3 ==== mon_map magic: 0 ==== 205+0+0 (secure 0 0 0) 0x7fe008030810 con 0x7fe014109880
2024-09-12T02:55:28.655 INFO:teuthology.orchestra.run.smithi057.stdout:/usr/bin/ceph: stderr
2024-09-12T02:55:27.504+0000 7fe01be00640 1 -- 172.21.15.57:0/2165093910 >> [v2:172.21.15.57:3300/0,v1:172.21.15.57:6789/0] conn(0x7fe014109880 msgr2=0x7fe014109c80 secure :-1 s=STATE_CONNECTION_ESTABLISHED l=1).mark_down
2024-09-12T02:55:28.655 INFO:teuthology.orchestra.run.smithi057.stdout:/usr/bin/ceph: stderr
2024-09-12T02:55:27.504+0000 7fe01be00640 1 --2- 172.21.15.57:0/2165093910 >> [v2:172.21.15.57:3300/0,v1:172.21.15.57:6789/0] conn(0x7fe014109880 0x7fe014109c80 secure :-1 s=READY pgs=47 cs=0 l=1 rev1=1 crypto rx=0x7fe008009820 tx=0x7fe00802a270 comp rx=0 tx=0).stop
2024-09-12T02:55:28.655 INFO:teuthology.orchestra.run.smithi057.stdout:/usr/bin/ceph: stderr
2024-09-12T02:55:27.504+0000 7fe01be00640 1 -- 172.21.15.57:0/2165093910 shutdown_connections
2024-09-12T02:55:28.655 INFO:teuthology.orchestra.run.smithi057.stdout:/usr/bin/ceph: stderr
2024-09-12T02:55:27.504+0000 7fe01be00640 1 --2- 172.21.15.57:0/2165093910 >> [v2:172.21.15.57:3300/0,v1:172.21.15.57:6789/0] conn(0x7fe014109880 0x7fe014109c80 unknown :-1 s=CLOSED pgs=47 cs=0 l=1 rev1=1 crypto rx=0 tx=0 comp rx=0 tx=0).stop
2024-09-12T02:55:28.655 INFO:teuthology.orchestra.run.smithi057.stdout:/usr/bin/ceph: stderr
2024-09-12T02:55:27.504+0000 7fe01be00640 1 -- 172.21.15.57:0/2165093910 >> 172.21.15.57:0/2165093910 conn(0x7fe01407ce60 msgr2=0x7fe01407d270 unknown :-1 s=STATE_NONE l=0).mark_down
2024-09-12T02:55:28.655 INFO:teuthology.orchestra.run.smithi057.stdout:/usr/bin/ceph: stderr
2024-09-12T02:55:27.504+0000 7fe01be00640 1 -- 172.21.15.57:0/2165093910 shutdown_connections
2024-09-12T02:55:28.655 INFO:teuthology.orchestra.run.smithi057.stdout:/usr/bin/ceph: stderr
2024-09-12T02:55:27.504+0000 7fe01be00640 1 -- 172.21.15.57:0/2165093910 wait complete.
2024-09-12T02:55:28.655 INFO:teuthology.orchestra.run.smithi057.stdout:/usr/bin/ceph: stderr
2024-09-12T02:55:27.505+0000 7fe01be00640 1 Processor -- start
2024-09-12T02:55:28.656 INFO:teuthology.orchestra.run.smithi057.stdout:/usr/bin/ceph: stderr
2024-09-12T02:55:27.505+0000 7fe01be00640 1 -- start start
2024-09-12T02:55:28.656 INFO:teuthology.orchestra.run.smithi057.stdout:/usr/bin/ceph: stderr
2024-09-12T02:55:27.506+0000 7fe01be00640 1 --2- >> [v2:172.21.15.57:3300/0,v1:172.21.15.57:6789/0] conn(0x7fe014109880 0x7fe01419d8d0 unknown :-1 s=NONE pgs=0 cs=0 l=1 rev1=0 crypto rx=0 tx=0 comp rx=0 tx=0).connect
2024-09-12T02:55:28.656 INFO:teuthology.orchestra.run.smithi057.stdout:/usr/bin/ceph: stderr
2024-09-12T02:55:27.506+0000 7fe01be00640 1 -- --> [v2:172.21.15.57:3300/0,v1:172.21.15.57:6789/0] -- mon_getmap magic: 0 -- 0x7fe01410de30 con 0x7fe014109880
2024-09-12T02:55:28.656 INFO:teuthology.orchestra.run.smithi057.stdout:/usr/bin/ceph: stderr
2024-09-12T02:55:27.506+0000 7fe019400640 1 --2- >> [v2:172.21.15.57:3300/0,v1:172.21.15.57:6789/0] conn(0x7fe014109880 0x7fe01419d8d0 unknown :-1 s=BANNER_CONNECTING pgs=0 cs=0 l=1 rev1=0 crypto rx=0 tx=0 comp rx=0 tx=0)._handle_peer_banner_payload supported=3 required=0
2024-09-12T02:55:28.656 INFO:teuthology.orchestra.run.smithi057.stdout:/usr/bin/ceph: stderr
2024-09-12T02:55:27.506+0000 7fe019400640 1 --2- >> [v2:172.21.15.57:3300/0,v1:172.21.15.57:6789/0] conn(0x7fe014109880 0x7fe01419d8d0 unknown :-1 s=HELLO_CONNECTING pgs=0 cs=0 l=1 rev1=1 crypto rx=0 tx=0 comp rx=0 tx=0).handle_hello peer v2:172.21.15.57:3300/0 says I am v2:172.21.15.57:42004/0 (socket says 172.21.15.57:42004)
2024-09-12T02:55:28.656 INFO:teuthology.orchestra.run.smithi057.stdout:/usr/bin/ceph: stderr
2024-09-12T02:55:27.506+0000 7fe019400640 1 -- 172.21.15.57:0/341056953 learned_addr learned my addr 172.21.15.57:0/341056953 (peer_addr_for_me v2:172.21.15.57:0/0)
2024-09-12T02:55:28.656 INFO:teuthology.orchestra.run.smithi057.stdout:/usr/bin/ceph: stderr
2024-09-12T02:55:27.506+0000 7fe019400640 1 -- 172.21.15.57:0/341056953 --> [v2:172.21.15.57:3300/0,v1:172.21.15.57:6789/0] -- mon_subscribe({config=0+,monmap=0+}) -- 0x7fe01419de10 con 0x7fe014109880
2024-09-12T02:55:28.656 INFO:teuthology.orchestra.run.smithi057.stdout:/usr/bin/ceph: stderr
2024-09-12T02:55:27.507+0000 7fe019400640 1 --2- 172.21.15.57:0/341056953 >> [v2:172.21.15.57:3300/0,v1:172.21.15.57:6789/0] conn(0x7fe014109880 0x7fe01419d8d0 secure :-1 s=READY pgs=48 cs=0 l=1 rev1=1 crypto rx=0x7fe008030560 tx=0x7fe008032670 comp rx=0 tx=0).ready entity=mon.0 client_cookie=0 server_cookie=0 in_seq=0 out_seq=0
2024-09-12T02:55:28.656 INFO:teuthology.orchestra.run.smithi057.stdout:/usr/bin/ceph: stderr
2024-09-12T02:55:27.507+0000 7fe012000640 1 -- 172.21.15.57:0/341056953 <== mon.0 v2:172.21.15.57:3300/0 1 ==== mon_map magic: 0 ==== 205+0+0 (secure 0 0 0) 0x7fe008037040 con 0x7fe014109880
2024-09-12T02:55:28.656 INFO:teuthology.orchestra.run.smithi057.stdout:/usr/bin/ceph: stderr
2024-09-12T02:55:27.507+0000 7fe012000640 1 -- 172.21.15.57:0/341056953 <== mon.0 v2:172.21.15.57:3300/0 2 ==== config(27 keys) ==== 1140+0+0 (secure 0 0 0) 0x7fe008040070 con 0x7fe014109880
2024-09-12T02:55:28.656 INFO:teuthology.orchestra.run.smithi057.stdout:/usr/bin/ceph: stderr
2024-09-12T02:55:27.507+0000 7fe012000640 1 -- 172.21.15.57:0/341056953 <== mon.0 v2:172.21.15.57:3300/0 3 ==== mon_map magic: 0 ==== 205+0+0 (secure 0 0 0) 0x7fe00803a740 con 0x7fe014109880
2024-09-12T02:55:28.656 INFO:teuthology.orchestra.run.smithi057.stdout:/usr/bin/ceph: stderr
2024-09-12T02:55:27.507+0000 7fe01be00640 1 -- 172.21.15.57:0/341056953 --> [v2:172.21.15.57:3300/0,v1:172.21.15.57:6789/0] -- mon_subscribe({mgrmap=0+}) -- 0x7fe01419e0a0 con 0x7fe014109880
2024-09-12T02:55:28.657 INFO:teuthology.orchestra.run.smithi057.stdout:/usr/bin/ceph: stderr
2024-09-12T02:55:27.507+0000 7fe01be00640 1 -- 172.21.15.57:0/341056953 --> [v2:172.21.15.57:3300/0,v1:172.21.15.57:6789/0] -- mon_subscribe({osdmap=0}) -- 0x7fe0141a0d90 con 0x7fe014109880
2024-09-12T02:55:28.657 INFO:teuthology.orchestra.run.smithi057.stdout:/usr/bin/ceph: stderr
2024-09-12T02:55:27.508+0000 7fe012000640 1 -- 172.21.15.57:0/341056953 <== mon.0 v2:172.21.15.57:3300/0 4 ==== mgrmap(e 8) ==== 46287+0+0 (secure 0 0 0) 0x7fe00803b420 con 0x7fe014109880
2024-09-12T02:55:28.657 INFO:teuthology.orchestra.run.smithi057.stdout:/usr/bin/ceph: stderr
2024-09-12T02:55:27.508+0000 7fe01be00640 1 -- 172.21.15.57:0/341056953 --> [v2:172.21.15.57:3300/0,v1:172.21.15.57:6789/0] -- mon_command({"prefix": "get_command_descriptions"} v 0) -- 0x7fe01410dfb0 con 0x7fe014109880
2024-09-12T02:55:28.657 INFO:teuthology.orchestra.run.smithi057.stdout:/usr/bin/ceph: stderr
2024-09-12T02:55:27.509+0000 7fe012000640 1 --2- 172.21.15.57:0/341056953 >> [v2:172.21.15.57:6800/522425633,v1:172.21.15.57:6801/522425633] conn(0x7fdffc038f70 0x7fdffc03b430 unknown :-1 s=NONE pgs=0 cs=0 l=1 rev1=0 crypto rx=0 tx=0 comp rx=0 tx=0).connect
2024-09-12T02:55:28.657 INFO:teuthology.orchestra.run.smithi057.stdout:/usr/bin/ceph: stderr
2024-09-12T02:55:27.509+0000 7fe012000640 1 -- 172.21.15.57:0/341056953 <== mon.0 v2:172.21.15.57:3300/0 5 ==== osd_map(2..2 src has 1..2) ==== 940+0+0 (secure 0 0 0) 0x7fe00806c650 con 0x7fe014109880
2024-09-12T02:55:28.657 INFO:teuthology.orchestra.run.smithi057.stdout:/usr/bin/ceph: stderr
2024-09-12T02:55:27.509+0000 7fe018a00640 1 --2- 172.21.15.57:0/341056953 >> [v2:172.21.15.57:6800/522425633,v1:172.21.15.57:6801/522425633] conn(0x7fdffc038f70 0x7fdffc03b430 unknown :-1 s=BANNER_CONNECTING pgs=0 cs=0 l=1 rev1=0 crypto rx=0 tx=0 comp rx=0 tx=0)._handle_peer_banner_payload supported=3 required=0
2024-09-12T02:55:28.657 INFO:teuthology.orchestra.run.smithi057.stdout:/usr/bin/ceph: stderr
2024-09-12T02:55:27.510+0000 7fe018a00640 1 --2- 172.21.15.57:0/341056953 >> [v2:172.21.15.57:6800/522425633,v1:172.21.15.57:6801/522425633] conn(0x7fdffc038f70 0x7fdffc03b430 secure :-1 s=READY pgs=13 cs=0 l=1 rev1=1 crypto rx=0x7fe0000098c0 tx=0x7fe000006db0 comp rx=0 tx=0).ready entity=mgr.14118 client_cookie=0 server_cookie=0 in_seq=0 out_seq=0
2024-09-12T02:55:28.657 INFO:teuthology.orchestra.run.smithi057.stdout:/usr/bin/ceph: stderr
2024-09-12T02:55:27.519+0000 7fe012000640 1 -- 172.21.15.57:0/341056953 <== mon.0 v2:172.21.15.57:3300/0 6 ==== mon_command_ack([{"prefix": "get_command_descriptions"}]=0 v0) ==== 72+0+188821 (secure 0 0 0) 0x7fe00804a200 con 0x7fe014109880
2024-09-12T02:55:28.657 INFO:teuthology.orchestra.run.smithi057.stdout:/usr/bin/ceph: stderr
2024-09-12T02:55:27.782+0000 7fe01be00640 1 -- 172.21.15.57:0/341056953 --> [v2:172.21.15.57:6800/522425633,v1:172.21.15.57:6801/522425633] -- mgr_command(tid 0: {"prefix": "orch apply", "service_type": "mgr", "unmanaged": true, "target": ["mon-mgr", ""]}) -- 0x7fe014107410 con 0x7fdffc038f70
2024-09-12T02:55:28.657 INFO:teuthology.orchestra.run.smithi057.stdout:/usr/bin/ceph: stderr
2024-09-12T02:55:27.787+0000 7fe012000640 1 -- 172.21.15.57:0/341056953 <== mgr.14118 v2:172.21.15.57:6800/522425633 1 ==== mgr_command_reply(tid 0: 0 ) ==== 8+0+24 (secure 0 0 0) 0x7fe014107410 con 0x7fdffc038f70
2024-09-12T02:55:28.657 INFO:teuthology.orchestra.run.smithi057.stdout:/usr/bin/ceph: stderr
2024-09-12T02:55:27.789+0000 7fe01be00640 1 -- 172.21.15.57:0/341056953 >> [v2:172.21.15.57:6800/522425633,v1:172.21.15.57:6801/522425633] conn(0x7fdffc038f70 msgr2=0x7fdffc03b430 secure :-1 s=STATE_CONNECTION_ESTABLISHED l=1).mark_down
2024-09-12T02:55:28.658 INFO:teuthology.orchestra.run.smithi057.stdout:/usr/bin/ceph: stderr
2024-09-12T02:55:27.789+0000 7fe01be00640 1 --2- 172.21.15.57:0/341056953 >> [v2:172.21.15.57:6800/522425633,v1:172.21.15.57:6801/522425633] conn(0x7fdffc038f70 0x7fdffc03b430 secure :-1 s=READY pgs=13 cs=0 l=1 rev1=1 crypto rx=0x7fe0000098c0 tx=0x7fe000006db0 comp rx=0 tx=0).stop
2024-09-12T02:55:28.658 INFO:teuthology.orchestra.run.smithi057.stdout:/usr/bin/ceph: stderr
2024-09-12T02:55:27.789+0000 7fe01be00640 1 -- 172.21.15.57:0/341056953 >> [v2:172.21.15.57:3300/0,v1:172.21.15.57:6789/0] conn(0x7fe014109880 msgr2=0x7fe01419d8d0 secure :-1 s=STATE_CONNECTION_ESTABLISHED l=1).mark_down
2024-09-12T02:55:28.658 INFO:teuthology.orchestra.run.smithi057.stdout:/usr/bin/ceph: stderr
2024-09-12T02:55:27.789+0000 7fe01be00640 1 --2- 172.21.15.57:0/341056953 >> [v2:172.21.15.57:3300/0,v1:172.21.15.57:6789/0] conn(0x7fe014109880 0x7fe01419d8d0 secure :-1 s=READY pgs=48 cs=0 l=1 rev1=1 crypto rx=0x7fe008030560 tx=0x7fe008032670 comp rx=0 tx=0).stop
2024-09-12T02:55:28.658 INFO:teuthology.orchestra.run.smithi057.stdout:/usr/bin/ceph: stderr
2024-09-12T02:55:27.789+0000 7fe01be00640 1 -- 172.21.15.57:0/341056953 shutdown_connections
2024-09-12T02:55:28.658 INFO:teuthology.orchestra.run.smithi057.stdout:/usr/bin/ceph: stderr
2024-09-12T02:55:27.789+0000 7fe01be00640 1 --2- 172.21.15.57:0/341056953 >> [v2:172.21.15.57:6800/522425633,v1:172.21.15.57:6801/522425633] conn(0x7fdffc038f70 0x7fdffc03b430 unknown :-1 s=CLOSED pgs=13 cs=0 l=1 rev1=1 crypto rx=0 tx=0 comp rx=0 tx=0).stop
2024-09-12T02:55:28.658 INFO:teuthology.orchestra.run.smithi057.stdout:/usr/bin/ceph: stderr
2024-09-12T02:55:27.789+0000 7fe01be00640 1 --2- 172.21.15.57:0/341056953 >> [v2:172.21.15.57:3300/0,v1:172.21.15.57:6789/0] conn(0x7fe014109880 0x7fe01419d8d0 unknown :-1 s=CLOSED pgs=48 cs=0 l=1 rev1=1 crypto rx=0 tx=0 comp rx=0 tx=0).stop
2024-09-12T02:55:28.658 INFO:teuthology.orchestra.run.smithi057.stdout:/usr/bin/ceph: stderr
2024-09-12T02:55:27.789+0000 7fe01be00640 1 -- 172.21.15.57:0/341056953 >> 172.21.15.57:0/341056953 conn(0x7fe01407ce60 msgr2=0x7fe014106d00 unknown :-1 s=STATE_NONE l=0).mark_down
2024-09-12T02:55:28.658 INFO:teuthology.orchestra.run.smithi057.stdout:/usr/bin/ceph: stderr
2024-09-12T02:55:27.789+0000 7fe01be00640 1 -- 172.21.15.57:0/341056953 shutdown_connections
2024-09-12T02:55:28.658 INFO:teuthology.orchestra.run.smithi057.stdout:/usr/bin/ceph: stderr
2024-09-12T02:55:27.790+0000 7fe01be00640 1 -- 172.21.15.57:0/341056953 wait complete.
2024-09-12T02:55:28.928 INFO:journalctl@ceph.mon.a.smithi057.stdout:Sep 12 02:55:28 smithi057 ceph-mon[30361]: from='client.14142 -' entity='client.admin' cmd=[{"prefix": "orch apply", "service_type": "mgr", "unmanaged": true, "target": ["mon-mgr", ""]}]: dispatch
2024-09-12T02:55:28.928 INFO:journalctl@ceph.mon.a.smithi057.stdout:Sep 12 02:55:28 smithi057 ceph-mon[30361]: Saving service mgr spec with placement count:2
2024-09-12T02:55:28.929 INFO:journalctl@ceph.mon.a.smithi057.stdout:Sep 12 02:55:28 smithi057 ceph-mon[30361]: from='mgr.14118 172.21.15.57:0/3036419448' entity='mgr.x'
2024-09-12T02:55:30.441 INFO:teuthology.orchestra.run.smithi057.stdout:/usr/bin/ceph: stderr
2024-09-12T02:55:29.646+0000 7fbcc5800640 1 Processor -- start
2024-09-12T02:55:30.441 INFO:teuthology.orchestra.run.smithi057.stdout:/usr/bin/ceph: stderr
2024-09-12T02:55:29.646+0000 7fbcc5800640 1 -- start start
2024-09-12T02:55:30.441 INFO:teuthology.orchestra.run.smithi057.stdout:/usr/bin/ceph: stderr
2024-09-12T02:55:29.647+0000 7fbcc5800640 1 --2- >> [v2:172.21.15.57:3300/0,v1:172.21.15.57:6789/0] conn(0x7fbcc010af40 0x7fbcc010b340 unknown :-1 s=NONE pgs=0 cs=0 l=0 rev1=0 crypto rx=0 tx=0 comp rx=0 tx=0).connect
2024-09-12T02:55:30.441 INFO:teuthology.orchestra.run.smithi057.stdout:/usr/bin/ceph: stderr
2024-09-12T02:55:29.647+0000 7fbcc5800640 1 -- --> [v2:172.21.15.57:3300/0,v1:172.21.15.57:6789/0] -- mon_getmap magic: 0 -- 0x7fbcc010b910 con 0x7fbcc010af40
2024-09-12T02:55:30.442 INFO:teuthology.orchestra.run.smithi057.stdout:/usr/bin/ceph: stderr
2024-09-12T02:55:29.647+0000 7fbcbea00640 1 --2- >> [v2:172.21.15.57:3300/0,v1:172.21.15.57:6789/0] conn(0x7fbcc010af40 0x7fbcc010b340 unknown :-1 s=BANNER_CONNECTING pgs=0 cs=0 l=0 rev1=0 crypto rx=0 tx=0 comp rx=0 tx=0)._handle_peer_banner_payload supported=3 required=0
2024-09-12T02:55:30.442 INFO:teuthology.orchestra.run.smithi057.stdout:/usr/bin/ceph: stderr
2024-09-12T02:55:29.647+0000 7fbcbea00640 1 --2- >> [v2:172.21.15.57:3300/0,v1:172.21.15.57:6789/0] conn(0x7fbcc010af40 0x7fbcc010b340 unknown :-1 s=HELLO_CONNECTING pgs=0 cs=0 l=0 rev1=1 crypto rx=0 tx=0 comp rx=0 tx=0).handle_hello peer v2:172.21.15.57:3300/0 says I am v2:172.21.15.57:46700/0 (socket says 172.21.15.57:46700)
2024-09-12T02:55:30.442 INFO:teuthology.orchestra.run.smithi057.stdout:/usr/bin/ceph: stderr
2024-09-12T02:55:29.647+0000 7fbcbea00640 1 -- 172.21.15.57:0/3012132200 learned_addr learned my addr 172.21.15.57:0/3012132200 (peer_addr_for_me v2:172.21.15.57:0/0)
2024-09-12T02:55:30.442 INFO:teuthology.orchestra.run.smithi057.stdout:/usr/bin/ceph: stderr
2024-09-12T02:55:29.647+0000 7fbcbea00640 1 -- 172.21.15.57:0/3012132200 --> [v2:172.21.15.57:3300/0,v1:172.21.15.57:6789/0] -- mon_subscribe({config=0+,monmap=0+}) -- 0x7fbcc010ba90 con 0x7fbcc010af40
2024-09-12T02:55:30.442 INFO:teuthology.orchestra.run.smithi057.stdout:/usr/bin/ceph: stderr
2024-09-12T02:55:29.648+0000 7fbcbea00640 1 --2- 172.21.15.57:0/3012132200 >> [v2:172.21.15.57:3300/0,v1:172.21.15.57:6789/0] conn(0x7fbcc010af40 0x7fbcc010b340 secure :-1 s=READY pgs=49 cs=0 l=1 rev1=1 crypto rx=0x7fbcb0009820 tx=0x7fbcb002a270 comp rx=0 tx=0).ready entity=mon.0 client_cookie=12aee9a7682095bc server_cookie=0 in_seq=0 out_seq=0
2024-09-12T02:55:30.442 INFO:teuthology.orchestra.run.smithi057.stdout:/usr/bin/ceph: stderr
2024-09-12T02:55:29.649+0000 7fbcbd600640 1 -- 172.21.15.57:0/3012132200 <== mon.0 v2:172.21.15.57:3300/0 1 ==== mon_map magic: 0 ==== 205+0+0 (secure 0 0 0) 0x7fbcb0037070 con 0x7fbcc010af40
2024-09-12T02:55:30.442 INFO:teuthology.orchestra.run.smithi057.stdout:/usr/bin/ceph: stderr
2024-09-12T02:55:29.649+0000 7fbcbd600640 1 -- 172.21.15.57:0/3012132200 <== mon.0 v2:172.21.15.57:3300/0 2 ==== config(27 keys) ==== 1140+0+0 (secure 0 0 0) 0x7fbcb0032920 con 0x7fbcc010af40
2024-09-12T02:55:30.442 INFO:teuthology.orchestra.run.smithi057.stdout:/usr/bin/ceph: stderr
2024-09-12T02:55:29.649+0000 7fbcbd600640 1 -- 172.21.15.57:0/3012132200 <== mon.0 v2:172.21.15.57:3300/0 3 ==== mon_map magic: 0 ==== 205+0+0 (secure 0 0 0) 0x7fbcb0030810 con 0x7fbcc010af40
2024-09-12T02:55:30.442 INFO:teuthology.orchestra.run.smithi057.stdout:/usr/bin/ceph: stderr
2024-09-12T02:55:29.649+0000 7fbcc5800640 1 -- 172.21.15.57:0/3012132200 >> [v2:172.21.15.57:3300/0,v1:172.21.15.57:6789/0] conn(0x7fbcc010af40 msgr2=0x7fbcc010b340 secure :-1 s=STATE_CONNECTION_ESTABLISHED l=1).mark_down
2024-09-12T02:55:30.442 INFO:teuthology.orchestra.run.smithi057.stdout:/usr/bin/ceph: stderr
2024-09-12T02:55:29.649+0000 7fbcc5800640 1 --2- 172.21.15.57:0/3012132200 >> [v2:172.21.15.57:3300/0,v1:172.21.15.57:6789/0] conn(0x7fbcc010af40 0x7fbcc010b340 secure :-1 s=READY pgs=49 cs=0 l=1 rev1=1 crypto rx=0x7fbcb0009820 tx=0x7fbcb002a270 comp rx=0 tx=0).stop
2024-09-12T02:55:30.442 INFO:teuthology.orchestra.run.smithi057.stdout:/usr/bin/ceph: stderr
2024-09-12T02:55:29.649+0000 7fbcc5800640 1 -- 172.21.15.57:0/3012132200 shutdown_connections
2024-09-12T02:55:30.442 INFO:teuthology.orchestra.run.smithi057.stdout:/usr/bin/ceph: stderr
2024-09-12T02:55:29.649+0000 7fbcc5800640 1 --2- 172.21.15.57:0/3012132200 >> [v2:172.21.15.57:3300/0,v1:172.21.15.57:6789/0] conn(0x7fbcc010af40 0x7fbcc010b340 unknown :-1 s=CLOSED pgs=49 cs=0 l=1 rev1=1 crypto rx=0 tx=0 comp rx=0 tx=0).stop
2024-09-12T02:55:30.442 INFO:teuthology.orchestra.run.smithi057.stdout:/usr/bin/ceph: stderr
2024-09-12T02:55:29.649+0000 7fbcc5800640 1 -- 172.21.15.57:0/3012132200 >> 172.21.15.57:0/3012132200 conn(0x7fbcc007d1e0 msgr2=0x7fbcc007d610 unknown :-1 s=STATE_NONE l=0).mark_down
2024-09-12T02:55:30.443 INFO:teuthology.orchestra.run.smithi057.stdout:/usr/bin/ceph: stderr
2024-09-12T02:55:29.650+0000 7fbcc5800640 1 -- 172.21.15.57:0/3012132200 shutdown_connections
2024-09-12T02:55:30.443 INFO:teuthology.orchestra.run.smithi057.stdout:/usr/bin/ceph: stderr
2024-09-12T02:55:29.650+0000 7fbcc5800640 1 -- 172.21.15.57:0/3012132200 wait complete.
2024-09-12T02:55:30.443 INFO:teuthology.orchestra.run.smithi057.stdout:/usr/bin/ceph: stderr
2024-09-12T02:55:29.651+0000 7fbcc5800640 1 Processor -- start
2024-09-12T02:55:30.443 INFO:teuthology.orchestra.run.smithi057.stdout:/usr/bin/ceph: stderr
2024-09-12T02:55:29.651+0000 7fbcc5800640 1 -- start start
2024-09-12T02:55:30.443 INFO:teuthology.orchestra.run.smithi057.stdout:/usr/bin/ceph: stderr
2024-09-12T02:55:29.651+0000 7fbcc5800640 1 --2- >> [v2:172.21.15.57:3300/0,v1:172.21.15.57:6789/0] conn(0x7fbcc010af40 0x7fbcc019da10 unknown :-1 s=NONE pgs=0 cs=0 l=1 rev1=0 crypto rx=0 tx=0 comp rx=0 tx=0).connect
2024-09-12T02:55:30.443 INFO:teuthology.orchestra.run.smithi057.stdout:/usr/bin/ceph: stderr
2024-09-12T02:55:29.651+0000 7fbcc5800640 1 -- --> [v2:172.21.15.57:3300/0,v1:172.21.15.57:6789/0] -- mon_getmap magic: 0 -- 0x7fbcc010dec0 con 0x7fbcc010af40
2024-09-12T02:55:30.443 INFO:teuthology.orchestra.run.smithi057.stdout:/usr/bin/ceph: stderr
2024-09-12T02:55:29.651+0000 7fbcbea00640 1 --2- >> [v2:172.21.15.57:3300/0,v1:172.21.15.57:6789/0] conn(0x7fbcc010af40 0x7fbcc019da10 unknown :-1 s=BANNER_CONNECTING pgs=0 cs=0 l=1 rev1=0 crypto rx=0 tx=0 comp rx=0 tx=0)._handle_peer_banner_payload supported=3 required=0
2024-09-12T02:55:30.443 INFO:teuthology.orchestra.run.smithi057.stdout:/usr/bin/ceph: stderr
2024-09-12T02:55:29.651+0000 7fbcbea00640 1 --2- >> [v2:172.21.15.57:3300/0,v1:172.21.15.57:6789/0] conn(0x7fbcc010af40 0x7fbcc019da10 unknown :-1 s=HELLO_CONNECTING pgs=0 cs=0 l=1 rev1=1 crypto rx=0 tx=0 comp rx=0 tx=0).handle_hello peer v2:172.21.15.57:3300/0 says I am v2:172.21.15.57:46708/0 (socket says 172.21.15.57:46708)
2024-09-12T02:55:30.443 INFO:teuthology.orchestra.run.smithi057.stdout:/usr/bin/ceph: stderr
2024-09-12T02:55:29.651+0000 7fbcbea00640 1 -- 172.21.15.57:0/827530916 learned_addr learned my addr 172.21.15.57:0/827530916 (peer_addr_for_me v2:172.21.15.57:0/0)
2024-09-12T02:55:30.443 INFO:teuthology.orchestra.run.smithi057.stdout:/usr/bin/ceph: stderr
2024-09-12T02:55:29.652+0000 7fbcbea00640 1 -- 172.21.15.57:0/827530916 --> [v2:172.21.15.57:3300/0,v1:172.21.15.57:6789/0] -- mon_subscribe({config=0+,monmap=0+}) -- 0x7fbcc019df50 con 0x7fbcc010af40
2024-09-12T02:55:30.443 INFO:teuthology.orchestra.run.smithi057.stdout:/usr/bin/ceph: stderr
2024-09-12T02:55:29.652+0000 7fbcbea00640 1 --2- 172.21.15.57:0/827530916 >> [v2:172.21.15.57:3300/0,v1:172.21.15.57:6789/0] conn(0x7fbcc010af40 0x7fbcc019da10 secure :-1 s=READY pgs=50 cs=0 l=1 rev1=1 crypto rx=0x7fbcb00097f0 tx=0x7fbcb00327b0 comp rx=0 tx=0).ready entity=mon.0 client_cookie=0 server_cookie=0 in_seq=0 out_seq=0
2024-09-12T02:55:30.443 INFO:teuthology.orchestra.run.smithi057.stdout:/usr/bin/ceph: stderr
2024-09-12T02:55:29.652+0000 7fbcb7400640 1 -- 172.21.15.57:0/827530916 <== mon.0 v2:172.21.15.57:3300/0 1 ==== mon_map magic: 0 ==== 205+0+0 (secure 0 0 0) 0x7fbcb0037040 con 0x7fbcc010af40
2024-09-12T02:55:30.443 INFO:teuthology.orchestra.run.smithi057.stdout:/usr/bin/ceph: stderr
2024-09-12T02:55:29.652+0000 7fbcb7400640 1 -- 172.21.15.57:0/827530916 <== mon.0 v2:172.21.15.57:3300/0 2 ==== config(27 keys) ==== 1140+0+0 (secure 0 0 0) 0x7fbcb0030cc0 con 0x7fbcc010af40
2024-09-12T02:55:30.444 INFO:teuthology.orchestra.run.smithi057.stdout:/usr/bin/ceph: stderr
2024-09-12T02:55:29.652+0000 7fbcc5800640 1 -- 172.21.15.57:0/827530916 --> [v2:172.21.15.57:3300/0,v1:172.21.15.57:6789/0] -- mon_subscribe({mgrmap=0+}) -- 0x7fbcc019e1e0 con 0x7fbcc010af40
2024-09-12T02:55:30.444 INFO:teuthology.orchestra.run.smithi057.stdout:/usr/bin/ceph: stderr
2024-09-12T02:55:29.653+0000 7fbcb7400640 1 -- 172.21.15.57:0/827530916 <== mon.0 v2:172.21.15.57:3300/0 3 ==== mon_map magic: 0 ==== 205+0+0 (secure 0 0 0) 0x7fbcb003a640 con 0x7fbcc010af40
2024-09-12T02:55:30.444 INFO:teuthology.orchestra.run.smithi057.stdout:/usr/bin/ceph: stderr
2024-09-12T02:55:29.653+0000 7fbcc5800640 1 -- 172.21.15.57:0/827530916 --> [v2:172.21.15.57:3300/0,v1:172.21.15.57:6789/0] -- mon_subscribe({osdmap=0}) -- 0x7fbcc01a0ed0 con 0x7fbcc010af40
2024-09-12T02:55:30.444 INFO:teuthology.orchestra.run.smithi057.stdout:/usr/bin/ceph: stderr
2024-09-12T02:55:29.654+0000 7fbcc5800640 1 -- 172.21.15.57:0/827530916 --> [v2:172.21.15.57:3300/0,v1:172.21.15.57:6789/0] -- mon_command({"prefix": "get_command_descriptions"} v 0) -- 0x7fbcc010b3c0 con 0x7fbcc010af40
2024-09-12T02:55:30.444 INFO:teuthology.orchestra.run.smithi057.stdout:/usr/bin/ceph: stderr
2024-09-12T02:55:29.654+0000 7fbcb7400640 1 -- 172.21.15.57:0/827530916 <== mon.0 v2:172.21.15.57:3300/0 4 ==== mgrmap(e 8) ==== 46287+0+0 (secure 0 0 0) 0x7fbcb003b3f0 con 0x7fbcc010af40
2024-09-12T02:55:30.444 INFO:teuthology.orchestra.run.smithi057.stdout:/usr/bin/ceph: stderr
2024-09-12T02:55:29.654+0000 7fbcb7400640 1 --2- 172.21.15.57:0/827530916 >> [v2:172.21.15.57:6800/522425633,v1:172.21.15.57:6801/522425633] conn(0x7fbca4038fc0 0x7fbca403b480 unknown :-1 s=NONE pgs=0 cs=0 l=1 rev1=0 crypto rx=0 tx=0 comp rx=0 tx=0).connect
2024-09-12T02:55:30.444 INFO:teuthology.orchestra.run.smithi057.stdout:/usr/bin/ceph: stderr
2024-09-12T02:55:29.655+0000 7fbcb7400640 1 -- 172.21.15.57:0/827530916 <== mon.0 v2:172.21.15.57:3300/0 5 ==== osd_map(2..2 src has 1..2) ==== 940+0+0 (secure 0 0 0) 0x7fbcb006c510 con 0x7fbcc010af40
2024-09-12T02:55:30.444 INFO:teuthology.orchestra.run.smithi057.stdout:/usr/bin/ceph: stderr
2024-09-12T02:55:29.655+0000 7fbcbe000640 1 --2- 172.21.15.57:0/827530916 >> [v2:172.21.15.57:6800/522425633,v1:172.21.15.57:6801/522425633] conn(0x7fbca4038fc0 0x7fbca403b480 unknown :-1 s=BANNER_CONNECTING pgs=0 cs=0 l=1 rev1=0 crypto rx=0 tx=0 comp rx=0 tx=0)._handle_peer_banner_payload supported=3 required=0
2024-09-12T02:55:30.444 INFO:teuthology.orchestra.run.smithi057.stdout:/usr/bin/ceph: stderr
2024-09-12T02:55:29.655+0000 7fbcbe000640 1 --2- 172.21.15.57:0/827530916 >> [v2:172.21.15.57:6800/522425633,v1:172.21.15.57:6801/522425633] conn(0x7fbca4038fc0 0x7fbca403b480 secure :-1 s=READY pgs=14 cs=0 l=1 rev1=1 crypto rx=0x7fbcac0098c0 tx=0x7fbcac006db0 comp rx=0 tx=0).ready entity=mgr.14118 client_cookie=0 server_cookie=0 in_seq=0 out_seq=0
2024-09-12T02:55:30.444 INFO:teuthology.orchestra.run.smithi057.stdout:/usr/bin/ceph: stderr
2024-09-12T02:55:29.660+0000 7fbcb7400640 1 -- 172.21.15.57:0/827530916 <== mon.0 v2:172.21.15.57:3300/0 6 ==== mon_command_ack([{"prefix": "get_command_descriptions"}]=0 v0) ==== 72+0+188821 (secure 0 0 0) 0x7fbcb00328c0 con 0x7fbcc010af40
2024-09-12T02:55:30.444 INFO:teuthology.orchestra.run.smithi057.stdout:/usr/bin/ceph: stderr
2024-09-12T02:55:29.850+0000 7fbcc5800640 1 -- 172.21.15.57:0/827530916 --> [v2:172.21.15.57:3300/0,v1:172.21.15.57:6789/0] -- mon_command([{prefix=config set, name=mgr/cephadm/container_init}] v 0) -- 0x7fbcc01a13c0 con 0x7fbcc010af40
2024-09-12T02:55:30.444 INFO:teuthology.orchestra.run.smithi057.stdout:/usr/bin/ceph: stderr
2024-09-12T02:55:29.855+0000 7fbcb7400640 1 -- 172.21.15.57:0/827530916 <== mon.0 v2:172.21.15.57:3300/0 7 ==== mon_command_ack([{prefix=config set, name=mgr/cephadm/container_init}]=0 v7)=0 v7) ==== 142+0+0 (secure 0 0 0) 0x7fbcb0042dc0 con 0x7fbcc010af40
2024-09-12T02:55:30.445 INFO:teuthology.orchestra.run.smithi057.stdout:/usr/bin/ceph: stderr
2024-09-12T02:55:29.857+0000 7fbcc5800640 1 -- 172.21.15.57:0/827530916 >> [v2:172.21.15.57:6800/522425633,v1:172.21.15.57:6801/522425633] conn(0x7fbca4038fc0 msgr2=0x7fbca403b480 secure :-1 s=STATE_CONNECTION_ESTABLISHED l=1).mark_down
2024-09-12T02:55:30.445 INFO:teuthology.orchestra.run.smithi057.stdout:/usr/bin/ceph: stderr
2024-09-12T02:55:29.857+0000 7fbcc5800640 1 --2- 172.21.15.57:0/827530916 >> [v2:172.21.15.57:6800/522425633,v1:172.21.15.57:6801/522425633] conn(0x7fbca4038fc0 0x7fbca403b480 secure :-1 s=READY pgs=14 cs=0 l=1 rev1=1 crypto rx=0x7fbcac0098c0 tx=0x7fbcac006db0 comp rx=0 tx=0).stop
2024-09-12T02:55:30.445 INFO:teuthology.orchestra.run.smithi057.stdout:/usr/bin/ceph: stderr
2024-09-12T02:55:29.857+0000 7fbcc5800640 1 -- 172.21.15.57:0/827530916 >> [v2:172.21.15.57:3300/0,v1:172.21.15.57:6789/0] conn(0x7fbcc010af40 msgr2=0x7fbcc019da10 secure :-1 s=STATE_CONNECTION_ESTABLISHED l=1).mark_down
2024-09-12T02:55:30.445 INFO:teuthology.orchestra.run.smithi057.stdout:/usr/bin/ceph: stderr
2024-09-12T02:55:29.857+0000 7fbcc5800640 1 --2- 172.21.15.57:0/827530916 >> [v2:172.21.15.57:3300/0,v1:172.21.15.57:6789/0] conn(0x7fbcc010af40 0x7fbcc019da10 secure :-1 s=READY pgs=50 cs=0 l=1 rev1=1 crypto rx=0x7fbcb00097f0 tx=0x7fbcb00327b0 comp rx=0 tx=0).stop
2024-09-12T02:55:30.445 INFO:teuthology.orchestra.run.smithi057.stdout:/usr/bin/ceph: stderr
2024-09-12T02:55:29.857+0000 7fbcc5800640 1 -- 172.21.15.57:0/827530916 shutdown_connections
2024-09-12T02:55:30.445 INFO:teuthology.orchestra.run.smithi057.stdout:/usr/bin/ceph: stderr
2024-09-12T02:55:29.857+0000 7fbcc5800640 1 --2- 172.21.15.57:0/827530916 >> [v2:172.21.15.57:6800/522425633,v1:172.21.15.57:6801/522425633] conn(0x7fbca4038fc0 0x7fbca403b480 unknown :-1 s=CLOSED pgs=14 cs=0 l=1 rev1=1 crypto rx=0 tx=0 comp rx=0 tx=0).stop
2024-09-12T02:55:30.445 INFO:teuthology.orchestra.run.smithi057.stdout:/usr/bin/ceph: stderr
2024-09-12T02:55:29.857+0000 7fbcc5800640 1 --2- 172.21.15.57:0/827530916 >> [v2:172.21.15.57:3300/0,v1:172.21.15.57:6789/0] conn(0x7fbcc010af40 0x7fbcc019da10 unknown :-1 s=CLOSED pgs=50 cs=0 l=1 rev1=1 crypto rx=0 tx=0 comp rx=0 tx=0).stop
2024-09-12T02:55:30.445 INFO:teuthology.orchestra.run.smithi057.stdout:/usr/bin/ceph: stderr
2024-09-12T02:55:29.857+0000 7fbcc5800640 1 -- 172.21.15.57:0/827530916 >> 172.21.15.57:0/827530916 conn(0x7fbcc007d1e0 msgr2=0x7fbcc0107cd0 unknown :-1 s=STATE_NONE l=0).mark_down
2024-09-12T02:55:30.445 INFO:teuthology.orchestra.run.smithi057.stdout:/usr/bin/ceph: stderr
2024-09-12T02:55:29.857+0000 7fbcc5800640 1 -- 172.21.15.57:0/827530916 shutdown_connections
2024-09-12T02:55:30.445 INFO:teuthology.orchestra.run.smithi057.stdout:/usr/bin/ceph: stderr
2024-09-12T02:55:29.858+0000 7fbcc5800640 1 -- 172.21.15.57:0/827530916 wait complete.
2024-09-12T02:55:30.724 INFO:journalctl@ceph.mon.a.smithi057.stdout:Sep 12 02:55:30 smithi057 ceph-mon[30361]: from='mgr.14118 172.21.15.57:0/3036419448' entity='mgr.x'
2024-09-12T02:55:30.724 INFO:journalctl@ceph.mon.a.smithi057.stdout:Sep 12 02:55:30 smithi057 ceph-mon[30361]: from='client.? 172.21.15.57:0/827530916' entity='client.admin'
2024-09-12T02:55:31.834 INFO:journalctl@ceph.mon.a.smithi057.stdout:Sep 12 02:55:31 smithi057 ceph-mon[30361]: pgmap v3: 0 pgs: ; 0 B data, 0 B used, 0 B / 0 B avail
2024-09-12T02:55:31.834 INFO:journalctl@ceph.mon.a.smithi057.stdout:Sep 12 02:55:31 smithi057 ceph-mon[30361]: from='mgr.14118 172.21.15.57:0/3036419448' entity='mgr.x'
2024-09-12T02:55:31.834 INFO:journalctl@ceph.mon.a.smithi057.stdout:Sep 12 02:55:31 smithi057 ceph-mon[30361]: from='client.? 172.21.15.57:0/2180005371' entity='client.admin'
2024-09-12T02:55:31.844 INFO:teuthology.orchestra.run.smithi057.stdout:/usr/bin/ceph: stderr
2024-09-12T02:55:30.976+0000 7f0e1f800640 1 Processor -- start
2024-09-12T02:55:31.844 INFO:teuthology.orchestra.run.smithi057.stdout:/usr/bin/ceph: stderr
2024-09-12T02:55:30.977+0000 7f0e1f800640 1 -- start start
2024-09-12T02:55:31.844 INFO:teuthology.orchestra.run.smithi057.stdout:/usr/bin/ceph: stderr
2024-09-12T02:55:30.977+0000 7f0e1f800640 1 --2- >> [v2:172.21.15.57:3300/0,v1:172.21.15.57:6789/0] conn(0x7f0e1810af40 0x7f0e1810b340 unknown :-1 s=NONE pgs=0 cs=0 l=0 rev1=0 crypto rx=0 tx=0 comp rx=0 tx=0).connect
2024-09-12T02:55:31.844 INFO:teuthology.orchestra.run.smithi057.stdout:/usr/bin/ceph: stderr
2024-09-12T02:55:30.977+0000 7f0e1f800640 1 -- --> [v2:172.21.15.57:3300/0,v1:172.21.15.57:6789/0] -- mon_getmap magic: 0 -- 0x7f0e1810b910 con 0x7f0e1810af40
2024-09-12T02:55:31.844 INFO:teuthology.orchestra.run.smithi057.stdout:/usr/bin/ceph: stderr
2024-09-12T02:55:30.977+0000 7f0e1ce00640 1 --2- >> [v2:172.21.15.57:3300/0,v1:172.21.15.57:6789/0] conn(0x7f0e1810af40 0x7f0e1810b340 unknown :-1 s=BANNER_CONNECTING pgs=0 cs=0 l=0 rev1=0 crypto rx=0 tx=0 comp rx=0 tx=0)._handle_peer_banner_payload supported=3 required=0
2024-09-12T02:55:31.844 INFO:teuthology.orchestra.run.smithi057.stdout:/usr/bin/ceph: stderr
2024-09-12T02:55:30.977+0000 7f0e1ce00640 1 --2- >> [v2:172.21.15.57:3300/0,v1:172.21.15.57:6789/0] conn(0x7f0e1810af40 0x7f0e1810b340 unknown :-1 s=HELLO_CONNECTING pgs=0 cs=0 l=0 rev1=1 crypto rx=0 tx=0 comp rx=0 tx=0).handle_hello peer v2:172.21.15.57:3300/0 says I am v2:172.21.15.57:46714/0 (socket says 172.21.15.57:46714)
2024-09-12T02:55:31.844 INFO:teuthology.orchestra.run.smithi057.stdout:/usr/bin/ceph: stderr
2024-09-12T02:55:30.977+0000 7f0e1ce00640 1 -- 172.21.15.57:0/2993696075 learned_addr learned my addr 172.21.15.57:0/2993696075 (peer_addr_for_me v2:172.21.15.57:0/0)
2024-09-12T02:55:31.844 INFO:teuthology.orchestra.run.smithi057.stdout:/usr/bin/ceph: stderr
2024-09-12T02:55:30.978+0000 7f0e1ce00640 1 -- 172.21.15.57:0/2993696075 --> [v2:172.21.15.57:3300/0,v1:172.21.15.57:6789/0] -- mon_subscribe({config=0+,monmap=0+}) -- 0x7f0e1810ba90 con 0x7f0e1810af40
2024-09-12T02:55:31.844 INFO:teuthology.orchestra.run.smithi057.stdout:/usr/bin/ceph: stderr
2024-09-12T02:55:30.979+0000 7f0e1ce00640 1 --2- 172.21.15.57:0/2993696075 >> [v2:172.21.15.57:3300/0,v1:172.21.15.57:6789/0] conn(0x7f0e1810af40 0x7f0e1810b340 secure :-1 s=READY pgs=51 cs=0 l=1 rev1=1 crypto rx=0x7f0e0c009820 tx=0x7f0e0c02a270 comp rx=0 tx=0).ready entity=mon.0 client_cookie=ff283aab57aa0cb server_cookie=0 in_seq=0 out_seq=0
2024-09-12T02:55:31.844 INFO:teuthology.orchestra.run.smithi057.stdout:/usr/bin/ceph: stderr
2024-09-12T02:55:30.979+0000 7f0e17400640 1 -- 172.21.15.57:0/2993696075 <== mon.0 v2:172.21.15.57:3300/0 1 ==== mon_map magic: 0 ==== 205+0+0 (secure 0 0 0) 0x7f0e0c037070 con 0x7f0e1810af40
2024-09-12T02:55:31.845 INFO:teuthology.orchestra.run.smithi057.stdout:/usr/bin/ceph: stderr
2024-09-12T02:55:30.979+0000 7f0e17400640 1 -- 172.21.15.57:0/2993696075 <== mon.0 v2:172.21.15.57:3300/0 2 ==== config(27 keys) ==== 1140+0+0 (secure 0 0 0) 0x7f0e0c032920 con 0x7f0e1810af40
2024-09-12T02:55:31.845 INFO:teuthology.orchestra.run.smithi057.stdout:/usr/bin/ceph: stderr
2024-09-12T02:55:30.979+0000 7f0e17400640 1 -- 172.21.15.57:0/2993696075 <== mon.0 v2:172.21.15.57:3300/0 3 ==== mon_map magic: 0 ==== 205+0+0 (secure 0 0 0) 0x7f0e0c030810 con 0x7f0e1810af40
2024-09-12T02:55:31.845 INFO:teuthology.orchestra.run.smithi057.stdout:/usr/bin/ceph: stderr
2024-09-12T02:55:30.980+0000 7f0e1f800640 1 -- 172.21.15.57:0/2993696075 >> [v2:172.21.15.57:3300/0,v1:172.21.15.57:6789/0] conn(0x7f0e1810af40 msgr2=0x7f0e1810b340 secure :-1 s=STATE_CONNECTION_ESTABLISHED l=1).mark_down
2024-09-12T02:55:31.845 INFO:teuthology.orchestra.run.smithi057.stdout:/usr/bin/ceph: stderr
2024-09-12T02:55:30.980+0000 7f0e1f800640 1 --2- 172.21.15.57:0/2993696075 >> [v2:172.21.15.57:3300/0,v1:172.21.15.57:6789/0] conn(0x7f0e1810af40 0x7f0e1810b340 secure :-1 s=READY pgs=51 cs=0 l=1 rev1=1 crypto rx=0x7f0e0c009820 tx=0x7f0e0c02a270 comp rx=0 tx=0).stop
2024-09-12T02:55:31.845 INFO:teuthology.orchestra.run.smithi057.stdout:/usr/bin/ceph: stderr
2024-09-12T02:55:30.980+0000 7f0e1f800640 1 -- 172.21.15.57:0/2993696075 shutdown_connections
2024-09-12T02:55:31.845 INFO:teuthology.orchestra.run.smithi057.stdout:/usr/bin/ceph: stderr
2024-09-12T02:55:30.980+0000 7f0e1f800640 1 --2- 172.21.15.57:0/2993696075 >> [v2:172.21.15.57:3300/0,v1:172.21.15.57:6789/0] conn(0x7f0e1810af40 0x7f0e1810b340 unknown :-1 s=CLOSED pgs=51 cs=0 l=1 rev1=1 crypto rx=0 tx=0 comp rx=0 tx=0).stop
2024-09-12T02:55:31.845 INFO:teuthology.orchestra.run.smithi057.stdout:/usr/bin/ceph: stderr
2024-09-12T02:55:30.980+0000 7f0e1f800640 1 -- 172.21.15.57:0/2993696075 >> 172.21.15.57:0/2993696075 conn(0x7f0e1807d1e0 msgr2=0x7f0e1807d610 unknown :-1 s=STATE_NONE l=0).mark_down
2024-09-12T02:55:31.845 INFO:teuthology.orchestra.run.smithi057.stdout:/usr/bin/ceph: stderr
2024-09-12T02:55:30.980+0000 7f0e1f800640 1 -- 172.21.15.57:0/2993696075 shutdown_connections
2024-09-12T02:55:31.845 INFO:teuthology.orchestra.run.smithi057.stdout:/usr/bin/ceph: stderr
2024-09-12T02:55:30.980+0000 7f0e1f800640 1 -- 172.21.15.57:0/2993696075 wait complete.
2024-09-12T02:55:31.845 INFO:teuthology.orchestra.run.smithi057.stdout:/usr/bin/ceph: stderr
2024-09-12T02:55:30.981+0000 7f0e1f800640 1 Processor -- start
2024-09-12T02:55:31.845 INFO:teuthology.orchestra.run.smithi057.stdout:/usr/bin/ceph: stderr
2024-09-12T02:55:30.981+0000 7f0e1f800640 1 -- start start
2024-09-12T02:55:31.845 INFO:teuthology.orchestra.run.smithi057.stdout:/usr/bin/ceph: stderr
2024-09-12T02:55:30.981+0000 7f0e1f800640 1 --2- >> [v2:172.21.15.57:3300/0,v1:172.21.15.57:6789/0] conn(0x7f0e1810af40 0x7f0e1819da10 unknown :-1 s=NONE pgs=0 cs=0 l=1 rev1=0 crypto rx=0 tx=0 comp rx=0 tx=0).connect
2024-09-12T02:55:31.846 INFO:teuthology.orchestra.run.smithi057.stdout:/usr/bin/ceph: stderr
2024-09-12T02:55:30.981+0000 7f0e1f800640 1 -- --> [v2:172.21.15.57:3300/0,v1:172.21.15.57:6789/0] -- mon_getmap magic: 0 -- 0x7f0e1810dec0 con 0x7f0e1810af40
2024-09-12T02:55:31.846 INFO:teuthology.orchestra.run.smithi057.stdout:/usr/bin/ceph: stderr
2024-09-12T02:55:30.982+0000 7f0e1ce00640 1 --2- >> [v2:172.21.15.57:3300/0,v1:172.21.15.57:6789/0] conn(0x7f0e1810af40 0x7f0e1819da10 unknown :-1 s=BANNER_CONNECTING pgs=0 cs=0 l=1 rev1=0 crypto rx=0 tx=0 comp rx=0 tx=0)._handle_peer_banner_payload supported=3 required=0
2024-09-12T02:55:31.846 INFO:teuthology.orchestra.run.smithi057.stdout:/usr/bin/ceph: stderr
2024-09-12T02:55:30.982+0000 7f0e1ce00640 1 --2- >> [v2:172.21.15.57:3300/0,v1:172.21.15.57:6789/0] conn(0x7f0e1810af40 0x7f0e1819da10 unknown :-1 s=HELLO_CONNECTING pgs=0 cs=0 l=1 rev1=1 crypto rx=0 tx=0 comp rx=0 tx=0).handle_hello peer v2:172.21.15.57:3300/0 says I am v2:172.21.15.57:46726/0 (socket says 172.21.15.57:46726)
2024-09-12T02:55:31.846 INFO:teuthology.orchestra.run.smithi057.stdout:/usr/bin/ceph: stderr
2024-09-12T02:55:30.982+0000 7f0e1ce00640 1 -- 172.21.15.57:0/2180005371 learned_addr learned my addr 172.21.15.57:0/2180005371 (peer_addr_for_me v2:172.21.15.57:0/0)
2024-09-12T02:55:31.846 INFO:teuthology.orchestra.run.smithi057.stdout:/usr/bin/ceph: stderr
2024-09-12T02:55:30.982+0000 7f0e1ce00640 1 -- 172.21.15.57:0/2180005371 --> [v2:172.21.15.57:3300/0,v1:172.21.15.57:6789/0] -- mon_subscribe({config=0+,monmap=0+}) -- 0x7f0e1819df50 con 0x7f0e1810af40
2024-09-12T02:55:31.846 INFO:teuthology.orchestra.run.smithi057.stdout:/usr/bin/ceph: stderr
2024-09-12T02:55:30.982+0000 7f0e1ce00640 1 --2- 172.21.15.57:0/2180005371 >> [v2:172.21.15.57:3300/0,v1:172.21.15.57:6789/0] conn(0x7f0e1810af40 0x7f0e1819da10 secure :-1 s=READY pgs=52 cs=0 l=1 rev1=1 crypto rx=0x7f0e0c0097f0 tx=0x7f0e0c0327b0 comp rx=0 tx=0).ready entity=mon.0 client_cookie=0 server_cookie=0 in_seq=0 out_seq=0
2024-09-12T02:55:31.846 INFO:teuthology.orchestra.run.smithi057.stdout:/usr/bin/ceph: stderr
2024-09-12T02:55:30.983+0000 7f0e15600640 1 -- 172.21.15.57:0/2180005371 <== mon.0 v2:172.21.15.57:3300/0 1 ==== mon_map magic: 0 ==== 205+0+0 (secure 0 0 0) 0x7f0e0c037040 con 0x7f0e1810af40
2024-09-12T02:55:31.846 INFO:teuthology.orchestra.run.smithi057.stdout:/usr/bin/ceph: stderr
2024-09-12T02:55:30.983+0000 7f0e15600640 1 -- 172.21.15.57:0/2180005371 <== mon.0 v2:172.21.15.57:3300/0 2 ==== config(27 keys) ==== 1140+0+0 (secure 0 0 0) 0x7f0e0c030cc0 con 0x7f0e1810af40
2024-09-12T02:55:31.846 INFO:teuthology.orchestra.run.smithi057.stdout:/usr/bin/ceph: stderr
2024-09-12T02:55:30.983+0000 7f0e1f800640 1 -- 172.21.15.57:0/2180005371 --> [v2:172.21.15.57:3300/0,v1:172.21.15.57:6789/0] -- mon_subscribe({mgrmap=0+}) -- 0x7f0e1819e1e0 con 0x7f0e1810af40
2024-09-12T02:55:31.846 INFO:teuthology.orchestra.run.smithi057.stdout:/usr/bin/ceph: stderr
2024-09-12T02:55:30.983+0000 7f0e15600640 1 -- 172.21.15.57:0/2180005371 <== mon.0 v2:172.21.15.57:3300/0 3 ==== mon_map magic: 0 ==== 205+0+0 (secure 0 0 0) 0x7f0e0c03a640 con 0x7f0e1810af40
2024-09-12T02:55:31.846 INFO:teuthology.orchestra.run.smithi057.stdout:/usr/bin/ceph: stderr
2024-09-12T02:55:30.983+0000 7f0e1f800640 1 -- 172.21.15.57:0/2180005371 --> [v2:172.21.15.57:3300/0,v1:172.21.15.57:6789/0] -- mon_subscribe({osdmap=0}) -- 0x7f0e181a0ed0 con 0x7f0e1810af40
2024-09-12T02:55:31.846 INFO:teuthology.orchestra.run.smithi057.stdout:/usr/bin/ceph: stderr
2024-09-12T02:55:30.984+0000 7f0e1f800640 1 -- 172.21.15.57:0/2180005371 --> [v2:172.21.15.57:3300/0,v1:172.21.15.57:6789/0] -- mon_command({"prefix": "get_command_descriptions"} v 0) -- 0x7f0e1810b3c0 con 0x7f0e1810af40
2024-09-12T02:55:31.847 INFO:teuthology.orchestra.run.smithi057.stdout:/usr/bin/ceph: stderr
2024-09-12T02:55:30.985+0000 7f0e15600640 1 -- 172.21.15.57:0/2180005371 <== mon.0 v2:172.21.15.57:3300/0 4 ==== mgrmap(e 8) ==== 46287+0+0 (secure 0 0 0) 0x7f0e0c03b3f0 con 0x7f0e1810af40
2024-09-12T02:55:31.847 INFO:teuthology.orchestra.run.smithi057.stdout:/usr/bin/ceph: stderr
2024-09-12T02:55:30.985+0000 7f0e15600640 1 --2- 172.21.15.57:0/2180005371 >> [v2:172.21.15.57:6800/522425633,v1:172.21.15.57:6801/522425633] conn(0x7f0e00038fc0 0x7f0e0003b480 unknown :-1 s=NONE pgs=0 cs=0 l=1 rev1=0 crypto rx=0 tx=0 comp rx=0 tx=0).connect
2024-09-12T02:55:31.847 INFO:teuthology.orchestra.run.smithi057.stdout:/usr/bin/ceph: stderr
2024-09-12T02:55:30.985+0000 7f0e15600640 1 -- 172.21.15.57:0/2180005371 <== mon.0 v2:172.21.15.57:3300/0 5 ==== osd_map(2..2 src has 1..2) ==== 940+0+0 (secure 0 0 0) 0x7f0e0c06c590 con 0x7f0e1810af40
2024-09-12T02:55:31.847 INFO:teuthology.orchestra.run.smithi057.stdout:/usr/bin/ceph: stderr
2024-09-12T02:55:30.985+0000 7f0e17e00640 1 --2- 172.21.15.57:0/2180005371 >> [v2:172.21.15.57:6800/522425633,v1:172.21.15.57:6801/522425633] conn(0x7f0e00038fc0 0x7f0e0003b480 unknown :-1 s=BANNER_CONNECTING pgs=0 cs=0 l=1 rev1=0 crypto rx=0 tx=0 comp rx=0 tx=0)._handle_peer_banner_payload supported=3 required=0
2024-09-12T02:55:31.847 INFO:teuthology.orchestra.run.smithi057.stdout:/usr/bin/ceph: stderr
2024-09-12T02:55:30.986+0000 7f0e17e00640 1 --2- 172.21.15.57:0/2180005371 >> [v2:172.21.15.57:6800/522425633,v1:172.21.15.57:6801/522425633] conn(0x7f0e00038fc0 0x7f0e0003b480 secure :-1 s=READY pgs=15 cs=0 l=1 rev1=1 crypto rx=0x7f0e040098c0 tx=0x7f0e04006db0 comp rx=0 tx=0).ready entity=mgr.14118 client_cookie=0 server_cookie=0 in_seq=0 out_seq=0
2024-09-12T02:55:31.847 INFO:teuthology.orchestra.run.smithi057.stdout:/usr/bin/ceph: stderr
2024-09-12T02:55:30.990+0000 7f0e15600640 1 -- 172.21.15.57:0/2180005371 <== mon.0 v2:172.21.15.57:3300/0 6 ==== mon_command_ack([{"prefix": "get_command_descriptions"}]=0 v0) ==== 72+0+188821 (secure 0 0 0) 0x7f0e0c0328c0 con 0x7f0e1810af40
2024-09-12T02:55:31.847 INFO:teuthology.orchestra.run.smithi057.stdout:/usr/bin/ceph: stderr
2024-09-12T02:55:31.187+0000 7f0e1f800640 1 -- 172.21.15.57:0/2180005371 --> [v2:172.21.15.57:3300/0,v1:172.21.15.57:6789/0] -- mon_command([{prefix=config set, name=mgr/dashboard/ssl_server_port}] v 0) -- 0x7f0e181a13c0 con 0x7f0e1810af40
2024-09-12T02:55:31.847 INFO:teuthology.orchestra.run.smithi057.stdout:/usr/bin/ceph: stderr
2024-09-12T02:55:31.190+0000 7f0e15600640 1 -- 172.21.15.57:0/2180005371 <== mon.0 v2:172.21.15.57:3300/0 7 ==== mon_command_ack([{prefix=config set, name=mgr/dashboard/ssl_server_port}]=0 v8)=0 v8) ==== 130+0+0 (secure 0 0 0) 0x7f0e0c06bee0 con 0x7f0e1810af40
2024-09-12T02:55:31.847 INFO:teuthology.orchestra.run.smithi057.stdout:/usr/bin/ceph: stderr
2024-09-12T02:55:31.192+0000 7f0e1f800640 1 -- 172.21.15.57:0/2180005371 >> [v2:172.21.15.57:6800/522425633,v1:172.21.15.57:6801/522425633] conn(0x7f0e00038fc0 msgr2=0x7f0e0003b480 secure :-1 s=STATE_CONNECTION_ESTABLISHED l=1).mark_down
2024-09-12T02:55:31.847 INFO:teuthology.orchestra.run.smithi057.stdout:/usr/bin/ceph: stderr
2024-09-12T02:55:31.192+0000 7f0e1f800640 1 --2- 172.21.15.57:0/2180005371 >> [v2:172.21.15.57:6800/522425633,v1:172.21.15.57:6801/522425633] conn(0x7f0e00038fc0 0x7f0e0003b480 secure :-1 s=READY pgs=15 cs=0 l=1 rev1=1 crypto rx=0x7f0e040098c0 tx=0x7f0e04006db0 comp rx=0 tx=0).stop
2024-09-12T02:55:31.847 INFO:teuthology.orchestra.run.smithi057.stdout:/usr/bin/ceph: stderr
2024-09-12T02:55:31.192+0000 7f0e1f800640 1 -- 172.21.15.57:0/2180005371 >> [v2:172.21.15.57:3300/0,v1:172.21.15.57:6789/0] conn(0x7f0e1810af40 msgr2=0x7f0e1819da10 secure :-1 s=STATE_CONNECTION_ESTABLISHED l=1).mark_down
2024-09-12T02:55:31.847 INFO:teuthology.orchestra.run.smithi057.stdout:/usr/bin/ceph: stderr
2024-09-12T02:55:31.192+0000 7f0e1f800640 1 --2- 172.21.15.57:0/2180005371 >> [v2:172.21.15.57:3300/0,v1:172.21.15.57:6789/0] conn(0x7f0e1810af40 0x7f0e1819da10 secure :-1 s=READY pgs=52 cs=0 l=1 rev1=1 crypto rx=0x7f0e0c0097f0 tx=0x7f0e0c0327b0 comp rx=0 tx=0).stop
2024-09-12T02:55:31.848 INFO:teuthology.orchestra.run.smithi057.stdout:/usr/bin/ceph: stderr
2024-09-12T02:55:31.192+0000 7f0e1f800640 1 -- 172.21.15.57:0/2180005371 shutdown_connections
2024-09-12T02:55:31.848 INFO:teuthology.orchestra.run.smithi057.stdout:/usr/bin/ceph: stderr
2024-09-12T02:55:31.192+0000 7f0e1f800640 1 --2- 172.21.15.57:0/2180005371 >> [v2:172.21.15.57:6800/522425633,v1:172.21.15.57:6801/522425633] conn(0x7f0e00038fc0 0x7f0e0003b480 unknown :-1 s=CLOSED pgs=15 cs=0 l=1 rev1=1 crypto rx=0 tx=0 comp rx=0 tx=0).stop
2024-09-12T02:55:31.848 INFO:teuthology.orchestra.run.smithi057.stdout:/usr/bin/ceph: stderr
2024-09-12T02:55:31.192+0000 7f0e1f800640 1 --2- 172.21.15.57:0/2180005371 >> [v2:172.21.15.57:3300/0,v1:172.21.15.57:6789/0] conn(0x7f0e1810af40 0x7f0e1819da10 unknown :-1 s=CLOSED pgs=52 cs=0 l=1 rev1=1 crypto rx=0 tx=0 comp rx=0 tx=0).stop
2024-09-12T02:55:31.848 INFO:teuthology.orchestra.run.smithi057.stdout:/usr/bin/ceph: stderr
2024-09-12T02:55:31.192+0000 7f0e1f800640 1 -- 172.21.15.57:0/2180005371 >> 172.21.15.57:0/2180005371 conn(0x7f0e1807d1e0 msgr2=0x7f0e18107c90 unknown :-1 s=STATE_NONE l=0).mark_down
2024-09-12T02:55:31.848 INFO:teuthology.orchestra.run.smithi057.stdout:/usr/bin/ceph: stderr
2024-09-12T02:55:31.193+0000 7f0e1f800640 1 -- 172.21.15.57:0/2180005371 shutdown_connections
2024-09-12T02:55:31.848 INFO:teuthology.orchestra.run.smithi057.stdout:/usr/bin/ceph: stderr
2024-09-12T02:55:31.193+0000 7f0e1f800640 1 -- 172.21.15.57:0/2180005371 wait complete.
2024-09-12T02:55:31.848 INFO:teuthology.orchestra.run.smithi057.stdout:Enabling the dashboard module...
2024-09-12T02:55:33.746 INFO:journalctl@ceph.mon.a.smithi057.stdout:Sep 12 02:55:33 smithi057 ceph-mon[30361]: pgmap v4: 0 pgs: ; 0 B data, 0 B used, 0 B / 0 B avail
2024-09-12T02:55:33.746 INFO:journalctl@ceph.mon.a.smithi057.stdout:Sep 12 02:55:33 smithi057 ceph-mon[30361]: from='client.? 172.21.15.57:0/752546397' entity='client.admin' cmd=[{"prefix": "mgr module enable", "module": "dashboard"}]: dispatch
2024-09-12T02:55:33.747 INFO:journalctl@ceph.mgr.x.smithi057.stdout:Sep 12 02:55:33 smithi057 ceph-3c25d9c4-70b2-11ef-bcea-c7b262605968-mgr-x[30601]: ignoring --setuser ceph since I am not root
2024-09-12T02:55:33.747 INFO:journalctl@ceph.mgr.x.smithi057.stdout:Sep 12 02:55:33 smithi057 ceph-3c25d9c4-70b2-11ef-bcea-c7b262605968-mgr-x[30601]: ignoring --setgroup ceph since I am not root
2024-09-12T02:55:33.747 INFO:journalctl@ceph.mgr.x.smithi057.stdout:Sep 12 02:55:33 smithi057 ceph-3c25d9c4-70b2-11ef-bcea-c7b262605968-mgr-x[30601]:
2024-09-12T02:55:33.745+0000 7f50b2409040 -1 mgr[py] Module osd_perf_query has missing NOTIFY_TYPES member
2024-09-12T02:55:34.009 INFO:journalctl@ceph.mgr.x.smithi057.stdout:Sep 12 02:55:33 smithi057 ceph-3c25d9c4-70b2-11ef-bcea-c7b262605968-mgr-x[30601]:
2024-09-12T02:55:33.818+0000 7f50b2409040 -1 mgr[py] Module osd_support has missing NOTIFY_TYPES member
2024-09-12T02:55:34.182 INFO:teuthology.orchestra.run.smithi057.stdout:/usr/bin/ceph: stderr
2024-09-12T02:55:32.508+0000 7f8f13e00640 1 Processor -- start
2024-09-12T02:55:34.182 INFO:teuthology.orchestra.run.smithi057.stdout:/usr/bin/ceph: stderr
2024-09-12T02:55:32.508+0000 7f8f13e00640 1 -- start start
2024-09-12T02:55:34.182 INFO:teuthology.orchestra.run.smithi057.stdout:/usr/bin/ceph: stderr
2024-09-12T02:55:32.508+0000 7f8f13e00640 1 --2- >> [v2:172.21.15.57:3300/0,v1:172.21.15.57:6789/0] conn(0x7f8f0c109930 0x7f8f0c109d30 unknown :-1 s=NONE pgs=0 cs=0 l=0 rev1=0 crypto rx=0 tx=0 comp rx=0 tx=0).connect
2024-09-12T02:55:34.182 INFO:teuthology.orchestra.run.smithi057.stdout:/usr/bin/ceph: stderr
