2024-09-12T02:55:47.185 INFO:teuthology.orchestra.run.smithi059.stdout:/usr/bin/ceph: stderr
2024-09-12T02:55:46.387+0000 7f2c07fff640 1 -- 172.21.15.59:0/1212724177 learned_addr learned my addr 172.21.15.59:0/1212724177 (peer_addr_for_me v2:172.21.15.59:0/0)
2024-09-12T02:55:47.185 INFO:teuthology.orchestra.run.smithi059.stdout:/usr/bin/ceph: stderr
2024-09-12T02:55:46.387+0000 7f2c07fff640 1 -- 172.21.15.59:0/1212724177 --> [v2:172.21.15.59:3300/0,v1:172.21.15.59:6789/0] -- mon_subscribe({config=0+,monmap=0+}) -- 0x7f2c0819e010 con 0x7f2c08106180
2024-09-12T02:55:47.185 INFO:teuthology.orchestra.run.smithi059.stdout:/usr/bin/ceph: stderr
2024-09-12T02:55:46.388+0000 7f2c07fff640 1 --2- 172.21.15.59:0/1212724177 >> [v2:172.21.15.59:3300/0,v1:172.21.15.59:6789/0] conn(0x7f2c08106180 0x7f2c0819dad0 secure :-1 s=READY pgs=25 cs=0 l=1 rev1=1 crypto rx=0x7f2bf80097f0 tx=0x7f2bf8032d00 comp rx=0 tx=0).ready entity=mon.0 client_cookie=0 server_cookie=0 in_seq=0 out_seq=0
2024-09-12T02:55:47.185 INFO:teuthology.orchestra.run.smithi059.stdout:/usr/bin/ceph: stderr
2024-09-12T02:55:46.388+0000 7f2c057fa640 1 -- 172.21.15.59:0/1212724177 <== mon.0 v2:172.21.15.59:3300/0 1 ==== mon_map magic: 0 ==== 205+0+0 (secure 0 0 0) 0x7f2bf8037040 con 0x7f2c08106180
2024-09-12T02:55:47.186 INFO:teuthology.orchestra.run.smithi059.stdout:/usr/bin/ceph: stderr
2024-09-12T02:55:46.388+0000 7f2c0e3fd640 1 -- 172.21.15.59:0/1212724177 --> [v2:172.21.15.59:3300/0,v1:172.21.15.59:6789/0] -- mon_subscribe({mgrmap=0+}) -- 0x7f2c0819e2a0 con 0x7f2c08106180
2024-09-12T02:55:47.186 INFO:teuthology.orchestra.run.smithi059.stdout:/usr/bin/ceph: stderr
2024-09-12T02:55:46.388+0000 7f2c057fa640 1 -- 172.21.15.59:0/1212724177 <== mon.0 v2:172.21.15.59:3300/0 2 ==== config(28 keys) ==== 1140+0+0 (secure 0 0 0) 0x7f2bf8040070 con 0x7f2c08106180
2024-09-12T02:55:47.186 INFO:teuthology.orchestra.run.smithi059.stdout:/usr/bin/ceph: stderr
2024-09-12T02:55:46.388+0000 7f2c057fa640 1 -- 172.21.15.59:0/1212724177 <== mon.0 v2:172.21.15.59:3300/0 3 ==== mon_map magic: 0 ==== 205+0+0 (secure 0 0 0) 0x7f2bf803a5a0 con 0x7f2c08106180
2024-09-12T02:55:47.186 INFO:teuthology.orchestra.run.smithi059.stdout:/usr/bin/ceph: stderr
2024-09-12T02:55:46.388+0000 7f2c0e3fd640 1 -- 172.21.15.59:0/1212724177 --> [v2:172.21.15.59:3300/0,v1:172.21.15.59:6789/0] -- mon_subscribe({osdmap=0}) -- 0x7f2c081a0f90 con 0x7f2c08106180
2024-09-12T02:55:47.186 INFO:teuthology.orchestra.run.smithi059.stdout:/usr/bin/ceph: stderr
2024-09-12T02:55:46.389+0000 7f2c057fa640 1 -- 172.21.15.59:0/1212724177 <== mon.0 v2:172.21.15.59:3300/0 4 ==== mgrmap(e 5) ==== 46287+0+0 (secure 0 0 0) 0x7f2bf803a7e0 con 0x7f2c08106180
2024-09-12T02:55:47.186 INFO:teuthology.orchestra.run.smithi059.stdout:/usr/bin/ceph: stderr
2024-09-12T02:55:46.389+0000 7f2c057fa640 1 --2- 172.21.15.59:0/1212724177 >> [v2:172.21.15.59:6800/948344588,v1:172.21.15.59:6801/948344588] conn(0x7f2bf0038f70 0x7f2bf003b430 unknown :-1 s=NONE pgs=0 cs=0 l=1 rev1=0 crypto rx=0 tx=0 comp rx=0 tx=0).connect
2024-09-12T02:55:47.186 INFO:teuthology.orchestra.run.smithi059.stdout:/usr/bin/ceph: stderr
2024-09-12T02:55:46.389+0000 7f2c057fa640 1 -- 172.21.15.59:0/1212724177 <== mon.0 v2:172.21.15.59:3300/0 5 ==== osd_map(1..1 src has 1..1) ==== 725+0+0 (secure 0 0 0) 0x7f2bf806d200 con 0x7f2c08106180
2024-09-12T02:55:47.186 INFO:teuthology.orchestra.run.smithi059.stdout:/usr/bin/ceph: stderr
2024-09-12T02:55:46.389+0000 7f2c077fe640 1 -- 172.21.15.59:0/1212724177 >> [v2:172.21.15.59:6800/948344588,v1:172.21.15.59:6801/948344588] conn(0x7f2bf0038f70 msgr2=0x7f2bf003b430 unknown :-1 s=STATE_CONNECTING_RE l=1).process reconnect failed to v2:172.21.15.59:6800/948344588
2024-09-12T02:55:47.186 INFO:teuthology.orchestra.run.smithi059.stdout:/usr/bin/ceph: stderr
2024-09-12T02:55:46.389+0000 7f2c077fe640 1 --2- 172.21.15.59:0/1212724177 >> [v2:172.21.15.59:6800/948344588,v1:172.21.15.59:6801/948344588] conn(0x7f2bf0038f70 0x7f2bf003b430 unknown :-1 s=START_CONNECT pgs=0 cs=0 l=1 rev1=0 crypto rx=0 tx=0 comp rx=0 tx=0)._fault waiting 0.200000
2024-09-12T02:55:47.186 INFO:teuthology.orchestra.run.smithi059.stdout:/usr/bin/ceph: stderr
2024-09-12T02:55:46.389+0000 7f2c0e3fd640 1 -- 172.21.15.59:0/1212724177 --> [v2:172.21.15.59:3300/0,v1:172.21.15.59:6789/0] -- mon_command({"prefix": "get_command_descriptions"} v 0) -- 0x7f2c08106580 con 0x7f2c08106180
2024-09-12T02:55:47.186 INFO:teuthology.orchestra.run.smithi059.stdout:/usr/bin/ceph: stderr
2024-09-12T02:55:46.394+0000 7f2c057fa640 1 -- 172.21.15.59:0/1212724177 <== mon.0 v2:172.21.15.59:3300/0 6 ==== mon_command_ack([{"prefix": "get_command_descriptions"}]=0 v0) ==== 72+0+188821 (secure 0 0 0) 0x7f2bf8041270 con 0x7f2c08106180
2024-09-12T02:55:47.186 INFO:teuthology.orchestra.run.smithi059.stdout:/usr/bin/ceph: stderr
2024-09-12T02:55:46.590+0000 7f2c077fe640 1 -- 172.21.15.59:0/1212724177 >> [v2:172.21.15.59:6800/948344588,v1:172.21.15.59:6801/948344588] conn(0x7f2bf0038f70 msgr2=0x7f2bf003b430 unknown :-1 s=STATE_CONNECTING_RE l=1).process reconnect failed to v2:172.21.15.59:6800/948344588
2024-09-12T02:55:47.186 INFO:teuthology.orchestra.run.smithi059.stdout:/usr/bin/ceph: stderr
2024-09-12T02:55:46.590+0000 7f2c077fe640 1 --2- 172.21.15.59:0/1212724177 >> [v2:172.21.15.59:6800/948344588,v1:172.21.15.59:6801/948344588] conn(0x7f2bf0038f70 0x7f2bf003b430 unknown :-1 s=START_CONNECT pgs=0 cs=0 l=1 rev1=0 crypto rx=0 tx=0 comp rx=0 tx=0)._fault waiting 0.400000
2024-09-12T02:55:47.186 INFO:teuthology.orchestra.run.smithi059.stdout:/usr/bin/ceph: stderr
2024-09-12T02:55:46.618+0000 7f2c0e3fd640 1 -- 172.21.15.59:0/1212724177 --> [v2:172.21.15.59:3300/0,v1:172.21.15.59:6789/0] -- mon_command({"prefix": "mgr stat"} v 0) -- 0x7f2c08196f40 con 0x7f2c08106180
2024-09-12T02:55:47.187 INFO:teuthology.orchestra.run.smithi059.stdout:/usr/bin/ceph: stderr
2024-09-12T02:55:46.618+0000 7f2c057fa640 1 -- 172.21.15.59:0/1212724177 <== mon.0 v2:172.21.15.59:3300/0 7 ==== mon_command_ack([{"prefix": "mgr stat"}]=0 v5) ==== 56+0+88 (secure 0 0 0) 0x7f2bf8043bf0 con 0x7f2c08106180
2024-09-12T02:55:47.187 INFO:teuthology.orchestra.run.smithi059.stdout:/usr/bin/ceph: stderr
2024-09-12T02:55:46.621+0000 7f2c0e3fd640 1 -- 172.21.15.59:0/1212724177 >> [v2:172.21.15.59:6800/948344588,v1:172.21.15.59:6801/948344588] conn(0x7f2bf0038f70 msgr2=0x7f2bf003b430 unknown :-1 s=STATE_CONNECTING l=1).mark_down
2024-09-12T02:55:47.187 INFO:teuthology.orchestra.run.smithi059.stdout:/usr/bin/ceph: stderr
2024-09-12T02:55:46.621+0000 7f2c0e3fd640 1 --2- 172.21.15.59:0/1212724177 >> [v2:172.21.15.59:6800/948344588,v1:172.21.15.59:6801/948344588] conn(0x7f2bf0038f70 0x7f2bf003b430 unknown :-1 s=START_CONNECT pgs=0 cs=0 l=1 rev1=0 crypto rx=0 tx=0 comp rx=0 tx=0).stop
2024-09-12T02:55:47.187 INFO:teuthology.orchestra.run.smithi059.stdout:/usr/bin/ceph: stderr
2024-09-12T02:55:46.621+0000 7f2c0e3fd640 1 -- 172.21.15.59:0/1212724177 >> [v2:172.21.15.59:3300/0,v1:172.21.15.59:6789/0] conn(0x7f2c08106180 msgr2=0x7f2c0819dad0 secure :-1 s=STATE_CONNECTION_ESTABLISHED l=1).mark_down
2024-09-12T02:55:47.187 INFO:teuthology.orchestra.run.smithi059.stdout:/usr/bin/ceph: stderr
2024-09-12T02:55:46.621+0000 7f2c0e3fd640 1 --2- 172.21.15.59:0/1212724177 >> [v2:172.21.15.59:3300/0,v1:172.21.15.59:6789/0] conn(0x7f2c08106180 0x7f2c0819dad0 secure :-1 s=READY pgs=25 cs=0 l=1 rev1=1 crypto rx=0x7f2bf80097f0 tx=0x7f2bf8032d00 comp rx=0 tx=0).stop
2024-09-12T02:55:47.187 INFO:teuthology.orchestra.run.smithi059.stdout:/usr/bin/ceph: stderr
2024-09-12T02:55:46.621+0000 7f2c0e3fd640 1 -- 172.21.15.59:0/1212724177 shutdown_connections
2024-09-12T02:55:47.187 INFO:teuthology.orchestra.run.smithi059.stdout:/usr/bin/ceph: stderr
2024-09-12T02:55:46.621+0000 7f2c0e3fd640 1 --2- 172.21.15.59:0/1212724177 >> [v2:172.21.15.59:6800/948344588,v1:172.21.15.59:6801/948344588] conn(0x7f2bf0038f70 0x7f2bf003b430 unknown :-1 s=CLOSED pgs=0 cs=0 l=1 rev1=0 crypto rx=0 tx=0 comp rx=0 tx=0).stop
2024-09-12T02:55:47.187 INFO:teuthology.orchestra.run.smithi059.stdout:/usr/bin/ceph: stderr
2024-09-12T02:55:46.621+0000 7f2c0e3fd640 1 --2- 172.21.15.59:0/1212724177 >> [v2:172.21.15.59:3300/0,v1:172.21.15.59:6789/0] conn(0x7f2c08106180 0x7f2c0819dad0 unknown :-1 s=CLOSED pgs=25 cs=0 l=1 rev1=1 crypto rx=0 tx=0 comp rx=0 tx=0).stop
2024-09-12T02:55:47.187 INFO:teuthology.orchestra.run.smithi059.stdout:/usr/bin/ceph: stderr
2024-09-12T02:55:46.621+0000 7f2c0e3fd640 1 -- 172.21.15.59:0/1212724177 >> 172.21.15.59:0/1212724177 conn(0x7f2c08101f30 msgr2=0x7f2c08191dd0 unknown :-1 s=STATE_NONE l=0).mark_down
2024-09-12T02:55:47.187 INFO:teuthology.orchestra.run.smithi059.stdout:/usr/bin/ceph: stderr
2024-09-12T02:55:46.621+0000 7f2c0e3fd640 1 -- 172.21.15.59:0/1212724177 shutdown_connections
2024-09-12T02:55:47.187 INFO:teuthology.orchestra.run.smithi059.stdout:/usr/bin/ceph: stderr
2024-09-12T02:55:46.621+0000 7f2c0e3fd640 1 -- 172.21.15.59:0/1212724177 wait complete.
2024-09-12T02:55:47.187 INFO:teuthology.orchestra.run.smithi059.stdout:Waiting for the mgr to restart...
2024-09-12T02:55:47.187 INFO:teuthology.orchestra.run.smithi059.stdout:Waiting for mgr epoch 5...
2024-09-12T02:55:47.511 INFO:journalctl@ceph.mgr.x.smithi059.stdout:Sep 12 02:55:47 smithi059 ceph-58b82114-70b2-11ef-bcea-c7b262605968-mgr-x[31422]:
2024-09-12T02:55:47.218+0000 7f9a2e304040 -1 mgr[py] Module telemetry has missing NOTIFY_TYPES member
2024-09-12T02:55:47.511 INFO:journalctl@ceph.mgr.x.smithi059.stdout:Sep 12 02:55:47 smithi059 ceph-58b82114-70b2-11ef-bcea-c7b262605968-mgr-x[31422]:
2024-09-12T02:55:47.289+0000 7f9a2e304040 -1 mgr[py] Module balancer has missing NOTIFY_TYPES member
2024-09-12T02:55:48.068 INFO:journalctl@ceph.mgr.x.smithi059.stdout:Sep 12 02:55:48 smithi059 ceph-58b82114-70b2-11ef-bcea-c7b262605968-mgr-x[31422]:
2024-09-12T02:55:48.046+0000 7f9a2e304040 -1 mgr[py] Module rook has missing NOTIFY_TYPES member
2024-09-12T02:55:48.421 INFO:journalctl@ceph.mgr.x.smithi059.stdout:Sep 12 02:55:48 smithi059 ceph-58b82114-70b2-11ef-bcea-c7b262605968-mgr-x[31422]:
2024-09-12T02:55:48.167+0000 7f9a2e304040 -1 mgr[py] Module iostat has missing NOTIFY_TYPES member
2024-09-12T02:55:48.421 INFO:journalctl@ceph.mgr.x.smithi059.stdout:Sep 12 02:55:48 smithi059 ceph-58b82114-70b2-11ef-bcea-c7b262605968-mgr-x[31422]:
2024-09-12T02:55:48.317+0000 7f9a2e304040 -1 mgr[py] Module orchestrator has missing NOTIFY_TYPES member
2024-09-12T02:55:48.422 INFO:journalctl@ceph.mgr.x.smithi059.stdout:Sep 12 02:55:48 smithi059 ceph-58b82114-70b2-11ef-bcea-c7b262605968-mgr-x[31422]:
2024-09-12T02:55:48.381+0000 7f9a2e304040 -1 mgr[py] Module devicehealth has missing NOTIFY_TYPES member
2024-09-12T02:55:48.678 INFO:journalctl@ceph.mgr.x.smithi059.stdout:Sep 12 02:55:48 smithi059 ceph-58b82114-70b2-11ef-bcea-c7b262605968-mgr-x[31422]:
2024-09-12T02:55:48.541+0000 7f9a2e304040 -1 mgr[py] Module rgw has missing NOTIFY_TYPES member
2024-09-12T02:55:48.678 INFO:journalctl@ceph.mgr.x.smithi059.stdout:Sep 12 02:55:48 smithi059 ceph-58b82114-70b2-11ef-bcea-c7b262605968-mgr-x[31422]:
2024-09-12T02:55:48.613+0000 7f9a2e304040 -1 mgr[py] Module alerts has missing NOTIFY_TYPES member
2024-09-12T02:55:48.678 INFO:journalctl@ceph.mgr.x.smithi059.stdout:Sep 12 02:55:48 smithi059 ceph-58b82114-70b2-11ef-bcea-c7b262605968-mgr-x[31422]:
2024-09-12T02:55:48.678+0000 7f9a2e304040 -1 mgr[py] Module progress has missing NOTIFY_TYPES member
2024-09-12T02:55:48.991 INFO:journalctl@ceph.mgr.x.smithi059.stdout:Sep 12 02:55:48 smithi059 ceph-58b82114-70b2-11ef-bcea-c7b262605968-mgr-x[31422]:
2024-09-12T02:55:48.848+0000 7f9a2e304040 -1 mgr[py] Module nfs has missing NOTIFY_TYPES member
2024-09-12T02:55:48.991 INFO:journalctl@ceph.mgr.x.smithi059.stdout:Sep 12 02:55:48 smithi059 ceph-58b82114-70b2-11ef-bcea-c7b262605968-mgr-x[31422]:
2024-09-12T02:55:48.918+0000 7f9a2e304040 -1 mgr[py] Module status has missing NOTIFY_TYPES member
2024-09-12T02:55:48.991 INFO:journalctl@ceph.mgr.x.smithi059.stdout:Sep 12 02:55:48 smithi059 ceph-58b82114-70b2-11ef-bcea-c7b262605968-mgr-x[31422]:
2024-09-12T02:55:48.990+0000 7f9a2e304040 -1 mgr[py] Module pg_autoscaler has missing NOTIFY_TYPES member
2024-09-12T02:55:49.318 INFO:journalctl@ceph.mgr.x.smithi059.stdout:Sep 12 02:55:49 smithi059 ceph-58b82114-70b2-11ef-bcea-c7b262605968-mgr-x[31422]:
2024-09-12T02:55:49.078+0000 7f9a2e304040 -1 mgr[py] Module rbd_support has missing NOTIFY_TYPES member
2024-09-12T02:55:49.318 INFO:journalctl@ceph.mgr.x.smithi059.stdout:Sep 12 02:55:49 smithi059 ceph-58b82114-70b2-11ef-bcea-c7b262605968-mgr-x[31422]:
2024-09-12T02:55:49.143+0000 7f9a2e304040 -1 mgr[py] Module influx has missing NOTIFY_TYPES member
2024-09-12T02:55:49.318 INFO:journalctl@ceph.mgr.x.smithi059.stdout:Sep 12 02:55:49 smithi059 ceph-58b82114-70b2-11ef-bcea-c7b262605968-mgr-x[31422]:
2024-09-12T02:55:49.205+0000 7f9a2e304040 -1 mgr[py] Module zabbix has missing NOTIFY_TYPES member
2024-09-12T02:55:50.318 INFO:journalctl@ceph.mgr.x.smithi059.stdout:Sep 12 02:55:50 smithi059 ceph-58b82114-70b2-11ef-bcea-c7b262605968-mgr-x[31422]:
2024-09-12T02:55:50.038+0000 7f9a2e304040 -1 mgr[py] Module telegraf has missing NOTIFY_TYPES member
2024-09-12T02:55:50.318 INFO:journalctl@ceph.mon.a.smithi059.stdout:Sep 12 02:55:50 smithi059 ceph-mon[31194]: Active manager daemon x restarted
2024-09-12T02:55:50.318 INFO:journalctl@ceph.mon.a.smithi059.stdout:Sep 12 02:55:50 smithi059 ceph-mon[31194]: Activating manager daemon x
2024-09-12T02:55:50.319 INFO:journalctl@ceph.mon.a.smithi059.stdout:Sep 12 02:55:50 smithi059 ceph-mon[31194]: osdmap e2: 0 total, 0 up, 0 in
2024-09-12T02:55:50.319 INFO:journalctl@ceph.mon.a.smithi059.stdout:Sep 12 02:55:50 smithi059 ceph-mon[31194]: mgrmap e6: x(active, starting, since 0.00330209s)
2024-09-12T02:55:50.319 INFO:journalctl@ceph.mon.a.smithi059.stdout:Sep 12 02:55:50 smithi059 ceph-mon[31194]: from='mgr.14118 172.21.15.59:0/2552187176' entity='mgr.x' cmd=[{"prefix": "mon metadata", "id": "a"}]: dispatch
2024-09-12T02:55:50.319 INFO:journalctl@ceph.mon.a.smithi059.stdout:Sep 12 02:55:50 smithi059 ceph-mon[31194]: from='mgr.14118 172.21.15.59:0/2552187176' entity='mgr.x' cmd=[{"prefix": "mgr metadata", "who": "x", "id": "x"}]: dispatch
2024-09-12T02:55:50.319 INFO:journalctl@ceph.mon.a.smithi059.stdout:Sep 12 02:55:50 smithi059 ceph-mon[31194]: from='mgr.14118 172.21.15.59:0/2552187176' entity='mgr.x' cmd=[{"prefix": "mds metadata"}]: dispatch
2024-09-12T02:55:50.319 INFO:journalctl@ceph.mon.a.smithi059.stdout:Sep 12 02:55:50 smithi059 ceph-mon[31194]: from='mgr.14118 172.21.15.59:0/2552187176' entity='mgr.x' cmd=[{"prefix": "osd metadata"}]: dispatch
2024-09-12T02:55:50.319 INFO:journalctl@ceph.mon.a.smithi059.stdout:Sep 12 02:55:50 smithi059 ceph-mon[31194]: from='mgr.14118 172.21.15.59:0/2552187176' entity='mgr.x' cmd=[{"prefix": "mon metadata"}]: dispatch
2024-09-12T02:55:50.319 INFO:journalctl@ceph.mon.a.smithi059.stdout:Sep 12 02:55:50 smithi059 ceph-mon[31194]: Manager daemon x is now available
2024-09-12T02:55:50.319 INFO:journalctl@ceph.mon.a.smithi059.stdout:Sep 12 02:55:50 smithi059 ceph-mon[31194]: from='mgr.14118 172.21.15.59:0/2552187176' entity='mgr.x'
2024-09-12T02:55:50.319 INFO:journalctl@ceph.mon.a.smithi059.stdout:Sep 12 02:55:50 smithi059 ceph-mon[31194]: from='mgr.14118 172.21.15.59:0/2552187176' entity='mgr.x'
2024-09-12T02:55:50.319 INFO:journalctl@ceph.mon.a.smithi059.stdout:Sep 12 02:55:50 smithi059 ceph-mon[31194]: from='mgr.14118 172.21.15.59:0/2552187176' entity='mgr.x' cmd=[{"prefix": "config dump", "format": "json"}]: dispatch
2024-09-12T02:55:50.319 INFO:journalctl@ceph.mon.a.smithi059.stdout:Sep 12 02:55:50 smithi059 ceph-mon[31194]: from='mgr.14118 172.21.15.59:0/2552187176' entity='mgr.x' cmd=[{"prefix": "config dump", "format": "json"}]: dispatch
2024-09-12T02:55:50.320 INFO:journalctl@ceph.mon.a.smithi059.stdout:Sep 12 02:55:50 smithi059 ceph-mon[31194]: from='mgr.14118 172.21.15.59:0/2552187176' entity='mgr.x' cmd=[{"prefix":"config rm","who":"mgr","name":"mgr/rbd_support/x/mirror_snapshot_schedule"}]: dispatch
2024-09-12T02:55:50.320 INFO:journalctl@ceph.mon.a.smithi059.stdout:Sep 12 02:55:50 smithi059 ceph-mon[31194]: from='mgr.14118 172.21.15.59:0/2552187176' entity='mgr.x' cmd=[{"prefix":"config rm","who":"mgr","name":"mgr/rbd_support/x/trash_purge_schedule"}]: dispatch
2024-09-12T02:55:51.318 INFO:journalctl@ceph.mon.a.smithi059.stdout:Sep 12 02:55:51 smithi059 ceph-mon[31194]: Found migration_current of "None". Setting to last migration.
2024-09-12T02:55:51.318 INFO:journalctl@ceph.mon.a.smithi059.stdout:Sep 12 02:55:51 smithi059 ceph-mon[31194]: mgrmap e7: x(active, since 1.00555s)
2024-09-12T02:55:51.667 INFO:teuthology.orchestra.run.smithi059.stdout:/usr/bin/ceph: stdout {
2024-09-12T02:55:51.667 INFO:teuthology.orchestra.run.smithi059.stdout:/usr/bin/ceph: stdout "mgrmap_epoch": 7,
2024-09-12T02:55:51.667 INFO:teuthology.orchestra.run.smithi059.stdout:/usr/bin/ceph: stdout "initialized": true
2024-09-12T02:55:51.667 INFO:teuthology.orchestra.run.smithi059.stdout:/usr/bin/ceph: stdout }
2024-09-12T02:55:51.667 INFO:teuthology.orchestra.run.smithi059.stdout:/usr/bin/ceph: stderr
2024-09-12T02:55:47.591+0000 7ff23de65640 1 Processor -- start
2024-09-12T02:55:51.667 INFO:teuthology.orchestra.run.smithi059.stdout:/usr/bin/ceph: stderr
2024-09-12T02:55:47.591+0000 7ff23de65640 1 -- start start
2024-09-12T02:55:51.667 INFO:teuthology.orchestra.run.smithi059.stdout:/usr/bin/ceph: stderr
2024-09-12T02:55:47.591+0000 7ff23de65640 1 --2- >> [v2:172.21.15.59:3300/0,v1:172.21.15.59:6789/0] conn(0x7ff2381083c0 0x7ff23810a7b0 unknown :-1 s=NONE pgs=0 cs=0 l=0 rev1=0 crypto rx=0 tx=0 comp rx=0 tx=0).connect
2024-09-12T02:55:51.668 INFO:teuthology.orchestra.run.smithi059.stdout:/usr/bin/ceph: stderr
2024-09-12T02:55:47.591+0000 7ff23de65640 1 -- --> [v2:172.21.15.59:3300/0,v1:172.21.15.59:6789/0] -- mon_getmap magic: 0 -- 0x7ff23807be00 con 0x7ff2381083c0
2024-09-12T02:55:51.668 INFO:teuthology.orchestra.run.smithi059.stdout:/usr/bin/ceph: stderr
2024-09-12T02:55:47.591+0000 7ff2377fe640 1 --2- >> [v2:172.21.15.59:3300/0,v1:172.21.15.59:6789/0] conn(0x7ff2381083c0 0x7ff23810a7b0 unknown :-1 s=BANNER_CONNECTING pgs=0 cs=0 l=0 rev1=0 crypto rx=0 tx=0 comp rx=0 tx=0)._handle_peer_banner_payload supported=3 required=0
2024-09-12T02:55:51.668 INFO:teuthology.orchestra.run.smithi059.stdout:/usr/bin/ceph: stderr
2024-09-12T02:55:47.591+0000 7ff2377fe640 1 --2- >> [v2:172.21.15.59:3300/0,v1:172.21.15.59:6789/0] conn(0x7ff2381083c0 0x7ff23810a7b0 unknown :-1 s=HELLO_CONNECTING pgs=0 cs=0 l=0 rev1=1 crypto rx=0 tx=0 comp rx=0 tx=0).handle_hello peer v2:172.21.15.59:3300/0 says I am v2:172.21.15.59:38352/0 (socket says 172.21.15.59:38352)
2024-09-12T02:55:51.668 INFO:teuthology.orchestra.run.smithi059.stdout:/usr/bin/ceph: stderr
2024-09-12T02:55:47.591+0000 7ff2377fe640 1 -- 172.21.15.59:0/2903046947 learned_addr learned my addr 172.21.15.59:0/2903046947 (peer_addr_for_me v2:172.21.15.59:0/0)
2024-09-12T02:55:51.668 INFO:teuthology.orchestra.run.smithi059.stdout:/usr/bin/ceph: stderr
2024-09-12T02:55:47.592+0000 7ff2377fe640 1 -- 172.21.15.59:0/2903046947 --> [v2:172.21.15.59:3300/0,v1:172.21.15.59:6789/0] -- mon_subscribe({config=0+,monmap=0+}) -- 0x7ff23810acf0 con 0x7ff2381083c0
2024-09-12T02:55:51.668 INFO:teuthology.orchestra.run.smithi059.stdout:/usr/bin/ceph: stderr
2024-09-12T02:55:47.592+0000 7ff2377fe640 1 --2- 172.21.15.59:0/2903046947 >> [v2:172.21.15.59:3300/0,v1:172.21.15.59:6789/0] conn(0x7ff2381083c0 0x7ff23810a7b0 secure :-1 s=READY pgs=26 cs=0 l=1 rev1=1 crypto rx=0x7ff228009820 tx=0x7ff22802a270 comp rx=0 tx=0).ready entity=mon.0 client_cookie=6c1bccbd79cfde6a server_cookie=0 in_seq=0 out_seq=0
2024-09-12T02:55:51.669 INFO:teuthology.orchestra.run.smithi059.stdout:/usr/bin/ceph: stderr
2024-09-12T02:55:47.592+0000 7ff2367fc640 1 -- 172.21.15.59:0/2903046947 <== mon.0 v2:172.21.15.59:3300/0 1 ==== mon_map magic: 0 ==== 205+0+0 (secure 0 0 0) 0x7ff228037070 con 0x7ff2381083c0
2024-09-12T02:55:51.669 INFO:teuthology.orchestra.run.smithi059.stdout:/usr/bin/ceph: stderr
2024-09-12T02:55:47.593+0000 7ff2367fc640 1 -- 172.21.15.59:0/2903046947 <== mon.0 v2:172.21.15.59:3300/0 2 ==== config(28 keys) ==== 1140+0+0 (secure 0 0 0) 0x7ff228032920 con 0x7ff2381083c0
2024-09-12T02:55:51.669 INFO:teuthology.orchestra.run.smithi059.stdout:/usr/bin/ceph: stderr
2024-09-12T02:55:47.593+0000 7ff2367fc640 1 -- 172.21.15.59:0/2903046947 <== mon.0 v2:172.21.15.59:3300/0 3 ==== mon_map magic: 0 ==== 205+0+0 (secure 0 0 0) 0x7ff228030950 con 0x7ff2381083c0
2024-09-12T02:55:51.669 INFO:teuthology.orchestra.run.smithi059.stdout:/usr/bin/ceph: stderr
2024-09-12T02:55:47.593+0000 7ff23de65640 1 -- 172.21.15.59:0/2903046947 >> [v2:172.21.15.59:3300/0,v1:172.21.15.59:6789/0] conn(0x7ff2381083c0 msgr2=0x7ff23810a7b0 secure :-1 s=STATE_CONNECTION_ESTABLISHED l=1).mark_down
2024-09-12T02:55:51.669 INFO:teuthology.orchestra.run.smithi059.stdout:/usr/bin/ceph: stderr
2024-09-12T02:55:47.593+0000 7ff23de65640 1 --2- 172.21.15.59:0/2903046947 >> [v2:172.21.15.59:3300/0,v1:172.21.15.59:6789/0] conn(0x7ff2381083c0 0x7ff23810a7b0 secure :-1 s=READY pgs=26 cs=0 l=1 rev1=1 crypto rx=0x7ff228009820 tx=0x7ff22802a270 comp rx=0 tx=0).stop
2024-09-12T02:55:51.669 INFO:teuthology.orchestra.run.smithi059.stdout:/usr/bin/ceph: stderr
2024-09-12T02:55:47.593+0000 7ff23de65640 1 -- 172.21.15.59:0/2903046947 shutdown_connections
2024-09-12T02:55:51.669 INFO:teuthology.orchestra.run.smithi059.stdout:/usr/bin/ceph: stderr
2024-09-12T02:55:47.593+0000 7ff23de65640 1 --2- 172.21.15.59:0/2903046947 >> [v2:172.21.15.59:3300/0,v1:172.21.15.59:6789/0] conn(0x7ff2381083c0 0x7ff23810a7b0 unknown :-1 s=CLOSED pgs=26 cs=0 l=1 rev1=1 crypto rx=0 tx=0 comp rx=0 tx=0).stop
2024-09-12T02:55:51.669 INFO:teuthology.orchestra.run.smithi059.stdout:/usr/bin/ceph: stderr
2024-09-12T02:55:47.593+0000 7ff23de65640 1 -- 172.21.15.59:0/2903046947 >> 172.21.15.59:0/2903046947 conn(0x7ff238101f60 msgr2=0x7ff2381043a0 unknown :-1 s=STATE_NONE l=0).mark_down
2024-09-12T02:55:51.669 INFO:teuthology.orchestra.run.smithi059.stdout:/usr/bin/ceph: stderr
2024-09-12T02:55:47.594+0000 7ff23de65640 1 -- 172.21.15.59:0/2903046947 shutdown_connections
2024-09-12T02:55:51.669 INFO:teuthology.orchestra.run.smithi059.stdout:/usr/bin/ceph: stderr
2024-09-12T02:55:47.594+0000 7ff23de65640 1 -- 172.21.15.59:0/2903046947 wait complete.
2024-09-12T02:55:51.670 INFO:teuthology.orchestra.run.smithi059.stdout:/usr/bin/ceph: stderr
2024-09-12T02:55:47.594+0000 7ff23de65640 1 Processor -- start
2024-09-12T02:55:51.670 INFO:teuthology.orchestra.run.smithi059.stdout:/usr/bin/ceph: stderr
2024-09-12T02:55:47.594+0000 7ff23de65640 1 -- start start
2024-09-12T02:55:51.670 INFO:teuthology.orchestra.run.smithi059.stdout:/usr/bin/ceph: stderr
2024-09-12T02:55:47.595+0000 7ff23de65640 1 --2- >> [v2:172.21.15.59:3300/0,v1:172.21.15.59:6789/0] conn(0x7ff2381083c0 0x7ff238107c40 unknown :-1 s=NONE pgs=0 cs=0 l=1 rev1=0 crypto rx=0 tx=0 comp rx=0 tx=0).connect
2024-09-12T02:55:51.670 INFO:teuthology.orchestra.run.smithi059.stdout:/usr/bin/ceph: stderr
2024-09-12T02:55:47.595+0000 7ff23de65640 1 -- --> [v2:172.21.15.59:3300/0,v1:172.21.15.59:6789/0] -- mon_getmap magic: 0 -- 0x7ff23810bcc0 con 0x7ff2381083c0
2024-09-12T02:55:51.670 INFO:teuthology.orchestra.run.smithi059.stdout:/usr/bin/ceph: stderr
2024-09-12T02:55:47.595+0000 7ff2377fe640 1 --2- >> [v2:172.21.15.59:3300/0,v1:172.21.15.59:6789/0] conn(0x7ff2381083c0 0x7ff238107c40 unknown :-1 s=BANNER_CONNECTING pgs=0 cs=0 l=1 rev1=0 crypto rx=0 tx=0 comp rx=0 tx=0)._handle_peer_banner_payload supported=3 required=0
2024-09-12T02:55:51.670 INFO:teuthology.orchestra.run.smithi059.stdout:/usr/bin/ceph: stderr
2024-09-12T02:55:47.595+0000 7ff2377fe640 1 --2- >> [v2:172.21.15.59:3300/0,v1:172.21.15.59:6789/0] conn(0x7ff2381083c0 0x7ff238107c40 unknown :-1 s=HELLO_CONNECTING pgs=0 cs=0 l=1 rev1=1 crypto rx=0 tx=0 comp rx=0 tx=0).handle_hello peer v2:172.21.15.59:3300/0 says I am v2:172.21.15.59:38368/0 (socket says 172.21.15.59:38368)
2024-09-12T02:55:51.670 INFO:teuthology.orchestra.run.smithi059.stdout:/usr/bin/ceph: stderr
2024-09-12T02:55:47.595+0000 7ff2377fe640 1 -- 172.21.15.59:0/84854551 learned_addr learned my addr 172.21.15.59:0/84854551 (peer_addr_for_me v2:172.21.15.59:0/0)
2024-09-12T02:55:51.670 INFO:teuthology.orchestra.run.smithi059.stdout:/usr/bin/ceph: stderr
2024-09-12T02:55:47.595+0000 7ff2377fe640 1 -- 172.21.15.59:0/84854551 --> [v2:172.21.15.59:3300/0,v1:172.21.15.59:6789/0] -- mon_subscribe({config=0+,monmap=0+}) -- 0x7ff238108180 con 0x7ff2381083c0
2024-09-12T02:55:51.670 INFO:teuthology.orchestra.run.smithi059.stdout:/usr/bin/ceph: stderr
2024-09-12T02:55:47.595+0000 7ff2377fe640 1 --2- 172.21.15.59:0/84854551 >> [v2:172.21.15.59:3300/0,v1:172.21.15.59:6789/0] conn(0x7ff2381083c0 0x7ff238107c40 secure :-1 s=READY pgs=27 cs=0 l=1 rev1=1 crypto rx=0x7ff228032d90 tx=0x7ff228032dc0 comp rx=0 tx=0).ready entity=mon.0 client_cookie=0 server_cookie=0 in_seq=0 out_seq=0
2024-09-12T02:55:51.670 INFO:teuthology.orchestra.run.smithi059.stdout:/usr/bin/ceph: stderr
2024-09-12T02:55:47.595+0000 7ff234ff9640 1 -- 172.21.15.59:0/84854551 <== mon.0 v2:172.21.15.59:3300/0 1 ==== mon_map magic: 0 ==== 205+0+0 (secure 0 0 0) 0x7ff228042070 con 0x7ff2381083c0
2024-09-12T02:55:51.670 INFO:teuthology.orchestra.run.smithi059.stdout:/usr/bin/ceph: stderr
2024-09-12T02:55:47.595+0000 7ff23de65640 1 -- 172.21.15.59:0/84854551 --> [v2:172.21.15.59:3300/0,v1:172.21.15.59:6789/0] -- mon_subscribe({mgrmap=0+}) -- 0x7ff238106370 con 0x7ff2381083c0
2024-09-12T02:55:51.671 INFO:teuthology.orchestra.run.smithi059.stdout:/usr/bin/ceph: stderr
2024-09-12T02:55:47.595+0000 7ff234ff9640 1 -- 172.21.15.59:0/84854551 <== mon.0 v2:172.21.15.59:3300/0 2 ==== config(28 keys) ==== 1140+0+0 (secure 0 0 0) 0x7ff228032570 con 0x7ff2381083c0
2024-09-12T02:55:51.671 INFO:teuthology.orchestra.run.smithi059.stdout:/usr/bin/ceph: stderr
2024-09-12T02:55:47.595+0000 7ff234ff9640 1 -- 172.21.15.59:0/84854551 <== mon.0 v2:172.21.15.59:3300/0 3 ==== mon_map magic: 0 ==== 205+0+0 (secure 0 0 0) 0x7ff228037040 con 0x7ff2381083c0
2024-09-12T02:55:51.671 INFO:teuthology.orchestra.run.smithi059.stdout:/usr/bin/ceph: stderr
2024-09-12T02:55:47.596+0000 7ff23de65640 1 -- 172.21.15.59:0/84854551 --> [v2:172.21.15.59:3300/0,v1:172.21.15.59:6789/0] -- mon_subscribe({osdmap=0}) -- 0x7ff2381068b0 con 0x7ff2381083c0
2024-09-12T02:55:51.671 INFO:teuthology.orchestra.run.smithi059.stdout:/usr/bin/ceph: stderr
2024-09-12T02:55:47.596+0000 7ff234ff9640 1 -- 172.21.15.59:0/84854551 <== mon.0 v2:172.21.15.59:3300/0 4 ==== mgrmap(e 5) ==== 46287+0+0 (secure 0 0 0) 0x7ff228045070 con 0x7ff2381083c0
2024-09-12T02:55:51.671 INFO:teuthology.orchestra.run.smithi059.stdout:/usr/bin/ceph: stderr
2024-09-12T02:55:47.597+0000 7ff234ff9640 1 --2- 172.21.15.59:0/84854551 >> [v2:172.21.15.59:6800/948344588,v1:172.21.15.59:6801/948344588] conn(0x7ff220038f70 0x7ff22003b430 unknown :-1 s=NONE pgs=0 cs=0 l=1 rev1=0 crypto rx=0 tx=0 comp rx=0 tx=0).connect
2024-09-12T02:55:51.671 INFO:teuthology.orchestra.run.smithi059.stdout:/usr/bin/ceph: stderr
2024-09-12T02:55:47.597+0000 7ff23de65640 1 -- 172.21.15.59:0/84854551 --> [v2:172.21.15.59:6800/948344588,v1:172.21.15.59:6801/948344588] -- command(tid 0: {"prefix": "get_command_descriptions"}) -- 0x7ff238108820 con 0x7ff220038f70
2024-09-12T02:55:51.671 INFO:teuthology.orchestra.run.smithi059.stdout:/usr/bin/ceph: stderr
2024-09-12T02:55:47.597+0000 7ff234ff9640 1 -- 172.21.15.59:0/84854551 <== mon.0 v2:172.21.15.59:3300/0 5 ==== osd_map(1..1 src has 1..1) ==== 725+0+0 (secure 0 0 0) 0x7ff22806bfa0 con 0x7ff2381083c0
2024-09-12T02:55:51.671 INFO:teuthology.orchestra.run.smithi059.stdout:/usr/bin/ceph: stderr
2024-09-12T02:55:47.597+0000 7ff236ffd640 1 -- 172.21.15.59:0/84854551 >> [v2:172.21.15.59:6800/948344588,v1:172.21.15.59:6801/948344588] conn(0x7ff220038f70 msgr2=0x7ff22003b430 unknown :-1 s=STATE_CONNECTING_RE l=1).process reconnect failed to v2:172.21.15.59:6800/948344588
2024-09-12T02:55:51.671 INFO:teuthology.orchestra.run.smithi059.stdout:/usr/bin/ceph: stderr
2024-09-12T02:55:47.597+0000 7ff236ffd640 1 --2- 172.21.15.59:0/84854551 >> [v2:172.21.15.59:6800/948344588,v1:172.21.15.59:6801/948344588] conn(0x7ff220038f70 0x7ff22003b430 unknown :-1 s=START_CONNECT pgs=0 cs=0 l=1 rev1=0 crypto rx=0 tx=0 comp rx=0 tx=0)._fault waiting 0.200000
2024-09-12T02:55:51.671 INFO:teuthology.orchestra.run.smithi059.stdout:/usr/bin/ceph: stderr
2024-09-12T02:55:47.798+0000 7ff236ffd640 1 -- 172.21.15.59:0/84854551 >> [v2:172.21.15.59:6800/948344588,v1:172.21.15.59:6801/948344588] conn(0x7ff220038f70 msgr2=0x7ff22003b430 unknown :-1 s=STATE_CONNECTING_RE l=1).process reconnect failed to v2:172.21.15.59:6800/948344588
2024-09-12T02:55:51.671 INFO:teuthology.orchestra.run.smithi059.stdout:/usr/bin/ceph: stderr
2024-09-12T02:55:47.798+0000 7ff236ffd640 1 --2- 172.21.15.59:0/84854551 >> [v2:172.21.15.59:6800/948344588,v1:172.21.15.59:6801/948344588] conn(0x7ff220038f70 0x7ff22003b430 unknown :-1 s=START_CONNECT pgs=0 cs=0 l=1 rev1=0 crypto rx=0 tx=0 comp rx=0 tx=0)._fault waiting 0.400000
2024-09-12T02:55:51.672 INFO:teuthology.orchestra.run.smithi059.stdout:/usr/bin/ceph: stderr
2024-09-12T02:55:48.199+0000 7ff236ffd640 1 -- 172.21.15.59:0/84854551 >> [v2:172.21.15.59:6800/948344588,v1:172.21.15.59:6801/948344588] conn(0x7ff220038f70 msgr2=0x7ff22003b430 unknown :-1 s=STATE_CONNECTING_RE l=1).process reconnect failed to v2:172.21.15.59:6800/948344588
2024-09-12T02:55:51.672 INFO:teuthology.orchestra.run.smithi059.stdout:/usr/bin/ceph: stderr
2024-09-12T02:55:48.199+0000 7ff236ffd640 1 --2- 172.21.15.59:0/84854551 >> [v2:172.21.15.59:6800/948344588,v1:172.21.15.59:6801/948344588] conn(0x7ff220038f70 0x7ff22003b430 unknown :-1 s=START_CONNECT pgs=0 cs=0 l=1 rev1=0 crypto rx=0 tx=0 comp rx=0 tx=0)._fault waiting 0.800000
2024-09-12T02:55:51.672 INFO:teuthology.orchestra.run.smithi059.stdout:/usr/bin/ceph: stderr
2024-09-12T02:55:49.000+0000 7ff236ffd640 1 -- 172.21.15.59:0/84854551 >> [v2:172.21.15.59:6800/948344588,v1:172.21.15.59:6801/948344588] conn(0x7ff220038f70 msgr2=0x7ff22003b430 unknown :-1 s=STATE_CONNECTING_RE l=1).process reconnect failed to v2:172.21.15.59:6800/948344588
2024-09-12T02:55:51.672 INFO:teuthology.orchestra.run.smithi059.stdout:/usr/bin/ceph: stderr
2024-09-12T02:55:49.000+0000 7ff236ffd640 1 --2- 172.21.15.59:0/84854551 >> [v2:172.21.15.59:6800/948344588,v1:172.21.15.59:6801/948344588] conn(0x7ff220038f70 0x7ff22003b430 unknown :-1 s=START_CONNECT pgs=0 cs=0 l=1 rev1=0 crypto rx=0 tx=0 comp rx=0 tx=0)._fault waiting 1.600000
2024-09-12T02:55:51.672 INFO:teuthology.orchestra.run.smithi059.stdout:/usr/bin/ceph: stderr
2024-09-12T02:55:50.042+0000 7ff234ff9640 1 -- 172.21.15.59:0/84854551 <== mon.0 v2:172.21.15.59:3300/0 6 ==== mgrmap(e 6) ==== 46054+0+0 (secure 0 0 0) 0x7ff22806aa60 con 0x7ff2381083c0
2024-09-12T02:55:51.672 INFO:teuthology.orchestra.run.smithi059.stdout:/usr/bin/ceph: stderr
2024-09-12T02:55:50.042+0000 7ff234ff9640 1 -- 172.21.15.59:0/84854551 >> [v2:172.21.15.59:6800/948344588,v1:172.21.15.59:6801/948344588] conn(0x7ff220038f70 msgr2=0x7ff22003b430 unknown :-1 s=STATE_CONNECTING l=1).mark_down
2024-09-12T02:55:51.672 INFO:teuthology.orchestra.run.smithi059.stdout:/usr/bin/ceph: stderr
2024-09-12T02:55:50.042+0000 7ff234ff9640 1 --2- 172.21.15.59:0/84854551 >> [v2:172.21.15.59:6800/948344588,v1:172.21.15.59:6801/948344588] conn(0x7ff220038f70 0x7ff22003b430 unknown :-1 s=START_CONNECT pgs=0 cs=0 l=1 rev1=0 crypto rx=0 tx=0 comp rx=0 tx=0).stop
2024-09-12T02:55:51.672 INFO:teuthology.orchestra.run.smithi059.stdout:/usr/bin/ceph: stderr
2024-09-12T02:55:51.043+0000 7ff234ff9640 1 -- 172.21.15.59:0/84854551 <== mon.0 v2:172.21.15.59:3300/0 7 ==== mgrmap(e 7) ==== 46181+0+0 (secure 0 0 0) 0x7ff2280464a0 con 0x7ff2381083c0
2024-09-12T02:55:51.672 INFO:teuthology.orchestra.run.smithi059.stdout:/usr/bin/ceph: stderr
2024-09-12T02:55:51.043+0000 7ff234ff9640 1 --2- 172.21.15.59:0/84854551 >> [v2:172.21.15.59:6800/755956608,v1:172.21.15.59:6801/755956608] conn(0x7ff22003c6b0 0x7ff22003eaa0 unknown :-1 s=NONE pgs=0 cs=0 l=1 rev1=0 crypto rx=0 tx=0 comp rx=0 tx=0).connect
2024-09-12T02:55:51.672 INFO:teuthology.orchestra.run.smithi059.stdout:/usr/bin/ceph: stderr
2024-09-12T02:55:51.043+0000 7ff234ff9640 1 -- 172.21.15.59:0/84854551 --> [v2:172.21.15.59:6800/755956608,v1:172.21.15.59:6801/755956608] -- command(tid 0: {"prefix": "get_command_descriptions"}) -- 0x7ff238108820 con 0x7ff22003c6b0
2024-09-12T02:55:51.672 INFO:teuthology.orchestra.run.smithi059.stdout:/usr/bin/ceph: stderr
2024-09-12T02:55:51.044+0000 7ff236ffd640 1 --2- 172.21.15.59:0/84854551 >> [v2:172.21.15.59:6800/755956608,v1:172.21.15.59:6801/755956608] conn(0x7ff22003c6b0 0x7ff22003eaa0 unknown :-1 s=BANNER_CONNECTING pgs=0 cs=0 l=1 rev1=0 crypto rx=0 tx=0 comp rx=0 tx=0)._handle_peer_banner_payload supported=3 required=0
2024-09-12T02:55:51.673 INFO:teuthology.orchestra.run.smithi059.stdout:/usr/bin/ceph: stderr
2024-09-12T02:55:51.045+0000 7ff236ffd640 1 --2- 172.21.15.59:0/84854551 >> [v2:172.21.15.59:6800/755956608,v1:172.21.15.59:6801/755956608] conn(0x7ff22003c6b0 0x7ff22003eaa0 secure :-1 s=READY pgs=1 cs=0 l=1 rev1=1 crypto rx=0x7ff22c003980 tx=0x7ff22c006e10 comp rx=0 tx=0).ready entity=mgr.14118 client_cookie=0 server_cookie=0 in_seq=0 out_seq=0
2024-09-12T02:55:51.673 INFO:teuthology.orchestra.run.smithi059.stdout:/usr/bin/ceph: stderr
2024-09-12T02:55:51.045+0000 7ff234ff9640 1 -- 172.21.15.59:0/84854551 <== mgr.14118 v2:172.21.15.59:6800/755956608 1 ==== command_reply(tid 0: 0 ) ==== 8+0+9564 (secure 0 0 0) 0x7ff238108820 con 0x7ff22003c6b0
2024-09-12T02:55:51.673 INFO:teuthology.orchestra.run.smithi059.stdout:/usr/bin/ceph: stderr
2024-09-12T02:55:51.052+0000 7ff23de65640 1 -- 172.21.15.59:0/84854551 --> [v2:172.21.15.59:6800/755956608,v1:172.21.15.59:6801/755956608] -- command(tid 1: {"prefix": "mgr_status"}) -- 0x7ff238103250 con 0x7ff22003c6b0
2024-09-12T02:55:51.673 INFO:teuthology.orchestra.run.smithi059.stdout:/usr/bin/ceph: stderr
2024-09-12T02:55:51.052+0000 7ff234ff9640 1 -- 172.21.15.59:0/84854551 <== mgr.14118 v2:172.21.15.59:6800/755956608 2 ==== command_reply(tid 1: 0 ) ==== 8+0+51 (secure 0 0 0) 0x7ff238103250 con 0x7ff22003c6b0
2024-09-12T02:55:51.673 INFO:teuthology.orchestra.run.smithi059.stdout:/usr/bin/ceph: stderr
2024-09-12T02:55:51.053+0000 7ff23de65640 1 -- 172.21.15.59:0/84854551 >> [v2:172.21.15.59:6800/755956608,v1:172.21.15.59:6801/755956608] conn(0x7ff22003c6b0 msgr2=0x7ff22003eaa0 secure :-1 s=STATE_CONNECTION_ESTABLISHED l=1).mark_down
2024-09-12T02:55:51.673 INFO:teuthology.orchestra.run.smithi059.stdout:/usr/bin/ceph: stderr
2024-09-12T02:55:51.053+0000 7ff23de65640 1 --2- 172.21.15.59:0/84854551 >> [v2:172.21.15.59:6800/755956608,v1:172.21.15.59:6801/755956608] conn(0x7ff22003c6b0 0x7ff22003eaa0 secure :-1 s=READY pgs=1 cs=0 l=1 rev1=1 crypto rx=0x7ff22c003980 tx=0x7ff22c006e10 comp rx=0 tx=0).stop
2024-09-12T02:55:51.673 INFO:teuthology.orchestra.run.smithi059.stdout:/usr/bin/ceph: stderr
2024-09-12T02:55:51.053+0000 7ff23de65640 1 -- 172.21.15.59:0/84854551 >> [v2:172.21.15.59:3300/0,v1:172.21.15.59:6789/0] conn(0x7ff2381083c0 msgr2=0x7ff238107c40 secure :-1 s=STATE_CONNECTION_ESTABLISHED l=1).mark_down
2024-09-12T02:55:51.674 INFO:teuthology.orchestra.run.smithi059.stdout:/usr/bin/ceph: stderr
2024-09-12T02:55:51.053+0000 7ff23de65640 1 --2- 172.21.15.59:0/84854551 >> [v2:172.21.15.59:3300/0,v1:172.21.15.59:6789/0] conn(0x7ff2381083c0 0x7ff238107c40 secure :-1 s=READY pgs=27 cs=0 l=1 rev1=1 crypto rx=0x7ff228032d90 tx=0x7ff228032dc0 comp rx=0 tx=0).stop
2024-09-12T02:55:51.674 INFO:teuthology.orchestra.run.smithi059.stdout:/usr/bin/ceph: stderr
2024-09-12T02:55:51.053+0000 7ff23de65640 1 -- 172.21.15.59:0/84854551 shutdown_connections
2024-09-12T02:55:51.674 INFO:teuthology.orchestra.run.smithi059.stdout:/usr/bin/ceph: stderr
2024-09-12T02:55:51.053+0000 7ff23de65640 1 --2- 172.21.15.59:0/84854551 >> [v2:172.21.15.59:6800/755956608,v1:172.21.15.59:6801/755956608] conn(0x7ff22003c6b0 0x7ff22003eaa0 unknown :-1 s=CLOSED pgs=1 cs=0 l=1 rev1=1 crypto rx=0 tx=0 comp rx=0 tx=0).stop
2024-09-12T02:55:51.674 INFO:teuthology.orchestra.run.smithi059.stdout:/usr/bin/ceph: stderr
2024-09-12T02:55:51.053+0000 7ff23de65640 1 --2- 172.21.15.59:0/84854551 >> [v2:172.21.15.59:6800/948344588,v1:172.21.15.59:6801/948344588] conn(0x7ff220038f70 0x7ff22003b430 unknown :-1 s=CLOSED pgs=0 cs=0 l=1 rev1=0 crypto rx=0 tx=0 comp rx=0 tx=0).stop
2024-09-12T02:55:51.674 INFO:teuthology.orchestra.run.smithi059.stdout:/usr/bin/ceph: stderr
2024-09-12T02:55:51.053+0000 7ff23de65640 1 --2- 172.21.15.59:0/84854551 >> [v2:172.21.15.59:3300/0,v1:172.21.15.59:6789/0] conn(0x7ff2381083c0 0x7ff238107c40 unknown :-1 s=CLOSED pgs=27 cs=0 l=1 rev1=1 crypto rx=0 tx=0 comp rx=0 tx=0).stop
2024-09-12T02:55:51.674 INFO:teuthology.orchestra.run.smithi059.stdout:/usr/bin/ceph: stderr
2024-09-12T02:55:51.053+0000 7ff23de65640 1 -- 172.21.15.59:0/84854551 >> 172.21.15.59:0/84854551 conn(0x7ff238101f60 msgr2=0x7ff238102b40 unknown :-1 s=STATE_NONE l=0).mark_down
2024-09-12T02:55:51.674 INFO:teuthology.orchestra.run.smithi059.stdout:/usr/bin/ceph: stderr
2024-09-12T02:55:51.053+0000 7ff23de65640 1 -- 172.21.15.59:0/84854551 shutdown_connections
2024-09-12T02:55:51.674 INFO:teuthology.orchestra.run.smithi059.stdout:/usr/bin/ceph: stderr
2024-09-12T02:55:51.053+0000 7ff23de65640 1 -- 172.21.15.59:0/84854551 wait complete.
2024-09-12T02:55:51.674 INFO:teuthology.orchestra.run.smithi059.stdout:mgr epoch 5 is available
2024-09-12T02:55:51.674 INFO:teuthology.orchestra.run.smithi059.stdout:Setting orchestrator backend to cephadm...
2024-09-12T02:55:52.545 INFO:journalctl@ceph.mon.a.smithi059.stdout:Sep 12 02:55:52 smithi059 ceph-mon[31194]: from='client.14122 -' entity='client.admin' cmd=[{"prefix": "get_command_descriptions"}]: dispatch
2024-09-12T02:55:52.545 INFO:journalctl@ceph.mon.a.smithi059.stdout:Sep 12 02:55:52 smithi059 ceph-mon[31194]: from='client.14122 -' entity='client.admin' cmd=[{"prefix": "mgr_status"}]: dispatch
2024-09-12T02:55:52.545 INFO:journalctl@ceph.mon.a.smithi059.stdout:Sep 12 02:55:52 smithi059 ceph-mon[31194]: from='mgr.14118 172.21.15.59:0/2552187176' entity='mgr.x'
2024-09-12T02:55:52.545 INFO:journalctl@ceph.mon.a.smithi059.stdout:Sep 12 02:55:52 smithi059 ceph-mon[31194]: from='mgr.14118 172.21.15.59:0/2552187176' entity='mgr.x'
2024-09-12T02:55:52.545 INFO:journalctl@ceph.mon.a.smithi059.stdout:Sep 12 02:55:52 smithi059 ceph-mon[31194]: from='mgr.14118 172.21.15.59:0/2552187176' entity='mgr.x'
2024-09-12T02:55:52.545 INFO:journalctl@ceph.mon.a.smithi059.stdout:Sep 12 02:55:52 smithi059 ceph-mon[31194]: from='mgr.14118 172.21.15.59:0/2552187176' entity='mgr.x' cmd=[{"prefix": "config dump", "format": "json"}]: dispatch
2024-09-12T02:55:52.846 INFO:teuthology.orchestra.run.smithi059.stdout:/usr/bin/ceph: stderr
2024-09-12T02:55:52.040+0000 7f3af077c640 1 Processor -- start
2024-09-12T02:55:52.846 INFO:teuthology.orchestra.run.smithi059.stdout:/usr/bin/ceph: stderr
2024-09-12T02:55:52.040+0000 7f3af077c640 1 -- start start
2024-09-12T02:55:52.846 INFO:teuthology.orchestra.run.smithi059.stdout:/usr/bin/ceph: stderr
2024-09-12T02:55:52.040+0000 7f3af077c640 1 --2- >> [v2:172.21.15.59:3300/0,v1:172.21.15.59:6789/0] conn(0x7f3ae8108350 0x7f3ae810a740 unknown :-1 s=NONE pgs=0 cs=0 l=0 rev1=0 crypto rx=0 tx=0 comp rx=0 tx=0).connect
2024-09-12T02:55:52.846 INFO:teuthology.orchestra.run.smithi059.stdout:/usr/bin/ceph: stderr
2024-09-12T02:55:52.040+0000 7f3af077c640 1 -- --> [v2:172.21.15.59:3300/0,v1:172.21.15.59:6789/0] -- mon_getmap magic: 0 -- 0x7f3ae807be80 con 0x7f3ae8108350
2024-09-12T02:55:52.846 INFO:teuthology.orchestra.run.smithi059.stdout:/usr/bin/ceph: stderr
2024-09-12T02:55:52.041+0000 7f3aee518640 1 --2- >> [v2:172.21.15.59:3300/0,v1:172.21.15.59:6789/0] conn(0x7f3ae8108350 0x7f3ae810a740 unknown :-1 s=BANNER_CONNECTING pgs=0 cs=0 l=0 rev1=0 crypto rx=0 tx=0 comp rx=0 tx=0)._handle_peer_banner_payload supported=3 required=0
2024-09-12T02:55:52.846 INFO:teuthology.orchestra.run.smithi059.stdout:/usr/bin/ceph: stderr
2024-09-12T02:55:52.041+0000 7f3aee518640 1 --2- >> [v2:172.21.15.59:3300/0,v1:172.21.15.59:6789/0] conn(0x7f3ae8108350 0x7f3ae810a740 unknown :-1 s=HELLO_CONNECTING pgs=0 cs=0 l=0 rev1=1 crypto rx=0 tx=0 comp rx=0 tx=0).handle_hello peer v2:172.21.15.59:3300/0 says I am v2:172.21.15.59:55756/0 (socket says 172.21.15.59:55756)
2024-09-12T02:55:52.847 INFO:teuthology.orchestra.run.smithi059.stdout:/usr/bin/ceph: stderr
2024-09-12T02:55:52.041+0000 7f3aee518640 1 -- 172.21.15.59:0/278797378 learned_addr learned my addr 172.21.15.59:0/278797378 (peer_addr_for_me v2:172.21.15.59:0/0)
2024-09-12T02:55:52.847 INFO:teuthology.orchestra.run.smithi059.stdout:/usr/bin/ceph: stderr
2024-09-12T02:55:52.041+0000 7f3aee518640 1 -- 172.21.15.59:0/278797378 --> [v2:172.21.15.59:3300/0,v1:172.21.15.59:6789/0] -- mon_subscribe({config=0+,monmap=0+}) -- 0x7f3ae810ac80 con 0x7f3ae8108350
2024-09-12T02:55:52.847 INFO:teuthology.orchestra.run.smithi059.stdout:/usr/bin/ceph: stderr
2024-09-12T02:55:52.042+0000 7f3aee518640 1 --2- 172.21.15.59:0/278797378 >> [v2:172.21.15.59:3300/0,v1:172.21.15.59:6789/0] conn(0x7f3ae8108350 0x7f3ae810a740 secure :-1 s=READY pgs=35 cs=0 l=1 rev1=1 crypto rx=0x7f3ae4009820 tx=0x7f3ae402a270 comp rx=0 tx=0).ready entity=mon.0 client_cookie=89658cbbae60f92d server_cookie=0 in_seq=0 out_seq=0
2024-09-12T02:55:52.847 INFO:teuthology.orchestra.run.smithi059.stdout:/usr/bin/ceph: stderr
2024-09-12T02:55:52.042+0000 7f3aed516640 1 -- 172.21.15.59:0/278797378 <== mon.0 v2:172.21.15.59:3300/0 1 ==== mon_map magic: 0 ==== 205+0+0 (secure 0 0 0) 0x7f3ae4037070 con 0x7f3ae8108350
2024-09-12T02:55:52.847 INFO:teuthology.orchestra.run.smithi059.stdout:/usr/bin/ceph: stderr
2024-09-12T02:55:52.042+0000 7f3aed516640 1 -- 172.21.15.59:0/278797378 <== mon.0 v2:172.21.15.59:3300/0 2 ==== config(28 keys) ==== 1140+0+0 (secure 0 0 0) 0x7f3ae4032920 con 0x7f3ae8108350
2024-09-12T02:55:52.847 INFO:teuthology.orchestra.run.smithi059.stdout:/usr/bin/ceph: stderr
2024-09-12T02:55:52.042+0000 7f3aed516640 1 -- 172.21.15.59:0/278797378 <== mon.0 v2:172.21.15.59:3300/0 3 ==== mon_map magic: 0 ==== 205+0+0 (secure 0 0 0) 0x7f3ae4030950 con 0x7f3ae8108350
2024-09-12T02:55:52.847 INFO:teuthology.orchestra.run.smithi059.stdout:/usr/bin/ceph: stderr
2024-09-12T02:55:52.043+0000 7f3af077c640 1 -- 172.21.15.59:0/278797378 >> [v2:172.21.15.59:3300/0,v1:172.21.15.59:6789/0] conn(0x7f3ae8108350 msgr2=0x7f3ae810a740 secure :-1 s=STATE_CONNECTION_ESTABLISHED l=1).mark_down
2024-09-12T02:55:52.847 INFO:teuthology.orchestra.run.smithi059.stdout:/usr/bin/ceph: stderr
2024-09-12T02:55:52.043+0000 7f3af077c640 1 --2- 172.21.15.59:0/278797378 >> [v2:172.21.15.59:3300/0,v1:172.21.15.59:6789/0] conn(0x7f3ae8108350 0x7f3ae810a740 secure :-1 s=READY pgs=35 cs=0 l=1 rev1=1 crypto rx=0x7f3ae4009820 tx=0x7f3ae402a270 comp rx=0 tx=0).stop
2024-09-12T02:55:52.847 INFO:teuthology.orchestra.run.smithi059.stdout:/usr/bin/ceph: stderr
2024-09-12T02:55:52.043+0000 7f3af077c640 1 -- 172.21.15.59:0/278797378 shutdown_connections
2024-09-12T02:55:52.847 INFO:teuthology.orchestra.run.smithi059.stdout:/usr/bin/ceph: stderr
2024-09-12T02:55:52.043+0000 7f3af077c640 1 --2- 172.21.15.59:0/278797378 >> [v2:172.21.15.59:3300/0,v1:172.21.15.59:6789/0] conn(0x7f3ae8108350 0x7f3ae810a740 unknown :-1 s=CLOSED pgs=35 cs=0 l=1 rev1=1 crypto rx=0 tx=0 comp rx=0 tx=0).stop
2024-09-12T02:55:52.847 INFO:teuthology.orchestra.run.smithi059.stdout:/usr/bin/ceph: stderr
2024-09-12T02:55:52.043+0000 7f3af077c640 1 -- 172.21.15.59:0/278797378 >> 172.21.15.59:0/278797378 conn(0x7f3ae8101f30 msgr2=0x7f3ae81043b0 unknown :-1 s=STATE_NONE l=0).mark_down
2024-09-12T02:55:52.848 INFO:teuthology.orchestra.run.smithi059.stdout:/usr/bin/ceph: stderr
2024-09-12T02:55:52.043+0000 7f3af077c640 1 -- 172.21.15.59:0/278797378 shutdown_connections
2024-09-12T02:55:52.848 INFO:teuthology.orchestra.run.smithi059.stdout:/usr/bin/ceph: stderr
2024-09-12T02:55:52.043+0000 7f3af077c640 1 -- 172.21.15.59:0/278797378 wait complete.
2024-09-12T02:55:52.848 INFO:teuthology.orchestra.run.smithi059.stdout:/usr/bin/ceph: stderr
2024-09-12T02:55:52.043+0000 7f3af077c640 1 Processor -- start
2024-09-12T02:55:52.848 INFO:teuthology.orchestra.run.smithi059.stdout:/usr/bin/ceph: stderr
2024-09-12T02:55:52.043+0000 7f3af077c640 1 -- start start
2024-09-12T02:55:52.848 INFO:teuthology.orchestra.run.smithi059.stdout:/usr/bin/ceph: stderr
2024-09-12T02:55:52.044+0000 7f3af077c640 1 --2- >> [v2:172.21.15.59:3300/0,v1:172.21.15.59:6789/0] conn(0x7f3ae8108350 0x7f3ae8107bd0 unknown :-1 s=NONE pgs=0 cs=0 l=1 rev1=0 crypto rx=0 tx=0 comp rx=0 tx=0).connect
2024-09-12T02:55:52.848 INFO:teuthology.orchestra.run.smithi059.stdout:/usr/bin/ceph: stderr
2024-09-12T02:55:52.044+0000 7f3af077c640 1 -- --> [v2:172.21.15.59:3300/0,v1:172.21.15.59:6789/0] -- mon_getmap magic: 0 -- 0x7f3ae810bd10 con 0x7f3ae8108350
2024-09-12T02:55:52.848 INFO:teuthology.orchestra.run.smithi059.stdout:/usr/bin/ceph: stderr
2024-09-12T02:55:52.044+0000 7f3aee518640 1 --2- >> [v2:172.21.15.59:3300/0,v1:172.21.15.59:6789/0] conn(0x7f3ae8108350 0x7f3ae8107bd0 unknown :-1 s=BANNER_CONNECTING pgs=0 cs=0 l=1 rev1=0 crypto rx=0 tx=0 comp rx=0 tx=0)._handle_peer_banner_payload supported=3 required=0
2024-09-12T02:55:52.848 INFO:teuthology.orchestra.run.smithi059.stdout:/usr/bin/ceph: stderr
2024-09-12T02:55:52.044+0000 7f3aee518640 1 --2- >> [v2:172.21.15.59:3300/0,v1:172.21.15.59:6789/0] conn(0x7f3ae8108350 0x7f3ae8107bd0 unknown :-1 s=HELLO_CONNECTING pgs=0 cs=0 l=1 rev1=1 crypto rx=0 tx=0 comp rx=0 tx=0).handle_hello peer v2:172.21.15.59:3300/0 says I am v2:172.21.15.59:55758/0 (socket says 172.21.15.59:55758)
2024-09-12T02:55:52.848 INFO:teuthology.orchestra.run.smithi059.stdout:/usr/bin/ceph: stderr
2024-09-12T02:55:52.044+0000 7f3aee518640 1 -- 172.21.15.59:0/3885403114 learned_addr learned my addr 172.21.15.59:0/3885403114 (peer_addr_for_me v2:172.21.15.59:0/0)
2024-09-12T02:55:52.848 INFO:teuthology.orchestra.run.smithi059.stdout:/usr/bin/ceph: stderr
2024-09-12T02:55:52.044+0000 7f3aee518640 1 -- 172.21.15.59:0/3885403114 --> [v2:172.21.15.59:3300/0,v1:172.21.15.59:6789/0] -- mon_subscribe({config=0+,monmap=0+}) -- 0x7f3ae8108110 con 0x7f3ae8108350
2024-09-12T02:55:52.848 INFO:teuthology.orchestra.run.smithi059.stdout:/usr/bin/ceph: stderr
2024-09-12T02:55:52.044+0000 7f3aee518640 1 --2- 172.21.15.59:0/3885403114 >> [v2:172.21.15.59:3300/0,v1:172.21.15.59:6789/0] conn(0x7f3ae8108350 0x7f3ae8107bd0 secure :-1 s=READY pgs=36 cs=0 l=1 rev1=1 crypto rx=0x7f3ae4032d90 tx=0x7f3ae4032dc0 comp rx=0 tx=0).ready entity=mon.0 client_cookie=0 server_cookie=0 in_seq=0 out_seq=0
2024-09-12T02:55:52.849 INFO:teuthology.orchestra.run.smithi059.stdout:/usr/bin/ceph: stderr
2024-09-12T02:55:52.044+0000 7f3adf7fe640 1 -- 172.21.15.59:0/3885403114 <== mon.0 v2:172.21.15.59:3300/0 1 ==== mon_map magic: 0 ==== 205+0+0 (secure 0 0 0) 0x7f3ae4042070 con 0x7f3ae8108350
2024-09-12T02:55:52.849 INFO:teuthology.orchestra.run.smithi059.stdout:/usr/bin/ceph: stderr
2024-09-12T02:55:52.044+0000 7f3adf7fe640 1 -- 172.21.15.59:0/3885403114 <== mon.0 v2:172.21.15.59:3300/0 2 ==== config(28 keys) ==== 1140+0+0 (secure 0 0 0) 0x7f3ae4032570 con 0x7f3ae8108350
2024-09-12T02:55:52.849 INFO:teuthology.orchestra.run.smithi059.stdout:/usr/bin/ceph: stderr
2024-09-12T02:55:52.044+0000 7f3af077c640 1 -- 172.21.15.59:0/3885403114 --> [v2:172.21.15.59:3300/0,v1:172.21.15.59:6789/0] -- mon_subscribe({mgrmap=0+}) -- 0x7f3ae8106300 con 0x7f3ae8108350
2024-09-12T02:55:52.849 INFO:teuthology.orchestra.run.smithi059.stdout:/usr/bin/ceph: stderr
2024-09-12T02:55:52.044+0000 7f3adf7fe640 1 -- 172.21.15.59:0/3885403114 <== mon.0 v2:172.21.15.59:3300/0 3 ==== mon_map magic: 0 ==== 205+0+0 (secure 0 0 0) 0x7f3ae4037040 con 0x7f3ae8108350
2024-09-12T02:55:52.849 INFO:teuthology.orchestra.run.smithi059.stdout:/usr/bin/ceph: stderr
2024-09-12T02:55:52.044+0000 7f3af077c640 1 -- 172.21.15.59:0/3885403114 --> [v2:172.21.15.59:3300/0,v1:172.21.15.59:6789/0] -- mon_subscribe({osdmap=0}) -- 0x7f3ae8106840 con 0x7f3ae8108350
2024-09-12T02:55:52.849 INFO:teuthology.orchestra.run.smithi059.stdout:/usr/bin/ceph: stderr
2024-09-12T02:55:52.045+0000 7f3af077c640 1 -- 172.21.15.59:0/3885403114 --> [v2:172.21.15.59:3300/0,v1:172.21.15.59:6789/0] -- mon_command({"prefix": "get_command_descriptions"} v 0) -- 0x7f3ae81087b0 con 0x7f3ae8108350
2024-09-12T02:55:52.849 INFO:teuthology.orchestra.run.smithi059.stdout:/usr/bin/ceph: stderr
2024-09-12T02:55:52.045+0000 7f3adf7fe640 1 -- 172.21.15.59:0/3885403114 <== mon.0 v2:172.21.15.59:3300/0 4 ==== mgrmap(e 7) ==== 46181+0+0 (secure 0 0 0) 0x7f3ae4045070 con 0x7f3ae8108350
2024-09-12T02:55:52.849 INFO:teuthology.orchestra.run.smithi059.stdout:/usr/bin/ceph: stderr
2024-09-12T02:55:52.046+0000 7f3adf7fe640 1 --2- 172.21.15.59:0/3885403114 >> [v2:172.21.15.59:6800/755956608,v1:172.21.15.59:6801/755956608] conn(0x7f3ad4038eb0 0x7f3ad403b370 unknown :-1 s=NONE pgs=0 cs=0 l=1 rev1=0 crypto rx=0 tx=0 comp rx=0 tx=0).connect
2024-09-12T02:55:52.849 INFO:teuthology.orchestra.run.smithi059.stdout:/usr/bin/ceph: stderr
2024-09-12T02:55:52.046+0000 7f3adf7fe640 1 -- 172.21.15.59:0/3885403114 <== mon.0 v2:172.21.15.59:3300/0 5 ==== osd_map(2..2 src has 1..2) ==== 940+0+0 (secure 0 0 0) 0x7f3ae406bed0 con 0x7f3ae8108350
2024-09-12T02:55:52.849 INFO:teuthology.orchestra.run.smithi059.stdout:/usr/bin/ceph: stderr
