2024-09-12T03:09:51.916 INFO:journalctl@ceph.mgr.x.smithi019.stdout:Sep 12 03:09:51 smithi019 ceph-45fb56a2-70b4-11ef-bcea-c7b262605968-mgr-x[31179]: +----[SHA256]-----+
2024-09-12T03:09:52.312 INFO:teuthology.orchestra.run.smithi019.stdout:/usr/bin/ceph: stderr
2024-09-12T03:09:51.458+0000 7f9fd5fbc640 1 Processor -- start
2024-09-12T03:09:52.313 INFO:teuthology.orchestra.run.smithi019.stdout:/usr/bin/ceph: stderr
2024-09-12T03:09:51.458+0000 7f9fd5fbc640 1 -- start start
2024-09-12T03:09:52.313 INFO:teuthology.orchestra.run.smithi019.stdout:/usr/bin/ceph: stderr
2024-09-12T03:09:51.458+0000 7f9fd5fbc640 1 --2- >> [v2:172.21.15.19:3300/0,v1:172.21.15.19:6789/0] conn(0x7f9fd0108140 0x7f9fd010a530 unknown :-1 s=NONE pgs=0 cs=0 l=0 rev1=0 crypto rx=0 tx=0 comp rx=0 tx=0).connect
2024-09-12T03:09:52.313 INFO:teuthology.orchestra.run.smithi019.stdout:/usr/bin/ceph: stderr
2024-09-12T03:09:51.458+0000 7f9fd5fbc640 1 -- --> [v2:172.21.15.19:3300/0,v1:172.21.15.19:6789/0] -- mon_getmap magic: 0 -- 0x7f9fd007be70 con 0x7f9fd0108140
2024-09-12T03:09:52.313 INFO:teuthology.orchestra.run.smithi019.stdout:/usr/bin/ceph: stderr
2024-09-12T03:09:51.459+0000 7f9fcf7fe640 1 --2- >> [v2:172.21.15.19:3300/0,v1:172.21.15.19:6789/0] conn(0x7f9fd0108140 0x7f9fd010a530 unknown :-1 s=BANNER_CONNECTING pgs=0 cs=0 l=0 rev1=0 crypto rx=0 tx=0 comp rx=0 tx=0)._handle_peer_banner_payload supported=3 required=0
2024-09-12T03:09:52.313 INFO:teuthology.orchestra.run.smithi019.stdout:/usr/bin/ceph: stderr
2024-09-12T03:09:51.459+0000 7f9fcf7fe640 1 --2- >> [v2:172.21.15.19:3300/0,v1:172.21.15.19:6789/0] conn(0x7f9fd0108140 0x7f9fd010a530 unknown :-1 s=HELLO_CONNECTING pgs=0 cs=0 l=0 rev1=1 crypto rx=0 tx=0 comp rx=0 tx=0).handle_hello peer v2:172.21.15.19:3300/0 says I am v2:172.21.15.19:45138/0 (socket says 172.21.15.19:45138)
2024-09-12T03:09:52.313 INFO:teuthology.orchestra.run.smithi019.stdout:/usr/bin/ceph: stderr
2024-09-12T03:09:51.459+0000 7f9fcf7fe640 1 -- 172.21.15.19:0/3279736228 learned_addr learned my addr 172.21.15.19:0/3279736228 (peer_addr_for_me v2:172.21.15.19:0/0)
2024-09-12T03:09:52.313 INFO:teuthology.orchestra.run.smithi019.stdout:/usr/bin/ceph: stderr
2024-09-12T03:09:51.459+0000 7f9fcf7fe640 1 -- 172.21.15.19:0/3279736228 --> [v2:172.21.15.19:3300/0,v1:172.21.15.19:6789/0] -- mon_subscribe({config=0+,monmap=0+}) -- 0x7f9fd010aa70 con 0x7f9fd0108140
2024-09-12T03:09:52.313 INFO:teuthology.orchestra.run.smithi019.stdout:/usr/bin/ceph: stderr
2024-09-12T03:09:51.460+0000 7f9fcf7fe640 1 --2- 172.21.15.19:0/3279736228 >> [v2:172.21.15.19:3300/0,v1:172.21.15.19:6789/0] conn(0x7f9fd0108140 0x7f9fd010a530 secure :-1 s=READY pgs=39 cs=0 l=1 rev1=1 crypto rx=0x7f9fc0009820 tx=0x7f9fc002a270 comp rx=0 tx=0).ready entity=mon.0 client_cookie=57a788f11182492c server_cookie=0 in_seq=0 out_seq=0
2024-09-12T03:09:52.313 INFO:teuthology.orchestra.run.smithi019.stdout:/usr/bin/ceph: stderr
2024-09-12T03:09:51.460+0000 7f9fce7fc640 1 -- 172.21.15.19:0/3279736228 <== mon.0 v2:172.21.15.19:3300/0 1 ==== mon_map magic: 0 ==== 205+0+0 (secure 0 0 0) 0x7f9fc0037070 con 0x7f9fd0108140
2024-09-12T03:09:52.313 INFO:teuthology.orchestra.run.smithi019.stdout:/usr/bin/ceph: stderr
2024-09-12T03:09:51.460+0000 7f9fce7fc640 1 -- 172.21.15.19:0/3279736228 <== mon.0 v2:172.21.15.19:3300/0 2 ==== config(27 keys) ==== 1109+0+0 (secure 0 0 0) 0x7f9fc0032900 con 0x7f9fd0108140
2024-09-12T03:09:52.313 INFO:teuthology.orchestra.run.smithi019.stdout:/usr/bin/ceph: stderr
2024-09-12T03:09:51.460+0000 7f9fce7fc640 1 -- 172.21.15.19:0/3279736228 <== mon.0 v2:172.21.15.19:3300/0 3 ==== mon_map magic: 0 ==== 205+0+0 (secure 0 0 0) 0x7f9fc0030850 con 0x7f9fd0108140
2024-09-12T03:09:52.313 INFO:teuthology.orchestra.run.smithi019.stdout:/usr/bin/ceph: stderr
2024-09-12T03:09:51.460+0000 7f9fd5fbc640 1 -- 172.21.15.19:0/3279736228 >> [v2:172.21.15.19:3300/0,v1:172.21.15.19:6789/0] conn(0x7f9fd0108140 msgr2=0x7f9fd010a530 secure :-1 s=STATE_CONNECTION_ESTABLISHED l=1).mark_down
2024-09-12T03:09:52.314 INFO:teuthology.orchestra.run.smithi019.stdout:/usr/bin/ceph: stderr
2024-09-12T03:09:51.460+0000 7f9fd5fbc640 1 --2- 172.21.15.19:0/3279736228 >> [v2:172.21.15.19:3300/0,v1:172.21.15.19:6789/0] conn(0x7f9fd0108140 0x7f9fd010a530 secure :-1 s=READY pgs=39 cs=0 l=1 rev1=1 crypto rx=0x7f9fc0009820 tx=0x7f9fc002a270 comp rx=0 tx=0).stop
2024-09-12T03:09:52.314 INFO:teuthology.orchestra.run.smithi019.stdout:/usr/bin/ceph: stderr
2024-09-12T03:09:51.460+0000 7f9fd5fbc640 1 -- 172.21.15.19:0/3279736228 shutdown_connections
2024-09-12T03:09:52.314 INFO:teuthology.orchestra.run.smithi019.stdout:/usr/bin/ceph: stderr
2024-09-12T03:09:51.460+0000 7f9fd5fbc640 1 --2- 172.21.15.19:0/3279736228 >> [v2:172.21.15.19:3300/0,v1:172.21.15.19:6789/0] conn(0x7f9fd0108140 0x7f9fd010a530 unknown :-1 s=CLOSED pgs=39 cs=0 l=1 rev1=1 crypto rx=0 tx=0 comp rx=0 tx=0).stop
2024-09-12T03:09:52.314 INFO:teuthology.orchestra.run.smithi019.stdout:/usr/bin/ceph: stderr
2024-09-12T03:09:51.461+0000 7f9fd5fbc640 1 -- 172.21.15.19:0/3279736228 >> 172.21.15.19:0/3279736228 conn(0x7f9fd0101de0 msgr2=0x7f9fd0104200 unknown :-1 s=STATE_NONE l=0).mark_down
2024-09-12T03:09:52.314 INFO:teuthology.orchestra.run.smithi019.stdout:/usr/bin/ceph: stderr
2024-09-12T03:09:51.461+0000 7f9fd5fbc640 1 -- 172.21.15.19:0/3279736228 shutdown_connections
2024-09-12T03:09:52.314 INFO:teuthology.orchestra.run.smithi019.stdout:/usr/bin/ceph: stderr
2024-09-12T03:09:51.461+0000 7f9fd5fbc640 1 -- 172.21.15.19:0/3279736228 wait complete.
2024-09-12T03:09:52.314 INFO:teuthology.orchestra.run.smithi019.stdout:/usr/bin/ceph: stderr
2024-09-12T03:09:51.461+0000 7f9fd5fbc640 1 Processor -- start
2024-09-12T03:09:52.314 INFO:teuthology.orchestra.run.smithi019.stdout:/usr/bin/ceph: stderr
2024-09-12T03:09:51.461+0000 7f9fd5fbc640 1 -- start start
2024-09-12T03:09:52.314 INFO:teuthology.orchestra.run.smithi019.stdout:/usr/bin/ceph: stderr
2024-09-12T03:09:51.462+0000 7f9fd5fbc640 1 --2- >> [v2:172.21.15.19:3300/0,v1:172.21.15.19:6789/0] conn(0x7f9fd0108140 0x7f9fd019b5e0 unknown :-1 s=NONE pgs=0 cs=0 l=1 rev1=0 crypto rx=0 tx=0 comp rx=0 tx=0).connect
2024-09-12T03:09:52.314 INFO:teuthology.orchestra.run.smithi019.stdout:/usr/bin/ceph: stderr
2024-09-12T03:09:51.462+0000 7f9fd5fbc640 1 -- --> [v2:172.21.15.19:3300/0,v1:172.21.15.19:6789/0] -- mon_getmap magic: 0 -- 0x7f9fd010ba40 con 0x7f9fd0108140
2024-09-12T03:09:52.314 INFO:teuthology.orchestra.run.smithi019.stdout:/usr/bin/ceph: stderr
2024-09-12T03:09:51.462+0000 7f9fcf7fe640 1 --2- >> [v2:172.21.15.19:3300/0,v1:172.21.15.19:6789/0] conn(0x7f9fd0108140 0x7f9fd019b5e0 unknown :-1 s=BANNER_CONNECTING pgs=0 cs=0 l=1 rev1=0 crypto rx=0 tx=0 comp rx=0 tx=0)._handle_peer_banner_payload supported=3 required=0
2024-09-12T03:09:52.314 INFO:teuthology.orchestra.run.smithi019.stdout:/usr/bin/ceph: stderr
2024-09-12T03:09:51.462+0000 7f9fcf7fe640 1 --2- >> [v2:172.21.15.19:3300/0,v1:172.21.15.19:6789/0] conn(0x7f9fd0108140 0x7f9fd019b5e0 unknown :-1 s=HELLO_CONNECTING pgs=0 cs=0 l=1 rev1=1 crypto rx=0 tx=0 comp rx=0 tx=0).handle_hello peer v2:172.21.15.19:3300/0 says I am v2:172.21.15.19:45144/0 (socket says 172.21.15.19:45144)
2024-09-12T03:09:52.315 INFO:teuthology.orchestra.run.smithi019.stdout:/usr/bin/ceph: stderr
2024-09-12T03:09:51.462+0000 7f9fcf7fe640 1 -- 172.21.15.19:0/441091198 learned_addr learned my addr 172.21.15.19:0/441091198 (peer_addr_for_me v2:172.21.15.19:0/0)
2024-09-12T03:09:52.315 INFO:teuthology.orchestra.run.smithi019.stdout:/usr/bin/ceph: stderr
2024-09-12T03:09:51.462+0000 7f9fcf7fe640 1 -- 172.21.15.19:0/441091198 --> [v2:172.21.15.19:3300/0,v1:172.21.15.19:6789/0] -- mon_subscribe({config=0+,monmap=0+}) -- 0x7f9fd019bb20 con 0x7f9fd0108140
2024-09-12T03:09:52.315 INFO:teuthology.orchestra.run.smithi019.stdout:/usr/bin/ceph: stderr
2024-09-12T03:09:51.462+0000 7f9fcf7fe640 1 --2- 172.21.15.19:0/441091198 >> [v2:172.21.15.19:3300/0,v1:172.21.15.19:6789/0] conn(0x7f9fd0108140 0x7f9fd019b5e0 secure :-1 s=READY pgs=40 cs=0 l=1 rev1=1 crypto rx=0x7f9fc00097f0 tx=0x7f9fc0030d80 comp rx=0 tx=0).ready entity=mon.0 client_cookie=0 server_cookie=0 in_seq=0 out_seq=0
2024-09-12T03:09:52.315 INFO:teuthology.orchestra.run.smithi019.stdout:/usr/bin/ceph: stderr
2024-09-12T03:09:51.462+0000 7f9fccff9640 1 -- 172.21.15.19:0/441091198 <== mon.0 v2:172.21.15.19:3300/0 1 ==== mon_map magic: 0 ==== 205+0+0 (secure 0 0 0) 0x7f9fc0037040 con 0x7f9fd0108140
2024-09-12T03:09:52.315 INFO:teuthology.orchestra.run.smithi019.stdout:/usr/bin/ceph: stderr
2024-09-12T03:09:51.462+0000 7f9fd5fbc640 1 -- 172.21.15.19:0/441091198 --> [v2:172.21.15.19:3300/0,v1:172.21.15.19:6789/0] -- mon_subscribe({mgrmap=0+}) -- 0x7f9fd019bdb0 con 0x7f9fd0108140
2024-09-12T03:09:52.315 INFO:teuthology.orchestra.run.smithi019.stdout:/usr/bin/ceph: stderr
2024-09-12T03:09:51.462+0000 7f9fccff9640 1 -- 172.21.15.19:0/441091198 <== mon.0 v2:172.21.15.19:3300/0 2 ==== config(27 keys) ==== 1109+0+0 (secure 0 0 0) 0x7f9fc0040070 con 0x7f9fd0108140
2024-09-12T03:09:52.315 INFO:teuthology.orchestra.run.smithi019.stdout:/usr/bin/ceph: stderr
2024-09-12T03:09:51.462+0000 7f9fccff9640 1 -- 172.21.15.19:0/441091198 <== mon.0 v2:172.21.15.19:3300/0 3 ==== mon_map magic: 0 ==== 205+0+0 (secure 0 0 0) 0x7f9fc003a390 con 0x7f9fd0108140
2024-09-12T03:09:52.315 INFO:teuthology.orchestra.run.smithi019.stdout:/usr/bin/ceph: stderr
2024-09-12T03:09:51.462+0000 7f9fd5fbc640 1 -- 172.21.15.19:0/441091198 --> [v2:172.21.15.19:3300/0,v1:172.21.15.19:6789/0] -- mon_subscribe({osdmap=0}) -- 0x7f9fd019eaa0 con 0x7f9fd0108140
2024-09-12T03:09:52.315 INFO:teuthology.orchestra.run.smithi019.stdout:/usr/bin/ceph: stderr
2024-09-12T03:09:51.463+0000 7f9fccff9640 1 -- 172.21.15.19:0/441091198 <== mon.0 v2:172.21.15.19:3300/0 4 ==== mgrmap(e 8) ==== 46287+0+0 (secure 0 0 0) 0x7f9fc003a5e0 con 0x7f9fd0108140
2024-09-12T03:09:52.315 INFO:teuthology.orchestra.run.smithi019.stdout:/usr/bin/ceph: stderr
2024-09-12T03:09:51.463+0000 7f9fd5fbc640 1 -- 172.21.15.19:0/441091198 --> [v2:172.21.15.19:3300/0,v1:172.21.15.19:6789/0] -- mon_command({"prefix": "get_command_descriptions"} v 0) -- 0x7f9fd01085a0 con 0x7f9fd0108140
2024-09-12T03:09:52.315 INFO:teuthology.orchestra.run.smithi019.stdout:/usr/bin/ceph: stderr
2024-09-12T03:09:51.463+0000 7f9fccff9640 1 --2- 172.21.15.19:0/441091198 >> [v2:172.21.15.19:6800/1268895810,v1:172.21.15.19:6801/1268895810] conn(0x7f9fb8038fc0 0x7f9fb803b480 unknown :-1 s=NONE pgs=0 cs=0 l=1 rev1=0 crypto rx=0 tx=0 comp rx=0 tx=0).connect
2024-09-12T03:09:52.315 INFO:teuthology.orchestra.run.smithi019.stdout:/usr/bin/ceph: stderr
2024-09-12T03:09:51.463+0000 7f9fccff9640 1 -- 172.21.15.19:0/441091198 <== mon.0 v2:172.21.15.19:3300/0 5 ==== osd_map(2..2 src has 1..2) ==== 940+0+0 (secure 0 0 0) 0x7f9fc006c450 con 0x7f9fd0108140
2024-09-12T03:09:52.316 INFO:teuthology.orchestra.run.smithi019.stdout:/usr/bin/ceph: stderr
2024-09-12T03:09:51.464+0000 7f9fceffd640 1 --2- 172.21.15.19:0/441091198 >> [v2:172.21.15.19:6800/1268895810,v1:172.21.15.19:6801/1268895810] conn(0x7f9fb8038fc0 0x7f9fb803b480 unknown :-1 s=BANNER_CONNECTING pgs=0 cs=0 l=1 rev1=0 crypto rx=0 tx=0 comp rx=0 tx=0)._handle_peer_banner_payload supported=3 required=0
2024-09-12T03:09:52.316 INFO:teuthology.orchestra.run.smithi019.stdout:/usr/bin/ceph: stderr
2024-09-12T03:09:51.464+0000 7f9fceffd640 1 --2- 172.21.15.19:0/441091198 >> [v2:172.21.15.19:6800/1268895810,v1:172.21.15.19:6801/1268895810] conn(0x7f9fb8038fc0 0x7f9fb803b480 secure :-1 s=READY pgs=9 cs=0 l=1 rev1=1 crypto rx=0x7f9fc40098c0 tx=0x7f9fc4006db0 comp rx=0 tx=0).ready entity=mgr.14118 client_cookie=0 server_cookie=0 in_seq=0 out_seq=0
2024-09-12T03:09:52.316 INFO:teuthology.orchestra.run.smithi019.stdout:/usr/bin/ceph: stderr
2024-09-12T03:09:51.468+0000 7f9fccff9640 1 -- 172.21.15.19:0/441091198 <== mon.0 v2:172.21.15.19:3300/0 6 ==== mon_command_ack([{"prefix": "get_command_descriptions"}]=0 v0) ==== 72+0+188821 (secure 0 0 0) 0x7f9fc003a9d0 con 0x7f9fd0108140
2024-09-12T03:09:52.316 INFO:teuthology.orchestra.run.smithi019.stdout:/usr/bin/ceph: stderr
2024-09-12T03:09:51.644+0000 7f9fd5fbc640 1 -- 172.21.15.19:0/441091198 --> [v2:172.21.15.19:6800/1268895810,v1:172.21.15.19:6801/1268895810] -- mgr_command(tid 0: {"prefix": "cephadm generate-key", "target": ["mon-mgr", ""]}) -- 0x7f9fd0103000 con 0x7f9fb8038fc0
2024-09-12T03:09:52.316 INFO:teuthology.orchestra.run.smithi019.stdout:/usr/bin/ceph: stderr
2024-09-12T03:09:51.720+0000 7f9fccff9640 1 -- 172.21.15.19:0/441091198 <== mgr.14118 v2:172.21.15.19:6800/1268895810 1 ==== mgr_command_reply(tid 0: 0 ) ==== 8+0+0 (secure 0 0 0) 0x7f9fd0103000 con 0x7f9fb8038fc0
2024-09-12T03:09:52.316 INFO:teuthology.orchestra.run.smithi019.stdout:/usr/bin/ceph: stderr
2024-09-12T03:09:51.722+0000 7f9fd5fbc640 1 -- 172.21.15.19:0/441091198 >> [v2:172.21.15.19:6800/1268895810,v1:172.21.15.19:6801/1268895810] conn(0x7f9fb8038fc0 msgr2=0x7f9fb803b480 secure :-1 s=STATE_CONNECTION_ESTABLISHED l=1).mark_down
2024-09-12T03:09:52.316 INFO:teuthology.orchestra.run.smithi019.stdout:/usr/bin/ceph: stderr
2024-09-12T03:09:51.722+0000 7f9fd5fbc640 1 --2- 172.21.15.19:0/441091198 >> [v2:172.21.15.19:6800/1268895810,v1:172.21.15.19:6801/1268895810] conn(0x7f9fb8038fc0 0x7f9fb803b480 secure :-1 s=READY pgs=9 cs=0 l=1 rev1=1 crypto rx=0x7f9fc40098c0 tx=0x7f9fc4006db0 comp rx=0 tx=0).stop
2024-09-12T03:09:52.316 INFO:teuthology.orchestra.run.smithi019.stdout:/usr/bin/ceph: stderr
2024-09-12T03:09:51.722+0000 7f9fd5fbc640 1 -- 172.21.15.19:0/441091198 >> [v2:172.21.15.19:3300/0,v1:172.21.15.19:6789/0] conn(0x7f9fd0108140 msgr2=0x7f9fd019b5e0 secure :-1 s=STATE_CONNECTION_ESTABLISHED l=1).mark_down
2024-09-12T03:09:52.316 INFO:teuthology.orchestra.run.smithi019.stdout:/usr/bin/ceph: stderr
2024-09-12T03:09:51.722+0000 7f9fd5fbc640 1 --2- 172.21.15.19:0/441091198 >> [v2:172.21.15.19:3300/0,v1:172.21.15.19:6789/0] conn(0x7f9fd0108140 0x7f9fd019b5e0 secure :-1 s=READY pgs=40 cs=0 l=1 rev1=1 crypto rx=0x7f9fc00097f0 tx=0x7f9fc0030d80 comp rx=0 tx=0).stop
2024-09-12T03:09:52.316 INFO:teuthology.orchestra.run.smithi019.stdout:/usr/bin/ceph: stderr
2024-09-12T03:09:51.722+0000 7f9fd5fbc640 1 -- 172.21.15.19:0/441091198 shutdown_connections
2024-09-12T03:09:52.316 INFO:teuthology.orchestra.run.smithi019.stdout:/usr/bin/ceph: stderr
2024-09-12T03:09:51.722+0000 7f9fd5fbc640 1 --2- 172.21.15.19:0/441091198 >> [v2:172.21.15.19:6800/1268895810,v1:172.21.15.19:6801/1268895810] conn(0x7f9fb8038fc0 0x7f9fb803b480 unknown :-1 s=CLOSED pgs=9 cs=0 l=1 rev1=1 crypto rx=0 tx=0 comp rx=0 tx=0).stop
2024-09-12T03:09:52.317 INFO:teuthology.orchestra.run.smithi019.stdout:/usr/bin/ceph: stderr
2024-09-12T03:09:51.722+0000 7f9fd5fbc640 1 --2- 172.21.15.19:0/441091198 >> [v2:172.21.15.19:3300/0,v1:172.21.15.19:6789/0] conn(0x7f9fd0108140 0x7f9fd019b5e0 unknown :-1 s=CLOSED pgs=40 cs=0 l=1 rev1=1 crypto rx=0 tx=0 comp rx=0 tx=0).stop
2024-09-12T03:09:52.317 INFO:teuthology.orchestra.run.smithi019.stdout:/usr/bin/ceph: stderr
2024-09-12T03:09:51.722+0000 7f9fd5fbc640 1 -- 172.21.15.19:0/441091198 >> 172.21.15.19:0/441091198 conn(0x7f9fd0101de0 msgr2=0x7f9fd01028f0 unknown :-1 s=STATE_NONE l=0).mark_down
2024-09-12T03:09:52.317 INFO:teuthology.orchestra.run.smithi019.stdout:/usr/bin/ceph: stderr
2024-09-12T03:09:51.722+0000 7f9fd5fbc640 1 -- 172.21.15.19:0/441091198 shutdown_connections
2024-09-12T03:09:52.317 INFO:teuthology.orchestra.run.smithi019.stdout:/usr/bin/ceph: stderr
2024-09-12T03:09:51.722+0000 7f9fd5fbc640 1 -- 172.21.15.19:0/441091198 wait complete.
2024-09-12T03:09:52.899 INFO:journalctl@ceph.mon.a.smithi019.stdout:Sep 12 03:09:52 smithi019 ceph-mon[30953]: from='client.14134 -' entity='client.admin' cmd=[{"prefix": "cephadm generate-key", "target": ["mon-mgr", ""]}]: dispatch
2024-09-12T03:09:52.899 INFO:journalctl@ceph.mon.a.smithi019.stdout:Sep 12 03:09:52 smithi019 ceph-mon[30953]: Generating ssh key...
2024-09-12T03:09:52.899 INFO:journalctl@ceph.mon.a.smithi019.stdout:Sep 12 03:09:52 smithi019 ceph-mon[30953]: from='mgr.14118 172.21.15.19:0/2274757669' entity='mgr.x'
2024-09-12T03:09:52.899 INFO:journalctl@ceph.mon.a.smithi019.stdout:Sep 12 03:09:52 smithi019 ceph-mon[30953]: from='mgr.14118 172.21.15.19:0/2274757669' entity='mgr.x'
2024-09-12T03:09:53.443 INFO:teuthology.orchestra.run.smithi019.stdout:/usr/bin/ceph: stdout ssh-rsa AAAAB3NzaC1yc2EAAAADAQABAAABgQClFgChbJcVQErVR8hQlNxnQVrpQKQcRUt1S+eUmgtZD8UClq3hUOA7I4RMfQgrkJBYGufB24ONLCidKpyOKu/c27NeIQYHhPTM+q4ddID00HyGUYPbpTLCf+uOD8IGgG3QAmRaDI6wvHpBDBoHioDIw63+JuHy3ksrwG0PVdiTnMf30Hl5nL7EIA0hPSjHvo9dau60Yki/6jKcrC1pBE07ww8JPOQzP/LXp2uk7owVrbiIBJjSZnvVW65SWkryw2ls20aSCie38adNe/KTg67af5y1xnuvkk4ilV6Pmk1ZPSbTVjgCPMBujVuM7puFJOyuqNC//DxRchGYc+d1R1VTiHvYOUfQXFA2TYknsqj9vKPxwgRaRK5CDhqtmCmVTZCjMMuIiK1SXqvWXnKga84/8WGqn33D9UxHEdF71GSrhDu72hiIvl/iYw/QB5miSMpB3wRpvbhC4510UumdF/Z+L9iqiiAW/K/nkP3kgnaxH0NnJcSNqkWRiajQaS3wQg0= ceph-45fb56a2-70b4-11ef-bcea-c7b262605968
2024-09-12T03:09:53.443 INFO:teuthology.orchestra.run.smithi019.stdout:/usr/bin/ceph: stderr
2024-09-12T03:09:52.710+0000 7ffa83d6b640 1 Processor -- start
2024-09-12T03:09:53.443 INFO:teuthology.orchestra.run.smithi019.stdout:/usr/bin/ceph: stderr
2024-09-12T03:09:52.710+0000 7ffa83d6b640 1 -- start start
2024-09-12T03:09:53.444 INFO:teuthology.orchestra.run.smithi019.stdout:/usr/bin/ceph: stderr
2024-09-12T03:09:52.710+0000 7ffa83d6b640 1 --2- >> [v2:172.21.15.19:3300/0,v1:172.21.15.19:6789/0] conn(0x7ffa7c07de20 0x7ffa7c07c320 unknown :-1 s=NONE pgs=0 cs=0 l=0 rev1=0 crypto rx=0 tx=0 comp rx=0 tx=0).connect
2024-09-12T03:09:53.444 INFO:teuthology.orchestra.run.smithi019.stdout:/usr/bin/ceph: stderr
2024-09-12T03:09:52.710+0000 7ffa83d6b640 1 -- --> [v2:172.21.15.19:3300/0,v1:172.21.15.19:6789/0] -- mon_getmap magic: 0 -- 0x7ffa7c07c860 con 0x7ffa7c07de20
2024-09-12T03:09:53.444 INFO:teuthology.orchestra.run.smithi019.stdout:/usr/bin/ceph: stderr
2024-09-12T03:09:52.710+0000 7ffa81b07640 1 --2- >> [v2:172.21.15.19:3300/0,v1:172.21.15.19:6789/0] conn(0x7ffa7c07de20 0x7ffa7c07c320 unknown :-1 s=BANNER_CONNECTING pgs=0 cs=0 l=0 rev1=0 crypto rx=0 tx=0 comp rx=0 tx=0)._handle_peer_banner_payload supported=3 required=0
2024-09-12T03:09:53.444 INFO:teuthology.orchestra.run.smithi019.stdout:/usr/bin/ceph: stderr
2024-09-12T03:09:52.710+0000 7ffa81b07640 1 --2- >> [v2:172.21.15.19:3300/0,v1:172.21.15.19:6789/0] conn(0x7ffa7c07de20 0x7ffa7c07c320 unknown :-1 s=HELLO_CONNECTING pgs=0 cs=0 l=0 rev1=1 crypto rx=0 tx=0 comp rx=0 tx=0).handle_hello peer v2:172.21.15.19:3300/0 says I am v2:172.21.15.19:45152/0 (socket says 172.21.15.19:45152)
2024-09-12T03:09:53.444 INFO:teuthology.orchestra.run.smithi019.stdout:/usr/bin/ceph: stderr
2024-09-12T03:09:52.710+0000 7ffa81b07640 1 -- 172.21.15.19:0/696909158 learned_addr learned my addr 172.21.15.19:0/696909158 (peer_addr_for_me v2:172.21.15.19:0/0)
2024-09-12T03:09:53.444 INFO:teuthology.orchestra.run.smithi019.stdout:/usr/bin/ceph: stderr
2024-09-12T03:09:52.711+0000 7ffa81b07640 1 -- 172.21.15.19:0/696909158 --> [v2:172.21.15.19:3300/0,v1:172.21.15.19:6789/0] -- mon_subscribe({config=0+,monmap=0+}) -- 0x7ffa7c07c9e0 con 0x7ffa7c07de20
2024-09-12T03:09:53.444 INFO:teuthology.orchestra.run.smithi019.stdout:/usr/bin/ceph: stderr
2024-09-12T03:09:52.711+0000 7ffa81b07640 1 --2- 172.21.15.19:0/696909158 >> [v2:172.21.15.19:3300/0,v1:172.21.15.19:6789/0] conn(0x7ffa7c07de20 0x7ffa7c07c320 secure :-1 s=READY pgs=41 cs=0 l=1 rev1=1 crypto rx=0x7ffa78009820 tx=0x7ffa7802a270 comp rx=0 tx=0).ready entity=mon.0 client_cookie=c5d91005c3f4cd85 server_cookie=0 in_seq=0 out_seq=0
2024-09-12T03:09:53.444 INFO:teuthology.orchestra.run.smithi019.stdout:/usr/bin/ceph: stderr
2024-09-12T03:09:52.711+0000 7ffa80b05640 1 -- 172.21.15.19:0/696909158 <== mon.0 v2:172.21.15.19:3300/0 1 ==== mon_map magic: 0 ==== 205+0+0 (secure 0 0 0) 0x7ffa78037070 con 0x7ffa7c07de20
2024-09-12T03:09:53.444 INFO:teuthology.orchestra.run.smithi019.stdout:/usr/bin/ceph: stderr
2024-09-12T03:09:52.711+0000 7ffa80b05640 1 -- 172.21.15.19:0/696909158 <== mon.0 v2:172.21.15.19:3300/0 2 ==== config(27 keys) ==== 1109+0+0 (secure 0 0 0) 0x7ffa78032900 con 0x7ffa7c07de20
2024-09-12T03:09:53.444 INFO:teuthology.orchestra.run.smithi019.stdout:/usr/bin/ceph: stderr
2024-09-12T03:09:52.712+0000 7ffa80b05640 1 -- 172.21.15.19:0/696909158 <== mon.0 v2:172.21.15.19:3300/0 3 ==== mon_map magic: 0 ==== 205+0+0 (secure 0 0 0) 0x7ffa78030850 con 0x7ffa7c07de20
2024-09-12T03:09:53.444 INFO:teuthology.orchestra.run.smithi019.stdout:/usr/bin/ceph: stderr
2024-09-12T03:09:52.712+0000 7ffa83d6b640 1 -- 172.21.15.19:0/696909158 >> [v2:172.21.15.19:3300/0,v1:172.21.15.19:6789/0] conn(0x7ffa7c07de20 msgr2=0x7ffa7c07c320 secure :-1 s=STATE_CONNECTION_ESTABLISHED l=1).mark_down
2024-09-12T03:09:53.444 INFO:teuthology.orchestra.run.smithi019.stdout:/usr/bin/ceph: stderr
2024-09-12T03:09:52.712+0000 7ffa83d6b640 1 --2- 172.21.15.19:0/696909158 >> [v2:172.21.15.19:3300/0,v1:172.21.15.19:6789/0] conn(0x7ffa7c07de20 0x7ffa7c07c320 secure :-1 s=READY pgs=41 cs=0 l=1 rev1=1 crypto rx=0x7ffa78009820 tx=0x7ffa7802a270 comp rx=0 tx=0).stop
2024-09-12T03:09:53.445 INFO:teuthology.orchestra.run.smithi019.stdout:/usr/bin/ceph: stderr
2024-09-12T03:09:52.712+0000 7ffa83d6b640 1 -- 172.21.15.19:0/696909158 shutdown_connections
2024-09-12T03:09:53.445 INFO:teuthology.orchestra.run.smithi019.stdout:/usr/bin/ceph: stderr
2024-09-12T03:09:52.712+0000 7ffa83d6b640 1 --2- 172.21.15.19:0/696909158 >> [v2:172.21.15.19:3300/0,v1:172.21.15.19:6789/0] conn(0x7ffa7c07de20 0x7ffa7c07c320 unknown :-1 s=CLOSED pgs=41 cs=0 l=1 rev1=1 crypto rx=0 tx=0 comp rx=0 tx=0).stop
2024-09-12T03:09:53.445 INFO:teuthology.orchestra.run.smithi019.stdout:/usr/bin/ceph: stderr
2024-09-12T03:09:52.712+0000 7ffa83d6b640 1 -- 172.21.15.19:0/696909158 >> 172.21.15.19:0/696909158 conn(0x7ffa7c102eb0 msgr2=0x7ffa7c105310 unknown :-1 s=STATE_NONE l=0).mark_down
2024-09-12T03:09:53.445 INFO:teuthology.orchestra.run.smithi019.stdout:/usr/bin/ceph: stderr
2024-09-12T03:09:52.712+0000 7ffa83d6b640 1 -- 172.21.15.19:0/696909158 shutdown_connections
2024-09-12T03:09:53.445 INFO:teuthology.orchestra.run.smithi019.stdout:/usr/bin/ceph: stderr
2024-09-12T03:09:52.712+0000 7ffa83d6b640 1 -- 172.21.15.19:0/696909158 wait complete.
2024-09-12T03:09:53.445 INFO:teuthology.orchestra.run.smithi019.stdout:/usr/bin/ceph: stderr
2024-09-12T03:09:52.713+0000 7ffa83d6b640 1 Processor -- start
2024-09-12T03:09:53.445 INFO:teuthology.orchestra.run.smithi019.stdout:/usr/bin/ceph: stderr
2024-09-12T03:09:52.713+0000 7ffa83d6b640 1 -- start start
2024-09-12T03:09:53.445 INFO:teuthology.orchestra.run.smithi019.stdout:/usr/bin/ceph: stderr
2024-09-12T03:09:52.713+0000 7ffa83d6b640 1 --2- >> [v2:172.21.15.19:3300/0,v1:172.21.15.19:6789/0] conn(0x7ffa7c07de20 0x7ffa7c19d8a0 unknown :-1 s=NONE pgs=0 cs=0 l=1 rev1=0 crypto rx=0 tx=0 comp rx=0 tx=0).connect
2024-09-12T03:09:53.445 INFO:teuthology.orchestra.run.smithi019.stdout:/usr/bin/ceph: stderr
2024-09-12T03:09:52.713+0000 7ffa83d6b640 1 -- --> [v2:172.21.15.19:3300/0,v1:172.21.15.19:6789/0] -- mon_getmap magic: 0 -- 0x7ffa7c10dcd0 con 0x7ffa7c07de20
2024-09-12T03:09:53.445 INFO:teuthology.orchestra.run.smithi019.stdout:/usr/bin/ceph: stderr
2024-09-12T03:09:52.713+0000 7ffa81b07640 1 --2- >> [v2:172.21.15.19:3300/0,v1:172.21.15.19:6789/0] conn(0x7ffa7c07de20 0x7ffa7c19d8a0 unknown :-1 s=BANNER_CONNECTING pgs=0 cs=0 l=1 rev1=0 crypto rx=0 tx=0 comp rx=0 tx=0)._handle_peer_banner_payload supported=3 required=0
2024-09-12T03:09:53.445 INFO:teuthology.orchestra.run.smithi019.stdout:/usr/bin/ceph: stderr
2024-09-12T03:09:52.713+0000 7ffa81b07640 1 --2- >> [v2:172.21.15.19:3300/0,v1:172.21.15.19:6789/0] conn(0x7ffa7c07de20 0x7ffa7c19d8a0 unknown :-1 s=HELLO_CONNECTING pgs=0 cs=0 l=1 rev1=1 crypto rx=0 tx=0 comp rx=0 tx=0).handle_hello peer v2:172.21.15.19:3300/0 says I am v2:172.21.15.19:45166/0 (socket says 172.21.15.19:45166)
2024-09-12T03:09:53.445 INFO:teuthology.orchestra.run.smithi019.stdout:/usr/bin/ceph: stderr
2024-09-12T03:09:52.713+0000 7ffa81b07640 1 -- 172.21.15.19:0/1201733522 learned_addr learned my addr 172.21.15.19:0/1201733522 (peer_addr_for_me v2:172.21.15.19:0/0)
2024-09-12T03:09:53.446 INFO:teuthology.orchestra.run.smithi019.stdout:/usr/bin/ceph: stderr
2024-09-12T03:09:52.714+0000 7ffa81b07640 1 -- 172.21.15.19:0/1201733522 --> [v2:172.21.15.19:3300/0,v1:172.21.15.19:6789/0] -- mon_subscribe({config=0+,monmap=0+}) -- 0x7ffa7c19dde0 con 0x7ffa7c07de20
2024-09-12T03:09:53.446 INFO:teuthology.orchestra.run.smithi019.stdout:/usr/bin/ceph: stderr
2024-09-12T03:09:52.714+0000 7ffa81b07640 1 --2- 172.21.15.19:0/1201733522 >> [v2:172.21.15.19:3300/0,v1:172.21.15.19:6789/0] conn(0x7ffa7c07de20 0x7ffa7c19d8a0 secure :-1 s=READY pgs=42 cs=0 l=1 rev1=1 crypto rx=0x7ffa780097f0 tx=0x7ffa78030ec0 comp rx=0 tx=0).ready entity=mon.0 client_cookie=0 server_cookie=0 in_seq=0 out_seq=0
2024-09-12T03:09:53.446 INFO:teuthology.orchestra.run.smithi019.stdout:/usr/bin/ceph: stderr
2024-09-12T03:09:52.714+0000 7ffa72ffd640 1 -- 172.21.15.19:0/1201733522 <== mon.0 v2:172.21.15.19:3300/0 1 ==== mon_map magic: 0 ==== 205+0+0 (secure 0 0 0) 0x7ffa78042070 con 0x7ffa7c07de20
2024-09-12T03:09:53.446 INFO:teuthology.orchestra.run.smithi019.stdout:/usr/bin/ceph: stderr
2024-09-12T03:09:52.714+0000 7ffa72ffd640 1 -- 172.21.15.19:0/1201733522 <== mon.0 v2:172.21.15.19:3300/0 2 ==== config(27 keys) ==== 1109+0+0 (secure 0 0 0) 0x7ffa78032ca0 con 0x7ffa7c07de20
2024-09-12T03:09:53.446 INFO:teuthology.orchestra.run.smithi019.stdout:/usr/bin/ceph: stderr
2024-09-12T03:09:52.714+0000 7ffa72ffd640 1 -- 172.21.15.19:0/1201733522 <== mon.0 v2:172.21.15.19:3300/0 3 ==== mon_map magic: 0 ==== 205+0+0 (secure 0 0 0) 0x7ffa78037040 con 0x7ffa7c07de20
2024-09-12T03:09:53.446 INFO:teuthology.orchestra.run.smithi019.stdout:/usr/bin/ceph: stderr
2024-09-12T03:09:52.714+0000 7ffa83d6b640 1 -- 172.21.15.19:0/1201733522 --> [v2:172.21.15.19:3300/0,v1:172.21.15.19:6789/0] -- mon_subscribe({mgrmap=0+}) -- 0x7ffa7c19e070 con 0x7ffa7c07de20
2024-09-12T03:09:53.446 INFO:teuthology.orchestra.run.smithi019.stdout:/usr/bin/ceph: stderr
2024-09-12T03:09:52.714+0000 7ffa83d6b640 1 -- 172.21.15.19:0/1201733522 --> [v2:172.21.15.19:3300/0,v1:172.21.15.19:6789/0] -- mon_subscribe({osdmap=0}) -- 0x7ffa7c1a0d60 con 0x7ffa7c07de20
2024-09-12T03:09:53.446 INFO:teuthology.orchestra.run.smithi019.stdout:/usr/bin/ceph: stderr
2024-09-12T03:09:52.715+0000 7ffa72ffd640 1 -- 172.21.15.19:0/1201733522 <== mon.0 v2:172.21.15.19:3300/0 4 ==== mgrmap(e 8) ==== 46287+0+0 (secure 0 0 0) 0x7ffa78045070 con 0x7ffa7c07de20
2024-09-12T03:09:53.446 INFO:teuthology.orchestra.run.smithi019.stdout:/usr/bin/ceph: stderr
2024-09-12T03:09:52.715+0000 7ffa72ffd640 1 --2- 172.21.15.19:0/1201733522 >> [v2:172.21.15.19:6800/1268895810,v1:172.21.15.19:6801/1268895810] conn(0x7ffa68038f70 0x7ffa6803b430 unknown :-1 s=NONE pgs=0 cs=0 l=1 rev1=0 crypto rx=0 tx=0 comp rx=0 tx=0).connect
2024-09-12T03:09:53.446 INFO:teuthology.orchestra.run.smithi019.stdout:/usr/bin/ceph: stderr
2024-09-12T03:09:52.715+0000 7ffa83d6b640 1 -- 172.21.15.19:0/1201733522 --> [v2:172.21.15.19:3300/0,v1:172.21.15.19:6789/0] -- mon_command({"prefix": "get_command_descriptions"} v 0) -- 0x7ffa7c07c3a0 con 0x7ffa7c07de20
2024-09-12T03:09:53.446 INFO:teuthology.orchestra.run.smithi019.stdout:/usr/bin/ceph: stderr
2024-09-12T03:09:52.715+0000 7ffa72ffd640 1 -- 172.21.15.19:0/1201733522 <== mon.0 v2:172.21.15.19:3300/0 5 ==== osd_map(2..2 src has 1..2) ==== 940+0+0 (secure 0 0 0) 0x7ffa7806bf80 con 0x7ffa7c07de20
2024-09-12T03:09:53.446 INFO:teuthology.orchestra.run.smithi019.stdout:/usr/bin/ceph: stderr
2024-09-12T03:09:52.715+0000 7ffa81306640 1 --2- 172.21.15.19:0/1201733522 >> [v2:172.21.15.19:6800/1268895810,v1:172.21.15.19:6801/1268895810] conn(0x7ffa68038f70 0x7ffa6803b430 unknown :-1 s=BANNER_CONNECTING pgs=0 cs=0 l=1 rev1=0 crypto rx=0 tx=0 comp rx=0 tx=0)._handle_peer_banner_payload supported=3 required=0
2024-09-12T03:09:53.446 INFO:teuthology.orchestra.run.smithi019.stdout:/usr/bin/ceph: stderr
2024-09-12T03:09:52.716+0000 7ffa81306640 1 --2- 172.21.15.19:0/1201733522 >> [v2:172.21.15.19:6800/1268895810,v1:172.21.15.19:6801/1268895810] conn(0x7ffa68038f70 0x7ffa6803b430 secure :-1 s=READY pgs=10 cs=0 l=1 rev1=1 crypto rx=0x7ffa6c0098c0 tx=0x7ffa6c006db0 comp rx=0 tx=0).ready entity=mgr.14118 client_cookie=0 server_cookie=0 in_seq=0 out_seq=0
2024-09-12T03:09:53.447 INFO:teuthology.orchestra.run.smithi019.stdout:/usr/bin/ceph: stderr
2024-09-12T03:09:52.720+0000 7ffa72ffd640 1 -- 172.21.15.19:0/1201733522 <== mon.0 v2:172.21.15.19:3300/0 6 ==== mon_command_ack([{"prefix": "get_command_descriptions"}]=0 v0) ==== 72+0+188821 (secure 0 0 0) 0x7ffa78045360 con 0x7ffa7c07de20
2024-09-12T03:09:53.447 INFO:teuthology.orchestra.run.smithi019.stdout:/usr/bin/ceph: stderr
2024-09-12T03:09:52.899+0000 7ffa83d6b640 1 -- 172.21.15.19:0/1201733522 --> [v2:172.21.15.19:6800/1268895810,v1:172.21.15.19:6801/1268895810] -- mgr_command(tid 0: {"prefix": "cephadm get-pub-key", "target": ["mon-mgr", ""]}) -- 0x7ffa7c1041e0 con 0x7ffa68038f70
2024-09-12T03:09:53.447 INFO:teuthology.orchestra.run.smithi019.stdout:/usr/bin/ceph: stderr
2024-09-12T03:09:52.899+0000 7ffa72ffd640 1 -- 172.21.15.19:0/1201733522 <== mgr.14118 v2:172.21.15.19:6800/1268895810 1 ==== mgr_command_reply(tid 0: 0 ) ==== 8+0+595 (secure 0 0 0) 0x7ffa7c1041e0 con 0x7ffa68038f70
2024-09-12T03:09:53.447 INFO:teuthology.orchestra.run.smithi019.stdout:/usr/bin/ceph: stderr
2024-09-12T03:09:52.901+0000 7ffa83d6b640 1 -- 172.21.15.19:0/1201733522 >> [v2:172.21.15.19:6800/1268895810,v1:172.21.15.19:6801/1268895810] conn(0x7ffa68038f70 msgr2=0x7ffa6803b430 secure :-1 s=STATE_CONNECTION_ESTABLISHED l=1).mark_down
2024-09-12T03:09:53.447 INFO:teuthology.orchestra.run.smithi019.stdout:/usr/bin/ceph: stderr
2024-09-12T03:09:52.901+0000 7ffa83d6b640 1 --2- 172.21.15.19:0/1201733522 >> [v2:172.21.15.19:6800/1268895810,v1:172.21.15.19:6801/1268895810] conn(0x7ffa68038f70 0x7ffa6803b430 secure :-1 s=READY pgs=10 cs=0 l=1 rev1=1 crypto rx=0x7ffa6c0098c0 tx=0x7ffa6c006db0 comp rx=0 tx=0).stop
2024-09-12T03:09:53.447 INFO:teuthology.orchestra.run.smithi019.stdout:/usr/bin/ceph: stderr
2024-09-12T03:09:52.901+0000 7ffa83d6b640 1 -- 172.21.15.19:0/1201733522 >> [v2:172.21.15.19:3300/0,v1:172.21.15.19:6789/0] conn(0x7ffa7c07de20 msgr2=0x7ffa7c19d8a0 secure :-1 s=STATE_CONNECTION_ESTABLISHED l=1).mark_down
2024-09-12T03:09:53.447 INFO:teuthology.orchestra.run.smithi019.stdout:/usr/bin/ceph: stderr
2024-09-12T03:09:52.901+0000 7ffa83d6b640 1 --2- 172.21.15.19:0/1201733522 >> [v2:172.21.15.19:3300/0,v1:172.21.15.19:6789/0] conn(0x7ffa7c07de20 0x7ffa7c19d8a0 secure :-1 s=READY pgs=42 cs=0 l=1 rev1=1 crypto rx=0x7ffa780097f0 tx=0x7ffa78030ec0 comp rx=0 tx=0).stop
2024-09-12T03:09:53.447 INFO:teuthology.orchestra.run.smithi019.stdout:/usr/bin/ceph: stderr
2024-09-12T03:09:52.901+0000 7ffa83d6b640 1 -- 172.21.15.19:0/1201733522 shutdown_connections
2024-09-12T03:09:53.447 INFO:teuthology.orchestra.run.smithi019.stdout:/usr/bin/ceph: stderr
2024-09-12T03:09:52.901+0000 7ffa83d6b640 1 --2- 172.21.15.19:0/1201733522 >> [v2:172.21.15.19:6800/1268895810,v1:172.21.15.19:6801/1268895810] conn(0x7ffa68038f70 0x7ffa6803b430 unknown :-1 s=CLOSED pgs=10 cs=0 l=1 rev1=1 crypto rx=0 tx=0 comp rx=0 tx=0).stop
2024-09-12T03:09:53.447 INFO:teuthology.orchestra.run.smithi019.stdout:/usr/bin/ceph: stderr
2024-09-12T03:09:52.901+0000 7ffa83d6b640 1 --2- 172.21.15.19:0/1201733522 >> [v2:172.21.15.19:3300/0,v1:172.21.15.19:6789/0] conn(0x7ffa7c07de20 0x7ffa7c19d8a0 unknown :-1 s=CLOSED pgs=42 cs=0 l=1 rev1=1 crypto rx=0 tx=0 comp rx=0 tx=0).stop
2024-09-12T03:09:53.447 INFO:teuthology.orchestra.run.smithi019.stdout:/usr/bin/ceph: stderr
2024-09-12T03:09:52.901+0000 7ffa83d6b640 1 -- 172.21.15.19:0/1201733522 >> 172.21.15.19:0/1201733522 conn(0x7ffa7c102eb0 msgr2=0x7ffa7c103ad0 unknown :-1 s=STATE_NONE l=0).mark_down
2024-09-12T03:09:53.447 INFO:teuthology.orchestra.run.smithi019.stdout:/usr/bin/ceph: stderr
2024-09-12T03:09:52.902+0000 7ffa83d6b640 1 -- 172.21.15.19:0/1201733522 shutdown_connections
2024-09-12T03:09:53.447 INFO:teuthology.orchestra.run.smithi019.stdout:/usr/bin/ceph: stderr
2024-09-12T03:09:52.902+0000 7ffa83d6b640 1 -- 172.21.15.19:0/1201733522 wait complete.
2024-09-12T03:09:53.447 INFO:teuthology.orchestra.run.smithi019.stdout:Wrote public SSH key to /home/ubuntu/cephtest/ceph.pub
2024-09-12T03:09:53.448 INFO:teuthology.orchestra.run.smithi019.stdout:Adding key to root@localhost authorized_keys...
2024-09-12T03:09:53.448 INFO:teuthology.orchestra.run.smithi019.stdout:Adding host smithi019...
2024-09-12T03:09:54.060 INFO:journalctl@ceph.mon.a.smithi019.stdout:Sep 12 03:09:53 smithi019 ceph-mon[30953]: from='client.14136 -' entity='client.admin' cmd=[{"prefix": "cephadm get-pub-key", "target": ["mon-mgr", ""]}]: dispatch
2024-09-12T03:09:55.103 INFO:journalctl@ceph.mon.a.smithi019.stdout:Sep 12 03:09:54 smithi019 ceph-mon[30953]: from='client.14138 -' entity='client.admin' cmd=[{"prefix": "orch host add", "hostname": "smithi019", "addr": "172.21.15.19", "target": ["mon-mgr", ""]}]: dispatch
2024-09-12T03:09:56.040 INFO:journalctl@ceph.mon.a.smithi019.stdout:Sep 12 03:09:55 smithi019 ceph-mon[30953]: Deploying cephadm binary to smithi019
2024-09-12T03:09:58.576 INFO:teuthology.orchestra.run.smithi019.stdout:/usr/bin/ceph: stdout Added host 'smithi019' with addr '172.21.15.19'
2024-09-12T03:09:58.576 INFO:teuthology.orchestra.run.smithi019.stdout:/usr/bin/ceph: stderr
2024-09-12T03:09:53.867+0000 7fe558aa3640 1 Processor -- start
2024-09-12T03:09:58.576 INFO:teuthology.orchestra.run.smithi019.stdout:/usr/bin/ceph: stderr
2024-09-12T03:09:53.868+0000 7fe558aa3640 1 -- start start
2024-09-12T03:09:58.576 INFO:teuthology.orchestra.run.smithi019.stdout:/usr/bin/ceph: stderr
2024-09-12T03:09:53.868+0000 7fe558aa3640 1 --2- >> [v2:172.21.15.19:3300/0,v1:172.21.15.19:6789/0] conn(0x7fe55407de20 0x7fe55407c320 unknown :-1 s=NONE pgs=0 cs=0 l=0 rev1=0 crypto rx=0 tx=0 comp rx=0 tx=0).connect
2024-09-12T03:09:58.576 INFO:teuthology.orchestra.run.smithi019.stdout:/usr/bin/ceph: stderr
2024-09-12T03:09:53.868+0000 7fe558aa3640 1 -- --> [v2:172.21.15.19:3300/0,v1:172.21.15.19:6789/0] -- mon_getmap magic: 0 -- 0x7fe55407c860 con 0x7fe55407de20
2024-09-12T03:09:58.576 INFO:teuthology.orchestra.run.smithi019.stdout:/usr/bin/ceph: stderr
2024-09-12T03:09:53.868+0000 7fe55259c640 1 --2- >> [v2:172.21.15.19:3300/0,v1:172.21.15.19:6789/0] conn(0x7fe55407de20 0x7fe55407c320 unknown :-1 s=BANNER_CONNECTING pgs=0 cs=0 l=0 rev1=0 crypto rx=0 tx=0 comp rx=0 tx=0)._handle_peer_banner_payload supported=3 required=0
2024-09-12T03:09:58.577 INFO:teuthology.orchestra.run.smithi019.stdout:/usr/bin/ceph: stderr
2024-09-12T03:09:53.868+0000 7fe55259c640 1 --2- >> [v2:172.21.15.19:3300/0,v1:172.21.15.19:6789/0] conn(0x7fe55407de20 0x7fe55407c320 unknown :-1 s=HELLO_CONNECTING pgs=0 cs=0 l=0 rev1=1 crypto rx=0 tx=0 comp rx=0 tx=0).handle_hello peer v2:172.21.15.19:3300/0 says I am v2:172.21.15.19:45172/0 (socket says 172.21.15.19:45172)
2024-09-12T03:09:58.577 INFO:teuthology.orchestra.run.smithi019.stdout:/usr/bin/ceph: stderr
2024-09-12T03:09:53.868+0000 7fe55259c640 1 -- 172.21.15.19:0/2323560055 learned_addr learned my addr 172.21.15.19:0/2323560055 (peer_addr_for_me v2:172.21.15.19:0/0)
2024-09-12T03:09:58.577 INFO:teuthology.orchestra.run.smithi019.stdout:/usr/bin/ceph: stderr
2024-09-12T03:09:53.868+0000 7fe55259c640 1 -- 172.21.15.19:0/2323560055 --> [v2:172.21.15.19:3300/0,v1:172.21.15.19:6789/0] -- mon_subscribe({config=0+,monmap=0+}) -- 0x7fe55407c9e0 con 0x7fe55407de20
2024-09-12T03:09:58.577 INFO:teuthology.orchestra.run.smithi019.stdout:/usr/bin/ceph: stderr
2024-09-12T03:09:53.869+0000 7fe55259c640 1 --2- 172.21.15.19:0/2323560055 >> [v2:172.21.15.19:3300/0,v1:172.21.15.19:6789/0] conn(0x7fe55407de20 0x7fe55407c320 secure :-1 s=READY pgs=43 cs=0 l=1 rev1=1 crypto rx=0x7fe544009820 tx=0x7fe54402a270 comp rx=0 tx=0).ready entity=mon.0 client_cookie=28a687fe77bb3810 server_cookie=0 in_seq=0 out_seq=0
2024-09-12T03:09:58.577 INFO:teuthology.orchestra.run.smithi019.stdout:/usr/bin/ceph: stderr
2024-09-12T03:09:53.869+0000 7fe55159a640 1 -- 172.21.15.19:0/2323560055 <== mon.0 v2:172.21.15.19:3300/0 1 ==== mon_map magic: 0 ==== 205+0+0 (secure 0 0 0) 0x7fe544037070 con 0x7fe55407de20
2024-09-12T03:09:58.577 INFO:teuthology.orchestra.run.smithi019.stdout:/usr/bin/ceph: stderr
2024-09-12T03:09:53.869+0000 7fe55159a640 1 -- 172.21.15.19:0/2323560055 <== mon.0 v2:172.21.15.19:3300/0 2 ==== config(27 keys) ==== 1109+0+0 (secure 0 0 0) 0x7fe544032900 con 0x7fe55407de20
2024-09-12T03:09:58.577 INFO:teuthology.orchestra.run.smithi019.stdout:/usr/bin/ceph: stderr
2024-09-12T03:09:53.869+0000 7fe55159a640 1 -- 172.21.15.19:0/2323560055 <== mon.0 v2:172.21.15.19:3300/0 3 ==== mon_map magic: 0 ==== 205+0+0 (secure 0 0 0) 0x7fe544030850 con 0x7fe55407de20
2024-09-12T03:09:58.577 INFO:teuthology.orchestra.run.smithi019.stdout:/usr/bin/ceph: stderr
2024-09-12T03:09:53.870+0000 7fe558aa3640 1 -- 172.21.15.19:0/2323560055 >> [v2:172.21.15.19:3300/0,v1:172.21.15.19:6789/0] conn(0x7fe55407de20 msgr2=0x7fe55407c320 secure :-1 s=STATE_CONNECTION_ESTABLISHED l=1).mark_down
2024-09-12T03:09:58.577 INFO:teuthology.orchestra.run.smithi019.stdout:/usr/bin/ceph: stderr
2024-09-12T03:09:53.870+0000 7fe558aa3640 1 --2- 172.21.15.19:0/2323560055 >> [v2:172.21.15.19:3300/0,v1:172.21.15.19:6789/0] conn(0x7fe55407de20 0x7fe55407c320 secure :-1 s=READY pgs=43 cs=0 l=1 rev1=1 crypto rx=0x7fe544009820 tx=0x7fe54402a270 comp rx=0 tx=0).stop
2024-09-12T03:09:58.577 INFO:teuthology.orchestra.run.smithi019.stdout:/usr/bin/ceph: stderr
2024-09-12T03:09:53.870+0000 7fe558aa3640 1 -- 172.21.15.19:0/2323560055 shutdown_connections
2024-09-12T03:09:58.577 INFO:teuthology.orchestra.run.smithi019.stdout:/usr/bin/ceph: stderr
2024-09-12T03:09:53.870+0000 7fe558aa3640 1 --2- 172.21.15.19:0/2323560055 >> [v2:172.21.15.19:3300/0,v1:172.21.15.19:6789/0] conn(0x7fe55407de20 0x7fe55407c320 unknown :-1 s=CLOSED pgs=43 cs=0 l=1 rev1=1 crypto rx=0 tx=0 comp rx=0 tx=0).stop
2024-09-12T03:09:58.577 INFO:teuthology.orchestra.run.smithi019.stdout:/usr/bin/ceph: stderr
2024-09-12T03:09:53.870+0000 7fe558aa3640 1 -- 172.21.15.19:0/2323560055 >> 172.21.15.19:0/2323560055 conn(0x7fe554102eb0 msgr2=0x7fe554105310 unknown :-1 s=STATE_NONE l=0).mark_down
2024-09-12T03:09:58.578 INFO:teuthology.orchestra.run.smithi019.stdout:/usr/bin/ceph: stderr
2024-09-12T03:09:53.870+0000 7fe558aa3640 1 -- 172.21.15.19:0/2323560055 shutdown_connections
2024-09-12T03:09:58.578 INFO:teuthology.orchestra.run.smithi019.stdout:/usr/bin/ceph: stderr
2024-09-12T03:09:53.870+0000 7fe558aa3640 1 -- 172.21.15.19:0/2323560055 wait complete.
2024-09-12T03:09:58.578 INFO:teuthology.orchestra.run.smithi019.stdout:/usr/bin/ceph: stderr
2024-09-12T03:09:53.871+0000 7fe558aa3640 1 Processor -- start
2024-09-12T03:09:58.578 INFO:teuthology.orchestra.run.smithi019.stdout:/usr/bin/ceph: stderr
2024-09-12T03:09:53.871+0000 7fe558aa3640 1 -- start start
2024-09-12T03:09:58.578 INFO:teuthology.orchestra.run.smithi019.stdout:/usr/bin/ceph: stderr
2024-09-12T03:09:53.871+0000 7fe558aa3640 1 --2- >> [v2:172.21.15.19:3300/0,v1:172.21.15.19:6789/0] conn(0x7fe55407de20 0x7fe55419d8a0 unknown :-1 s=NONE pgs=0 cs=0 l=1 rev1=0 crypto rx=0 tx=0 comp rx=0 tx=0).connect
2024-09-12T03:09:58.578 INFO:teuthology.orchestra.run.smithi019.stdout:/usr/bin/ceph: stderr
2024-09-12T03:09:53.871+0000 7fe558aa3640 1 -- --> [v2:172.21.15.19:3300/0,v1:172.21.15.19:6789/0] -- mon_getmap magic: 0 -- 0x7fe55410dcd0 con 0x7fe55407de20
2024-09-12T03:09:58.578 INFO:teuthology.orchestra.run.smithi019.stdout:/usr/bin/ceph: stderr
2024-09-12T03:09:53.871+0000 7fe55259c640 1 --2- >> [v2:172.21.15.19:3300/0,v1:172.21.15.19:6789/0] conn(0x7fe55407de20 0x7fe55419d8a0 unknown :-1 s=BANNER_CONNECTING pgs=0 cs=0 l=1 rev1=0 crypto rx=0 tx=0 comp rx=0 tx=0)._handle_peer_banner_payload supported=3 required=0
2024-09-12T03:09:58.578 INFO:teuthology.orchestra.run.smithi019.stdout:/usr/bin/ceph: stderr
2024-09-12T03:09:53.871+0000 7fe55259c640 1 --2- >> [v2:172.21.15.19:3300/0,v1:172.21.15.19:6789/0] conn(0x7fe55407de20 0x7fe55419d8a0 unknown :-1 s=HELLO_CONNECTING pgs=0 cs=0 l=1 rev1=1 crypto rx=0 tx=0 comp rx=0 tx=0).handle_hello peer v2:172.21.15.19:3300/0 says I am v2:172.21.15.19:45178/0 (socket says 172.21.15.19:45178)
2024-09-12T03:09:58.578 INFO:teuthology.orchestra.run.smithi019.stdout:/usr/bin/ceph: stderr
2024-09-12T03:09:53.871+0000 7fe55259c640 1 -- 172.21.15.19:0/3620927121 learned_addr learned my addr 172.21.15.19:0/3620927121 (peer_addr_for_me v2:172.21.15.19:0/0)
2024-09-12T03:09:58.578 INFO:teuthology.orchestra.run.smithi019.stdout:/usr/bin/ceph: stderr
2024-09-12T03:09:53.871+0000 7fe55259c640 1 -- 172.21.15.19:0/3620927121 --> [v2:172.21.15.19:3300/0,v1:172.21.15.19:6789/0] -- mon_subscribe({config=0+,monmap=0+}) -- 0x7fe55419dde0 con 0x7fe55407de20
2024-09-12T03:09:58.579 INFO:teuthology.orchestra.run.smithi019.stdout:/usr/bin/ceph: stderr
2024-09-12T03:09:53.872+0000 7fe55259c640 1 --2- 172.21.15.19:0/3620927121 >> [v2:172.21.15.19:3300/0,v1:172.21.15.19:6789/0] conn(0x7fe55407de20 0x7fe55419d8a0 secure :-1 s=READY pgs=44 cs=0 l=1 rev1=1 crypto rx=0x7fe544031000 tx=0x7fe5440326e0 comp rx=0 tx=0).ready entity=mon.0 client_cookie=0 server_cookie=0 in_seq=0 out_seq=0
2024-09-12T03:09:58.579 INFO:teuthology.orchestra.run.smithi019.stdout:/usr/bin/ceph: stderr
2024-09-12T03:09:53.872+0000 7fe5437fe640 1 -- 172.21.15.19:0/3620927121 <== mon.0 v2:172.21.15.19:3300/0 1 ==== mon_map magic: 0 ==== 205+0+0 (secure 0 0 0) 0x7fe544042070 con 0x7fe55407de20
2024-09-12T03:09:58.579 INFO:teuthology.orchestra.run.smithi019.stdout:/usr/bin/ceph: stderr
2024-09-12T03:09:53.872+0000 7fe558aa3640 1 -- 172.21.15.19:0/3620927121 --> [v2:172.21.15.19:3300/0,v1:172.21.15.19:6789/0] -- mon_subscribe({mgrmap=0+}) -- 0x7fe55419e070 con 0x7fe55407de20
2024-09-12T03:09:58.579 INFO:teuthology.orchestra.run.smithi019.stdout:/usr/bin/ceph: stderr
2024-09-12T03:09:53.872+0000 7fe5437fe640 1 -- 172.21.15.19:0/3620927121 <== mon.0 v2:172.21.15.19:3300/0 2 ==== config(27 keys) ==== 1109+0+0 (secure 0 0 0) 0x7fe544032be0 con 0x7fe55407de20
2024-09-12T03:09:58.579 INFO:teuthology.orchestra.run.smithi019.stdout:/usr/bin/ceph: stderr
2024-09-12T03:09:53.872+0000 7fe5437fe640 1 -- 172.21.15.19:0/3620927121 <== mon.0 v2:172.21.15.19:3300/0 3 ==== mon_map magic: 0 ==== 205+0+0 (secure 0 0 0) 0x7fe544037040 con 0x7fe55407de20
2024-09-12T03:09:58.579 INFO:teuthology.orchestra.run.smithi019.stdout:/usr/bin/ceph: stderr
2024-09-12T03:09:53.872+0000 7fe558aa3640 1 -- 172.21.15.19:0/3620927121 --> [v2:172.21.15.19:3300/0,v1:172.21.15.19:6789/0] -- mon_subscribe({osdmap=0}) -- 0x7fe5541a0d60 con 0x7fe55407de20
2024-09-12T03:09:58.579 INFO:teuthology.orchestra.run.smithi019.stdout:/usr/bin/ceph: stderr
2024-09-12T03:09:53.873+0000 7fe5437fe640 1 -- 172.21.15.19:0/3620927121 <== mon.0 v2:172.21.15.19:3300/0 4 ==== mgrmap(e 8) ==== 46287+0+0 (secure 0 0 0) 0x7fe544045070 con 0x7fe55407de20
2024-09-12T03:09:58.579 INFO:teuthology.orchestra.run.smithi019.stdout:/usr/bin/ceph: stderr
2024-09-12T03:09:53.873+0000 7fe5437fe640 1 --2- 172.21.15.19:0/3620927121 >> [v2:172.21.15.19:6800/1268895810,v1:172.21.15.19:6801/1268895810] conn(0x7fe53c038f70 0x7fe53c03b430 unknown :-1 s=NONE pgs=0 cs=0 l=1 rev1=0 crypto rx=0 tx=0 comp rx=0 tx=0).connect
2024-09-12T03:09:58.579 INFO:teuthology.orchestra.run.smithi019.stdout:/usr/bin/ceph: stderr
2024-09-12T03:09:53.873+0000 7fe5437fe640 1 -- 172.21.15.19:0/3620927121 <== mon.0 v2:172.21.15.19:3300/0 5 ==== osd_map(2..2 src has 1..2) ==== 940+0+0 (secure 0 0 0) 0x7fe544032d90 con 0x7fe55407de20
2024-09-12T03:09:58.579 INFO:teuthology.orchestra.run.smithi019.stdout:/usr/bin/ceph: stderr
2024-09-12T03:09:53.873+0000 7fe551d9b640 1 --2- 172.21.15.19:0/3620927121 >> [v2:172.21.15.19:6800/1268895810,v1:172.21.15.19:6801/1268895810] conn(0x7fe53c038f70 0x7fe53c03b430 unknown :-1 s=BANNER_CONNECTING pgs=0 cs=0 l=1 rev1=0 crypto rx=0 tx=0 comp rx=0 tx=0)._handle_peer_banner_payload supported=3 required=0
2024-09-12T03:09:58.579 INFO:teuthology.orchestra.run.smithi019.stdout:/usr/bin/ceph: stderr
2024-09-12T03:09:53.873+0000 7fe558aa3640 1 -- 172.21.15.19:0/3620927121 --> [v2:172.21.15.19:3300/0,v1:172.21.15.19:6789/0] -- mon_command({"prefix": "get_command_descriptions"} v 0) -- 0x7fe55407c3a0 con 0x7fe55407de20
2024-09-12T03:09:58.580 INFO:teuthology.orchestra.run.smithi019.stdout:/usr/bin/ceph: stderr
2024-09-12T03:09:53.874+0000 7fe551d9b640 1 --2- 172.21.15.19:0/3620927121 >> [v2:172.21.15.19:6800/1268895810,v1:172.21.15.19:6801/1268895810] conn(0x7fe53c038f70 0x7fe53c03b430 secure :-1 s=READY pgs=11 cs=0 l=1 rev1=1 crypto rx=0x7fe5480098c0 tx=0x7fe548006db0 comp rx=0 tx=0).ready entity=mgr.14118 client_cookie=0 server_cookie=0 in_seq=0 out_seq=0
2024-09-12T03:09:58.580 INFO:teuthology.orchestra.run.smithi019.stdout:/usr/bin/ceph: stderr
2024-09-12T03:09:53.878+0000 7fe5437fe640 1 -- 172.21.15.19:0/3620927121 <== mon.0 v2:172.21.15.19:3300/0 6 ==== mon_command_ack([{"prefix": "get_command_descriptions"}]=0 v0) ==== 72+0+188821 (secure 0 0 0) 0x7fe544042210 con 0x7fe55407de20
2024-09-12T03:09:58.580 INFO:teuthology.orchestra.run.smithi019.stdout:/usr/bin/ceph: stderr
2024-09-12T03:09:54.059+0000 7fe558aa3640 1 -- 172.21.15.19:0/3620927121 --> [v2:172.21.15.19:6800/1268895810,v1:172.21.15.19:6801/1268895810] -- mgr_command(tid 0: {"prefix": "orch host add", "hostname": "smithi019", "addr": "172.21.15.19", "target": ["mon-mgr", ""]}) -- 0x7fe5541041e0 con 0x7fe53c038f70
2024-09-12T03:09:58.580 INFO:teuthology.orchestra.run.smithi019.stdout:/usr/bin/ceph: stderr
2024-09-12T03:09:57.992+0000 7fe5437fe640 1 -- 172.21.15.19:0/3620927121 <== mgr.14118 v2:172.21.15.19:6800/1268895810 1 ==== mgr_command_reply(tid 0: 0 ) ==== 8+0+48 (secure 0 0 0) 0x7fe5541041e0 con 0x7fe53c038f70
2024-09-12T03:09:58.580 INFO:teuthology.orchestra.run.smithi019.stdout:/usr/bin/ceph: stderr
2024-09-12T03:09:57.995+0000 7fe558aa3640 1 -- 172.21.15.19:0/3620927121 >> [v2:172.21.15.19:6800/1268895810,v1:172.21.15.19:6801/1268895810] conn(0x7fe53c038f70 msgr2=0x7fe53c03b430 secure :-1 s=STATE_CONNECTION_ESTABLISHED l=1).mark_down
2024-09-12T03:09:58.580 INFO:teuthology.orchestra.run.smithi019.stdout:/usr/bin/ceph: stderr
2024-09-12T03:09:57.995+0000 7fe558aa3640 1 --2- 172.21.15.19:0/3620927121 >> [v2:172.21.15.19:6800/1268895810,v1:172.21.15.19:6801/1268895810] conn(0x7fe53c038f70 0x7fe53c03b430 secure :-1 s=READY pgs=11 cs=0 l=1 rev1=1 crypto rx=0x7fe5480098c0 tx=0x7fe548006db0 comp rx=0 tx=0).stop
2024-09-12T03:09:58.580 INFO:teuthology.orchestra.run.smithi019.stdout:/usr/bin/ceph: stderr
2024-09-12T03:09:57.995+0000 7fe558aa3640 1 -- 172.21.15.19:0/3620927121 >> [v2:172.21.15.19:3300/0,v1:172.21.15.19:6789/0] conn(0x7fe55407de20 msgr2=0x7fe55419d8a0 secure :-1 s=STATE_CONNECTION_ESTABLISHED l=1).mark_down
2024-09-12T03:09:58.580 INFO:teuthology.orchestra.run.smithi019.stdout:/usr/bin/ceph: stderr
2024-09-12T03:09:57.995+0000 7fe558aa3640 1 --2- 172.21.15.19:0/3620927121 >> [v2:172.21.15.19:3300/0,v1:172.21.15.19:6789/0] conn(0x7fe55407de20 0x7fe55419d8a0 secure :-1 s=READY pgs=44 cs=0 l=1 rev1=1 crypto rx=0x7fe544031000 tx=0x7fe5440326e0 comp rx=0 tx=0).stop
2024-09-12T03:09:58.580 INFO:teuthology.orchestra.run.smithi019.stdout:/usr/bin/ceph: stderr
2024-09-12T03:09:57.995+0000 7fe558aa3640 1 -- 172.21.15.19:0/3620927121 shutdown_connections
2024-09-12T03:09:58.580 INFO:teuthology.orchestra.run.smithi019.stdout:/usr/bin/ceph: stderr
2024-09-12T03:09:57.995+0000 7fe558aa3640 1 --2- 172.21.15.19:0/3620927121 >> [v2:172.21.15.19:6800/1268895810,v1:172.21.15.19:6801/1268895810] conn(0x7fe53c038f70 0x7fe53c03b430 unknown :-1 s=CLOSED pgs=11 cs=0 l=1 rev1=1 crypto rx=0 tx=0 comp rx=0 tx=0).stop
2024-09-12T03:09:58.580 INFO:teuthology.orchestra.run.smithi019.stdout:/usr/bin/ceph: stderr
2024-09-12T03:09:57.995+0000 7fe558aa3640 1 --2- 172.21.15.19:0/3620927121 >> [v2:172.21.15.19:3300/0,v1:172.21.15.19:6789/0] conn(0x7fe55407de20 0x7fe55419d8a0 unknown :-1 s=CLOSED pgs=44 cs=0 l=1 rev1=1 crypto rx=0 tx=0 comp rx=0 tx=0).stop
2024-09-12T03:09:58.580 INFO:teuthology.orchestra.run.smithi019.stdout:/usr/bin/ceph: stderr
2024-09-12T03:09:57.995+0000 7fe558aa3640 1 -- 172.21.15.19:0/3620927121 >> 172.21.15.19:0/3620927121 conn(0x7fe554102eb0 msgr2=0x7fe554103ad0 unknown :-1 s=STATE_NONE l=0).mark_down
2024-09-12T03:09:58.580 INFO:teuthology.orchestra.run.smithi019.stdout:/usr/bin/ceph: stderr
2024-09-12T03:09:57.995+0000 7fe558aa3640 1 -- 172.21.15.19:0/3620927121 shutdown_connections
2024-09-12T03:09:58.581 INFO:teuthology.orchestra.run.smithi019.stdout:/usr/bin/ceph: stderr
2024-09-12T03:09:57.995+0000 7fe558aa3640 1 -- 172.21.15.19:0/3620927121 wait complete.
2024-09-12T03:09:58.581 INFO:teuthology.orchestra.run.smithi019.stdout:Deploying unmanaged mon service...
2024-09-12T03:09:59.164 INFO:journalctl@ceph.mon.a.smithi019.stdout:Sep 12 03:09:58 smithi019 ceph-mon[30953]: from='mgr.14118 172.21.15.19:0/2274757669' entity='mgr.x'
2024-09-12T03:09:59.164 INFO:journalctl@ceph.mon.a.smithi019.stdout:Sep 12 03:09:58 smithi019 ceph-mon[30953]: Added host smithi019
2024-09-12T03:09:59.164 INFO:journalctl@ceph.mon.a.smithi019.stdout:Sep 12 03:09:58 smithi019 ceph-mon[30953]: from='mgr.14118 172.21.15.19:0/2274757669' entity='mgr.x' cmd=[{"prefix": "config dump", "format": "json"}]: dispatch
2024-09-12T03:10:00.001 INFO:teuthology.orchestra.run.smithi019.stdout:/usr/bin/ceph: stdout Scheduled mon update...
2024-09-12T03:10:00.001 INFO:teuthology.orchestra.run.smithi019.stdout:/usr/bin/ceph: stderr
2024-09-12T03:09:58.999+0000 7f66a91a5640 1 Processor -- start
2024-09-12T03:10:00.001 INFO:teuthology.orchestra.run.smithi019.stdout:/usr/bin/ceph: stderr
