2024-09-12T03:12:11.451 INFO:teuthology.orchestra.run.smithi006.stdout:/usr/bin/ceph: stderr
2024-09-12T03:12:10.832+0000 7f699110b640 1 -- 172.21.15.6:0/4096283220 wait complete.
2024-09-12T03:12:11.826 INFO:journalctl@ceph.mon.a.smithi006.stdout:Sep 12 03:12:11 smithi006 ceph-mon[30991]: from='mgr.14118 172.21.15.6:0/1513060919' entity='mgr.x'
2024-09-12T03:12:11.827 INFO:journalctl@ceph.mon.a.smithi006.stdout:Sep 12 03:12:11 smithi006 ceph-mon[30991]: from='client.? 172.21.15.6:0/4096283220' entity='client.admin'
2024-09-12T03:12:13.047 INFO:teuthology.orchestra.run.smithi006.stdout:/usr/bin/ceph: stderr
2024-09-12T03:12:11.845+0000 7f7c554e5640 1 Processor -- start
2024-09-12T03:12:13.047 INFO:teuthology.orchestra.run.smithi006.stdout:/usr/bin/ceph: stderr
2024-09-12T03:12:11.845+0000 7f7c554e5640 1 -- start start
2024-09-12T03:12:13.047 INFO:teuthology.orchestra.run.smithi006.stdout:/usr/bin/ceph: stderr
2024-09-12T03:12:11.845+0000 7f7c554e5640 1 --2- >> [v2:172.21.15.6:3300/0,v1:172.21.15.6:6789/0] conn(0x7f7c50107960 0x7f7c50107d60 unknown :-1 s=NONE pgs=0 cs=0 l=0 rev1=0 crypto rx=0 tx=0 comp rx=0 tx=0).connect
2024-09-12T03:12:13.047 INFO:teuthology.orchestra.run.smithi006.stdout:/usr/bin/ceph: stderr
2024-09-12T03:12:11.845+0000 7f7c554e5640 1 -- --> [v2:172.21.15.6:3300/0,v1:172.21.15.6:6789/0] -- mon_getmap magic: 0 -- 0x7f7c50108330 con 0x7f7c50107960
2024-09-12T03:12:13.047 INFO:teuthology.orchestra.run.smithi006.stdout:/usr/bin/ceph: stderr
2024-09-12T03:12:11.845+0000 7f7c4effd640 1 --2- >> [v2:172.21.15.6:3300/0,v1:172.21.15.6:6789/0] conn(0x7f7c50107960 0x7f7c50107d60 unknown :-1 s=BANNER_CONNECTING pgs=0 cs=0 l=0 rev1=0 crypto rx=0 tx=0 comp rx=0 tx=0)._handle_peer_banner_payload supported=3 required=0
2024-09-12T03:12:13.048 INFO:teuthology.orchestra.run.smithi006.stdout:/usr/bin/ceph: stderr
2024-09-12T03:12:11.845+0000 7f7c4effd640 1 --2- >> [v2:172.21.15.6:3300/0,v1:172.21.15.6:6789/0] conn(0x7f7c50107960 0x7f7c50107d60 unknown :-1 s=HELLO_CONNECTING pgs=0 cs=0 l=0 rev1=1 crypto rx=0 tx=0 comp rx=0 tx=0).handle_hello peer v2:172.21.15.6:3300/0 says I am v2:172.21.15.6:54270/0 (socket says 172.21.15.6:54270)
2024-09-12T03:12:13.048 INFO:teuthology.orchestra.run.smithi006.stdout:/usr/bin/ceph: stderr
2024-09-12T03:12:11.845+0000 7f7c4effd640 1 -- 172.21.15.6:0/1087672024 learned_addr learned my addr 172.21.15.6:0/1087672024 (peer_addr_for_me v2:172.21.15.6:0/0)
2024-09-12T03:12:13.048 INFO:teuthology.orchestra.run.smithi006.stdout:/usr/bin/ceph: stderr
2024-09-12T03:12:11.846+0000 7f7c4effd640 1 -- 172.21.15.6:0/1087672024 --> [v2:172.21.15.6:3300/0,v1:172.21.15.6:6789/0] -- mon_subscribe({config=0+,monmap=0+}) -- 0x7f7c50108b10 con 0x7f7c50107960
2024-09-12T03:12:13.048 INFO:teuthology.orchestra.run.smithi006.stdout:/usr/bin/ceph: stderr
2024-09-12T03:12:11.846+0000 7f7c4effd640 1 --2- 172.21.15.6:0/1087672024 >> [v2:172.21.15.6:3300/0,v1:172.21.15.6:6789/0] conn(0x7f7c50107960 0x7f7c50107d60 secure :-1 s=READY pgs=51 cs=0 l=1 rev1=1 crypto rx=0x7f7c40009a30 tx=0x7f7c4002a470 comp rx=0 tx=0).ready entity=mon.0 client_cookie=ccd57833f23abda1 server_cookie=0 in_seq=0 out_seq=0
2024-09-12T03:12:13.048 INFO:teuthology.orchestra.run.smithi006.stdout:/usr/bin/ceph: stderr
2024-09-12T03:12:11.847+0000 7f7c4dffb640 1 -- 172.21.15.6:0/1087672024 <== mon.0 v2:172.21.15.6:3300/0 1 ==== mon_map magic: 0 ==== 205+0+0 (secure 0 0 0) 0x7f7c40036070 con 0x7f7c50107960
2024-09-12T03:12:13.048 INFO:teuthology.orchestra.run.smithi006.stdout:/usr/bin/ceph: stderr
2024-09-12T03:12:11.847+0000 7f7c4dffb640 1 -- 172.21.15.6:0/1087672024 <== mon.0 v2:172.21.15.6:3300/0 2 ==== config(27 keys) ==== 1140+0+0 (secure 0 0 0) 0x7f7c4002fb20 con 0x7f7c50107960
2024-09-12T03:12:13.048 INFO:teuthology.orchestra.run.smithi006.stdout:/usr/bin/ceph: stderr
2024-09-12T03:12:11.847+0000 7f7c4dffb640 1 -- 172.21.15.6:0/1087672024 <== mon.0 v2:172.21.15.6:3300/0 3 ==== mon_map magic: 0 ==== 205+0+0 (secure 0 0 0) 0x7f7c40031cb0 con 0x7f7c50107960
2024-09-12T03:12:13.048 INFO:teuthology.orchestra.run.smithi006.stdout:/usr/bin/ceph: stderr
2024-09-12T03:12:11.847+0000 7f7c554e5640 1 -- 172.21.15.6:0/1087672024 >> [v2:172.21.15.6:3300/0,v1:172.21.15.6:6789/0] conn(0x7f7c50107960 msgr2=0x7f7c50107d60 secure :-1 s=STATE_CONNECTION_ESTABLISHED l=1).mark_down
2024-09-12T03:12:13.049 INFO:teuthology.orchestra.run.smithi006.stdout:/usr/bin/ceph: stderr
2024-09-12T03:12:11.847+0000 7f7c554e5640 1 --2- 172.21.15.6:0/1087672024 >> [v2:172.21.15.6:3300/0,v1:172.21.15.6:6789/0] conn(0x7f7c50107960 0x7f7c50107d60 secure :-1 s=READY pgs=51 cs=0 l=1 rev1=1 crypto rx=0x7f7c40009a30 tx=0x7f7c4002a470 comp rx=0 tx=0).stop
2024-09-12T03:12:13.049 INFO:teuthology.orchestra.run.smithi006.stdout:/usr/bin/ceph: stderr
2024-09-12T03:12:11.847+0000 7f7c554e5640 1 -- 172.21.15.6:0/1087672024 shutdown_connections
2024-09-12T03:12:13.049 INFO:teuthology.orchestra.run.smithi006.stdout:/usr/bin/ceph: stderr
2024-09-12T03:12:11.847+0000 7f7c554e5640 1 --2- 172.21.15.6:0/1087672024 >> [v2:172.21.15.6:3300/0,v1:172.21.15.6:6789/0] conn(0x7f7c50107960 0x7f7c50107d60 unknown :-1 s=CLOSED pgs=51 cs=0 l=1 rev1=1 crypto rx=0 tx=0 comp rx=0 tx=0).stop
2024-09-12T03:12:13.049 INFO:teuthology.orchestra.run.smithi006.stdout:/usr/bin/ceph: stderr
2024-09-12T03:12:11.847+0000 7f7c554e5640 1 -- 172.21.15.6:0/1087672024 >> 172.21.15.6:0/1087672024 conn(0x7f7c50103150 msgr2=0x7f7c50105570 unknown :-1 s=STATE_NONE l=0).mark_down
2024-09-12T03:12:13.049 INFO:teuthology.orchestra.run.smithi006.stdout:/usr/bin/ceph: stderr
2024-09-12T03:12:11.848+0000 7f7c554e5640 1 -- 172.21.15.6:0/1087672024 shutdown_connections
2024-09-12T03:12:13.049 INFO:teuthology.orchestra.run.smithi006.stdout:/usr/bin/ceph: stderr
2024-09-12T03:12:11.848+0000 7f7c554e5640 1 -- 172.21.15.6:0/1087672024 wait complete.
2024-09-12T03:12:13.049 INFO:teuthology.orchestra.run.smithi006.stdout:/usr/bin/ceph: stderr
2024-09-12T03:12:11.848+0000 7f7c554e5640 1 Processor -- start
2024-09-12T03:12:13.049 INFO:teuthology.orchestra.run.smithi006.stdout:/usr/bin/ceph: stderr
2024-09-12T03:12:11.848+0000 7f7c554e5640 1 -- start start
2024-09-12T03:12:13.049 INFO:teuthology.orchestra.run.smithi006.stdout:/usr/bin/ceph: stderr
2024-09-12T03:12:11.848+0000 7f7c554e5640 1 --2- >> [v2:172.21.15.6:3300/0,v1:172.21.15.6:6789/0] conn(0x7f7c50107960 0x7f7c5019b900 unknown :-1 s=NONE pgs=0 cs=0 l=1 rev1=0 crypto rx=0 tx=0 comp rx=0 tx=0).connect
2024-09-12T03:12:13.049 INFO:teuthology.orchestra.run.smithi006.stdout:/usr/bin/ceph: stderr
2024-09-12T03:12:11.849+0000 7f7c554e5640 1 -- --> [v2:172.21.15.6:3300/0,v1:172.21.15.6:6789/0] -- mon_getmap magic: 0 -- 0x7f7c5010bec0 con 0x7f7c50107960
2024-09-12T03:12:13.050 INFO:teuthology.orchestra.run.smithi006.stdout:/usr/bin/ceph: stderr
2024-09-12T03:12:11.849+0000 7f7c4effd640 1 --2- >> [v2:172.21.15.6:3300/0,v1:172.21.15.6:6789/0] conn(0x7f7c50107960 0x7f7c5019b900 unknown :-1 s=BANNER_CONNECTING pgs=0 cs=0 l=1 rev1=0 crypto rx=0 tx=0 comp rx=0 tx=0)._handle_peer_banner_payload supported=3 required=0
2024-09-12T03:12:13.050 INFO:teuthology.orchestra.run.smithi006.stdout:/usr/bin/ceph: stderr
2024-09-12T03:12:11.849+0000 7f7c4effd640 1 --2- >> [v2:172.21.15.6:3300/0,v1:172.21.15.6:6789/0] conn(0x7f7c50107960 0x7f7c5019b900 unknown :-1 s=HELLO_CONNECTING pgs=0 cs=0 l=1 rev1=1 crypto rx=0 tx=0 comp rx=0 tx=0).handle_hello peer v2:172.21.15.6:3300/0 says I am v2:172.21.15.6:54272/0 (socket says 172.21.15.6:54272)
2024-09-12T03:12:13.050 INFO:teuthology.orchestra.run.smithi006.stdout:/usr/bin/ceph: stderr
2024-09-12T03:12:11.849+0000 7f7c4effd640 1 -- 172.21.15.6:0/3919985244 learned_addr learned my addr 172.21.15.6:0/3919985244 (peer_addr_for_me v2:172.21.15.6:0/0)
2024-09-12T03:12:13.050 INFO:teuthology.orchestra.run.smithi006.stdout:/usr/bin/ceph: stderr
2024-09-12T03:12:11.849+0000 7f7c4effd640 1 -- 172.21.15.6:0/3919985244 --> [v2:172.21.15.6:3300/0,v1:172.21.15.6:6789/0] -- mon_subscribe({config=0+,monmap=0+}) -- 0x7f7c5019be40 con 0x7f7c50107960
2024-09-12T03:12:13.050 INFO:teuthology.orchestra.run.smithi006.stdout:/usr/bin/ceph: stderr
2024-09-12T03:12:11.849+0000 7f7c4effd640 1 --2- 172.21.15.6:0/3919985244 >> [v2:172.21.15.6:3300/0,v1:172.21.15.6:6789/0] conn(0x7f7c50107960 0x7f7c5019b900 secure :-1 s=READY pgs=52 cs=0 l=1 rev1=1 crypto rx=0x7f7c40009b50 tx=0x7f7c4002f740 comp rx=0 tx=0).ready entity=mon.0 client_cookie=0 server_cookie=0 in_seq=0 out_seq=0
2024-09-12T03:12:13.050 INFO:teuthology.orchestra.run.smithi006.stdout:/usr/bin/ceph: stderr
2024-09-12T03:12:11.849+0000 7f7c37fff640 1 -- 172.21.15.6:0/3919985244 <== mon.0 v2:172.21.15.6:3300/0 1 ==== mon_map magic: 0 ==== 205+0+0 (secure 0 0 0) 0x7f7c40040020 con 0x7f7c50107960
2024-09-12T03:12:13.050 INFO:teuthology.orchestra.run.smithi006.stdout:/usr/bin/ceph: stderr
2024-09-12T03:12:11.849+0000 7f7c37fff640 1 -- 172.21.15.6:0/3919985244 <== mon.0 v2:172.21.15.6:3300/0 2 ==== config(27 keys) ==== 1140+0+0 (secure 0 0 0) 0x7f7c4003c900 con 0x7f7c50107960
2024-09-12T03:12:13.050 INFO:teuthology.orchestra.run.smithi006.stdout:/usr/bin/ceph: stderr
2024-09-12T03:12:11.849+0000 7f7c554e5640 1 -- 172.21.15.6:0/3919985244 --> [v2:172.21.15.6:3300/0,v1:172.21.15.6:6789/0] -- mon_subscribe({mgrmap=0+}) -- 0x7f7c5019c0d0 con 0x7f7c50107960
2024-09-12T03:12:13.050 INFO:teuthology.orchestra.run.smithi006.stdout:/usr/bin/ceph: stderr
2024-09-12T03:12:11.849+0000 7f7c37fff640 1 -- 172.21.15.6:0/3919985244 <== mon.0 v2:172.21.15.6:3300/0 3 ==== mon_map magic: 0 ==== 205+0+0 (secure 0 0 0) 0x7f7c40036040 con 0x7f7c50107960
2024-09-12T03:12:13.050 INFO:teuthology.orchestra.run.smithi006.stdout:/usr/bin/ceph: stderr
2024-09-12T03:12:11.850+0000 7f7c554e5640 1 -- 172.21.15.6:0/3919985244 --> [v2:172.21.15.6:3300/0,v1:172.21.15.6:6789/0] -- mon_subscribe({osdmap=0}) -- 0x7f7c5019edc0 con 0x7f7c50107960
2024-09-12T03:12:13.050 INFO:teuthology.orchestra.run.smithi006.stdout:/usr/bin/ceph: stderr
2024-09-12T03:12:11.851+0000 7f7c37fff640 1 -- 172.21.15.6:0/3919985244 <== mon.0 v2:172.21.15.6:3300/0 4 ==== mgrmap(e 8) ==== 46287+0+0 (secure 0 0 0) 0x7f7c40043020 con 0x7f7c50107960
2024-09-12T03:12:13.050 INFO:teuthology.orchestra.run.smithi006.stdout:/usr/bin/ceph: stderr
2024-09-12T03:12:11.851+0000 7f7c554e5640 1 -- 172.21.15.6:0/3919985244 --> [v2:172.21.15.6:3300/0,v1:172.21.15.6:6789/0] -- mon_command({"prefix": "get_command_descriptions"} v 0) -- 0x7f7c5010c040 con 0x7f7c50107960
2024-09-12T03:12:13.051 INFO:teuthology.orchestra.run.smithi006.stdout:/usr/bin/ceph: stderr
2024-09-12T03:12:11.851+0000 7f7c37fff640 1 --2- 172.21.15.6:0/3919985244 >> [v2:172.21.15.6:6800/1684477653,v1:172.21.15.6:6801/1684477653] conn(0x7f7c38038f70 0x7f7c3803b430 unknown :-1 s=NONE pgs=0 cs=0 l=1 rev1=0 crypto rx=0 tx=0 comp rx=0 tx=0).connect
2024-09-12T03:12:13.051 INFO:teuthology.orchestra.run.smithi006.stdout:/usr/bin/ceph: stderr
2024-09-12T03:12:11.851+0000 7f7c37fff640 1 -- 172.21.15.6:0/3919985244 <== mon.0 v2:172.21.15.6:3300/0 5 ==== osd_map(2..2 src has 1..2) ==== 940+0+0 (secure 0 0 0) 0x7f7c4006cf40 con 0x7f7c50107960
2024-09-12T03:12:13.051 INFO:teuthology.orchestra.run.smithi006.stdout:/usr/bin/ceph: stderr
2024-09-12T03:12:11.851+0000 7f7c4e7fc640 1 --2- 172.21.15.6:0/3919985244 >> [v2:172.21.15.6:6800/1684477653,v1:172.21.15.6:6801/1684477653] conn(0x7f7c38038f70 0x7f7c3803b430 unknown :-1 s=BANNER_CONNECTING pgs=0 cs=0 l=1 rev1=0 crypto rx=0 tx=0 comp rx=0 tx=0)._handle_peer_banner_payload supported=3 required=0
2024-09-12T03:12:13.051 INFO:teuthology.orchestra.run.smithi006.stdout:/usr/bin/ceph: stderr
2024-09-12T03:12:11.851+0000 7f7c4e7fc640 1 --2- 172.21.15.6:0/3919985244 >> [v2:172.21.15.6:6800/1684477653,v1:172.21.15.6:6801/1684477653] conn(0x7f7c38038f70 0x7f7c3803b430 secure :-1 s=READY pgs=15 cs=0 l=1 rev1=1 crypto rx=0x7f7c440098c0 tx=0x7f7c44006db0 comp rx=0 tx=0).ready entity=mgr.14118 client_cookie=0 server_cookie=0 in_seq=0 out_seq=0
2024-09-12T03:12:13.051 INFO:teuthology.orchestra.run.smithi006.stdout:/usr/bin/ceph: stderr
2024-09-12T03:12:11.856+0000 7f7c37fff640 1 -- 172.21.15.6:0/3919985244 <== mon.0 v2:172.21.15.6:3300/0 6 ==== mon_command_ack([{"prefix": "get_command_descriptions"}]=0 v0) ==== 72+0+188821 (secure 0 0 0) 0x7f7c4004a020 con 0x7f7c50107960
2024-09-12T03:12:13.051 INFO:teuthology.orchestra.run.smithi006.stdout:/usr/bin/ceph: stderr
2024-09-12T03:12:12.039+0000 7f7c554e5640 1 -- 172.21.15.6:0/3919985244 --> [v2:172.21.15.6:3300/0,v1:172.21.15.6:6789/0] -- mon_command([{prefix=config set, name=mgr/dashboard/ssl_server_port}] v 0) -- 0x7f7c50107de0 con 0x7f7c50107960
2024-09-12T03:12:13.051 INFO:teuthology.orchestra.run.smithi006.stdout:/usr/bin/ceph: stderr
2024-09-12T03:12:12.042+0000 7f7c37fff640 1 -- 172.21.15.6:0/3919985244 <== mon.0 v2:172.21.15.6:3300/0 7 ==== mon_command_ack([{prefix=config set, name=mgr/dashboard/ssl_server_port}]=0 v8)=0 v8) ==== 130+0+0 (secure 0 0 0) 0x7f7c400361e0 con 0x7f7c50107960
2024-09-12T03:12:13.051 INFO:teuthology.orchestra.run.smithi006.stdout:/usr/bin/ceph: stderr
2024-09-12T03:12:12.045+0000 7f7c554e5640 1 -- 172.21.15.6:0/3919985244 >> [v2:172.21.15.6:6800/1684477653,v1:172.21.15.6:6801/1684477653] conn(0x7f7c38038f70 msgr2=0x7f7c3803b430 secure :-1 s=STATE_CONNECTION_ESTABLISHED l=1).mark_down
2024-09-12T03:12:13.051 INFO:teuthology.orchestra.run.smithi006.stdout:/usr/bin/ceph: stderr
2024-09-12T03:12:12.045+0000 7f7c554e5640 1 --2- 172.21.15.6:0/3919985244 >> [v2:172.21.15.6:6800/1684477653,v1:172.21.15.6:6801/1684477653] conn(0x7f7c38038f70 0x7f7c3803b430 secure :-1 s=READY pgs=15 cs=0 l=1 rev1=1 crypto rx=0x7f7c440098c0 tx=0x7f7c44006db0 comp rx=0 tx=0).stop
2024-09-12T03:12:13.051 INFO:teuthology.orchestra.run.smithi006.stdout:/usr/bin/ceph: stderr
2024-09-12T03:12:12.045+0000 7f7c554e5640 1 -- 172.21.15.6:0/3919985244 >> [v2:172.21.15.6:3300/0,v1:172.21.15.6:6789/0] conn(0x7f7c50107960 msgr2=0x7f7c5019b900 secure :-1 s=STATE_CONNECTION_ESTABLISHED l=1).mark_down
2024-09-12T03:12:13.051 INFO:teuthology.orchestra.run.smithi006.stdout:/usr/bin/ceph: stderr
2024-09-12T03:12:12.045+0000 7f7c554e5640 1 --2- 172.21.15.6:0/3919985244 >> [v2:172.21.15.6:3300/0,v1:172.21.15.6:6789/0] conn(0x7f7c50107960 0x7f7c5019b900 secure :-1 s=READY pgs=52 cs=0 l=1 rev1=1 crypto rx=0x7f7c40009b50 tx=0x7f7c4002f740 comp rx=0 tx=0).stop
2024-09-12T03:12:13.051 INFO:teuthology.orchestra.run.smithi006.stdout:/usr/bin/ceph: stderr
2024-09-12T03:12:12.045+0000 7f7c554e5640 1 -- 172.21.15.6:0/3919985244 shutdown_connections
2024-09-12T03:12:13.051 INFO:teuthology.orchestra.run.smithi006.stdout:/usr/bin/ceph: stderr
2024-09-12T03:12:12.045+0000 7f7c554e5640 1 --2- 172.21.15.6:0/3919985244 >> [v2:172.21.15.6:6800/1684477653,v1:172.21.15.6:6801/1684477653] conn(0x7f7c38038f70 0x7f7c3803b430 unknown :-1 s=CLOSED pgs=15 cs=0 l=1 rev1=1 crypto rx=0 tx=0 comp rx=0 tx=0).stop
2024-09-12T03:12:13.052 INFO:teuthology.orchestra.run.smithi006.stdout:/usr/bin/ceph: stderr
2024-09-12T03:12:12.045+0000 7f7c554e5640 1 --2- 172.21.15.6:0/3919985244 >> [v2:172.21.15.6:3300/0,v1:172.21.15.6:6789/0] conn(0x7f7c50107960 0x7f7c5019b900 unknown :-1 s=CLOSED pgs=52 cs=0 l=1 rev1=1 crypto rx=0 tx=0 comp rx=0 tx=0).stop
2024-09-12T03:12:13.052 INFO:teuthology.orchestra.run.smithi006.stdout:/usr/bin/ceph: stderr
2024-09-12T03:12:12.045+0000 7f7c554e5640 1 -- 172.21.15.6:0/3919985244 >> 172.21.15.6:0/3919985244 conn(0x7f7c50103150 msgr2=0x7f7c50103cb0 unknown :-1 s=STATE_NONE l=0).mark_down
2024-09-12T03:12:13.052 INFO:teuthology.orchestra.run.smithi006.stdout:/usr/bin/ceph: stderr
2024-09-12T03:12:12.045+0000 7f7c554e5640 1 -- 172.21.15.6:0/3919985244 shutdown_connections
2024-09-12T03:12:13.052 INFO:teuthology.orchestra.run.smithi006.stdout:/usr/bin/ceph: stderr
2024-09-12T03:12:12.045+0000 7f7c554e5640 1 -- 172.21.15.6:0/3919985244 wait complete.
2024-09-12T03:12:13.052 INFO:teuthology.orchestra.run.smithi006.stdout:Enabling the dashboard module...
2024-09-12T03:12:13.112 INFO:journalctl@ceph.mon.a.smithi006.stdout:Sep 12 03:12:13 smithi006 ceph-mon[30991]: from='client.? 172.21.15.6:0/3919985244' entity='client.admin'
2024-09-12T03:12:13.112 INFO:journalctl@ceph.mon.a.smithi006.stdout:Sep 12 03:12:13 smithi006 ceph-mon[30991]: from='mgr.14118 172.21.15.6:0/1513060919' entity='mgr.x'
2024-09-12T03:12:14.362 INFO:journalctl@ceph.mon.a.smithi006.stdout:Sep 12 03:12:14 smithi006 ceph-mon[30991]: from='client.? 172.21.15.6:0/2861641330' entity='client.admin' cmd=[{"prefix": "mgr module enable", "module": "dashboard"}]: dispatch
2024-09-12T03:12:14.362 INFO:journalctl@ceph.mon.a.smithi006.stdout:Sep 12 03:12:14 smithi006 ceph-mon[30991]: from='mgr.14118 172.21.15.6:0/1513060919' entity='mgr.x'
2024-09-12T03:12:14.362 INFO:journalctl@ceph.mgr.x.smithi006.stdout:Sep 12 03:12:14 smithi006 ceph-89d99938-70b4-11ef-bcea-c7b262605968-mgr-x[31220]: ignoring --setuser ceph since I am not root
2024-09-12T03:12:14.362 INFO:journalctl@ceph.mgr.x.smithi006.stdout:Sep 12 03:12:14 smithi006 ceph-89d99938-70b4-11ef-bcea-c7b262605968-mgr-x[31220]: ignoring --setgroup ceph since I am not root
2024-09-12T03:12:14.362 INFO:journalctl@ceph.mgr.x.smithi006.stdout:Sep 12 03:12:14 smithi006 ceph-89d99938-70b4-11ef-bcea-c7b262605968-mgr-x[31220]:
2024-09-12T03:12:14.209+0000 7f8b394f7040 -1 mgr[py] Module osd_perf_query has missing NOTIFY_TYPES member
2024-09-12T03:12:14.362 INFO:journalctl@ceph.mgr.x.smithi006.stdout:Sep 12 03:12:14 smithi006 ceph-89d99938-70b4-11ef-bcea-c7b262605968-mgr-x[31220]:
2024-09-12T03:12:14.268+0000 7f8b394f7040 -1 mgr[py] Module osd_support has missing NOTIFY_TYPES member
2024-09-12T03:12:14.624 INFO:teuthology.orchestra.run.smithi006.stdout:/usr/bin/ceph: stderr
2024-09-12T03:12:13.425+0000 7f1229b26640 1 Processor -- start
2024-09-12T03:12:14.625 INFO:teuthology.orchestra.run.smithi006.stdout:/usr/bin/ceph: stderr
2024-09-12T03:12:13.425+0000 7f1229b26640 1 -- start start
2024-09-12T03:12:14.625 INFO:teuthology.orchestra.run.smithi006.stdout:/usr/bin/ceph: stderr
2024-09-12T03:12:13.425+0000 7f1229b26640 1 --2- >> [v2:172.21.15.6:3300/0,v1:172.21.15.6:6789/0] conn(0x7f122407ddc0 0x7f122407c2c0 unknown :-1 s=NONE pgs=0 cs=0 l=0 rev1=0 crypto rx=0 tx=0 comp rx=0 tx=0).connect
2024-09-12T03:12:14.625 INFO:teuthology.orchestra.run.smithi006.stdout:/usr/bin/ceph: stderr
2024-09-12T03:12:13.425+0000 7f1229b26640 1 -- --> [v2:172.21.15.6:3300/0,v1:172.21.15.6:6789/0] -- mon_getmap magic: 0 -- 0x7f122407c800 con 0x7f122407ddc0
2024-09-12T03:12:14.625 INFO:teuthology.orchestra.run.smithi006.stdout:/usr/bin/ceph: stderr
2024-09-12T03:12:13.426+0000 7f12237fe640 1 --2- >> [v2:172.21.15.6:3300/0,v1:172.21.15.6:6789/0] conn(0x7f122407ddc0 0x7f122407c2c0 unknown :-1 s=BANNER_CONNECTING pgs=0 cs=0 l=0 rev1=0 crypto rx=0 tx=0 comp rx=0 tx=0)._handle_peer_banner_payload supported=3 required=0
2024-09-12T03:12:14.625 INFO:teuthology.orchestra.run.smithi006.stdout:/usr/bin/ceph: stderr
2024-09-12T03:12:13.426+0000 7f12237fe640 1 --2- >> [v2:172.21.15.6:3300/0,v1:172.21.15.6:6789/0] conn(0x7f122407ddc0 0x7f122407c2c0 unknown :-1 s=HELLO_CONNECTING pgs=0 cs=0 l=0 rev1=1 crypto rx=0 tx=0 comp rx=0 tx=0).handle_hello peer v2:172.21.15.6:3300/0 says I am v2:172.21.15.6:54276/0 (socket says 172.21.15.6:54276)
2024-09-12T03:12:14.625 INFO:teuthology.orchestra.run.smithi006.stdout:/usr/bin/ceph: stderr
2024-09-12T03:12:13.426+0000 7f12237fe640 1 -- 172.21.15.6:0/2342026727 learned_addr learned my addr 172.21.15.6:0/2342026727 (peer_addr_for_me v2:172.21.15.6:0/0)
2024-09-12T03:12:14.625 INFO:teuthology.orchestra.run.smithi006.stdout:/usr/bin/ceph: stderr
2024-09-12T03:12:13.426+0000 7f12237fe640 1 -- 172.21.15.6:0/2342026727 --> [v2:172.21.15.6:3300/0,v1:172.21.15.6:6789/0] -- mon_subscribe({config=0+,monmap=0+}) -- 0x7f122407c980 con 0x7f122407ddc0
2024-09-12T03:12:14.625 INFO:teuthology.orchestra.run.smithi006.stdout:/usr/bin/ceph: stderr
2024-09-12T03:12:13.427+0000 7f12237fe640 1 --2- 172.21.15.6:0/2342026727 >> [v2:172.21.15.6:3300/0,v1:172.21.15.6:6789/0] conn(0x7f122407ddc0 0x7f122407c2c0 secure :-1 s=READY pgs=53 cs=0 l=1 rev1=1 crypto rx=0x7f1214009820 tx=0x7f121402a270 comp rx=0 tx=0).ready entity=mon.0 client_cookie=d4728f830890ef46 server_cookie=0 in_seq=0 out_seq=0
2024-09-12T03:12:14.625 INFO:teuthology.orchestra.run.smithi006.stdout:/usr/bin/ceph: stderr
2024-09-12T03:12:13.427+0000 7f12227fc640 1 -- 172.21.15.6:0/2342026727 <== mon.0 v2:172.21.15.6:3300/0 1 ==== mon_map magic: 0 ==== 205+0+0 (secure 0 0 0) 0x7f1214037070 con 0x7f122407ddc0
2024-09-12T03:12:14.625 INFO:teuthology.orchestra.run.smithi006.stdout:/usr/bin/ceph: stderr
2024-09-12T03:12:13.427+0000 7f12227fc640 1 -- 172.21.15.6:0/2342026727 <== mon.0 v2:172.21.15.6:3300/0 2 ==== config(27 keys) ==== 1140+0+0 (secure 0 0 0) 0x7f1214032920 con 0x7f122407ddc0
2024-09-12T03:12:14.625 INFO:teuthology.orchestra.run.smithi006.stdout:/usr/bin/ceph: stderr
2024-09-12T03:12:13.427+0000 7f12227fc640 1 -- 172.21.15.6:0/2342026727 <== mon.0 v2:172.21.15.6:3300/0 3 ==== mon_map magic: 0 ==== 205+0+0 (secure 0 0 0) 0x7f1214030810 con 0x7f122407ddc0
2024-09-12T03:12:14.626 INFO:teuthology.orchestra.run.smithi006.stdout:/usr/bin/ceph: stderr
2024-09-12T03:12:13.427+0000 7f1229b26640 1 -- 172.21.15.6:0/2342026727 >> [v2:172.21.15.6:3300/0,v1:172.21.15.6:6789/0] conn(0x7f122407ddc0 msgr2=0x7f122407c2c0 secure :-1 s=STATE_CONNECTION_ESTABLISHED l=1).mark_down
2024-09-12T03:12:14.626 INFO:teuthology.orchestra.run.smithi006.stdout:/usr/bin/ceph: stderr
2024-09-12T03:12:13.427+0000 7f1229b26640 1 --2- 172.21.15.6:0/2342026727 >> [v2:172.21.15.6:3300/0,v1:172.21.15.6:6789/0] conn(0x7f122407ddc0 0x7f122407c2c0 secure :-1 s=READY pgs=53 cs=0 l=1 rev1=1 crypto rx=0x7f1214009820 tx=0x7f121402a270 comp rx=0 tx=0).stop
2024-09-12T03:12:14.626 INFO:teuthology.orchestra.run.smithi006.stdout:/usr/bin/ceph: stderr
2024-09-12T03:12:13.427+0000 7f1229b26640 1 -- 172.21.15.6:0/2342026727 shutdown_connections
2024-09-12T03:12:14.626 INFO:teuthology.orchestra.run.smithi006.stdout:/usr/bin/ceph: stderr
2024-09-12T03:12:13.427+0000 7f1229b26640 1 --2- 172.21.15.6:0/2342026727 >> [v2:172.21.15.6:3300/0,v1:172.21.15.6:6789/0] conn(0x7f122407ddc0 0x7f122407c2c0 unknown :-1 s=CLOSED pgs=53 cs=0 l=1 rev1=1 crypto rx=0 tx=0 comp rx=0 tx=0).stop
2024-09-12T03:12:14.626 INFO:teuthology.orchestra.run.smithi006.stdout:/usr/bin/ceph: stderr
2024-09-12T03:12:13.427+0000 7f1229b26640 1 -- 172.21.15.6:0/2342026727 >> 172.21.15.6:0/2342026727 conn(0x7f12241031b0 msgr2=0x7f12241055d0 unknown :-1 s=STATE_NONE l=0).mark_down
2024-09-12T03:12:14.626 INFO:teuthology.orchestra.run.smithi006.stdout:/usr/bin/ceph: stderr
2024-09-12T03:12:13.427+0000 7f1229b26640 1 -- 172.21.15.6:0/2342026727 shutdown_connections
2024-09-12T03:12:14.626 INFO:teuthology.orchestra.run.smithi006.stdout:/usr/bin/ceph: stderr
2024-09-12T03:12:13.427+0000 7f1229b26640 1 -- 172.21.15.6:0/2342026727 wait complete.
2024-09-12T03:12:14.626 INFO:teuthology.orchestra.run.smithi006.stdout:/usr/bin/ceph: stderr
2024-09-12T03:12:13.428+0000 7f1229b26640 1 Processor -- start
2024-09-12T03:12:14.626 INFO:teuthology.orchestra.run.smithi006.stdout:/usr/bin/ceph: stderr
2024-09-12T03:12:13.428+0000 7f1229b26640 1 -- start start
2024-09-12T03:12:14.626 INFO:teuthology.orchestra.run.smithi006.stdout:/usr/bin/ceph: stderr
2024-09-12T03:12:13.428+0000 7f1229b26640 1 --2- >> [v2:172.21.15.6:3300/0,v1:172.21.15.6:6789/0] conn(0x7f122407ddc0 0x7f122419dae0 unknown :-1 s=NONE pgs=0 cs=0 l=1 rev1=0 crypto rx=0 tx=0 comp rx=0 tx=0).connect
2024-09-12T03:12:14.626 INFO:teuthology.orchestra.run.smithi006.stdout:/usr/bin/ceph: stderr
2024-09-12T03:12:13.428+0000 7f1229b26640 1 -- --> [v2:172.21.15.6:3300/0,v1:172.21.15.6:6789/0] -- mon_getmap magic: 0 -- 0x7f122410df90 con 0x7f122407ddc0
2024-09-12T03:12:14.626 INFO:teuthology.orchestra.run.smithi006.stdout:/usr/bin/ceph: stderr
2024-09-12T03:12:13.429+0000 7f12237fe640 1 --2- >> [v2:172.21.15.6:3300/0,v1:172.21.15.6:6789/0] conn(0x7f122407ddc0 0x7f122419dae0 unknown :-1 s=BANNER_CONNECTING pgs=0 cs=0 l=1 rev1=0 crypto rx=0 tx=0 comp rx=0 tx=0)._handle_peer_banner_payload supported=3 required=0
2024-09-12T03:12:14.626 INFO:teuthology.orchestra.run.smithi006.stdout:/usr/bin/ceph: stderr
2024-09-12T03:12:13.429+0000 7f12237fe640 1 --2- >> [v2:172.21.15.6:3300/0,v1:172.21.15.6:6789/0] conn(0x7f122407ddc0 0x7f122419dae0 unknown :-1 s=HELLO_CONNECTING pgs=0 cs=0 l=1 rev1=1 crypto rx=0 tx=0 comp rx=0 tx=0).handle_hello peer v2:172.21.15.6:3300/0 says I am v2:172.21.15.6:54284/0 (socket says 172.21.15.6:54284)
2024-09-12T03:12:14.627 INFO:teuthology.orchestra.run.smithi006.stdout:/usr/bin/ceph: stderr
2024-09-12T03:12:13.429+0000 7f12237fe640 1 -- 172.21.15.6:0/2861641330 learned_addr learned my addr 172.21.15.6:0/2861641330 (peer_addr_for_me v2:172.21.15.6:0/0)
2024-09-12T03:12:14.627 INFO:teuthology.orchestra.run.smithi006.stdout:/usr/bin/ceph: stderr
2024-09-12T03:12:13.429+0000 7f12237fe640 1 -- 172.21.15.6:0/2861641330 --> [v2:172.21.15.6:3300/0,v1:172.21.15.6:6789/0] -- mon_subscribe({config=0+,monmap=0+}) -- 0x7f122419e020 con 0x7f122407ddc0
2024-09-12T03:12:14.627 INFO:teuthology.orchestra.run.smithi006.stdout:/usr/bin/ceph: stderr
2024-09-12T03:12:13.429+0000 7f12237fe640 1 --2- 172.21.15.6:0/2861641330 >> [v2:172.21.15.6:3300/0,v1:172.21.15.6:6789/0] conn(0x7f122407ddc0 0x7f122419dae0 secure :-1 s=READY pgs=54 cs=0 l=1 rev1=1 crypto rx=0x7f12140097f0 tx=0x7f12140327b0 comp rx=0 tx=0).ready entity=mon.0 client_cookie=0 server_cookie=0 in_seq=0 out_seq=0
2024-09-12T03:12:14.627 INFO:teuthology.orchestra.run.smithi006.stdout:/usr/bin/ceph: stderr
2024-09-12T03:12:13.429+0000 7f1220ff9640 1 -- 172.21.15.6:0/2861641330 <== mon.0 v2:172.21.15.6:3300/0 1 ==== mon_map magic: 0 ==== 205+0+0 (secure 0 0 0) 0x7f1214037040 con 0x7f122407ddc0
2024-09-12T03:12:14.627 INFO:teuthology.orchestra.run.smithi006.stdout:/usr/bin/ceph: stderr
2024-09-12T03:12:13.429+0000 7f1220ff9640 1 -- 172.21.15.6:0/2861641330 <== mon.0 v2:172.21.15.6:3300/0 2 ==== config(27 keys) ==== 1140+0+0 (secure 0 0 0) 0x7f1214030cc0 con 0x7f122407ddc0
2024-09-12T03:12:14.627 INFO:teuthology.orchestra.run.smithi006.stdout:/usr/bin/ceph: stderr
2024-09-12T03:12:13.429+0000 7f1229b26640 1 -- 172.21.15.6:0/2861641330 --> [v2:172.21.15.6:3300/0,v1:172.21.15.6:6789/0] -- mon_subscribe({mgrmap=0+}) -- 0x7f122419e2b0 con 0x7f122407ddc0
2024-09-12T03:12:14.627 INFO:teuthology.orchestra.run.smithi006.stdout:/usr/bin/ceph: stderr
2024-09-12T03:12:13.429+0000 7f1220ff9640 1 -- 172.21.15.6:0/2861641330 <== mon.0 v2:172.21.15.6:3300/0 3 ==== mon_map magic: 0 ==== 205+0+0 (secure 0 0 0) 0x7f121403a6b0 con 0x7f122407ddc0
2024-09-12T03:12:14.627 INFO:teuthology.orchestra.run.smithi006.stdout:/usr/bin/ceph: stderr
2024-09-12T03:12:13.429+0000 7f1229b26640 1 -- 172.21.15.6:0/2861641330 --> [v2:172.21.15.6:3300/0,v1:172.21.15.6:6789/0] -- mon_subscribe({osdmap=0}) -- 0x7f12241a0fa0 con 0x7f122407ddc0
2024-09-12T03:12:14.627 INFO:teuthology.orchestra.run.smithi006.stdout:/usr/bin/ceph: stderr
2024-09-12T03:12:13.430+0000 7f1220ff9640 1 -- 172.21.15.6:0/2861641330 <== mon.0 v2:172.21.15.6:3300/0 4 ==== mgrmap(e 8) ==== 46287+0+0 (secure 0 0 0) 0x7f121403a850 con 0x7f122407ddc0
2024-09-12T03:12:14.627 INFO:teuthology.orchestra.run.smithi006.stdout:/usr/bin/ceph: stderr
2024-09-12T03:12:13.430+0000 7f1220ff9640 1 --2- 172.21.15.6:0/2861641330 >> [v2:172.21.15.6:6800/1684477653,v1:172.21.15.6:6801/1684477653] conn(0x7f120c038fc0 0x7f120c03b480 unknown :-1 s=NONE pgs=0 cs=0 l=1 rev1=0 crypto rx=0 tx=0 comp rx=0 tx=0).connect
2024-09-12T03:12:14.627 INFO:teuthology.orchestra.run.smithi006.stdout:/usr/bin/ceph: stderr
2024-09-12T03:12:13.430+0000 7f1220ff9640 1 -- 172.21.15.6:0/2861641330 <== mon.0 v2:172.21.15.6:3300/0 5 ==== osd_map(2..2 src has 1..2) ==== 940+0+0 (secure 0 0 0) 0x7f121406c7e0 con 0x7f122407ddc0
2024-09-12T03:12:14.627 INFO:teuthology.orchestra.run.smithi006.stdout:/usr/bin/ceph: stderr
2024-09-12T03:12:13.430+0000 7f1229b26640 1 -- 172.21.15.6:0/2861641330 --> [v2:172.21.15.6:3300/0,v1:172.21.15.6:6789/0] -- mon_command({"prefix": "get_command_descriptions"} v 0) -- 0x7f122407c340 con 0x7f122407ddc0
2024-09-12T03:12:14.628 INFO:teuthology.orchestra.run.smithi006.stdout:/usr/bin/ceph: stderr
2024-09-12T03:12:13.430+0000 7f1222ffd640 1 --2- 172.21.15.6:0/2861641330 >> [v2:172.21.15.6:6800/1684477653,v1:172.21.15.6:6801/1684477653] conn(0x7f120c038fc0 0x7f120c03b480 unknown :-1 s=BANNER_CONNECTING pgs=0 cs=0 l=1 rev1=0 crypto rx=0 tx=0 comp rx=0 tx=0)._handle_peer_banner_payload supported=3 required=0
2024-09-12T03:12:14.628 INFO:teuthology.orchestra.run.smithi006.stdout:/usr/bin/ceph: stderr
2024-09-12T03:12:13.431+0000 7f1222ffd640 1 --2- 172.21.15.6:0/2861641330 >> [v2:172.21.15.6:6800/1684477653,v1:172.21.15.6:6801/1684477653] conn(0x7f120c038fc0 0x7f120c03b480 secure :-1 s=READY pgs=16 cs=0 l=1 rev1=1 crypto rx=0x7f12180098c0 tx=0x7f1218006db0 comp rx=0 tx=0).ready entity=mgr.14118 client_cookie=0 server_cookie=0 in_seq=0 out_seq=0
2024-09-12T03:12:14.628 INFO:teuthology.orchestra.run.smithi006.stdout:/usr/bin/ceph: stderr
2024-09-12T03:12:13.435+0000 7f1220ff9640 1 -- 172.21.15.6:0/2861641330 <== mon.0 v2:172.21.15.6:3300/0 6 ==== mon_command_ack([{"prefix": "get_command_descriptions"}]=0 v0) ==== 72+0+188821 (secure 0 0 0) 0x7f12140371e0 con 0x7f122407ddc0
2024-09-12T03:12:14.628 INFO:teuthology.orchestra.run.smithi006.stdout:/usr/bin/ceph: stderr
2024-09-12T03:12:13.662+0000 7f1229b26640 1 -- 172.21.15.6:0/2861641330 --> [v2:172.21.15.6:3300/0,v1:172.21.15.6:6789/0] -- mon_command({"prefix": "mgr module enable", "module": "dashboard"} v 0) -- 0x7f12241a14d0 con 0x7f122407ddc0
2024-09-12T03:12:14.628 INFO:teuthology.orchestra.run.smithi006.stdout:/usr/bin/ceph: stderr
2024-09-12T03:12:14.047+0000 7f1220ff9640 1 -- 172.21.15.6:0/2861641330 <== mon.0 v2:172.21.15.6:3300/0 7 ==== mon_command_ack([{"prefix": "mgr module enable", "module": "dashboard"}]=0 v9) ==== 88+0+0 (secure 0 0 0) 0x7f121402cb80 con 0x7f122407ddc0
2024-09-12T03:12:14.628 INFO:teuthology.orchestra.run.smithi006.stdout:/usr/bin/ceph: stderr
2024-09-12T03:12:14.048+0000 7f1220ff9640 1 -- 172.21.15.6:0/2861641330 <== mon.0 v2:172.21.15.6:3300/0 8 ==== mgrmap(e 9) ==== 46300+0+0 (secure 0 0 0) 0x7f121403baf0 con 0x7f122407ddc0
2024-09-12T03:12:14.628 INFO:teuthology.orchestra.run.smithi006.stdout:/usr/bin/ceph: stderr
2024-09-12T03:12:14.050+0000 7f1229b26640 1 -- 172.21.15.6:0/2861641330 >> [v2:172.21.15.6:6800/1684477653,v1:172.21.15.6:6801/1684477653] conn(0x7f120c038fc0 msgr2=0x7f120c03b480 secure :-1 s=STATE_CONNECTION_ESTABLISHED l=1).mark_down
2024-09-12T03:12:14.628 INFO:teuthology.orchestra.run.smithi006.stdout:/usr/bin/ceph: stderr
2024-09-12T03:12:14.050+0000 7f1229b26640 1 --2- 172.21.15.6:0/2861641330 >> [v2:172.21.15.6:6800/1684477653,v1:172.21.15.6:6801/1684477653] conn(0x7f120c038fc0 0x7f120c03b480 secure :-1 s=READY pgs=16 cs=0 l=1 rev1=1 crypto rx=0x7f12180098c0 tx=0x7f1218006db0 comp rx=0 tx=0).stop
2024-09-12T03:12:14.628 INFO:teuthology.orchestra.run.smithi006.stdout:/usr/bin/ceph: stderr
2024-09-12T03:12:14.050+0000 7f1229b26640 1 -- 172.21.15.6:0/2861641330 >> [v2:172.21.15.6:3300/0,v1:172.21.15.6:6789/0] conn(0x7f122407ddc0 msgr2=0x7f122419dae0 secure :-1 s=STATE_CONNECTION_ESTABLISHED l=1).mark_down
2024-09-12T03:12:14.628 INFO:teuthology.orchestra.run.smithi006.stdout:/usr/bin/ceph: stderr
2024-09-12T03:12:14.050+0000 7f1229b26640 1 --2- 172.21.15.6:0/2861641330 >> [v2:172.21.15.6:3300/0,v1:172.21.15.6:6789/0] conn(0x7f122407ddc0 0x7f122419dae0 secure :-1 s=READY pgs=54 cs=0 l=1 rev1=1 crypto rx=0x7f12140097f0 tx=0x7f12140327b0 comp rx=0 tx=0).stop
2024-09-12T03:12:14.628 INFO:teuthology.orchestra.run.smithi006.stdout:/usr/bin/ceph: stderr
2024-09-12T03:12:14.050+0000 7f1229b26640 1 -- 172.21.15.6:0/2861641330 shutdown_connections
2024-09-12T03:12:14.628 INFO:teuthology.orchestra.run.smithi006.stdout:/usr/bin/ceph: stderr
2024-09-12T03:12:14.050+0000 7f1229b26640 1 --2- 172.21.15.6:0/2861641330 >> [v2:172.21.15.6:6800/1684477653,v1:172.21.15.6:6801/1684477653] conn(0x7f120c038fc0 0x7f120c03b480 unknown :-1 s=CLOSED pgs=16 cs=0 l=1 rev1=1 crypto rx=0 tx=0 comp rx=0 tx=0).stop
2024-09-12T03:12:14.628 INFO:teuthology.orchestra.run.smithi006.stdout:/usr/bin/ceph: stderr
2024-09-12T03:12:14.050+0000 7f1229b26640 1 --2- 172.21.15.6:0/2861641330 >> [v2:172.21.15.6:3300/0,v1:172.21.15.6:6789/0] conn(0x7f122407ddc0 0x7f122419dae0 unknown :-1 s=CLOSED pgs=54 cs=0 l=1 rev1=1 crypto rx=0 tx=0 comp rx=0 tx=0).stop
2024-09-12T03:12:14.629 INFO:teuthology.orchestra.run.smithi006.stdout:/usr/bin/ceph: stderr
2024-09-12T03:12:14.050+0000 7f1229b26640 1 -- 172.21.15.6:0/2861641330 >> 172.21.15.6:0/2861641330 conn(0x7f12241031b0 msgr2=0x7f1224103d00 unknown :-1 s=STATE_NONE l=0).mark_down
2024-09-12T03:12:14.629 INFO:teuthology.orchestra.run.smithi006.stdout:/usr/bin/ceph: stderr
2024-09-12T03:12:14.050+0000 7f1229b26640 1 -- 172.21.15.6:0/2861641330 shutdown_connections
2024-09-12T03:12:14.629 INFO:teuthology.orchestra.run.smithi006.stdout:/usr/bin/ceph: stderr
2024-09-12T03:12:14.050+0000 7f1229b26640 1 -- 172.21.15.6:0/2861641330 wait complete.
2024-09-12T03:12:14.651 INFO:journalctl@ceph.mgr.x.smithi006.stdout:Sep 12 03:12:14 smithi006 ceph-89d99938-70b4-11ef-bcea-c7b262605968-mgr-x[31220]:
2024-09-12T03:12:14.424+0000 7f8b394f7040 -1 mgr[py] Module diskprediction_local has missing NOTIFY_TYPES member
2024-09-12T03:12:14.652 INFO:journalctl@ceph.mgr.x.smithi006.stdout:Sep 12 03:12:14 smithi006 ceph-89d99938-70b4-11ef-bcea-c7b262605968-mgr-x[31220]:
2024-09-12T03:12:14.494+0000 7f8b394f7040 -1 mgr[py] Module crash has missing NOTIFY_TYPES member
2024-09-12T03:12:14.652 INFO:journalctl@ceph.mgr.x.smithi006.stdout:Sep 12 03:12:14 smithi006 ceph-89d99938-70b4-11ef-bcea-c7b262605968-mgr-x[31220]:
2024-09-12T03:12:14.651+0000 7f8b394f7040 -1 mgr[py] Module test_orchestrator has missing NOTIFY_TYPES member
2024-09-12T03:12:14.905 INFO:journalctl@ceph.mgr.x.smithi006.stdout:Sep 12 03:12:14 smithi006 ceph-89d99938-70b4-11ef-bcea-c7b262605968-mgr-x[31220]:
2024-09-12T03:12:14.800+0000 7f8b394f7040 -1 mgr[py] Module snap_schedule has missing NOTIFY_TYPES member
2024-09-12T03:12:15.213 INFO:journalctl@ceph.mon.a.smithi006.stdout:Sep 12 03:12:15 smithi006 ceph-mon[30991]: from='client.? 172.21.15.6:0/2861641330' entity='client.admin' cmd='[{"prefix": "mgr module enable", "module": "dashboard"}]': finished
2024-09-12T03:12:15.213 INFO:journalctl@ceph.mon.a.smithi006.stdout:Sep 12 03:12:15 smithi006 ceph-mon[30991]: mgrmap e9: x(active, since 18s)
2024-09-12T03:12:15.213 INFO:journalctl@ceph.mgr.x.smithi006.stdout:Sep 12 03:12:15 smithi006 ceph-89d99938-70b4-11ef-bcea-c7b262605968-mgr-x[31220]:
2024-09-12T03:12:15.148+0000 7f8b394f7040 -1 mgr[py] Module prometheus has missing NOTIFY_TYPES member
2024-09-12T03:12:15.214 INFO:journalctl@ceph.mgr.x.smithi006.stdout:Sep 12 03:12:15 smithi006 ceph-89d99938-70b4-11ef-bcea-c7b262605968-mgr-x[31220]:
2024-09-12T03:12:15.213+0000 7f8b394f7040 -1 mgr[py] Module selftest has missing NOTIFY_TYPES member
2024-09-12T03:12:15.611 INFO:journalctl@ceph.mgr.x.smithi006.stdout:Sep 12 03:12:15 smithi006 ceph-89d99938-70b4-11ef-bcea-c7b262605968-mgr-x[31220]:
2024-09-12T03:12:15.415+0000 7f8b394f7040 -1 mgr[py] Module volumes has missing NOTIFY_TYPES member
2024-09-12T03:12:16.236 INFO:journalctl@ceph.mon.a.smithi006.stdout:Sep 12 03:12:16 smithi006 ceph-mon[30991]: from='client.? 172.21.15.6:0/3173709644' entity='client.admin' cmd=[{"prefix": "mgr stat"}]: dispatch
2024-09-12T03:12:16.243 INFO:teuthology.orchestra.run.smithi006.stdout:/usr/bin/ceph: stdout {
2024-09-12T03:12:16.243 INFO:teuthology.orchestra.run.smithi006.stdout:/usr/bin/ceph: stdout "epoch": 9,
2024-09-12T03:12:16.244 INFO:teuthology.orchestra.run.smithi006.stdout:/usr/bin/ceph: stdout "available": true,
2024-09-12T03:12:16.244 INFO:teuthology.orchestra.run.smithi006.stdout:/usr/bin/ceph: stdout "active_name": "x",
2024-09-12T03:12:16.244 INFO:teuthology.orchestra.run.smithi006.stdout:/usr/bin/ceph: stdout "num_standby": 0
2024-09-12T03:12:16.244 INFO:teuthology.orchestra.run.smithi006.stdout:/usr/bin/ceph: stdout }
2024-09-12T03:12:16.244 INFO:teuthology.orchestra.run.smithi006.stdout:/usr/bin/ceph: stderr
2024-09-12T03:12:15.058+0000 7f39f9254640 1 Processor -- start
2024-09-12T03:12:16.244 INFO:teuthology.orchestra.run.smithi006.stdout:/usr/bin/ceph: stderr
2024-09-12T03:12:15.058+0000 7f39f9254640 1 -- start start
2024-09-12T03:12:16.244 INFO:teuthology.orchestra.run.smithi006.stdout:/usr/bin/ceph: stderr
2024-09-12T03:12:15.058+0000 7f39f9254640 1 --2- >> [v2:172.21.15.6:3300/0,v1:172.21.15.6:6789/0] conn(0x7f39f4108400 0x7f39f410a7f0 unknown :-1 s=NONE pgs=0 cs=0 l=0 rev1=0 crypto rx=0 tx=0 comp rx=0 tx=0).connect
2024-09-12T03:12:16.244 INFO:teuthology.orchestra.run.smithi006.stdout:/usr/bin/ceph: stderr
2024-09-12T03:12:15.058+0000 7f39f9254640 1 -- --> [v2:172.21.15.6:3300/0,v1:172.21.15.6:6789/0] -- mon_getmap magic: 0 -- 0x7f39f407be40 con 0x7f39f4108400
2024-09-12T03:12:16.244 INFO:teuthology.orchestra.run.smithi006.stdout:/usr/bin/ceph: stderr
2024-09-12T03:12:15.059+0000 7f39f2d9d640 1 --2- >> [v2:172.21.15.6:3300/0,v1:172.21.15.6:6789/0] conn(0x7f39f4108400 0x7f39f410a7f0 unknown :-1 s=BANNER_CONNECTING pgs=0 cs=0 l=0 rev1=0 crypto rx=0 tx=0 comp rx=0 tx=0)._handle_peer_banner_payload supported=3 required=0
2024-09-12T03:12:16.244 INFO:teuthology.orchestra.run.smithi006.stdout:/usr/bin/ceph: stderr
2024-09-12T03:12:15.059+0000 7f39f2d9d640 1 --2- >> [v2:172.21.15.6:3300/0,v1:172.21.15.6:6789/0] conn(0x7f39f4108400 0x7f39f410a7f0 unknown :-1 s=HELLO_CONNECTING pgs=0 cs=0 l=0 rev1=1 crypto rx=0 tx=0 comp rx=0 tx=0).handle_hello peer v2:172.21.15.6:3300/0 says I am v2:172.21.15.6:54306/0 (socket says 172.21.15.6:54306)
2024-09-12T03:12:16.244 INFO:teuthology.orchestra.run.smithi006.stdout:/usr/bin/ceph: stderr
2024-09-12T03:12:15.059+0000 7f39f2d9d640 1 -- 172.21.15.6:0/3261275967 learned_addr learned my addr 172.21.15.6:0/3261275967 (peer_addr_for_me v2:172.21.15.6:0/0)
2024-09-12T03:12:16.244 INFO:teuthology.orchestra.run.smithi006.stdout:/usr/bin/ceph: stderr
2024-09-12T03:12:15.059+0000 7f39f2d9d640 1 -- 172.21.15.6:0/3261275967 --> [v2:172.21.15.6:3300/0,v1:172.21.15.6:6789/0] -- mon_subscribe({config=0+,monmap=0+}) -- 0x7f39f410ad30 con 0x7f39f4108400
2024-09-12T03:12:16.244 INFO:teuthology.orchestra.run.smithi006.stdout:/usr/bin/ceph: stderr
2024-09-12T03:12:15.060+0000 7f39f2d9d640 1 --2- 172.21.15.6:0/3261275967 >> [v2:172.21.15.6:3300/0,v1:172.21.15.6:6789/0] conn(0x7f39f4108400 0x7f39f410a7f0 secure :-1 s=READY pgs=57 cs=0 l=1 rev1=1 crypto rx=0x7f39e4009820 tx=0x7f39e402a270 comp rx=0 tx=0).ready entity=mon.0 client_cookie=fbceb742918c16cc server_cookie=0 in_seq=0 out_seq=0
2024-09-12T03:12:16.245 INFO:teuthology.orchestra.run.smithi006.stdout:/usr/bin/ceph: stderr
2024-09-12T03:12:15.060+0000 7f39f259c640 1 -- 172.21.15.6:0/3261275967 <== mon.0 v2:172.21.15.6:3300/0 1 ==== mon_map magic: 0 ==== 205+0+0 (secure 0 0 0) 0x7f39e4037070 con 0x7f39f4108400
2024-09-12T03:12:16.245 INFO:teuthology.orchestra.run.smithi006.stdout:/usr/bin/ceph: stderr
2024-09-12T03:12:15.060+0000 7f39f259c640 1 -- 172.21.15.6:0/3261275967 <== mon.0 v2:172.21.15.6:3300/0 2 ==== config(27 keys) ==== 1140+0+0 (secure 0 0 0) 0x7f39e4032920 con 0x7f39f4108400
2024-09-12T03:12:16.245 INFO:teuthology.orchestra.run.smithi006.stdout:/usr/bin/ceph: stderr
2024-09-12T03:12:15.060+0000 7f39f259c640 1 -- 172.21.15.6:0/3261275967 <== mon.0 v2:172.21.15.6:3300/0 3 ==== mon_map magic: 0 ==== 205+0+0 (secure 0 0 0) 0x7f39e4030810 con 0x7f39f4108400
2024-09-12T03:12:16.245 INFO:teuthology.orchestra.run.smithi006.stdout:/usr/bin/ceph: stderr
2024-09-12T03:12:15.061+0000 7f39f9254640 1 -- 172.21.15.6:0/3261275967 >> [v2:172.21.15.6:3300/0,v1:172.21.15.6:6789/0] conn(0x7f39f4108400 msgr2=0x7f39f410a7f0 secure :-1 s=STATE_CONNECTION_ESTABLISHED l=1).mark_down
2024-09-12T03:12:16.245 INFO:teuthology.orchestra.run.smithi006.stdout:/usr/bin/ceph: stderr
2024-09-12T03:12:15.061+0000 7f39f9254640 1 --2- 172.21.15.6:0/3261275967 >> [v2:172.21.15.6:3300/0,v1:172.21.15.6:6789/0] conn(0x7f39f4108400 0x7f39f410a7f0 secure :-1 s=READY pgs=57 cs=0 l=1 rev1=1 crypto rx=0x7f39e4009820 tx=0x7f39e402a270 comp rx=0 tx=0).stop
2024-09-12T03:12:16.245 INFO:teuthology.orchestra.run.smithi006.stdout:/usr/bin/ceph: stderr
2024-09-12T03:12:15.061+0000 7f39f9254640 1 -- 172.21.15.6:0/3261275967 shutdown_connections
2024-09-12T03:12:16.245 INFO:teuthology.orchestra.run.smithi006.stdout:/usr/bin/ceph: stderr
2024-09-12T03:12:15.061+0000 7f39f9254640 1 --2- 172.21.15.6:0/3261275967 >> [v2:172.21.15.6:3300/0,v1:172.21.15.6:6789/0] conn(0x7f39f4108400 0x7f39f410a7f0 unknown :-1 s=CLOSED pgs=57 cs=0 l=1 rev1=1 crypto rx=0 tx=0 comp rx=0 tx=0).stop
2024-09-12T03:12:16.245 INFO:teuthology.orchestra.run.smithi006.stdout:/usr/bin/ceph: stderr
2024-09-12T03:12:15.061+0000 7f39f9254640 1 -- 172.21.15.6:0/3261275967 >> 172.21.15.6:0/3261275967 conn(0x7f39f4102000 msgr2=0x7f39f4104460 unknown :-1 s=STATE_NONE l=0).mark_down
2024-09-12T03:12:16.245 INFO:teuthology.orchestra.run.smithi006.stdout:/usr/bin/ceph: stderr
2024-09-12T03:12:15.061+0000 7f39f9254640 1 -- 172.21.15.6:0/3261275967 shutdown_connections
2024-09-12T03:12:16.245 INFO:teuthology.orchestra.run.smithi006.stdout:/usr/bin/ceph: stderr
2024-09-12T03:12:15.061+0000 7f39f9254640 1 -- 172.21.15.6:0/3261275967 wait complete.
2024-09-12T03:12:16.245 INFO:teuthology.orchestra.run.smithi006.stdout:/usr/bin/ceph: stderr
2024-09-12T03:12:15.062+0000 7f39f9254640 1 Processor -- start
2024-09-12T03:12:16.245 INFO:teuthology.orchestra.run.smithi006.stdout:/usr/bin/ceph: stderr
2024-09-12T03:12:15.062+0000 7f39f9254640 1 -- start start
2024-09-12T03:12:16.245 INFO:teuthology.orchestra.run.smithi006.stdout:/usr/bin/ceph: stderr
2024-09-12T03:12:15.062+0000 7f39f9254640 1 --2- >> [v2:172.21.15.6:3300/0,v1:172.21.15.6:6789/0] conn(0x7f39f4108400 0x7f39f419b960 unknown :-1 s=NONE pgs=0 cs=0 l=1 rev1=0 crypto rx=0 tx=0 comp rx=0 tx=0).connect
2024-09-12T03:12:16.246 INFO:teuthology.orchestra.run.smithi006.stdout:/usr/bin/ceph: stderr
2024-09-12T03:12:15.062+0000 7f39f9254640 1 -- --> [v2:172.21.15.6:3300/0,v1:172.21.15.6:6789/0] -- mon_getmap magic: 0 -- 0x7f39f410bdb0 con 0x7f39f4108400
2024-09-12T03:12:16.246 INFO:teuthology.orchestra.run.smithi006.stdout:/usr/bin/ceph: stderr
2024-09-12T03:12:15.062+0000 7f39f2d9d640 1 --2- >> [v2:172.21.15.6:3300/0,v1:172.21.15.6:6789/0] conn(0x7f39f4108400 0x7f39f419b960 unknown :-1 s=BANNER_CONNECTING pgs=0 cs=0 l=1 rev1=0 crypto rx=0 tx=0 comp rx=0 tx=0)._handle_peer_banner_payload supported=3 required=0
2024-09-12T03:12:16.246 INFO:teuthology.orchestra.run.smithi006.stdout:/usr/bin/ceph: stderr
2024-09-12T03:12:15.062+0000 7f39f2d9d640 1 --2- >> [v2:172.21.15.6:3300/0,v1:172.21.15.6:6789/0] conn(0x7f39f4108400 0x7f39f419b960 unknown :-1 s=HELLO_CONNECTING pgs=0 cs=0 l=1 rev1=1 crypto rx=0 tx=0 comp rx=0 tx=0).handle_hello peer v2:172.21.15.6:3300/0 says I am v2:172.21.15.6:54308/0 (socket says 172.21.15.6:54308)
2024-09-12T03:12:16.246 INFO:teuthology.orchestra.run.smithi006.stdout:/usr/bin/ceph: stderr
2024-09-12T03:12:15.062+0000 7f39f2d9d640 1 -- 172.21.15.6:0/3173709644 learned_addr learned my addr 172.21.15.6:0/3173709644 (peer_addr_for_me v2:172.21.15.6:0/0)
2024-09-12T03:12:16.246 INFO:teuthology.orchestra.run.smithi006.stdout:/usr/bin/ceph: stderr
2024-09-12T03:12:15.063+0000 7f39f2d9d640 1 -- 172.21.15.6:0/3173709644 --> [v2:172.21.15.6:3300/0,v1:172.21.15.6:6789/0] -- mon_subscribe({config=0+,monmap=0+}) -- 0x7f39f419bea0 con 0x7f39f4108400
2024-09-12T03:12:16.246 INFO:teuthology.orchestra.run.smithi006.stdout:/usr/bin/ceph: stderr
2024-09-12T03:12:15.063+0000 7f39f2d9d640 1 --2- 172.21.15.6:0/3173709644 >> [v2:172.21.15.6:3300/0,v1:172.21.15.6:6789/0] conn(0x7f39f4108400 0x7f39f419b960 secure :-1 s=READY pgs=58 cs=0 l=1 rev1=1 crypto rx=0x7f39e4030420 tx=0x7f39e4032670 comp rx=0 tx=0).ready entity=mon.0 client_cookie=0 server_cookie=0 in_seq=0 out_seq=0
2024-09-12T03:12:16.246 INFO:teuthology.orchestra.run.smithi006.stdout:/usr/bin/ceph: stderr
2024-09-12T03:12:15.063+0000 7f39f0d99640 1 -- 172.21.15.6:0/3173709644 <== mon.0 v2:172.21.15.6:3300/0 1 ==== mon_map magic: 0 ==== 205+0+0 (secure 0 0 0) 0x7f39e4037040 con 0x7f39f4108400
2024-09-12T03:12:16.246 INFO:teuthology.orchestra.run.smithi006.stdout:/usr/bin/ceph: stderr
2024-09-12T03:12:15.063+0000 7f39f0d99640 1 -- 172.21.15.6:0/3173709644 <== mon.0 v2:172.21.15.6:3300/0 2 ==== config(27 keys) ==== 1140+0+0 (secure 0 0 0) 0x7f39e4040070 con 0x7f39f4108400
2024-09-12T03:12:16.246 INFO:teuthology.orchestra.run.smithi006.stdout:/usr/bin/ceph: stderr
2024-09-12T03:12:15.063+0000 7f39f9254640 1 -- 172.21.15.6:0/3173709644 --> [v2:172.21.15.6:3300/0,v1:172.21.15.6:6789/0] -- mon_subscribe({mgrmap=0+}) -- 0x7f39f419c130 con 0x7f39f4108400
2024-09-12T03:12:16.246 INFO:teuthology.orchestra.run.smithi006.stdout:/usr/bin/ceph: stderr
2024-09-12T03:12:15.063+0000 7f39f0d99640 1 -- 172.21.15.6:0/3173709644 <== mon.0 v2:172.21.15.6:3300/0 3 ==== mon_map magic: 0 ==== 205+0+0 (secure 0 0 0) 0x7f39e403a6e0 con 0x7f39f4108400
2024-09-12T03:12:16.246 INFO:teuthology.orchestra.run.smithi006.stdout:/usr/bin/ceph: stderr
2024-09-12T03:12:15.063+0000 7f39f9254640 1 -- 172.21.15.6:0/3173709644 --> [v2:172.21.15.6:3300/0,v1:172.21.15.6:6789/0] -- mon_subscribe({osdmap=0}) -- 0x7f39f419ee20 con 0x7f39f4108400
2024-09-12T03:12:16.246 INFO:teuthology.orchestra.run.smithi006.stdout:/usr/bin/ceph: stderr
2024-09-12T03:12:15.064+0000 7f39f0d99640 1 -- 172.21.15.6:0/3173709644 <== mon.0 v2:172.21.15.6:3300/0 4 ==== mgrmap(e 9) ==== 46300+0+0 (secure 0 0 0) 0x7f39e403a9e0 con 0x7f39f4108400
2024-09-12T03:12:16.246 INFO:teuthology.orchestra.run.smithi006.stdout:/usr/bin/ceph: stderr
2024-09-12T03:12:15.064+0000 7f39f9254640 1 -- 172.21.15.6:0/3173709644 --> [v2:172.21.15.6:3300/0,v1:172.21.15.6:6789/0] -- mon_command({"prefix": "get_command_descriptions"} v 0) -- 0x7f39f4108860 con 0x7f39f4108400
2024-09-12T03:12:16.246 INFO:teuthology.orchestra.run.smithi006.stdout:/usr/bin/ceph: stderr
2024-09-12T03:12:15.064+0000 7f39f0d99640 1 --2- 172.21.15.6:0/3173709644 >> [v2:172.21.15.6:6800/1684477653,v1:172.21.15.6:6801/1684477653] conn(0x7f39e0038fc0 0x7f39e003b480 unknown :-1 s=NONE pgs=0 cs=0 l=1 rev1=0 crypto rx=0 tx=0 comp rx=0 tx=0).connect
2024-09-12T03:12:16.247 INFO:teuthology.orchestra.run.smithi006.stdout:/usr/bin/ceph: stderr
2024-09-12T03:12:15.065+0000 7f39f0d99640 1 -- 172.21.15.6:0/3173709644 <== mon.0 v2:172.21.15.6:3300/0 5 ==== osd_map(2..2 src has 1..2) ==== 940+0+0 (secure 0 0 0) 0x7f39e406c720 con 0x7f39f4108400
2024-09-12T03:12:16.247 INFO:teuthology.orchestra.run.smithi006.stdout:/usr/bin/ceph: stderr
2024-09-12T03:12:15.065+0000 7f39ebfff640 1 -- 172.21.15.6:0/3173709644 >> [v2:172.21.15.6:6800/1684477653,v1:172.21.15.6:6801/1684477653] conn(0x7f39e0038fc0 msgr2=0x7f39e003b480 unknown :-1 s=STATE_CONNECTING_RE l=1).process reconnect failed to v2:172.21.15.6:6800/1684477653
2024-09-12T03:12:16.247 INFO:teuthology.orchestra.run.smithi006.stdout:/usr/bin/ceph: stderr
2024-09-12T03:12:15.065+0000 7f39ebfff640 1 --2- 172.21.15.6:0/3173709644 >> [v2:172.21.15.6:6800/1684477653,v1:172.21.15.6:6801/1684477653] conn(0x7f39e0038fc0 0x7f39e003b480 unknown :-1 s=START_CONNECT pgs=0 cs=0 l=1 rev1=0 crypto rx=0 tx=0 comp rx=0 tx=0)._fault waiting 0.200000
2024-09-12T03:12:16.247 INFO:teuthology.orchestra.run.smithi006.stdout:/usr/bin/ceph: stderr
2024-09-12T03:12:15.069+0000 7f39f0d99640 1 -- 172.21.15.6:0/3173709644 <== mon.0 v2:172.21.15.6:3300/0 6 ==== mon_command_ack([{"prefix": "get_command_descriptions"}]=0 v0) ==== 72+0+188821 (secure 0 0 0) 0x7f39e4042e10 con 0x7f39f4108400
2024-09-12T03:12:16.247 INFO:teuthology.orchestra.run.smithi006.stdout:/usr/bin/ceph: stderr
2024-09-12T03:12:15.266+0000 7f39ebfff640 1 -- 172.21.15.6:0/3173709644 >> [v2:172.21.15.6:6800/1684477653,v1:172.21.15.6:6801/1684477653] conn(0x7f39e0038fc0 msgr2=0x7f39e003b480 unknown :-1 s=STATE_CONNECTING_RE l=1).process reconnect failed to v2:172.21.15.6:6800/1684477653
2024-09-12T03:12:16.247 INFO:teuthology.orchestra.run.smithi006.stdout:/usr/bin/ceph: stderr
2024-09-12T03:12:15.266+0000 7f39ebfff640 1 --2- 172.21.15.6:0/3173709644 >> [v2:172.21.15.6:6800/1684477653,v1:172.21.15.6:6801/1684477653] conn(0x7f39e0038fc0 0x7f39e003b480 unknown :-1 s=START_CONNECT pgs=0 cs=0 l=1 rev1=0 crypto rx=0 tx=0 comp rx=0 tx=0)._fault waiting 0.400000
2024-09-12T03:12:16.247 INFO:teuthology.orchestra.run.smithi006.stdout:/usr/bin/ceph: stderr
2024-09-12T03:12:15.301+0000 7f39f9254640 1 -- 172.21.15.6:0/3173709644 --> [v2:172.21.15.6:3300/0,v1:172.21.15.6:6789/0] -- mon_command({"prefix": "mgr stat"} v 0) -- 0x7f39f419f410 con 0x7f39f4108400
2024-09-12T03:12:16.247 INFO:teuthology.orchestra.run.smithi006.stdout:/usr/bin/ceph: stderr
2024-09-12T03:12:15.301+0000 7f39f0d99640 1 -- 172.21.15.6:0/3173709644 <== mon.0 v2:172.21.15.6:3300/0 7 ==== mon_command_ack([{"prefix": "mgr stat"}]=0 v9) ==== 56+0+88 (secure 0 0 0) 0x7f39e406c070 con 0x7f39f4108400
2024-09-12T03:12:16.247 INFO:teuthology.orchestra.run.smithi006.stdout:/usr/bin/ceph: stderr
2024-09-12T03:12:15.304+0000 7f39f9254640 1 -- 172.21.15.6:0/3173709644 >> [v2:172.21.15.6:6800/1684477653,v1:172.21.15.6:6801/1684477653] conn(0x7f39e0038fc0 msgr2=0x7f39e003b480 unknown :-1 s=STATE_CONNECTING l=1).mark_down
2024-09-12T03:12:16.247 INFO:teuthology.orchestra.run.smithi006.stdout:/usr/bin/ceph: stderr
2024-09-12T03:12:15.304+0000 7f39f9254640 1 --2- 172.21.15.6:0/3173709644 >> [v2:172.21.15.6:6800/1684477653,v1:172.21.15.6:6801/1684477653] conn(0x7f39e0038fc0 0x7f39e003b480 unknown :-1 s=START_CONNECT pgs=0 cs=0 l=1 rev1=0 crypto rx=0 tx=0 comp rx=0 tx=0).stop
2024-09-12T03:12:16.247 INFO:teuthology.orchestra.run.smithi006.stdout:/usr/bin/ceph: stderr
