2024-09-12T03:16:47.197 INFO:teuthology.orchestra.run.smithi050.stdout:/usr/bin/ceph: stderr
2024-09-12T03:16:42.497+0000 7efdf3e00640 1 -- 172.21.15.50:0/3859451601 >> [v2:172.21.15.50:6800/1939431272,v1:172.21.15.50:6801/1939431272] conn(0x7efde0038f70 msgr2=0x7efde003b430 unknown :-1 s=STATE_CONNECTING_RE l=1).process reconnect failed to v2:172.21.15.50:6800/1939431272
2024-09-12T03:16:47.197 INFO:teuthology.orchestra.run.smithi050.stdout:/usr/bin/ceph: stderr
2024-09-12T03:16:42.497+0000 7efdf3e00640 1 --2- 172.21.15.50:0/3859451601 >> [v2:172.21.15.50:6800/1939431272,v1:172.21.15.50:6801/1939431272] conn(0x7efde0038f70 0x7efde003b430 unknown :-1 s=START_CONNECT pgs=0 cs=0 l=1 rev1=0 crypto rx=0 tx=0 comp rx=0 tx=0)._fault waiting 0.200000
2024-09-12T03:16:47.197 INFO:teuthology.orchestra.run.smithi050.stdout:/usr/bin/ceph: stderr
2024-09-12T03:16:42.698+0000 7efdf3e00640 1 -- 172.21.15.50:0/3859451601 >> [v2:172.21.15.50:6800/1939431272,v1:172.21.15.50:6801/1939431272] conn(0x7efde0038f70 msgr2=0x7efde003b430 unknown :-1 s=STATE_CONNECTING_RE l=1).process reconnect failed to v2:172.21.15.50:6800/1939431272
2024-09-12T03:16:47.197 INFO:teuthology.orchestra.run.smithi050.stdout:/usr/bin/ceph: stderr
2024-09-12T03:16:42.698+0000 7efdf3e00640 1 --2- 172.21.15.50:0/3859451601 >> [v2:172.21.15.50:6800/1939431272,v1:172.21.15.50:6801/1939431272] conn(0x7efde0038f70 0x7efde003b430 unknown :-1 s=START_CONNECT pgs=0 cs=0 l=1 rev1=0 crypto rx=0 tx=0 comp rx=0 tx=0)._fault waiting 0.400000
2024-09-12T03:16:47.197 INFO:teuthology.orchestra.run.smithi050.stdout:/usr/bin/ceph: stderr
2024-09-12T03:16:43.099+0000 7efdf3e00640 1 -- 172.21.15.50:0/3859451601 >> [v2:172.21.15.50:6800/1939431272,v1:172.21.15.50:6801/1939431272] conn(0x7efde0038f70 msgr2=0x7efde003b430 unknown :-1 s=STATE_CONNECTING_RE l=1).process reconnect failed to v2:172.21.15.50:6800/1939431272
2024-09-12T03:16:47.197 INFO:teuthology.orchestra.run.smithi050.stdout:/usr/bin/ceph: stderr
2024-09-12T03:16:43.099+0000 7efdf3e00640 1 --2- 172.21.15.50:0/3859451601 >> [v2:172.21.15.50:6800/1939431272,v1:172.21.15.50:6801/1939431272] conn(0x7efde0038f70 0x7efde003b430 unknown :-1 s=START_CONNECT pgs=0 cs=0 l=1 rev1=0 crypto rx=0 tx=0 comp rx=0 tx=0)._fault waiting 0.800000
2024-09-12T03:16:47.197 INFO:teuthology.orchestra.run.smithi050.stdout:/usr/bin/ceph: stderr
2024-09-12T03:16:43.900+0000 7efdf3e00640 1 -- 172.21.15.50:0/3859451601 >> [v2:172.21.15.50:6800/1939431272,v1:172.21.15.50:6801/1939431272] conn(0x7efde0038f70 msgr2=0x7efde003b430 unknown :-1 s=STATE_CONNECTING_RE l=1).process reconnect failed to v2:172.21.15.50:6800/1939431272
2024-09-12T03:16:47.197 INFO:teuthology.orchestra.run.smithi050.stdout:/usr/bin/ceph: stderr
2024-09-12T03:16:43.900+0000 7efdf3e00640 1 --2- 172.21.15.50:0/3859451601 >> [v2:172.21.15.50:6800/1939431272,v1:172.21.15.50:6801/1939431272] conn(0x7efde0038f70 0x7efde003b430 unknown :-1 s=START_CONNECT pgs=0 cs=0 l=1 rev1=0 crypto rx=0 tx=0 comp rx=0 tx=0)._fault waiting 1.600000
2024-09-12T03:16:47.197 INFO:teuthology.orchestra.run.smithi050.stdout:/usr/bin/ceph: stderr
2024-09-12T03:16:45.500+0000 7efdf3e00640 1 -- 172.21.15.50:0/3859451601 >> [v2:172.21.15.50:6800/1939431272,v1:172.21.15.50:6801/1939431272] conn(0x7efde0038f70 msgr2=0x7efde003b430 unknown :-1 s=STATE_CONNECTING_RE l=1).process reconnect failed to v2:172.21.15.50:6800/1939431272
2024-09-12T03:16:47.197 INFO:teuthology.orchestra.run.smithi050.stdout:/usr/bin/ceph: stderr
2024-09-12T03:16:45.500+0000 7efdf3e00640 1 --2- 172.21.15.50:0/3859451601 >> [v2:172.21.15.50:6800/1939431272,v1:172.21.15.50:6801/1939431272] conn(0x7efde0038f70 0x7efde003b430 unknown :-1 s=START_CONNECT pgs=0 cs=0 l=1 rev1=0 crypto rx=0 tx=0 comp rx=0 tx=0)._fault waiting 3.200000
2024-09-12T03:16:47.197 INFO:teuthology.orchestra.run.smithi050.stdout:/usr/bin/ceph: stderr
2024-09-12T03:16:45.526+0000 7efdf8c00640 1 -- 172.21.15.50:0/3859451601 <== mon.0 v2:172.21.15.50:3300/0 6 ==== mgrmap(e 6) ==== 46054+0+0 (secure 0 0 0) 0x7efdec032900 con 0x7efdfc07de80
2024-09-12T03:16:47.198 INFO:teuthology.orchestra.run.smithi050.stdout:/usr/bin/ceph: stderr
2024-09-12T03:16:45.526+0000 7efdf8c00640 1 -- 172.21.15.50:0/3859451601 >> [v2:172.21.15.50:6800/1939431272,v1:172.21.15.50:6801/1939431272] conn(0x7efde0038f70 msgr2=0x7efde003b430 unknown :-1 s=STATE_CONNECTING l=1).mark_down
2024-09-12T03:16:47.198 INFO:teuthology.orchestra.run.smithi050.stdout:/usr/bin/ceph: stderr
2024-09-12T03:16:45.526+0000 7efdf8c00640 1 --2- 172.21.15.50:0/3859451601 >> [v2:172.21.15.50:6800/1939431272,v1:172.21.15.50:6801/1939431272] conn(0x7efde0038f70 0x7efde003b430 unknown :-1 s=START_CONNECT pgs=0 cs=0 l=1 rev1=0 crypto rx=0 tx=0 comp rx=0 tx=0).stop
2024-09-12T03:16:47.198 INFO:teuthology.orchestra.run.smithi050.stdout:/usr/bin/ceph: stderr
2024-09-12T03:16:46.527+0000 7efdf8c00640 1 -- 172.21.15.50:0/3859451601 <== mon.0 v2:172.21.15.50:3300/0 7 ==== mgrmap(e 7) ==== 46181+0+0 (secure 0 0 0) 0x7efdec05aae0 con 0x7efdfc07de80
2024-09-12T03:16:47.198 INFO:teuthology.orchestra.run.smithi050.stdout:/usr/bin/ceph: stderr
2024-09-12T03:16:46.528+0000 7efdf8c00640 1 --2- 172.21.15.50:0/3859451601 >> [v2:172.21.15.50:6800/2850856182,v1:172.21.15.50:6801/2850856182] conn(0x7efde003c8a0 0x7efde003ec90 unknown :-1 s=NONE pgs=0 cs=0 l=1 rev1=0 crypto rx=0 tx=0 comp rx=0 tx=0).connect
2024-09-12T03:16:47.198 INFO:teuthology.orchestra.run.smithi050.stdout:/usr/bin/ceph: stderr
2024-09-12T03:16:46.528+0000 7efdf8c00640 1 -- 172.21.15.50:0/3859451601 --> [v2:172.21.15.50:6800/2850856182,v1:172.21.15.50:6801/2850856182] -- command(tid 0: {"prefix": "get_command_descriptions"}) -- 0x7efdec0655d0 con 0x7efde003c8a0
2024-09-12T03:16:47.198 INFO:teuthology.orchestra.run.smithi050.stdout:/usr/bin/ceph: stderr
2024-09-12T03:16:46.529+0000 7efdf3e00640 1 --2- 172.21.15.50:0/3859451601 >> [v2:172.21.15.50:6800/2850856182,v1:172.21.15.50:6801/2850856182] conn(0x7efde003c8a0 0x7efde003ec90 unknown :-1 s=BANNER_CONNECTING pgs=0 cs=0 l=1 rev1=0 crypto rx=0 tx=0 comp rx=0 tx=0)._handle_peer_banner_payload supported=3 required=0
2024-09-12T03:16:47.198 INFO:teuthology.orchestra.run.smithi050.stdout:/usr/bin/ceph: stderr
2024-09-12T03:16:46.530+0000 7efdf3e00640 1 --2- 172.21.15.50:0/3859451601 >> [v2:172.21.15.50:6800/2850856182,v1:172.21.15.50:6801/2850856182] conn(0x7efde003c8a0 0x7efde003ec90 secure :-1 s=READY pgs=2 cs=0 l=1 rev1=1 crypto rx=0x7efde4003980 tx=0x7efde4009290 comp rx=0 tx=0).ready entity=mgr.14120 client_cookie=0 server_cookie=0 in_seq=0 out_seq=0
2024-09-12T03:16:47.198 INFO:teuthology.orchestra.run.smithi050.stdout:/usr/bin/ceph: stderr
2024-09-12T03:16:46.531+0000 7efdf8c00640 1 -- 172.21.15.50:0/3859451601 <== mgr.14120 v2:172.21.15.50:6800/2850856182 1 ==== command_reply(tid 0: 0 ) ==== 8+0+9564 (secure 0 0 0) 0x7efdec0655d0 con 0x7efde003c8a0
2024-09-12T03:16:47.198 INFO:teuthology.orchestra.run.smithi050.stdout:/usr/bin/ceph: stderr
2024-09-12T03:16:46.538+0000 7efe02400640 1 -- 172.21.15.50:0/3859451601 --> [v2:172.21.15.50:6800/2850856182,v1:172.21.15.50:6801/2850856182] -- command(tid 1: {"prefix": "mgr_status"}) -- 0x7efdfc07c360 con 0x7efde003c8a0
2024-09-12T03:16:47.198 INFO:teuthology.orchestra.run.smithi050.stdout:/usr/bin/ceph: stderr
2024-09-12T03:16:46.539+0000 7efdf8c00640 1 -- 172.21.15.50:0/3859451601 <== mgr.14120 v2:172.21.15.50:6800/2850856182 2 ==== command_reply(tid 1: 0 ) ==== 8+0+51 (secure 0 0 0) 0x7efdfc07c360 con 0x7efde003c8a0
2024-09-12T03:16:47.198 INFO:teuthology.orchestra.run.smithi050.stdout:/usr/bin/ceph: stderr
2024-09-12T03:16:46.539+0000 7efe02400640 1 -- 172.21.15.50:0/3859451601 >> [v2:172.21.15.50:6800/2850856182,v1:172.21.15.50:6801/2850856182] conn(0x7efde003c8a0 msgr2=0x7efde003ec90 secure :-1 s=STATE_CONNECTION_ESTABLISHED l=1).mark_down
2024-09-12T03:16:47.199 INFO:teuthology.orchestra.run.smithi050.stdout:/usr/bin/ceph: stderr
2024-09-12T03:16:46.539+0000 7efe02400640 1 --2- 172.21.15.50:0/3859451601 >> [v2:172.21.15.50:6800/2850856182,v1:172.21.15.50:6801/2850856182] conn(0x7efde003c8a0 0x7efde003ec90 secure :-1 s=READY pgs=2 cs=0 l=1 rev1=1 crypto rx=0x7efde4003980 tx=0x7efde4009290 comp rx=0 tx=0).stop
2024-09-12T03:16:47.199 INFO:teuthology.orchestra.run.smithi050.stdout:/usr/bin/ceph: stderr
2024-09-12T03:16:46.539+0000 7efe02400640 1 -- 172.21.15.50:0/3859451601 >> [v2:172.21.15.50:3300/0,v1:172.21.15.50:6789/0] conn(0x7efdfc07de80 msgr2=0x7efdfc1a1b90 secure :-1 s=STATE_CONNECTION_ESTABLISHED l=1).mark_down
2024-09-12T03:16:47.199 INFO:teuthology.orchestra.run.smithi050.stdout:/usr/bin/ceph: stderr
2024-09-12T03:16:46.539+0000 7efe02400640 1 --2- 172.21.15.50:0/3859451601 >> [v2:172.21.15.50:3300/0,v1:172.21.15.50:6789/0] conn(0x7efdfc07de80 0x7efdfc1a1b90 secure :-1 s=READY pgs=29 cs=0 l=1 rev1=1 crypto rx=0x7efdec0097f0 tx=0x7efdec030d80 comp rx=0 tx=0).stop
2024-09-12T03:16:47.199 INFO:teuthology.orchestra.run.smithi050.stdout:/usr/bin/ceph: stderr
2024-09-12T03:16:46.540+0000 7efe02400640 1 -- 172.21.15.50:0/3859451601 shutdown_connections
2024-09-12T03:16:47.199 INFO:teuthology.orchestra.run.smithi050.stdout:/usr/bin/ceph: stderr
2024-09-12T03:16:46.540+0000 7efe02400640 1 --2- 172.21.15.50:0/3859451601 >> [v2:172.21.15.50:6800/2850856182,v1:172.21.15.50:6801/2850856182] conn(0x7efde003c8a0 0x7efde003ec90 unknown :-1 s=CLOSED pgs=2 cs=0 l=1 rev1=1 crypto rx=0 tx=0 comp rx=0 tx=0).stop
2024-09-12T03:16:47.199 INFO:teuthology.orchestra.run.smithi050.stdout:/usr/bin/ceph: stderr
2024-09-12T03:16:46.540+0000 7efe02400640 1 --2- 172.21.15.50:0/3859451601 >> [v2:172.21.15.50:6800/1939431272,v1:172.21.15.50:6801/1939431272] conn(0x7efde0038f70 0x7efde003b430 unknown :-1 s=CLOSED pgs=0 cs=0 l=1 rev1=0 crypto rx=0 tx=0 comp rx=0 tx=0).stop
2024-09-12T03:16:47.199 INFO:teuthology.orchestra.run.smithi050.stdout:/usr/bin/ceph: stderr
2024-09-12T03:16:46.540+0000 7efe02400640 1 --2- 172.21.15.50:0/3859451601 >> [v2:172.21.15.50:3300/0,v1:172.21.15.50:6789/0] conn(0x7efdfc07de80 0x7efdfc1a1b90 unknown :-1 s=CLOSED pgs=29 cs=0 l=1 rev1=1 crypto rx=0 tx=0 comp rx=0 tx=0).stop
2024-09-12T03:16:47.199 INFO:teuthology.orchestra.run.smithi050.stdout:/usr/bin/ceph: stderr
2024-09-12T03:16:46.540+0000 7efe02400640 1 -- 172.21.15.50:0/3859451601 >> 172.21.15.50:0/3859451601 conn(0x7efdfc102d00 msgr2=0x7efdfc198840 unknown :-1 s=STATE_NONE l=0).mark_down
2024-09-12T03:16:47.199 INFO:teuthology.orchestra.run.smithi050.stdout:/usr/bin/ceph: stderr
2024-09-12T03:16:46.540+0000 7efe02400640 1 -- 172.21.15.50:0/3859451601 shutdown_connections
2024-09-12T03:16:47.199 INFO:teuthology.orchestra.run.smithi050.stdout:/usr/bin/ceph: stderr
2024-09-12T03:16:46.540+0000 7efe02400640 1 -- 172.21.15.50:0/3859451601 wait complete.
2024-09-12T03:16:47.199 INFO:teuthology.orchestra.run.smithi050.stdout:mgr epoch 5 is available
2024-09-12T03:16:47.199 INFO:teuthology.orchestra.run.smithi050.stdout:Setting orchestrator backend to cephadm...
2024-09-12T03:16:48.495 INFO:journalctl@ceph.mon.a.smithi050.stdout:Sep 12 03:16:48 smithi050 ceph-mon[30378]: from='client.14124 -' entity='client.admin' cmd=[{"prefix": "get_command_descriptions"}]: dispatch
2024-09-12T03:16:48.495 INFO:journalctl@ceph.mon.a.smithi050.stdout:Sep 12 03:16:48 smithi050 ceph-mon[30378]: from='client.14124 -' entity='client.admin' cmd=[{"prefix": "mgr_status"}]: dispatch
2024-09-12T03:16:48.495 INFO:journalctl@ceph.mon.a.smithi050.stdout:Sep 12 03:16:48 smithi050 ceph-mon[30378]: from='mgr.14120 172.21.15.50:0/4162240829' entity='mgr.x'
2024-09-12T03:16:48.495 INFO:journalctl@ceph.mon.a.smithi050.stdout:Sep 12 03:16:48 smithi050 ceph-mon[30378]: from='mgr.14120 172.21.15.50:0/4162240829' entity='mgr.x'
2024-09-12T03:16:48.495 INFO:journalctl@ceph.mon.a.smithi050.stdout:Sep 12 03:16:48 smithi050 ceph-mon[30378]: from='mgr.14120 172.21.15.50:0/4162240829' entity='mgr.x'
2024-09-12T03:16:48.495 INFO:journalctl@ceph.mon.a.smithi050.stdout:Sep 12 03:16:48 smithi050 ceph-mon[30378]: from='mgr.14120 172.21.15.50:0/4162240829' entity='mgr.x' cmd=[{"prefix": "config dump", "format": "json"}]: dispatch
2024-09-12T03:16:48.508 INFO:teuthology.orchestra.run.smithi050.stdout:/usr/bin/ceph: stderr
2024-09-12T03:16:47.651+0000 7f7a90e00640 1 Processor -- start
2024-09-12T03:16:48.508 INFO:teuthology.orchestra.run.smithi050.stdout:/usr/bin/ceph: stderr
2024-09-12T03:16:47.651+0000 7f7a90e00640 1 -- start start
2024-09-12T03:16:48.508 INFO:teuthology.orchestra.run.smithi050.stdout:/usr/bin/ceph: stderr
2024-09-12T03:16:47.651+0000 7f7a90e00640 1 --2- >> [v2:172.21.15.50:3300/0,v1:172.21.15.50:6789/0] conn(0x7f7a8c07cd50 0x7f7a8c07b1b0 unknown :-1 s=NONE pgs=0 cs=0 l=0 rev1=0 crypto rx=0 tx=0 comp rx=0 tx=0).connect
2024-09-12T03:16:48.508 INFO:teuthology.orchestra.run.smithi050.stdout:/usr/bin/ceph: stderr
2024-09-12T03:16:47.651+0000 7f7a90e00640 1 -- --> [v2:172.21.15.50:3300/0,v1:172.21.15.50:6789/0] -- mon_getmap magic: 0 -- 0x7f7a8c07b780 con 0x7f7a8c07cd50
2024-09-12T03:16:48.508 INFO:teuthology.orchestra.run.smithi050.stdout:/usr/bin/ceph: stderr
2024-09-12T03:16:47.651+0000 7f7a8b400640 1 --2- >> [v2:172.21.15.50:3300/0,v1:172.21.15.50:6789/0] conn(0x7f7a8c07cd50 0x7f7a8c07b1b0 unknown :-1 s=BANNER_CONNECTING pgs=0 cs=0 l=0 rev1=0 crypto rx=0 tx=0 comp rx=0 tx=0)._handle_peer_banner_payload supported=3 required=0
2024-09-12T03:16:48.508 INFO:teuthology.orchestra.run.smithi050.stdout:/usr/bin/ceph: stderr
2024-09-12T03:16:47.652+0000 7f7a8b400640 1 --2- >> [v2:172.21.15.50:3300/0,v1:172.21.15.50:6789/0] conn(0x7f7a8c07cd50 0x7f7a8c07b1b0 unknown :-1 s=HELLO_CONNECTING pgs=0 cs=0 l=0 rev1=1 crypto rx=0 tx=0 comp rx=0 tx=0).handle_hello peer v2:172.21.15.50:3300/0 says I am v2:172.21.15.50:35804/0 (socket says 172.21.15.50:35804)
2024-09-12T03:16:48.508 INFO:teuthology.orchestra.run.smithi050.stdout:/usr/bin/ceph: stderr
2024-09-12T03:16:47.652+0000 7f7a8b400640 1 -- 172.21.15.50:0/3122920575 learned_addr learned my addr 172.21.15.50:0/3122920575 (peer_addr_for_me v2:172.21.15.50:0/0)
2024-09-12T03:16:48.509 INFO:teuthology.orchestra.run.smithi050.stdout:/usr/bin/ceph: stderr
2024-09-12T03:16:47.652+0000 7f7a8b400640 1 -- 172.21.15.50:0/3122920575 --> [v2:172.21.15.50:3300/0,v1:172.21.15.50:6789/0] -- mon_subscribe({config=0+,monmap=0+}) -- 0x7f7a8c07b900 con 0x7f7a8c07cd50
2024-09-12T03:16:48.509 INFO:teuthology.orchestra.run.smithi050.stdout:/usr/bin/ceph: stderr
2024-09-12T03:16:47.653+0000 7f7a8b400640 1 --2- 172.21.15.50:0/3122920575 >> [v2:172.21.15.50:3300/0,v1:172.21.15.50:6789/0] conn(0x7f7a8c07cd50 0x7f7a8c07b1b0 secure :-1 s=READY pgs=37 cs=0 l=1 rev1=1 crypto rx=0x7f7a74009820 tx=0x7f7a7402a270 comp rx=0 tx=0).ready entity=mon.0 client_cookie=34d9cb9aba25e551 server_cookie=0 in_seq=0 out_seq=0
2024-09-12T03:16:48.509 INFO:teuthology.orchestra.run.smithi050.stdout:/usr/bin/ceph: stderr
2024-09-12T03:16:47.653+0000 7f7a8a000640 1 -- 172.21.15.50:0/3122920575 <== mon.0 v2:172.21.15.50:3300/0 1 ==== mon_map magic: 0 ==== 205+0+0 (secure 0 0 0) 0x7f7a74037070 con 0x7f7a8c07cd50
2024-09-12T03:16:48.509 INFO:teuthology.orchestra.run.smithi050.stdout:/usr/bin/ceph: stderr
2024-09-12T03:16:47.653+0000 7f7a8a000640 1 -- 172.21.15.50:0/3122920575 <== mon.0 v2:172.21.15.50:3300/0 2 ==== config(27 keys) ==== 1109+0+0 (secure 0 0 0) 0x7f7a74032900 con 0x7f7a8c07cd50
2024-09-12T03:16:48.509 INFO:teuthology.orchestra.run.smithi050.stdout:/usr/bin/ceph: stderr
2024-09-12T03:16:47.653+0000 7f7a8a000640 1 -- 172.21.15.50:0/3122920575 <== mon.0 v2:172.21.15.50:3300/0 3 ==== mon_map magic: 0 ==== 205+0+0 (secure 0 0 0) 0x7f7a74030850 con 0x7f7a8c07cd50
2024-09-12T03:16:48.509 INFO:teuthology.orchestra.run.smithi050.stdout:/usr/bin/ceph: stderr
2024-09-12T03:16:47.654+0000 7f7a90e00640 1 -- 172.21.15.50:0/3122920575 >> [v2:172.21.15.50:3300/0,v1:172.21.15.50:6789/0] conn(0x7f7a8c07cd50 msgr2=0x7f7a8c07b1b0 secure :-1 s=STATE_CONNECTION_ESTABLISHED l=1).mark_down
2024-09-12T03:16:48.509 INFO:teuthology.orchestra.run.smithi050.stdout:/usr/bin/ceph: stderr
2024-09-12T03:16:47.654+0000 7f7a90e00640 1 --2- 172.21.15.50:0/3122920575 >> [v2:172.21.15.50:3300/0,v1:172.21.15.50:6789/0] conn(0x7f7a8c07cd50 0x7f7a8c07b1b0 secure :-1 s=READY pgs=37 cs=0 l=1 rev1=1 crypto rx=0x7f7a74009820 tx=0x7f7a7402a270 comp rx=0 tx=0).stop
2024-09-12T03:16:48.510 INFO:teuthology.orchestra.run.smithi050.stdout:/usr/bin/ceph: stderr
2024-09-12T03:16:47.654+0000 7f7a90e00640 1 -- 172.21.15.50:0/3122920575 shutdown_connections
2024-09-12T03:16:48.510 INFO:teuthology.orchestra.run.smithi050.stdout:/usr/bin/ceph: stderr
2024-09-12T03:16:47.654+0000 7f7a90e00640 1 --2- 172.21.15.50:0/3122920575 >> [v2:172.21.15.50:3300/0,v1:172.21.15.50:6789/0] conn(0x7f7a8c07cd50 0x7f7a8c07b1b0 unknown :-1 s=CLOSED pgs=37 cs=0 l=1 rev1=1 crypto rx=0 tx=0 comp rx=0 tx=0).stop
2024-09-12T03:16:48.510 INFO:teuthology.orchestra.run.smithi050.stdout:/usr/bin/ceph: stderr
2024-09-12T03:16:47.654+0000 7f7a90e00640 1 -- 172.21.15.50:0/3122920575 >> 172.21.15.50:0/3122920575 conn(0x7f7a8c102b90 msgr2=0x7f7a8c104fb0 unknown :-1 s=STATE_NONE l=0).mark_down
2024-09-12T03:16:48.510 INFO:teuthology.orchestra.run.smithi050.stdout:/usr/bin/ceph: stderr
2024-09-12T03:16:47.654+0000 7f7a90e00640 1 -- 172.21.15.50:0/3122920575 shutdown_connections
2024-09-12T03:16:48.510 INFO:teuthology.orchestra.run.smithi050.stdout:/usr/bin/ceph: stderr
2024-09-12T03:16:47.654+0000 7f7a90e00640 1 -- 172.21.15.50:0/3122920575 wait complete.
2024-09-12T03:16:48.510 INFO:teuthology.orchestra.run.smithi050.stdout:/usr/bin/ceph: stderr
2024-09-12T03:16:47.655+0000 7f7a90e00640 1 Processor -- start
2024-09-12T03:16:48.510 INFO:teuthology.orchestra.run.smithi050.stdout:/usr/bin/ceph: stderr
2024-09-12T03:16:47.655+0000 7f7a90e00640 1 -- start start
2024-09-12T03:16:48.510 INFO:teuthology.orchestra.run.smithi050.stdout:/usr/bin/ceph: stderr
2024-09-12T03:16:47.656+0000 7f7a90e00640 1 --2- >> [v2:172.21.15.50:3300/0,v1:172.21.15.50:6789/0] conn(0x7f7a8c07cd50 0x7f7a8c19d5b0 unknown :-1 s=NONE pgs=0 cs=0 l=1 rev1=0 crypto rx=0 tx=0 comp rx=0 tx=0).connect
2024-09-12T03:16:48.510 INFO:teuthology.orchestra.run.smithi050.stdout:/usr/bin/ceph: stderr
2024-09-12T03:16:47.656+0000 7f7a90e00640 1 -- --> [v2:172.21.15.50:3300/0,v1:172.21.15.50:6789/0] -- mon_getmap magic: 0 -- 0x7f7a8c10d9f0 con 0x7f7a8c07cd50
2024-09-12T03:16:48.511 INFO:teuthology.orchestra.run.smithi050.stdout:/usr/bin/ceph: stderr
2024-09-12T03:16:47.656+0000 7f7a8b400640 1 --2- >> [v2:172.21.15.50:3300/0,v1:172.21.15.50:6789/0] conn(0x7f7a8c07cd50 0x7f7a8c19d5b0 unknown :-1 s=BANNER_CONNECTING pgs=0 cs=0 l=1 rev1=0 crypto rx=0 tx=0 comp rx=0 tx=0)._handle_peer_banner_payload supported=3 required=0
2024-09-12T03:16:48.511 INFO:teuthology.orchestra.run.smithi050.stdout:/usr/bin/ceph: stderr
2024-09-12T03:16:47.656+0000 7f7a8b400640 1 --2- >> [v2:172.21.15.50:3300/0,v1:172.21.15.50:6789/0] conn(0x7f7a8c07cd50 0x7f7a8c19d5b0 unknown :-1 s=HELLO_CONNECTING pgs=0 cs=0 l=1 rev1=1 crypto rx=0 tx=0 comp rx=0 tx=0).handle_hello peer v2:172.21.15.50:3300/0 says I am v2:172.21.15.50:35816/0 (socket says 172.21.15.50:35816)
2024-09-12T03:16:48.511 INFO:teuthology.orchestra.run.smithi050.stdout:/usr/bin/ceph: stderr
2024-09-12T03:16:47.656+0000 7f7a8b400640 1 -- 172.21.15.50:0/2041644673 learned_addr learned my addr 172.21.15.50:0/2041644673 (peer_addr_for_me v2:172.21.15.50:0/0)
2024-09-12T03:16:48.511 INFO:teuthology.orchestra.run.smithi050.stdout:/usr/bin/ceph: stderr
2024-09-12T03:16:47.656+0000 7f7a8b400640 1 -- 172.21.15.50:0/2041644673 --> [v2:172.21.15.50:3300/0,v1:172.21.15.50:6789/0] -- mon_subscribe({config=0+,monmap=0+}) -- 0x7f7a8c19daf0 con 0x7f7a8c07cd50
2024-09-12T03:16:48.511 INFO:teuthology.orchestra.run.smithi050.stdout:/usr/bin/ceph: stderr
2024-09-12T03:16:47.656+0000 7f7a8b400640 1 --2- 172.21.15.50:0/2041644673 >> [v2:172.21.15.50:3300/0,v1:172.21.15.50:6789/0] conn(0x7f7a8c07cd50 0x7f7a8c19d5b0 secure :-1 s=READY pgs=38 cs=0 l=1 rev1=1 crypto rx=0x7f7a740097f0 tx=0x7f7a74030d80 comp rx=0 tx=0).ready entity=mon.0 client_cookie=0 server_cookie=0 in_seq=0 out_seq=0
2024-09-12T03:16:48.511 INFO:teuthology.orchestra.run.smithi050.stdout:/usr/bin/ceph: stderr
2024-09-12T03:16:47.657+0000 7f7a83e00640 1 -- 172.21.15.50:0/2041644673 <== mon.0 v2:172.21.15.50:3300/0 1 ==== mon_map magic: 0 ==== 205+0+0 (secure 0 0 0) 0x7f7a74037040 con 0x7f7a8c07cd50
2024-09-12T03:16:48.511 INFO:teuthology.orchestra.run.smithi050.stdout:/usr/bin/ceph: stderr
2024-09-12T03:16:47.657+0000 7f7a83e00640 1 -- 172.21.15.50:0/2041644673 <== mon.0 v2:172.21.15.50:3300/0 2 ==== config(27 keys) ==== 1109+0+0 (secure 0 0 0) 0x7f7a74040070 con 0x7f7a8c07cd50
2024-09-12T03:16:48.511 INFO:teuthology.orchestra.run.smithi050.stdout:/usr/bin/ceph: stderr
2024-09-12T03:16:47.657+0000 7f7a90e00640 1 -- 172.21.15.50:0/2041644673 --> [v2:172.21.15.50:3300/0,v1:172.21.15.50:6789/0] -- mon_subscribe({mgrmap=0+}) -- 0x7f7a8c19dd80 con 0x7f7a8c07cd50
2024-09-12T03:16:48.511 INFO:teuthology.orchestra.run.smithi050.stdout:/usr/bin/ceph: stderr
2024-09-12T03:16:47.657+0000 7f7a83e00640 1 -- 172.21.15.50:0/2041644673 <== mon.0 v2:172.21.15.50:3300/0 3 ==== mon_map magic: 0 ==== 205+0+0 (secure 0 0 0) 0x7f7a7403a390 con 0x7f7a8c07cd50
2024-09-12T03:16:48.512 INFO:teuthology.orchestra.run.smithi050.stdout:/usr/bin/ceph: stderr
2024-09-12T03:16:47.657+0000 7f7a90e00640 1 -- 172.21.15.50:0/2041644673 --> [v2:172.21.15.50:3300/0,v1:172.21.15.50:6789/0] -- mon_subscribe({osdmap=0}) -- 0x7f7a8c1a0a70 con 0x7f7a8c07cd50
2024-09-12T03:16:48.512 INFO:teuthology.orchestra.run.smithi050.stdout:/usr/bin/ceph: stderr
2024-09-12T03:16:47.658+0000 7f7a81600640 1 -- 172.21.15.50:0/2041644673 --> [v2:172.21.15.50:3300/0,v1:172.21.15.50:6789/0] -- mon_command({"prefix": "get_command_descriptions"} v 0) -- 0x7f7a8c07b230 con 0x7f7a8c07cd50
2024-09-12T03:16:48.512 INFO:teuthology.orchestra.run.smithi050.stdout:/usr/bin/ceph: stderr
2024-09-12T03:16:47.658+0000 7f7a83e00640 1 -- 172.21.15.50:0/2041644673 <== mon.0 v2:172.21.15.50:3300/0 4 ==== mgrmap(e 7) ==== 46181+0+0 (secure 0 0 0) 0x7f7a74032ab0 con 0x7f7a8c07cd50
2024-09-12T03:16:48.512 INFO:teuthology.orchestra.run.smithi050.stdout:/usr/bin/ceph: stderr
2024-09-12T03:16:47.659+0000 7f7a83e00640 1 --2- 172.21.15.50:0/2041644673 >> [v2:172.21.15.50:6800/2850856182,v1:172.21.15.50:6801/2850856182] conn(0x7f7a70038e60 0x7f7a7003b320 unknown :-1 s=NONE pgs=0 cs=0 l=1 rev1=0 crypto rx=0 tx=0 comp rx=0 tx=0).connect
2024-09-12T03:16:48.512 INFO:teuthology.orchestra.run.smithi050.stdout:/usr/bin/ceph: stderr
2024-09-12T03:16:47.659+0000 7f7a83e00640 1 -- 172.21.15.50:0/2041644673 <== mon.0 v2:172.21.15.50:3300/0 5 ==== osd_map(2..2 src has 1..2) ==== 940+0+0 (secure 0 0 0) 0x7f7a7406c330 con 0x7f7a8c07cd50
2024-09-12T03:16:48.512 INFO:teuthology.orchestra.run.smithi050.stdout:/usr/bin/ceph: stderr
2024-09-12T03:16:47.659+0000 7f7a8aa00640 1 --2- 172.21.15.50:0/2041644673 >> [v2:172.21.15.50:6800/2850856182,v1:172.21.15.50:6801/2850856182] conn(0x7f7a70038e60 0x7f7a7003b320 unknown :-1 s=BANNER_CONNECTING pgs=0 cs=0 l=1 rev1=0 crypto rx=0 tx=0 comp rx=0 tx=0)._handle_peer_banner_payload supported=3 required=0
2024-09-12T03:16:48.512 INFO:teuthology.orchestra.run.smithi050.stdout:/usr/bin/ceph: stderr
2024-09-12T03:16:47.660+0000 7f7a8aa00640 1 --2- 172.21.15.50:0/2041644673 >> [v2:172.21.15.50:6800/2850856182,v1:172.21.15.50:6801/2850856182] conn(0x7f7a70038e60 0x7f7a7003b320 secure :-1 s=READY pgs=7 cs=0 l=1 rev1=1 crypto rx=0x7f7a7c0098c0 tx=0x7f7a7c006db0 comp rx=0 tx=0).ready entity=mgr.14120 client_cookie=0 server_cookie=0 in_seq=0 out_seq=0
2024-09-12T03:16:48.512 INFO:teuthology.orchestra.run.smithi050.stdout:/usr/bin/ceph: stderr
2024-09-12T03:16:47.664+0000 7f7a83e00640 1 -- 172.21.15.50:0/2041644673 <== mon.0 v2:172.21.15.50:3300/0 6 ==== mon_command_ack([{"prefix": "get_command_descriptions"}]=0 v0) ==== 72+0+188821 (secure 0 0 0) 0x7f7a74043360 con 0x7f7a8c07cd50
2024-09-12T03:16:48.512 INFO:teuthology.orchestra.run.smithi050.stdout:/usr/bin/ceph: stderr
2024-09-12T03:16:47.865+0000 7f7a81600640 1 -- 172.21.15.50:0/2041644673 --> [v2:172.21.15.50:6800/2850856182,v1:172.21.15.50:6801/2850856182] -- mgr_command(tid 0: {"prefix": "orch set backend", "module_name": "cephadm", "target": ["mon-mgr", ""]}) -- 0x7f7a8c062e40 con 0x7f7a70038e60
2024-09-12T03:16:48.512 INFO:teuthology.orchestra.run.smithi050.stdout:/usr/bin/ceph: stderr
2024-09-12T03:16:47.871+0000 7f7a83e00640 1 -- 172.21.15.50:0/2041644673 <== mgr.14120 v2:172.21.15.50:6800/2850856182 1 ==== mgr_command_reply(tid 0: 0 ) ==== 8+0+0 (secure 0 0 0) 0x7f7a8c062e40 con 0x7f7a70038e60
2024-09-12T03:16:48.512 INFO:teuthology.orchestra.run.smithi050.stdout:/usr/bin/ceph: stderr
2024-09-12T03:16:47.874+0000 7f7a81600640 1 -- 172.21.15.50:0/2041644673 >> [v2:172.21.15.50:6800/2850856182,v1:172.21.15.50:6801/2850856182] conn(0x7f7a70038e60 msgr2=0x7f7a7003b320 secure :-1 s=STATE_CONNECTION_ESTABLISHED l=1).mark_down
2024-09-12T03:16:48.512 INFO:teuthology.orchestra.run.smithi050.stdout:/usr/bin/ceph: stderr
2024-09-12T03:16:47.874+0000 7f7a81600640 1 --2- 172.21.15.50:0/2041644673 >> [v2:172.21.15.50:6800/2850856182,v1:172.21.15.50:6801/2850856182] conn(0x7f7a70038e60 0x7f7a7003b320 secure :-1 s=READY pgs=7 cs=0 l=1 rev1=1 crypto rx=0x7f7a7c0098c0 tx=0x7f7a7c006db0 comp rx=0 tx=0).stop
2024-09-12T03:16:48.512 INFO:teuthology.orchestra.run.smithi050.stdout:/usr/bin/ceph: stderr
2024-09-12T03:16:47.874+0000 7f7a81600640 1 -- 172.21.15.50:0/2041644673 >> [v2:172.21.15.50:3300/0,v1:172.21.15.50:6789/0] conn(0x7f7a8c07cd50 msgr2=0x7f7a8c19d5b0 secure :-1 s=STATE_CONNECTION_ESTABLISHED l=1).mark_down
2024-09-12T03:16:48.513 INFO:teuthology.orchestra.run.smithi050.stdout:/usr/bin/ceph: stderr
2024-09-12T03:16:47.874+0000 7f7a81600640 1 --2- 172.21.15.50:0/2041644673 >> [v2:172.21.15.50:3300/0,v1:172.21.15.50:6789/0] conn(0x7f7a8c07cd50 0x7f7a8c19d5b0 secure :-1 s=READY pgs=38 cs=0 l=1 rev1=1 crypto rx=0x7f7a740097f0 tx=0x7f7a74030d80 comp rx=0 tx=0).stop
2024-09-12T03:16:48.513 INFO:teuthology.orchestra.run.smithi050.stdout:/usr/bin/ceph: stderr
2024-09-12T03:16:47.874+0000 7f7a81600640 1 -- 172.21.15.50:0/2041644673 shutdown_connections
2024-09-12T03:16:48.513 INFO:teuthology.orchestra.run.smithi050.stdout:/usr/bin/ceph: stderr
2024-09-12T03:16:47.874+0000 7f7a81600640 1 --2- 172.21.15.50:0/2041644673 >> [v2:172.21.15.50:6800/2850856182,v1:172.21.15.50:6801/2850856182] conn(0x7f7a70038e60 0x7f7a7003b320 unknown :-1 s=CLOSED pgs=7 cs=0 l=1 rev1=1 crypto rx=0 tx=0 comp rx=0 tx=0).stop
2024-09-12T03:16:48.513 INFO:teuthology.orchestra.run.smithi050.stdout:/usr/bin/ceph: stderr
2024-09-12T03:16:47.874+0000 7f7a81600640 1 --2- 172.21.15.50:0/2041644673 >> [v2:172.21.15.50:3300/0,v1:172.21.15.50:6789/0] conn(0x7f7a8c07cd50 0x7f7a8c19d5b0 unknown :-1 s=CLOSED pgs=38 cs=0 l=1 rev1=1 crypto rx=0 tx=0 comp rx=0 tx=0).stop
2024-09-12T03:16:48.513 INFO:teuthology.orchestra.run.smithi050.stdout:/usr/bin/ceph: stderr
2024-09-12T03:16:47.874+0000 7f7a81600640 1 -- 172.21.15.50:0/2041644673 >> 172.21.15.50:0/2041644673 conn(0x7f7a8c102b90 msgr2=0x7f7a8c1036c0 unknown :-1 s=STATE_NONE l=0).mark_down
2024-09-12T03:16:48.513 INFO:teuthology.orchestra.run.smithi050.stdout:/usr/bin/ceph: stderr
2024-09-12T03:16:47.875+0000 7f7a81600640 1 -- 172.21.15.50:0/2041644673 shutdown_connections
2024-09-12T03:16:48.513 INFO:teuthology.orchestra.run.smithi050.stdout:/usr/bin/ceph: stderr
2024-09-12T03:16:47.875+0000 7f7a81600640 1 -- 172.21.15.50:0/2041644673 wait complete.
2024-09-12T03:16:49.015 INFO:journalctl@ceph.mgr.x.smithi050.stdout:Sep 12 03:16:48 smithi050 ceph-389f22da-70b5-11ef-bcea-c7b262605968-mgr-x[30603]:
2024-09-12T03:16:48.823+0000 7f2480600640 -1 log_channel(cephadm) log [ERR] : [12/Sep/2024:03:16:48] ENGINE Error in HTTPServer.serve
2024-09-12T03:16:49.015 INFO:journalctl@ceph.mgr.x.smithi050.stdout:Sep 12 03:16:48 smithi050 ceph-389f22da-70b5-11ef-bcea-c7b262605968-mgr-x[30603]: Traceback (most recent call last):
2024-09-12T03:16:49.015 INFO:journalctl@ceph.mgr.x.smithi050.stdout:Sep 12 03:16:48 smithi050 ceph-389f22da-70b5-11ef-bcea-c7b262605968-mgr-x[30603]: File "/lib/python3.9/site-packages/cheroot/server.py", line 1823, in serve
2024-09-12T03:16:49.015 INFO:journalctl@ceph.mgr.x.smithi050.stdout:Sep 12 03:16:48 smithi050 ceph-389f22da-70b5-11ef-bcea-c7b262605968-mgr-x[30603]: self._connections.run(self.expiration_interval)
2024-09-12T03:16:49.015 INFO:journalctl@ceph.mgr.x.smithi050.stdout:Sep 12 03:16:48 smithi050 ceph-389f22da-70b5-11ef-bcea-c7b262605968-mgr-x[30603]: File "/lib/python3.9/site-packages/cheroot/connections.py", line 203, in run
2024-09-12T03:16:49.015 INFO:journalctl@ceph.mgr.x.smithi050.stdout:Sep 12 03:16:48 smithi050 ceph-389f22da-70b5-11ef-bcea-c7b262605968-mgr-x[30603]: self._run(expiration_interval)
2024-09-12T03:16:49.016 INFO:journalctl@ceph.mgr.x.smithi050.stdout:Sep 12 03:16:48 smithi050 ceph-389f22da-70b5-11ef-bcea-c7b262605968-mgr-x[30603]: File "/lib/python3.9/site-packages/cheroot/connections.py", line 246, in _run
2024-09-12T03:16:49.016 INFO:journalctl@ceph.mgr.x.smithi050.stdout:Sep 12 03:16:48 smithi050 ceph-389f22da-70b5-11ef-bcea-c7b262605968-mgr-x[30603]: new_conn = self._from_server_socket(self.server.socket)
2024-09-12T03:16:49.016 INFO:journalctl@ceph.mgr.x.smithi050.stdout:Sep 12 03:16:48 smithi050 ceph-389f22da-70b5-11ef-bcea-c7b262605968-mgr-x[30603]: File "/lib/python3.9/site-packages/cheroot/connections.py", line 300, in _from_server_socket
2024-09-12T03:16:49.016 INFO:journalctl@ceph.mgr.x.smithi050.stdout:Sep 12 03:16:48 smithi050 ceph-389f22da-70b5-11ef-bcea-c7b262605968-mgr-x[30603]: s, ssl_env = self.server.ssl_adapter.wrap(s)
2024-09-12T03:16:49.016 INFO:journalctl@ceph.mgr.x.smithi050.stdout:Sep 12 03:16:48 smithi050 ceph-389f22da-70b5-11ef-bcea-c7b262605968-mgr-x[30603]: File "/lib/python3.9/site-packages/cheroot/ssl/builtin.py", line 277, in wrap
2024-09-12T03:16:49.016 INFO:journalctl@ceph.mgr.x.smithi050.stdout:Sep 12 03:16:48 smithi050 ceph-389f22da-70b5-11ef-bcea-c7b262605968-mgr-x[30603]: s = self.context.wrap_socket(
2024-09-12T03:16:49.016 INFO:journalctl@ceph.mgr.x.smithi050.stdout:Sep 12 03:16:48 smithi050 ceph-389f22da-70b5-11ef-bcea-c7b262605968-mgr-x[30603]: File "/lib64/python3.9/ssl.py", line 501, in wrap_socket
2024-09-12T03:16:49.016 INFO:journalctl@ceph.mgr.x.smithi050.stdout:Sep 12 03:16:48 smithi050 ceph-389f22da-70b5-11ef-bcea-c7b262605968-mgr-x[30603]: return self.sslsocket_class._create(
2024-09-12T03:16:49.016 INFO:journalctl@ceph.mgr.x.smithi050.stdout:Sep 12 03:16:48 smithi050 ceph-389f22da-70b5-11ef-bcea-c7b262605968-mgr-x[30603]: File "/lib64/python3.9/ssl.py", line 1074, in _create
2024-09-12T03:16:49.016 INFO:journalctl@ceph.mgr.x.smithi050.stdout:Sep 12 03:16:48 smithi050 ceph-389f22da-70b5-11ef-bcea-c7b262605968-mgr-x[30603]: self.do_handshake()
2024-09-12T03:16:49.016 INFO:journalctl@ceph.mgr.x.smithi050.stdout:Sep 12 03:16:48 smithi050 ceph-389f22da-70b5-11ef-bcea-c7b262605968-mgr-x[30603]: File "/lib64/python3.9/ssl.py", line 1343, in do_handshake
2024-09-12T03:16:49.016 INFO:journalctl@ceph.mgr.x.smithi050.stdout:Sep 12 03:16:48 smithi050 ceph-389f22da-70b5-11ef-bcea-c7b262605968-mgr-x[30603]: self._sslobj.do_handshake()
2024-09-12T03:16:49.016 INFO:journalctl@ceph.mgr.x.smithi050.stdout:Sep 12 03:16:48 smithi050 ceph-389f22da-70b5-11ef-bcea-c7b262605968-mgr-x[30603]: ssl.SSLZeroReturnError: TLS/SSL connection has been closed (EOF) (_ssl.c:1133)
2024-09-12T03:16:49.016 INFO:journalctl@ceph.mgr.x.smithi050.stdout:Sep 12 03:16:48 smithi050 ceph-389f22da-70b5-11ef-bcea-c7b262605968-mgr-x[30603]:
2024-09-12T03:16:49.414 INFO:journalctl@ceph.mon.a.smithi050.stdout:Sep 12 03:16:49 smithi050 ceph-mon[30378]: from='client.14132 -' entity='client.admin' cmd=[{"prefix": "orch set backend", "module_name": "cephadm", "target": ["mon-mgr", ""]}]: dispatch
2024-09-12T03:16:49.414 INFO:journalctl@ceph.mon.a.smithi050.stdout:Sep 12 03:16:49 smithi050 ceph-mon[30378]: mgrmap e8: x(active, since 2s)
2024-09-12T03:16:49.414 INFO:journalctl@ceph.mon.a.smithi050.stdout:Sep 12 03:16:49 smithi050 ceph-mon[30378]: from='mgr.14120 172.21.15.50:0/4162240829' entity='mgr.x' cmd=[{"prefix": "config dump", "format": "json"}]: dispatch
2024-09-12T03:16:49.863 INFO:teuthology.orchestra.run.smithi050.stdout:/usr/bin/ceph: stdout value unchanged
2024-09-12T03:16:49.910 INFO:teuthology.orchestra.run.smithi050.stdout:/usr/bin/ceph: stderr
2024-09-12T03:16:49.016+0000 7f9118800640 1 Processor -- start
2024-09-12T03:16:49.910 INFO:teuthology.orchestra.run.smithi050.stdout:/usr/bin/ceph: stderr
2024-09-12T03:16:49.016+0000 7f9118800640 1 -- start start
2024-09-12T03:16:49.910 INFO:teuthology.orchestra.run.smithi050.stdout:/usr/bin/ceph: stderr
2024-09-12T03:16:49.017+0000 7f9118800640 1 --2- >> [v2:172.21.15.50:3300/0,v1:172.21.15.50:6789/0] conn(0x7f9110107550 0x7f9110107950 unknown :-1 s=NONE pgs=0 cs=0 l=0 rev1=0 crypto rx=0 tx=0 comp rx=0 tx=0).connect
2024-09-12T03:16:49.910 INFO:teuthology.orchestra.run.smithi050.stdout:/usr/bin/ceph: stderr
2024-09-12T03:16:49.017+0000 7f9118800640 1 -- --> [v2:172.21.15.50:3300/0,v1:172.21.15.50:6789/0] -- mon_getmap magic: 0 -- 0x7f9110107f20 con 0x7f9110107550
2024-09-12T03:16:49.910 INFO:teuthology.orchestra.run.smithi050.stdout:/usr/bin/ceph: stderr
2024-09-12T03:16:49.017+0000 7f9115e00640 1 --2- >> [v2:172.21.15.50:3300/0,v1:172.21.15.50:6789/0] conn(0x7f9110107550 0x7f9110107950 unknown :-1 s=BANNER_CONNECTING pgs=0 cs=0 l=0 rev1=0 crypto rx=0 tx=0 comp rx=0 tx=0)._handle_peer_banner_payload supported=3 required=0
2024-09-12T03:16:49.911 INFO:teuthology.orchestra.run.smithi050.stdout:/usr/bin/ceph: stderr
2024-09-12T03:16:49.017+0000 7f9115e00640 1 --2- >> [v2:172.21.15.50:3300/0,v1:172.21.15.50:6789/0] conn(0x7f9110107550 0x7f9110107950 unknown :-1 s=HELLO_CONNECTING pgs=0 cs=0 l=0 rev1=1 crypto rx=0 tx=0 comp rx=0 tx=0).handle_hello peer v2:172.21.15.50:3300/0 says I am v2:172.21.15.50:51414/0 (socket says 172.21.15.50:51414)
2024-09-12T03:16:49.911 INFO:teuthology.orchestra.run.smithi050.stdout:/usr/bin/ceph: stderr
2024-09-12T03:16:49.017+0000 7f9115e00640 1 -- 172.21.15.50:0/1753056024 learned_addr learned my addr 172.21.15.50:0/1753056024 (peer_addr_for_me v2:172.21.15.50:0/0)
2024-09-12T03:16:49.911 INFO:teuthology.orchestra.run.smithi050.stdout:/usr/bin/ceph: stderr
2024-09-12T03:16:49.017+0000 7f9115e00640 1 -- 172.21.15.50:0/1753056024 --> [v2:172.21.15.50:3300/0,v1:172.21.15.50:6789/0] -- mon_subscribe({config=0+,monmap=0+}) -- 0x7f9110108750 con 0x7f9110107550
2024-09-12T03:16:49.911 INFO:teuthology.orchestra.run.smithi050.stdout:/usr/bin/ceph: stderr
2024-09-12T03:16:49.019+0000 7f9115e00640 1 --2- 172.21.15.50:0/1753056024 >> [v2:172.21.15.50:3300/0,v1:172.21.15.50:6789/0] conn(0x7f9110107550 0x7f9110107950 secure :-1 s=READY pgs=39 cs=0 l=1 rev1=1 crypto rx=0x7f9104009820 tx=0x7f910402a270 comp rx=0 tx=0).ready entity=mon.0 client_cookie=5275049db7318ada server_cookie=0 in_seq=0 out_seq=0
2024-09-12T03:16:49.911 INFO:teuthology.orchestra.run.smithi050.stdout:/usr/bin/ceph: stderr
2024-09-12T03:16:49.019+0000 7f9114a00640 1 -- 172.21.15.50:0/1753056024 <== mon.0 v2:172.21.15.50:3300/0 1 ==== mon_map magic: 0 ==== 205+0+0 (secure 0 0 0) 0x7f9104037070 con 0x7f9110107550
2024-09-12T03:16:49.911 INFO:teuthology.orchestra.run.smithi050.stdout:/usr/bin/ceph: stderr
2024-09-12T03:16:49.019+0000 7f9114a00640 1 -- 172.21.15.50:0/1753056024 <== mon.0 v2:172.21.15.50:3300/0 2 ==== config(27 keys) ==== 1109+0+0 (secure 0 0 0) 0x7f9104032900 con 0x7f9110107550
2024-09-12T03:16:49.911 INFO:teuthology.orchestra.run.smithi050.stdout:/usr/bin/ceph: stderr
2024-09-12T03:16:49.019+0000 7f9114a00640 1 -- 172.21.15.50:0/1753056024 <== mon.0 v2:172.21.15.50:3300/0 3 ==== mon_map magic: 0 ==== 205+0+0 (secure 0 0 0) 0x7f9104030850 con 0x7f9110107550
2024-09-12T03:16:49.911 INFO:teuthology.orchestra.run.smithi050.stdout:/usr/bin/ceph: stderr
2024-09-12T03:16:49.020+0000 7f9118800640 1 -- 172.21.15.50:0/1753056024 >> [v2:172.21.15.50:3300/0,v1:172.21.15.50:6789/0] conn(0x7f9110107550 msgr2=0x7f9110107950 secure :-1 s=STATE_CONNECTION_ESTABLISHED l=1).mark_down
2024-09-12T03:16:49.911 INFO:teuthology.orchestra.run.smithi050.stdout:/usr/bin/ceph: stderr
2024-09-12T03:16:49.020+0000 7f9118800640 1 --2- 172.21.15.50:0/1753056024 >> [v2:172.21.15.50:3300/0,v1:172.21.15.50:6789/0] conn(0x7f9110107550 0x7f9110107950 secure :-1 s=READY pgs=39 cs=0 l=1 rev1=1 crypto rx=0x7f9104009820 tx=0x7f910402a270 comp rx=0 tx=0).stop
2024-09-12T03:16:49.911 INFO:teuthology.orchestra.run.smithi050.stdout:/usr/bin/ceph: stderr
2024-09-12T03:16:49.020+0000 7f9118800640 1 -- 172.21.15.50:0/1753056024 shutdown_connections
2024-09-12T03:16:49.911 INFO:teuthology.orchestra.run.smithi050.stdout:/usr/bin/ceph: stderr
2024-09-12T03:16:49.020+0000 7f9118800640 1 --2- 172.21.15.50:0/1753056024 >> [v2:172.21.15.50:3300/0,v1:172.21.15.50:6789/0] conn(0x7f9110107550 0x7f9110107950 unknown :-1 s=CLOSED pgs=39 cs=0 l=1 rev1=1 crypto rx=0 tx=0 comp rx=0 tx=0).stop
2024-09-12T03:16:49.911 INFO:teuthology.orchestra.run.smithi050.stdout:/usr/bin/ceph: stderr
2024-09-12T03:16:49.020+0000 7f9118800640 1 -- 172.21.15.50:0/1753056024 >> 172.21.15.50:0/1753056024 conn(0x7f9110102d00 msgr2=0x7f9110105120 unknown :-1 s=STATE_NONE l=0).mark_down
2024-09-12T03:16:49.911 INFO:teuthology.orchestra.run.smithi050.stdout:/usr/bin/ceph: stderr
2024-09-12T03:16:49.020+0000 7f9118800640 1 -- 172.21.15.50:0/1753056024 shutdown_connections
2024-09-12T03:16:49.912 INFO:teuthology.orchestra.run.smithi050.stdout:/usr/bin/ceph: stderr
2024-09-12T03:16:49.020+0000 7f9118800640 1 -- 172.21.15.50:0/1753056024 wait complete.
2024-09-12T03:16:49.912 INFO:teuthology.orchestra.run.smithi050.stdout:/usr/bin/ceph: stderr
2024-09-12T03:16:49.022+0000 7f9118800640 1 Processor -- start
2024-09-12T03:16:49.912 INFO:teuthology.orchestra.run.smithi050.stdout:/usr/bin/ceph: stderr
2024-09-12T03:16:49.022+0000 7f9118800640 1 -- start start
2024-09-12T03:16:49.912 INFO:teuthology.orchestra.run.smithi050.stdout:/usr/bin/ceph: stderr
2024-09-12T03:16:49.022+0000 7f9118800640 1 --2- >> [v2:172.21.15.50:3300/0,v1:172.21.15.50:6789/0] conn(0x7f9110107550 0x7f911007db10 unknown :-1 s=NONE pgs=0 cs=0 l=1 rev1=0 crypto rx=0 tx=0 comp rx=0 tx=0).connect
2024-09-12T03:16:49.912 INFO:teuthology.orchestra.run.smithi050.stdout:/usr/bin/ceph: stderr
2024-09-12T03:16:49.022+0000 7f9118800640 1 -- --> [v2:172.21.15.50:3300/0,v1:172.21.15.50:6789/0] -- mon_getmap magic: 0 -- 0x7f911010bb00 con 0x7f9110107550
2024-09-12T03:16:49.912 INFO:teuthology.orchestra.run.smithi050.stdout:/usr/bin/ceph: stderr
2024-09-12T03:16:49.022+0000 7f9115e00640 1 --2- >> [v2:172.21.15.50:3300/0,v1:172.21.15.50:6789/0] conn(0x7f9110107550 0x7f911007db10 unknown :-1 s=BANNER_CONNECTING pgs=0 cs=0 l=1 rev1=0 crypto rx=0 tx=0 comp rx=0 tx=0)._handle_peer_banner_payload supported=3 required=0
2024-09-12T03:16:49.912 INFO:teuthology.orchestra.run.smithi050.stdout:/usr/bin/ceph: stderr
2024-09-12T03:16:49.022+0000 7f9115e00640 1 --2- >> [v2:172.21.15.50:3300/0,v1:172.21.15.50:6789/0] conn(0x7f9110107550 0x7f911007db10 unknown :-1 s=HELLO_CONNECTING pgs=0 cs=0 l=1 rev1=1 crypto rx=0 tx=0 comp rx=0 tx=0).handle_hello peer v2:172.21.15.50:3300/0 says I am v2:172.21.15.50:51416/0 (socket says 172.21.15.50:51416)
2024-09-12T03:16:49.912 INFO:teuthology.orchestra.run.smithi050.stdout:/usr/bin/ceph: stderr
2024-09-12T03:16:49.022+0000 7f9115e00640 1 -- 172.21.15.50:0/2854549649 learned_addr learned my addr 172.21.15.50:0/2854549649 (peer_addr_for_me v2:172.21.15.50:0/0)
2024-09-12T03:16:49.912 INFO:teuthology.orchestra.run.smithi050.stdout:/usr/bin/ceph: stderr
2024-09-12T03:16:49.023+0000 7f9115e00640 1 -- 172.21.15.50:0/2854549649 --> [v2:172.21.15.50:3300/0,v1:172.21.15.50:6789/0] -- mon_subscribe({config=0+,monmap=0+}) -- 0x7f911007e050 con 0x7f9110107550
2024-09-12T03:16:49.912 INFO:teuthology.orchestra.run.smithi050.stdout:/usr/bin/ceph: stderr
2024-09-12T03:16:49.023+0000 7f9115e00640 1 --2- 172.21.15.50:0/2854549649 >> [v2:172.21.15.50:3300/0,v1:172.21.15.50:6789/0] conn(0x7f9110107550 0x7f911007db10 secure :-1 s=READY pgs=40 cs=0 l=1 rev1=1 crypto rx=0x7f91040097f0 tx=0x7f9104030d80 comp rx=0 tx=0).ready entity=mon.0 client_cookie=0 server_cookie=0 in_seq=0 out_seq=0
2024-09-12T03:16:49.912 INFO:teuthology.orchestra.run.smithi050.stdout:/usr/bin/ceph: stderr
2024-09-12T03:16:49.023+0000 7f910aa00640 1 -- 172.21.15.50:0/2854549649 <== mon.0 v2:172.21.15.50:3300/0 1 ==== mon_map magic: 0 ==== 205+0+0 (secure 0 0 0) 0x7f9104037040 con 0x7f9110107550
2024-09-12T03:16:49.912 INFO:teuthology.orchestra.run.smithi050.stdout:/usr/bin/ceph: stderr
2024-09-12T03:16:49.023+0000 7f910aa00640 1 -- 172.21.15.50:0/2854549649 <== mon.0 v2:172.21.15.50:3300/0 2 ==== config(27 keys) ==== 1109+0+0 (secure 0 0 0) 0x7f9104040070 con 0x7f9110107550
2024-09-12T03:16:49.913 INFO:teuthology.orchestra.run.smithi050.stdout:/usr/bin/ceph: stderr
2024-09-12T03:16:49.023+0000 7f9118800640 1 -- 172.21.15.50:0/2854549649 --> [v2:172.21.15.50:3300/0,v1:172.21.15.50:6789/0] -- mon_subscribe({mgrmap=0+}) -- 0x7f911007c240 con 0x7f9110107550
2024-09-12T03:16:49.913 INFO:teuthology.orchestra.run.smithi050.stdout:/usr/bin/ceph: stderr
2024-09-12T03:16:49.023+0000 7f910aa00640 1 -- 172.21.15.50:0/2854549649 <== mon.0 v2:172.21.15.50:3300/0 3 ==== mon_map magic: 0 ==== 205+0+0 (secure 0 0 0) 0x7f910403a390 con 0x7f9110107550
2024-09-12T03:16:49.913 INFO:teuthology.orchestra.run.smithi050.stdout:/usr/bin/ceph: stderr
2024-09-12T03:16:49.024+0000 7f9118800640 1 -- 172.21.15.50:0/2854549649 --> [v2:172.21.15.50:3300/0,v1:172.21.15.50:6789/0] -- mon_subscribe({osdmap=0}) -- 0x7f911007c720 con 0x7f9110107550
2024-09-12T03:16:49.913 INFO:teuthology.orchestra.run.smithi050.stdout:/usr/bin/ceph: stderr
2024-09-12T03:16:49.025+0000 7f910aa00640 1 -- 172.21.15.50:0/2854549649 <== mon.0 v2:172.21.15.50:3300/0 4 ==== mgrmap(e 8) ==== 46287+0+0 (secure 0 0 0) 0x7f9104032900 con 0x7f9110107550
2024-09-12T03:16:49.913 INFO:teuthology.orchestra.run.smithi050.stdout:/usr/bin/ceph: stderr
2024-09-12T03:16:49.025+0000 7f9118800640 1 -- 172.21.15.50:0/2854549649 --> [v2:172.21.15.50:3300/0,v1:172.21.15.50:6789/0] -- mon_command({"prefix": "get_command_descriptions"} v 0) -- 0x7f91101079d0 con 0x7f9110107550
2024-09-12T03:16:49.913 INFO:teuthology.orchestra.run.smithi050.stdout:/usr/bin/ceph: stderr
2024-09-12T03:16:49.025+0000 7f910aa00640 1 --2- 172.21.15.50:0/2854549649 >> [v2:172.21.15.50:6800/2850856182,v1:172.21.15.50:6801/2850856182] conn(0x7f90f8038fc0 0x7f90f803b480 unknown :-1 s=NONE pgs=0 cs=0 l=1 rev1=0 crypto rx=0 tx=0 comp rx=0 tx=0).connect
2024-09-12T03:16:49.913 INFO:teuthology.orchestra.run.smithi050.stdout:/usr/bin/ceph: stderr
2024-09-12T03:16:49.025+0000 7f910aa00640 1 -- 172.21.15.50:0/2854549649 <== mon.0 v2:172.21.15.50:3300/0 5 ==== osd_map(2..2 src has 1..2) ==== 940+0+0 (secure 0 0 0) 0x7f910406c4b0 con 0x7f9110107550
2024-09-12T03:16:49.913 INFO:teuthology.orchestra.run.smithi050.stdout:/usr/bin/ceph: stderr
2024-09-12T03:16:49.026+0000 7f9115400640 1 --2- 172.21.15.50:0/2854549649 >> [v2:172.21.15.50:6800/2850856182,v1:172.21.15.50:6801/2850856182] conn(0x7f90f8038fc0 0x7f90f803b480 unknown :-1 s=BANNER_CONNECTING pgs=0 cs=0 l=1 rev1=0 crypto rx=0 tx=0 comp rx=0 tx=0)._handle_peer_banner_payload supported=3 required=0
2024-09-12T03:16:49.913 INFO:teuthology.orchestra.run.smithi050.stdout:/usr/bin/ceph: stderr
2024-09-12T03:16:49.026+0000 7f9115400640 1 --2- 172.21.15.50:0/2854549649 >> [v2:172.21.15.50:6800/2850856182,v1:172.21.15.50:6801/2850856182] conn(0x7f90f8038fc0 0x7f90f803b480 secure :-1 s=READY pgs=8 cs=0 l=1 rev1=1 crypto rx=0x7f91000098c0 tx=0x7f9100006db0 comp rx=0 tx=0).ready entity=mgr.14120 client_cookie=0 server_cookie=0 in_seq=0 out_seq=0
2024-09-12T03:16:49.913 INFO:teuthology.orchestra.run.smithi050.stdout:/usr/bin/ceph: stderr
2024-09-12T03:16:49.031+0000 7f910aa00640 1 -- 172.21.15.50:0/2854549649 <== mon.0 v2:172.21.15.50:3300/0 6 ==== mon_command_ack([{"prefix": "get_command_descriptions"}]=0 v0) ==== 72+0+188821 (secure 0 0 0) 0x7f9104042310 con 0x7f9110107550
2024-09-12T03:16:49.913 INFO:teuthology.orchestra.run.smithi050.stdout:/usr/bin/ceph: stderr
2024-09-12T03:16:49.218+0000 7f9118800640 1 -- 172.21.15.50:0/2854549649 --> [v2:172.21.15.50:6800/2850856182,v1:172.21.15.50:6801/2850856182] -- mgr_command(tid 0: {"prefix": "cephadm set-user", "user": "root", "target": ["mon-mgr", ""]}) -- 0x7f9110103fc0 con 0x7f90f8038fc0
2024-09-12T03:16:49.913 INFO:teuthology.orchestra.run.smithi050.stdout:/usr/bin/ceph: stderr
2024-09-12T03:16:49.219+0000 7f910aa00640 1 -- 172.21.15.50:0/2854549649 <== mgr.14120 v2:172.21.15.50:6800/2850856182 1 ==== mgr_command_reply(tid 0: 0 ) ==== 8+0+16 (secure 0 0 0) 0x7f9110103fc0 con 0x7f90f8038fc0
2024-09-12T03:16:49.913 INFO:teuthology.orchestra.run.smithi050.stdout:/usr/bin/ceph: stderr
2024-09-12T03:16:49.221+0000 7f9118800640 1 -- 172.21.15.50:0/2854549649 >> [v2:172.21.15.50:6800/2850856182,v1:172.21.15.50:6801/2850856182] conn(0x7f90f8038fc0 msgr2=0x7f90f803b480 secure :-1 s=STATE_CONNECTION_ESTABLISHED l=1).mark_down
2024-09-12T03:16:49.914 INFO:teuthology.orchestra.run.smithi050.stdout:/usr/bin/ceph: stderr
2024-09-12T03:16:49.221+0000 7f9118800640 1 --2- 172.21.15.50:0/2854549649 >> [v2:172.21.15.50:6800/2850856182,v1:172.21.15.50:6801/2850856182] conn(0x7f90f8038fc0 0x7f90f803b480 secure :-1 s=READY pgs=8 cs=0 l=1 rev1=1 crypto rx=0x7f91000098c0 tx=0x7f9100006db0 comp rx=0 tx=0).stop
2024-09-12T03:16:49.914 INFO:teuthology.orchestra.run.smithi050.stdout:/usr/bin/ceph: stderr
2024-09-12T03:16:49.221+0000 7f9118800640 1 -- 172.21.15.50:0/2854549649 >> [v2:172.21.15.50:3300/0,v1:172.21.15.50:6789/0] conn(0x7f9110107550 msgr2=0x7f911007db10 secure :-1 s=STATE_CONNECTION_ESTABLISHED l=1).mark_down
2024-09-12T03:16:49.914 INFO:teuthology.orchestra.run.smithi050.stdout:/usr/bin/ceph: stderr
2024-09-12T03:16:49.221+0000 7f9118800640 1 --2- 172.21.15.50:0/2854549649 >> [v2:172.21.15.50:3300/0,v1:172.21.15.50:6789/0] conn(0x7f9110107550 0x7f911007db10 secure :-1 s=READY pgs=40 cs=0 l=1 rev1=1 crypto rx=0x7f91040097f0 tx=0x7f9104030d80 comp rx=0 tx=0).stop
2024-09-12T03:16:49.914 INFO:teuthology.orchestra.run.smithi050.stdout:/usr/bin/ceph: stderr
2024-09-12T03:16:49.221+0000 7f9118800640 1 -- 172.21.15.50:0/2854549649 shutdown_connections
2024-09-12T03:16:49.914 INFO:teuthology.orchestra.run.smithi050.stdout:/usr/bin/ceph: stderr
2024-09-12T03:16:49.221+0000 7f9118800640 1 --2- 172.21.15.50:0/2854549649 >> [v2:172.21.15.50:6800/2850856182,v1:172.21.15.50:6801/2850856182] conn(0x7f90f8038fc0 0x7f90f803b480 unknown :-1 s=CLOSED pgs=8 cs=0 l=1 rev1=1 crypto rx=0 tx=0 comp rx=0 tx=0).stop
2024-09-12T03:16:49.914 INFO:teuthology.orchestra.run.smithi050.stdout:/usr/bin/ceph: stderr
2024-09-12T03:16:49.221+0000 7f9118800640 1 --2- 172.21.15.50:0/2854549649 >> [v2:172.21.15.50:3300/0,v1:172.21.15.50:6789/0] conn(0x7f9110107550 0x7f911007db10 unknown :-1 s=CLOSED pgs=40 cs=0 l=1 rev1=1 crypto rx=0 tx=0 comp rx=0 tx=0).stop
2024-09-12T03:16:49.914 INFO:teuthology.orchestra.run.smithi050.stdout:/usr/bin/ceph: stderr
2024-09-12T03:16:49.221+0000 7f9118800640 1 -- 172.21.15.50:0/2854549649 >> 172.21.15.50:0/2854549649 conn(0x7f9110102d00 msgr2=0x7f91101038b0 unknown :-1 s=STATE_NONE l=0).mark_down
2024-09-12T03:16:49.914 INFO:teuthology.orchestra.run.smithi050.stdout:/usr/bin/ceph: stderr
2024-09-12T03:16:49.222+0000 7f9118800640 1 -- 172.21.15.50:0/2854549649 shutdown_connections
2024-09-12T03:16:49.914 INFO:teuthology.orchestra.run.smithi050.stdout:/usr/bin/ceph: stderr
2024-09-12T03:16:49.222+0000 7f9118800640 1 -- 172.21.15.50:0/2854549649 wait complete.
2024-09-12T03:16:49.914 INFO:teuthology.orchestra.run.smithi050.stdout:Generating ssh key...
2024-09-12T03:16:50.414 INFO:journalctl@ceph.mon.a.smithi050.stdout:Sep 12 03:16:50 smithi050 ceph-mon[30378]: [12/Sep/2024:03:16:48] ENGINE Bus STARTING
2024-09-12T03:16:50.414 INFO:journalctl@ceph.mon.a.smithi050.stdout:Sep 12 03:16:50 smithi050 ceph-mon[30378]: [12/Sep/2024:03:16:48] ENGINE Serving on https://172.21.15.50:7150
2024-09-12T03:16:50.415 INFO:journalctl@ceph.mon.a.smithi050.stdout:Sep 12 03:16:50 smithi050 ceph-mon[30378]: [12/Sep/2024:03:16:48] ENGINE Error in HTTPServer.serve
2024-09-12T03:16:50.415 INFO:journalctl@ceph.mon.a.smithi050.stdout: Traceback (most recent call last):
2024-09-12T03:16:50.415 INFO:journalctl@ceph.mon.a.smithi050.stdout: File "/lib/python3.9/site-packages/cheroot/server.py", line 1823, in serve
2024-09-12T03:16:50.415 INFO:journalctl@ceph.mon.a.smithi050.stdout: self._connections.run(self.expiration_interval)
2024-09-12T03:16:50.415 INFO:journalctl@ceph.mon.a.smithi050.stdout: File "/lib/python3.9/site-packages/cheroot/connections.py", line 203, in run
2024-09-12T03:16:50.415 INFO:journalctl@ceph.mon.a.smithi050.stdout: self._run(expiration_interval)
2024-09-12T03:16:50.415 INFO:journalctl@ceph.mon.a.smithi050.stdout: File "/lib/python3.9/site-packages/cheroot/connections.py", line 246, in _run
2024-09-12T03:16:50.415 INFO:journalctl@ceph.mon.a.smithi050.stdout: new_conn = self._from_server_socket(self.server.socket)
2024-09-12T03:16:50.415 INFO:journalctl@ceph.mon.a.smithi050.stdout: File "/lib/python3.9/site-packages/cheroot/connections.py", line 300, in _from_server_socket
2024-09-12T03:16:50.415 INFO:journalctl@ceph.mon.a.smithi050.stdout: s, ssl_env = self.server.ssl_adapter.wrap(s)
2024-09-12T03:16:50.416 INFO:journalctl@ceph.mon.a.smithi050.stdout: File "/lib/python3.9/site-packages/cheroot/ssl/builtin.py", line 277, in wrap
2024-09-12T03:16:50.416 INFO:journalctl@ceph.mon.a.smithi050.stdout: s = self.context.wrap_socket(
2024-09-12T03:16:50.416 INFO:journalctl@ceph.mon.a.smithi050.stdout: File "/lib64/python3.9/ssl.py", line 501, in wrap_socket
