2024-09-12T03:16:57.963+0000 7fb65d600640 1 -- 172.21.15.50:0/798484479 <== mgr.14120 v2:172.21.15.50:6800/2850856182 1 ==== mgr_command_reply(tid 0: 0 ) ==== 8+0+48 (secure 0 0 0) 0x7fb660104000 con 0x7fb648038f70
2024-09-12T03:16:58.620 INFO:teuthology.orchestra.run.smithi050.stdout:/usr/bin/ceph: stderr
2024-09-12T03:16:57.966+0000 7fb667a00640 1 -- 172.21.15.50:0/798484479 >> [v2:172.21.15.50:6800/2850856182,v1:172.21.15.50:6801/2850856182] conn(0x7fb648038f70 msgr2=0x7fb64803b430 secure :-1 s=STATE_CONNECTION_ESTABLISHED l=1).mark_down
2024-09-12T03:16:58.621 INFO:teuthology.orchestra.run.smithi050.stdout:/usr/bin/ceph: stderr
2024-09-12T03:16:57.966+0000 7fb667a00640 1 --2- 172.21.15.50:0/798484479 >> [v2:172.21.15.50:6800/2850856182,v1:172.21.15.50:6801/2850856182] conn(0x7fb648038f70 0x7fb64803b430 secure :-1 s=READY pgs=11 cs=0 l=1 rev1=1 crypto rx=0x7fb64c0098c0 tx=0x7fb64c006db0 comp rx=0 tx=0).stop
2024-09-12T03:16:58.621 INFO:teuthology.orchestra.run.smithi050.stdout:/usr/bin/ceph: stderr
2024-09-12T03:16:57.966+0000 7fb667a00640 1 -- 172.21.15.50:0/798484479 >> [v2:172.21.15.50:3300/0,v1:172.21.15.50:6789/0] conn(0x7fb660107530 msgr2=0x7fb66019b580 secure :-1 s=STATE_CONNECTION_ESTABLISHED l=1).mark_down
2024-09-12T03:16:58.621 INFO:teuthology.orchestra.run.smithi050.stdout:/usr/bin/ceph: stderr
2024-09-12T03:16:57.966+0000 7fb667a00640 1 --2- 172.21.15.50:0/798484479 >> [v2:172.21.15.50:3300/0,v1:172.21.15.50:6789/0] conn(0x7fb660107530 0x7fb66019b580 secure :-1 s=READY pgs=46 cs=0 l=1 rev1=1 crypto rx=0x7fb654009940 tx=0x7fb654032ce0 comp rx=0 tx=0).stop
2024-09-12T03:16:58.621 INFO:teuthology.orchestra.run.smithi050.stdout:/usr/bin/ceph: stderr
2024-09-12T03:16:57.966+0000 7fb667a00640 1 -- 172.21.15.50:0/798484479 shutdown_connections
2024-09-12T03:16:58.621 INFO:teuthology.orchestra.run.smithi050.stdout:/usr/bin/ceph: stderr
2024-09-12T03:16:57.966+0000 7fb667a00640 1 --2- 172.21.15.50:0/798484479 >> [v2:172.21.15.50:6800/2850856182,v1:172.21.15.50:6801/2850856182] conn(0x7fb648038f70 0x7fb64803b430 unknown :-1 s=CLOSED pgs=11 cs=0 l=1 rev1=1 crypto rx=0 tx=0 comp rx=0 tx=0).stop
2024-09-12T03:16:58.621 INFO:teuthology.orchestra.run.smithi050.stdout:/usr/bin/ceph: stderr
2024-09-12T03:16:57.966+0000 7fb667a00640 1 --2- 172.21.15.50:0/798484479 >> [v2:172.21.15.50:3300/0,v1:172.21.15.50:6789/0] conn(0x7fb660107530 0x7fb66019b580 unknown :-1 s=CLOSED pgs=46 cs=0 l=1 rev1=1 crypto rx=0 tx=0 comp rx=0 tx=0).stop
2024-09-12T03:16:58.621 INFO:teuthology.orchestra.run.smithi050.stdout:/usr/bin/ceph: stderr
2024-09-12T03:16:57.966+0000 7fb667a00640 1 -- 172.21.15.50:0/798484479 >> 172.21.15.50:0/798484479 conn(0x7fb660102cc0 msgr2=0x7fb6601038f0 unknown :-1 s=STATE_NONE l=0).mark_down
2024-09-12T03:16:58.621 INFO:teuthology.orchestra.run.smithi050.stdout:/usr/bin/ceph: stderr
2024-09-12T03:16:57.966+0000 7fb667a00640 1 -- 172.21.15.50:0/798484479 shutdown_connections
2024-09-12T03:16:58.621 INFO:teuthology.orchestra.run.smithi050.stdout:/usr/bin/ceph: stderr
2024-09-12T03:16:57.966+0000 7fb667a00640 1 -- 172.21.15.50:0/798484479 wait complete.
2024-09-12T03:16:58.621 INFO:teuthology.orchestra.run.smithi050.stdout:Deploying unmanaged mon service...
2024-09-12T03:16:59.164 INFO:journalctl@ceph.mon.a.smithi050.stdout:Sep 12 03:16:58 smithi050 ceph-mon[30378]: from='mgr.14120 172.21.15.50:0/4162240829' entity='mgr.x'
2024-09-12T03:16:59.164 INFO:journalctl@ceph.mon.a.smithi050.stdout:Sep 12 03:16:58 smithi050 ceph-mon[30378]: Added host smithi050
2024-09-12T03:16:59.164 INFO:journalctl@ceph.mon.a.smithi050.stdout:Sep 12 03:16:58 smithi050 ceph-mon[30378]: from='mgr.14120 172.21.15.50:0/4162240829' entity='mgr.x' cmd=[{"prefix": "config dump", "format": "json"}]: dispatch
2024-09-12T03:17:00.021 INFO:teuthology.orchestra.run.smithi050.stdout:/usr/bin/ceph: stdout Scheduled mon update...
2024-09-12T03:17:00.021 INFO:teuthology.orchestra.run.smithi050.stdout:/usr/bin/ceph: stderr
2024-09-12T03:16:59.187+0000 7fc645000640 1 Processor -- start
2024-09-12T03:17:00.021 INFO:teuthology.orchestra.run.smithi050.stdout:/usr/bin/ceph: stderr
2024-09-12T03:16:59.187+0000 7fc645000640 1 -- start start
2024-09-12T03:17:00.021 INFO:teuthology.orchestra.run.smithi050.stdout:/usr/bin/ceph: stderr
2024-09-12T03:16:59.188+0000 7fc645000640 1 --2- >> [v2:172.21.15.50:3300/0,v1:172.21.15.50:6789/0] conn(0x7fc64007de40 0x7fc64007c2a0 unknown :-1 s=NONE pgs=0 cs=0 l=0 rev1=0 crypto rx=0 tx=0 comp rx=0 tx=0).connect
2024-09-12T03:17:00.021 INFO:teuthology.orchestra.run.smithi050.stdout:/usr/bin/ceph: stderr
2024-09-12T03:16:59.188+0000 7fc645000640 1 -- --> [v2:172.21.15.50:3300/0,v1:172.21.15.50:6789/0] -- mon_getmap magic: 0 -- 0x7fc64007c870 con 0x7fc64007de40
2024-09-12T03:17:00.022 INFO:teuthology.orchestra.run.smithi050.stdout:/usr/bin/ceph: stderr
2024-09-12T03:16:59.188+0000 7fc63de00640 1 --2- >> [v2:172.21.15.50:3300/0,v1:172.21.15.50:6789/0] conn(0x7fc64007de40 0x7fc64007c2a0 unknown :-1 s=BANNER_CONNECTING pgs=0 cs=0 l=0 rev1=0 crypto rx=0 tx=0 comp rx=0 tx=0)._handle_peer_banner_payload supported=3 required=0
2024-09-12T03:17:00.022 INFO:teuthology.orchestra.run.smithi050.stdout:/usr/bin/ceph: stderr
2024-09-12T03:16:59.188+0000 7fc63de00640 1 --2- >> [v2:172.21.15.50:3300/0,v1:172.21.15.50:6789/0] conn(0x7fc64007de40 0x7fc64007c2a0 unknown :-1 s=HELLO_CONNECTING pgs=0 cs=0 l=0 rev1=1 crypto rx=0 tx=0 comp rx=0 tx=0).handle_hello peer v2:172.21.15.50:3300/0 says I am v2:172.21.15.50:37428/0 (socket says 172.21.15.50:37428)
2024-09-12T03:17:00.022 INFO:teuthology.orchestra.run.smithi050.stdout:/usr/bin/ceph: stderr
2024-09-12T03:16:59.188+0000 7fc63de00640 1 -- 172.21.15.50:0/1144702961 learned_addr learned my addr 172.21.15.50:0/1144702961 (peer_addr_for_me v2:172.21.15.50:0/0)
2024-09-12T03:17:00.022 INFO:teuthology.orchestra.run.smithi050.stdout:/usr/bin/ceph: stderr
2024-09-12T03:16:59.188+0000 7fc63de00640 1 -- 172.21.15.50:0/1144702961 --> [v2:172.21.15.50:3300/0,v1:172.21.15.50:6789/0] -- mon_subscribe({config=0+,monmap=0+}) -- 0x7fc64007c9f0 con 0x7fc64007de40
2024-09-12T03:17:00.026 INFO:teuthology.orchestra.run.smithi050.stdout:/usr/bin/ceph: stderr
2024-09-12T03:16:59.189+0000 7fc63de00640 1 --2- 172.21.15.50:0/1144702961 >> [v2:172.21.15.50:3300/0,v1:172.21.15.50:6789/0] conn(0x7fc64007de40 0x7fc64007c2a0 secure :-1 s=READY pgs=47 cs=0 l=1 rev1=1 crypto rx=0x7fc630009820 tx=0x7fc63002a270 comp rx=0 tx=0).ready entity=mon.0 client_cookie=2550cf2fa361dbce server_cookie=0 in_seq=0 out_seq=0
2024-09-12T03:17:00.026 INFO:teuthology.orchestra.run.smithi050.stdout:/usr/bin/ceph: stderr
2024-09-12T03:16:59.190+0000 7fc63d400640 1 -- 172.21.15.50:0/1144702961 <== mon.0 v2:172.21.15.50:3300/0 1 ==== mon_map magic: 0 ==== 205+0+0 (secure 0 0 0) 0x7fc630037070 con 0x7fc64007de40
2024-09-12T03:17:00.027 INFO:teuthology.orchestra.run.smithi050.stdout:/usr/bin/ceph: stderr
2024-09-12T03:16:59.190+0000 7fc63d400640 1 -- 172.21.15.50:0/1144702961 <== mon.0 v2:172.21.15.50:3300/0 2 ==== config(27 keys) ==== 1109+0+0 (secure 0 0 0) 0x7fc630032900 con 0x7fc64007de40
2024-09-12T03:17:00.027 INFO:teuthology.orchestra.run.smithi050.stdout:/usr/bin/ceph: stderr
2024-09-12T03:16:59.190+0000 7fc63d400640 1 -- 172.21.15.50:0/1144702961 <== mon.0 v2:172.21.15.50:3300/0 3 ==== mon_map magic: 0 ==== 205+0+0 (secure 0 0 0) 0x7fc630030850 con 0x7fc64007de40
2024-09-12T03:17:00.027 INFO:teuthology.orchestra.run.smithi050.stdout:/usr/bin/ceph: stderr
2024-09-12T03:16:59.190+0000 7fc645000640 1 -- 172.21.15.50:0/1144702961 >> [v2:172.21.15.50:3300/0,v1:172.21.15.50:6789/0] conn(0x7fc64007de40 msgr2=0x7fc64007c2a0 secure :-1 s=STATE_CONNECTION_ESTABLISHED l=1).mark_down
2024-09-12T03:17:00.027 INFO:teuthology.orchestra.run.smithi050.stdout:/usr/bin/ceph: stderr
2024-09-12T03:16:59.190+0000 7fc645000640 1 --2- 172.21.15.50:0/1144702961 >> [v2:172.21.15.50:3300/0,v1:172.21.15.50:6789/0] conn(0x7fc64007de40 0x7fc64007c2a0 secure :-1 s=READY pgs=47 cs=0 l=1 rev1=1 crypto rx=0x7fc630009820 tx=0x7fc63002a270 comp rx=0 tx=0).stop
2024-09-12T03:17:00.027 INFO:teuthology.orchestra.run.smithi050.stdout:/usr/bin/ceph: stderr
2024-09-12T03:16:59.190+0000 7fc645000640 1 -- 172.21.15.50:0/1144702961 shutdown_connections
2024-09-12T03:17:00.027 INFO:teuthology.orchestra.run.smithi050.stdout:/usr/bin/ceph: stderr
2024-09-12T03:16:59.190+0000 7fc645000640 1 --2- 172.21.15.50:0/1144702961 >> [v2:172.21.15.50:3300/0,v1:172.21.15.50:6789/0] conn(0x7fc64007de40 0x7fc64007c2a0 unknown :-1 s=CLOSED pgs=47 cs=0 l=1 rev1=1 crypto rx=0 tx=0 comp rx=0 tx=0).stop
2024-09-12T03:17:00.027 INFO:teuthology.orchestra.run.smithi050.stdout:/usr/bin/ceph: stderr
2024-09-12T03:16:59.190+0000 7fc645000640 1 -- 172.21.15.50:0/1144702961 >> 172.21.15.50:0/1144702961 conn(0x7fc640102cc0 msgr2=0x7fc640105100 unknown :-1 s=STATE_NONE l=0).mark_down
2024-09-12T03:17:00.027 INFO:teuthology.orchestra.run.smithi050.stdout:/usr/bin/ceph: stderr
2024-09-12T03:16:59.190+0000 7fc645000640 1 -- 172.21.15.50:0/1144702961 shutdown_connections
2024-09-12T03:17:00.027 INFO:teuthology.orchestra.run.smithi050.stdout:/usr/bin/ceph: stderr
2024-09-12T03:16:59.190+0000 7fc645000640 1 -- 172.21.15.50:0/1144702961 wait complete.
2024-09-12T03:17:00.027 INFO:teuthology.orchestra.run.smithi050.stdout:/usr/bin/ceph: stderr
2024-09-12T03:16:59.191+0000 7fc645000640 1 Processor -- start
2024-09-12T03:17:00.027 INFO:teuthology.orchestra.run.smithi050.stdout:/usr/bin/ceph: stderr
2024-09-12T03:16:59.191+0000 7fc645000640 1 -- start start
2024-09-12T03:17:00.027 INFO:teuthology.orchestra.run.smithi050.stdout:/usr/bin/ceph: stderr
2024-09-12T03:16:59.192+0000 7fc645000640 1 --2- >> [v2:172.21.15.50:3300/0,v1:172.21.15.50:6789/0] conn(0x7fc64007de40 0x7fc64019d740 unknown :-1 s=NONE pgs=0 cs=0 l=1 rev1=0 crypto rx=0 tx=0 comp rx=0 tx=0).connect
2024-09-12T03:17:00.027 INFO:teuthology.orchestra.run.smithi050.stdout:/usr/bin/ceph: stderr
2024-09-12T03:16:59.192+0000 7fc645000640 1 -- --> [v2:172.21.15.50:3300/0,v1:172.21.15.50:6789/0] -- mon_getmap magic: 0 -- 0x7fc64010dba0 con 0x7fc64007de40
2024-09-12T03:17:00.028 INFO:teuthology.orchestra.run.smithi050.stdout:/usr/bin/ceph: stderr
2024-09-12T03:16:59.192+0000 7fc63de00640 1 --2- >> [v2:172.21.15.50:3300/0,v1:172.21.15.50:6789/0] conn(0x7fc64007de40 0x7fc64019d740 unknown :-1 s=BANNER_CONNECTING pgs=0 cs=0 l=1 rev1=0 crypto rx=0 tx=0 comp rx=0 tx=0)._handle_peer_banner_payload supported=3 required=0
2024-09-12T03:17:00.028 INFO:teuthology.orchestra.run.smithi050.stdout:/usr/bin/ceph: stderr
2024-09-12T03:16:59.192+0000 7fc63de00640 1 --2- >> [v2:172.21.15.50:3300/0,v1:172.21.15.50:6789/0] conn(0x7fc64007de40 0x7fc64019d740 unknown :-1 s=HELLO_CONNECTING pgs=0 cs=0 l=1 rev1=1 crypto rx=0 tx=0 comp rx=0 tx=0).handle_hello peer v2:172.21.15.50:3300/0 says I am v2:172.21.15.50:37440/0 (socket says 172.21.15.50:37440)
2024-09-12T03:17:00.028 INFO:teuthology.orchestra.run.smithi050.stdout:/usr/bin/ceph: stderr
2024-09-12T03:16:59.192+0000 7fc63de00640 1 -- 172.21.15.50:0/183693703 learned_addr learned my addr 172.21.15.50:0/183693703 (peer_addr_for_me v2:172.21.15.50:0/0)
2024-09-12T03:17:00.028 INFO:teuthology.orchestra.run.smithi050.stdout:/usr/bin/ceph: stderr
2024-09-12T03:16:59.192+0000 7fc63de00640 1 -- 172.21.15.50:0/183693703 --> [v2:172.21.15.50:3300/0,v1:172.21.15.50:6789/0] -- mon_subscribe({config=0+,monmap=0+}) -- 0x7fc64019dc80 con 0x7fc64007de40
2024-09-12T03:17:00.028 INFO:teuthology.orchestra.run.smithi050.stdout:/usr/bin/ceph: stderr
2024-09-12T03:16:59.193+0000 7fc63de00640 1 --2- 172.21.15.50:0/183693703 >> [v2:172.21.15.50:3300/0,v1:172.21.15.50:6789/0] conn(0x7fc64007de40 0x7fc64019d740 secure :-1 s=READY pgs=48 cs=0 l=1 rev1=1 crypto rx=0x7fc630032ce0 tx=0x7fc630032d10 comp rx=0 tx=0).ready entity=mon.0 client_cookie=0 server_cookie=0 in_seq=0 out_seq=0
2024-09-12T03:17:00.028 INFO:teuthology.orchestra.run.smithi050.stdout:/usr/bin/ceph: stderr
2024-09-12T03:16:59.193+0000 7fc637400640 1 -- 172.21.15.50:0/183693703 <== mon.0 v2:172.21.15.50:3300/0 1 ==== mon_map magic: 0 ==== 205+0+0 (secure 0 0 0) 0x7fc630042070 con 0x7fc64007de40
2024-09-12T03:17:00.028 INFO:teuthology.orchestra.run.smithi050.stdout:/usr/bin/ceph: stderr
2024-09-12T03:16:59.193+0000 7fc637400640 1 -- 172.21.15.50:0/183693703 <== mon.0 v2:172.21.15.50:3300/0 2 ==== config(27 keys) ==== 1109+0+0 (secure 0 0 0) 0x7fc6300308c0 con 0x7fc64007de40
2024-09-12T03:17:00.028 INFO:teuthology.orchestra.run.smithi050.stdout:/usr/bin/ceph: stderr
2024-09-12T03:16:59.193+0000 7fc645000640 1 -- 172.21.15.50:0/183693703 --> [v2:172.21.15.50:3300/0,v1:172.21.15.50:6789/0] -- mon_subscribe({mgrmap=0+}) -- 0x7fc64019df10 con 0x7fc64007de40
2024-09-12T03:17:00.028 INFO:teuthology.orchestra.run.smithi050.stdout:/usr/bin/ceph: stderr
2024-09-12T03:16:59.193+0000 7fc637400640 1 -- 172.21.15.50:0/183693703 <== mon.0 v2:172.21.15.50:3300/0 3 ==== mon_map magic: 0 ==== 205+0+0 (secure 0 0 0) 0x7fc630037040 con 0x7fc64007de40
2024-09-12T03:17:00.028 INFO:teuthology.orchestra.run.smithi050.stdout:/usr/bin/ceph: stderr
2024-09-12T03:16:59.193+0000 7fc645000640 1 -- 172.21.15.50:0/183693703 --> [v2:172.21.15.50:3300/0,v1:172.21.15.50:6789/0] -- mon_subscribe({osdmap=0}) -- 0x7fc6401a0c00 con 0x7fc64007de40
2024-09-12T03:17:00.028 INFO:teuthology.orchestra.run.smithi050.stdout:/usr/bin/ceph: stderr
2024-09-12T03:16:59.194+0000 7fc637400640 1 -- 172.21.15.50:0/183693703 <== mon.0 v2:172.21.15.50:3300/0 4 ==== mgrmap(e 8) ==== 46287+0+0 (secure 0 0 0) 0x7fc630045070 con 0x7fc64007de40
2024-09-12T03:17:00.028 INFO:teuthology.orchestra.run.smithi050.stdout:/usr/bin/ceph: stderr
2024-09-12T03:16:59.194+0000 7fc645000640 1 -- 172.21.15.50:0/183693703 --> [v2:172.21.15.50:3300/0,v1:172.21.15.50:6789/0] -- mon_command({"prefix": "get_command_descriptions"} v 0) -- 0x7fc64007c320 con 0x7fc64007de40
2024-09-12T03:17:00.028 INFO:teuthology.orchestra.run.smithi050.stdout:/usr/bin/ceph: stderr
2024-09-12T03:16:59.195+0000 7fc637400640 1 --2- 172.21.15.50:0/183693703 >> [v2:172.21.15.50:6800/2850856182,v1:172.21.15.50:6801/2850856182] conn(0x7fc624038fc0 0x7fc62403b480 unknown :-1 s=NONE pgs=0 cs=0 l=1 rev1=0 crypto rx=0 tx=0 comp rx=0 tx=0).connect
2024-09-12T03:17:00.029 INFO:teuthology.orchestra.run.smithi050.stdout:/usr/bin/ceph: stderr
2024-09-12T03:16:59.195+0000 7fc637400640 1 -- 172.21.15.50:0/183693703 <== mon.0 v2:172.21.15.50:3300/0 5 ==== osd_map(2..2 src has 1..2) ==== 940+0+0 (secure 0 0 0) 0x7fc63006c090 con 0x7fc64007de40
2024-09-12T03:17:00.029 INFO:teuthology.orchestra.run.smithi050.stdout:/usr/bin/ceph: stderr
2024-09-12T03:16:59.195+0000 7fc635400640 1 --2- 172.21.15.50:0/183693703 >> [v2:172.21.15.50:6800/2850856182,v1:172.21.15.50:6801/2850856182] conn(0x7fc624038fc0 0x7fc62403b480 unknown :-1 s=BANNER_CONNECTING pgs=0 cs=0 l=1 rev1=0 crypto rx=0 tx=0 comp rx=0 tx=0)._handle_peer_banner_payload supported=3 required=0
2024-09-12T03:17:00.029 INFO:teuthology.orchestra.run.smithi050.stdout:/usr/bin/ceph: stderr
2024-09-12T03:16:59.195+0000 7fc635400640 1 --2- 172.21.15.50:0/183693703 >> [v2:172.21.15.50:6800/2850856182,v1:172.21.15.50:6801/2850856182] conn(0x7fc624038fc0 0x7fc62403b480 secure :-1 s=READY pgs=12 cs=0 l=1 rev1=1 crypto rx=0x7fc6280098c0 tx=0x7fc628006db0 comp rx=0 tx=0).ready entity=mgr.14120 client_cookie=0 server_cookie=0 in_seq=0 out_seq=0
2024-09-12T03:17:00.029 INFO:teuthology.orchestra.run.smithi050.stdout:/usr/bin/ceph: stderr
2024-09-12T03:16:59.200+0000 7fc637400640 1 -- 172.21.15.50:0/183693703 <== mon.0 v2:172.21.15.50:3300/0 6 ==== mon_command_ack([{"prefix": "get_command_descriptions"}]=0 v0) ==== 72+0+188821 (secure 0 0 0) 0x7fc63006b9e0 con 0x7fc64007de40
2024-09-12T03:17:00.029 INFO:teuthology.orchestra.run.smithi050.stdout:/usr/bin/ceph: stderr
2024-09-12T03:16:59.421+0000 7fc645000640 1 -- 172.21.15.50:0/183693703 --> [v2:172.21.15.50:6800/2850856182,v1:172.21.15.50:6801/2850856182] -- mgr_command(tid 0: {"prefix": "orch apply", "service_type": "mon", "unmanaged": true, "target": ["mon-mgr", ""]}) -- 0x7fc640103f80 con 0x7fc624038fc0
2024-09-12T03:17:00.029 INFO:teuthology.orchestra.run.smithi050.stdout:/usr/bin/ceph: stderr
2024-09-12T03:16:59.426+0000 7fc637400640 1 -- 172.21.15.50:0/183693703 <== mgr.14120 v2:172.21.15.50:6800/2850856182 1 ==== mgr_command_reply(tid 0: 0 ) ==== 8+0+24 (secure 0 0 0) 0x7fc640103f80 con 0x7fc624038fc0
2024-09-12T03:17:00.029 INFO:teuthology.orchestra.run.smithi050.stdout:/usr/bin/ceph: stderr
2024-09-12T03:16:59.429+0000 7fc645000640 1 -- 172.21.15.50:0/183693703 >> [v2:172.21.15.50:6800/2850856182,v1:172.21.15.50:6801/2850856182] conn(0x7fc624038fc0 msgr2=0x7fc62403b480 secure :-1 s=STATE_CONNECTION_ESTABLISHED l=1).mark_down
2024-09-12T03:17:00.029 INFO:teuthology.orchestra.run.smithi050.stdout:/usr/bin/ceph: stderr
2024-09-12T03:16:59.429+0000 7fc645000640 1 --2- 172.21.15.50:0/183693703 >> [v2:172.21.15.50:6800/2850856182,v1:172.21.15.50:6801/2850856182] conn(0x7fc624038fc0 0x7fc62403b480 secure :-1 s=READY pgs=12 cs=0 l=1 rev1=1 crypto rx=0x7fc6280098c0 tx=0x7fc628006db0 comp rx=0 tx=0).stop
2024-09-12T03:17:00.029 INFO:teuthology.orchestra.run.smithi050.stdout:/usr/bin/ceph: stderr
2024-09-12T03:16:59.429+0000 7fc645000640 1 -- 172.21.15.50:0/183693703 >> [v2:172.21.15.50:3300/0,v1:172.21.15.50:6789/0] conn(0x7fc64007de40 msgr2=0x7fc64019d740 secure :-1 s=STATE_CONNECTION_ESTABLISHED l=1).mark_down
2024-09-12T03:17:00.029 INFO:teuthology.orchestra.run.smithi050.stdout:/usr/bin/ceph: stderr
2024-09-12T03:16:59.429+0000 7fc645000640 1 --2- 172.21.15.50:0/183693703 >> [v2:172.21.15.50:3300/0,v1:172.21.15.50:6789/0] conn(0x7fc64007de40 0x7fc64019d740 secure :-1 s=READY pgs=48 cs=0 l=1 rev1=1 crypto rx=0x7fc630032ce0 tx=0x7fc630032d10 comp rx=0 tx=0).stop
2024-09-12T03:17:00.029 INFO:teuthology.orchestra.run.smithi050.stdout:/usr/bin/ceph: stderr
2024-09-12T03:16:59.429+0000 7fc645000640 1 -- 172.21.15.50:0/183693703 shutdown_connections
2024-09-12T03:17:00.029 INFO:teuthology.orchestra.run.smithi050.stdout:/usr/bin/ceph: stderr
2024-09-12T03:16:59.429+0000 7fc645000640 1 --2- 172.21.15.50:0/183693703 >> [v2:172.21.15.50:6800/2850856182,v1:172.21.15.50:6801/2850856182] conn(0x7fc624038fc0 0x7fc62403b480 unknown :-1 s=CLOSED pgs=12 cs=0 l=1 rev1=1 crypto rx=0 tx=0 comp rx=0 tx=0).stop
2024-09-12T03:17:00.029 INFO:teuthology.orchestra.run.smithi050.stdout:/usr/bin/ceph: stderr
2024-09-12T03:16:59.429+0000 7fc645000640 1 --2- 172.21.15.50:0/183693703 >> [v2:172.21.15.50:3300/0,v1:172.21.15.50:6789/0] conn(0x7fc64007de40 0x7fc64019d740 unknown :-1 s=CLOSED pgs=48 cs=0 l=1 rev1=1 crypto rx=0 tx=0 comp rx=0 tx=0).stop
2024-09-12T03:17:00.030 INFO:teuthology.orchestra.run.smithi050.stdout:/usr/bin/ceph: stderr
2024-09-12T03:16:59.429+0000 7fc645000640 1 -- 172.21.15.50:0/183693703 >> 172.21.15.50:0/183693703 conn(0x7fc640102cc0 msgr2=0x7fc640103870 unknown :-1 s=STATE_NONE l=0).mark_down
2024-09-12T03:17:00.030 INFO:teuthology.orchestra.run.smithi050.stdout:/usr/bin/ceph: stderr
2024-09-12T03:16:59.429+0000 7fc645000640 1 -- 172.21.15.50:0/183693703 shutdown_connections
2024-09-12T03:17:00.030 INFO:teuthology.orchestra.run.smithi050.stdout:/usr/bin/ceph: stderr
2024-09-12T03:16:59.429+0000 7fc645000640 1 -- 172.21.15.50:0/183693703 wait complete.
2024-09-12T03:17:00.030 INFO:teuthology.orchestra.run.smithi050.stdout:Deploying unmanaged mgr service...
2024-09-12T03:17:00.536 INFO:journalctl@ceph.mon.a.smithi050.stdout:Sep 12 03:17:00 smithi050 ceph-mon[30378]: from='client.14142 -' entity='client.admin' cmd=[{"prefix": "orch apply", "service_type": "mon", "unmanaged": true, "target": ["mon-mgr", ""]}]: dispatch
2024-09-12T03:17:00.536 INFO:journalctl@ceph.mon.a.smithi050.stdout:Sep 12 03:17:00 smithi050 ceph-mon[30378]: Saving service mon spec with placement count:5
2024-09-12T03:17:00.536 INFO:journalctl@ceph.mon.a.smithi050.stdout:Sep 12 03:17:00 smithi050 ceph-mon[30378]: from='mgr.14120 172.21.15.50:0/4162240829' entity='mgr.x'
2024-09-12T03:17:02.414 INFO:journalctl@ceph.mon.a.smithi050.stdout:Sep 12 03:17:02 smithi050 ceph-mon[30378]: from='mgr.14120 172.21.15.50:0/4162240829' entity='mgr.x'
2024-09-12T03:17:02.414 INFO:journalctl@ceph.mon.a.smithi050.stdout:Sep 12 03:17:02 smithi050 ceph-mon[30378]: from='mgr.14120 172.21.15.50:0/4162240829' entity='mgr.x'
2024-09-12T03:17:02.414 INFO:journalctl@ceph.mon.a.smithi050.stdout:Sep 12 03:17:02 smithi050 ceph-mon[30378]: from='mgr.14120 172.21.15.50:0/4162240829' entity='mgr.x'
2024-09-12T03:17:02.438 INFO:teuthology.orchestra.run.smithi050.stdout:/usr/bin/ceph: stdout Scheduled mgr update...
2024-09-12T03:17:02.438 INFO:teuthology.orchestra.run.smithi050.stdout:/usr/bin/ceph: stderr
2024-09-12T03:17:01.598+0000 7fd834e00640 1 Processor -- start
2024-09-12T03:17:02.439 INFO:teuthology.orchestra.run.smithi050.stdout:/usr/bin/ceph: stderr
2024-09-12T03:17:01.598+0000 7fd834e00640 1 -- start start
2024-09-12T03:17:02.439 INFO:teuthology.orchestra.run.smithi050.stdout:/usr/bin/ceph: stderr
2024-09-12T03:17:01.598+0000 7fd834e00640 1 --2- >> [v2:172.21.15.50:3300/0,v1:172.21.15.50:6789/0] conn(0x7fd830109810 0x7fd830109c10 unknown :-1 s=NONE pgs=0 cs=0 l=0 rev1=0 crypto rx=0 tx=0 comp rx=0 tx=0).connect
2024-09-12T03:17:02.439 INFO:teuthology.orchestra.run.smithi050.stdout:/usr/bin/ceph: stderr
2024-09-12T03:17:01.598+0000 7fd834e00640 1 -- --> [v2:172.21.15.50:3300/0,v1:172.21.15.50:6789/0] -- mon_getmap magic: 0 -- 0x7fd83010a1e0 con 0x7fd830109810
2024-09-12T03:17:02.439 INFO:teuthology.orchestra.run.smithi050.stdout:/usr/bin/ceph: stderr
2024-09-12T03:17:01.598+0000 7fd82de00640 1 --2- >> [v2:172.21.15.50:3300/0,v1:172.21.15.50:6789/0] conn(0x7fd830109810 0x7fd830109c10 unknown :-1 s=BANNER_CONNECTING pgs=0 cs=0 l=0 rev1=0 crypto rx=0 tx=0 comp rx=0 tx=0)._handle_peer_banner_payload supported=3 required=0
2024-09-12T03:17:02.439 INFO:teuthology.orchestra.run.smithi050.stdout:/usr/bin/ceph: stderr
2024-09-12T03:17:01.598+0000 7fd82de00640 1 --2- >> [v2:172.21.15.50:3300/0,v1:172.21.15.50:6789/0] conn(0x7fd830109810 0x7fd830109c10 unknown :-1 s=HELLO_CONNECTING pgs=0 cs=0 l=0 rev1=1 crypto rx=0 tx=0 comp rx=0 tx=0).handle_hello peer v2:172.21.15.50:3300/0 says I am v2:172.21.15.50:37450/0 (socket says 172.21.15.50:37450)
2024-09-12T03:17:02.439 INFO:teuthology.orchestra.run.smithi050.stdout:/usr/bin/ceph: stderr
2024-09-12T03:17:01.599+0000 7fd82de00640 1 -- 172.21.15.50:0/3400882912 learned_addr learned my addr 172.21.15.50:0/3400882912 (peer_addr_for_me v2:172.21.15.50:0/0)
2024-09-12T03:17:02.439 INFO:teuthology.orchestra.run.smithi050.stdout:/usr/bin/ceph: stderr
2024-09-12T03:17:01.599+0000 7fd82de00640 1 -- 172.21.15.50:0/3400882912 --> [v2:172.21.15.50:3300/0,v1:172.21.15.50:6789/0] -- mon_subscribe({config=0+,monmap=0+}) -- 0x7fd83010a950 con 0x7fd830109810
2024-09-12T03:17:02.439 INFO:teuthology.orchestra.run.smithi050.stdout:/usr/bin/ceph: stderr
2024-09-12T03:17:01.600+0000 7fd82de00640 1 --2- 172.21.15.50:0/3400882912 >> [v2:172.21.15.50:3300/0,v1:172.21.15.50:6789/0] conn(0x7fd830109810 0x7fd830109c10 secure :-1 s=READY pgs=49 cs=0 l=1 rev1=1 crypto rx=0x7fd820009820 tx=0x7fd82002a270 comp rx=0 tx=0).ready entity=mon.0 client_cookie=e0db241022d05568 server_cookie=0 in_seq=0 out_seq=0
2024-09-12T03:17:02.439 INFO:teuthology.orchestra.run.smithi050.stdout:/usr/bin/ceph: stderr
2024-09-12T03:17:01.600+0000 7fd82d400640 1 -- 172.21.15.50:0/3400882912 <== mon.0 v2:172.21.15.50:3300/0 1 ==== mon_map magic: 0 ==== 205+0+0 (secure 0 0 0) 0x7fd820037070 con 0x7fd830109810
2024-09-12T03:17:02.439 INFO:teuthology.orchestra.run.smithi050.stdout:/usr/bin/ceph: stderr
2024-09-12T03:17:01.600+0000 7fd82d400640 1 -- 172.21.15.50:0/3400882912 <== mon.0 v2:172.21.15.50:3300/0 2 ==== config(27 keys) ==== 1140+0+0 (secure 0 0 0) 0x7fd820032920 con 0x7fd830109810
2024-09-12T03:17:02.439 INFO:teuthology.orchestra.run.smithi050.stdout:/usr/bin/ceph: stderr
2024-09-12T03:17:01.600+0000 7fd82d400640 1 -- 172.21.15.50:0/3400882912 <== mon.0 v2:172.21.15.50:3300/0 3 ==== mon_map magic: 0 ==== 205+0+0 (secure 0 0 0) 0x7fd820030810 con 0x7fd830109810
2024-09-12T03:17:02.439 INFO:teuthology.orchestra.run.smithi050.stdout:/usr/bin/ceph: stderr
2024-09-12T03:17:01.601+0000 7fd834e00640 1 -- 172.21.15.50:0/3400882912 >> [v2:172.21.15.50:3300/0,v1:172.21.15.50:6789/0] conn(0x7fd830109810 msgr2=0x7fd830109c10 secure :-1 s=STATE_CONNECTION_ESTABLISHED l=1).mark_down
2024-09-12T03:17:02.439 INFO:teuthology.orchestra.run.smithi050.stdout:/usr/bin/ceph: stderr
2024-09-12T03:17:01.601+0000 7fd834e00640 1 --2- 172.21.15.50:0/3400882912 >> [v2:172.21.15.50:3300/0,v1:172.21.15.50:6789/0] conn(0x7fd830109810 0x7fd830109c10 secure :-1 s=READY pgs=49 cs=0 l=1 rev1=1 crypto rx=0x7fd820009820 tx=0x7fd82002a270 comp rx=0 tx=0).stop
2024-09-12T03:17:02.440 INFO:teuthology.orchestra.run.smithi050.stdout:/usr/bin/ceph: stderr
2024-09-12T03:17:01.601+0000 7fd834e00640 1 -- 172.21.15.50:0/3400882912 shutdown_connections
2024-09-12T03:17:02.440 INFO:teuthology.orchestra.run.smithi050.stdout:/usr/bin/ceph: stderr
2024-09-12T03:17:01.601+0000 7fd834e00640 1 --2- 172.21.15.50:0/3400882912 >> [v2:172.21.15.50:3300/0,v1:172.21.15.50:6789/0] conn(0x7fd830109810 0x7fd830109c10 unknown :-1 s=CLOSED pgs=49 cs=0 l=1 rev1=1 crypto rx=0 tx=0 comp rx=0 tx=0).stop
2024-09-12T03:17:02.440 INFO:teuthology.orchestra.run.smithi050.stdout:/usr/bin/ceph: stderr
2024-09-12T03:17:01.601+0000 7fd834e00640 1 -- 172.21.15.50:0/3400882912 >> 172.21.15.50:0/3400882912 conn(0x7fd83007ccf0 msgr2=0x7fd83007d120 unknown :-1 s=STATE_NONE l=0).mark_down
2024-09-12T03:17:02.440 INFO:teuthology.orchestra.run.smithi050.stdout:/usr/bin/ceph: stderr
2024-09-12T03:17:01.601+0000 7fd834e00640 1 -- 172.21.15.50:0/3400882912 shutdown_connections
2024-09-12T03:17:02.440 INFO:teuthology.orchestra.run.smithi050.stdout:/usr/bin/ceph: stderr
2024-09-12T03:17:01.601+0000 7fd834e00640 1 -- 172.21.15.50:0/3400882912 wait complete.
2024-09-12T03:17:02.440 INFO:teuthology.orchestra.run.smithi050.stdout:/usr/bin/ceph: stderr
2024-09-12T03:17:01.602+0000 7fd834e00640 1 Processor -- start
2024-09-12T03:17:02.440 INFO:teuthology.orchestra.run.smithi050.stdout:/usr/bin/ceph: stderr
2024-09-12T03:17:01.602+0000 7fd834e00640 1 -- start start
2024-09-12T03:17:02.440 INFO:teuthology.orchestra.run.smithi050.stdout:/usr/bin/ceph: stderr
2024-09-12T03:17:01.603+0000 7fd834e00640 1 --2- >> [v2:172.21.15.50:3300/0,v1:172.21.15.50:6789/0] conn(0x7fd830109810 0x7fd8301a1bc0 unknown :-1 s=NONE pgs=0 cs=0 l=1 rev1=0 crypto rx=0 tx=0 comp rx=0 tx=0).connect
2024-09-12T03:17:02.440 INFO:teuthology.orchestra.run.smithi050.stdout:/usr/bin/ceph: stderr
2024-09-12T03:17:01.603+0000 7fd834e00640 1 -- --> [v2:172.21.15.50:3300/0,v1:172.21.15.50:6789/0] -- mon_getmap magic: 0 -- 0x7fd83010dd00 con 0x7fd830109810
2024-09-12T03:17:02.440 INFO:teuthology.orchestra.run.smithi050.stdout:/usr/bin/ceph: stderr
2024-09-12T03:17:01.603+0000 7fd82de00640 1 --2- >> [v2:172.21.15.50:3300/0,v1:172.21.15.50:6789/0] conn(0x7fd830109810 0x7fd8301a1bc0 unknown :-1 s=BANNER_CONNECTING pgs=0 cs=0 l=1 rev1=0 crypto rx=0 tx=0 comp rx=0 tx=0)._handle_peer_banner_payload supported=3 required=0
2024-09-12T03:17:02.440 INFO:teuthology.orchestra.run.smithi050.stdout:/usr/bin/ceph: stderr
2024-09-12T03:17:01.603+0000 7fd82de00640 1 --2- >> [v2:172.21.15.50:3300/0,v1:172.21.15.50:6789/0] conn(0x7fd830109810 0x7fd8301a1bc0 unknown :-1 s=HELLO_CONNECTING pgs=0 cs=0 l=1 rev1=1 crypto rx=0 tx=0 comp rx=0 tx=0).handle_hello peer v2:172.21.15.50:3300/0 says I am v2:172.21.15.50:37466/0 (socket says 172.21.15.50:37466)
2024-09-12T03:17:02.440 INFO:teuthology.orchestra.run.smithi050.stdout:/usr/bin/ceph: stderr
2024-09-12T03:17:01.603+0000 7fd82de00640 1 -- 172.21.15.50:0/2437958736 learned_addr learned my addr 172.21.15.50:0/2437958736 (peer_addr_for_me v2:172.21.15.50:0/0)
2024-09-12T03:17:02.441 INFO:teuthology.orchestra.run.smithi050.stdout:/usr/bin/ceph: stderr
2024-09-12T03:17:01.603+0000 7fd82de00640 1 -- 172.21.15.50:0/2437958736 --> [v2:172.21.15.50:3300/0,v1:172.21.15.50:6789/0] -- mon_subscribe({config=0+,monmap=0+}) -- 0x7fd8301a2100 con 0x7fd830109810
2024-09-12T03:17:02.441 INFO:teuthology.orchestra.run.smithi050.stdout:/usr/bin/ceph: stderr
2024-09-12T03:17:01.604+0000 7fd82de00640 1 --2- 172.21.15.50:0/2437958736 >> [v2:172.21.15.50:3300/0,v1:172.21.15.50:6789/0] conn(0x7fd830109810 0x7fd8301a1bc0 secure :-1 s=READY pgs=50 cs=0 l=1 rev1=1 crypto rx=0x7fd8200097f0 tx=0x7fd8200327b0 comp rx=0 tx=0).ready entity=mon.0 client_cookie=0 server_cookie=0 in_seq=0 out_seq=0
2024-09-12T03:17:02.441 INFO:teuthology.orchestra.run.smithi050.stdout:/usr/bin/ceph: stderr
2024-09-12T03:17:01.604+0000 7fd827400640 1 -- 172.21.15.50:0/2437958736 <== mon.0 v2:172.21.15.50:3300/0 1 ==== mon_map magic: 0 ==== 205+0+0 (secure 0 0 0) 0x7fd820037040 con 0x7fd830109810
2024-09-12T03:17:02.441 INFO:teuthology.orchestra.run.smithi050.stdout:/usr/bin/ceph: stderr
2024-09-12T03:17:01.604+0000 7fd827400640 1 -- 172.21.15.50:0/2437958736 <== mon.0 v2:172.21.15.50:3300/0 2 ==== config(27 keys) ==== 1140+0+0 (secure 0 0 0) 0x7fd820030c40 con 0x7fd830109810
2024-09-12T03:17:02.441 INFO:teuthology.orchestra.run.smithi050.stdout:/usr/bin/ceph: stderr
2024-09-12T03:17:01.604+0000 7fd827400640 1 -- 172.21.15.50:0/2437958736 <== mon.0 v2:172.21.15.50:3300/0 3 ==== mon_map magic: 0 ==== 205+0+0 (secure 0 0 0) 0x7fd82003a5d0 con 0x7fd830109810
2024-09-12T03:17:02.441 INFO:teuthology.orchestra.run.smithi050.stdout:/usr/bin/ceph: stderr
2024-09-12T03:17:01.604+0000 7fd834e00640 1 -- 172.21.15.50:0/2437958736 --> [v2:172.21.15.50:3300/0,v1:172.21.15.50:6789/0] -- mon_subscribe({mgrmap=0+}) -- 0x7fd8301a2390 con 0x7fd830109810
2024-09-12T03:17:02.441 INFO:teuthology.orchestra.run.smithi050.stdout:/usr/bin/ceph: stderr
2024-09-12T03:17:01.604+0000 7fd834e00640 1 -- 172.21.15.50:0/2437958736 --> [v2:172.21.15.50:3300/0,v1:172.21.15.50:6789/0] -- mon_subscribe({osdmap=0}) -- 0x7fd8301a5080 con 0x7fd830109810
2024-09-12T03:17:02.441 INFO:teuthology.orchestra.run.smithi050.stdout:/usr/bin/ceph: stderr
2024-09-12T03:17:01.606+0000 7fd827400640 1 -- 172.21.15.50:0/2437958736 <== mon.0 v2:172.21.15.50:3300/0 4 ==== mgrmap(e 8) ==== 46287+0+0 (secure 0 0 0) 0x7fd82003b3f0 con 0x7fd830109810
2024-09-12T03:17:02.441 INFO:teuthology.orchestra.run.smithi050.stdout:/usr/bin/ceph: stderr
2024-09-12T03:17:01.606+0000 7fd834e00640 1 -- 172.21.15.50:0/2437958736 --> [v2:172.21.15.50:3300/0,v1:172.21.15.50:6789/0] -- mon_command({"prefix": "get_command_descriptions"} v 0) -- 0x7fd830109c90 con 0x7fd830109810
2024-09-12T03:17:02.441 INFO:teuthology.orchestra.run.smithi050.stdout:/usr/bin/ceph: stderr
2024-09-12T03:17:01.606+0000 7fd827400640 1 --2- 172.21.15.50:0/2437958736 >> [v2:172.21.15.50:6800/2850856182,v1:172.21.15.50:6801/2850856182] conn(0x7fd814038f70 0x7fd81403b430 unknown :-1 s=NONE pgs=0 cs=0 l=1 rev1=0 crypto rx=0 tx=0 comp rx=0 tx=0).connect
2024-09-12T03:17:02.441 INFO:teuthology.orchestra.run.smithi050.stdout:/usr/bin/ceph: stderr
2024-09-12T03:17:01.606+0000 7fd827400640 1 -- 172.21.15.50:0/2437958736 <== mon.0 v2:172.21.15.50:3300/0 5 ==== osd_map(2..2 src has 1..2) ==== 940+0+0 (secure 0 0 0) 0x7fd82006c470 con 0x7fd830109810
2024-09-12T03:17:02.441 INFO:teuthology.orchestra.run.smithi050.stdout:/usr/bin/ceph: stderr
2024-09-12T03:17:01.606+0000 7fd825400640 1 --2- 172.21.15.50:0/2437958736 >> [v2:172.21.15.50:6800/2850856182,v1:172.21.15.50:6801/2850856182] conn(0x7fd814038f70 0x7fd81403b430 unknown :-1 s=BANNER_CONNECTING pgs=0 cs=0 l=1 rev1=0 crypto rx=0 tx=0 comp rx=0 tx=0)._handle_peer_banner_payload supported=3 required=0
2024-09-12T03:17:02.442 INFO:teuthology.orchestra.run.smithi050.stdout:/usr/bin/ceph: stderr
2024-09-12T03:17:01.607+0000 7fd825400640 1 --2- 172.21.15.50:0/2437958736 >> [v2:172.21.15.50:6800/2850856182,v1:172.21.15.50:6801/2850856182] conn(0x7fd814038f70 0x7fd81403b430 secure :-1 s=READY pgs=13 cs=0 l=1 rev1=1 crypto rx=0x7fd8180098c0 tx=0x7fd818006db0 comp rx=0 tx=0).ready entity=mgr.14120 client_cookie=0 server_cookie=0 in_seq=0 out_seq=0
2024-09-12T03:17:02.442 INFO:teuthology.orchestra.run.smithi050.stdout:/usr/bin/ceph: stderr
2024-09-12T03:17:01.612+0000 7fd827400640 1 -- 172.21.15.50:0/2437958736 <== mon.0 v2:172.21.15.50:3300/0 6 ==== mon_command_ack([{"prefix": "get_command_descriptions"}]=0 v0) ==== 72+0+188821 (secure 0 0 0) 0x7fd82003b6e0 con 0x7fd830109810
2024-09-12T03:17:02.442 INFO:teuthology.orchestra.run.smithi050.stdout:/usr/bin/ceph: stderr
2024-09-12T03:17:01.833+0000 7fd834e00640 1 -- 172.21.15.50:0/2437958736 --> [v2:172.21.15.50:6800/2850856182,v1:172.21.15.50:6801/2850856182] -- mgr_command(tid 0: {"prefix": "orch apply", "service_type": "mgr", "unmanaged": true, "target": ["mon-mgr", ""]}) -- 0x7fd830107c70 con 0x7fd814038f70
2024-09-12T03:17:02.442 INFO:teuthology.orchestra.run.smithi050.stdout:/usr/bin/ceph: stderr
2024-09-12T03:17:01.838+0000 7fd827400640 1 -- 172.21.15.50:0/2437958736 <== mgr.14120 v2:172.21.15.50:6800/2850856182 1 ==== mgr_command_reply(tid 0: 0 ) ==== 8+0+24 (secure 0 0 0) 0x7fd830107c70 con 0x7fd814038f70
2024-09-12T03:17:02.442 INFO:teuthology.orchestra.run.smithi050.stdout:/usr/bin/ceph: stderr
2024-09-12T03:17:01.840+0000 7fd834e00640 1 -- 172.21.15.50:0/2437958736 >> [v2:172.21.15.50:6800/2850856182,v1:172.21.15.50:6801/2850856182] conn(0x7fd814038f70 msgr2=0x7fd81403b430 secure :-1 s=STATE_CONNECTION_ESTABLISHED l=1).mark_down
2024-09-12T03:17:02.442 INFO:teuthology.orchestra.run.smithi050.stdout:/usr/bin/ceph: stderr
2024-09-12T03:17:01.840+0000 7fd834e00640 1 --2- 172.21.15.50:0/2437958736 >> [v2:172.21.15.50:6800/2850856182,v1:172.21.15.50:6801/2850856182] conn(0x7fd814038f70 0x7fd81403b430 secure :-1 s=READY pgs=13 cs=0 l=1 rev1=1 crypto rx=0x7fd8180098c0 tx=0x7fd818006db0 comp rx=0 tx=0).stop
2024-09-12T03:17:02.442 INFO:teuthology.orchestra.run.smithi050.stdout:/usr/bin/ceph: stderr
2024-09-12T03:17:01.840+0000 7fd834e00640 1 -- 172.21.15.50:0/2437958736 >> [v2:172.21.15.50:3300/0,v1:172.21.15.50:6789/0] conn(0x7fd830109810 msgr2=0x7fd8301a1bc0 secure :-1 s=STATE_CONNECTION_ESTABLISHED l=1).mark_down
2024-09-12T03:17:02.442 INFO:teuthology.orchestra.run.smithi050.stdout:/usr/bin/ceph: stderr
2024-09-12T03:17:01.840+0000 7fd834e00640 1 --2- 172.21.15.50:0/2437958736 >> [v2:172.21.15.50:3300/0,v1:172.21.15.50:6789/0] conn(0x7fd830109810 0x7fd8301a1bc0 secure :-1 s=READY pgs=50 cs=0 l=1 rev1=1 crypto rx=0x7fd8200097f0 tx=0x7fd8200327b0 comp rx=0 tx=0).stop
2024-09-12T03:17:02.442 INFO:teuthology.orchestra.run.smithi050.stdout:/usr/bin/ceph: stderr
2024-09-12T03:17:01.840+0000 7fd834e00640 1 -- 172.21.15.50:0/2437958736 shutdown_connections
2024-09-12T03:17:02.442 INFO:teuthology.orchestra.run.smithi050.stdout:/usr/bin/ceph: stderr
2024-09-12T03:17:01.840+0000 7fd834e00640 1 --2- 172.21.15.50:0/2437958736 >> [v2:172.21.15.50:6800/2850856182,v1:172.21.15.50:6801/2850856182] conn(0x7fd814038f70 0x7fd81403b430 unknown :-1 s=CLOSED pgs=13 cs=0 l=1 rev1=1 crypto rx=0 tx=0 comp rx=0 tx=0).stop
2024-09-12T03:17:02.442 INFO:teuthology.orchestra.run.smithi050.stdout:/usr/bin/ceph: stderr
2024-09-12T03:17:01.840+0000 7fd834e00640 1 --2- 172.21.15.50:0/2437958736 >> [v2:172.21.15.50:3300/0,v1:172.21.15.50:6789/0] conn(0x7fd830109810 0x7fd8301a1bc0 unknown :-1 s=CLOSED pgs=50 cs=0 l=1 rev1=1 crypto rx=0 tx=0 comp rx=0 tx=0).stop
2024-09-12T03:17:02.442 INFO:teuthology.orchestra.run.smithi050.stdout:/usr/bin/ceph: stderr
2024-09-12T03:17:01.840+0000 7fd834e00640 1 -- 172.21.15.50:0/2437958736 >> 172.21.15.50:0/2437958736 conn(0x7fd83007ccf0 msgr2=0x7fd830107560 unknown :-1 s=STATE_NONE l=0).mark_down
2024-09-12T03:17:02.442 INFO:teuthology.orchestra.run.smithi050.stdout:/usr/bin/ceph: stderr
2024-09-12T03:17:01.841+0000 7fd834e00640 1 -- 172.21.15.50:0/2437958736 shutdown_connections
2024-09-12T03:17:02.443 INFO:teuthology.orchestra.run.smithi050.stdout:/usr/bin/ceph: stderr
2024-09-12T03:17:01.841+0000 7fd834e00640 1 -- 172.21.15.50:0/2437958736 wait complete.
2024-09-12T03:17:03.414 INFO:journalctl@ceph.mon.a.smithi050.stdout:Sep 12 03:17:03 smithi050 ceph-mon[30378]: from='client.14144 -' entity='client.admin' cmd=[{"prefix": "orch apply", "service_type": "mgr", "unmanaged": true, "target": ["mon-mgr", ""]}]: dispatch
2024-09-12T03:17:03.414 INFO:journalctl@ceph.mon.a.smithi050.stdout:Sep 12 03:17:03 smithi050 ceph-mon[30378]: Saving service mgr spec with placement count:2
2024-09-12T03:17:03.414 INFO:journalctl@ceph.mon.a.smithi050.stdout:Sep 12 03:17:03 smithi050 ceph-mon[30378]: from='client.? 172.21.15.50:0/76971093' entity='client.admin'
2024-09-12T03:17:03.818 INFO:teuthology.orchestra.run.smithi050.stdout:/usr/bin/ceph: stderr
2024-09-12T03:17:02.936+0000 7f4521200640 1 Processor -- start
2024-09-12T03:17:03.818 INFO:teuthology.orchestra.run.smithi050.stdout:/usr/bin/ceph: stderr
2024-09-12T03:17:02.936+0000 7f4521200640 1 -- start start
2024-09-12T03:17:03.818 INFO:teuthology.orchestra.run.smithi050.stdout:/usr/bin/ceph: stderr
2024-09-12T03:17:02.936+0000 7f4521200640 1 --2- >> [v2:172.21.15.50:3300/0,v1:172.21.15.50:6789/0] conn(0x7f451c109810 0x7f451c109c10 unknown :-1 s=NONE pgs=0 cs=0 l=0 rev1=0 crypto rx=0 tx=0 comp rx=0 tx=0).connect
2024-09-12T03:17:03.818 INFO:teuthology.orchestra.run.smithi050.stdout:/usr/bin/ceph: stderr
2024-09-12T03:17:02.936+0000 7f4521200640 1 -- --> [v2:172.21.15.50:3300/0,v1:172.21.15.50:6789/0] -- mon_getmap magic: 0 -- 0x7f451c10a1e0 con 0x7f451c109810
2024-09-12T03:17:03.818 INFO:teuthology.orchestra.run.smithi050.stdout:/usr/bin/ceph: stderr
2024-09-12T03:17:02.937+0000 7f4519e00640 1 --2- >> [v2:172.21.15.50:3300/0,v1:172.21.15.50:6789/0] conn(0x7f451c109810 0x7f451c109c10 unknown :-1 s=BANNER_CONNECTING pgs=0 cs=0 l=0 rev1=0 crypto rx=0 tx=0 comp rx=0 tx=0)._handle_peer_banner_payload supported=3 required=0
2024-09-12T03:17:03.819 INFO:teuthology.orchestra.run.smithi050.stdout:/usr/bin/ceph: stderr
2024-09-12T03:17:02.937+0000 7f4519e00640 1 --2- >> [v2:172.21.15.50:3300/0,v1:172.21.15.50:6789/0] conn(0x7f451c109810 0x7f451c109c10 unknown :-1 s=HELLO_CONNECTING pgs=0 cs=0 l=0 rev1=1 crypto rx=0 tx=0 comp rx=0 tx=0).handle_hello peer v2:172.21.15.50:3300/0 says I am v2:172.21.15.50:37476/0 (socket says 172.21.15.50:37476)
2024-09-12T03:17:03.819 INFO:teuthology.orchestra.run.smithi050.stdout:/usr/bin/ceph: stderr
2024-09-12T03:17:02.937+0000 7f4519e00640 1 -- 172.21.15.50:0/2121515612 learned_addr learned my addr 172.21.15.50:0/2121515612 (peer_addr_for_me v2:172.21.15.50:0/0)
2024-09-12T03:17:03.819 INFO:teuthology.orchestra.run.smithi050.stdout:/usr/bin/ceph: stderr
2024-09-12T03:17:02.937+0000 7f4519e00640 1 -- 172.21.15.50:0/2121515612 --> [v2:172.21.15.50:3300/0,v1:172.21.15.50:6789/0] -- mon_subscribe({config=0+,monmap=0+}) -- 0x7f451c10a950 con 0x7f451c109810
2024-09-12T03:17:03.819 INFO:teuthology.orchestra.run.smithi050.stdout:/usr/bin/ceph: stderr
2024-09-12T03:17:02.938+0000 7f4519e00640 1 --2- 172.21.15.50:0/2121515612 >> [v2:172.21.15.50:3300/0,v1:172.21.15.50:6789/0] conn(0x7f451c109810 0x7f451c109c10 secure :-1 s=READY pgs=51 cs=0 l=1 rev1=1 crypto rx=0x7f450c009820 tx=0x7f450c02a270 comp rx=0 tx=0).ready entity=mon.0 client_cookie=5fdff2e8d00adb4b server_cookie=0 in_seq=0 out_seq=0
2024-09-12T03:17:03.819 INFO:teuthology.orchestra.run.smithi050.stdout:/usr/bin/ceph: stderr
2024-09-12T03:17:02.938+0000 7f4518a00640 1 -- 172.21.15.50:0/2121515612 <== mon.0 v2:172.21.15.50:3300/0 1 ==== mon_map magic: 0 ==== 205+0+0 (secure 0 0 0) 0x7f450c037070 con 0x7f451c109810
2024-09-12T03:17:03.823 INFO:teuthology.orchestra.run.smithi050.stdout:/usr/bin/ceph: stderr
2024-09-12T03:17:02.938+0000 7f4518a00640 1 -- 172.21.15.50:0/2121515612 <== mon.0 v2:172.21.15.50:3300/0 2 ==== config(27 keys) ==== 1140+0+0 (secure 0 0 0) 0x7f450c032920 con 0x7f451c109810
2024-09-12T03:17:03.824 INFO:teuthology.orchestra.run.smithi050.stdout:/usr/bin/ceph: stderr
2024-09-12T03:17:02.938+0000 7f4518a00640 1 -- 172.21.15.50:0/2121515612 <== mon.0 v2:172.21.15.50:3300/0 3 ==== mon_map magic: 0 ==== 205+0+0 (secure 0 0 0) 0x7f450c030810 con 0x7f451c109810
2024-09-12T03:17:03.824 INFO:teuthology.orchestra.run.smithi050.stdout:/usr/bin/ceph: stderr
2024-09-12T03:17:02.939+0000 7f4521200640 1 -- 172.21.15.50:0/2121515612 >> [v2:172.21.15.50:3300/0,v1:172.21.15.50:6789/0] conn(0x7f451c109810 msgr2=0x7f451c109c10 secure :-1 s=STATE_CONNECTION_ESTABLISHED l=1).mark_down
2024-09-12T03:17:03.824 INFO:teuthology.orchestra.run.smithi050.stdout:/usr/bin/ceph: stderr
2024-09-12T03:17:02.939+0000 7f4521200640 1 --2- 172.21.15.50:0/2121515612 >> [v2:172.21.15.50:3300/0,v1:172.21.15.50:6789/0] conn(0x7f451c109810 0x7f451c109c10 secure :-1 s=READY pgs=51 cs=0 l=1 rev1=1 crypto rx=0x7f450c009820 tx=0x7f450c02a270 comp rx=0 tx=0).stop
2024-09-12T03:17:03.824 INFO:teuthology.orchestra.run.smithi050.stdout:/usr/bin/ceph: stderr
2024-09-12T03:17:02.939+0000 7f4521200640 1 -- 172.21.15.50:0/2121515612 shutdown_connections
2024-09-12T03:17:03.824 INFO:teuthology.orchestra.run.smithi050.stdout:/usr/bin/ceph: stderr
2024-09-12T03:17:02.939+0000 7f4521200640 1 --2- 172.21.15.50:0/2121515612 >> [v2:172.21.15.50:3300/0,v1:172.21.15.50:6789/0] conn(0x7f451c109810 0x7f451c109c10 unknown :-1 s=CLOSED pgs=51 cs=0 l=1 rev1=1 crypto rx=0 tx=0 comp rx=0 tx=0).stop
2024-09-12T03:17:03.825 INFO:teuthology.orchestra.run.smithi050.stdout:/usr/bin/ceph: stderr
2024-09-12T03:17:02.939+0000 7f4521200640 1 -- 172.21.15.50:0/2121515612 >> 172.21.15.50:0/2121515612 conn(0x7f451c07ccf0 msgr2=0x7f451c07d120 unknown :-1 s=STATE_NONE l=0).mark_down
2024-09-12T03:17:03.825 INFO:teuthology.orchestra.run.smithi050.stdout:/usr/bin/ceph: stderr
2024-09-12T03:17:02.939+0000 7f4521200640 1 -- 172.21.15.50:0/2121515612 shutdown_connections
2024-09-12T03:17:03.825 INFO:teuthology.orchestra.run.smithi050.stdout:/usr/bin/ceph: stderr
2024-09-12T03:17:02.939+0000 7f4521200640 1 -- 172.21.15.50:0/2121515612 wait complete.
2024-09-12T03:17:03.825 INFO:teuthology.orchestra.run.smithi050.stdout:/usr/bin/ceph: stderr
2024-09-12T03:17:02.940+0000 7f4521200640 1 Processor -- start
2024-09-12T03:17:03.825 INFO:teuthology.orchestra.run.smithi050.stdout:/usr/bin/ceph: stderr
2024-09-12T03:17:02.940+0000 7f4521200640 1 -- start start
2024-09-12T03:17:03.825 INFO:teuthology.orchestra.run.smithi050.stdout:/usr/bin/ceph: stderr
2024-09-12T03:17:02.940+0000 7f4521200640 1 --2- >> [v2:172.21.15.50:3300/0,v1:172.21.15.50:6789/0] conn(0x7f451c109810 0x7f451c19d7b0 unknown :-1 s=NONE pgs=0 cs=0 l=1 rev1=0 crypto rx=0 tx=0 comp rx=0 tx=0).connect
2024-09-12T03:17:03.826 INFO:teuthology.orchestra.run.smithi050.stdout:/usr/bin/ceph: stderr
2024-09-12T03:17:02.941+0000 7f4521200640 1 -- --> [v2:172.21.15.50:3300/0,v1:172.21.15.50:6789/0] -- mon_getmap magic: 0 -- 0x7f451c10dd00 con 0x7f451c109810
2024-09-12T03:17:03.826 INFO:teuthology.orchestra.run.smithi050.stdout:/usr/bin/ceph: stderr
2024-09-12T03:17:02.941+0000 7f4519e00640 1 --2- >> [v2:172.21.15.50:3300/0,v1:172.21.15.50:6789/0] conn(0x7f451c109810 0x7f451c19d7b0 unknown :-1 s=BANNER_CONNECTING pgs=0 cs=0 l=1 rev1=0 crypto rx=0 tx=0 comp rx=0 tx=0)._handle_peer_banner_payload supported=3 required=0
2024-09-12T03:17:03.826 INFO:teuthology.orchestra.run.smithi050.stdout:/usr/bin/ceph: stderr
2024-09-12T03:17:02.941+0000 7f4519e00640 1 --2- >> [v2:172.21.15.50:3300/0,v1:172.21.15.50:6789/0] conn(0x7f451c109810 0x7f451c19d7b0 unknown :-1 s=HELLO_CONNECTING pgs=0 cs=0 l=1 rev1=1 crypto rx=0 tx=0 comp rx=0 tx=0).handle_hello peer v2:172.21.15.50:3300/0 says I am v2:172.21.15.50:37492/0 (socket says 172.21.15.50:37492)
2024-09-12T03:17:03.826 INFO:teuthology.orchestra.run.smithi050.stdout:/usr/bin/ceph: stderr
2024-09-12T03:17:02.941+0000 7f4519e00640 1 -- 172.21.15.50:0/76971093 learned_addr learned my addr 172.21.15.50:0/76971093 (peer_addr_for_me v2:172.21.15.50:0/0)
2024-09-12T03:17:03.826 INFO:teuthology.orchestra.run.smithi050.stdout:/usr/bin/ceph: stderr
2024-09-12T03:17:02.941+0000 7f4519e00640 1 -- 172.21.15.50:0/76971093 --> [v2:172.21.15.50:3300/0,v1:172.21.15.50:6789/0] -- mon_subscribe({config=0+,monmap=0+}) -- 0x7f451c19dcf0 con 0x7f451c109810
2024-09-12T03:17:03.827 INFO:teuthology.orchestra.run.smithi050.stdout:/usr/bin/ceph: stderr
2024-09-12T03:17:02.941+0000 7f4519e00640 1 --2- 172.21.15.50:0/76971093 >> [v2:172.21.15.50:3300/0,v1:172.21.15.50:6789/0] conn(0x7f451c109810 0x7f451c19d7b0 secure :-1 s=READY pgs=52 cs=0 l=1 rev1=1 crypto rx=0x7f450c030420 tx=0x7f450c032670 comp rx=0 tx=0).ready entity=mon.0 client_cookie=0 server_cookie=0 in_seq=0 out_seq=0
2024-09-12T03:17:03.827 INFO:teuthology.orchestra.run.smithi050.stdout:/usr/bin/ceph: stderr
2024-09-12T03:17:02.942+0000 7f4512a00640 1 -- 172.21.15.50:0/76971093 <== mon.0 v2:172.21.15.50:3300/0 1 ==== mon_map magic: 0 ==== 205+0+0 (secure 0 0 0) 0x7f450c037040 con 0x7f451c109810
2024-09-12T03:17:03.827 INFO:teuthology.orchestra.run.smithi050.stdout:/usr/bin/ceph: stderr
2024-09-12T03:17:02.942+0000 7f4512a00640 1 -- 172.21.15.50:0/76971093 <== mon.0 v2:172.21.15.50:3300/0 2 ==== config(27 keys) ==== 1140+0+0 (secure 0 0 0) 0x7f450c040070 con 0x7f451c109810
2024-09-12T03:17:03.827 INFO:teuthology.orchestra.run.smithi050.stdout:/usr/bin/ceph: stderr
2024-09-12T03:17:02.942+0000 7f4521200640 1 -- 172.21.15.50:0/76971093 --> [v2:172.21.15.50:3300/0,v1:172.21.15.50:6789/0] -- mon_subscribe({mgrmap=0+}) -- 0x7f451c19df80 con 0x7f451c109810
2024-09-12T03:17:03.827 INFO:teuthology.orchestra.run.smithi050.stdout:/usr/bin/ceph: stderr
2024-09-12T03:17:02.942+0000 7f4512a00640 1 -- 172.21.15.50:0/76971093 <== mon.0 v2:172.21.15.50:3300/0 3 ==== mon_map magic: 0 ==== 205+0+0 (secure 0 0 0) 0x7f450c03a6e0 con 0x7f451c109810
2024-09-12T03:17:03.827 INFO:teuthology.orchestra.run.smithi050.stdout:/usr/bin/ceph: stderr
2024-09-12T03:17:02.942+0000 7f4521200640 1 -- 172.21.15.50:0/76971093 --> [v2:172.21.15.50:3300/0,v1:172.21.15.50:6789/0] -- mon_subscribe({osdmap=0}) -- 0x7f451c1a0c70 con 0x7f451c109810
2024-09-12T03:17:03.828 INFO:teuthology.orchestra.run.smithi050.stdout:/usr/bin/ceph: stderr
2024-09-12T03:17:02.943+0000 7f4512a00640 1 -- 172.21.15.50:0/76971093 <== mon.0 v2:172.21.15.50:3300/0 4 ==== mgrmap(e 8) ==== 46287+0+0 (secure 0 0 0) 0x7f450c03a9e0 con 0x7f451c109810
2024-09-12T03:17:03.828 INFO:teuthology.orchestra.run.smithi050.stdout:/usr/bin/ceph: stderr
2024-09-12T03:17:02.943+0000 7f4521200640 1 -- 172.21.15.50:0/76971093 --> [v2:172.21.15.50:3300/0,v1:172.21.15.50:6789/0] -- mon_command({"prefix": "get_command_descriptions"} v 0) -- 0x7f451c109c90 con 0x7f451c109810
2024-09-12T03:17:03.828 INFO:teuthology.orchestra.run.smithi050.stdout:/usr/bin/ceph: stderr
2024-09-12T03:17:02.943+0000 7f4512a00640 1 --2- 172.21.15.50:0/76971093 >> [v2:172.21.15.50:6800/2850856182,v1:172.21.15.50:6801/2850856182] conn(0x7f4500038f70 0x7f450003b430 unknown :-1 s=NONE pgs=0 cs=0 l=1 rev1=0 crypto rx=0 tx=0 comp rx=0 tx=0).connect
2024-09-12T03:17:03.828 INFO:teuthology.orchestra.run.smithi050.stdout:/usr/bin/ceph: stderr
2024-09-12T03:17:02.943+0000 7f4512a00640 1 -- 172.21.15.50:0/76971093 <== mon.0 v2:172.21.15.50:3300/0 5 ==== osd_map(2..2 src has 1..2) ==== 940+0+0 (secure 0 0 0) 0x7f450c06c670 con 0x7f451c109810
2024-09-12T03:17:03.828 INFO:teuthology.orchestra.run.smithi050.stdout:/usr/bin/ceph: stderr
2024-09-12T03:17:02.944+0000 7f4519400640 1 --2- 172.21.15.50:0/76971093 >> [v2:172.21.15.50:6800/2850856182,v1:172.21.15.50:6801/2850856182] conn(0x7f4500038f70 0x7f450003b430 unknown :-1 s=BANNER_CONNECTING pgs=0 cs=0 l=1 rev1=0 crypto rx=0 tx=0 comp rx=0 tx=0)._handle_peer_banner_payload supported=3 required=0
2024-09-12T03:17:03.828 INFO:teuthology.orchestra.run.smithi050.stdout:/usr/bin/ceph: stderr
2024-09-12T03:17:02.944+0000 7f4519400640 1 --2- 172.21.15.50:0/76971093 >> [v2:172.21.15.50:6800/2850856182,v1:172.21.15.50:6801/2850856182] conn(0x7f4500038f70 0x7f450003b430 secure :-1 s=READY pgs=14 cs=0 l=1 rev1=1 crypto rx=0x7f45080098c0 tx=0x7f4508006db0 comp rx=0 tx=0).ready entity=mgr.14120 client_cookie=0 server_cookie=0 in_seq=0 out_seq=0
2024-09-12T03:17:03.828 INFO:teuthology.orchestra.run.smithi050.stdout:/usr/bin/ceph: stderr
2024-09-12T03:17:02.948+0000 7f4512a00640 1 -- 172.21.15.50:0/76971093 <== mon.0 v2:172.21.15.50:3300/0 6 ==== mon_command_ack([{"prefix": "get_command_descriptions"}]=0 v0) ==== 72+0+188821 (secure 0 0 0) 0x7f450c043940 con 0x7f451c109810
2024-09-12T03:17:03.828 INFO:teuthology.orchestra.run.smithi050.stdout:/usr/bin/ceph: stderr
2024-09-12T03:17:03.136+0000 7f4521200640 1 -- 172.21.15.50:0/76971093 --> [v2:172.21.15.50:3300/0,v1:172.21.15.50:6789/0] -- mon_command([{prefix=config set, name=mgr/cephadm/container_init}] v 0) -- 0x7f451c1a1270 con 0x7f451c109810
2024-09-12T03:17:03.828 INFO:teuthology.orchestra.run.smithi050.stdout:/usr/bin/ceph: stderr
2024-09-12T03:17:03.138+0000 7f4512a00640 1 -- 172.21.15.50:0/76971093 <== mon.0 v2:172.21.15.50:3300/0 7 ==== mon_command_ack([{prefix=config set, name=mgr/cephadm/container_init}]=0 v7)=0 v7) ==== 142+0+0 (secure 0 0 0) 0x7f450c06bfe0 con 0x7f451c109810
2024-09-12T03:17:03.828 INFO:teuthology.orchestra.run.smithi050.stdout:/usr/bin/ceph: stderr
2024-09-12T03:17:03.141+0000 7f4521200640 1 -- 172.21.15.50:0/76971093 >> [v2:172.21.15.50:6800/2850856182,v1:172.21.15.50:6801/2850856182] conn(0x7f4500038f70 msgr2=0x7f450003b430 secure :-1 s=STATE_CONNECTION_ESTABLISHED l=1).mark_down
2024-09-12T03:17:03.829 INFO:teuthology.orchestra.run.smithi050.stdout:/usr/bin/ceph: stderr
2024-09-12T03:17:03.141+0000 7f4521200640 1 --2- 172.21.15.50:0/76971093 >> [v2:172.21.15.50:6800/2850856182,v1:172.21.15.50:6801/2850856182] conn(0x7f4500038f70 0x7f450003b430 secure :-1 s=READY pgs=14 cs=0 l=1 rev1=1 crypto rx=0x7f45080098c0 tx=0x7f4508006db0 comp rx=0 tx=0).stop
2024-09-12T03:17:03.829 INFO:teuthology.orchestra.run.smithi050.stdout:/usr/bin/ceph: stderr
