2024-09-12T03:20:09.211 INFO:teuthology.orchestra.run.smithi064.stdout:/usr/bin/ceph: stderr
2024-09-12T03:20:08.424+0000 7fb9b1e68640 1 -- 172.21.15.64:0/483733546 >> 172.21.15.64:0/483733546 conn(0x7fb9ac101b80 msgr2=0x7fb9ac1027d0 unknown :-1 s=STATE_NONE l=0).mark_down
2024-09-12T03:20:09.211 INFO:teuthology.orchestra.run.smithi064.stdout:/usr/bin/ceph: stderr
2024-09-12T03:20:08.424+0000 7fb9b1e68640 1 -- 172.21.15.64:0/483733546 shutdown_connections
2024-09-12T03:20:09.211 INFO:teuthology.orchestra.run.smithi064.stdout:/usr/bin/ceph: stderr
2024-09-12T03:20:08.424+0000 7fb9b1e68640 1 -- 172.21.15.64:0/483733546 wait complete.
2024-09-12T03:20:09.211 INFO:teuthology.orchestra.run.smithi064.stdout:mgr epoch 9 is available
2024-09-12T03:20:09.211 INFO:teuthology.orchestra.run.smithi064.stdout:Generating a dashboard self-signed certificate...
2024-09-12T03:20:09.644 INFO:journalctl@ceph.mon.a.smithi064.stdout:Sep 12 03:20:09 smithi064 ceph-mon[30952]: from='client.14154 -' entity='client.admin' cmd=[{"prefix": "get_command_descriptions"}]: dispatch
2024-09-12T03:20:09.644 INFO:journalctl@ceph.mon.a.smithi064.stdout:Sep 12 03:20:09 smithi064 ceph-mon[30952]: mgrmap e11: x(active, since 1.00607s)
2024-09-12T03:20:09.644 INFO:journalctl@ceph.mon.a.smithi064.stdout:Sep 12 03:20:09 smithi064 ceph-mon[30952]: from='client.14154 -' entity='client.admin' cmd=[{"prefix": "mgr_status"}]: dispatch
2024-09-12T03:20:09.644 INFO:journalctl@ceph.mon.a.smithi064.stdout:Sep 12 03:20:09 smithi064 ceph-mon[30952]: from='mgr.14150 172.21.15.64:0/494675118' entity='mgr.x'
2024-09-12T03:20:10.459 INFO:teuthology.orchestra.run.smithi064.stdout:/usr/bin/ceph: stdout Self-signed certificate created
2024-09-12T03:20:10.459 INFO:teuthology.orchestra.run.smithi064.stdout:/usr/bin/ceph: stderr
2024-09-12T03:20:09.643+0000 7f77cf4ae640 1 Processor -- start
2024-09-12T03:20:10.459 INFO:teuthology.orchestra.run.smithi064.stdout:/usr/bin/ceph: stderr
2024-09-12T03:20:09.644+0000 7f77cf4ae640 1 -- start start
2024-09-12T03:20:10.459 INFO:teuthology.orchestra.run.smithi064.stdout:/usr/bin/ceph: stderr
2024-09-12T03:20:09.644+0000 7f77cf4ae640 1 --2- >> [v2:172.21.15.64:3300/0,v1:172.21.15.64:6789/0] conn(0x7f77c8107f70 0x7f77c810a360 unknown :-1 s=NONE pgs=0 cs=0 l=0 rev1=0 crypto rx=0 tx=0 comp rx=0 tx=0).connect
2024-09-12T03:20:10.460 INFO:teuthology.orchestra.run.smithi064.stdout:/usr/bin/ceph: stderr
2024-09-12T03:20:09.644+0000 7f77cf4ae640 1 -- --> [v2:172.21.15.64:3300/0,v1:172.21.15.64:6789/0] -- mon_getmap magic: 0 -- 0x7f77c807be80 con 0x7f77c8107f70
2024-09-12T03:20:10.460 INFO:teuthology.orchestra.run.smithi064.stdout:/usr/bin/ceph: stderr
2024-09-12T03:20:09.644+0000 7f77cd24a640 1 --2- >> [v2:172.21.15.64:3300/0,v1:172.21.15.64:6789/0] conn(0x7f77c8107f70 0x7f77c810a360 unknown :-1 s=BANNER_CONNECTING pgs=0 cs=0 l=0 rev1=0 crypto rx=0 tx=0 comp rx=0 tx=0)._handle_peer_banner_payload supported=3 required=0
2024-09-12T03:20:10.460 INFO:teuthology.orchestra.run.smithi064.stdout:/usr/bin/ceph: stderr
2024-09-12T03:20:09.644+0000 7f77cd24a640 1 --2- >> [v2:172.21.15.64:3300/0,v1:172.21.15.64:6789/0] conn(0x7f77c8107f70 0x7f77c810a360 unknown :-1 s=HELLO_CONNECTING pgs=0 cs=0 l=0 rev1=1 crypto rx=0 tx=0 comp rx=0 tx=0).handle_hello peer v2:172.21.15.64:3300/0 says I am v2:172.21.15.64:43250/0 (socket says 172.21.15.64:43250)
2024-09-12T03:20:10.460 INFO:teuthology.orchestra.run.smithi064.stdout:/usr/bin/ceph: stderr
2024-09-12T03:20:09.644+0000 7f77cd24a640 1 -- 172.21.15.64:0/1352587131 learned_addr learned my addr 172.21.15.64:0/1352587131 (peer_addr_for_me v2:172.21.15.64:0/0)
2024-09-12T03:20:10.460 INFO:teuthology.orchestra.run.smithi064.stdout:/usr/bin/ceph: stderr
2024-09-12T03:20:09.644+0000 7f77cd24a640 1 -- 172.21.15.64:0/1352587131 --> [v2:172.21.15.64:3300/0,v1:172.21.15.64:6789/0] -- mon_subscribe({config=0+,monmap=0+}) -- 0x7f77c810a8a0 con 0x7f77c8107f70
2024-09-12T03:20:10.460 INFO:teuthology.orchestra.run.smithi064.stdout:/usr/bin/ceph: stderr
2024-09-12T03:20:09.645+0000 7f77cd24a640 1 --2- 172.21.15.64:0/1352587131 >> [v2:172.21.15.64:3300/0,v1:172.21.15.64:6789/0] conn(0x7f77c8107f70 0x7f77c810a360 secure :-1 s=READY pgs=68 cs=0 l=1 rev1=1 crypto rx=0x7f77c4009820 tx=0x7f77c402a270 comp rx=0 tx=0).ready entity=mon.0 client_cookie=512d4e3fa62476b8 server_cookie=0 in_seq=0 out_seq=0
2024-09-12T03:20:10.460 INFO:teuthology.orchestra.run.smithi064.stdout:/usr/bin/ceph: stderr
2024-09-12T03:20:09.645+0000 7f77bffff640 1 -- 172.21.15.64:0/1352587131 <== mon.0 v2:172.21.15.64:3300/0 1 ==== mon_map magic: 0 ==== 205+0+0 (secure 0 0 0) 0x7f77c4037070 con 0x7f77c8107f70
2024-09-12T03:20:10.460 INFO:teuthology.orchestra.run.smithi064.stdout:/usr/bin/ceph: stderr
2024-09-12T03:20:09.645+0000 7f77bffff640 1 -- 172.21.15.64:0/1352587131 <== mon.0 v2:172.21.15.64:3300/0 2 ==== config(26 keys) ==== 1102+0+0 (secure 0 0 0) 0x7f77c40328f0 con 0x7f77c8107f70
2024-09-12T03:20:10.460 INFO:teuthology.orchestra.run.smithi064.stdout:/usr/bin/ceph: stderr
2024-09-12T03:20:09.645+0000 7f77bffff640 1 -- 172.21.15.64:0/1352587131 <== mon.0 v2:172.21.15.64:3300/0 3 ==== mon_map magic: 0 ==== 205+0+0 (secure 0 0 0) 0x7f77c4030740 con 0x7f77c8107f70
2024-09-12T03:20:10.460 INFO:teuthology.orchestra.run.smithi064.stdout:/usr/bin/ceph: stderr
2024-09-12T03:20:09.646+0000 7f77cf4ae640 1 -- 172.21.15.64:0/1352587131 >> [v2:172.21.15.64:3300/0,v1:172.21.15.64:6789/0] conn(0x7f77c8107f70 msgr2=0x7f77c810a360 secure :-1 s=STATE_CONNECTION_ESTABLISHED l=1).mark_down
2024-09-12T03:20:10.460 INFO:teuthology.orchestra.run.smithi064.stdout:/usr/bin/ceph: stderr
2024-09-12T03:20:09.646+0000 7f77cf4ae640 1 --2- 172.21.15.64:0/1352587131 >> [v2:172.21.15.64:3300/0,v1:172.21.15.64:6789/0] conn(0x7f77c8107f70 0x7f77c810a360 secure :-1 s=READY pgs=68 cs=0 l=1 rev1=1 crypto rx=0x7f77c4009820 tx=0x7f77c402a270 comp rx=0 tx=0).stop
2024-09-12T03:20:10.460 INFO:teuthology.orchestra.run.smithi064.stdout:/usr/bin/ceph: stderr
2024-09-12T03:20:09.646+0000 7f77cf4ae640 1 -- 172.21.15.64:0/1352587131 shutdown_connections
2024-09-12T03:20:10.461 INFO:teuthology.orchestra.run.smithi064.stdout:/usr/bin/ceph: stderr
2024-09-12T03:20:09.646+0000 7f77cf4ae640 1 --2- 172.21.15.64:0/1352587131 >> [v2:172.21.15.64:3300/0,v1:172.21.15.64:6789/0] conn(0x7f77c8107f70 0x7f77c810a360 unknown :-1 s=CLOSED pgs=68 cs=0 l=1 rev1=1 crypto rx=0 tx=0 comp rx=0 tx=0).stop
2024-09-12T03:20:10.461 INFO:teuthology.orchestra.run.smithi064.stdout:/usr/bin/ceph: stderr
2024-09-12T03:20:09.646+0000 7f77cf4ae640 1 -- 172.21.15.64:0/1352587131 >> 172.21.15.64:0/1352587131 conn(0x7f77c8101b70 msgr2=0x7f77c8103fd0 unknown :-1 s=STATE_NONE l=0).mark_down
2024-09-12T03:20:10.461 INFO:teuthology.orchestra.run.smithi064.stdout:/usr/bin/ceph: stderr
2024-09-12T03:20:09.646+0000 7f77cf4ae640 1 -- 172.21.15.64:0/1352587131 shutdown_connections
2024-09-12T03:20:10.461 INFO:teuthology.orchestra.run.smithi064.stdout:/usr/bin/ceph: stderr
2024-09-12T03:20:09.646+0000 7f77cf4ae640 1 -- 172.21.15.64:0/1352587131 wait complete.
2024-09-12T03:20:10.461 INFO:teuthology.orchestra.run.smithi064.stdout:/usr/bin/ceph: stderr
2024-09-12T03:20:09.647+0000 7f77cf4ae640 1 Processor -- start
2024-09-12T03:20:10.461 INFO:teuthology.orchestra.run.smithi064.stdout:/usr/bin/ceph: stderr
2024-09-12T03:20:09.647+0000 7f77cf4ae640 1 -- start start
2024-09-12T03:20:10.461 INFO:teuthology.orchestra.run.smithi064.stdout:/usr/bin/ceph: stderr
2024-09-12T03:20:09.647+0000 7f77cf4ae640 1 --2- >> [v2:172.21.15.64:3300/0,v1:172.21.15.64:6789/0] conn(0x7f77c8107f70 0x7f77c81077f0 unknown :-1 s=NONE pgs=0 cs=0 l=1 rev1=0 crypto rx=0 tx=0 comp rx=0 tx=0).connect
2024-09-12T03:20:10.461 INFO:teuthology.orchestra.run.smithi064.stdout:/usr/bin/ceph: stderr
2024-09-12T03:20:09.647+0000 7f77cf4ae640 1 -- --> [v2:172.21.15.64:3300/0,v1:172.21.15.64:6789/0] -- mon_getmap magic: 0 -- 0x7f77c810b920 con 0x7f77c8107f70
2024-09-12T03:20:10.461 INFO:teuthology.orchestra.run.smithi064.stdout:/usr/bin/ceph: stderr
2024-09-12T03:20:09.647+0000 7f77cd24a640 1 --2- >> [v2:172.21.15.64:3300/0,v1:172.21.15.64:6789/0] conn(0x7f77c8107f70 0x7f77c81077f0 unknown :-1 s=BANNER_CONNECTING pgs=0 cs=0 l=1 rev1=0 crypto rx=0 tx=0 comp rx=0 tx=0)._handle_peer_banner_payload supported=3 required=0
2024-09-12T03:20:10.461 INFO:teuthology.orchestra.run.smithi064.stdout:/usr/bin/ceph: stderr
2024-09-12T03:20:09.647+0000 7f77cd24a640 1 --2- >> [v2:172.21.15.64:3300/0,v1:172.21.15.64:6789/0] conn(0x7f77c8107f70 0x7f77c81077f0 unknown :-1 s=HELLO_CONNECTING pgs=0 cs=0 l=1 rev1=1 crypto rx=0 tx=0 comp rx=0 tx=0).handle_hello peer v2:172.21.15.64:3300/0 says I am v2:172.21.15.64:43252/0 (socket says 172.21.15.64:43252)
2024-09-12T03:20:10.461 INFO:teuthology.orchestra.run.smithi064.stdout:/usr/bin/ceph: stderr
2024-09-12T03:20:09.647+0000 7f77cd24a640 1 -- 172.21.15.64:0/3016999724 learned_addr learned my addr 172.21.15.64:0/3016999724 (peer_addr_for_me v2:172.21.15.64:0/0)
2024-09-12T03:20:10.461 INFO:teuthology.orchestra.run.smithi064.stdout:/usr/bin/ceph: stderr
2024-09-12T03:20:09.647+0000 7f77cd24a640 1 -- 172.21.15.64:0/3016999724 --> [v2:172.21.15.64:3300/0,v1:172.21.15.64:6789/0] -- mon_subscribe({config=0+,monmap=0+}) -- 0x7f77c8107d30 con 0x7f77c8107f70
2024-09-12T03:20:10.461 INFO:teuthology.orchestra.run.smithi064.stdout:/usr/bin/ceph: stderr
2024-09-12T03:20:09.648+0000 7f77cd24a640 1 --2- 172.21.15.64:0/3016999724 >> [v2:172.21.15.64:3300/0,v1:172.21.15.64:6789/0] conn(0x7f77c8107f70 0x7f77c81077f0 secure :-1 s=READY pgs=69 cs=0 l=1 rev1=1 crypto rx=0x7f77c40097f0 tx=0x7f77c4030c70 comp rx=0 tx=0).ready entity=mon.0 client_cookie=0 server_cookie=0 in_seq=0 out_seq=0
2024-09-12T03:20:10.462 INFO:teuthology.orchestra.run.smithi064.stdout:/usr/bin/ceph: stderr
2024-09-12T03:20:09.648+0000 7f77be7fc640 1 -- 172.21.15.64:0/3016999724 <== mon.0 v2:172.21.15.64:3300/0 1 ==== mon_map magic: 0 ==== 205+0+0 (secure 0 0 0) 0x7f77c4042070 con 0x7f77c8107f70
2024-09-12T03:20:10.462 INFO:teuthology.orchestra.run.smithi064.stdout:/usr/bin/ceph: stderr
2024-09-12T03:20:09.648+0000 7f77be7fc640 1 -- 172.21.15.64:0/3016999724 <== mon.0 v2:172.21.15.64:3300/0 2 ==== config(26 keys) ==== 1102+0+0 (secure 0 0 0) 0x7f77c4030e80 con 0x7f77c8107f70
2024-09-12T03:20:10.462 INFO:teuthology.orchestra.run.smithi064.stdout:/usr/bin/ceph: stderr
2024-09-12T03:20:09.648+0000 7f77be7fc640 1 -- 172.21.15.64:0/3016999724 <== mon.0 v2:172.21.15.64:3300/0 3 ==== mon_map magic: 0 ==== 205+0+0 (secure 0 0 0) 0x7f77c4037040 con 0x7f77c8107f70
2024-09-12T03:20:10.462 INFO:teuthology.orchestra.run.smithi064.stdout:/usr/bin/ceph: stderr
2024-09-12T03:20:09.648+0000 7f77cf4ae640 1 -- 172.21.15.64:0/3016999724 --> [v2:172.21.15.64:3300/0,v1:172.21.15.64:6789/0] -- mon_subscribe({mgrmap=0+}) -- 0x7f77c8105f20 con 0x7f77c8107f70
2024-09-12T03:20:10.462 INFO:teuthology.orchestra.run.smithi064.stdout:/usr/bin/ceph: stderr
2024-09-12T03:20:09.648+0000 7f77cf4ae640 1 -- 172.21.15.64:0/3016999724 --> [v2:172.21.15.64:3300/0,v1:172.21.15.64:6789/0] -- mon_subscribe({osdmap=0}) -- 0x7f77c8106460 con 0x7f77c8107f70
2024-09-12T03:20:10.462 INFO:teuthology.orchestra.run.smithi064.stdout:/usr/bin/ceph: stderr
2024-09-12T03:20:09.649+0000 7f77be7fc640 1 -- 172.21.15.64:0/3016999724 <== mon.0 v2:172.21.15.64:3300/0 4 ==== mgrmap(e 11) ==== 46194+0+0 (secure 0 0 0) 0x7f77c4045070 con 0x7f77c8107f70
2024-09-12T03:20:10.462 INFO:teuthology.orchestra.run.smithi064.stdout:/usr/bin/ceph: stderr
2024-09-12T03:20:09.649+0000 7f77be7fc640 1 --2- 172.21.15.64:0/3016999724 >> [v2:172.21.15.64:6800/759931848,v1:172.21.15.64:6801/759931848] conn(0x7f77b4038f00 0x7f77b403b3c0 unknown :-1 s=NONE pgs=0 cs=0 l=1 rev1=0 crypto rx=0 tx=0 comp rx=0 tx=0).connect
2024-09-12T03:20:10.462 INFO:teuthology.orchestra.run.smithi064.stdout:/usr/bin/ceph: stderr
2024-09-12T03:20:09.649+0000 7f77cf4ae640 1 -- 172.21.15.64:0/3016999724 --> [v2:172.21.15.64:3300/0,v1:172.21.15.64:6789/0] -- mon_command({"prefix": "get_command_descriptions"} v 0) -- 0x7f77c81083d0 con 0x7f77c8107f70
2024-09-12T03:20:10.462 INFO:teuthology.orchestra.run.smithi064.stdout:/usr/bin/ceph: stderr
2024-09-12T03:20:09.649+0000 7f77be7fc640 1 -- 172.21.15.64:0/3016999724 <== mon.0 v2:172.21.15.64:3300/0 5 ==== osd_map(3..3 src has 1..3) ==== 1155+0+0 (secure 0 0 0) 0x7f77c406bf50 con 0x7f77c8107f70
2024-09-12T03:20:10.462 INFO:teuthology.orchestra.run.smithi064.stdout:/usr/bin/ceph: stderr
2024-09-12T03:20:09.649+0000 7f77cca49640 1 --2- 172.21.15.64:0/3016999724 >> [v2:172.21.15.64:6800/759931848,v1:172.21.15.64:6801/759931848] conn(0x7f77b4038f00 0x7f77b403b3c0 unknown :-1 s=BANNER_CONNECTING pgs=0 cs=0 l=1 rev1=0 crypto rx=0 tx=0 comp rx=0 tx=0)._handle_peer_banner_payload supported=3 required=0
2024-09-12T03:20:10.463 INFO:teuthology.orchestra.run.smithi064.stdout:/usr/bin/ceph: stderr
2024-09-12T03:20:09.650+0000 7f77cca49640 1 --2- 172.21.15.64:0/3016999724 >> [v2:172.21.15.64:6800/759931848,v1:172.21.15.64:6801/759931848] conn(0x7f77b4038f00 0x7f77b403b3c0 secure :-1 s=READY pgs=7 cs=0 l=1 rev1=1 crypto rx=0x7f77b80098c0 tx=0x7f77b8006db0 comp rx=0 tx=0).ready entity=mgr.14150 client_cookie=0 server_cookie=0 in_seq=0 out_seq=0
2024-09-12T03:20:10.463 INFO:teuthology.orchestra.run.smithi064.stdout:/usr/bin/ceph: stderr
2024-09-12T03:20:09.654+0000 7f77be7fc640 1 -- 172.21.15.64:0/3016999724 <== mon.0 v2:172.21.15.64:3300/0 6 ==== mon_command_ack([{"prefix": "get_command_descriptions"}]=0 v0) ==== 72+0+188821 (secure 0 0 0) 0x7f77c404b170 con 0x7f77c8107f70
2024-09-12T03:20:10.463 INFO:teuthology.orchestra.run.smithi064.stdout:/usr/bin/ceph: stderr
2024-09-12T03:20:09.845+0000 7f77cf4ae640 1 -- 172.21.15.64:0/3016999724 --> [v2:172.21.15.64:6800/759931848,v1:172.21.15.64:6801/759931848] -- mgr_command(tid 0: {"prefix": "dashboard create-self-signed-cert", "target": ["mon-mgr", ""]}) -- 0x7f77c8106d80 con 0x7f77b4038f00
2024-09-12T03:20:10.463 INFO:teuthology.orchestra.run.smithi064.stdout:/usr/bin/ceph: stderr
2024-09-12T03:20:09.896+0000 7f77be7fc640 1 -- 172.21.15.64:0/3016999724 <== mgr.14150 v2:172.21.15.64:6800/759931848 1 ==== mgr_command_reply(tid 0: 0 ) ==== 8+0+32 (secure 0 0 0) 0x7f77c8106d80 con 0x7f77b4038f00
2024-09-12T03:20:10.463 INFO:teuthology.orchestra.run.smithi064.stdout:/usr/bin/ceph: stderr
2024-09-12T03:20:09.900+0000 7f77cf4ae640 1 -- 172.21.15.64:0/3016999724 >> [v2:172.21.15.64:6800/759931848,v1:172.21.15.64:6801/759931848] conn(0x7f77b4038f00 msgr2=0x7f77b403b3c0 secure :-1 s=STATE_CONNECTION_ESTABLISHED l=1).mark_down
2024-09-12T03:20:10.463 INFO:teuthology.orchestra.run.smithi064.stdout:/usr/bin/ceph: stderr
2024-09-12T03:20:09.900+0000 7f77cf4ae640 1 --2- 172.21.15.64:0/3016999724 >> [v2:172.21.15.64:6800/759931848,v1:172.21.15.64:6801/759931848] conn(0x7f77b4038f00 0x7f77b403b3c0 secure :-1 s=READY pgs=7 cs=0 l=1 rev1=1 crypto rx=0x7f77b80098c0 tx=0x7f77b8006db0 comp rx=0 tx=0).stop
2024-09-12T03:20:10.463 INFO:teuthology.orchestra.run.smithi064.stdout:/usr/bin/ceph: stderr
2024-09-12T03:20:09.900+0000 7f77cf4ae640 1 -- 172.21.15.64:0/3016999724 >> [v2:172.21.15.64:3300/0,v1:172.21.15.64:6789/0] conn(0x7f77c8107f70 msgr2=0x7f77c81077f0 secure :-1 s=STATE_CONNECTION_ESTABLISHED l=1).mark_down
2024-09-12T03:20:10.463 INFO:teuthology.orchestra.run.smithi064.stdout:/usr/bin/ceph: stderr
2024-09-12T03:20:09.900+0000 7f77cf4ae640 1 --2- 172.21.15.64:0/3016999724 >> [v2:172.21.15.64:3300/0,v1:172.21.15.64:6789/0] conn(0x7f77c8107f70 0x7f77c81077f0 secure :-1 s=READY pgs=69 cs=0 l=1 rev1=1 crypto rx=0x7f77c40097f0 tx=0x7f77c4030c70 comp rx=0 tx=0).stop
2024-09-12T03:20:10.463 INFO:teuthology.orchestra.run.smithi064.stdout:/usr/bin/ceph: stderr
2024-09-12T03:20:09.900+0000 7f77cf4ae640 1 -- 172.21.15.64:0/3016999724 shutdown_connections
2024-09-12T03:20:10.463 INFO:teuthology.orchestra.run.smithi064.stdout:/usr/bin/ceph: stderr
2024-09-12T03:20:09.900+0000 7f77cf4ae640 1 --2- 172.21.15.64:0/3016999724 >> [v2:172.21.15.64:6800/759931848,v1:172.21.15.64:6801/759931848] conn(0x7f77b4038f00 0x7f77b403b3c0 unknown :-1 s=CLOSED pgs=7 cs=0 l=1 rev1=1 crypto rx=0 tx=0 comp rx=0 tx=0).stop
2024-09-12T03:20:10.463 INFO:teuthology.orchestra.run.smithi064.stdout:/usr/bin/ceph: stderr
2024-09-12T03:20:09.900+0000 7f77cf4ae640 1 --2- 172.21.15.64:0/3016999724 >> [v2:172.21.15.64:3300/0,v1:172.21.15.64:6789/0] conn(0x7f77c8107f70 0x7f77c81077f0 unknown :-1 s=CLOSED pgs=69 cs=0 l=1 rev1=1 crypto rx=0 tx=0 comp rx=0 tx=0).stop
2024-09-12T03:20:10.463 INFO:teuthology.orchestra.run.smithi064.stdout:/usr/bin/ceph: stderr
2024-09-12T03:20:09.900+0000 7f77cf4ae640 1 -- 172.21.15.64:0/3016999724 >> 172.21.15.64:0/3016999724 conn(0x7f77c8101b70 msgr2=0x7f77c8102770 unknown :-1 s=STATE_NONE l=0).mark_down
2024-09-12T03:20:10.463 INFO:teuthology.orchestra.run.smithi064.stdout:/usr/bin/ceph: stderr
2024-09-12T03:20:09.900+0000 7f77cf4ae640 1 -- 172.21.15.64:0/3016999724 shutdown_connections
2024-09-12T03:20:10.464 INFO:teuthology.orchestra.run.smithi064.stdout:/usr/bin/ceph: stderr
2024-09-12T03:20:09.900+0000 7f77cf4ae640 1 -- 172.21.15.64:0/3016999724 wait complete.
2024-09-12T03:20:10.464 INFO:teuthology.orchestra.run.smithi064.stdout:Creating initial admin user...
2024-09-12T03:20:10.522 INFO:journalctl@ceph.mgr.x.smithi064.stdout:Sep 12 03:20:10 smithi064 ceph-b0812460-70b5-11ef-bcea-c7b262605968-mgr-x[31178]:
2024-09-12T03:20:10.258+0000 7f44154a8640 -1 log_channel(cephadm) log [ERR] : [12/Sep/2024:03:20:10] ENGINE Error in HTTPServer.serve
2024-09-12T03:20:10.522 INFO:journalctl@ceph.mgr.x.smithi064.stdout:Sep 12 03:20:10 smithi064 ceph-b0812460-70b5-11ef-bcea-c7b262605968-mgr-x[31178]: Traceback (most recent call last):
2024-09-12T03:20:10.523 INFO:journalctl@ceph.mgr.x.smithi064.stdout:Sep 12 03:20:10 smithi064 ceph-b0812460-70b5-11ef-bcea-c7b262605968-mgr-x[31178]: File "/lib/python3.9/site-packages/cheroot/server.py", line 1823, in serve
2024-09-12T03:20:10.523 INFO:journalctl@ceph.mgr.x.smithi064.stdout:Sep 12 03:20:10 smithi064 ceph-b0812460-70b5-11ef-bcea-c7b262605968-mgr-x[31178]: self._connections.run(self.expiration_interval)
2024-09-12T03:20:10.523 INFO:journalctl@ceph.mgr.x.smithi064.stdout:Sep 12 03:20:10 smithi064 ceph-b0812460-70b5-11ef-bcea-c7b262605968-mgr-x[31178]: File "/lib/python3.9/site-packages/cheroot/connections.py", line 203, in run
2024-09-12T03:20:10.523 INFO:journalctl@ceph.mgr.x.smithi064.stdout:Sep 12 03:20:10 smithi064 ceph-b0812460-70b5-11ef-bcea-c7b262605968-mgr-x[31178]: self._run(expiration_interval)
2024-09-12T03:20:10.523 INFO:journalctl@ceph.mgr.x.smithi064.stdout:Sep 12 03:20:10 smithi064 ceph-b0812460-70b5-11ef-bcea-c7b262605968-mgr-x[31178]: File "/lib/python3.9/site-packages/cheroot/connections.py", line 246, in _run
2024-09-12T03:20:10.523 INFO:journalctl@ceph.mgr.x.smithi064.stdout:Sep 12 03:20:10 smithi064 ceph-b0812460-70b5-11ef-bcea-c7b262605968-mgr-x[31178]: new_conn = self._from_server_socket(self.server.socket)
2024-09-12T03:20:10.523 INFO:journalctl@ceph.mgr.x.smithi064.stdout:Sep 12 03:20:10 smithi064 ceph-b0812460-70b5-11ef-bcea-c7b262605968-mgr-x[31178]: File "/lib/python3.9/site-packages/cheroot/connections.py", line 300, in _from_server_socket
2024-09-12T03:20:10.523 INFO:journalctl@ceph.mgr.x.smithi064.stdout:Sep 12 03:20:10 smithi064 ceph-b0812460-70b5-11ef-bcea-c7b262605968-mgr-x[31178]: s, ssl_env = self.server.ssl_adapter.wrap(s)
2024-09-12T03:20:10.523 INFO:journalctl@ceph.mgr.x.smithi064.stdout:Sep 12 03:20:10 smithi064 ceph-b0812460-70b5-11ef-bcea-c7b262605968-mgr-x[31178]: File "/lib/python3.9/site-packages/cheroot/ssl/builtin.py", line 277, in wrap
2024-09-12T03:20:10.523 INFO:journalctl@ceph.mgr.x.smithi064.stdout:Sep 12 03:20:10 smithi064 ceph-b0812460-70b5-11ef-bcea-c7b262605968-mgr-x[31178]: s = self.context.wrap_socket(
2024-09-12T03:20:10.523 INFO:journalctl@ceph.mgr.x.smithi064.stdout:Sep 12 03:20:10 smithi064 ceph-b0812460-70b5-11ef-bcea-c7b262605968-mgr-x[31178]: File "/lib64/python3.9/ssl.py", line 501, in wrap_socket
2024-09-12T03:20:10.524 INFO:journalctl@ceph.mgr.x.smithi064.stdout:Sep 12 03:20:10 smithi064 ceph-b0812460-70b5-11ef-bcea-c7b262605968-mgr-x[31178]: return self.sslsocket_class._create(
2024-09-12T03:20:10.524 INFO:journalctl@ceph.mgr.x.smithi064.stdout:Sep 12 03:20:10 smithi064 ceph-b0812460-70b5-11ef-bcea-c7b262605968-mgr-x[31178]: File "/lib64/python3.9/ssl.py", line 1074, in _create
2024-09-12T03:20:10.524 INFO:journalctl@ceph.mgr.x.smithi064.stdout:Sep 12 03:20:10 smithi064 ceph-b0812460-70b5-11ef-bcea-c7b262605968-mgr-x[31178]: self.do_handshake()
2024-09-12T03:20:10.524 INFO:journalctl@ceph.mgr.x.smithi064.stdout:Sep 12 03:20:10 smithi064 ceph-b0812460-70b5-11ef-bcea-c7b262605968-mgr-x[31178]: File "/lib64/python3.9/ssl.py", line 1343, in do_handshake
2024-09-12T03:20:10.524 INFO:journalctl@ceph.mgr.x.smithi064.stdout:Sep 12 03:20:10 smithi064 ceph-b0812460-70b5-11ef-bcea-c7b262605968-mgr-x[31178]: self._sslobj.do_handshake()
2024-09-12T03:20:10.524 INFO:journalctl@ceph.mgr.x.smithi064.stdout:Sep 12 03:20:10 smithi064 ceph-b0812460-70b5-11ef-bcea-c7b262605968-mgr-x[31178]: ssl.SSLZeroReturnError: TLS/SSL connection has been closed (EOF) (_ssl.c:1133)
2024-09-12T03:20:10.524 INFO:journalctl@ceph.mgr.x.smithi064.stdout:Sep 12 03:20:10 smithi064 ceph-b0812460-70b5-11ef-bcea-c7b262605968-mgr-x[31178]:
2024-09-12T03:20:11.103 INFO:journalctl@ceph.mon.a.smithi064.stdout:Sep 12 03:20:10 smithi064 ceph-mon[30952]: from='mgr.14150 172.21.15.64:0/494675118' entity='mgr.x'
2024-09-12T03:20:11.103 INFO:journalctl@ceph.mon.a.smithi064.stdout:Sep 12 03:20:10 smithi064 ceph-mon[30952]: from='mgr.14150 172.21.15.64:0/494675118' entity='mgr.x'
2024-09-12T03:20:11.103 INFO:journalctl@ceph.mon.a.smithi064.stdout:Sep 12 03:20:10 smithi064 ceph-mon[30952]: from='mgr.14150 172.21.15.64:0/494675118' entity='mgr.x'
2024-09-12T03:20:11.103 INFO:journalctl@ceph.mon.a.smithi064.stdout:Sep 12 03:20:10 smithi064 ceph-mon[30952]: [12/Sep/2024:03:20:10] ENGINE Bus STARTING
2024-09-12T03:20:11.103 INFO:journalctl@ceph.mon.a.smithi064.stdout:Sep 12 03:20:10 smithi064 ceph-mon[30952]: mgrmap e12: x(active, since 2s)
2024-09-12T03:20:11.103 INFO:journalctl@ceph.mon.a.smithi064.stdout:Sep 12 03:20:10 smithi064 ceph-mon[30952]: [12/Sep/2024:03:20:10] ENGINE Serving on https://172.21.15.64:7150
2024-09-12T03:20:11.103 INFO:journalctl@ceph.mon.a.smithi064.stdout:Sep 12 03:20:10 smithi064 ceph-mon[30952]: [12/Sep/2024:03:20:10] ENGINE Error in HTTPServer.serve
2024-09-12T03:20:11.103 INFO:journalctl@ceph.mon.a.smithi064.stdout: Traceback (most recent call last):
2024-09-12T03:20:11.103 INFO:journalctl@ceph.mon.a.smithi064.stdout: File "/lib/python3.9/site-packages/cheroot/server.py", line 1823, in serve
2024-09-12T03:20:11.103 INFO:journalctl@ceph.mon.a.smithi064.stdout: self._connections.run(self.expiration_interval)
2024-09-12T03:20:11.104 INFO:journalctl@ceph.mon.a.smithi064.stdout: File "/lib/python3.9/site-packages/cheroot/connections.py", line 203, in run
2024-09-12T03:20:11.104 INFO:journalctl@ceph.mon.a.smithi064.stdout: self._run(expiration_interval)
2024-09-12T03:20:11.104 INFO:journalctl@ceph.mon.a.smithi064.stdout: File "/lib/python3.9/site-packages/cheroot/connections.py", line 246, in _run
2024-09-12T03:20:11.104 INFO:journalctl@ceph.mon.a.smithi064.stdout: new_conn = self._from_server_socket(self.server.socket)
2024-09-12T03:20:11.104 INFO:journalctl@ceph.mon.a.smithi064.stdout: File "/lib/python3.9/site-packages/cheroot/connections.py", line 300, in _from_server_socket
2024-09-12T03:20:11.104 INFO:journalctl@ceph.mon.a.smithi064.stdout: s, ssl_env = self.server.ssl_adapter.wrap(s)
2024-09-12T03:20:11.104 INFO:journalctl@ceph.mon.a.smithi064.stdout: File "/lib/python3.9/site-packages/cheroot/ssl/builtin.py", line 277, in wrap
2024-09-12T03:20:11.104 INFO:journalctl@ceph.mon.a.smithi064.stdout: s = self.context.wrap_socket(
2024-09-12T03:20:11.104 INFO:journalctl@ceph.mon.a.smithi064.stdout: File "/lib64/python3.9/ssl.py", line 501, in wrap_socket
2024-09-12T03:20:11.104 INFO:journalctl@ceph.mon.a.smithi064.stdout: return self.sslsocket_class._create(
2024-09-12T03:20:11.104 INFO:journalctl@ceph.mon.a.smithi064.stdout: File "/lib64/python3.9/ssl.py", line 1074, in _create
2024-09-12T03:20:11.105 INFO:journalctl@ceph.mon.a.smithi064.stdout: self.do_handshake()
2024-09-12T03:20:11.105 INFO:journalctl@ceph.mon.a.smithi064.stdout: File "/lib64/python3.9/ssl.py", line 1343, in do_handshake
2024-09-12T03:20:11.105 INFO:journalctl@ceph.mon.a.smithi064.stdout: self._sslobj.do_handshake()
2024-09-12T03:20:11.105 INFO:journalctl@ceph.mon.a.smithi064.stdout: ssl.SSLZeroReturnError: TLS/SSL connection has been closed (EOF) (_ssl.c:1133)
2024-09-12T03:20:11.105 INFO:journalctl@ceph.mon.a.smithi064.stdout:Sep 12 03:20:10 smithi064 ceph-mon[30952]: [12/Sep/2024:03:20:10] ENGINE Serving on http://172.21.15.64:8765
2024-09-12T03:20:11.105 INFO:journalctl@ceph.mon.a.smithi064.stdout:Sep 12 03:20:10 smithi064 ceph-mon[30952]: [12/Sep/2024:03:20:10] ENGINE Bus STARTED
2024-09-12T03:20:11.997 INFO:teuthology.orchestra.run.smithi064.stdout:/usr/bin/ceph: stdout {"username": "admin", "password": "$2b$12$f3KPiu/8Tov02vpyIVlZc..NcmKp6B7vRE9hSs/17h6n.NxyL02F.", "roles": ["administrator"], "name": null, "email": null, "lastUpdate": 1726111211, "enabled": true, "pwdExpirationDate": null, "pwdUpdateRequired": true}
2024-09-12T03:20:11.997 INFO:teuthology.orchestra.run.smithi064.stdout:/usr/bin/ceph: stderr
2024-09-12T03:20:10.840+0000 7faa2354e640 1 Processor -- start
2024-09-12T03:20:11.997 INFO:teuthology.orchestra.run.smithi064.stdout:/usr/bin/ceph: stderr
2024-09-12T03:20:10.841+0000 7faa2354e640 1 -- start start
2024-09-12T03:20:11.997 INFO:teuthology.orchestra.run.smithi064.stdout:/usr/bin/ceph: stderr
2024-09-12T03:20:10.841+0000 7faa2354e640 1 --2- >> [v2:172.21.15.64:3300/0,v1:172.21.15.64:6789/0] conn(0x7faa1c107f70 0x7faa1c10a360 unknown :-1 s=NONE pgs=0 cs=0 l=0 rev1=0 crypto rx=0 tx=0 comp rx=0 tx=0).connect
2024-09-12T03:20:11.997 INFO:teuthology.orchestra.run.smithi064.stdout:/usr/bin/ceph: stderr
2024-09-12T03:20:10.841+0000 7faa2354e640 1 -- --> [v2:172.21.15.64:3300/0,v1:172.21.15.64:6789/0] -- mon_getmap magic: 0 -- 0x7faa1c07be80 con 0x7faa1c107f70
2024-09-12T03:20:11.998 INFO:teuthology.orchestra.run.smithi064.stdout:/usr/bin/ceph: stderr
2024-09-12T03:20:10.841+0000 7faa212ea640 1 --2- >> [v2:172.21.15.64:3300/0,v1:172.21.15.64:6789/0] conn(0x7faa1c107f70 0x7faa1c10a360 unknown :-1 s=BANNER_CONNECTING pgs=0 cs=0 l=0 rev1=0 crypto rx=0 tx=0 comp rx=0 tx=0)._handle_peer_banner_payload supported=3 required=0
2024-09-12T03:20:11.998 INFO:teuthology.orchestra.run.smithi064.stdout:/usr/bin/ceph: stderr
2024-09-12T03:20:10.841+0000 7faa212ea640 1 --2- >> [v2:172.21.15.64:3300/0,v1:172.21.15.64:6789/0] conn(0x7faa1c107f70 0x7faa1c10a360 unknown :-1 s=HELLO_CONNECTING pgs=0 cs=0 l=0 rev1=1 crypto rx=0 tx=0 comp rx=0 tx=0).handle_hello peer v2:172.21.15.64:3300/0 says I am v2:172.21.15.64:43266/0 (socket says 172.21.15.64:43266)
2024-09-12T03:20:11.998 INFO:teuthology.orchestra.run.smithi064.stdout:/usr/bin/ceph: stderr
2024-09-12T03:20:10.841+0000 7faa212ea640 1 -- 172.21.15.64:0/2537362898 learned_addr learned my addr 172.21.15.64:0/2537362898 (peer_addr_for_me v2:172.21.15.64:0/0)
2024-09-12T03:20:11.998 INFO:teuthology.orchestra.run.smithi064.stdout:/usr/bin/ceph: stderr
2024-09-12T03:20:10.841+0000 7faa212ea640 1 -- 172.21.15.64:0/2537362898 --> [v2:172.21.15.64:3300/0,v1:172.21.15.64:6789/0] -- mon_subscribe({config=0+,monmap=0+}) -- 0x7faa1c10a8a0 con 0x7faa1c107f70
2024-09-12T03:20:11.998 INFO:teuthology.orchestra.run.smithi064.stdout:/usr/bin/ceph: stderr
2024-09-12T03:20:10.842+0000 7faa212ea640 1 --2- 172.21.15.64:0/2537362898 >> [v2:172.21.15.64:3300/0,v1:172.21.15.64:6789/0] conn(0x7faa1c107f70 0x7faa1c10a360 secure :-1 s=READY pgs=70 cs=0 l=1 rev1=1 crypto rx=0x7faa18009820 tx=0x7faa1802a270 comp rx=0 tx=0).ready entity=mon.0 client_cookie=a81663340b3f02a3 server_cookie=0 in_seq=0 out_seq=0
2024-09-12T03:20:11.998 INFO:teuthology.orchestra.run.smithi064.stdout:/usr/bin/ceph: stderr
2024-09-12T03:20:10.842+0000 7faa13fff640 1 -- 172.21.15.64:0/2537362898 <== mon.0 v2:172.21.15.64:3300/0 1 ==== mon_map magic: 0 ==== 205+0+0 (secure 0 0 0) 0x7faa18037070 con 0x7faa1c107f70
2024-09-12T03:20:11.998 INFO:teuthology.orchestra.run.smithi064.stdout:/usr/bin/ceph: stderr
2024-09-12T03:20:10.842+0000 7faa13fff640 1 -- 172.21.15.64:0/2537362898 <== mon.0 v2:172.21.15.64:3300/0 2 ==== config(26 keys) ==== 1102+0+0 (secure 0 0 0) 0x7faa180328f0 con 0x7faa1c107f70
2024-09-12T03:20:11.998 INFO:teuthology.orchestra.run.smithi064.stdout:/usr/bin/ceph: stderr
2024-09-12T03:20:10.842+0000 7faa13fff640 1 -- 172.21.15.64:0/2537362898 <== mon.0 v2:172.21.15.64:3300/0 3 ==== mon_map magic: 0 ==== 205+0+0 (secure 0 0 0) 0x7faa18030740 con 0x7faa1c107f70
2024-09-12T03:20:11.999 INFO:teuthology.orchestra.run.smithi064.stdout:/usr/bin/ceph: stderr
2024-09-12T03:20:10.843+0000 7faa2354e640 1 -- 172.21.15.64:0/2537362898 >> [v2:172.21.15.64:3300/0,v1:172.21.15.64:6789/0] conn(0x7faa1c107f70 msgr2=0x7faa1c10a360 secure :-1 s=STATE_CONNECTION_ESTABLISHED l=1).mark_down
2024-09-12T03:20:11.999 INFO:teuthology.orchestra.run.smithi064.stdout:/usr/bin/ceph: stderr
2024-09-12T03:20:10.843+0000 7faa2354e640 1 --2- 172.21.15.64:0/2537362898 >> [v2:172.21.15.64:3300/0,v1:172.21.15.64:6789/0] conn(0x7faa1c107f70 0x7faa1c10a360 secure :-1 s=READY pgs=70 cs=0 l=1 rev1=1 crypto rx=0x7faa18009820 tx=0x7faa1802a270 comp rx=0 tx=0).stop
2024-09-12T03:20:11.999 INFO:teuthology.orchestra.run.smithi064.stdout:/usr/bin/ceph: stderr
2024-09-12T03:20:10.844+0000 7faa2354e640 1 -- 172.21.15.64:0/2537362898 shutdown_connections
2024-09-12T03:20:11.999 INFO:teuthology.orchestra.run.smithi064.stdout:/usr/bin/ceph: stderr
2024-09-12T03:20:10.844+0000 7faa2354e640 1 --2- 172.21.15.64:0/2537362898 >> [v2:172.21.15.64:3300/0,v1:172.21.15.64:6789/0] conn(0x7faa1c107f70 0x7faa1c10a360 unknown :-1 s=CLOSED pgs=70 cs=0 l=1 rev1=1 crypto rx=0 tx=0 comp rx=0 tx=0).stop
2024-09-12T03:20:12.000 INFO:teuthology.orchestra.run.smithi064.stdout:/usr/bin/ceph: stderr
2024-09-12T03:20:10.844+0000 7faa2354e640 1 -- 172.21.15.64:0/2537362898 >> 172.21.15.64:0/2537362898 conn(0x7faa1c101b70 msgr2=0x7faa1c103fd0 unknown :-1 s=STATE_NONE l=0).mark_down
2024-09-12T03:20:12.000 INFO:teuthology.orchestra.run.smithi064.stdout:/usr/bin/ceph: stderr
2024-09-12T03:20:10.844+0000 7faa2354e640 1 -- 172.21.15.64:0/2537362898 shutdown_connections
2024-09-12T03:20:12.000 INFO:teuthology.orchestra.run.smithi064.stdout:/usr/bin/ceph: stderr
2024-09-12T03:20:10.844+0000 7faa2354e640 1 -- 172.21.15.64:0/2537362898 wait complete.
2024-09-12T03:20:12.000 INFO:teuthology.orchestra.run.smithi064.stdout:/usr/bin/ceph: stderr
2024-09-12T03:20:10.844+0000 7faa2354e640 1 Processor -- start
2024-09-12T03:20:12.000 INFO:teuthology.orchestra.run.smithi064.stdout:/usr/bin/ceph: stderr
2024-09-12T03:20:10.845+0000 7faa2354e640 1 -- start start
2024-09-12T03:20:12.000 INFO:teuthology.orchestra.run.smithi064.stdout:/usr/bin/ceph: stderr
2024-09-12T03:20:10.845+0000 7faa2354e640 1 --2- >> [v2:172.21.15.64:3300/0,v1:172.21.15.64:6789/0] conn(0x7faa1c107f70 0x7faa1c19b4e0 unknown :-1 s=NONE pgs=0 cs=0 l=1 rev1=0 crypto rx=0 tx=0 comp rx=0 tx=0).connect
2024-09-12T03:20:12.000 INFO:teuthology.orchestra.run.smithi064.stdout:/usr/bin/ceph: stderr
2024-09-12T03:20:10.845+0000 7faa2354e640 1 -- --> [v2:172.21.15.64:3300/0,v1:172.21.15.64:6789/0] -- mon_getmap magic: 0 -- 0x7faa1c10b920 con 0x7faa1c107f70
2024-09-12T03:20:12.000 INFO:teuthology.orchestra.run.smithi064.stdout:/usr/bin/ceph: stderr
2024-09-12T03:20:10.845+0000 7faa212ea640 1 --2- >> [v2:172.21.15.64:3300/0,v1:172.21.15.64:6789/0] conn(0x7faa1c107f70 0x7faa1c19b4e0 unknown :-1 s=BANNER_CONNECTING pgs=0 cs=0 l=1 rev1=0 crypto rx=0 tx=0 comp rx=0 tx=0)._handle_peer_banner_payload supported=3 required=0
2024-09-12T03:20:12.000 INFO:teuthology.orchestra.run.smithi064.stdout:/usr/bin/ceph: stderr
2024-09-12T03:20:10.845+0000 7faa212ea640 1 --2- >> [v2:172.21.15.64:3300/0,v1:172.21.15.64:6789/0] conn(0x7faa1c107f70 0x7faa1c19b4e0 unknown :-1 s=HELLO_CONNECTING pgs=0 cs=0 l=1 rev1=1 crypto rx=0 tx=0 comp rx=0 tx=0).handle_hello peer v2:172.21.15.64:3300/0 says I am v2:172.21.15.64:43268/0 (socket says 172.21.15.64:43268)
2024-09-12T03:20:12.000 INFO:teuthology.orchestra.run.smithi064.stdout:/usr/bin/ceph: stderr
2024-09-12T03:20:10.845+0000 7faa212ea640 1 -- 172.21.15.64:0/3822039818 learned_addr learned my addr 172.21.15.64:0/3822039818 (peer_addr_for_me v2:172.21.15.64:0/0)
2024-09-12T03:20:12.000 INFO:teuthology.orchestra.run.smithi064.stdout:/usr/bin/ceph: stderr
2024-09-12T03:20:10.845+0000 7faa212ea640 1 -- 172.21.15.64:0/3822039818 --> [v2:172.21.15.64:3300/0,v1:172.21.15.64:6789/0] -- mon_subscribe({config=0+,monmap=0+}) -- 0x7faa1c19ba20 con 0x7faa1c107f70
2024-09-12T03:20:12.001 INFO:teuthology.orchestra.run.smithi064.stdout:/usr/bin/ceph: stderr
2024-09-12T03:20:10.845+0000 7faa212ea640 1 --2- 172.21.15.64:0/3822039818 >> [v2:172.21.15.64:3300/0,v1:172.21.15.64:6789/0] conn(0x7faa1c107f70 0x7faa1c19b4e0 secure :-1 s=READY pgs=71 cs=0 l=1 rev1=1 crypto rx=0x7faa180097f0 tx=0x7faa18030c70 comp rx=0 tx=0).ready entity=mon.0 client_cookie=0 server_cookie=0 in_seq=0 out_seq=0
2024-09-12T03:20:12.001 INFO:teuthology.orchestra.run.smithi064.stdout:/usr/bin/ceph: stderr
2024-09-12T03:20:10.846+0000 7faa127fc640 1 -- 172.21.15.64:0/3822039818 <== mon.0 v2:172.21.15.64:3300/0 1 ==== mon_map magic: 0 ==== 205+0+0 (secure 0 0 0) 0x7faa18042070 con 0x7faa1c107f70
2024-09-12T03:20:12.001 INFO:teuthology.orchestra.run.smithi064.stdout:/usr/bin/ceph: stderr
2024-09-12T03:20:10.846+0000 7faa2354e640 1 -- 172.21.15.64:0/3822039818 --> [v2:172.21.15.64:3300/0,v1:172.21.15.64:6789/0] -- mon_subscribe({mgrmap=0+}) -- 0x7faa1c19bcb0 con 0x7faa1c107f70
2024-09-12T03:20:12.001 INFO:teuthology.orchestra.run.smithi064.stdout:/usr/bin/ceph: stderr
2024-09-12T03:20:10.846+0000 7faa127fc640 1 -- 172.21.15.64:0/3822039818 <== mon.0 v2:172.21.15.64:3300/0 2 ==== config(26 keys) ==== 1102+0+0 (secure 0 0 0) 0x7faa18030e80 con 0x7faa1c107f70
2024-09-12T03:20:12.001 INFO:teuthology.orchestra.run.smithi064.stdout:/usr/bin/ceph: stderr
2024-09-12T03:20:10.846+0000 7faa127fc640 1 -- 172.21.15.64:0/3822039818 <== mon.0 v2:172.21.15.64:3300/0 3 ==== mon_map magic: 0 ==== 205+0+0 (secure 0 0 0) 0x7faa18037040 con 0x7faa1c107f70
2024-09-12T03:20:12.001 INFO:teuthology.orchestra.run.smithi064.stdout:/usr/bin/ceph: stderr
2024-09-12T03:20:10.846+0000 7faa2354e640 1 -- 172.21.15.64:0/3822039818 --> [v2:172.21.15.64:3300/0,v1:172.21.15.64:6789/0] -- mon_subscribe({osdmap=0}) -- 0x7faa1c19e9a0 con 0x7faa1c107f70
2024-09-12T03:20:12.001 INFO:teuthology.orchestra.run.smithi064.stdout:/usr/bin/ceph: stderr
2024-09-12T03:20:10.847+0000 7faa127fc640 1 -- 172.21.15.64:0/3822039818 <== mon.0 v2:172.21.15.64:3300/0 4 ==== mgrmap(e 12) ==== 46300+0+0 (secure 0 0 0) 0x7faa18045070 con 0x7faa1c107f70
2024-09-12T03:20:12.001 INFO:teuthology.orchestra.run.smithi064.stdout:/usr/bin/ceph: stderr
2024-09-12T03:20:10.847+0000 7faa2354e640 1 -- 172.21.15.64:0/3822039818 --> [v2:172.21.15.64:3300/0,v1:172.21.15.64:6789/0] -- mon_command({"prefix": "get_command_descriptions"} v 0) -- 0x7faa1c1083d0 con 0x7faa1c107f70
2024-09-12T03:20:12.001 INFO:teuthology.orchestra.run.smithi064.stdout:/usr/bin/ceph: stderr
2024-09-12T03:20:10.847+0000 7faa127fc640 1 --2- 172.21.15.64:0/3822039818 >> [v2:172.21.15.64:6800/759931848,v1:172.21.15.64:6801/759931848] conn(0x7faa08039020 0x7faa0803b4e0 unknown :-1 s=NONE pgs=0 cs=0 l=1 rev1=0 crypto rx=0 tx=0 comp rx=0 tx=0).connect
2024-09-12T03:20:12.001 INFO:teuthology.orchestra.run.smithi064.stdout:/usr/bin/ceph: stderr
2024-09-12T03:20:10.847+0000 7faa127fc640 1 -- 172.21.15.64:0/3822039818 <== mon.0 v2:172.21.15.64:3300/0 5 ==== osd_map(3..3 src has 1..3) ==== 1155+0+0 (secure 0 0 0) 0x7faa1806c150 con 0x7faa1c107f70
2024-09-12T03:20:12.002 INFO:teuthology.orchestra.run.smithi064.stdout:/usr/bin/ceph: stderr
2024-09-12T03:20:10.847+0000 7faa20ae9640 1 --2- 172.21.15.64:0/3822039818 >> [v2:172.21.15.64:6800/759931848,v1:172.21.15.64:6801/759931848] conn(0x7faa08039020 0x7faa0803b4e0 unknown :-1 s=BANNER_CONNECTING pgs=0 cs=0 l=1 rev1=0 crypto rx=0 tx=0 comp rx=0 tx=0)._handle_peer_banner_payload supported=3 required=0
2024-09-12T03:20:12.002 INFO:teuthology.orchestra.run.smithi064.stdout:/usr/bin/ceph: stderr
2024-09-12T03:20:10.848+0000 7faa20ae9640 1 --2- 172.21.15.64:0/3822039818 >> [v2:172.21.15.64:6800/759931848,v1:172.21.15.64:6801/759931848] conn(0x7faa08039020 0x7faa0803b4e0 secure :-1 s=READY pgs=8 cs=0 l=1 rev1=1 crypto rx=0x7faa0c0098c0 tx=0x7faa0c006db0 comp rx=0 tx=0).ready entity=mgr.14150 client_cookie=0 server_cookie=0 in_seq=0 out_seq=0
2024-09-12T03:20:12.002 INFO:teuthology.orchestra.run.smithi064.stdout:/usr/bin/ceph: stderr
2024-09-12T03:20:10.856+0000 7faa127fc640 1 -- 172.21.15.64:0/3822039818 <== mon.0 v2:172.21.15.64:3300/0 6 ==== mon_command_ack([{"prefix": "get_command_descriptions"}]=0 v0) ==== 72+0+188821 (secure 0 0 0) 0x7faa18045360 con 0x7faa1c107f70
2024-09-12T03:20:12.002 INFO:teuthology.orchestra.run.smithi064.stdout:/usr/bin/ceph: stderr
2024-09-12T03:20:11.058+0000 7faa2354e640 1 -- 172.21.15.64:0/3822039818 --> [v2:172.21.15.64:6800/759931848,v1:172.21.15.64:6801/759931848] -- mgr_command(tid 0: {"prefix": "dashboard ac-user-create", "username": "admin", "rolename": "administrator", "force_password": true, "pwd_update_required": true, "target": ["mon-mgr", ""]}) -- 0x7faa1c19c190 con 0x7faa08039020
2024-09-12T03:20:12.002 INFO:teuthology.orchestra.run.smithi064.stdout:/usr/bin/ceph: stderr
2024-09-12T03:20:11.307+0000 7faa127fc640 1 -- 172.21.15.64:0/3822039818 <== mgr.14150 v2:172.21.15.64:6800/759931848 1 ==== mgr_command_reply(tid 0: 0 ) ==== 8+0+252 (secure 0 0 0) 0x7faa1c19c190 con 0x7faa08039020
2024-09-12T03:20:12.002 INFO:teuthology.orchestra.run.smithi064.stdout:/usr/bin/ceph: stderr
2024-09-12T03:20:11.309+0000 7faa2354e640 1 -- 172.21.15.64:0/3822039818 >> [v2:172.21.15.64:6800/759931848,v1:172.21.15.64:6801/759931848] conn(0x7faa08039020 msgr2=0x7faa0803b4e0 secure :-1 s=STATE_CONNECTION_ESTABLISHED l=1).mark_down
2024-09-12T03:20:12.002 INFO:teuthology.orchestra.run.smithi064.stdout:/usr/bin/ceph: stderr
2024-09-12T03:20:11.309+0000 7faa2354e640 1 --2- 172.21.15.64:0/3822039818 >> [v2:172.21.15.64:6800/759931848,v1:172.21.15.64:6801/759931848] conn(0x7faa08039020 0x7faa0803b4e0 secure :-1 s=READY pgs=8 cs=0 l=1 rev1=1 crypto rx=0x7faa0c0098c0 tx=0x7faa0c006db0 comp rx=0 tx=0).stop
2024-09-12T03:20:12.002 INFO:teuthology.orchestra.run.smithi064.stdout:/usr/bin/ceph: stderr
2024-09-12T03:20:11.309+0000 7faa2354e640 1 -- 172.21.15.64:0/3822039818 >> [v2:172.21.15.64:3300/0,v1:172.21.15.64:6789/0] conn(0x7faa1c107f70 msgr2=0x7faa1c19b4e0 secure :-1 s=STATE_CONNECTION_ESTABLISHED l=1).mark_down
2024-09-12T03:20:12.002 INFO:teuthology.orchestra.run.smithi064.stdout:/usr/bin/ceph: stderr
2024-09-12T03:20:11.309+0000 7faa2354e640 1 --2- 172.21.15.64:0/3822039818 >> [v2:172.21.15.64:3300/0,v1:172.21.15.64:6789/0] conn(0x7faa1c107f70 0x7faa1c19b4e0 secure :-1 s=READY pgs=71 cs=0 l=1 rev1=1 crypto rx=0x7faa180097f0 tx=0x7faa18030c70 comp rx=0 tx=0).stop
2024-09-12T03:20:12.002 INFO:teuthology.orchestra.run.smithi064.stdout:/usr/bin/ceph: stderr
2024-09-12T03:20:11.309+0000 7faa2354e640 1 -- 172.21.15.64:0/3822039818 shutdown_connections
2024-09-12T03:20:12.002 INFO:teuthology.orchestra.run.smithi064.stdout:/usr/bin/ceph: stderr
2024-09-12T03:20:11.309+0000 7faa2354e640 1 --2- 172.21.15.64:0/3822039818 >> [v2:172.21.15.64:6800/759931848,v1:172.21.15.64:6801/759931848] conn(0x7faa08039020 0x7faa0803b4e0 unknown :-1 s=CLOSED pgs=8 cs=0 l=1 rev1=1 crypto rx=0 tx=0 comp rx=0 tx=0).stop
2024-09-12T03:20:12.002 INFO:teuthology.orchestra.run.smithi064.stdout:/usr/bin/ceph: stderr
2024-09-12T03:20:11.309+0000 7faa2354e640 1 --2- 172.21.15.64:0/3822039818 >> [v2:172.21.15.64:3300/0,v1:172.21.15.64:6789/0] conn(0x7faa1c107f70 0x7faa1c19b4e0 unknown :-1 s=CLOSED pgs=71 cs=0 l=1 rev1=1 crypto rx=0 tx=0 comp rx=0 tx=0).stop
2024-09-12T03:20:12.003 INFO:teuthology.orchestra.run.smithi064.stdout:/usr/bin/ceph: stderr
2024-09-12T03:20:11.309+0000 7faa2354e640 1 -- 172.21.15.64:0/3822039818 >> 172.21.15.64:0/3822039818 conn(0x7faa1c101b70 msgr2=0x7faa1c102770 unknown :-1 s=STATE_NONE l=0).mark_down
2024-09-12T03:20:12.003 INFO:teuthology.orchestra.run.smithi064.stdout:/usr/bin/ceph: stderr
2024-09-12T03:20:11.310+0000 7faa2354e640 1 -- 172.21.15.64:0/3822039818 shutdown_connections
2024-09-12T03:20:12.003 INFO:teuthology.orchestra.run.smithi064.stdout:/usr/bin/ceph: stderr
2024-09-12T03:20:11.310+0000 7faa2354e640 1 -- 172.21.15.64:0/3822039818 wait complete.
2024-09-12T03:20:12.003 INFO:teuthology.orchestra.run.smithi064.stdout:Fetching dashboard port number...
2024-09-12T03:20:12.381 INFO:journalctl@ceph.mon.a.smithi064.stdout:Sep 12 03:20:12 smithi064 ceph-mon[30952]: from='client.14164 -' entity='client.admin' cmd=[{"prefix": "dashboard ac-user-create", "username": "admin", "rolename": "administrator", "force_password": true, "pwd_update_required": true, "target": ["mon-mgr", ""]}]: dispatch
2024-09-12T03:20:12.381 INFO:journalctl@ceph.mon.a.smithi064.stdout:Sep 12 03:20:12 smithi064 ceph-mon[30952]: from='mgr.14150 172.21.15.64:0/494675118' entity='mgr.x'
2024-09-12T03:20:13.420 INFO:journalctl@ceph.mon.a.smithi064.stdout:Sep 12 03:20:13 smithi064 ceph-mon[30952]: from='client.? 172.21.15.64:0/2081702116' entity='client.admin' cmd=[{"prefix": "config get", "who": "mgr", "key": "mgr/dashboard/ssl_server_port"}]: dispatch
2024-09-12T03:20:13.430 INFO:teuthology.orchestra.run.smithi064.stdout:/usr/bin/ceph: stdout 8443
2024-09-12T03:20:13.430 INFO:teuthology.orchestra.run.smithi064.stdout:/usr/bin/ceph: stderr
2024-09-12T03:20:12.399+0000 7ff8dcc3b640 1 Processor -- start
2024-09-12T03:20:13.430 INFO:teuthology.orchestra.run.smithi064.stdout:/usr/bin/ceph: stderr
2024-09-12T03:20:12.399+0000 7ff8dcc3b640 1 -- start start
2024-09-12T03:20:13.430 INFO:teuthology.orchestra.run.smithi064.stdout:/usr/bin/ceph: stderr
2024-09-12T03:20:12.400+0000 7ff8dcc3b640 1 --2- >> [v2:172.21.15.64:3300/0,v1:172.21.15.64:6789/0] conn(0x7ff8d807de50 0x7ff8d807c2b0 unknown :-1 s=NONE pgs=0 cs=0 l=0 rev1=0 crypto rx=0 tx=0 comp rx=0 tx=0).connect
2024-09-12T03:20:13.430 INFO:teuthology.orchestra.run.smithi064.stdout:/usr/bin/ceph: stderr
2024-09-12T03:20:12.400+0000 7ff8dcc3b640 1 -- --> [v2:172.21.15.64:3300/0,v1:172.21.15.64:6789/0] -- mon_getmap magic: 0 -- 0x7ff8d807c880 con 0x7ff8d807de50
2024-09-12T03:20:13.430 INFO:teuthology.orchestra.run.smithi064.stdout:/usr/bin/ceph: stderr
2024-09-12T03:20:12.400+0000 7ff8d659c640 1 --2- >> [v2:172.21.15.64:3300/0,v1:172.21.15.64:6789/0] conn(0x7ff8d807de50 0x7ff8d807c2b0 unknown :-1 s=BANNER_CONNECTING pgs=0 cs=0 l=0 rev1=0 crypto rx=0 tx=0 comp rx=0 tx=0)._handle_peer_banner_payload supported=3 required=0
2024-09-12T03:20:13.431 INFO:teuthology.orchestra.run.smithi064.stdout:/usr/bin/ceph: stderr
2024-09-12T03:20:12.400+0000 7ff8d659c640 1 --2- >> [v2:172.21.15.64:3300/0,v1:172.21.15.64:6789/0] conn(0x7ff8d807de50 0x7ff8d807c2b0 unknown :-1 s=HELLO_CONNECTING pgs=0 cs=0 l=0 rev1=1 crypto rx=0 tx=0 comp rx=0 tx=0).handle_hello peer v2:172.21.15.64:3300/0 says I am v2:172.21.15.64:43282/0 (socket says 172.21.15.64:43282)
2024-09-12T03:20:13.431 INFO:teuthology.orchestra.run.smithi064.stdout:/usr/bin/ceph: stderr
2024-09-12T03:20:12.400+0000 7ff8d659c640 1 -- 172.21.15.64:0/1028084342 learned_addr learned my addr 172.21.15.64:0/1028084342 (peer_addr_for_me v2:172.21.15.64:0/0)
2024-09-12T03:20:13.431 INFO:teuthology.orchestra.run.smithi064.stdout:/usr/bin/ceph: stderr
2024-09-12T03:20:12.400+0000 7ff8d659c640 1 -- 172.21.15.64:0/1028084342 --> [v2:172.21.15.64:3300/0,v1:172.21.15.64:6789/0] -- mon_subscribe({config=0+,monmap=0+}) -- 0x7ff8d807ca00 con 0x7ff8d807de50
2024-09-12T03:20:13.431 INFO:teuthology.orchestra.run.smithi064.stdout:/usr/bin/ceph: stderr
2024-09-12T03:20:12.401+0000 7ff8d659c640 1 --2- 172.21.15.64:0/1028084342 >> [v2:172.21.15.64:3300/0,v1:172.21.15.64:6789/0] conn(0x7ff8d807de50 0x7ff8d807c2b0 secure :-1 s=READY pgs=72 cs=0 l=1 rev1=1 crypto rx=0x7ff8c8009e80 tx=0x7ff8c802a7a0 comp rx=0 tx=0).ready entity=mon.0 client_cookie=a5fc99023d52f807 server_cookie=0 in_seq=0 out_seq=0
2024-09-12T03:20:13.431 INFO:teuthology.orchestra.run.smithi064.stdout:/usr/bin/ceph: stderr
2024-09-12T03:20:12.401+0000 7ff8d559a640 1 -- 172.21.15.64:0/1028084342 <== mon.0 v2:172.21.15.64:3300/0 1 ==== mon_map magic: 0 ==== 205+0+0 (secure 0 0 0) 0x7ff8c8036070 con 0x7ff8d807de50
2024-09-12T03:20:13.431 INFO:teuthology.orchestra.run.smithi064.stdout:/usr/bin/ceph: stderr
2024-09-12T03:20:12.401+0000 7ff8d559a640 1 -- 172.21.15.64:0/1028084342 <== mon.0 v2:172.21.15.64:3300/0 2 ==== config(26 keys) ==== 1102+0+0 (secure 0 0 0) 0x7ff8c80318b0 con 0x7ff8d807de50
2024-09-12T03:20:13.432 INFO:teuthology.orchestra.run.smithi064.stdout:/usr/bin/ceph: stderr
2024-09-12T03:20:12.401+0000 7ff8d559a640 1 -- 172.21.15.64:0/1028084342 <== mon.0 v2:172.21.15.64:3300/0 3 ==== mon_map magic: 0 ==== 205+0+0 (secure 0 0 0) 0x7ff8c8007930 con 0x7ff8d807de50
2024-09-12T03:20:13.432 INFO:teuthology.orchestra.run.smithi064.stdout:/usr/bin/ceph: stderr
2024-09-12T03:20:12.402+0000 7ff8dcc3b640 1 -- 172.21.15.64:0/1028084342 >> [v2:172.21.15.64:3300/0,v1:172.21.15.64:6789/0] conn(0x7ff8d807de50 msgr2=0x7ff8d807c2b0 secure :-1 s=STATE_CONNECTION_ESTABLISHED l=1).mark_down
2024-09-12T03:20:13.432 INFO:teuthology.orchestra.run.smithi064.stdout:/usr/bin/ceph: stderr
2024-09-12T03:20:12.402+0000 7ff8dcc3b640 1 --2- 172.21.15.64:0/1028084342 >> [v2:172.21.15.64:3300/0,v1:172.21.15.64:6789/0] conn(0x7ff8d807de50 0x7ff8d807c2b0 secure :-1 s=READY pgs=72 cs=0 l=1 rev1=1 crypto rx=0x7ff8c8009e80 tx=0x7ff8c802a7a0 comp rx=0 tx=0).stop
2024-09-12T03:20:13.432 INFO:teuthology.orchestra.run.smithi064.stdout:/usr/bin/ceph: stderr
2024-09-12T03:20:12.402+0000 7ff8dcc3b640 1 -- 172.21.15.64:0/1028084342 shutdown_connections
2024-09-12T03:20:13.432 INFO:teuthology.orchestra.run.smithi064.stdout:/usr/bin/ceph: stderr
2024-09-12T03:20:12.402+0000 7ff8dcc3b640 1 --2- 172.21.15.64:0/1028084342 >> [v2:172.21.15.64:3300/0,v1:172.21.15.64:6789/0] conn(0x7ff8d807de50 0x7ff8d807c2b0 unknown :-1 s=CLOSED pgs=72 cs=0 l=1 rev1=1 crypto rx=0 tx=0 comp rx=0 tx=0).stop
2024-09-12T03:20:13.432 INFO:teuthology.orchestra.run.smithi064.stdout:/usr/bin/ceph: stderr
2024-09-12T03:20:12.402+0000 7ff8dcc3b640 1 -- 172.21.15.64:0/1028084342 >> 172.21.15.64:0/1028084342 conn(0x7ff8d8102d30 msgr2=0x7ff8d8105150 unknown :-1 s=STATE_NONE l=0).mark_down
2024-09-12T03:20:13.432 INFO:teuthology.orchestra.run.smithi064.stdout:/usr/bin/ceph: stderr
2024-09-12T03:20:12.402+0000 7ff8dcc3b640 1 -- 172.21.15.64:0/1028084342 shutdown_connections
2024-09-12T03:20:13.432 INFO:teuthology.orchestra.run.smithi064.stdout:/usr/bin/ceph: stderr
2024-09-12T03:20:12.402+0000 7ff8dcc3b640 1 -- 172.21.15.64:0/1028084342 wait complete.
2024-09-12T03:20:13.432 INFO:teuthology.orchestra.run.smithi064.stdout:/usr/bin/ceph: stderr
2024-09-12T03:20:12.403+0000 7ff8dcc3b640 1 Processor -- start
2024-09-12T03:20:13.432 INFO:teuthology.orchestra.run.smithi064.stdout:/usr/bin/ceph: stderr
2024-09-12T03:20:12.403+0000 7ff8dcc3b640 1 -- start start
2024-09-12T03:20:13.433 INFO:teuthology.orchestra.run.smithi064.stdout:/usr/bin/ceph: stderr
2024-09-12T03:20:12.403+0000 7ff8dcc3b640 1 --2- >> [v2:172.21.15.64:3300/0,v1:172.21.15.64:6789/0] conn(0x7ff8d807de50 0x7ff8d819d6e0 unknown :-1 s=NONE pgs=0 cs=0 l=1 rev1=0 crypto rx=0 tx=0 comp rx=0 tx=0).connect
2024-09-12T03:20:13.433 INFO:teuthology.orchestra.run.smithi064.stdout:/usr/bin/ceph: stderr
2024-09-12T03:20:12.403+0000 7ff8dcc3b640 1 -- --> [v2:172.21.15.64:3300/0,v1:172.21.15.64:6789/0] -- mon_getmap magic: 0 -- 0x7ff8d810db70 con 0x7ff8d807de50
2024-09-12T03:20:13.433 INFO:teuthology.orchestra.run.smithi064.stdout:/usr/bin/ceph: stderr
2024-09-12T03:20:12.403+0000 7ff8d659c640 1 --2- >> [v2:172.21.15.64:3300/0,v1:172.21.15.64:6789/0] conn(0x7ff8d807de50 0x7ff8d819d6e0 unknown :-1 s=BANNER_CONNECTING pgs=0 cs=0 l=1 rev1=0 crypto rx=0 tx=0 comp rx=0 tx=0)._handle_peer_banner_payload supported=3 required=0
2024-09-12T03:20:13.433 INFO:teuthology.orchestra.run.smithi064.stdout:/usr/bin/ceph: stderr
2024-09-12T03:20:12.403+0000 7ff8d659c640 1 --2- >> [v2:172.21.15.64:3300/0,v1:172.21.15.64:6789/0] conn(0x7ff8d807de50 0x7ff8d819d6e0 unknown :-1 s=HELLO_CONNECTING pgs=0 cs=0 l=1 rev1=1 crypto rx=0 tx=0 comp rx=0 tx=0).handle_hello peer v2:172.21.15.64:3300/0 says I am v2:172.21.15.64:43298/0 (socket says 172.21.15.64:43298)
2024-09-12T03:20:13.433 INFO:teuthology.orchestra.run.smithi064.stdout:/usr/bin/ceph: stderr
2024-09-12T03:20:12.403+0000 7ff8d659c640 1 -- 172.21.15.64:0/2081702116 learned_addr learned my addr 172.21.15.64:0/2081702116 (peer_addr_for_me v2:172.21.15.64:0/0)
2024-09-12T03:20:13.433 INFO:teuthology.orchestra.run.smithi064.stdout:/usr/bin/ceph: stderr
2024-09-12T03:20:12.403+0000 7ff8d659c640 1 -- 172.21.15.64:0/2081702116 --> [v2:172.21.15.64:3300/0,v1:172.21.15.64:6789/0] -- mon_subscribe({config=0+,monmap=0+}) -- 0x7ff8d819dc20 con 0x7ff8d807de50
2024-09-12T03:20:13.433 INFO:teuthology.orchestra.run.smithi064.stdout:/usr/bin/ceph: stderr
2024-09-12T03:20:12.404+0000 7ff8d659c640 1 --2- 172.21.15.64:0/2081702116 >> [v2:172.21.15.64:3300/0,v1:172.21.15.64:6789/0] conn(0x7ff8d807de50 0x7ff8d819d6e0 secure :-1 s=READY pgs=73 cs=0 l=1 rev1=1 crypto rx=0x7ff8c8031c90 tx=0x7ff8c8031cc0 comp rx=0 tx=0).ready entity=mon.0 client_cookie=0 server_cookie=0 in_seq=0 out_seq=0
2024-09-12T03:20:13.433 INFO:teuthology.orchestra.run.smithi064.stdout:/usr/bin/ceph: stderr
