2024-09-12T03:29:14.670+0000 7fd87effd640 1 --2- 172.21.15.1:0/1940673309 >> [v2:172.21.15.1:6800/405325063,v1:172.21.15.1:6801/405325063] conn(0x7fd874038f70 0x7fd87403b430 unknown :-1 s=START_CONNECT pgs=0 cs=0 l=1 rev1=0 crypto rx=0 tx=0 comp rx=0 tx=0).stop
2024-09-12T03:29:16.322 INFO:teuthology.orchestra.run.smithi001.stdout:/usr/bin/ceph: stderr
2024-09-12T03:29:15.670+0000 7fd87effd640 1 -- 172.21.15.1:0/1940673309 <== mon.0 v2:172.21.15.1:3300/0 7 ==== mgrmap(e 7) ==== 46181+0+0 (secure 0 0 0) 0x7fd88403d430 con 0x7fd888108460
2024-09-12T03:29:16.322 INFO:teuthology.orchestra.run.smithi001.stdout:/usr/bin/ceph: stderr
2024-09-12T03:29:15.671+0000 7fd87effd640 1 --2- 172.21.15.1:0/1940673309 >> [v2:172.21.15.1:6800/182019539,v1:172.21.15.1:6801/182019539] conn(0x7fd87403c8a0 0x7fd87403ec90 unknown :-1 s=NONE pgs=0 cs=0 l=1 rev1=0 crypto rx=0 tx=0 comp rx=0 tx=0).connect
2024-09-12T03:29:16.323 INFO:teuthology.orchestra.run.smithi001.stdout:/usr/bin/ceph: stderr
2024-09-12T03:29:15.671+0000 7fd87effd640 1 -- 172.21.15.1:0/1940673309 --> [v2:172.21.15.1:6800/182019539,v1:172.21.15.1:6801/182019539] -- command(tid 0: {"prefix": "get_command_descriptions"}) -- 0x7fd88400ad80 con 0x7fd87403c8a0
2024-09-12T03:29:16.323 INFO:teuthology.orchestra.run.smithi001.stdout:/usr/bin/ceph: stderr
2024-09-12T03:29:15.671+0000 7fd88d61d640 1 --2- 172.21.15.1:0/1940673309 >> [v2:172.21.15.1:6800/182019539,v1:172.21.15.1:6801/182019539] conn(0x7fd87403c8a0 0x7fd87403ec90 unknown :-1 s=BANNER_CONNECTING pgs=0 cs=0 l=1 rev1=0 crypto rx=0 tx=0 comp rx=0 tx=0)._handle_peer_banner_payload supported=3 required=0
2024-09-12T03:29:16.323 INFO:teuthology.orchestra.run.smithi001.stdout:/usr/bin/ceph: stderr
2024-09-12T03:29:15.672+0000 7fd88d61d640 1 --2- 172.21.15.1:0/1940673309 >> [v2:172.21.15.1:6800/182019539,v1:172.21.15.1:6801/182019539] conn(0x7fd87403c8a0 0x7fd87403ec90 secure :-1 s=READY pgs=1 cs=0 l=1 rev1=1 crypto rx=0x7fd878003980 tx=0x7fd878006e10 comp rx=0 tx=0).ready entity=mgr.14118 client_cookie=0 server_cookie=0 in_seq=0 out_seq=0
2024-09-12T03:29:16.323 INFO:teuthology.orchestra.run.smithi001.stdout:/usr/bin/ceph: stderr
2024-09-12T03:29:15.672+0000 7fd87effd640 1 -- 172.21.15.1:0/1940673309 <== mgr.14118 v2:172.21.15.1:6800/182019539 1 ==== command_reply(tid 0: 0 ) ==== 8+0+9564 (secure 0 0 0) 0x7fd88400ad80 con 0x7fd87403c8a0
2024-09-12T03:29:16.323 INFO:teuthology.orchestra.run.smithi001.stdout:/usr/bin/ceph: stderr
2024-09-12T03:29:15.685+0000 7fd890082640 1 -- 172.21.15.1:0/1940673309 --> [v2:172.21.15.1:6800/182019539,v1:172.21.15.1:6801/182019539] -- command(tid 1: {"prefix": "mgr_status"}) -- 0x7fd8881088c0 con 0x7fd87403c8a0
2024-09-12T03:29:16.323 INFO:teuthology.orchestra.run.smithi001.stdout:/usr/bin/ceph: stderr
2024-09-12T03:29:15.685+0000 7fd87effd640 1 -- 172.21.15.1:0/1940673309 <== mgr.14118 v2:172.21.15.1:6800/182019539 2 ==== command_reply(tid 1: 0 ) ==== 8+0+51 (secure 0 0 0) 0x7fd8881088c0 con 0x7fd87403c8a0
2024-09-12T03:29:16.323 INFO:teuthology.orchestra.run.smithi001.stdout:/usr/bin/ceph: stderr
2024-09-12T03:29:15.685+0000 7fd890082640 1 -- 172.21.15.1:0/1940673309 >> [v2:172.21.15.1:6800/182019539,v1:172.21.15.1:6801/182019539] conn(0x7fd87403c8a0 msgr2=0x7fd87403ec90 secure :-1 s=STATE_CONNECTION_ESTABLISHED l=1).mark_down
2024-09-12T03:29:16.323 INFO:teuthology.orchestra.run.smithi001.stdout:/usr/bin/ceph: stderr
2024-09-12T03:29:15.685+0000 7fd890082640 1 --2- 172.21.15.1:0/1940673309 >> [v2:172.21.15.1:6800/182019539,v1:172.21.15.1:6801/182019539] conn(0x7fd87403c8a0 0x7fd87403ec90 secure :-1 s=READY pgs=1 cs=0 l=1 rev1=1 crypto rx=0x7fd878003980 tx=0x7fd878006e10 comp rx=0 tx=0).stop
2024-09-12T03:29:16.323 INFO:teuthology.orchestra.run.smithi001.stdout:/usr/bin/ceph: stderr
2024-09-12T03:29:15.685+0000 7fd890082640 1 -- 172.21.15.1:0/1940673309 >> [v2:172.21.15.1:3300/0,v1:172.21.15.1:6789/0] conn(0x7fd888108460 msgr2=0x7fd888107ce0 secure :-1 s=STATE_CONNECTION_ESTABLISHED l=1).mark_down
2024-09-12T03:29:16.323 INFO:teuthology.orchestra.run.smithi001.stdout:/usr/bin/ceph: stderr
2024-09-12T03:29:15.685+0000 7fd890082640 1 --2- 172.21.15.1:0/1940673309 >> [v2:172.21.15.1:3300/0,v1:172.21.15.1:6789/0] conn(0x7fd888108460 0x7fd888107ce0 secure :-1 s=READY pgs=27 cs=0 l=1 rev1=1 crypto rx=0x7fd884009940 tx=0x7fd884032e60 comp rx=0 tx=0).stop
2024-09-12T03:29:16.323 INFO:teuthology.orchestra.run.smithi001.stdout:/usr/bin/ceph: stderr
2024-09-12T03:29:15.685+0000 7fd890082640 1 -- 172.21.15.1:0/1940673309 shutdown_connections
2024-09-12T03:29:16.323 INFO:teuthology.orchestra.run.smithi001.stdout:/usr/bin/ceph: stderr
2024-09-12T03:29:15.685+0000 7fd890082640 1 --2- 172.21.15.1:0/1940673309 >> [v2:172.21.15.1:6800/182019539,v1:172.21.15.1:6801/182019539] conn(0x7fd87403c8a0 0x7fd87403ec90 unknown :-1 s=CLOSED pgs=1 cs=0 l=1 rev1=1 crypto rx=0 tx=0 comp rx=0 tx=0).stop
2024-09-12T03:29:16.323 INFO:teuthology.orchestra.run.smithi001.stdout:/usr/bin/ceph: stderr
2024-09-12T03:29:15.685+0000 7fd890082640 1 --2- 172.21.15.1:0/1940673309 >> [v2:172.21.15.1:6800/405325063,v1:172.21.15.1:6801/405325063] conn(0x7fd874038f70 0x7fd87403b430 unknown :-1 s=CLOSED pgs=0 cs=0 l=1 rev1=0 crypto rx=0 tx=0 comp rx=0 tx=0).stop
2024-09-12T03:29:16.323 INFO:teuthology.orchestra.run.smithi001.stdout:/usr/bin/ceph: stderr
2024-09-12T03:29:15.685+0000 7fd890082640 1 --2- 172.21.15.1:0/1940673309 >> [v2:172.21.15.1:3300/0,v1:172.21.15.1:6789/0] conn(0x7fd888108460 0x7fd888107ce0 unknown :-1 s=CLOSED pgs=27 cs=0 l=1 rev1=1 crypto rx=0 tx=0 comp rx=0 tx=0).stop
2024-09-12T03:29:16.324 INFO:teuthology.orchestra.run.smithi001.stdout:/usr/bin/ceph: stderr
2024-09-12T03:29:15.685+0000 7fd890082640 1 -- 172.21.15.1:0/1940673309 >> 172.21.15.1:0/1940673309 conn(0x7fd888102040 msgr2=0x7fd888102c20 unknown :-1 s=STATE_NONE l=0).mark_down
2024-09-12T03:29:16.324 INFO:teuthology.orchestra.run.smithi001.stdout:/usr/bin/ceph: stderr
2024-09-12T03:29:15.685+0000 7fd890082640 1 -- 172.21.15.1:0/1940673309 shutdown_connections
2024-09-12T03:29:16.324 INFO:teuthology.orchestra.run.smithi001.stdout:/usr/bin/ceph: stderr
2024-09-12T03:29:15.685+0000 7fd890082640 1 -- 172.21.15.1:0/1940673309 wait complete.
2024-09-12T03:29:16.324 INFO:teuthology.orchestra.run.smithi001.stdout:mgr epoch 5 is available
2024-09-12T03:29:16.324 INFO:teuthology.orchestra.run.smithi001.stdout:Setting orchestrator backend to cephadm...
2024-09-12T03:29:16.579 INFO:journalctl@ceph.mon.a.smithi001.stdout:Sep 12 03:29:16 smithi001 ceph-mon[31216]: Found migration_current of "None". Setting to last migration.
2024-09-12T03:29:16.579 INFO:journalctl@ceph.mon.a.smithi001.stdout:Sep 12 03:29:16 smithi001 ceph-mon[31216]: from='mgr.14118 172.21.15.1:0/1473493399' entity='mgr.x'
2024-09-12T03:29:16.579 INFO:journalctl@ceph.mon.a.smithi001.stdout:Sep 12 03:29:16 smithi001 ceph-mon[31216]: from='mgr.14118 172.21.15.1:0/1473493399' entity='mgr.x'
2024-09-12T03:29:16.579 INFO:journalctl@ceph.mon.a.smithi001.stdout:Sep 12 03:29:16 smithi001 ceph-mon[31216]: mgrmap e7: x(active, since 1.00552s)
2024-09-12T03:29:17.482 INFO:teuthology.orchestra.run.smithi001.stdout:/usr/bin/ceph: stderr
2024-09-12T03:29:16.703+0000 7f530f2c4640 1 Processor -- start
2024-09-12T03:29:17.482 INFO:teuthology.orchestra.run.smithi001.stdout:/usr/bin/ceph: stderr
2024-09-12T03:29:16.703+0000 7f530f2c4640 1 -- start start
2024-09-12T03:29:17.482 INFO:teuthology.orchestra.run.smithi001.stdout:/usr/bin/ceph: stderr
2024-09-12T03:29:16.703+0000 7f530f2c4640 1 --2- >> [v2:172.21.15.1:3300/0,v1:172.21.15.1:6789/0] conn(0x7f53081062a0 0x7f53081066a0 unknown :-1 s=NONE pgs=0 cs=0 l=0 rev1=0 crypto rx=0 tx=0 comp rx=0 tx=0).connect
2024-09-12T03:29:17.482 INFO:teuthology.orchestra.run.smithi001.stdout:/usr/bin/ceph: stderr
2024-09-12T03:29:16.703+0000 7f530f2c4640 1 -- --> [v2:172.21.15.1:3300/0,v1:172.21.15.1:6789/0] -- mon_getmap magic: 0 -- 0x7f5308063490 con 0x7f53081062a0
2024-09-12T03:29:17.482 INFO:teuthology.orchestra.run.smithi001.stdout:/usr/bin/ceph: stderr
2024-09-12T03:29:16.704+0000 7f530d060640 1 --2- >> [v2:172.21.15.1:3300/0,v1:172.21.15.1:6789/0] conn(0x7f53081062a0 0x7f53081066a0 unknown :-1 s=BANNER_CONNECTING pgs=0 cs=0 l=0 rev1=0 crypto rx=0 tx=0 comp rx=0 tx=0)._handle_peer_banner_payload supported=3 required=0
2024-09-12T03:29:17.482 INFO:teuthology.orchestra.run.smithi001.stdout:/usr/bin/ceph: stderr
2024-09-12T03:29:16.704+0000 7f530d060640 1 --2- >> [v2:172.21.15.1:3300/0,v1:172.21.15.1:6789/0] conn(0x7f53081062a0 0x7f53081066a0 unknown :-1 s=HELLO_CONNECTING pgs=0 cs=0 l=0 rev1=1 crypto rx=0 tx=0 comp rx=0 tx=0).handle_hello peer v2:172.21.15.1:3300/0 says I am v2:172.21.15.1:41210/0 (socket says 172.21.15.1:41210)
2024-09-12T03:29:17.482 INFO:teuthology.orchestra.run.smithi001.stdout:/usr/bin/ceph: stderr
2024-09-12T03:29:16.704+0000 7f530d060640 1 -- 172.21.15.1:0/2093803175 learned_addr learned my addr 172.21.15.1:0/2093803175 (peer_addr_for_me v2:172.21.15.1:0/0)
2024-09-12T03:29:17.482 INFO:teuthology.orchestra.run.smithi001.stdout:/usr/bin/ceph: stderr
2024-09-12T03:29:16.704+0000 7f530d060640 1 -- 172.21.15.1:0/2093803175 --> [v2:172.21.15.1:3300/0,v1:172.21.15.1:6789/0] -- mon_subscribe({config=0+,monmap=0+}) -- 0x7f5308106be0 con 0x7f53081062a0
2024-09-12T03:29:17.483 INFO:teuthology.orchestra.run.smithi001.stdout:/usr/bin/ceph: stderr
2024-09-12T03:29:16.705+0000 7f530d060640 1 --2- 172.21.15.1:0/2093803175 >> [v2:172.21.15.1:3300/0,v1:172.21.15.1:6789/0] conn(0x7f53081062a0 0x7f53081066a0 secure :-1 s=READY pgs=35 cs=0 l=1 rev1=1 crypto rx=0x7f5304009820 tx=0x7f530402a270 comp rx=0 tx=0).ready entity=mon.0 client_cookie=6d951b9bfa3c87be server_cookie=0 in_seq=0 out_seq=0
2024-09-12T03:29:17.483 INFO:teuthology.orchestra.run.smithi001.stdout:/usr/bin/ceph: stderr
2024-09-12T03:29:16.705+0000 7f52fffff640 1 -- 172.21.15.1:0/2093803175 <== mon.0 v2:172.21.15.1:3300/0 1 ==== mon_map magic: 0 ==== 205+0+0 (secure 0 0 0) 0x7f5304037070 con 0x7f53081062a0
2024-09-12T03:29:17.483 INFO:teuthology.orchestra.run.smithi001.stdout:/usr/bin/ceph: stderr
2024-09-12T03:29:16.705+0000 7f52fffff640 1 -- 172.21.15.1:0/2093803175 <== mon.0 v2:172.21.15.1:3300/0 2 ==== config(29 keys) ==== 1178+0+0 (secure 0 0 0) 0x7f5304032940 con 0x7f53081062a0
2024-09-12T03:29:17.483 INFO:teuthology.orchestra.run.smithi001.stdout:/usr/bin/ceph: stderr
2024-09-12T03:29:16.705+0000 7f52fffff640 1 -- 172.21.15.1:0/2093803175 <== mon.0 v2:172.21.15.1:3300/0 3 ==== mon_map magic: 0 ==== 205+0+0 (secure 0 0 0) 0x7f53040309c0 con 0x7f53081062a0
2024-09-12T03:29:17.483 INFO:teuthology.orchestra.run.smithi001.stdout:/usr/bin/ceph: stderr
2024-09-12T03:29:16.705+0000 7f530f2c4640 1 -- 172.21.15.1:0/2093803175 >> [v2:172.21.15.1:3300/0,v1:172.21.15.1:6789/0] conn(0x7f53081062a0 msgr2=0x7f53081066a0 secure :-1 s=STATE_CONNECTION_ESTABLISHED l=1).mark_down
2024-09-12T03:29:17.483 INFO:teuthology.orchestra.run.smithi001.stdout:/usr/bin/ceph: stderr
2024-09-12T03:29:16.705+0000 7f530f2c4640 1 --2- 172.21.15.1:0/2093803175 >> [v2:172.21.15.1:3300/0,v1:172.21.15.1:6789/0] conn(0x7f53081062a0 0x7f53081066a0 secure :-1 s=READY pgs=35 cs=0 l=1 rev1=1 crypto rx=0x7f5304009820 tx=0x7f530402a270 comp rx=0 tx=0).stop
2024-09-12T03:29:17.483 INFO:teuthology.orchestra.run.smithi001.stdout:/usr/bin/ceph: stderr
2024-09-12T03:29:16.706+0000 7f530f2c4640 1 -- 172.21.15.1:0/2093803175 shutdown_connections
2024-09-12T03:29:17.483 INFO:teuthology.orchestra.run.smithi001.stdout:/usr/bin/ceph: stderr
2024-09-12T03:29:16.706+0000 7f530f2c4640 1 --2- 172.21.15.1:0/2093803175 >> [v2:172.21.15.1:3300/0,v1:172.21.15.1:6789/0] conn(0x7f53081062a0 0x7f53081066a0 unknown :-1 s=CLOSED pgs=35 cs=0 l=1 rev1=1 crypto rx=0 tx=0 comp rx=0 tx=0).stop
2024-09-12T03:29:17.483 INFO:teuthology.orchestra.run.smithi001.stdout:/usr/bin/ceph: stderr
2024-09-12T03:29:16.706+0000 7f530f2c4640 1 -- 172.21.15.1:0/2093803175 >> 172.21.15.1:0/2093803175 conn(0x7f5308102030 msgr2=0x7f5308104490 unknown :-1 s=STATE_NONE l=0).mark_down
2024-09-12T03:29:17.484 INFO:teuthology.orchestra.run.smithi001.stdout:/usr/bin/ceph: stderr
2024-09-12T03:29:16.706+0000 7f530f2c4640 1 -- 172.21.15.1:0/2093803175 shutdown_connections
2024-09-12T03:29:17.484 INFO:teuthology.orchestra.run.smithi001.stdout:/usr/bin/ceph: stderr
2024-09-12T03:29:16.706+0000 7f530f2c4640 1 -- 172.21.15.1:0/2093803175 wait complete.
2024-09-12T03:29:17.484 INFO:teuthology.orchestra.run.smithi001.stdout:/usr/bin/ceph: stderr
2024-09-12T03:29:16.706+0000 7f530f2c4640 1 Processor -- start
2024-09-12T03:29:17.484 INFO:teuthology.orchestra.run.smithi001.stdout:/usr/bin/ceph: stderr
2024-09-12T03:29:16.706+0000 7f530f2c4640 1 -- start start
2024-09-12T03:29:17.484 INFO:teuthology.orchestra.run.smithi001.stdout:/usr/bin/ceph: stderr
2024-09-12T03:29:16.706+0000 7f530f2c4640 1 --2- >> [v2:172.21.15.1:3300/0,v1:172.21.15.1:6789/0] conn(0x7f53081062a0 0x7f530819dc70 unknown :-1 s=NONE pgs=0 cs=0 l=1 rev1=0 crypto rx=0 tx=0 comp rx=0 tx=0).connect
2024-09-12T03:29:17.484 INFO:teuthology.orchestra.run.smithi001.stdout:/usr/bin/ceph: stderr
2024-09-12T03:29:16.706+0000 7f530f2c4640 1 -- --> [v2:172.21.15.1:3300/0,v1:172.21.15.1:6789/0] -- mon_getmap magic: 0 -- 0x7f5308107da0 con 0x7f53081062a0
2024-09-12T03:29:17.484 INFO:teuthology.orchestra.run.smithi001.stdout:/usr/bin/ceph: stderr
2024-09-12T03:29:16.707+0000 7f530d060640 1 --2- >> [v2:172.21.15.1:3300/0,v1:172.21.15.1:6789/0] conn(0x7f53081062a0 0x7f530819dc70 unknown :-1 s=BANNER_CONNECTING pgs=0 cs=0 l=1 rev1=0 crypto rx=0 tx=0 comp rx=0 tx=0)._handle_peer_banner_payload supported=3 required=0
2024-09-12T03:29:17.484 INFO:teuthology.orchestra.run.smithi001.stdout:/usr/bin/ceph: stderr
2024-09-12T03:29:16.707+0000 7f530d060640 1 --2- >> [v2:172.21.15.1:3300/0,v1:172.21.15.1:6789/0] conn(0x7f53081062a0 0x7f530819dc70 unknown :-1 s=HELLO_CONNECTING pgs=0 cs=0 l=1 rev1=1 crypto rx=0 tx=0 comp rx=0 tx=0).handle_hello peer v2:172.21.15.1:3300/0 says I am v2:172.21.15.1:41226/0 (socket says 172.21.15.1:41226)
2024-09-12T03:29:17.484 INFO:teuthology.orchestra.run.smithi001.stdout:/usr/bin/ceph: stderr
2024-09-12T03:29:16.707+0000 7f530d060640 1 -- 172.21.15.1:0/793755668 learned_addr learned my addr 172.21.15.1:0/793755668 (peer_addr_for_me v2:172.21.15.1:0/0)
2024-09-12T03:29:17.484 INFO:teuthology.orchestra.run.smithi001.stdout:/usr/bin/ceph: stderr
2024-09-12T03:29:16.707+0000 7f530d060640 1 -- 172.21.15.1:0/793755668 --> [v2:172.21.15.1:3300/0,v1:172.21.15.1:6789/0] -- mon_subscribe({config=0+,monmap=0+}) -- 0x7f530819e1b0 con 0x7f53081062a0
2024-09-12T03:29:17.484 INFO:teuthology.orchestra.run.smithi001.stdout:/usr/bin/ceph: stderr
2024-09-12T03:29:16.707+0000 7f530d060640 1 --2- 172.21.15.1:0/793755668 >> [v2:172.21.15.1:3300/0,v1:172.21.15.1:6789/0] conn(0x7f53081062a0 0x7f530819dc70 secure :-1 s=READY pgs=36 cs=0 l=1 rev1=1 crypto rx=0x7f5304009940 tx=0x7f5304032e60 comp rx=0 tx=0).ready entity=mon.0 client_cookie=0 server_cookie=0 in_seq=0 out_seq=0
2024-09-12T03:29:17.484 INFO:teuthology.orchestra.run.smithi001.stdout:/usr/bin/ceph: stderr
2024-09-12T03:29:16.707+0000 7f52fe7fc640 1 -- 172.21.15.1:0/793755668 <== mon.0 v2:172.21.15.1:3300/0 1 ==== mon_map magic: 0 ==== 205+0+0 (secure 0 0 0) 0x7f5304042070 con 0x7f53081062a0
2024-09-12T03:29:17.485 INFO:teuthology.orchestra.run.smithi001.stdout:/usr/bin/ceph: stderr
2024-09-12T03:29:16.707+0000 7f52fe7fc640 1 -- 172.21.15.1:0/793755668 <== mon.0 v2:172.21.15.1:3300/0 2 ==== config(29 keys) ==== 1178+0+0 (secure 0 0 0) 0x7f53040326b0 con 0x7f53081062a0
2024-09-12T03:29:17.485 INFO:teuthology.orchestra.run.smithi001.stdout:/usr/bin/ceph: stderr
2024-09-12T03:29:16.707+0000 7f530f2c4640 1 -- 172.21.15.1:0/793755668 --> [v2:172.21.15.1:3300/0,v1:172.21.15.1:6789/0] -- mon_subscribe({mgrmap=0+}) -- 0x7f530819e440 con 0x7f53081062a0
2024-09-12T03:29:17.485 INFO:teuthology.orchestra.run.smithi001.stdout:/usr/bin/ceph: stderr
2024-09-12T03:29:16.707+0000 7f52fe7fc640 1 -- 172.21.15.1:0/793755668 <== mon.0 v2:172.21.15.1:3300/0 3 ==== mon_map magic: 0 ==== 205+0+0 (secure 0 0 0) 0x7f5304037040 con 0x7f53081062a0
2024-09-12T03:29:17.485 INFO:teuthology.orchestra.run.smithi001.stdout:/usr/bin/ceph: stderr
2024-09-12T03:29:16.707+0000 7f530f2c4640 1 -- 172.21.15.1:0/793755668 --> [v2:172.21.15.1:3300/0,v1:172.21.15.1:6789/0] -- mon_subscribe({osdmap=0}) -- 0x7f53081a1130 con 0x7f53081062a0
2024-09-12T03:29:17.485 INFO:teuthology.orchestra.run.smithi001.stdout:/usr/bin/ceph: stderr
2024-09-12T03:29:16.708+0000 7f52fe7fc640 1 -- 172.21.15.1:0/793755668 <== mon.0 v2:172.21.15.1:3300/0 4 ==== mgrmap(e 7) ==== 46181+0+0 (secure 0 0 0) 0x7f5304045070 con 0x7f53081062a0
2024-09-12T03:29:17.485 INFO:teuthology.orchestra.run.smithi001.stdout:/usr/bin/ceph: stderr
2024-09-12T03:29:16.708+0000 7f530f2c4640 1 -- 172.21.15.1:0/793755668 --> [v2:172.21.15.1:3300/0,v1:172.21.15.1:6789/0] -- mon_command({"prefix": "get_command_descriptions"} v 0) -- 0x7f53081066a0 con 0x7f53081062a0
2024-09-12T03:29:17.485 INFO:teuthology.orchestra.run.smithi001.stdout:/usr/bin/ceph: stderr
2024-09-12T03:29:16.708+0000 7f52fe7fc640 1 --2- 172.21.15.1:0/793755668 >> [v2:172.21.15.1:6800/182019539,v1:172.21.15.1:6801/182019539] conn(0x7f52f4038e60 0x7f52f403b320 unknown :-1 s=NONE pgs=0 cs=0 l=1 rev1=0 crypto rx=0 tx=0 comp rx=0 tx=0).connect
2024-09-12T03:29:17.485 INFO:teuthology.orchestra.run.smithi001.stdout:/usr/bin/ceph: stderr
2024-09-12T03:29:16.708+0000 7f52fe7fc640 1 -- 172.21.15.1:0/793755668 <== mon.0 v2:172.21.15.1:3300/0 5 ==== osd_map(2..2 src has 1..2) ==== 940+0+0 (secure 0 0 0) 0x7f530406bdd0 con 0x7f53081062a0
2024-09-12T03:29:17.485 INFO:teuthology.orchestra.run.smithi001.stdout:/usr/bin/ceph: stderr
2024-09-12T03:29:16.709+0000 7f530c85f640 1 --2- 172.21.15.1:0/793755668 >> [v2:172.21.15.1:6800/182019539,v1:172.21.15.1:6801/182019539] conn(0x7f52f4038e60 0x7f52f403b320 unknown :-1 s=BANNER_CONNECTING pgs=0 cs=0 l=1 rev1=0 crypto rx=0 tx=0 comp rx=0 tx=0)._handle_peer_banner_payload supported=3 required=0
2024-09-12T03:29:17.485 INFO:teuthology.orchestra.run.smithi001.stdout:/usr/bin/ceph: stderr
2024-09-12T03:29:16.709+0000 7f530c85f640 1 --2- 172.21.15.1:0/793755668 >> [v2:172.21.15.1:6800/182019539,v1:172.21.15.1:6801/182019539] conn(0x7f52f4038e60 0x7f52f403b320 secure :-1 s=READY pgs=7 cs=0 l=1 rev1=1 crypto rx=0x7f52f80098c0 tx=0x7f52f8006db0 comp rx=0 tx=0).ready entity=mgr.14118 client_cookie=0 server_cookie=0 in_seq=0 out_seq=0
2024-09-12T03:29:17.485 INFO:teuthology.orchestra.run.smithi001.stdout:/usr/bin/ceph: stderr
2024-09-12T03:29:16.714+0000 7f52fe7fc640 1 -- 172.21.15.1:0/793755668 <== mon.0 v2:172.21.15.1:3300/0 6 ==== mon_command_ack([{"prefix": "get_command_descriptions"}]=0 v0) ==== 72+0+188821 (secure 0 0 0) 0x7f530403cd40 con 0x7f53081062a0
2024-09-12T03:29:17.485 INFO:teuthology.orchestra.run.smithi001.stdout:/usr/bin/ceph: stderr
2024-09-12T03:29:16.903+0000 7f530f2c4640 1 -- 172.21.15.1:0/793755668 --> [v2:172.21.15.1:6800/182019539,v1:172.21.15.1:6801/182019539] -- mgr_command(tid 0: {"prefix": "orch set backend", "module_name": "cephadm", "target": ["mon-mgr", ""]}) -- 0x7f5308074c10 con 0x7f52f4038e60
2024-09-12T03:29:17.486 INFO:teuthology.orchestra.run.smithi001.stdout:/usr/bin/ceph: stderr
2024-09-12T03:29:16.908+0000 7f52fe7fc640 1 -- 172.21.15.1:0/793755668 <== mgr.14118 v2:172.21.15.1:6800/182019539 1 ==== mgr_command_reply(tid 0: 0 ) ==== 8+0+0 (secure 0 0 0) 0x7f5308074c10 con 0x7f52f4038e60
2024-09-12T03:29:17.486 INFO:teuthology.orchestra.run.smithi001.stdout:/usr/bin/ceph: stderr
2024-09-12T03:29:16.910+0000 7f530f2c4640 1 -- 172.21.15.1:0/793755668 >> [v2:172.21.15.1:6800/182019539,v1:172.21.15.1:6801/182019539] conn(0x7f52f4038e60 msgr2=0x7f52f403b320 secure :-1 s=STATE_CONNECTION_ESTABLISHED l=1).mark_down
2024-09-12T03:29:17.486 INFO:teuthology.orchestra.run.smithi001.stdout:/usr/bin/ceph: stderr
2024-09-12T03:29:16.910+0000 7f530f2c4640 1 --2- 172.21.15.1:0/793755668 >> [v2:172.21.15.1:6800/182019539,v1:172.21.15.1:6801/182019539] conn(0x7f52f4038e60 0x7f52f403b320 secure :-1 s=READY pgs=7 cs=0 l=1 rev1=1 crypto rx=0x7f52f80098c0 tx=0x7f52f8006db0 comp rx=0 tx=0).stop
2024-09-12T03:29:17.486 INFO:teuthology.orchestra.run.smithi001.stdout:/usr/bin/ceph: stderr
2024-09-12T03:29:16.910+0000 7f530f2c4640 1 -- 172.21.15.1:0/793755668 >> [v2:172.21.15.1:3300/0,v1:172.21.15.1:6789/0] conn(0x7f53081062a0 msgr2=0x7f530819dc70 secure :-1 s=STATE_CONNECTION_ESTABLISHED l=1).mark_down
2024-09-12T03:29:17.486 INFO:teuthology.orchestra.run.smithi001.stdout:/usr/bin/ceph: stderr
2024-09-12T03:29:16.910+0000 7f530f2c4640 1 --2- 172.21.15.1:0/793755668 >> [v2:172.21.15.1:3300/0,v1:172.21.15.1:6789/0] conn(0x7f53081062a0 0x7f530819dc70 secure :-1 s=READY pgs=36 cs=0 l=1 rev1=1 crypto rx=0x7f5304009940 tx=0x7f5304032e60 comp rx=0 tx=0).stop
2024-09-12T03:29:17.486 INFO:teuthology.orchestra.run.smithi001.stdout:/usr/bin/ceph: stderr
2024-09-12T03:29:16.910+0000 7f530f2c4640 1 -- 172.21.15.1:0/793755668 shutdown_connections
2024-09-12T03:29:17.486 INFO:teuthology.orchestra.run.smithi001.stdout:/usr/bin/ceph: stderr
2024-09-12T03:29:16.910+0000 7f530f2c4640 1 --2- 172.21.15.1:0/793755668 >> [v2:172.21.15.1:6800/182019539,v1:172.21.15.1:6801/182019539] conn(0x7f52f4038e60 0x7f52f403b320 unknown :-1 s=CLOSED pgs=7 cs=0 l=1 rev1=1 crypto rx=0 tx=0 comp rx=0 tx=0).stop
2024-09-12T03:29:17.486 INFO:teuthology.orchestra.run.smithi001.stdout:/usr/bin/ceph: stderr
2024-09-12T03:29:16.910+0000 7f530f2c4640 1 --2- 172.21.15.1:0/793755668 >> [v2:172.21.15.1:3300/0,v1:172.21.15.1:6789/0] conn(0x7f53081062a0 0x7f530819dc70 unknown :-1 s=CLOSED pgs=36 cs=0 l=1 rev1=1 crypto rx=0 tx=0 comp rx=0 tx=0).stop
2024-09-12T03:29:17.486 INFO:teuthology.orchestra.run.smithi001.stdout:/usr/bin/ceph: stderr
2024-09-12T03:29:16.910+0000 7f530f2c4640 1 -- 172.21.15.1:0/793755668 >> 172.21.15.1:0/793755668 conn(0x7f5308102030 msgr2=0x7f5308191e50 unknown :-1 s=STATE_NONE l=0).mark_down
2024-09-12T03:29:17.486 INFO:teuthology.orchestra.run.smithi001.stdout:/usr/bin/ceph: stderr
2024-09-12T03:29:16.911+0000 7f530f2c4640 1 -- 172.21.15.1:0/793755668 shutdown_connections
2024-09-12T03:29:17.486 INFO:teuthology.orchestra.run.smithi001.stdout:/usr/bin/ceph: stderr
2024-09-12T03:29:16.911+0000 7f530f2c4640 1 -- 172.21.15.1:0/793755668 wait complete.
2024-09-12T03:29:17.794 INFO:journalctl@ceph.mon.a.smithi001.stdout:Sep 12 03:29:17 smithi001 ceph-mon[31216]: from='client.14122 -' entity='client.admin' cmd=[{"prefix": "get_command_descriptions"}]: dispatch
2024-09-12T03:29:17.794 INFO:journalctl@ceph.mon.a.smithi001.stdout:Sep 12 03:29:17 smithi001 ceph-mon[31216]: from='client.14122 -' entity='client.admin' cmd=[{"prefix": "mgr_status"}]: dispatch
2024-09-12T03:29:17.794 INFO:journalctl@ceph.mon.a.smithi001.stdout:Sep 12 03:29:17 smithi001 ceph-mon[31216]: from='mgr.14118 172.21.15.1:0/1473493399' entity='mgr.x'
2024-09-12T03:29:17.794 INFO:journalctl@ceph.mon.a.smithi001.stdout:Sep 12 03:29:17 smithi001 ceph-mon[31216]: from='mgr.14118 172.21.15.1:0/1473493399' entity='mgr.x' cmd=[{"prefix": "config dump", "format": "json"}]: dispatch
2024-09-12T03:29:17.795 INFO:journalctl@ceph.mgr.x.smithi001.stdout:Sep 12 03:29:17 smithi001 ceph-f9902e0c-70b6-11ef-bcea-c7b262605968-mgr-x[31440]:
2024-09-12T03:29:17.694+0000 7f2860c94640 -1 log_channel(cephadm) log [ERR] : [12/Sep/2024:03:29:17] ENGINE Error in HTTPServer.serve
2024-09-12T03:29:17.795 INFO:journalctl@ceph.mgr.x.smithi001.stdout:Sep 12 03:29:17 smithi001 ceph-f9902e0c-70b6-11ef-bcea-c7b262605968-mgr-x[31440]: Traceback (most recent call last):
2024-09-12T03:29:17.795 INFO:journalctl@ceph.mgr.x.smithi001.stdout:Sep 12 03:29:17 smithi001 ceph-f9902e0c-70b6-11ef-bcea-c7b262605968-mgr-x[31440]: File "/lib/python3.9/site-packages/cheroot/server.py", line 1823, in serve
2024-09-12T03:29:17.795 INFO:journalctl@ceph.mgr.x.smithi001.stdout:Sep 12 03:29:17 smithi001 ceph-f9902e0c-70b6-11ef-bcea-c7b262605968-mgr-x[31440]: self._connections.run(self.expiration_interval)
2024-09-12T03:29:17.795 INFO:journalctl@ceph.mgr.x.smithi001.stdout:Sep 12 03:29:17 smithi001 ceph-f9902e0c-70b6-11ef-bcea-c7b262605968-mgr-x[31440]: File "/lib/python3.9/site-packages/cheroot/connections.py", line 203, in run
2024-09-12T03:29:17.795 INFO:journalctl@ceph.mgr.x.smithi001.stdout:Sep 12 03:29:17 smithi001 ceph-f9902e0c-70b6-11ef-bcea-c7b262605968-mgr-x[31440]: self._run(expiration_interval)
2024-09-12T03:29:17.795 INFO:journalctl@ceph.mgr.x.smithi001.stdout:Sep 12 03:29:17 smithi001 ceph-f9902e0c-70b6-11ef-bcea-c7b262605968-mgr-x[31440]: File "/lib/python3.9/site-packages/cheroot/connections.py", line 246, in _run
2024-09-12T03:29:17.795 INFO:journalctl@ceph.mgr.x.smithi001.stdout:Sep 12 03:29:17 smithi001 ceph-f9902e0c-70b6-11ef-bcea-c7b262605968-mgr-x[31440]: new_conn = self._from_server_socket(self.server.socket)
2024-09-12T03:29:17.795 INFO:journalctl@ceph.mgr.x.smithi001.stdout:Sep 12 03:29:17 smithi001 ceph-f9902e0c-70b6-11ef-bcea-c7b262605968-mgr-x[31440]: File "/lib/python3.9/site-packages/cheroot/connections.py", line 300, in _from_server_socket
2024-09-12T03:29:17.795 INFO:journalctl@ceph.mgr.x.smithi001.stdout:Sep 12 03:29:17 smithi001 ceph-f9902e0c-70b6-11ef-bcea-c7b262605968-mgr-x[31440]: s, ssl_env = self.server.ssl_adapter.wrap(s)
2024-09-12T03:29:17.795 INFO:journalctl@ceph.mgr.x.smithi001.stdout:Sep 12 03:29:17 smithi001 ceph-f9902e0c-70b6-11ef-bcea-c7b262605968-mgr-x[31440]: File "/lib/python3.9/site-packages/cheroot/ssl/builtin.py", line 277, in wrap
2024-09-12T03:29:17.796 INFO:journalctl@ceph.mgr.x.smithi001.stdout:Sep 12 03:29:17 smithi001 ceph-f9902e0c-70b6-11ef-bcea-c7b262605968-mgr-x[31440]: s = self.context.wrap_socket(
2024-09-12T03:29:17.796 INFO:journalctl@ceph.mgr.x.smithi001.stdout:Sep 12 03:29:17 smithi001 ceph-f9902e0c-70b6-11ef-bcea-c7b262605968-mgr-x[31440]: File "/lib64/python3.9/ssl.py", line 501, in wrap_socket
2024-09-12T03:29:17.796 INFO:journalctl@ceph.mgr.x.smithi001.stdout:Sep 12 03:29:17 smithi001 ceph-f9902e0c-70b6-11ef-bcea-c7b262605968-mgr-x[31440]: return self.sslsocket_class._create(
2024-09-12T03:29:17.796 INFO:journalctl@ceph.mgr.x.smithi001.stdout:Sep 12 03:29:17 smithi001 ceph-f9902e0c-70b6-11ef-bcea-c7b262605968-mgr-x[31440]: File "/lib64/python3.9/ssl.py", line 1074, in _create
2024-09-12T03:29:17.796 INFO:journalctl@ceph.mgr.x.smithi001.stdout:Sep 12 03:29:17 smithi001 ceph-f9902e0c-70b6-11ef-bcea-c7b262605968-mgr-x[31440]: self.do_handshake()
2024-09-12T03:29:17.796 INFO:journalctl@ceph.mgr.x.smithi001.stdout:Sep 12 03:29:17 smithi001 ceph-f9902e0c-70b6-11ef-bcea-c7b262605968-mgr-x[31440]: File "/lib64/python3.9/ssl.py", line 1343, in do_handshake
2024-09-12T03:29:17.796 INFO:journalctl@ceph.mgr.x.smithi001.stdout:Sep 12 03:29:17 smithi001 ceph-f9902e0c-70b6-11ef-bcea-c7b262605968-mgr-x[31440]: self._sslobj.do_handshake()
2024-09-12T03:29:17.796 INFO:journalctl@ceph.mgr.x.smithi001.stdout:Sep 12 03:29:17 smithi001 ceph-f9902e0c-70b6-11ef-bcea-c7b262605968-mgr-x[31440]: ssl.SSLZeroReturnError: TLS/SSL connection has been closed (EOF) (_ssl.c:1133)
2024-09-12T03:29:17.796 INFO:journalctl@ceph.mgr.x.smithi001.stdout:Sep 12 03:29:17 smithi001 ceph-f9902e0c-70b6-11ef-bcea-c7b262605968-mgr-x[31440]:
2024-09-12T03:29:18.639 INFO:journalctl@ceph.mon.a.smithi001.stdout:Sep 12 03:29:18 smithi001 ceph-mon[31216]: from='client.14130 -' entity='client.admin' cmd=[{"prefix": "orch set backend", "module_name": "cephadm", "target": ["mon-mgr", ""]}]: dispatch
2024-09-12T03:29:18.639 INFO:journalctl@ceph.mon.a.smithi001.stdout:Sep 12 03:29:18 smithi001 ceph-mon[31216]: [12/Sep/2024:03:29:17] ENGINE Bus STARTING
2024-09-12T03:29:18.639 INFO:journalctl@ceph.mon.a.smithi001.stdout:Sep 12 03:29:18 smithi001 ceph-mon[31216]: mgrmap e8: x(active, since 2s)
2024-09-12T03:29:18.640 INFO:journalctl@ceph.mon.a.smithi001.stdout:Sep 12 03:29:18 smithi001 ceph-mon[31216]: [12/Sep/2024:03:29:17] ENGINE Serving on http://172.21.15.1:8765
2024-09-12T03:29:18.640 INFO:journalctl@ceph.mon.a.smithi001.stdout:Sep 12 03:29:18 smithi001 ceph-mon[31216]: from='mgr.14118 172.21.15.1:0/1473493399' entity='mgr.x' cmd=[{"prefix": "config dump", "format": "json"}]: dispatch
2024-09-12T03:29:18.647 INFO:teuthology.orchestra.run.smithi001.stdout:/usr/bin/ceph: stdout value unchanged
2024-09-12T03:29:18.647 INFO:teuthology.orchestra.run.smithi001.stdout:/usr/bin/ceph: stderr
2024-09-12T03:29:17.874+0000 7f20f2e6f640 1 Processor -- start
2024-09-12T03:29:18.648 INFO:teuthology.orchestra.run.smithi001.stdout:/usr/bin/ceph: stderr
2024-09-12T03:29:17.874+0000 7f20f2e6f640 1 -- start start
2024-09-12T03:29:18.648 INFO:teuthology.orchestra.run.smithi001.stdout:/usr/bin/ceph: stderr
2024-09-12T03:29:17.874+0000 7f20f2e6f640 1 --2- >> [v2:172.21.15.1:3300/0,v1:172.21.15.1:6789/0] conn(0x7f20ec07dd70 0x7f20ec07c2e0 unknown :-1 s=NONE pgs=0 cs=0 l=0 rev1=0 crypto rx=0 tx=0 comp rx=0 tx=0).connect
2024-09-12T03:29:18.648 INFO:teuthology.orchestra.run.smithi001.stdout:/usr/bin/ceph: stderr
2024-09-12T03:29:17.874+0000 7f20f2e6f640 1 -- --> [v2:172.21.15.1:3300/0,v1:172.21.15.1:6789/0] -- mon_getmap magic: 0 -- 0x7f20ec07e170 con 0x7f20ec07dd70
2024-09-12T03:29:18.648 INFO:teuthology.orchestra.run.smithi001.stdout:/usr/bin/ceph: stderr
2024-09-12T03:29:17.875+0000 7f20f0c0b640 1 --2- >> [v2:172.21.15.1:3300/0,v1:172.21.15.1:6789/0] conn(0x7f20ec07dd70 0x7f20ec07c2e0 unknown :-1 s=BANNER_CONNECTING pgs=0 cs=0 l=0 rev1=0 crypto rx=0 tx=0 comp rx=0 tx=0)._handle_peer_banner_payload supported=3 required=0
2024-09-12T03:29:18.648 INFO:teuthology.orchestra.run.smithi001.stdout:/usr/bin/ceph: stderr
2024-09-12T03:29:17.875+0000 7f20f0c0b640 1 --2- >> [v2:172.21.15.1:3300/0,v1:172.21.15.1:6789/0] conn(0x7f20ec07dd70 0x7f20ec07c2e0 unknown :-1 s=HELLO_CONNECTING pgs=0 cs=0 l=0 rev1=1 crypto rx=0 tx=0 comp rx=0 tx=0).handle_hello peer v2:172.21.15.1:3300/0 says I am v2:172.21.15.1:41228/0 (socket says 172.21.15.1:41228)
2024-09-12T03:29:18.648 INFO:teuthology.orchestra.run.smithi001.stdout:/usr/bin/ceph: stderr
2024-09-12T03:29:17.875+0000 7f20f0c0b640 1 -- 172.21.15.1:0/3384778437 learned_addr learned my addr 172.21.15.1:0/3384778437 (peer_addr_for_me v2:172.21.15.1:0/0)
2024-09-12T03:29:18.648 INFO:teuthology.orchestra.run.smithi001.stdout:/usr/bin/ceph: stderr
2024-09-12T03:29:17.875+0000 7f20f0c0b640 1 -- 172.21.15.1:0/3384778437 --> [v2:172.21.15.1:3300/0,v1:172.21.15.1:6789/0] -- mon_subscribe({config=0+,monmap=0+}) -- 0x7f20ec07c820 con 0x7f20ec07dd70
2024-09-12T03:29:18.648 INFO:teuthology.orchestra.run.smithi001.stdout:/usr/bin/ceph: stderr
2024-09-12T03:29:17.876+0000 7f20f0c0b640 1 --2- 172.21.15.1:0/3384778437 >> [v2:172.21.15.1:3300/0,v1:172.21.15.1:6789/0] conn(0x7f20ec07dd70 0x7f20ec07c2e0 secure :-1 s=READY pgs=37 cs=0 l=1 rev1=1 crypto rx=0x7f20d4009820 tx=0x7f20d402a270 comp rx=0 tx=0).ready entity=mon.0 client_cookie=ad9443880b6cdc8d server_cookie=0 in_seq=0 out_seq=0
2024-09-12T03:29:18.648 INFO:teuthology.orchestra.run.smithi001.stdout:/usr/bin/ceph: stderr
2024-09-12T03:29:17.876+0000 7f20eb7fe640 1 -- 172.21.15.1:0/3384778437 <== mon.0 v2:172.21.15.1:3300/0 1 ==== mon_map magic: 0 ==== 205+0+0 (secure 0 0 0) 0x7f20d4037070 con 0x7f20ec07dd70
2024-09-12T03:29:18.648 INFO:teuthology.orchestra.run.smithi001.stdout:/usr/bin/ceph: stderr
2024-09-12T03:29:17.876+0000 7f20eb7fe640 1 -- 172.21.15.1:0/3384778437 <== mon.0 v2:172.21.15.1:3300/0 2 ==== config(29 keys) ==== 1178+0+0 (secure 0 0 0) 0x7f20d4032940 con 0x7f20ec07dd70
2024-09-12T03:29:18.648 INFO:teuthology.orchestra.run.smithi001.stdout:/usr/bin/ceph: stderr
2024-09-12T03:29:17.876+0000 7f20eb7fe640 1 -- 172.21.15.1:0/3384778437 <== mon.0 v2:172.21.15.1:3300/0 3 ==== mon_map magic: 0 ==== 205+0+0 (secure 0 0 0) 0x7f20d40309c0 con 0x7f20ec07dd70
2024-09-12T03:29:18.648 INFO:teuthology.orchestra.run.smithi001.stdout:/usr/bin/ceph: stderr
2024-09-12T03:29:17.876+0000 7f20f2e6f640 1 -- 172.21.15.1:0/3384778437 >> [v2:172.21.15.1:3300/0,v1:172.21.15.1:6789/0] conn(0x7f20ec07dd70 msgr2=0x7f20ec07c2e0 secure :-1 s=STATE_CONNECTION_ESTABLISHED l=1).mark_down
2024-09-12T03:29:18.649 INFO:teuthology.orchestra.run.smithi001.stdout:/usr/bin/ceph: stderr
2024-09-12T03:29:17.876+0000 7f20f2e6f640 1 --2- 172.21.15.1:0/3384778437 >> [v2:172.21.15.1:3300/0,v1:172.21.15.1:6789/0] conn(0x7f20ec07dd70 0x7f20ec07c2e0 secure :-1 s=READY pgs=37 cs=0 l=1 rev1=1 crypto rx=0x7f20d4009820 tx=0x7f20d402a270 comp rx=0 tx=0).stop
2024-09-12T03:29:18.649 INFO:teuthology.orchestra.run.smithi001.stdout:/usr/bin/ceph: stderr
2024-09-12T03:29:17.876+0000 7f20f2e6f640 1 -- 172.21.15.1:0/3384778437 shutdown_connections
2024-09-12T03:29:18.649 INFO:teuthology.orchestra.run.smithi001.stdout:/usr/bin/ceph: stderr
2024-09-12T03:29:17.876+0000 7f20f2e6f640 1 --2- 172.21.15.1:0/3384778437 >> [v2:172.21.15.1:3300/0,v1:172.21.15.1:6789/0] conn(0x7f20ec07dd70 0x7f20ec07c2e0 unknown :-1 s=CLOSED pgs=37 cs=0 l=1 rev1=1 crypto rx=0 tx=0 comp rx=0 tx=0).stop
2024-09-12T03:29:18.649 INFO:teuthology.orchestra.run.smithi001.stdout:/usr/bin/ceph: stderr
2024-09-12T03:29:17.876+0000 7f20f2e6f640 1 -- 172.21.15.1:0/3384778437 >> 172.21.15.1:0/3384778437 conn(0x7f20ec1032a0 msgr2=0x7f20ec1056c0 unknown :-1 s=STATE_NONE l=0).mark_down
2024-09-12T03:29:18.649 INFO:teuthology.orchestra.run.smithi001.stdout:/usr/bin/ceph: stderr
2024-09-12T03:29:17.876+0000 7f20f2e6f640 1 -- 172.21.15.1:0/3384778437 shutdown_connections
2024-09-12T03:29:18.649 INFO:teuthology.orchestra.run.smithi001.stdout:/usr/bin/ceph: stderr
2024-09-12T03:29:17.876+0000 7f20f2e6f640 1 -- 172.21.15.1:0/3384778437 wait complete.
2024-09-12T03:29:18.649 INFO:teuthology.orchestra.run.smithi001.stdout:/usr/bin/ceph: stderr
2024-09-12T03:29:17.877+0000 7f20f2e6f640 1 Processor -- start
2024-09-12T03:29:18.649 INFO:teuthology.orchestra.run.smithi001.stdout:/usr/bin/ceph: stderr
2024-09-12T03:29:17.877+0000 7f20f2e6f640 1 -- start start
2024-09-12T03:29:18.649 INFO:teuthology.orchestra.run.smithi001.stdout:/usr/bin/ceph: stderr
2024-09-12T03:29:17.877+0000 7f20f2e6f640 1 --2- >> [v2:172.21.15.1:3300/0,v1:172.21.15.1:6789/0] conn(0x7f20ec07dd70 0x7f20ec19dc70 unknown :-1 s=NONE pgs=0 cs=0 l=1 rev1=0 crypto rx=0 tx=0 comp rx=0 tx=0).connect
2024-09-12T03:29:18.649 INFO:teuthology.orchestra.run.smithi001.stdout:/usr/bin/ceph: stderr
2024-09-12T03:29:17.877+0000 7f20f2e6f640 1 -- --> [v2:172.21.15.1:3300/0,v1:172.21.15.1:6789/0] -- mon_getmap magic: 0 -- 0x7f20ec10e050 con 0x7f20ec07dd70
2024-09-12T03:29:18.649 INFO:teuthology.orchestra.run.smithi001.stdout:/usr/bin/ceph: stderr
2024-09-12T03:29:17.877+0000 7f20f0c0b640 1 --2- >> [v2:172.21.15.1:3300/0,v1:172.21.15.1:6789/0] conn(0x7f20ec07dd70 0x7f20ec19dc70 unknown :-1 s=BANNER_CONNECTING pgs=0 cs=0 l=1 rev1=0 crypto rx=0 tx=0 comp rx=0 tx=0)._handle_peer_banner_payload supported=3 required=0
2024-09-12T03:29:18.649 INFO:teuthology.orchestra.run.smithi001.stdout:/usr/bin/ceph: stderr
2024-09-12T03:29:17.877+0000 7f20f0c0b640 1 --2- >> [v2:172.21.15.1:3300/0,v1:172.21.15.1:6789/0] conn(0x7f20ec07dd70 0x7f20ec19dc70 unknown :-1 s=HELLO_CONNECTING pgs=0 cs=0 l=1 rev1=1 crypto rx=0 tx=0 comp rx=0 tx=0).handle_hello peer v2:172.21.15.1:3300/0 says I am v2:172.21.15.1:41244/0 (socket says 172.21.15.1:41244)
2024-09-12T03:29:18.649 INFO:teuthology.orchestra.run.smithi001.stdout:/usr/bin/ceph: stderr
2024-09-12T03:29:17.877+0000 7f20f0c0b640 1 -- 172.21.15.1:0/3061806353 learned_addr learned my addr 172.21.15.1:0/3061806353 (peer_addr_for_me v2:172.21.15.1:0/0)
2024-09-12T03:29:18.650 INFO:teuthology.orchestra.run.smithi001.stdout:/usr/bin/ceph: stderr
2024-09-12T03:29:17.878+0000 7f20f0c0b640 1 -- 172.21.15.1:0/3061806353 --> [v2:172.21.15.1:3300/0,v1:172.21.15.1:6789/0] -- mon_subscribe({config=0+,monmap=0+}) -- 0x7f20ec19e1b0 con 0x7f20ec07dd70
2024-09-12T03:29:18.650 INFO:teuthology.orchestra.run.smithi001.stdout:/usr/bin/ceph: stderr
2024-09-12T03:29:17.878+0000 7f20f0c0b640 1 --2- 172.21.15.1:0/3061806353 >> [v2:172.21.15.1:3300/0,v1:172.21.15.1:6789/0] conn(0x7f20ec07dd70 0x7f20ec19dc70 secure :-1 s=READY pgs=38 cs=0 l=1 rev1=1 crypto rx=0x7f20d4009940 tx=0x7f20d4032e60 comp rx=0 tx=0).ready entity=mon.0 client_cookie=0 server_cookie=0 in_seq=0 out_seq=0
2024-09-12T03:29:18.650 INFO:teuthology.orchestra.run.smithi001.stdout:/usr/bin/ceph: stderr
2024-09-12T03:29:17.878+0000 7f20e9ffb640 1 -- 172.21.15.1:0/3061806353 <== mon.0 v2:172.21.15.1:3300/0 1 ==== mon_map magic: 0 ==== 205+0+0 (secure 0 0 0) 0x7f20d4042070 con 0x7f20ec07dd70
2024-09-12T03:29:18.650 INFO:teuthology.orchestra.run.smithi001.stdout:/usr/bin/ceph: stderr
2024-09-12T03:29:17.878+0000 7f20f2e6f640 1 -- 172.21.15.1:0/3061806353 --> [v2:172.21.15.1:3300/0,v1:172.21.15.1:6789/0] -- mon_subscribe({mgrmap=0+}) -- 0x7f20ec19e440 con 0x7f20ec07dd70
2024-09-12T03:29:18.650 INFO:teuthology.orchestra.run.smithi001.stdout:/usr/bin/ceph: stderr
2024-09-12T03:29:17.878+0000 7f20e9ffb640 1 -- 172.21.15.1:0/3061806353 <== mon.0 v2:172.21.15.1:3300/0 2 ==== config(29 keys) ==== 1178+0+0 (secure 0 0 0) 0x7f20d40326b0 con 0x7f20ec07dd70
2024-09-12T03:29:18.650 INFO:teuthology.orchestra.run.smithi001.stdout:/usr/bin/ceph: stderr
2024-09-12T03:29:17.878+0000 7f20e9ffb640 1 -- 172.21.15.1:0/3061806353 <== mon.0 v2:172.21.15.1:3300/0 3 ==== mon_map magic: 0 ==== 205+0+0 (secure 0 0 0) 0x7f20d4037040 con 0x7f20ec07dd70
2024-09-12T03:29:18.650 INFO:teuthology.orchestra.run.smithi001.stdout:/usr/bin/ceph: stderr
2024-09-12T03:29:17.878+0000 7f20f2e6f640 1 -- 172.21.15.1:0/3061806353 --> [v2:172.21.15.1:3300/0,v1:172.21.15.1:6789/0] -- mon_subscribe({osdmap=0}) -- 0x7f20ec1a1130 con 0x7f20ec07dd70
2024-09-12T03:29:18.650 INFO:teuthology.orchestra.run.smithi001.stdout:/usr/bin/ceph: stderr
2024-09-12T03:29:17.879+0000 7f20e9ffb640 1 -- 172.21.15.1:0/3061806353 <== mon.0 v2:172.21.15.1:3300/0 4 ==== mgrmap(e 8) ==== 46287+0+0 (secure 0 0 0) 0x7f20d4045070 con 0x7f20ec07dd70
2024-09-12T03:29:18.651 INFO:teuthology.orchestra.run.smithi001.stdout:/usr/bin/ceph: stderr
2024-09-12T03:29:17.879+0000 7f20f2e6f640 1 -- 172.21.15.1:0/3061806353 --> [v2:172.21.15.1:3300/0,v1:172.21.15.1:6789/0] -- mon_command({"prefix": "get_command_descriptions"} v 0) -- 0x7f20ec07c360 con 0x7f20ec07dd70
2024-09-12T03:29:18.651 INFO:teuthology.orchestra.run.smithi001.stdout:/usr/bin/ceph: stderr
2024-09-12T03:29:17.879+0000 7f20e9ffb640 1 --2- 172.21.15.1:0/3061806353 >> [v2:172.21.15.1:6800/182019539,v1:172.21.15.1:6801/182019539] conn(0x7f20d8038f70 0x7f20d803b430 unknown :-1 s=NONE pgs=0 cs=0 l=1 rev1=0 crypto rx=0 tx=0 comp rx=0 tx=0).connect
2024-09-12T03:29:18.651 INFO:teuthology.orchestra.run.smithi001.stdout:/usr/bin/ceph: stderr
2024-09-12T03:29:17.879+0000 7f20e9ffb640 1 -- 172.21.15.1:0/3061806353 <== mon.0 v2:172.21.15.1:3300/0 5 ==== osd_map(2..2 src has 1..2) ==== 940+0+0 (secure 0 0 0) 0x7f20d406c050 con 0x7f20ec07dd70
2024-09-12T03:29:18.651 INFO:teuthology.orchestra.run.smithi001.stdout:/usr/bin/ceph: stderr
2024-09-12T03:29:17.880+0000 7f20ebfff640 1 --2- 172.21.15.1:0/3061806353 >> [v2:172.21.15.1:6800/182019539,v1:172.21.15.1:6801/182019539] conn(0x7f20d8038f70 0x7f20d803b430 unknown :-1 s=BANNER_CONNECTING pgs=0 cs=0 l=1 rev1=0 crypto rx=0 tx=0 comp rx=0 tx=0)._handle_peer_banner_payload supported=3 required=0
2024-09-12T03:29:18.651 INFO:teuthology.orchestra.run.smithi001.stdout:/usr/bin/ceph: stderr
2024-09-12T03:29:17.880+0000 7f20ebfff640 1 --2- 172.21.15.1:0/3061806353 >> [v2:172.21.15.1:6800/182019539,v1:172.21.15.1:6801/182019539] conn(0x7f20d8038f70 0x7f20d803b430 secure :-1 s=READY pgs=8 cs=0 l=1 rev1=1 crypto rx=0x7f20dc0098c0 tx=0x7f20dc006db0 comp rx=0 tx=0).ready entity=mgr.14118 client_cookie=0 server_cookie=0 in_seq=0 out_seq=0
2024-09-12T03:29:18.652 INFO:teuthology.orchestra.run.smithi001.stdout:/usr/bin/ceph: stderr
2024-09-12T03:29:17.884+0000 7f20e9ffb640 1 -- 172.21.15.1:0/3061806353 <== mon.0 v2:172.21.15.1:3300/0 6 ==== mon_command_ack([{"prefix": "get_command_descriptions"}]=0 v0) ==== 72+0+188821 (secure 0 0 0) 0x7f20d406b9a0 con 0x7f20ec07dd70
2024-09-12T03:29:18.652 INFO:teuthology.orchestra.run.smithi001.stdout:/usr/bin/ceph: stderr
2024-09-12T03:29:18.060+0000 7f20f2e6f640 1 -- 172.21.15.1:0/3061806353 --> [v2:172.21.15.1:6800/182019539,v1:172.21.15.1:6801/182019539] -- mgr_command(tid 0: {"prefix": "cephadm set-user", "user": "root", "target": ["mon-mgr", ""]}) -- 0x7f20ec104520 con 0x7f20d8038f70
2024-09-12T03:29:18.652 INFO:teuthology.orchestra.run.smithi001.stdout:/usr/bin/ceph: stderr
2024-09-12T03:29:18.061+0000 7f20e9ffb640 1 -- 172.21.15.1:0/3061806353 <== mgr.14118 v2:172.21.15.1:6800/182019539 1 ==== mgr_command_reply(tid 0: 0 ) ==== 8+0+16 (secure 0 0 0) 0x7f20ec104520 con 0x7f20d8038f70
2024-09-12T03:29:18.652 INFO:teuthology.orchestra.run.smithi001.stdout:/usr/bin/ceph: stderr
2024-09-12T03:29:18.063+0000 7f20f2e6f640 1 -- 172.21.15.1:0/3061806353 >> [v2:172.21.15.1:6800/182019539,v1:172.21.15.1:6801/182019539] conn(0x7f20d8038f70 msgr2=0x7f20d803b430 secure :-1 s=STATE_CONNECTION_ESTABLISHED l=1).mark_down
2024-09-12T03:29:18.652 INFO:teuthology.orchestra.run.smithi001.stdout:/usr/bin/ceph: stderr
2024-09-12T03:29:18.063+0000 7f20f2e6f640 1 --2- 172.21.15.1:0/3061806353 >> [v2:172.21.15.1:6800/182019539,v1:172.21.15.1:6801/182019539] conn(0x7f20d8038f70 0x7f20d803b430 secure :-1 s=READY pgs=8 cs=0 l=1 rev1=1 crypto rx=0x7f20dc0098c0 tx=0x7f20dc006db0 comp rx=0 tx=0).stop
2024-09-12T03:29:18.652 INFO:teuthology.orchestra.run.smithi001.stdout:/usr/bin/ceph: stderr
2024-09-12T03:29:18.063+0000 7f20f2e6f640 1 -- 172.21.15.1:0/3061806353 >> [v2:172.21.15.1:3300/0,v1:172.21.15.1:6789/0] conn(0x7f20ec07dd70 msgr2=0x7f20ec19dc70 secure :-1 s=STATE_CONNECTION_ESTABLISHED l=1).mark_down
2024-09-12T03:29:18.652 INFO:teuthology.orchestra.run.smithi001.stdout:/usr/bin/ceph: stderr
2024-09-12T03:29:18.063+0000 7f20f2e6f640 1 --2- 172.21.15.1:0/3061806353 >> [v2:172.21.15.1:3300/0,v1:172.21.15.1:6789/0] conn(0x7f20ec07dd70 0x7f20ec19dc70 secure :-1 s=READY pgs=38 cs=0 l=1 rev1=1 crypto rx=0x7f20d4009940 tx=0x7f20d4032e60 comp rx=0 tx=0).stop
2024-09-12T03:29:18.652 INFO:teuthology.orchestra.run.smithi001.stdout:/usr/bin/ceph: stderr
2024-09-12T03:29:18.064+0000 7f20f2e6f640 1 -- 172.21.15.1:0/3061806353 shutdown_connections
2024-09-12T03:29:18.652 INFO:teuthology.orchestra.run.smithi001.stdout:/usr/bin/ceph: stderr
2024-09-12T03:29:18.064+0000 7f20f2e6f640 1 --2- 172.21.15.1:0/3061806353 >> [v2:172.21.15.1:6800/182019539,v1:172.21.15.1:6801/182019539] conn(0x7f20d8038f70 0x7f20d803b430 unknown :-1 s=CLOSED pgs=8 cs=0 l=1 rev1=1 crypto rx=0 tx=0 comp rx=0 tx=0).stop
2024-09-12T03:29:18.653 INFO:teuthology.orchestra.run.smithi001.stdout:/usr/bin/ceph: stderr
2024-09-12T03:29:18.064+0000 7f20f2e6f640 1 --2- 172.21.15.1:0/3061806353 >> [v2:172.21.15.1:3300/0,v1:172.21.15.1:6789/0] conn(0x7f20ec07dd70 0x7f20ec19dc70 unknown :-1 s=CLOSED pgs=38 cs=0 l=1 rev1=1 crypto rx=0 tx=0 comp rx=0 tx=0).stop
2024-09-12T03:29:18.653 INFO:teuthology.orchestra.run.smithi001.stdout:/usr/bin/ceph: stderr
2024-09-12T03:29:18.064+0000 7f20f2e6f640 1 -- 172.21.15.1:0/3061806353 >> 172.21.15.1:0/3061806353 conn(0x7f20ec1032a0 msgr2=0x7f20ec103e10 unknown :-1 s=STATE_NONE l=0).mark_down
2024-09-12T03:29:18.653 INFO:teuthology.orchestra.run.smithi001.stdout:/usr/bin/ceph: stderr
2024-09-12T03:29:18.064+0000 7f20f2e6f640 1 -- 172.21.15.1:0/3061806353 shutdown_connections
2024-09-12T03:29:18.653 INFO:teuthology.orchestra.run.smithi001.stdout:/usr/bin/ceph: stderr
2024-09-12T03:29:18.064+0000 7f20f2e6f640 1 -- 172.21.15.1:0/3061806353 wait complete.
2024-09-12T03:29:18.653 INFO:teuthology.orchestra.run.smithi001.stdout:Generating ssh key...
2024-09-12T03:29:19.551 INFO:journalctl@ceph.mgr.x.smithi001.stdout:Sep 12 03:29:19 smithi001 ceph-f9902e0c-70b6-11ef-bcea-c7b262605968-mgr-x[31440]: Generating public/private rsa key pair.
2024-09-12T03:29:19.551 INFO:journalctl@ceph.mgr.x.smithi001.stdout:Sep 12 03:29:19 smithi001 ceph-f9902e0c-70b6-11ef-bcea-c7b262605968-mgr-x[31440]: Your identification has been saved in /tmp/tmpy7pj7bhg/key
2024-09-12T03:29:19.551 INFO:journalctl@ceph.mgr.x.smithi001.stdout:Sep 12 03:29:19 smithi001 ceph-f9902e0c-70b6-11ef-bcea-c7b262605968-mgr-x[31440]: Your public key has been saved in /tmp/tmpy7pj7bhg/key.pub
2024-09-12T03:29:19.551 INFO:journalctl@ceph.mgr.x.smithi001.stdout:Sep 12 03:29:19 smithi001 ceph-f9902e0c-70b6-11ef-bcea-c7b262605968-mgr-x[31440]: The key fingerprint is:
2024-09-12T03:29:19.551 INFO:journalctl@ceph.mgr.x.smithi001.stdout:Sep 12 03:29:19 smithi001 ceph-f9902e0c-70b6-11ef-bcea-c7b262605968-mgr-x[31440]: SHA256:fw7JkISg67EYYkWbVFdAz/MgK9ECd3ID2eOWKdqt9pY ceph-f9902e0c-70b6-11ef-bcea-c7b262605968
2024-09-12T03:29:19.551 INFO:journalctl@ceph.mgr.x.smithi001.stdout:Sep 12 03:29:19 smithi001 ceph-f9902e0c-70b6-11ef-bcea-c7b262605968-mgr-x[31440]: The key's randomart image is:
2024-09-12T03:29:19.551 INFO:journalctl@ceph.mgr.x.smithi001.stdout:Sep 12 03:29:19 smithi001 ceph-f9902e0c-70b6-11ef-bcea-c7b262605968-mgr-x[31440]: +---[RSA 3072]----+
2024-09-12T03:29:19.552 INFO:journalctl@ceph.mgr.x.smithi001.stdout:Sep 12 03:29:19 smithi001 ceph-f9902e0c-70b6-11ef-bcea-c7b262605968-mgr-x[31440]: | +o==Bo. |
2024-09-12T03:29:19.552 INFO:journalctl@ceph.mgr.x.smithi001.stdout:Sep 12 03:29:19 smithi001 ceph-f9902e0c-70b6-11ef-bcea-c7b262605968-mgr-x[31440]: | o.=o*++ |
2024-09-12T03:29:19.552 INFO:journalctl@ceph.mgr.x.smithi001.stdout:Sep 12 03:29:19 smithi001 ceph-f9902e0c-70b6-11ef-bcea-c7b262605968-mgr-x[31440]: | .+ ooo== |
2024-09-12T03:29:19.552 INFO:journalctl@ceph.mgr.x.smithi001.stdout:Sep 12 03:29:19 smithi001 ceph-f9902e0c-70b6-11ef-bcea-c7b262605968-mgr-x[31440]: | .. .o*o.+ |
2024-09-12T03:29:19.552 INFO:journalctl@ceph.mgr.x.smithi001.stdout:Sep 12 03:29:19 smithi001 ceph-f9902e0c-70b6-11ef-bcea-c7b262605968-mgr-x[31440]: |o.o o.+.S . |
2024-09-12T03:29:19.552 INFO:journalctl@ceph.mgr.x.smithi001.stdout:Sep 12 03:29:19 smithi001 ceph-f9902e0c-70b6-11ef-bcea-c7b262605968-mgr-x[31440]: |o+ + ... + . |
2024-09-12T03:29:19.552 INFO:journalctl@ceph.mgr.x.smithi001.stdout:Sep 12 03:29:19 smithi001 ceph-f9902e0c-70b6-11ef-bcea-c7b262605968-mgr-x[31440]: |. o . . = . |
2024-09-12T03:29:19.552 INFO:journalctl@ceph.mgr.x.smithi001.stdout:Sep 12 03:29:19 smithi001 ceph-f9902e0c-70b6-11ef-bcea-c7b262605968-mgr-x[31440]: | o E + |
2024-09-12T03:29:19.552 INFO:journalctl@ceph.mgr.x.smithi001.stdout:Sep 12 03:29:19 smithi001 ceph-f9902e0c-70b6-11ef-bcea-c7b262605968-mgr-x[31440]: | . o. . |
2024-09-12T03:29:19.552 INFO:journalctl@ceph.mgr.x.smithi001.stdout:Sep 12 03:29:19 smithi001 ceph-f9902e0c-70b6-11ef-bcea-c7b262605968-mgr-x[31440]: +----[SHA256]-----+
2024-09-12T03:29:19.829 INFO:journalctl@ceph.mon.a.smithi001.stdout:Sep 12 03:29:19 smithi001 ceph-mon[31216]: [12/Sep/2024:03:29:17] ENGINE Serving on https://172.21.15.1:7150
2024-09-12T03:29:19.829 INFO:journalctl@ceph.mon.a.smithi001.stdout:Sep 12 03:29:19 smithi001 ceph-mon[31216]: [12/Sep/2024:03:29:17] ENGINE Bus STARTED
2024-09-12T03:29:19.829 INFO:journalctl@ceph.mon.a.smithi001.stdout:Sep 12 03:29:19 smithi001 ceph-mon[31216]: [12/Sep/2024:03:29:17] ENGINE Error in HTTPServer.serve
2024-09-12T03:29:19.829 INFO:journalctl@ceph.mon.a.smithi001.stdout: Traceback (most recent call last):
2024-09-12T03:29:19.829 INFO:journalctl@ceph.mon.a.smithi001.stdout: File "/lib/python3.9/site-packages/cheroot/server.py", line 1823, in serve
2024-09-12T03:29:19.830 INFO:journalctl@ceph.mon.a.smithi001.stdout: self._connections.run(self.expiration_interval)
2024-09-12T03:29:19.830 INFO:journalctl@ceph.mon.a.smithi001.stdout: File "/lib/python3.9/site-packages/cheroot/connections.py", line 203, in run
2024-09-12T03:29:19.830 INFO:journalctl@ceph.mon.a.smithi001.stdout: self._run(expiration_interval)
2024-09-12T03:29:19.830 INFO:journalctl@ceph.mon.a.smithi001.stdout: File "/lib/python3.9/site-packages/cheroot/connections.py", line 246, in _run
2024-09-12T03:29:19.830 INFO:journalctl@ceph.mon.a.smithi001.stdout: new_conn = self._from_server_socket(self.server.socket)
2024-09-12T03:29:19.830 INFO:journalctl@ceph.mon.a.smithi001.stdout: File "/lib/python3.9/site-packages/cheroot/connections.py", line 300, in _from_server_socket
2024-09-12T03:29:19.830 INFO:journalctl@ceph.mon.a.smithi001.stdout: s, ssl_env = self.server.ssl_adapter.wrap(s)
2024-09-12T03:29:19.830 INFO:journalctl@ceph.mon.a.smithi001.stdout: File "/lib/python3.9/site-packages/cheroot/ssl/builtin.py", line 277, in wrap
2024-09-12T03:29:19.830 INFO:journalctl@ceph.mon.a.smithi001.stdout: s = self.context.wrap_socket(
2024-09-12T03:29:19.830 INFO:journalctl@ceph.mon.a.smithi001.stdout: File "/lib64/python3.9/ssl.py", line 501, in wrap_socket
2024-09-12T03:29:19.830 INFO:journalctl@ceph.mon.a.smithi001.stdout: return self.sslsocket_class._create(
2024-09-12T03:29:19.830 INFO:journalctl@ceph.mon.a.smithi001.stdout: File "/lib64/python3.9/ssl.py", line 1074, in _create
2024-09-12T03:29:19.830 INFO:journalctl@ceph.mon.a.smithi001.stdout: self.do_handshake()
2024-09-12T03:29:19.830 INFO:journalctl@ceph.mon.a.smithi001.stdout: File "/lib64/python3.9/ssl.py", line 1343, in do_handshake
2024-09-12T03:29:19.831 INFO:journalctl@ceph.mon.a.smithi001.stdout: self._sslobj.do_handshake()
2024-09-12T03:29:19.831 INFO:journalctl@ceph.mon.a.smithi001.stdout: ssl.SSLZeroReturnError: TLS/SSL connection has been closed (EOF) (_ssl.c:1133)
2024-09-12T03:29:19.831 INFO:journalctl@ceph.mon.a.smithi001.stdout:Sep 12 03:29:19 smithi001 ceph-mon[31216]: from='client.14132 -' entity='client.admin' cmd=[{"prefix": "cephadm set-user", "user": "root", "target": ["mon-mgr", ""]}]: dispatch
2024-09-12T03:29:19.831 INFO:journalctl@ceph.mon.a.smithi001.stdout:Sep 12 03:29:19 smithi001 ceph-mon[31216]: from='mgr.14118 172.21.15.1:0/1473493399' entity='mgr.x'
