2024-09-12T12:07:19.444+0000 7efced69f640 1 -- --> [v2:172.21.15.81:3300/0,v1:172.21.15.81:6789/0] -- mon_getmap magic: 0 -- 0x7efce8107be0 con 0x7efce8105c30
2024-09-12T12:07:20.547 INFO:teuthology.orchestra.run.smithi081.stdout:/usr/bin/ceph: stderr
2024-09-12T12:07:19.444+0000 7efce6ffd640 1 --2- >> [v2:172.21.15.81:3300/0,v1:172.21.15.81:6789/0] conn(0x7efce8105c30 0x7efce819dbd0 unknown :-1 s=BANNER_CONNECTING pgs=0 cs=0 l=1 rev1=0 crypto rx=0 tx=0 comp rx=0 tx=0)._handle_peer_banner_payload supported=3 required=0
2024-09-12T12:07:20.547 INFO:teuthology.orchestra.run.smithi081.stdout:/usr/bin/ceph: stderr
2024-09-12T12:07:19.444+0000 7efce6ffd640 1 --2- >> [v2:172.21.15.81:3300/0,v1:172.21.15.81:6789/0] conn(0x7efce8105c30 0x7efce819dbd0 unknown :-1 s=HELLO_CONNECTING pgs=0 cs=0 l=1 rev1=1 crypto rx=0 tx=0 comp rx=0 tx=0).handle_hello peer v2:172.21.15.81:3300/0 says I am v2:172.21.15.81:55202/0 (socket says 172.21.15.81:55202)
2024-09-12T12:07:20.547 INFO:teuthology.orchestra.run.smithi081.stdout:/usr/bin/ceph: stderr
2024-09-12T12:07:19.444+0000 7efce6ffd640 1 -- 172.21.15.81:0/3787075003 learned_addr learned my addr 172.21.15.81:0/3787075003 (peer_addr_for_me v2:172.21.15.81:0/0)
2024-09-12T12:07:20.547 INFO:teuthology.orchestra.run.smithi081.stdout:/usr/bin/ceph: stderr
2024-09-12T12:07:19.445+0000 7efce6ffd640 1 -- 172.21.15.81:0/3787075003 --> [v2:172.21.15.81:3300/0,v1:172.21.15.81:6789/0] -- mon_subscribe({config=0+,monmap=0+}) -- 0x7efce819e110 con 0x7efce8105c30
2024-09-12T12:07:20.547 INFO:teuthology.orchestra.run.smithi081.stdout:/usr/bin/ceph: stderr
2024-09-12T12:07:19.445+0000 7efce6ffd640 1 --2- 172.21.15.81:0/3787075003 >> [v2:172.21.15.81:3300/0,v1:172.21.15.81:6789/0] conn(0x7efce8105c30 0x7efce819dbd0 secure :-1 s=READY pgs=21 cs=0 l=1 rev1=1 crypto rx=0x7efcd80097f0 tx=0x7efcd8032d00 comp rx=0 tx=0).ready entity=mon.0 client_cookie=0 server_cookie=0 in_seq=0 out_seq=0
2024-09-12T12:07:20.547 INFO:teuthology.orchestra.run.smithi081.stdout:/usr/bin/ceph: stderr
2024-09-12T12:07:19.445+0000 7efce4ff9640 1 -- 172.21.15.81:0/3787075003 <== mon.0 v2:172.21.15.81:3300/0 1 ==== mon_map magic: 0 ==== 205+0+0 (secure 0 0 0) 0x7efcd8037040 con 0x7efce8105c30
2024-09-12T12:07:20.547 INFO:teuthology.orchestra.run.smithi081.stdout:/usr/bin/ceph: stderr
2024-09-12T12:07:19.445+0000 7efced69f640 1 -- 172.21.15.81:0/3787075003 --> [v2:172.21.15.81:3300/0,v1:172.21.15.81:6789/0] -- mon_subscribe({mgrmap=0+}) -- 0x7efce819e3a0 con 0x7efce8105c30
2024-09-12T12:07:20.547 INFO:teuthology.orchestra.run.smithi081.stdout:/usr/bin/ceph: stderr
2024-09-12T12:07:19.445+0000 7efce4ff9640 1 -- 172.21.15.81:0/3787075003 <== mon.0 v2:172.21.15.81:3300/0 2 ==== config(28 keys) ==== 1143+0+0 (secure 0 0 0) 0x7efcd8040070 con 0x7efce8105c30
2024-09-12T12:07:20.547 INFO:teuthology.orchestra.run.smithi081.stdout:/usr/bin/ceph: stderr
2024-09-12T12:07:19.445+0000 7efce4ff9640 1 -- 172.21.15.81:0/3787075003 <== mon.0 v2:172.21.15.81:3300/0 3 ==== mon_map magic: 0 ==== 205+0+0 (secure 0 0 0) 0x7efcd803a6d0 con 0x7efce8105c30
2024-09-12T12:07:20.547 INFO:teuthology.orchestra.run.smithi081.stdout:/usr/bin/ceph: stderr
2024-09-12T12:07:19.445+0000 7efced69f640 1 -- 172.21.15.81:0/3787075003 --> [v2:172.21.15.81:3300/0,v1:172.21.15.81:6789/0] -- mon_subscribe({osdmap=0}) -- 0x7efce81a1090 con 0x7efce8105c30
2024-09-12T12:07:20.547 INFO:teuthology.orchestra.run.smithi081.stdout:/usr/bin/ceph: stderr
2024-09-12T12:07:19.446+0000 7efce4ff9640 1 -- 172.21.15.81:0/3787075003 <== mon.0 v2:172.21.15.81:3300/0 4 ==== mgrmap(e 4) ==== 46276+0+0 (secure 0 0 0) 0x7efcd803b420 con 0x7efce8105c30
2024-09-12T12:07:20.548 INFO:teuthology.orchestra.run.smithi081.stdout:/usr/bin/ceph: stderr
2024-09-12T12:07:19.446+0000 7efced69f640 1 -- 172.21.15.81:0/3787075003 --> [v2:172.21.15.81:3300/0,v1:172.21.15.81:6789/0] -- mon_command({"prefix": "get_command_descriptions"} v 0) -- 0x7efce81060b0 con 0x7efce8105c30
2024-09-12T12:07:20.548 INFO:teuthology.orchestra.run.smithi081.stdout:/usr/bin/ceph: stderr
2024-09-12T12:07:19.446+0000 7efce4ff9640 1 --2- 172.21.15.81:0/3787075003 >> [v2:172.21.15.81:6800/2716402580,v1:172.21.15.81:6801/2716402580] conn(0x7efcd4038f20 0x7efcd403b3e0 unknown :-1 s=NONE pgs=0 cs=0 l=1 rev1=0 crypto rx=0 tx=0 comp rx=0 tx=0).connect
2024-09-12T12:07:20.548 INFO:teuthology.orchestra.run.smithi081.stdout:/usr/bin/ceph: stderr
2024-09-12T12:07:19.446+0000 7efce4ff9640 1 -- 172.21.15.81:0/3787075003 <== mon.0 v2:172.21.15.81:3300/0 5 ==== osd_map(1..1 src has 1..1) ==== 725+0+0 (secure 0 0 0) 0x7efcd806c090 con 0x7efce8105c30
2024-09-12T12:07:20.548 INFO:teuthology.orchestra.run.smithi081.stdout:/usr/bin/ceph: stderr
2024-09-12T12:07:19.446+0000 7efcde7fc640 1 --2- 172.21.15.81:0/3787075003 >> [v2:172.21.15.81:6800/2716402580,v1:172.21.15.81:6801/2716402580] conn(0x7efcd4038f20 0x7efcd403b3e0 unknown :-1 s=BANNER_CONNECTING pgs=0 cs=0 l=1 rev1=0 crypto rx=0 tx=0 comp rx=0 tx=0)._handle_peer_banner_payload supported=3 required=0
2024-09-12T12:07:20.548 INFO:teuthology.orchestra.run.smithi081.stdout:/usr/bin/ceph: stderr
2024-09-12T12:07:19.447+0000 7efcde7fc640 1 --2- 172.21.15.81:0/3787075003 >> [v2:172.21.15.81:6800/2716402580,v1:172.21.15.81:6801/2716402580] conn(0x7efcd4038f20 0x7efcd403b3e0 secure :-1 s=READY pgs=8 cs=0 l=1 rev1=1 crypto rx=0x7efcd00098c0 tx=0x7efcd0006db0 comp rx=0 tx=0).ready entity=mgr.14100 client_cookie=0 server_cookie=0 in_seq=0 out_seq=0
2024-09-12T12:07:20.548 INFO:teuthology.orchestra.run.smithi081.stdout:/usr/bin/ceph: stderr
2024-09-12T12:07:19.451+0000 7efce4ff9640 1 -- 172.21.15.81:0/3787075003 <== mon.0 v2:172.21.15.81:3300/0 6 ==== mon_command_ack([{"prefix": "get_command_descriptions"}]=0 v0) ==== 72+0+188821 (secure 0 0 0) 0x7efcd804a200 con 0x7efce8105c30
2024-09-12T12:07:20.548 INFO:teuthology.orchestra.run.smithi081.stdout:/usr/bin/ceph: stderr
2024-09-12T12:07:19.660+0000 7efced69f640 1 -- 172.21.15.81:0/3787075003 --> [v2:172.21.15.81:3300/0,v1:172.21.15.81:6789/0] -- mon_command({"prefix": "mgr module enable", "module": "cephadm"} v 0) -- 0x7efce8197090 con 0x7efce8105c30
2024-09-12T12:07:20.548 INFO:teuthology.orchestra.run.smithi081.stdout:/usr/bin/ceph: stderr
2024-09-12T12:07:19.882+0000 7efce4ff9640 1 -- 172.21.15.81:0/3787075003 <== mon.0 v2:172.21.15.81:3300/0 7 ==== mon_command_ack([{"prefix": "mgr module enable", "module": "cephadm"}]=0 v5) ==== 86+0+0 (secure 0 0 0) 0x7efcd8031e80 con 0x7efce8105c30
2024-09-12T12:07:20.548 INFO:teuthology.orchestra.run.smithi081.stdout:/usr/bin/ceph: stderr
2024-09-12T12:07:19.883+0000 7efce4ff9640 1 -- 172.21.15.81:0/3787075003 <== mon.0 v2:172.21.15.81:3300/0 8 ==== mgrmap(e 5) ==== 46287+0+0 (secure 0 0 0) 0x7efcd803a8c0 con 0x7efce8105c30
2024-09-12T12:07:20.548 INFO:teuthology.orchestra.run.smithi081.stdout:/usr/bin/ceph: stderr
2024-09-12T12:07:19.885+0000 7efced69f640 1 -- 172.21.15.81:0/3787075003 >> [v2:172.21.15.81:6800/2716402580,v1:172.21.15.81:6801/2716402580] conn(0x7efcd4038f20 msgr2=0x7efcd403b3e0 secure :-1 s=STATE_CONNECTION_ESTABLISHED l=1).mark_down
2024-09-12T12:07:20.548 INFO:teuthology.orchestra.run.smithi081.stdout:/usr/bin/ceph: stderr
2024-09-12T12:07:19.885+0000 7efced69f640 1 --2- 172.21.15.81:0/3787075003 >> [v2:172.21.15.81:6800/2716402580,v1:172.21.15.81:6801/2716402580] conn(0x7efcd4038f20 0x7efcd403b3e0 secure :-1 s=READY pgs=8 cs=0 l=1 rev1=1 crypto rx=0x7efcd00098c0 tx=0x7efcd0006db0 comp rx=0 tx=0).stop
2024-09-12T12:07:20.548 INFO:teuthology.orchestra.run.smithi081.stdout:/usr/bin/ceph: stderr
2024-09-12T12:07:19.885+0000 7efced69f640 1 -- 172.21.15.81:0/3787075003 >> [v2:172.21.15.81:3300/0,v1:172.21.15.81:6789/0] conn(0x7efce8105c30 msgr2=0x7efce819dbd0 secure :-1 s=STATE_CONNECTION_ESTABLISHED l=1).mark_down
2024-09-12T12:07:20.549 INFO:teuthology.orchestra.run.smithi081.stdout:/usr/bin/ceph: stderr
2024-09-12T12:07:19.885+0000 7efced69f640 1 --2- 172.21.15.81:0/3787075003 >> [v2:172.21.15.81:3300/0,v1:172.21.15.81:6789/0] conn(0x7efce8105c30 0x7efce819dbd0 secure :-1 s=READY pgs=21 cs=0 l=1 rev1=1 crypto rx=0x7efcd80097f0 tx=0x7efcd8032d00 comp rx=0 tx=0).stop
2024-09-12T12:07:20.549 INFO:teuthology.orchestra.run.smithi081.stdout:/usr/bin/ceph: stderr
2024-09-12T12:07:19.885+0000 7efced69f640 1 -- 172.21.15.81:0/3787075003 shutdown_connections
2024-09-12T12:07:20.549 INFO:teuthology.orchestra.run.smithi081.stdout:/usr/bin/ceph: stderr
2024-09-12T12:07:19.885+0000 7efced69f640 1 --2- 172.21.15.81:0/3787075003 >> [v2:172.21.15.81:6800/2716402580,v1:172.21.15.81:6801/2716402580] conn(0x7efcd4038f20 0x7efcd403b3e0 unknown :-1 s=CLOSED pgs=8 cs=0 l=1 rev1=1 crypto rx=0 tx=0 comp rx=0 tx=0).stop
2024-09-12T12:07:20.549 INFO:teuthology.orchestra.run.smithi081.stdout:/usr/bin/ceph: stderr
2024-09-12T12:07:19.885+0000 7efced69f640 1 --2- 172.21.15.81:0/3787075003 >> [v2:172.21.15.81:3300/0,v1:172.21.15.81:6789/0] conn(0x7efce8105c30 0x7efce819dbd0 unknown :-1 s=CLOSED pgs=21 cs=0 l=1 rev1=1 crypto rx=0 tx=0 comp rx=0 tx=0).stop
2024-09-12T12:07:20.549 INFO:teuthology.orchestra.run.smithi081.stdout:/usr/bin/ceph: stderr
2024-09-12T12:07:19.885+0000 7efced69f640 1 -- 172.21.15.81:0/3787075003 >> 172.21.15.81:0/3787075003 conn(0x7efce8101800 msgr2=0x7efce81941e0 unknown :-1 s=STATE_NONE l=0).mark_down
2024-09-12T12:07:20.549 INFO:teuthology.orchestra.run.smithi081.stdout:/usr/bin/ceph: stderr
2024-09-12T12:07:19.885+0000 7efced69f640 1 -- 172.21.15.81:0/3787075003 shutdown_connections
2024-09-12T12:07:20.549 INFO:teuthology.orchestra.run.smithi081.stdout:/usr/bin/ceph: stderr
2024-09-12T12:07:19.885+0000 7efced69f640 1 -- 172.21.15.81:0/3787075003 wait complete.
2024-09-12T12:07:20.796 INFO:journalctl@ceph.mgr.x.smithi081.stdout:Sep 12 12:07:20 smithi081 ceph-595bfb7a-70ff-11ef-bcea-c7b262605968-mgr-x[31176]:
2024-09-12T12:07:20.584+0000 7f87d4e41040 -1 mgr[py] Module snap_schedule has missing NOTIFY_TYPES member
2024-09-12T12:07:21.109 INFO:journalctl@ceph.mon.a.smithi081.stdout:Sep 12 12:07:20 smithi081 ceph-mon[30948]: from='client.? 172.21.15.81:0/3787075003' entity='client.admin' cmd='[{"prefix": "mgr module enable", "module": "cephadm"}]': finished
2024-09-12T12:07:21.110 INFO:journalctl@ceph.mon.a.smithi081.stdout:Sep 12 12:07:20 smithi081 ceph-mon[30948]: mgrmap e5: x(active, since 5s)
2024-09-12T12:07:21.110 INFO:journalctl@ceph.mgr.x.smithi081.stdout:Sep 12 12:07:20 smithi081 ceph-595bfb7a-70ff-11ef-bcea-c7b262605968-mgr-x[31176]:
2024-09-12T12:07:20.903+0000 7f87d4e41040 -1 mgr[py] Module prometheus has missing NOTIFY_TYPES member
2024-09-12T12:07:21.110 INFO:journalctl@ceph.mgr.x.smithi081.stdout:Sep 12 12:07:20 smithi081 ceph-595bfb7a-70ff-11ef-bcea-c7b262605968-mgr-x[31176]:
2024-09-12T12:07:20.967+0000 7f87d4e41040 -1 mgr[py] Module selftest has missing NOTIFY_TYPES member
2024-09-12T12:07:21.527 INFO:journalctl@ceph.mgr.x.smithi081.stdout:Sep 12 12:07:21 smithi081 ceph-595bfb7a-70ff-11ef-bcea-c7b262605968-mgr-x[31176]:
2024-09-12T12:07:21.160+0000 7f87d4e41040 -1 mgr[py] Module volumes has missing NOTIFY_TYPES member
2024-09-12T12:07:21.835 INFO:teuthology.orchestra.run.smithi081.stdout:/usr/bin/ceph: stdout {
2024-09-12T12:07:21.835 INFO:teuthology.orchestra.run.smithi081.stdout:/usr/bin/ceph: stdout "epoch": 5,
2024-09-12T12:07:21.836 INFO:teuthology.orchestra.run.smithi081.stdout:/usr/bin/ceph: stdout "available": true,
2024-09-12T12:07:21.836 INFO:teuthology.orchestra.run.smithi081.stdout:/usr/bin/ceph: stdout "active_name": "x",
2024-09-12T12:07:21.836 INFO:teuthology.orchestra.run.smithi081.stdout:/usr/bin/ceph: stdout "num_standby": 0
2024-09-12T12:07:21.836 INFO:teuthology.orchestra.run.smithi081.stdout:/usr/bin/ceph: stdout }
2024-09-12T12:07:21.836 INFO:teuthology.orchestra.run.smithi081.stdout:/usr/bin/ceph: stderr
2024-09-12T12:07:20.977+0000 7f83061cf640 1 Processor -- start
2024-09-12T12:07:21.837 INFO:teuthology.orchestra.run.smithi081.stdout:/usr/bin/ceph: stderr
2024-09-12T12:07:20.977+0000 7f83061cf640 1 -- start start
2024-09-12T12:07:21.837 INFO:teuthology.orchestra.run.smithi081.stdout:/usr/bin/ceph: stderr
2024-09-12T12:07:20.977+0000 7f83061cf640 1 --2- >> [v2:172.21.15.81:3300/0,v1:172.21.15.81:6789/0] conn(0x7f8300106200 0x7f8300106600 unknown :-1 s=NONE pgs=0 cs=0 l=0 rev1=0 crypto rx=0 tx=0 comp rx=0 tx=0).connect
2024-09-12T12:07:21.837 INFO:teuthology.orchestra.run.smithi081.stdout:/usr/bin/ceph: stderr
2024-09-12T12:07:20.977+0000 7f83061cf640 1 -- --> [v2:172.21.15.81:3300/0,v1:172.21.15.81:6789/0] -- mon_getmap magic: 0 -- 0x7f83000634b0 con 0x7f8300106200
2024-09-12T12:07:21.837 INFO:teuthology.orchestra.run.smithi081.stdout:/usr/bin/ceph: stderr
2024-09-12T12:07:20.977+0000 7f82ff7fe640 1 --2- >> [v2:172.21.15.81:3300/0,v1:172.21.15.81:6789/0] conn(0x7f8300106200 0x7f8300106600 unknown :-1 s=BANNER_CONNECTING pgs=0 cs=0 l=0 rev1=0 crypto rx=0 tx=0 comp rx=0 tx=0)._handle_peer_banner_payload supported=3 required=0
2024-09-12T12:07:21.837 INFO:teuthology.orchestra.run.smithi081.stdout:/usr/bin/ceph: stderr
2024-09-12T12:07:20.977+0000 7f82ff7fe640 1 --2- >> [v2:172.21.15.81:3300/0,v1:172.21.15.81:6789/0] conn(0x7f8300106200 0x7f8300106600 unknown :-1 s=HELLO_CONNECTING pgs=0 cs=0 l=0 rev1=1 crypto rx=0 tx=0 comp rx=0 tx=0).handle_hello peer v2:172.21.15.81:3300/0 says I am v2:172.21.15.81:55222/0 (socket says 172.21.15.81:55222)
2024-09-12T12:07:21.838 INFO:teuthology.orchestra.run.smithi081.stdout:/usr/bin/ceph: stderr
2024-09-12T12:07:20.977+0000 7f82ff7fe640 1 -- 172.21.15.81:0/4287011250 learned_addr learned my addr 172.21.15.81:0/4287011250 (peer_addr_for_me v2:172.21.15.81:0/0)
2024-09-12T12:07:21.838 INFO:teuthology.orchestra.run.smithi081.stdout:/usr/bin/ceph: stderr
2024-09-12T12:07:20.977+0000 7f82ff7fe640 1 -- 172.21.15.81:0/4287011250 --> [v2:172.21.15.81:3300/0,v1:172.21.15.81:6789/0] -- mon_subscribe({config=0+,monmap=0+}) -- 0x7f8300106b40 con 0x7f8300106200
2024-09-12T12:07:21.838 INFO:teuthology.orchestra.run.smithi081.stdout:/usr/bin/ceph: stderr
2024-09-12T12:07:20.978+0000 7f82ff7fe640 1 --2- 172.21.15.81:0/4287011250 >> [v2:172.21.15.81:3300/0,v1:172.21.15.81:6789/0] conn(0x7f8300106200 0x7f8300106600 secure :-1 s=READY pgs=24 cs=0 l=1 rev1=1 crypto rx=0x7f82f0009820 tx=0x7f82f002a270 comp rx=0 tx=0).ready entity=mon.0 client_cookie=98dd557672b8c019 server_cookie=0 in_seq=0 out_seq=0
2024-09-12T12:07:21.838 INFO:teuthology.orchestra.run.smithi081.stdout:/usr/bin/ceph: stderr
2024-09-12T12:07:20.978+0000 7f82fe7fc640 1 -- 172.21.15.81:0/4287011250 <== mon.0 v2:172.21.15.81:3300/0 1 ==== mon_map magic: 0 ==== 205+0+0 (secure 0 0 0) 0x7f82f0037070 con 0x7f8300106200
2024-09-12T12:07:21.838 INFO:teuthology.orchestra.run.smithi081.stdout:/usr/bin/ceph: stderr
2024-09-12T12:07:20.978+0000 7f82fe7fc640 1 -- 172.21.15.81:0/4287011250 <== mon.0 v2:172.21.15.81:3300/0 2 ==== config(28 keys) ==== 1143+0+0 (secure 0 0 0) 0x7f82f0032920 con 0x7f8300106200
2024-09-12T12:07:21.839 INFO:teuthology.orchestra.run.smithi081.stdout:/usr/bin/ceph: stderr
2024-09-12T12:07:20.978+0000 7f82fe7fc640 1 -- 172.21.15.81:0/4287011250 <== mon.0 v2:172.21.15.81:3300/0 3 ==== mon_map magic: 0 ==== 205+0+0 (secure 0 0 0) 0x7f82f0030950 con 0x7f8300106200
2024-09-12T12:07:21.839 INFO:teuthology.orchestra.run.smithi081.stdout:/usr/bin/ceph: stderr
2024-09-12T12:07:20.979+0000 7f83061cf640 1 -- 172.21.15.81:0/4287011250 >> [v2:172.21.15.81:3300/0,v1:172.21.15.81:6789/0] conn(0x7f8300106200 msgr2=0x7f8300106600 secure :-1 s=STATE_CONNECTION_ESTABLISHED l=1).mark_down
2024-09-12T12:07:21.839 INFO:teuthology.orchestra.run.smithi081.stdout:/usr/bin/ceph: stderr
2024-09-12T12:07:20.979+0000 7f83061cf640 1 --2- 172.21.15.81:0/4287011250 >> [v2:172.21.15.81:3300/0,v1:172.21.15.81:6789/0] conn(0x7f8300106200 0x7f8300106600 secure :-1 s=READY pgs=24 cs=0 l=1 rev1=1 crypto rx=0x7f82f0009820 tx=0x7f82f002a270 comp rx=0 tx=0).stop
2024-09-12T12:07:21.839 INFO:teuthology.orchestra.run.smithi081.stdout:/usr/bin/ceph: stderr
2024-09-12T12:07:20.979+0000 7f83061cf640 1 -- 172.21.15.81:0/4287011250 shutdown_connections
2024-09-12T12:07:21.839 INFO:teuthology.orchestra.run.smithi081.stdout:/usr/bin/ceph: stderr
2024-09-12T12:07:20.979+0000 7f83061cf640 1 --2- 172.21.15.81:0/4287011250 >> [v2:172.21.15.81:3300/0,v1:172.21.15.81:6789/0] conn(0x7f8300106200 0x7f8300106600 unknown :-1 s=CLOSED pgs=24 cs=0 l=1 rev1=1 crypto rx=0 tx=0 comp rx=0 tx=0).stop
2024-09-12T12:07:21.840 INFO:teuthology.orchestra.run.smithi081.stdout:/usr/bin/ceph: stderr
2024-09-12T12:07:20.979+0000 7f83061cf640 1 -- 172.21.15.81:0/4287011250 >> 172.21.15.81:0/4287011250 conn(0x7f83001020b0 msgr2=0x7f83001044d0 unknown :-1 s=STATE_NONE l=0).mark_down
2024-09-12T12:07:21.840 INFO:teuthology.orchestra.run.smithi081.stdout:/usr/bin/ceph: stderr
2024-09-12T12:07:20.979+0000 7f83061cf640 1 -- 172.21.15.81:0/4287011250 shutdown_connections
2024-09-12T12:07:21.840 INFO:teuthology.orchestra.run.smithi081.stdout:/usr/bin/ceph: stderr
2024-09-12T12:07:20.979+0000 7f83061cf640 1 -- 172.21.15.81:0/4287011250 wait complete.
2024-09-12T12:07:21.840 INFO:teuthology.orchestra.run.smithi081.stdout:/usr/bin/ceph: stderr
2024-09-12T12:07:20.979+0000 7f83061cf640 1 Processor -- start
2024-09-12T12:07:21.840 INFO:teuthology.orchestra.run.smithi081.stdout:/usr/bin/ceph: stderr
2024-09-12T12:07:20.980+0000 7f83061cf640 1 -- start start
2024-09-12T12:07:21.841 INFO:teuthology.orchestra.run.smithi081.stdout:/usr/bin/ceph: stderr
2024-09-12T12:07:20.980+0000 7f83061cf640 1 --2- >> [v2:172.21.15.81:3300/0,v1:172.21.15.81:6789/0] conn(0x7f8300106200 0x7f830019db40 unknown :-1 s=NONE pgs=0 cs=0 l=1 rev1=0 crypto rx=0 tx=0 comp rx=0 tx=0).connect
2024-09-12T12:07:21.841 INFO:teuthology.orchestra.run.smithi081.stdout:/usr/bin/ceph: stderr
2024-09-12T12:07:20.980+0000 7f83061cf640 1 -- --> [v2:172.21.15.81:3300/0,v1:172.21.15.81:6789/0] -- mon_getmap magic: 0 -- 0x7f8300107ca0 con 0x7f8300106200
2024-09-12T12:07:21.841 INFO:teuthology.orchestra.run.smithi081.stdout:/usr/bin/ceph: stderr
2024-09-12T12:07:20.980+0000 7f82ff7fe640 1 --2- >> [v2:172.21.15.81:3300/0,v1:172.21.15.81:6789/0] conn(0x7f8300106200 0x7f830019db40 unknown :-1 s=BANNER_CONNECTING pgs=0 cs=0 l=1 rev1=0 crypto rx=0 tx=0 comp rx=0 tx=0)._handle_peer_banner_payload supported=3 required=0
2024-09-12T12:07:21.841 INFO:teuthology.orchestra.run.smithi081.stdout:/usr/bin/ceph: stderr
2024-09-12T12:07:20.980+0000 7f82ff7fe640 1 --2- >> [v2:172.21.15.81:3300/0,v1:172.21.15.81:6789/0] conn(0x7f8300106200 0x7f830019db40 unknown :-1 s=HELLO_CONNECTING pgs=0 cs=0 l=1 rev1=1 crypto rx=0 tx=0 comp rx=0 tx=0).handle_hello peer v2:172.21.15.81:3300/0 says I am v2:172.21.15.81:55230/0 (socket says 172.21.15.81:55230)
2024-09-12T12:07:21.841 INFO:teuthology.orchestra.run.smithi081.stdout:/usr/bin/ceph: stderr
2024-09-12T12:07:20.980+0000 7f82ff7fe640 1 -- 172.21.15.81:0/1021992422 learned_addr learned my addr 172.21.15.81:0/1021992422 (peer_addr_for_me v2:172.21.15.81:0/0)
2024-09-12T12:07:21.842 INFO:teuthology.orchestra.run.smithi081.stdout:/usr/bin/ceph: stderr
2024-09-12T12:07:20.980+0000 7f82ff7fe640 1 -- 172.21.15.81:0/1021992422 --> [v2:172.21.15.81:3300/0,v1:172.21.15.81:6789/0] -- mon_subscribe({config=0+,monmap=0+}) -- 0x7f830019e080 con 0x7f8300106200
2024-09-12T12:07:21.842 INFO:teuthology.orchestra.run.smithi081.stdout:/usr/bin/ceph: stderr
2024-09-12T12:07:20.980+0000 7f82ff7fe640 1 --2- 172.21.15.81:0/1021992422 >> [v2:172.21.15.81:3300/0,v1:172.21.15.81:6789/0] conn(0x7f8300106200 0x7f830019db40 secure :-1 s=READY pgs=25 cs=0 l=1 rev1=1 crypto rx=0x7f82f0031000 tx=0x7f82f0032e40 comp rx=0 tx=0).ready entity=mon.0 client_cookie=0 server_cookie=0 in_seq=0 out_seq=0
2024-09-12T12:07:21.842 INFO:teuthology.orchestra.run.smithi081.stdout:/usr/bin/ceph: stderr
2024-09-12T12:07:20.980+0000 7f82fcff9640 1 -- 172.21.15.81:0/1021992422 <== mon.0 v2:172.21.15.81:3300/0 1 ==== mon_map magic: 0 ==== 205+0+0 (secure 0 0 0) 0x7f82f0042070 con 0x7f8300106200
2024-09-12T12:07:21.842 INFO:teuthology.orchestra.run.smithi081.stdout:/usr/bin/ceph: stderr
2024-09-12T12:07:20.980+0000 7f82fcff9640 1 -- 172.21.15.81:0/1021992422 <== mon.0 v2:172.21.15.81:3300/0 2 ==== config(28 keys) ==== 1143+0+0 (secure 0 0 0) 0x7f82f00326b0 con 0x7f8300106200
2024-09-12T12:07:21.842 INFO:teuthology.orchestra.run.smithi081.stdout:/usr/bin/ceph: stderr
2024-09-12T12:07:20.980+0000 7f83061cf640 1 -- 172.21.15.81:0/1021992422 --> [v2:172.21.15.81:3300/0,v1:172.21.15.81:6789/0] -- mon_subscribe({mgrmap=0+}) -- 0x7f830019e310 con 0x7f8300106200
2024-09-12T12:07:21.843 INFO:teuthology.orchestra.run.smithi081.stdout:/usr/bin/ceph: stderr
2024-09-12T12:07:20.980+0000 7f82fcff9640 1 -- 172.21.15.81:0/1021992422 <== mon.0 v2:172.21.15.81:3300/0 3 ==== mon_map magic: 0 ==== 205+0+0 (secure 0 0 0) 0x7f82f0037040 con 0x7f8300106200
2024-09-12T12:07:21.843 INFO:teuthology.orchestra.run.smithi081.stdout:/usr/bin/ceph: stderr
2024-09-12T12:07:20.980+0000 7f83061cf640 1 -- 172.21.15.81:0/1021992422 --> [v2:172.21.15.81:3300/0,v1:172.21.15.81:6789/0] -- mon_subscribe({osdmap=0}) -- 0x7f83001a1000 con 0x7f8300106200
2024-09-12T12:07:21.843 INFO:teuthology.orchestra.run.smithi081.stdout:/usr/bin/ceph: stderr
2024-09-12T12:07:20.981+0000 7f82fcff9640 1 -- 172.21.15.81:0/1021992422 <== mon.0 v2:172.21.15.81:3300/0 4 ==== mgrmap(e 5) ==== 46287+0+0 (secure 0 0 0) 0x7f82f0045070 con 0x7f8300106200
2024-09-12T12:07:21.843 INFO:teuthology.orchestra.run.smithi081.stdout:/usr/bin/ceph: stderr
2024-09-12T12:07:20.981+0000 7f83061cf640 1 -- 172.21.15.81:0/1021992422 --> [v2:172.21.15.81:3300/0,v1:172.21.15.81:6789/0] -- mon_command({"prefix": "get_command_descriptions"} v 0) -- 0x7f8300106600 con 0x7f8300106200
2024-09-12T12:07:21.843 INFO:teuthology.orchestra.run.smithi081.stdout:/usr/bin/ceph: stderr
2024-09-12T12:07:20.982+0000 7f82fcff9640 1 --2- 172.21.15.81:0/1021992422 >> [v2:172.21.15.81:6800/2716402580,v1:172.21.15.81:6801/2716402580] conn(0x7f82e8038f70 0x7f82e803b430 unknown :-1 s=NONE pgs=0 cs=0 l=1 rev1=0 crypto rx=0 tx=0 comp rx=0 tx=0).connect
2024-09-12T12:07:21.844 INFO:teuthology.orchestra.run.smithi081.stdout:/usr/bin/ceph: stderr
2024-09-12T12:07:20.982+0000 7f82fcff9640 1 -- 172.21.15.81:0/1021992422 <== mon.0 v2:172.21.15.81:3300/0 5 ==== osd_map(1..1 src has 1..1) ==== 725+0+0 (secure 0 0 0) 0x7f82f006bf80 con 0x7f8300106200
2024-09-12T12:07:21.844 INFO:teuthology.orchestra.run.smithi081.stdout:/usr/bin/ceph: stderr
2024-09-12T12:07:20.982+0000 7f82feffd640 1 -- 172.21.15.81:0/1021992422 >> [v2:172.21.15.81:6800/2716402580,v1:172.21.15.81:6801/2716402580] conn(0x7f82e8038f70 msgr2=0x7f82e803b430 unknown :-1 s=STATE_CONNECTING_RE l=1).process reconnect failed to v2:172.21.15.81:6800/2716402580
2024-09-12T12:07:21.844 INFO:teuthology.orchestra.run.smithi081.stdout:/usr/bin/ceph: stderr
2024-09-12T12:07:20.982+0000 7f82feffd640 1 --2- 172.21.15.81:0/1021992422 >> [v2:172.21.15.81:6800/2716402580,v1:172.21.15.81:6801/2716402580] conn(0x7f82e8038f70 0x7f82e803b430 unknown :-1 s=START_CONNECT pgs=0 cs=0 l=1 rev1=0 crypto rx=0 tx=0 comp rx=0 tx=0)._fault waiting 0.200000
2024-09-12T12:07:21.844 INFO:teuthology.orchestra.run.smithi081.stdout:/usr/bin/ceph: stderr
2024-09-12T12:07:20.986+0000 7f82fcff9640 1 -- 172.21.15.81:0/1021992422 <== mon.0 v2:172.21.15.81:3300/0 6 ==== mon_command_ack([{"prefix": "get_command_descriptions"}]=0 v0) ==== 72+0+188821 (secure 0 0 0) 0x7f82f006b9a0 con 0x7f8300106200
2024-09-12T12:07:21.844 INFO:teuthology.orchestra.run.smithi081.stdout:/usr/bin/ceph: stderr
2024-09-12T12:07:21.183+0000 7f82feffd640 1 -- 172.21.15.81:0/1021992422 >> [v2:172.21.15.81:6800/2716402580,v1:172.21.15.81:6801/2716402580] conn(0x7f82e8038f70 msgr2=0x7f82e803b430 unknown :-1 s=STATE_CONNECTING_RE l=1).process reconnect failed to v2:172.21.15.81:6800/2716402580
2024-09-12T12:07:21.845 INFO:teuthology.orchestra.run.smithi081.stdout:/usr/bin/ceph: stderr
2024-09-12T12:07:21.183+0000 7f82feffd640 1 --2- 172.21.15.81:0/1021992422 >> [v2:172.21.15.81:6800/2716402580,v1:172.21.15.81:6801/2716402580] conn(0x7f82e8038f70 0x7f82e803b430 unknown :-1 s=START_CONNECT pgs=0 cs=0 l=1 rev1=0 crypto rx=0 tx=0 comp rx=0 tx=0)._fault waiting 0.400000
2024-09-12T12:07:21.845 INFO:teuthology.orchestra.run.smithi081.stdout:/usr/bin/ceph: stderr
2024-09-12T12:07:21.207+0000 7f83061cf640 1 -- 172.21.15.81:0/1021992422 --> [v2:172.21.15.81:3300/0,v1:172.21.15.81:6789/0] -- mon_command({"prefix": "mgr stat"} v 0) -- 0x7f8300196fb0 con 0x7f8300106200
2024-09-12T12:07:21.845 INFO:teuthology.orchestra.run.smithi081.stdout:/usr/bin/ceph: stderr
2024-09-12T12:07:21.207+0000 7f82fcff9640 1 -- 172.21.15.81:0/1021992422 <== mon.0 v2:172.21.15.81:3300/0 7 ==== mon_command_ack([{"prefix": "mgr stat"}]=0 v5) ==== 56+0+88 (secure 0 0 0) 0x7f82f003c800 con 0x7f8300106200
2024-09-12T12:07:21.845 INFO:teuthology.orchestra.run.smithi081.stdout:/usr/bin/ceph: stderr
2024-09-12T12:07:21.209+0000 7f83061cf640 1 -- 172.21.15.81:0/1021992422 >> [v2:172.21.15.81:6800/2716402580,v1:172.21.15.81:6801/2716402580] conn(0x7f82e8038f70 msgr2=0x7f82e803b430 unknown :-1 s=STATE_CONNECTING l=1).mark_down
2024-09-12T12:07:21.845 INFO:teuthology.orchestra.run.smithi081.stdout:/usr/bin/ceph: stderr
2024-09-12T12:07:21.209+0000 7f83061cf640 1 --2- 172.21.15.81:0/1021992422 >> [v2:172.21.15.81:6800/2716402580,v1:172.21.15.81:6801/2716402580] conn(0x7f82e8038f70 0x7f82e803b430 unknown :-1 s=START_CONNECT pgs=0 cs=0 l=1 rev1=0 crypto rx=0 tx=0 comp rx=0 tx=0).stop
2024-09-12T12:07:21.846 INFO:teuthology.orchestra.run.smithi081.stdout:/usr/bin/ceph: stderr
2024-09-12T12:07:21.209+0000 7f83061cf640 1 -- 172.21.15.81:0/1021992422 >> [v2:172.21.15.81:3300/0,v1:172.21.15.81:6789/0] conn(0x7f8300106200 msgr2=0x7f830019db40 secure :-1 s=STATE_CONNECTION_ESTABLISHED l=1).mark_down
2024-09-12T12:07:21.846 INFO:teuthology.orchestra.run.smithi081.stdout:/usr/bin/ceph: stderr
2024-09-12T12:07:21.209+0000 7f83061cf640 1 --2- 172.21.15.81:0/1021992422 >> [v2:172.21.15.81:3300/0,v1:172.21.15.81:6789/0] conn(0x7f8300106200 0x7f830019db40 secure :-1 s=READY pgs=25 cs=0 l=1 rev1=1 crypto rx=0x7f82f0031000 tx=0x7f82f0032e40 comp rx=0 tx=0).stop
2024-09-12T12:07:21.846 INFO:teuthology.orchestra.run.smithi081.stdout:/usr/bin/ceph: stderr
2024-09-12T12:07:21.209+0000 7f83061cf640 1 -- 172.21.15.81:0/1021992422 shutdown_connections
2024-09-12T12:07:21.846 INFO:teuthology.orchestra.run.smithi081.stdout:/usr/bin/ceph: stderr
2024-09-12T12:07:21.209+0000 7f83061cf640 1 --2- 172.21.15.81:0/1021992422 >> [v2:172.21.15.81:6800/2716402580,v1:172.21.15.81:6801/2716402580] conn(0x7f82e8038f70 0x7f82e803b430 unknown :-1 s=CLOSED pgs=0 cs=0 l=1 rev1=0 crypto rx=0 tx=0 comp rx=0 tx=0).stop
2024-09-12T12:07:21.846 INFO:teuthology.orchestra.run.smithi081.stdout:/usr/bin/ceph: stderr
2024-09-12T12:07:21.209+0000 7f83061cf640 1 --2- 172.21.15.81:0/1021992422 >> [v2:172.21.15.81:3300/0,v1:172.21.15.81:6789/0] conn(0x7f8300106200 0x7f830019db40 unknown :-1 s=CLOSED pgs=25 cs=0 l=1 rev1=1 crypto rx=0 tx=0 comp rx=0 tx=0).stop
2024-09-12T12:07:21.846 INFO:teuthology.orchestra.run.smithi081.stdout:/usr/bin/ceph: stderr
2024-09-12T12:07:21.209+0000 7f83061cf640 1 -- 172.21.15.81:0/1021992422 >> 172.21.15.81:0/1021992422 conn(0x7f83001020b0 msgr2=0x7f8300191e40 unknown :-1 s=STATE_NONE l=0).mark_down
2024-09-12T12:07:21.847 INFO:teuthology.orchestra.run.smithi081.stdout:/usr/bin/ceph: stderr
2024-09-12T12:07:21.209+0000 7f83061cf640 1 -- 172.21.15.81:0/1021992422 shutdown_connections
2024-09-12T12:07:21.847 INFO:teuthology.orchestra.run.smithi081.stdout:/usr/bin/ceph: stderr
2024-09-12T12:07:21.209+0000 7f83061cf640 1 -- 172.21.15.81:0/1021992422 wait complete.
2024-09-12T12:07:21.847 INFO:teuthology.orchestra.run.smithi081.stdout:Waiting for the mgr to restart...
2024-09-12T12:07:21.847 INFO:teuthology.orchestra.run.smithi081.stdout:Waiting for mgr epoch 5...
2024-09-12T12:07:22.079 INFO:journalctl@ceph.mon.a.smithi081.stdout:Sep 12 12:07:21 smithi081 ceph-mon[30948]: from='client.? 172.21.15.81:0/1021992422' entity='client.admin' cmd=[{"prefix": "mgr stat"}]: dispatch
2024-09-12T12:07:22.359 INFO:journalctl@ceph.mgr.x.smithi081.stdout:Sep 12 12:07:22 smithi081 ceph-595bfb7a-70ff-11ef-bcea-c7b262605968-mgr-x[31176]:
2024-09-12T12:07:22.079+0000 7f87d4e41040 -1 mgr[py] Module telemetry has missing NOTIFY_TYPES member
2024-09-12T12:07:22.360 INFO:journalctl@ceph.mgr.x.smithi081.stdout:Sep 12 12:07:22 smithi081 ceph-595bfb7a-70ff-11ef-bcea-c7b262605968-mgr-x[31176]:
2024-09-12T12:07:22.150+0000 7f87d4e41040 -1 mgr[py] Module balancer has missing NOTIFY_TYPES member
2024-09-12T12:07:23.118 INFO:journalctl@ceph.mgr.x.smithi081.stdout:Sep 12 12:07:22 smithi081 ceph-595bfb7a-70ff-11ef-bcea-c7b262605968-mgr-x[31176]:
2024-09-12T12:07:22.863+0000 7f87d4e41040 -1 mgr[py] Module rook has missing NOTIFY_TYPES member
2024-09-12T12:07:23.118 INFO:journalctl@ceph.mgr.x.smithi081.stdout:Sep 12 12:07:22 smithi081 ceph-595bfb7a-70ff-11ef-bcea-c7b262605968-mgr-x[31176]:
2024-09-12T12:07:22.977+0000 7f87d4e41040 -1 mgr[py] Module iostat has missing NOTIFY_TYPES member
2024-09-12T12:07:23.393 INFO:journalctl@ceph.mgr.x.smithi081.stdout:Sep 12 12:07:23 smithi081 ceph-595bfb7a-70ff-11ef-bcea-c7b262605968-mgr-x[31176]:
2024-09-12T12:07:23.118+0000 7f87d4e41040 -1 mgr[py] Module orchestrator has missing NOTIFY_TYPES member
2024-09-12T12:07:23.393 INFO:journalctl@ceph.mgr.x.smithi081.stdout:Sep 12 12:07:23 smithi081 ceph-595bfb7a-70ff-11ef-bcea-c7b262605968-mgr-x[31176]:
2024-09-12T12:07:23.180+0000 7f87d4e41040 -1 mgr[py] Module devicehealth has missing NOTIFY_TYPES member
2024-09-12T12:07:23.393 INFO:journalctl@ceph.mgr.x.smithi081.stdout:Sep 12 12:07:23 smithi081 ceph-595bfb7a-70ff-11ef-bcea-c7b262605968-mgr-x[31176]:
2024-09-12T12:07:23.325+0000 7f87d4e41040 -1 mgr[py] Module rgw has missing NOTIFY_TYPES member
2024-09-12T12:07:23.393 INFO:journalctl@ceph.mgr.x.smithi081.stdout:Sep 12 12:07:23 smithi081 ceph-595bfb7a-70ff-11ef-bcea-c7b262605968-mgr-x[31176]:
2024-09-12T12:07:23.393+0000 7f87d4e41040 -1 mgr[py] Module alerts has missing NOTIFY_TYPES member
2024-09-12T12:07:23.675 INFO:journalctl@ceph.mgr.x.smithi081.stdout:Sep 12 12:07:23 smithi081 ceph-595bfb7a-70ff-11ef-bcea-c7b262605968-mgr-x[31176]:
2024-09-12T12:07:23.452+0000 7f87d4e41040 -1 mgr[py] Module progress has missing NOTIFY_TYPES member
2024-09-12T12:07:23.675 INFO:journalctl@ceph.mgr.x.smithi081.stdout:Sep 12 12:07:23 smithi081 ceph-595bfb7a-70ff-11ef-bcea-c7b262605968-mgr-x[31176]:
2024-09-12T12:07:23.608+0000 7f87d4e41040 -1 mgr[py] Module nfs has missing NOTIFY_TYPES member
2024-09-12T12:07:23.675 INFO:journalctl@ceph.mgr.x.smithi081.stdout:Sep 12 12:07:23 smithi081 ceph-595bfb7a-70ff-11ef-bcea-c7b262605968-mgr-x[31176]:
2024-09-12T12:07:23.674+0000 7f87d4e41040 -1 mgr[py] Module status has missing NOTIFY_TYPES member
2024-09-12T12:07:23.940 INFO:journalctl@ceph.mgr.x.smithi081.stdout:Sep 12 12:07:23 smithi081 ceph-595bfb7a-70ff-11ef-bcea-c7b262605968-mgr-x[31176]:
2024-09-12T12:07:23.741+0000 7f87d4e41040 -1 mgr[py] Module pg_autoscaler has missing NOTIFY_TYPES member
2024-09-12T12:07:23.941 INFO:journalctl@ceph.mgr.x.smithi081.stdout:Sep 12 12:07:23 smithi081 ceph-595bfb7a-70ff-11ef-bcea-c7b262605968-mgr-x[31176]:
2024-09-12T12:07:23.823+0000 7f87d4e41040 -1 mgr[py] Module rbd_support has missing NOTIFY_TYPES member
2024-09-12T12:07:23.941 INFO:journalctl@ceph.mgr.x.smithi081.stdout:Sep 12 12:07:23 smithi081 ceph-595bfb7a-70ff-11ef-bcea-c7b262605968-mgr-x[31176]:
2024-09-12T12:07:23.881+0000 7f87d4e41040 -1 mgr[py] Module influx has missing NOTIFY_TYPES member
2024-09-12T12:07:23.941 INFO:journalctl@ceph.mgr.x.smithi081.stdout:Sep 12 12:07:23 smithi081 ceph-595bfb7a-70ff-11ef-bcea-c7b262605968-mgr-x[31176]:
2024-09-12T12:07:23.940+0000 7f87d4e41040 -1 mgr[py] Module zabbix has missing NOTIFY_TYPES member
2024-09-12T12:07:25.109 INFO:journalctl@ceph.mgr.x.smithi081.stdout:Sep 12 12:07:24 smithi081 ceph-595bfb7a-70ff-11ef-bcea-c7b262605968-mgr-x[31176]:
2024-09-12T12:07:24.722+0000 7f87d4e41040 -1 mgr[py] Module telegraf has missing NOTIFY_TYPES member
2024-09-12T12:07:25.110 INFO:journalctl@ceph.mon.a.smithi081.stdout:Sep 12 12:07:24 smithi081 ceph-mon[30948]: Active manager daemon x restarted
2024-09-12T12:07:25.110 INFO:journalctl@ceph.mon.a.smithi081.stdout:Sep 12 12:07:24 smithi081 ceph-mon[30948]: Activating manager daemon x
2024-09-12T12:07:25.110 INFO:journalctl@ceph.mon.a.smithi081.stdout:Sep 12 12:07:24 smithi081 ceph-mon[30948]: osdmap e2: 0 total, 0 up, 0 in
2024-09-12T12:07:25.110 INFO:journalctl@ceph.mon.a.smithi081.stdout:Sep 12 12:07:24 smithi081 ceph-mon[30948]: mgrmap e6: x(active, starting, since 0.00374173s)
2024-09-12T12:07:25.110 INFO:journalctl@ceph.mon.a.smithi081.stdout:Sep 12 12:07:24 smithi081 ceph-mon[30948]: from='mgr.14118 172.21.15.81:0/2329090414' entity='mgr.x' cmd=[{"prefix": "mon metadata", "id": "a"}]: dispatch
2024-09-12T12:07:25.110 INFO:journalctl@ceph.mon.a.smithi081.stdout:Sep 12 12:07:24 smithi081 ceph-mon[30948]: from='mgr.14118 172.21.15.81:0/2329090414' entity='mgr.x' cmd=[{"prefix": "mgr metadata", "who": "x", "id": "x"}]: dispatch
2024-09-12T12:07:25.110 INFO:journalctl@ceph.mon.a.smithi081.stdout:Sep 12 12:07:24 smithi081 ceph-mon[30948]: from='mgr.14118 172.21.15.81:0/2329090414' entity='mgr.x' cmd=[{"prefix": "mds metadata"}]: dispatch
2024-09-12T12:07:25.110 INFO:journalctl@ceph.mon.a.smithi081.stdout:Sep 12 12:07:24 smithi081 ceph-mon[30948]: from='mgr.14118 172.21.15.81:0/2329090414' entity='mgr.x' cmd=[{"prefix": "osd metadata"}]: dispatch
2024-09-12T12:07:25.110 INFO:journalctl@ceph.mon.a.smithi081.stdout:Sep 12 12:07:24 smithi081 ceph-mon[30948]: from='mgr.14118 172.21.15.81:0/2329090414' entity='mgr.x' cmd=[{"prefix": "mon metadata"}]: dispatch
2024-09-12T12:07:25.111 INFO:journalctl@ceph.mon.a.smithi081.stdout:Sep 12 12:07:24 smithi081 ceph-mon[30948]: Manager daemon x is now available
2024-09-12T12:07:25.111 INFO:journalctl@ceph.mon.a.smithi081.stdout:Sep 12 12:07:24 smithi081 ceph-mon[30948]: from='mgr.14118 172.21.15.81:0/2329090414' entity='mgr.x'
2024-09-12T12:07:25.111 INFO:journalctl@ceph.mon.a.smithi081.stdout:Sep 12 12:07:24 smithi081 ceph-mon[30948]: from='mgr.14118 172.21.15.81:0/2329090414' entity='mgr.x'
2024-09-12T12:07:25.111 INFO:journalctl@ceph.mon.a.smithi081.stdout:Sep 12 12:07:24 smithi081 ceph-mon[30948]: from='mgr.14118 172.21.15.81:0/2329090414' entity='mgr.x' cmd=[{"prefix": "config dump", "format": "json"}]: dispatch
2024-09-12T12:07:25.111 INFO:journalctl@ceph.mon.a.smithi081.stdout:Sep 12 12:07:24 smithi081 ceph-mon[30948]: from='mgr.14118 172.21.15.81:0/2329090414' entity='mgr.x' cmd=[{"prefix": "config dump", "format": "json"}]: dispatch
2024-09-12T12:07:25.111 INFO:journalctl@ceph.mon.a.smithi081.stdout:Sep 12 12:07:24 smithi081 ceph-mon[30948]: from='mgr.14118 172.21.15.81:0/2329090414' entity='mgr.x' cmd=[{"prefix":"config rm","who":"mgr","name":"mgr/rbd_support/x/mirror_snapshot_schedule"}]: dispatch
2024-09-12T12:07:25.111 INFO:journalctl@ceph.mon.a.smithi081.stdout:Sep 12 12:07:24 smithi081 ceph-mon[30948]: from='mgr.14118 172.21.15.81:0/2329090414' entity='mgr.x' cmd=[{"prefix":"config rm","who":"mgr","name":"mgr/rbd_support/x/trash_purge_schedule"}]: dispatch
2024-09-12T12:07:26.076 INFO:journalctl@ceph.mon.a.smithi081.stdout:Sep 12 12:07:25 smithi081 ceph-mon[30948]: Found migration_current of "None". Setting to last migration.
2024-09-12T12:07:26.076 INFO:journalctl@ceph.mon.a.smithi081.stdout:Sep 12 12:07:25 smithi081 ceph-mon[30948]: from='mgr.14118 172.21.15.81:0/2329090414' entity='mgr.x'
2024-09-12T12:07:26.076 INFO:journalctl@ceph.mon.a.smithi081.stdout:Sep 12 12:07:25 smithi081 ceph-mon[30948]: from='mgr.14118 172.21.15.81:0/2329090414' entity='mgr.x'
2024-09-12T12:07:26.076 INFO:journalctl@ceph.mon.a.smithi081.stdout:Sep 12 12:07:25 smithi081 ceph-mon[30948]: mgrmap e7: x(active, since 1.00585s)
2024-09-12T12:07:26.343 INFO:teuthology.orchestra.run.smithi081.stdout:/usr/bin/ceph: stdout {
2024-09-12T12:07:26.344 INFO:teuthology.orchestra.run.smithi081.stdout:/usr/bin/ceph: stdout "mgrmap_epoch": 7,
2024-09-12T12:07:26.344 INFO:teuthology.orchestra.run.smithi081.stdout:/usr/bin/ceph: stdout "initialized": true
2024-09-12T12:07:26.344 INFO:teuthology.orchestra.run.smithi081.stdout:/usr/bin/ceph: stdout }
2024-09-12T12:07:26.344 INFO:teuthology.orchestra.run.smithi081.stdout:/usr/bin/ceph: stderr
2024-09-12T12:07:22.275+0000 7fdc875d3640 1 Processor -- start
2024-09-12T12:07:26.344 INFO:teuthology.orchestra.run.smithi081.stdout:/usr/bin/ceph: stderr
2024-09-12T12:07:22.276+0000 7fdc875d3640 1 -- start start
2024-09-12T12:07:26.344 INFO:teuthology.orchestra.run.smithi081.stdout:/usr/bin/ceph: stderr
2024-09-12T12:07:22.276+0000 7fdc875d3640 1 --2- >> [v2:172.21.15.81:3300/0,v1:172.21.15.81:6789/0] conn(0x7fdc801083b0 0x7fdc8010a7a0 unknown :-1 s=NONE pgs=0 cs=0 l=0 rev1=0 crypto rx=0 tx=0 comp rx=0 tx=0).connect
2024-09-12T12:07:26.344 INFO:teuthology.orchestra.run.smithi081.stdout:/usr/bin/ceph: stderr
2024-09-12T12:07:22.276+0000 7fdc875d3640 1 -- --> [v2:172.21.15.81:3300/0,v1:172.21.15.81:6789/0] -- mon_getmap magic: 0 -- 0x7fdc80063510 con 0x7fdc801083b0
2024-09-12T12:07:26.344 INFO:teuthology.orchestra.run.smithi081.stdout:/usr/bin/ceph: stderr
2024-09-12T12:07:22.276+0000 7fdc8536f640 1 --2- >> [v2:172.21.15.81:3300/0,v1:172.21.15.81:6789/0] conn(0x7fdc801083b0 0x7fdc8010a7a0 unknown :-1 s=BANNER_CONNECTING pgs=0 cs=0 l=0 rev1=0 crypto rx=0 tx=0 comp rx=0 tx=0)._handle_peer_banner_payload supported=3 required=0
2024-09-12T12:07:26.344 INFO:teuthology.orchestra.run.smithi081.stdout:/usr/bin/ceph: stderr
2024-09-12T12:07:22.276+0000 7fdc8536f640 1 --2- >> [v2:172.21.15.81:3300/0,v1:172.21.15.81:6789/0] conn(0x7fdc801083b0 0x7fdc8010a7a0 unknown :-1 s=HELLO_CONNECTING pgs=0 cs=0 l=0 rev1=1 crypto rx=0 tx=0 comp rx=0 tx=0).handle_hello peer v2:172.21.15.81:3300/0 says I am v2:172.21.15.81:54936/0 (socket says 172.21.15.81:54936)
2024-09-12T12:07:26.344 INFO:teuthology.orchestra.run.smithi081.stdout:/usr/bin/ceph: stderr
2024-09-12T12:07:22.276+0000 7fdc8536f640 1 -- 172.21.15.81:0/2826478089 learned_addr learned my addr 172.21.15.81:0/2826478089 (peer_addr_for_me v2:172.21.15.81:0/0)
2024-09-12T12:07:26.344 INFO:teuthology.orchestra.run.smithi081.stdout:/usr/bin/ceph: stderr
2024-09-12T12:07:22.276+0000 7fdc8536f640 1 -- 172.21.15.81:0/2826478089 --> [v2:172.21.15.81:3300/0,v1:172.21.15.81:6789/0] -- mon_subscribe({config=0+,monmap=0+}) -- 0x7fdc8010ace0 con 0x7fdc801083b0
2024-09-12T12:07:26.345 INFO:teuthology.orchestra.run.smithi081.stdout:/usr/bin/ceph: stderr
2024-09-12T12:07:22.277+0000 7fdc8536f640 1 --2- 172.21.15.81:0/2826478089 >> [v2:172.21.15.81:3300/0,v1:172.21.15.81:6789/0] conn(0x7fdc801083b0 0x7fdc8010a7a0 secure :-1 s=READY pgs=26 cs=0 l=1 rev1=1 crypto rx=0x7fdc7c009820 tx=0x7fdc7c02a270 comp rx=0 tx=0).ready entity=mon.0 client_cookie=fcc08ebd98b85252 server_cookie=0 in_seq=0 out_seq=0
2024-09-12T12:07:26.345 INFO:teuthology.orchestra.run.smithi081.stdout:/usr/bin/ceph: stderr
2024-09-12T12:07:22.277+0000 7fdc77fff640 1 -- 172.21.15.81:0/2826478089 <== mon.0 v2:172.21.15.81:3300/0 1 ==== mon_map magic: 0 ==== 205+0+0 (secure 0 0 0) 0x7fdc7c037070 con 0x7fdc801083b0
2024-09-12T12:07:26.345 INFO:teuthology.orchestra.run.smithi081.stdout:/usr/bin/ceph: stderr
2024-09-12T12:07:22.277+0000 7fdc77fff640 1 -- 172.21.15.81:0/2826478089 <== mon.0 v2:172.21.15.81:3300/0 2 ==== config(28 keys) ==== 1143+0+0 (secure 0 0 0) 0x7fdc7c032920 con 0x7fdc801083b0
2024-09-12T12:07:26.345 INFO:teuthology.orchestra.run.smithi081.stdout:/usr/bin/ceph: stderr
2024-09-12T12:07:22.277+0000 7fdc77fff640 1 -- 172.21.15.81:0/2826478089 <== mon.0 v2:172.21.15.81:3300/0 3 ==== mon_map magic: 0 ==== 205+0+0 (secure 0 0 0) 0x7fdc7c030950 con 0x7fdc801083b0
2024-09-12T12:07:26.345 INFO:teuthology.orchestra.run.smithi081.stdout:/usr/bin/ceph: stderr
2024-09-12T12:07:22.278+0000 7fdc875d3640 1 -- 172.21.15.81:0/2826478089 >> [v2:172.21.15.81:3300/0,v1:172.21.15.81:6789/0] conn(0x7fdc801083b0 msgr2=0x7fdc8010a7a0 secure :-1 s=STATE_CONNECTION_ESTABLISHED l=1).mark_down
2024-09-12T12:07:26.345 INFO:teuthology.orchestra.run.smithi081.stdout:/usr/bin/ceph: stderr
2024-09-12T12:07:22.278+0000 7fdc875d3640 1 --2- 172.21.15.81:0/2826478089 >> [v2:172.21.15.81:3300/0,v1:172.21.15.81:6789/0] conn(0x7fdc801083b0 0x7fdc8010a7a0 secure :-1 s=READY pgs=26 cs=0 l=1 rev1=1 crypto rx=0x7fdc7c009820 tx=0x7fdc7c02a270 comp rx=0 tx=0).stop
2024-09-12T12:07:26.345 INFO:teuthology.orchestra.run.smithi081.stdout:/usr/bin/ceph: stderr
2024-09-12T12:07:22.278+0000 7fdc875d3640 1 -- 172.21.15.81:0/2826478089 shutdown_connections
2024-09-12T12:07:26.345 INFO:teuthology.orchestra.run.smithi081.stdout:/usr/bin/ceph: stderr
2024-09-12T12:07:22.278+0000 7fdc875d3640 1 --2- 172.21.15.81:0/2826478089 >> [v2:172.21.15.81:3300/0,v1:172.21.15.81:6789/0] conn(0x7fdc801083b0 0x7fdc8010a7a0 unknown :-1 s=CLOSED pgs=26 cs=0 l=1 rev1=1 crypto rx=0 tx=0 comp rx=0 tx=0).stop
2024-09-12T12:07:26.345 INFO:teuthology.orchestra.run.smithi081.stdout:/usr/bin/ceph: stderr
2024-09-12T12:07:22.278+0000 7fdc875d3640 1 -- 172.21.15.81:0/2826478089 >> 172.21.15.81:0/2826478089 conn(0x7fdc801020b0 msgr2=0x7fdc801044d0 unknown :-1 s=STATE_NONE l=0).mark_down
2024-09-12T12:07:26.345 INFO:teuthology.orchestra.run.smithi081.stdout:/usr/bin/ceph: stderr
2024-09-12T12:07:22.278+0000 7fdc875d3640 1 -- 172.21.15.81:0/2826478089 shutdown_connections
2024-09-12T12:07:26.345 INFO:teuthology.orchestra.run.smithi081.stdout:/usr/bin/ceph: stderr
2024-09-12T12:07:22.278+0000 7fdc875d3640 1 -- 172.21.15.81:0/2826478089 wait complete.
2024-09-12T12:07:26.345 INFO:teuthology.orchestra.run.smithi081.stdout:/usr/bin/ceph: stderr
2024-09-12T12:07:22.278+0000 7fdc875d3640 1 Processor -- start
2024-09-12T12:07:26.346 INFO:teuthology.orchestra.run.smithi081.stdout:/usr/bin/ceph: stderr
2024-09-12T12:07:22.279+0000 7fdc875d3640 1 -- start start
2024-09-12T12:07:26.346 INFO:teuthology.orchestra.run.smithi081.stdout:/usr/bin/ceph: stderr
2024-09-12T12:07:22.279+0000 7fdc875d3640 1 --2- >> [v2:172.21.15.81:3300/0,v1:172.21.15.81:6789/0] conn(0x7fdc801083b0 0x7fdc80107c30 unknown :-1 s=NONE pgs=0 cs=0 l=1 rev1=0 crypto rx=0 tx=0 comp rx=0 tx=0).connect
2024-09-12T12:07:26.346 INFO:teuthology.orchestra.run.smithi081.stdout:/usr/bin/ceph: stderr
2024-09-12T12:07:22.279+0000 7fdc875d3640 1 -- --> [v2:172.21.15.81:3300/0,v1:172.21.15.81:6789/0] -- mon_getmap magic: 0 -- 0x7fdc8010bde0 con 0x7fdc801083b0
2024-09-12T12:07:26.346 INFO:teuthology.orchestra.run.smithi081.stdout:/usr/bin/ceph: stderr
2024-09-12T12:07:22.279+0000 7fdc8536f640 1 --2- >> [v2:172.21.15.81:3300/0,v1:172.21.15.81:6789/0] conn(0x7fdc801083b0 0x7fdc80107c30 unknown :-1 s=BANNER_CONNECTING pgs=0 cs=0 l=1 rev1=0 crypto rx=0 tx=0 comp rx=0 tx=0)._handle_peer_banner_payload supported=3 required=0
2024-09-12T12:07:26.346 INFO:teuthology.orchestra.run.smithi081.stdout:/usr/bin/ceph: stderr
2024-09-12T12:07:22.279+0000 7fdc8536f640 1 --2- >> [v2:172.21.15.81:3300/0,v1:172.21.15.81:6789/0] conn(0x7fdc801083b0 0x7fdc80107c30 unknown :-1 s=HELLO_CONNECTING pgs=0 cs=0 l=1 rev1=1 crypto rx=0 tx=0 comp rx=0 tx=0).handle_hello peer v2:172.21.15.81:3300/0 says I am v2:172.21.15.81:54950/0 (socket says 172.21.15.81:54950)
2024-09-12T12:07:26.346 INFO:teuthology.orchestra.run.smithi081.stdout:/usr/bin/ceph: stderr
2024-09-12T12:07:22.279+0000 7fdc8536f640 1 -- 172.21.15.81:0/2300393555 learned_addr learned my addr 172.21.15.81:0/2300393555 (peer_addr_for_me v2:172.21.15.81:0/0)
2024-09-12T12:07:26.346 INFO:teuthology.orchestra.run.smithi081.stdout:/usr/bin/ceph: stderr
2024-09-12T12:07:22.279+0000 7fdc8536f640 1 -- 172.21.15.81:0/2300393555 --> [v2:172.21.15.81:3300/0,v1:172.21.15.81:6789/0] -- mon_subscribe({config=0+,monmap=0+}) -- 0x7fdc80108170 con 0x7fdc801083b0
2024-09-12T12:07:26.346 INFO:teuthology.orchestra.run.smithi081.stdout:/usr/bin/ceph: stderr
2024-09-12T12:07:22.279+0000 7fdc8536f640 1 --2- 172.21.15.81:0/2300393555 >> [v2:172.21.15.81:3300/0,v1:172.21.15.81:6789/0] conn(0x7fdc801083b0 0x7fdc80107c30 secure :-1 s=READY pgs=27 cs=0 l=1 rev1=1 crypto rx=0x7fdc7c006f10 tx=0x7fdc7c0327d0 comp rx=0 tx=0).ready entity=mon.0 client_cookie=0 server_cookie=0 in_seq=0 out_seq=0
2024-09-12T12:07:26.346 INFO:teuthology.orchestra.run.smithi081.stdout:/usr/bin/ceph: stderr
2024-09-12T12:07:22.279+0000 7fdc767fc640 1 -- 172.21.15.81:0/2300393555 <== mon.0 v2:172.21.15.81:3300/0 1 ==== mon_map magic: 0 ==== 205+0+0 (secure 0 0 0) 0x7fdc7c037040 con 0x7fdc801083b0
2024-09-12T12:07:26.346 INFO:teuthology.orchestra.run.smithi081.stdout:/usr/bin/ceph: stderr
2024-09-12T12:07:22.279+0000 7fdc767fc640 1 -- 172.21.15.81:0/2300393555 <== mon.0 v2:172.21.15.81:3300/0 2 ==== config(28 keys) ==== 1143+0+0 (secure 0 0 0) 0x7fdc7c040070 con 0x7fdc801083b0
2024-09-12T12:07:26.346 INFO:teuthology.orchestra.run.smithi081.stdout:/usr/bin/ceph: stderr
2024-09-12T12:07:22.279+0000 7fdc875d3640 1 -- 172.21.15.81:0/2300393555 --> [v2:172.21.15.81:3300/0,v1:172.21.15.81:6789/0] -- mon_subscribe({mgrmap=0+}) -- 0x7fdc80106360 con 0x7fdc801083b0
2024-09-12T12:07:26.346 INFO:teuthology.orchestra.run.smithi081.stdout:/usr/bin/ceph: stderr
2024-09-12T12:07:22.279+0000 7fdc767fc640 1 -- 172.21.15.81:0/2300393555 <== mon.0 v2:172.21.15.81:3300/0 3 ==== mon_map magic: 0 ==== 205+0+0 (secure 0 0 0) 0x7fdc7c03a630 con 0x7fdc801083b0
2024-09-12T12:07:26.346 INFO:teuthology.orchestra.run.smithi081.stdout:/usr/bin/ceph: stderr
2024-09-12T12:07:22.279+0000 7fdc875d3640 1 -- 172.21.15.81:0/2300393555 --> [v2:172.21.15.81:3300/0,v1:172.21.15.81:6789/0] -- mon_subscribe({osdmap=0}) -- 0x7fdc801068a0 con 0x7fdc801083b0
2024-09-12T12:07:26.347 INFO:teuthology.orchestra.run.smithi081.stdout:/usr/bin/ceph: stderr
2024-09-12T12:07:22.280+0000 7fdc767fc640 1 -- 172.21.15.81:0/2300393555 <== mon.0 v2:172.21.15.81:3300/0 4 ==== mgrmap(e 5) ==== 46287+0+0 (secure 0 0 0) 0x7fdc7c03a820 con 0x7fdc801083b0
2024-09-12T12:07:26.347 INFO:teuthology.orchestra.run.smithi081.stdout:/usr/bin/ceph: stderr
2024-09-12T12:07:22.280+0000 7fdc767fc640 1 --2- 172.21.15.81:0/2300393555 >> [v2:172.21.15.81:6800/2716402580,v1:172.21.15.81:6801/2716402580] conn(0x7fdc6c038fc0 0x7fdc6c03b480 unknown :-1 s=NONE pgs=0 cs=0 l=1 rev1=0 crypto rx=0 tx=0 comp rx=0 tx=0).connect
2024-09-12T12:07:26.347 INFO:teuthology.orchestra.run.smithi081.stdout:/usr/bin/ceph: stderr
2024-09-12T12:07:22.280+0000 7fdc875d3640 1 -- 172.21.15.81:0/2300393555 --> [v2:172.21.15.81:6800/2716402580,v1:172.21.15.81:6801/2716402580] -- command(tid 0: {"prefix": "get_command_descriptions"}) -- 0x7fdc80108810 con 0x7fdc6c038fc0
2024-09-12T12:07:26.347 INFO:teuthology.orchestra.run.smithi081.stdout:/usr/bin/ceph: stderr
2024-09-12T12:07:22.280+0000 7fdc767fc640 1 -- 172.21.15.81:0/2300393555 <== mon.0 v2:172.21.15.81:3300/0 5 ==== osd_map(1..1 src has 1..1) ==== 725+0+0 (secure 0 0 0) 0x7fdc7c06c380 con 0x7fdc801083b0
2024-09-12T12:07:26.347 INFO:teuthology.orchestra.run.smithi081.stdout:/usr/bin/ceph: stderr
2024-09-12T12:07:22.280+0000 7fdc84b6e640 1 -- 172.21.15.81:0/2300393555 >> [v2:172.21.15.81:6800/2716402580,v1:172.21.15.81:6801/2716402580] conn(0x7fdc6c038fc0 msgr2=0x7fdc6c03b480 unknown :-1 s=STATE_CONNECTING_RE l=1).process reconnect failed to v2:172.21.15.81:6800/2716402580
2024-09-12T12:07:26.347 INFO:teuthology.orchestra.run.smithi081.stdout:/usr/bin/ceph: stderr
2024-09-12T12:07:22.280+0000 7fdc84b6e640 1 --2- 172.21.15.81:0/2300393555 >> [v2:172.21.15.81:6800/2716402580,v1:172.21.15.81:6801/2716402580] conn(0x7fdc6c038fc0 0x7fdc6c03b480 unknown :-1 s=START_CONNECT pgs=0 cs=0 l=1 rev1=0 crypto rx=0 tx=0 comp rx=0 tx=0)._fault waiting 0.200000
2024-09-12T12:07:26.347 INFO:teuthology.orchestra.run.smithi081.stdout:/usr/bin/ceph: stderr
2024-09-12T12:07:22.481+0000 7fdc84b6e640 1 -- 172.21.15.81:0/2300393555 >> [v2:172.21.15.81:6800/2716402580,v1:172.21.15.81:6801/2716402580] conn(0x7fdc6c038fc0 msgr2=0x7fdc6c03b480 unknown :-1 s=STATE_CONNECTING_RE l=1).process reconnect failed to v2:172.21.15.81:6800/2716402580
2024-09-12T12:07:26.347 INFO:teuthology.orchestra.run.smithi081.stdout:/usr/bin/ceph: stderr
2024-09-12T12:07:22.481+0000 7fdc84b6e640 1 --2- 172.21.15.81:0/2300393555 >> [v2:172.21.15.81:6800/2716402580,v1:172.21.15.81:6801/2716402580] conn(0x7fdc6c038fc0 0x7fdc6c03b480 unknown :-1 s=START_CONNECT pgs=0 cs=0 l=1 rev1=0 crypto rx=0 tx=0 comp rx=0 tx=0)._fault waiting 0.400000
2024-09-12T12:07:26.347 INFO:teuthology.orchestra.run.smithi081.stdout:/usr/bin/ceph: stderr
2024-09-12T12:07:22.882+0000 7fdc84b6e640 1 -- 172.21.15.81:0/2300393555 >> [v2:172.21.15.81:6800/2716402580,v1:172.21.15.81:6801/2716402580] conn(0x7fdc6c038fc0 msgr2=0x7fdc6c03b480 unknown :-1 s=STATE_CONNECTING_RE l=1).process reconnect failed to v2:172.21.15.81:6800/2716402580
2024-09-12T12:07:26.347 INFO:teuthology.orchestra.run.smithi081.stdout:/usr/bin/ceph: stderr
2024-09-12T12:07:22.882+0000 7fdc84b6e640 1 --2- 172.21.15.81:0/2300393555 >> [v2:172.21.15.81:6800/2716402580,v1:172.21.15.81:6801/2716402580] conn(0x7fdc6c038fc0 0x7fdc6c03b480 unknown :-1 s=START_CONNECT pgs=0 cs=0 l=1 rev1=0 crypto rx=0 tx=0 comp rx=0 tx=0)._fault waiting 0.800000
2024-09-12T12:07:26.347 INFO:teuthology.orchestra.run.smithi081.stdout:/usr/bin/ceph: stderr
2024-09-12T12:07:23.683+0000 7fdc84b6e640 1 -- 172.21.15.81:0/2300393555 >> [v2:172.21.15.81:6800/2716402580,v1:172.21.15.81:6801/2716402580] conn(0x7fdc6c038fc0 msgr2=0x7fdc6c03b480 unknown :-1 s=STATE_CONNECTING_RE l=1).process reconnect failed to v2:172.21.15.81:6800/2716402580
2024-09-12T12:07:26.347 INFO:teuthology.orchestra.run.smithi081.stdout:/usr/bin/ceph: stderr
