2024-09-12T12:07:37.097 INFO:teuthology.orchestra.run.smithi081.stdout:/usr/bin/ceph: stderr
2024-09-12T12:07:36.111+0000 7f98e31f8640 1 Processor -- start
2024-09-12T12:07:37.097 INFO:teuthology.orchestra.run.smithi081.stdout:/usr/bin/ceph: stderr
2024-09-12T12:07:36.111+0000 7f98e31f8640 1 -- start start
2024-09-12T12:07:37.097 INFO:teuthology.orchestra.run.smithi081.stdout:/usr/bin/ceph: stderr
2024-09-12T12:07:36.111+0000 7f98e31f8640 1 --2- >> [v2:172.21.15.81:3300/0,v1:172.21.15.81:6789/0] conn(0x7f98dc1083f0 0x7f98dc10a7e0 unknown :-1 s=NONE pgs=0 cs=0 l=0 rev1=0 crypto rx=0 tx=0 comp rx=0 tx=0).connect
2024-09-12T12:07:37.097 INFO:teuthology.orchestra.run.smithi081.stdout:/usr/bin/ceph: stderr
2024-09-12T12:07:36.111+0000 7f98e31f8640 1 -- --> [v2:172.21.15.81:3300/0,v1:172.21.15.81:6789/0] -- mon_getmap magic: 0 -- 0x7f98dc07bec0 con 0x7f98dc1083f0
2024-09-12T12:07:37.097 INFO:teuthology.orchestra.run.smithi081.stdout:/usr/bin/ceph: stderr
2024-09-12T12:07:36.111+0000 7f98e0f94640 1 --2- >> [v2:172.21.15.81:3300/0,v1:172.21.15.81:6789/0] conn(0x7f98dc1083f0 0x7f98dc10a7e0 unknown :-1 s=BANNER_CONNECTING pgs=0 cs=0 l=0 rev1=0 crypto rx=0 tx=0 comp rx=0 tx=0)._handle_peer_banner_payload supported=3 required=0
2024-09-12T12:07:37.097 INFO:teuthology.orchestra.run.smithi081.stdout:/usr/bin/ceph: stderr
2024-09-12T12:07:36.111+0000 7f98e0f94640 1 --2- >> [v2:172.21.15.81:3300/0,v1:172.21.15.81:6789/0] conn(0x7f98dc1083f0 0x7f98dc10a7e0 unknown :-1 s=HELLO_CONNECTING pgs=0 cs=0 l=0 rev1=1 crypto rx=0 tx=0 comp rx=0 tx=0).handle_hello peer v2:172.21.15.81:3300/0 says I am v2:172.21.15.81:40600/0 (socket says 172.21.15.81:40600)
2024-09-12T12:07:37.097 INFO:teuthology.orchestra.run.smithi081.stdout:/usr/bin/ceph: stderr
2024-09-12T12:07:36.111+0000 7f98e0f94640 1 -- 172.21.15.81:0/4234599301 learned_addr learned my addr 172.21.15.81:0/4234599301 (peer_addr_for_me v2:172.21.15.81:0/0)
2024-09-12T12:07:37.097 INFO:teuthology.orchestra.run.smithi081.stdout:/usr/bin/ceph: stderr
2024-09-12T12:07:36.112+0000 7f98e0f94640 1 -- 172.21.15.81:0/4234599301 --> [v2:172.21.15.81:3300/0,v1:172.21.15.81:6789/0] -- mon_subscribe({config=0+,monmap=0+}) -- 0x7f98dc10ad20 con 0x7f98dc1083f0
2024-09-12T12:07:37.097 INFO:teuthology.orchestra.run.smithi081.stdout:/usr/bin/ceph: stderr
2024-09-12T12:07:36.112+0000 7f98e0f94640 1 --2- 172.21.15.81:0/4234599301 >> [v2:172.21.15.81:3300/0,v1:172.21.15.81:6789/0] conn(0x7f98dc1083f0 0x7f98dc10a7e0 secure :-1 s=READY pgs=45 cs=0 l=1 rev1=1 crypto rx=0x7f98d0009820 tx=0x7f98d002a270 comp rx=0 tx=0).ready entity=mon.0 client_cookie=eb9851ed8bf7faf3 server_cookie=0 in_seq=0 out_seq=0
2024-09-12T12:07:37.097 INFO:teuthology.orchestra.run.smithi081.stdout:/usr/bin/ceph: stderr
2024-09-12T12:07:36.112+0000 7f98db7fe640 1 -- 172.21.15.81:0/4234599301 <== mon.0 v2:172.21.15.81:3300/0 1 ==== mon_map magic: 0 ==== 205+0+0 (secure 0 0 0) 0x7f98d0037070 con 0x7f98dc1083f0
2024-09-12T12:07:37.097 INFO:teuthology.orchestra.run.smithi081.stdout:/usr/bin/ceph: stderr
2024-09-12T12:07:36.113+0000 7f98db7fe640 1 -- 172.21.15.81:0/4234599301 <== mon.0 v2:172.21.15.81:3300/0 2 ==== config(28 keys) ==== 1143+0+0 (secure 0 0 0) 0x7f98d0032920 con 0x7f98dc1083f0
2024-09-12T12:07:37.097 INFO:teuthology.orchestra.run.smithi081.stdout:/usr/bin/ceph: stderr
2024-09-12T12:07:36.113+0000 7f98db7fe640 1 -- 172.21.15.81:0/4234599301 <== mon.0 v2:172.21.15.81:3300/0 3 ==== mon_map magic: 0 ==== 205+0+0 (secure 0 0 0) 0x7f98d0030950 con 0x7f98dc1083f0
2024-09-12T12:07:37.098 INFO:teuthology.orchestra.run.smithi081.stdout:/usr/bin/ceph: stderr
2024-09-12T12:07:36.113+0000 7f98e31f8640 1 -- 172.21.15.81:0/4234599301 >> [v2:172.21.15.81:3300/0,v1:172.21.15.81:6789/0] conn(0x7f98dc1083f0 msgr2=0x7f98dc10a7e0 secure :-1 s=STATE_CONNECTION_ESTABLISHED l=1).mark_down
2024-09-12T12:07:37.098 INFO:teuthology.orchestra.run.smithi081.stdout:/usr/bin/ceph: stderr
2024-09-12T12:07:36.113+0000 7f98e31f8640 1 --2- 172.21.15.81:0/4234599301 >> [v2:172.21.15.81:3300/0,v1:172.21.15.81:6789/0] conn(0x7f98dc1083f0 0x7f98dc10a7e0 secure :-1 s=READY pgs=45 cs=0 l=1 rev1=1 crypto rx=0x7f98d0009820 tx=0x7f98d002a270 comp rx=0 tx=0).stop
2024-09-12T12:07:37.098 INFO:teuthology.orchestra.run.smithi081.stdout:/usr/bin/ceph: stderr
2024-09-12T12:07:36.113+0000 7f98e31f8640 1 -- 172.21.15.81:0/4234599301 shutdown_connections
2024-09-12T12:07:37.098 INFO:teuthology.orchestra.run.smithi081.stdout:/usr/bin/ceph: stderr
2024-09-12T12:07:36.113+0000 7f98e31f8640 1 --2- 172.21.15.81:0/4234599301 >> [v2:172.21.15.81:3300/0,v1:172.21.15.81:6789/0] conn(0x7f98dc1083f0 0x7f98dc10a7e0 unknown :-1 s=CLOSED pgs=45 cs=0 l=1 rev1=1 crypto rx=0 tx=0 comp rx=0 tx=0).stop
2024-09-12T12:07:37.098 INFO:teuthology.orchestra.run.smithi081.stdout:/usr/bin/ceph: stderr
2024-09-12T12:07:36.113+0000 7f98e31f8640 1 -- 172.21.15.81:0/4234599301 >> 172.21.15.81:0/4234599301 conn(0x7f98dc101ff0 msgr2=0x7f98dc104450 unknown :-1 s=STATE_NONE l=0).mark_down
2024-09-12T12:07:37.098 INFO:teuthology.orchestra.run.smithi081.stdout:/usr/bin/ceph: stderr
2024-09-12T12:07:36.113+0000 7f98e31f8640 1 -- 172.21.15.81:0/4234599301 shutdown_connections
2024-09-12T12:07:37.098 INFO:teuthology.orchestra.run.smithi081.stdout:/usr/bin/ceph: stderr
2024-09-12T12:07:36.113+0000 7f98e31f8640 1 -- 172.21.15.81:0/4234599301 wait complete.
2024-09-12T12:07:37.098 INFO:teuthology.orchestra.run.smithi081.stdout:/usr/bin/ceph: stderr
2024-09-12T12:07:36.114+0000 7f98e31f8640 1 Processor -- start
2024-09-12T12:07:37.098 INFO:teuthology.orchestra.run.smithi081.stdout:/usr/bin/ceph: stderr
2024-09-12T12:07:36.114+0000 7f98e31f8640 1 -- start start
2024-09-12T12:07:37.098 INFO:teuthology.orchestra.run.smithi081.stdout:/usr/bin/ceph: stderr
2024-09-12T12:07:36.114+0000 7f98e31f8640 1 --2- >> [v2:172.21.15.81:3300/0,v1:172.21.15.81:6789/0] conn(0x7f98dc1083f0 0x7f98dc107c70 unknown :-1 s=NONE pgs=0 cs=0 l=1 rev1=0 crypto rx=0 tx=0 comp rx=0 tx=0).connect
2024-09-12T12:07:37.098 INFO:teuthology.orchestra.run.smithi081.stdout:/usr/bin/ceph: stderr
2024-09-12T12:07:36.114+0000 7f98e31f8640 1 -- --> [v2:172.21.15.81:3300/0,v1:172.21.15.81:6789/0] -- mon_getmap magic: 0 -- 0x7f98dc10be20 con 0x7f98dc1083f0
2024-09-12T12:07:37.098 INFO:teuthology.orchestra.run.smithi081.stdout:/usr/bin/ceph: stderr
2024-09-12T12:07:36.114+0000 7f98e0f94640 1 --2- >> [v2:172.21.15.81:3300/0,v1:172.21.15.81:6789/0] conn(0x7f98dc1083f0 0x7f98dc107c70 unknown :-1 s=BANNER_CONNECTING pgs=0 cs=0 l=1 rev1=0 crypto rx=0 tx=0 comp rx=0 tx=0)._handle_peer_banner_payload supported=3 required=0
2024-09-12T12:07:37.098 INFO:teuthology.orchestra.run.smithi081.stdout:/usr/bin/ceph: stderr
2024-09-12T12:07:36.114+0000 7f98e0f94640 1 --2- >> [v2:172.21.15.81:3300/0,v1:172.21.15.81:6789/0] conn(0x7f98dc1083f0 0x7f98dc107c70 unknown :-1 s=HELLO_CONNECTING pgs=0 cs=0 l=1 rev1=1 crypto rx=0 tx=0 comp rx=0 tx=0).handle_hello peer v2:172.21.15.81:3300/0 says I am v2:172.21.15.81:40612/0 (socket says 172.21.15.81:40612)
2024-09-12T12:07:37.098 INFO:teuthology.orchestra.run.smithi081.stdout:/usr/bin/ceph: stderr
2024-09-12T12:07:36.114+0000 7f98e0f94640 1 -- 172.21.15.81:0/1953630815 learned_addr learned my addr 172.21.15.81:0/1953630815 (peer_addr_for_me v2:172.21.15.81:0/0)
2024-09-12T12:07:37.099 INFO:teuthology.orchestra.run.smithi081.stdout:/usr/bin/ceph: stderr
2024-09-12T12:07:36.114+0000 7f98e0f94640 1 -- 172.21.15.81:0/1953630815 --> [v2:172.21.15.81:3300/0,v1:172.21.15.81:6789/0] -- mon_subscribe({config=0+,monmap=0+}) -- 0x7f98dc1081b0 con 0x7f98dc1083f0
2024-09-12T12:07:37.099 INFO:teuthology.orchestra.run.smithi081.stdout:/usr/bin/ceph: stderr
2024-09-12T12:07:36.114+0000 7f98e0f94640 1 --2- 172.21.15.81:0/1953630815 >> [v2:172.21.15.81:3300/0,v1:172.21.15.81:6789/0] conn(0x7f98dc1083f0 0x7f98dc107c70 secure :-1 s=READY pgs=46 cs=0 l=1 rev1=1 crypto rx=0x7f98d0031000 tx=0x7f98d0032e40 comp rx=0 tx=0).ready entity=mon.0 client_cookie=0 server_cookie=0 in_seq=0 out_seq=0
2024-09-12T12:07:37.099 INFO:teuthology.orchestra.run.smithi081.stdout:/usr/bin/ceph: stderr
2024-09-12T12:07:36.114+0000 7f98d9ffb640 1 -- 172.21.15.81:0/1953630815 <== mon.0 v2:172.21.15.81:3300/0 1 ==== mon_map magic: 0 ==== 205+0+0 (secure 0 0 0) 0x7f98d0042070 con 0x7f98dc1083f0
2024-09-12T12:07:37.099 INFO:teuthology.orchestra.run.smithi081.stdout:/usr/bin/ceph: stderr
2024-09-12T12:07:36.115+0000 7f98d9ffb640 1 -- 172.21.15.81:0/1953630815 <== mon.0 v2:172.21.15.81:3300/0 2 ==== config(28 keys) ==== 1143+0+0 (secure 0 0 0) 0x7f98d00326b0 con 0x7f98dc1083f0
2024-09-12T12:07:37.099 INFO:teuthology.orchestra.run.smithi081.stdout:/usr/bin/ceph: stderr
2024-09-12T12:07:36.115+0000 7f98e31f8640 1 -- 172.21.15.81:0/1953630815 --> [v2:172.21.15.81:3300/0,v1:172.21.15.81:6789/0] -- mon_subscribe({mgrmap=0+}) -- 0x7f98dc1063a0 con 0x7f98dc1083f0
2024-09-12T12:07:37.099 INFO:teuthology.orchestra.run.smithi081.stdout:/usr/bin/ceph: stderr
2024-09-12T12:07:36.115+0000 7f98d9ffb640 1 -- 172.21.15.81:0/1953630815 <== mon.0 v2:172.21.15.81:3300/0 3 ==== mon_map magic: 0 ==== 205+0+0 (secure 0 0 0) 0x7f98d0037040 con 0x7f98dc1083f0
2024-09-12T12:07:37.099 INFO:teuthology.orchestra.run.smithi081.stdout:/usr/bin/ceph: stderr
2024-09-12T12:07:36.115+0000 7f98e31f8640 1 -- 172.21.15.81:0/1953630815 --> [v2:172.21.15.81:3300/0,v1:172.21.15.81:6789/0] -- mon_subscribe({osdmap=0}) -- 0x7f98dc1068e0 con 0x7f98dc1083f0
2024-09-12T12:07:37.099 INFO:teuthology.orchestra.run.smithi081.stdout:/usr/bin/ceph: stderr
2024-09-12T12:07:36.116+0000 7f98d9ffb640 1 -- 172.21.15.81:0/1953630815 <== mon.0 v2:172.21.15.81:3300/0 4 ==== mgrmap(e 8) ==== 46287+0+0 (secure 0 0 0) 0x7f98d0045070 con 0x7f98dc1083f0
2024-09-12T12:07:37.099 INFO:teuthology.orchestra.run.smithi081.stdout:/usr/bin/ceph: stderr
2024-09-12T12:07:36.116+0000 7f98e31f8640 1 -- 172.21.15.81:0/1953630815 --> [v2:172.21.15.81:3300/0,v1:172.21.15.81:6789/0] -- mon_command({"prefix": "get_command_descriptions"} v 0) -- 0x7f98dc108850 con 0x7f98dc1083f0
2024-09-12T12:07:37.099 INFO:teuthology.orchestra.run.smithi081.stdout:/usr/bin/ceph: stderr
2024-09-12T12:07:36.116+0000 7f98d9ffb640 1 --2- 172.21.15.81:0/1953630815 >> [v2:172.21.15.81:6800/2203121669,v1:172.21.15.81:6801/2203121669] conn(0x7f98cc038f70 0x7f98cc03b430 unknown :-1 s=NONE pgs=0 cs=0 l=1 rev1=0 crypto rx=0 tx=0 comp rx=0 tx=0).connect
2024-09-12T12:07:37.099 INFO:teuthology.orchestra.run.smithi081.stdout:/usr/bin/ceph: stderr
2024-09-12T12:07:36.116+0000 7f98d9ffb640 1 -- 172.21.15.81:0/1953630815 <== mon.0 v2:172.21.15.81:3300/0 5 ==== osd_map(2..2 src has 1..2) ==== 940+0+0 (secure 0 0 0) 0x7f98d006c0a0 con 0x7f98dc1083f0
2024-09-12T12:07:37.099 INFO:teuthology.orchestra.run.smithi081.stdout:/usr/bin/ceph: stderr
2024-09-12T12:07:36.116+0000 7f98dbfff640 1 --2- 172.21.15.81:0/1953630815 >> [v2:172.21.15.81:6800/2203121669,v1:172.21.15.81:6801/2203121669] conn(0x7f98cc038f70 0x7f98cc03b430 unknown :-1 s=BANNER_CONNECTING pgs=0 cs=0 l=1 rev1=0 crypto rx=0 tx=0 comp rx=0 tx=0)._handle_peer_banner_payload supported=3 required=0
2024-09-12T12:07:37.099 INFO:teuthology.orchestra.run.smithi081.stdout:/usr/bin/ceph: stderr
2024-09-12T12:07:36.116+0000 7f98dbfff640 1 --2- 172.21.15.81:0/1953630815 >> [v2:172.21.15.81:6800/2203121669,v1:172.21.15.81:6801/2203121669] conn(0x7f98cc038f70 0x7f98cc03b430 secure :-1 s=READY pgs=12 cs=0 l=1 rev1=1 crypto rx=0x7f98c80098c0 tx=0x7f98c8006db0 comp rx=0 tx=0).ready entity=mgr.14118 client_cookie=0 server_cookie=0 in_seq=0 out_seq=0
2024-09-12T12:07:37.099 INFO:teuthology.orchestra.run.smithi081.stdout:/usr/bin/ceph: stderr
2024-09-12T12:07:36.121+0000 7f98d9ffb640 1 -- 172.21.15.81:0/1953630815 <== mon.0 v2:172.21.15.81:3300/0 6 ==== mon_command_ack([{"prefix": "get_command_descriptions"}]=0 v0) ==== 72+0+188821 (secure 0 0 0) 0x7f98d003c800 con 0x7f98dc1083f0
2024-09-12T12:07:37.100 INFO:teuthology.orchestra.run.smithi081.stdout:/usr/bin/ceph: stderr
2024-09-12T12:07:36.304+0000 7f98e31f8640 1 -- 172.21.15.81:0/1953630815 --> [v2:172.21.15.81:6800/2203121669,v1:172.21.15.81:6801/2203121669] -- mgr_command(tid 0: {"prefix": "orch apply", "service_type": "mon", "unmanaged": true, "target": ["mon-mgr", ""]}) -- 0x7f98dc107230 con 0x7f98cc038f70
2024-09-12T12:07:37.100 INFO:teuthology.orchestra.run.smithi081.stdout:/usr/bin/ceph: stderr
2024-09-12T12:07:36.309+0000 7f98d9ffb640 1 -- 172.21.15.81:0/1953630815 <== mgr.14118 v2:172.21.15.81:6800/2203121669 1 ==== mgr_command_reply(tid 0: 0 ) ==== 8+0+24 (secure 0 0 0) 0x7f98dc107230 con 0x7f98cc038f70
2024-09-12T12:07:37.100 INFO:teuthology.orchestra.run.smithi081.stdout:/usr/bin/ceph: stderr
2024-09-12T12:07:36.311+0000 7f98e31f8640 1 -- 172.21.15.81:0/1953630815 >> [v2:172.21.15.81:6800/2203121669,v1:172.21.15.81:6801/2203121669] conn(0x7f98cc038f70 msgr2=0x7f98cc03b430 secure :-1 s=STATE_CONNECTION_ESTABLISHED l=1).mark_down
2024-09-12T12:07:37.100 INFO:teuthology.orchestra.run.smithi081.stdout:/usr/bin/ceph: stderr
2024-09-12T12:07:36.311+0000 7f98e31f8640 1 --2- 172.21.15.81:0/1953630815 >> [v2:172.21.15.81:6800/2203121669,v1:172.21.15.81:6801/2203121669] conn(0x7f98cc038f70 0x7f98cc03b430 secure :-1 s=READY pgs=12 cs=0 l=1 rev1=1 crypto rx=0x7f98c80098c0 tx=0x7f98c8006db0 comp rx=0 tx=0).stop
2024-09-12T12:07:37.100 INFO:teuthology.orchestra.run.smithi081.stdout:/usr/bin/ceph: stderr
2024-09-12T12:07:36.311+0000 7f98e31f8640 1 -- 172.21.15.81:0/1953630815 >> [v2:172.21.15.81:3300/0,v1:172.21.15.81:6789/0] conn(0x7f98dc1083f0 msgr2=0x7f98dc107c70 secure :-1 s=STATE_CONNECTION_ESTABLISHED l=1).mark_down
2024-09-12T12:07:37.100 INFO:teuthology.orchestra.run.smithi081.stdout:/usr/bin/ceph: stderr
2024-09-12T12:07:36.311+0000 7f98e31f8640 1 --2- 172.21.15.81:0/1953630815 >> [v2:172.21.15.81:3300/0,v1:172.21.15.81:6789/0] conn(0x7f98dc1083f0 0x7f98dc107c70 secure :-1 s=READY pgs=46 cs=0 l=1 rev1=1 crypto rx=0x7f98d0031000 tx=0x7f98d0032e40 comp rx=0 tx=0).stop
2024-09-12T12:07:37.100 INFO:teuthology.orchestra.run.smithi081.stdout:/usr/bin/ceph: stderr
2024-09-12T12:07:36.311+0000 7f98e31f8640 1 -- 172.21.15.81:0/1953630815 shutdown_connections
2024-09-12T12:07:37.100 INFO:teuthology.orchestra.run.smithi081.stdout:/usr/bin/ceph: stderr
2024-09-12T12:07:36.311+0000 7f98e31f8640 1 --2- 172.21.15.81:0/1953630815 >> [v2:172.21.15.81:6800/2203121669,v1:172.21.15.81:6801/2203121669] conn(0x7f98cc038f70 0x7f98cc03b430 unknown :-1 s=CLOSED pgs=12 cs=0 l=1 rev1=1 crypto rx=0 tx=0 comp rx=0 tx=0).stop
2024-09-12T12:07:37.100 INFO:teuthology.orchestra.run.smithi081.stdout:/usr/bin/ceph: stderr
2024-09-12T12:07:36.311+0000 7f98e31f8640 1 --2- 172.21.15.81:0/1953630815 >> [v2:172.21.15.81:3300/0,v1:172.21.15.81:6789/0] conn(0x7f98dc1083f0 0x7f98dc107c70 unknown :-1 s=CLOSED pgs=46 cs=0 l=1 rev1=1 crypto rx=0 tx=0 comp rx=0 tx=0).stop
2024-09-12T12:07:37.100 INFO:teuthology.orchestra.run.smithi081.stdout:/usr/bin/ceph: stderr
2024-09-12T12:07:36.311+0000 7f98e31f8640 1 -- 172.21.15.81:0/1953630815 >> 172.21.15.81:0/1953630815 conn(0x7f98dc101ff0 msgr2=0x7f98dc102bf0 unknown :-1 s=STATE_NONE l=0).mark_down
2024-09-12T12:07:37.100 INFO:teuthology.orchestra.run.smithi081.stdout:/usr/bin/ceph: stderr
2024-09-12T12:07:36.311+0000 7f98e31f8640 1 -- 172.21.15.81:0/1953630815 shutdown_connections
2024-09-12T12:07:37.100 INFO:teuthology.orchestra.run.smithi081.stdout:/usr/bin/ceph: stderr
2024-09-12T12:07:36.311+0000 7f98e31f8640 1 -- 172.21.15.81:0/1953630815 wait complete.
2024-09-12T12:07:37.100 INFO:teuthology.orchestra.run.smithi081.stdout:Deploying unmanaged mgr service...
2024-09-12T12:07:37.359 INFO:journalctl@ceph.mon.a.smithi081.stdout:Sep 12 12:07:37 smithi081 ceph-mon[30948]: from='client.14140 -' entity='client.admin' cmd=[{"prefix": "orch apply", "service_type": "mon", "unmanaged": true, "target": ["mon-mgr", ""]}]: dispatch
2024-09-12T12:07:37.360 INFO:journalctl@ceph.mon.a.smithi081.stdout:Sep 12 12:07:37 smithi081 ceph-mon[30948]: Saving service mon spec with placement count:5
2024-09-12T12:07:37.360 INFO:journalctl@ceph.mon.a.smithi081.stdout:Sep 12 12:07:37 smithi081 ceph-mon[30948]: from='mgr.14118 172.21.15.81:0/2329090414' entity='mgr.x'
2024-09-12T12:07:39.319 INFO:teuthology.orchestra.run.smithi081.stdout:/usr/bin/ceph: stdout Scheduled mgr update...
2024-09-12T12:07:39.319 INFO:teuthology.orchestra.run.smithi081.stdout:/usr/bin/ceph: stderr
2024-09-12T12:07:38.528+0000 7fda5f3a2640 1 Processor -- start
2024-09-12T12:07:39.319 INFO:teuthology.orchestra.run.smithi081.stdout:/usr/bin/ceph: stderr
2024-09-12T12:07:38.528+0000 7fda5f3a2640 1 -- start start
2024-09-12T12:07:39.319 INFO:teuthology.orchestra.run.smithi081.stdout:/usr/bin/ceph: stderr
2024-09-12T12:07:38.528+0000 7fda5f3a2640 1 --2- >> [v2:172.21.15.81:3300/0,v1:172.21.15.81:6789/0] conn(0x7fda58106840 0x7fda58106c40 unknown :-1 s=NONE pgs=0 cs=0 l=0 rev1=0 crypto rx=0 tx=0 comp rx=0 tx=0).connect
2024-09-12T12:07:39.320 INFO:teuthology.orchestra.run.smithi081.stdout:/usr/bin/ceph: stderr
2024-09-12T12:07:38.528+0000 7fda5f3a2640 1 -- --> [v2:172.21.15.81:3300/0,v1:172.21.15.81:6789/0] -- mon_getmap magic: 0 -- 0x7fda58107210 con 0x7fda58106840
2024-09-12T12:07:39.320 INFO:teuthology.orchestra.run.smithi081.stdout:/usr/bin/ceph: stderr
2024-09-12T12:07:38.529+0000 7fda5d13e640 1 --2- >> [v2:172.21.15.81:3300/0,v1:172.21.15.81:6789/0] conn(0x7fda58106840 0x7fda58106c40 unknown :-1 s=BANNER_CONNECTING pgs=0 cs=0 l=0 rev1=0 crypto rx=0 tx=0 comp rx=0 tx=0)._handle_peer_banner_payload supported=3 required=0
2024-09-12T12:07:39.320 INFO:teuthology.orchestra.run.smithi081.stdout:/usr/bin/ceph: stderr
2024-09-12T12:07:38.529+0000 7fda5d13e640 1 --2- >> [v2:172.21.15.81:3300/0,v1:172.21.15.81:6789/0] conn(0x7fda58106840 0x7fda58106c40 unknown :-1 s=HELLO_CONNECTING pgs=0 cs=0 l=0 rev1=1 crypto rx=0 tx=0 comp rx=0 tx=0).handle_hello peer v2:172.21.15.81:3300/0 says I am v2:172.21.15.81:40624/0 (socket says 172.21.15.81:40624)
2024-09-12T12:07:39.320 INFO:teuthology.orchestra.run.smithi081.stdout:/usr/bin/ceph: stderr
2024-09-12T12:07:38.529+0000 7fda5d13e640 1 -- 172.21.15.81:0/2799401449 learned_addr learned my addr 172.21.15.81:0/2799401449 (peer_addr_for_me v2:172.21.15.81:0/0)
2024-09-12T12:07:39.320 INFO:teuthology.orchestra.run.smithi081.stdout:/usr/bin/ceph: stderr
2024-09-12T12:07:38.529+0000 7fda5d13e640 1 -- 172.21.15.81:0/2799401449 --> [v2:172.21.15.81:3300/0,v1:172.21.15.81:6789/0] -- mon_subscribe({config=0+,monmap=0+}) -- 0x7fda58107a40 con 0x7fda58106840
2024-09-12T12:07:39.320 INFO:teuthology.orchestra.run.smithi081.stdout:/usr/bin/ceph: stderr
2024-09-12T12:07:38.529+0000 7fda5d13e640 1 --2- 172.21.15.81:0/2799401449 >> [v2:172.21.15.81:3300/0,v1:172.21.15.81:6789/0] conn(0x7fda58106840 0x7fda58106c40 secure :-1 s=READY pgs=47 cs=0 l=1 rev1=1 crypto rx=0x7fda54009820 tx=0x7fda5402a270 comp rx=0 tx=0).ready entity=mon.0 client_cookie=3b75eaed074defcc server_cookie=0 in_seq=0 out_seq=0
2024-09-12T12:07:39.320 INFO:teuthology.orchestra.run.smithi081.stdout:/usr/bin/ceph: stderr
2024-09-12T12:07:38.530+0000 7fda4ffff640 1 -- 172.21.15.81:0/2799401449 <== mon.0 v2:172.21.15.81:3300/0 1 ==== mon_map magic: 0 ==== 205+0+0 (secure 0 0 0) 0x7fda54037070 con 0x7fda58106840
2024-09-12T12:07:39.320 INFO:teuthology.orchestra.run.smithi081.stdout:/usr/bin/ceph: stderr
2024-09-12T12:07:38.530+0000 7fda4ffff640 1 -- 172.21.15.81:0/2799401449 <== mon.0 v2:172.21.15.81:3300/0 2 ==== config(28 keys) ==== 1174+0+0 (secure 0 0 0) 0x7fda54032940 con 0x7fda58106840
2024-09-12T12:07:39.320 INFO:teuthology.orchestra.run.smithi081.stdout:/usr/bin/ceph: stderr
2024-09-12T12:07:38.530+0000 7fda4ffff640 1 -- 172.21.15.81:0/2799401449 <== mon.0 v2:172.21.15.81:3300/0 3 ==== mon_map magic: 0 ==== 205+0+0 (secure 0 0 0) 0x7fda540308b0 con 0x7fda58106840
2024-09-12T12:07:39.320 INFO:teuthology.orchestra.run.smithi081.stdout:/usr/bin/ceph: stderr
2024-09-12T12:07:38.530+0000 7fda5f3a2640 1 -- 172.21.15.81:0/2799401449 >> [v2:172.21.15.81:3300/0,v1:172.21.15.81:6789/0] conn(0x7fda58106840 msgr2=0x7fda58106c40 secure :-1 s=STATE_CONNECTION_ESTABLISHED l=1).mark_down
2024-09-12T12:07:39.320 INFO:teuthology.orchestra.run.smithi081.stdout:/usr/bin/ceph: stderr
2024-09-12T12:07:38.530+0000 7fda5f3a2640 1 --2- 172.21.15.81:0/2799401449 >> [v2:172.21.15.81:3300/0,v1:172.21.15.81:6789/0] conn(0x7fda58106840 0x7fda58106c40 secure :-1 s=READY pgs=47 cs=0 l=1 rev1=1 crypto rx=0x7fda54009820 tx=0x7fda5402a270 comp rx=0 tx=0).stop
2024-09-12T12:07:39.321 INFO:teuthology.orchestra.run.smithi081.stdout:/usr/bin/ceph: stderr
2024-09-12T12:07:38.530+0000 7fda5f3a2640 1 -- 172.21.15.81:0/2799401449 shutdown_connections
2024-09-12T12:07:39.321 INFO:teuthology.orchestra.run.smithi081.stdout:/usr/bin/ceph: stderr
2024-09-12T12:07:38.530+0000 7fda5f3a2640 1 --2- 172.21.15.81:0/2799401449 >> [v2:172.21.15.81:3300/0,v1:172.21.15.81:6789/0] conn(0x7fda58106840 0x7fda58106c40 unknown :-1 s=CLOSED pgs=47 cs=0 l=1 rev1=1 crypto rx=0 tx=0 comp rx=0 tx=0).stop
2024-09-12T12:07:39.321 INFO:teuthology.orchestra.run.smithi081.stdout:/usr/bin/ceph: stderr
2024-09-12T12:07:38.530+0000 7fda5f3a2640 1 -- 172.21.15.81:0/2799401449 >> 172.21.15.81:0/2799401449 conn(0x7fda581020b0 msgr2=0x7fda581044d0 unknown :-1 s=STATE_NONE l=0).mark_down
2024-09-12T12:07:39.321 INFO:teuthology.orchestra.run.smithi081.stdout:/usr/bin/ceph: stderr
2024-09-12T12:07:38.530+0000 7fda5f3a2640 1 -- 172.21.15.81:0/2799401449 shutdown_connections
2024-09-12T12:07:39.321 INFO:teuthology.orchestra.run.smithi081.stdout:/usr/bin/ceph: stderr
2024-09-12T12:07:38.530+0000 7fda5f3a2640 1 -- 172.21.15.81:0/2799401449 wait complete.
2024-09-12T12:07:39.321 INFO:teuthology.orchestra.run.smithi081.stdout:/usr/bin/ceph: stderr
2024-09-12T12:07:38.531+0000 7fda5f3a2640 1 Processor -- start
2024-09-12T12:07:39.321 INFO:teuthology.orchestra.run.smithi081.stdout:/usr/bin/ceph: stderr
2024-09-12T12:07:38.531+0000 7fda5f3a2640 1 -- start start
2024-09-12T12:07:39.321 INFO:teuthology.orchestra.run.smithi081.stdout:/usr/bin/ceph: stderr
2024-09-12T12:07:38.531+0000 7fda5f3a2640 1 --2- >> [v2:172.21.15.81:3300/0,v1:172.21.15.81:6789/0] conn(0x7fda58106840 0x7fda5819b990 unknown :-1 s=NONE pgs=0 cs=0 l=1 rev1=0 crypto rx=0 tx=0 comp rx=0 tx=0).connect
2024-09-12T12:07:39.321 INFO:teuthology.orchestra.run.smithi081.stdout:/usr/bin/ceph: stderr
2024-09-12T12:07:38.531+0000 7fda5f3a2640 1 -- --> [v2:172.21.15.81:3300/0,v1:172.21.15.81:6789/0] -- mon_getmap magic: 0 -- 0x7fda5810adf0 con 0x7fda58106840
2024-09-12T12:07:39.321 INFO:teuthology.orchestra.run.smithi081.stdout:/usr/bin/ceph: stderr
2024-09-12T12:07:38.531+0000 7fda5d13e640 1 --2- >> [v2:172.21.15.81:3300/0,v1:172.21.15.81:6789/0] conn(0x7fda58106840 0x7fda5819b990 unknown :-1 s=BANNER_CONNECTING pgs=0 cs=0 l=1 rev1=0 crypto rx=0 tx=0 comp rx=0 tx=0)._handle_peer_banner_payload supported=3 required=0
2024-09-12T12:07:39.321 INFO:teuthology.orchestra.run.smithi081.stdout:/usr/bin/ceph: stderr
2024-09-12T12:07:38.531+0000 7fda5d13e640 1 --2- >> [v2:172.21.15.81:3300/0,v1:172.21.15.81:6789/0] conn(0x7fda58106840 0x7fda5819b990 unknown :-1 s=HELLO_CONNECTING pgs=0 cs=0 l=1 rev1=1 crypto rx=0 tx=0 comp rx=0 tx=0).handle_hello peer v2:172.21.15.81:3300/0 says I am v2:172.21.15.81:40634/0 (socket says 172.21.15.81:40634)
2024-09-12T12:07:39.321 INFO:teuthology.orchestra.run.smithi081.stdout:/usr/bin/ceph: stderr
2024-09-12T12:07:38.531+0000 7fda5d13e640 1 -- 172.21.15.81:0/3345933959 learned_addr learned my addr 172.21.15.81:0/3345933959 (peer_addr_for_me v2:172.21.15.81:0/0)
2024-09-12T12:07:39.322 INFO:teuthology.orchestra.run.smithi081.stdout:/usr/bin/ceph: stderr
2024-09-12T12:07:38.532+0000 7fda5d13e640 1 -- 172.21.15.81:0/3345933959 --> [v2:172.21.15.81:3300/0,v1:172.21.15.81:6789/0] -- mon_subscribe({config=0+,monmap=0+}) -- 0x7fda5819bed0 con 0x7fda58106840
2024-09-12T12:07:39.322 INFO:teuthology.orchestra.run.smithi081.stdout:/usr/bin/ceph: stderr
2024-09-12T12:07:38.532+0000 7fda5d13e640 1 --2- 172.21.15.81:0/3345933959 >> [v2:172.21.15.81:3300/0,v1:172.21.15.81:6789/0] conn(0x7fda58106840 0x7fda5819b990 secure :-1 s=READY pgs=48 cs=0 l=1 rev1=1 crypto rx=0x7fda540097f0 tx=0x7fda54032670 comp rx=0 tx=0).ready entity=mon.0 client_cookie=0 server_cookie=0 in_seq=0 out_seq=0
2024-09-12T12:07:39.322 INFO:teuthology.orchestra.run.smithi081.stdout:/usr/bin/ceph: stderr
2024-09-12T12:07:38.532+0000 7fda4e7fc640 1 -- 172.21.15.81:0/3345933959 <== mon.0 v2:172.21.15.81:3300/0 1 ==== mon_map magic: 0 ==== 205+0+0 (secure 0 0 0) 0x7fda54042070 con 0x7fda58106840
2024-09-12T12:07:39.322 INFO:teuthology.orchestra.run.smithi081.stdout:/usr/bin/ceph: stderr
2024-09-12T12:07:38.532+0000 7fda4e7fc640 1 -- 172.21.15.81:0/3345933959 <== mon.0 v2:172.21.15.81:3300/0 2 ==== config(28 keys) ==== 1174+0+0 (secure 0 0 0) 0x7fda5403d930 con 0x7fda58106840
2024-09-12T12:07:39.322 INFO:teuthology.orchestra.run.smithi081.stdout:/usr/bin/ceph: stderr
2024-09-12T12:07:38.532+0000 7fda5f3a2640 1 -- 172.21.15.81:0/3345933959 --> [v2:172.21.15.81:3300/0,v1:172.21.15.81:6789/0] -- mon_subscribe({mgrmap=0+}) -- 0x7fda5819c160 con 0x7fda58106840
2024-09-12T12:07:39.322 INFO:teuthology.orchestra.run.smithi081.stdout:/usr/bin/ceph: stderr
2024-09-12T12:07:38.532+0000 7fda4e7fc640 1 -- 172.21.15.81:0/3345933959 <== mon.0 v2:172.21.15.81:3300/0 3 ==== mon_map magic: 0 ==== 205+0+0 (secure 0 0 0) 0x7fda54037040 con 0x7fda58106840
2024-09-12T12:07:39.322 INFO:teuthology.orchestra.run.smithi081.stdout:/usr/bin/ceph: stderr
2024-09-12T12:07:38.532+0000 7fda5f3a2640 1 -- 172.21.15.81:0/3345933959 --> [v2:172.21.15.81:3300/0,v1:172.21.15.81:6789/0] -- mon_subscribe({osdmap=0}) -- 0x7fda5819ee50 con 0x7fda58106840
2024-09-12T12:07:39.322 INFO:teuthology.orchestra.run.smithi081.stdout:/usr/bin/ceph: stderr
2024-09-12T12:07:38.533+0000 7fda4e7fc640 1 -- 172.21.15.81:0/3345933959 <== mon.0 v2:172.21.15.81:3300/0 4 ==== mgrmap(e 8) ==== 46287+0+0 (secure 0 0 0) 0x7fda54045070 con 0x7fda58106840
2024-09-12T12:07:39.322 INFO:teuthology.orchestra.run.smithi081.stdout:/usr/bin/ceph: stderr
2024-09-12T12:07:38.533+0000 7fda5f3a2640 1 -- 172.21.15.81:0/3345933959 --> [v2:172.21.15.81:3300/0,v1:172.21.15.81:6789/0] -- mon_command({"prefix": "get_command_descriptions"} v 0) -- 0x7fda58106cc0 con 0x7fda58106840
2024-09-12T12:07:39.322 INFO:teuthology.orchestra.run.smithi081.stdout:/usr/bin/ceph: stderr
2024-09-12T12:07:38.533+0000 7fda4e7fc640 1 --2- 172.21.15.81:0/3345933959 >> [v2:172.21.15.81:6800/2203121669,v1:172.21.15.81:6801/2203121669] conn(0x7fda44038f70 0x7fda4403b430 unknown :-1 s=NONE pgs=0 cs=0 l=1 rev1=0 crypto rx=0 tx=0 comp rx=0 tx=0).connect
2024-09-12T12:07:39.322 INFO:teuthology.orchestra.run.smithi081.stdout:/usr/bin/ceph: stderr
2024-09-12T12:07:38.533+0000 7fda4e7fc640 1 -- 172.21.15.81:0/3345933959 <== mon.0 v2:172.21.15.81:3300/0 5 ==== osd_map(2..2 src has 1..2) ==== 940+0+0 (secure 0 0 0) 0x7fda5406c1a0 con 0x7fda58106840
2024-09-12T12:07:39.322 INFO:teuthology.orchestra.run.smithi081.stdout:/usr/bin/ceph: stderr
2024-09-12T12:07:38.533+0000 7fda5c93d640 1 --2- 172.21.15.81:0/3345933959 >> [v2:172.21.15.81:6800/2203121669,v1:172.21.15.81:6801/2203121669] conn(0x7fda44038f70 0x7fda4403b430 unknown :-1 s=BANNER_CONNECTING pgs=0 cs=0 l=1 rev1=0 crypto rx=0 tx=0 comp rx=0 tx=0)._handle_peer_banner_payload supported=3 required=0
2024-09-12T12:07:39.323 INFO:teuthology.orchestra.run.smithi081.stdout:/usr/bin/ceph: stderr
2024-09-12T12:07:38.534+0000 7fda5c93d640 1 --2- 172.21.15.81:0/3345933959 >> [v2:172.21.15.81:6800/2203121669,v1:172.21.15.81:6801/2203121669] conn(0x7fda44038f70 0x7fda4403b430 secure :-1 s=READY pgs=13 cs=0 l=1 rev1=1 crypto rx=0x7fda480098c0 tx=0x7fda48006db0 comp rx=0 tx=0).ready entity=mgr.14118 client_cookie=0 server_cookie=0 in_seq=0 out_seq=0
2024-09-12T12:07:39.323 INFO:teuthology.orchestra.run.smithi081.stdout:/usr/bin/ceph: stderr
2024-09-12T12:07:38.538+0000 7fda4e7fc640 1 -- 172.21.15.81:0/3345933959 <== mon.0 v2:172.21.15.81:3300/0 6 ==== mon_command_ack([{"prefix": "get_command_descriptions"}]=0 v0) ==== 72+0+188821 (secure 0 0 0) 0x7fda54045760 con 0x7fda58106840
2024-09-12T12:07:39.323 INFO:teuthology.orchestra.run.smithi081.stdout:/usr/bin/ceph: stderr
2024-09-12T12:07:38.726+0000 7fda5f3a2640 1 -- 172.21.15.81:0/3345933959 --> [v2:172.21.15.81:6800/2203121669,v1:172.21.15.81:6801/2203121669] -- mgr_command(tid 0: {"prefix": "orch apply", "service_type": "mgr", "unmanaged": true, "target": ["mon-mgr", ""]}) -- 0x7fda5802da20 con 0x7fda44038f70
2024-09-12T12:07:39.323 INFO:teuthology.orchestra.run.smithi081.stdout:/usr/bin/ceph: stderr
2024-09-12T12:07:38.731+0000 7fda4e7fc640 1 -- 172.21.15.81:0/3345933959 <== mgr.14118 v2:172.21.15.81:6800/2203121669 1 ==== mgr_command_reply(tid 0: 0 ) ==== 8+0+24 (secure 0 0 0) 0x7fda5802da20 con 0x7fda44038f70
2024-09-12T12:07:39.323 INFO:teuthology.orchestra.run.smithi081.stdout:/usr/bin/ceph: stderr
2024-09-12T12:07:38.733+0000 7fda5f3a2640 1 -- 172.21.15.81:0/3345933959 >> [v2:172.21.15.81:6800/2203121669,v1:172.21.15.81:6801/2203121669] conn(0x7fda44038f70 msgr2=0x7fda4403b430 secure :-1 s=STATE_CONNECTION_ESTABLISHED l=1).mark_down
2024-09-12T12:07:39.323 INFO:teuthology.orchestra.run.smithi081.stdout:/usr/bin/ceph: stderr
2024-09-12T12:07:38.733+0000 7fda5f3a2640 1 --2- 172.21.15.81:0/3345933959 >> [v2:172.21.15.81:6800/2203121669,v1:172.21.15.81:6801/2203121669] conn(0x7fda44038f70 0x7fda4403b430 secure :-1 s=READY pgs=13 cs=0 l=1 rev1=1 crypto rx=0x7fda480098c0 tx=0x7fda48006db0 comp rx=0 tx=0).stop
2024-09-12T12:07:39.323 INFO:teuthology.orchestra.run.smithi081.stdout:/usr/bin/ceph: stderr
2024-09-12T12:07:38.733+0000 7fda5f3a2640 1 -- 172.21.15.81:0/3345933959 >> [v2:172.21.15.81:3300/0,v1:172.21.15.81:6789/0] conn(0x7fda58106840 msgr2=0x7fda5819b990 secure :-1 s=STATE_CONNECTION_ESTABLISHED l=1).mark_down
2024-09-12T12:07:39.323 INFO:teuthology.orchestra.run.smithi081.stdout:/usr/bin/ceph: stderr
2024-09-12T12:07:38.733+0000 7fda5f3a2640 1 --2- 172.21.15.81:0/3345933959 >> [v2:172.21.15.81:3300/0,v1:172.21.15.81:6789/0] conn(0x7fda58106840 0x7fda5819b990 secure :-1 s=READY pgs=48 cs=0 l=1 rev1=1 crypto rx=0x7fda540097f0 tx=0x7fda54032670 comp rx=0 tx=0).stop
2024-09-12T12:07:39.323 INFO:teuthology.orchestra.run.smithi081.stdout:/usr/bin/ceph: stderr
2024-09-12T12:07:38.733+0000 7fda5f3a2640 1 -- 172.21.15.81:0/3345933959 shutdown_connections
2024-09-12T12:07:39.323 INFO:teuthology.orchestra.run.smithi081.stdout:/usr/bin/ceph: stderr
2024-09-12T12:07:38.733+0000 7fda5f3a2640 1 --2- 172.21.15.81:0/3345933959 >> [v2:172.21.15.81:6800/2203121669,v1:172.21.15.81:6801/2203121669] conn(0x7fda44038f70 0x7fda4403b430 unknown :-1 s=CLOSED pgs=13 cs=0 l=1 rev1=1 crypto rx=0 tx=0 comp rx=0 tx=0).stop
2024-09-12T12:07:39.323 INFO:teuthology.orchestra.run.smithi081.stdout:/usr/bin/ceph: stderr
2024-09-12T12:07:38.733+0000 7fda5f3a2640 1 --2- 172.21.15.81:0/3345933959 >> [v2:172.21.15.81:3300/0,v1:172.21.15.81:6789/0] conn(0x7fda58106840 0x7fda5819b990 unknown :-1 s=CLOSED pgs=48 cs=0 l=1 rev1=1 crypto rx=0 tx=0 comp rx=0 tx=0).stop
2024-09-12T12:07:39.323 INFO:teuthology.orchestra.run.smithi081.stdout:/usr/bin/ceph: stderr
2024-09-12T12:07:38.733+0000 7fda5f3a2640 1 -- 172.21.15.81:0/3345933959 >> 172.21.15.81:0/3345933959 conn(0x7fda581020b0 msgr2=0x7fda58102fd0 unknown :-1 s=STATE_NONE l=0).mark_down
2024-09-12T12:07:39.324 INFO:teuthology.orchestra.run.smithi081.stdout:/usr/bin/ceph: stderr
2024-09-12T12:07:38.733+0000 7fda5f3a2640 1 -- 172.21.15.81:0/3345933959 shutdown_connections
2024-09-12T12:07:39.324 INFO:teuthology.orchestra.run.smithi081.stdout:/usr/bin/ceph: stderr
2024-09-12T12:07:38.733+0000 7fda5f3a2640 1 -- 172.21.15.81:0/3345933959 wait complete.
2024-09-12T12:07:39.610 INFO:journalctl@ceph.mon.a.smithi081.stdout:Sep 12 12:07:39 smithi081 ceph-mon[30948]: from='mgr.14118 172.21.15.81:0/2329090414' entity='mgr.x'
2024-09-12T12:07:39.610 INFO:journalctl@ceph.mon.a.smithi081.stdout:Sep 12 12:07:39 smithi081 ceph-mon[30948]: from='mgr.14118 172.21.15.81:0/2329090414' entity='mgr.x'
2024-09-12T12:07:39.610 INFO:journalctl@ceph.mon.a.smithi081.stdout:Sep 12 12:07:39 smithi081 ceph-mon[30948]: from='client.14142 -' entity='client.admin' cmd=[{"prefix": "orch apply", "service_type": "mgr", "unmanaged": true, "target": ["mon-mgr", ""]}]: dispatch
2024-09-12T12:07:39.610 INFO:journalctl@ceph.mon.a.smithi081.stdout:Sep 12 12:07:39 smithi081 ceph-mon[30948]: Saving service mgr spec with placement count:2
2024-09-12T12:07:39.610 INFO:journalctl@ceph.mon.a.smithi081.stdout:Sep 12 12:07:39 smithi081 ceph-mon[30948]: from='mgr.14118 172.21.15.81:0/2329090414' entity='mgr.x'
2024-09-12T12:07:40.760 INFO:teuthology.orchestra.run.smithi081.stdout:/usr/bin/ceph: stderr
2024-09-12T12:07:39.710+0000 7f448f846640 1 Processor -- start
2024-09-12T12:07:40.761 INFO:teuthology.orchestra.run.smithi081.stdout:/usr/bin/ceph: stderr
2024-09-12T12:07:39.710+0000 7f448f846640 1 -- start start
2024-09-12T12:07:40.761 INFO:teuthology.orchestra.run.smithi081.stdout:/usr/bin/ceph: stderr
2024-09-12T12:07:39.710+0000 7f448f846640 1 --2- >> [v2:172.21.15.81:3300/0,v1:172.21.15.81:6789/0] conn(0x7f448807dd70 0x7f448807c330 unknown :-1 s=NONE pgs=0 cs=0 l=0 rev1=0 crypto rx=0 tx=0 comp rx=0 tx=0).connect
2024-09-12T12:07:40.761 INFO:teuthology.orchestra.run.smithi081.stdout:/usr/bin/ceph: stderr
2024-09-12T12:07:39.710+0000 7f448f846640 1 -- --> [v2:172.21.15.81:3300/0,v1:172.21.15.81:6789/0] -- mon_getmap magic: 0 -- 0x7f448807e170 con 0x7f448807dd70
2024-09-12T12:07:40.761 INFO:teuthology.orchestra.run.smithi081.stdout:/usr/bin/ceph: stderr
2024-09-12T12:07:39.710+0000 7f448d5e2640 1 --2- >> [v2:172.21.15.81:3300/0,v1:172.21.15.81:6789/0] conn(0x7f448807dd70 0x7f448807c330 unknown :-1 s=BANNER_CONNECTING pgs=0 cs=0 l=0 rev1=0 crypto rx=0 tx=0 comp rx=0 tx=0)._handle_peer_banner_payload supported=3 required=0
2024-09-12T12:07:40.761 INFO:teuthology.orchestra.run.smithi081.stdout:/usr/bin/ceph: stderr
2024-09-12T12:07:39.710+0000 7f448d5e2640 1 --2- >> [v2:172.21.15.81:3300/0,v1:172.21.15.81:6789/0] conn(0x7f448807dd70 0x7f448807c330 unknown :-1 s=HELLO_CONNECTING pgs=0 cs=0 l=0 rev1=1 crypto rx=0 tx=0 comp rx=0 tx=0).handle_hello peer v2:172.21.15.81:3300/0 says I am v2:172.21.15.81:40636/0 (socket says 172.21.15.81:40636)
2024-09-12T12:07:40.761 INFO:teuthology.orchestra.run.smithi081.stdout:/usr/bin/ceph: stderr
2024-09-12T12:07:39.710+0000 7f448d5e2640 1 -- 172.21.15.81:0/3193019013 learned_addr learned my addr 172.21.15.81:0/3193019013 (peer_addr_for_me v2:172.21.15.81:0/0)
2024-09-12T12:07:40.761 INFO:teuthology.orchestra.run.smithi081.stdout:/usr/bin/ceph: stderr
2024-09-12T12:07:39.710+0000 7f448d5e2640 1 -- 172.21.15.81:0/3193019013 --> [v2:172.21.15.81:3300/0,v1:172.21.15.81:6789/0] -- mon_subscribe({config=0+,monmap=0+}) -- 0x7f448807c870 con 0x7f448807dd70
2024-09-12T12:07:40.761 INFO:teuthology.orchestra.run.smithi081.stdout:/usr/bin/ceph: stderr
2024-09-12T12:07:39.711+0000 7f448d5e2640 1 --2- 172.21.15.81:0/3193019013 >> [v2:172.21.15.81:3300/0,v1:172.21.15.81:6789/0] conn(0x7f448807dd70 0x7f448807c330 secure :-1 s=READY pgs=49 cs=0 l=1 rev1=1 crypto rx=0x7f4484009820 tx=0x7f448402a270 comp rx=0 tx=0).ready entity=mon.0 client_cookie=82890087d6e1cf1b server_cookie=0 in_seq=0 out_seq=0
2024-09-12T12:07:40.761 INFO:teuthology.orchestra.run.smithi081.stdout:/usr/bin/ceph: stderr
2024-09-12T12:07:39.711+0000 7f447ffff640 1 -- 172.21.15.81:0/3193019013 <== mon.0 v2:172.21.15.81:3300/0 1 ==== mon_map magic: 0 ==== 205+0+0 (secure 0 0 0) 0x7f4484037070 con 0x7f448807dd70
2024-09-12T12:07:40.761 INFO:teuthology.orchestra.run.smithi081.stdout:/usr/bin/ceph: stderr
2024-09-12T12:07:39.711+0000 7f447ffff640 1 -- 172.21.15.81:0/3193019013 <== mon.0 v2:172.21.15.81:3300/0 2 ==== config(28 keys) ==== 1174+0+0 (secure 0 0 0) 0x7f4484032940 con 0x7f448807dd70
2024-09-12T12:07:40.761 INFO:teuthology.orchestra.run.smithi081.stdout:/usr/bin/ceph: stderr
2024-09-12T12:07:39.711+0000 7f447ffff640 1 -- 172.21.15.81:0/3193019013 <== mon.0 v2:172.21.15.81:3300/0 3 ==== mon_map magic: 0 ==== 205+0+0 (secure 0 0 0) 0x7f44840308b0 con 0x7f448807dd70
2024-09-12T12:07:40.761 INFO:teuthology.orchestra.run.smithi081.stdout:/usr/bin/ceph: stderr
2024-09-12T12:07:39.712+0000 7f448f846640 1 -- 172.21.15.81:0/3193019013 >> [v2:172.21.15.81:3300/0,v1:172.21.15.81:6789/0] conn(0x7f448807dd70 msgr2=0x7f448807c330 secure :-1 s=STATE_CONNECTION_ESTABLISHED l=1).mark_down
2024-09-12T12:07:40.761 INFO:teuthology.orchestra.run.smithi081.stdout:/usr/bin/ceph: stderr
2024-09-12T12:07:39.712+0000 7f448f846640 1 --2- 172.21.15.81:0/3193019013 >> [v2:172.21.15.81:3300/0,v1:172.21.15.81:6789/0] conn(0x7f448807dd70 0x7f448807c330 secure :-1 s=READY pgs=49 cs=0 l=1 rev1=1 crypto rx=0x7f4484009820 tx=0x7f448402a270 comp rx=0 tx=0).stop
2024-09-12T12:07:40.762 INFO:teuthology.orchestra.run.smithi081.stdout:/usr/bin/ceph: stderr
2024-09-12T12:07:39.712+0000 7f448f846640 1 -- 172.21.15.81:0/3193019013 shutdown_connections
2024-09-12T12:07:40.762 INFO:teuthology.orchestra.run.smithi081.stdout:/usr/bin/ceph: stderr
2024-09-12T12:07:39.712+0000 7f448f846640 1 --2- 172.21.15.81:0/3193019013 >> [v2:172.21.15.81:3300/0,v1:172.21.15.81:6789/0] conn(0x7f448807dd70 0x7f448807c330 unknown :-1 s=CLOSED pgs=49 cs=0 l=1 rev1=1 crypto rx=0 tx=0 comp rx=0 tx=0).stop
2024-09-12T12:07:40.762 INFO:teuthology.orchestra.run.smithi081.stdout:/usr/bin/ceph: stderr
2024-09-12T12:07:39.712+0000 7f448f846640 1 -- 172.21.15.81:0/3193019013 >> 172.21.15.81:0/3193019013 conn(0x7f4488103250 msgr2=0x7f4488105670 unknown :-1 s=STATE_NONE l=0).mark_down
2024-09-12T12:07:40.762 INFO:teuthology.orchestra.run.smithi081.stdout:/usr/bin/ceph: stderr
2024-09-12T12:07:39.712+0000 7f448f846640 1 -- 172.21.15.81:0/3193019013 shutdown_connections
2024-09-12T12:07:40.762 INFO:teuthology.orchestra.run.smithi081.stdout:/usr/bin/ceph: stderr
2024-09-12T12:07:39.712+0000 7f448f846640 1 -- 172.21.15.81:0/3193019013 wait complete.
2024-09-12T12:07:40.762 INFO:teuthology.orchestra.run.smithi081.stdout:/usr/bin/ceph: stderr
2024-09-12T12:07:39.713+0000 7f448f846640 1 Processor -- start
2024-09-12T12:07:40.762 INFO:teuthology.orchestra.run.smithi081.stdout:/usr/bin/ceph: stderr
2024-09-12T12:07:39.713+0000 7f448f846640 1 -- start start
2024-09-12T12:07:40.762 INFO:teuthology.orchestra.run.smithi081.stdout:/usr/bin/ceph: stderr
2024-09-12T12:07:39.713+0000 7f448f846640 1 --2- >> [v2:172.21.15.81:3300/0,v1:172.21.15.81:6789/0] conn(0x7f448807dd70 0x7f448819dbf0 unknown :-1 s=NONE pgs=0 cs=0 l=1 rev1=0 crypto rx=0 tx=0 comp rx=0 tx=0).connect
2024-09-12T12:07:40.762 INFO:teuthology.orchestra.run.smithi081.stdout:/usr/bin/ceph: stderr
2024-09-12T12:07:39.713+0000 7f448f846640 1 -- --> [v2:172.21.15.81:3300/0,v1:172.21.15.81:6789/0] -- mon_getmap magic: 0 -- 0x7f448810df40 con 0x7f448807dd70
2024-09-12T12:07:40.762 INFO:teuthology.orchestra.run.smithi081.stdout:/usr/bin/ceph: stderr
2024-09-12T12:07:39.713+0000 7f448d5e2640 1 --2- >> [v2:172.21.15.81:3300/0,v1:172.21.15.81:6789/0] conn(0x7f448807dd70 0x7f448819dbf0 unknown :-1 s=BANNER_CONNECTING pgs=0 cs=0 l=1 rev1=0 crypto rx=0 tx=0 comp rx=0 tx=0)._handle_peer_banner_payload supported=3 required=0
2024-09-12T12:07:40.762 INFO:teuthology.orchestra.run.smithi081.stdout:/usr/bin/ceph: stderr
2024-09-12T12:07:39.713+0000 7f448d5e2640 1 --2- >> [v2:172.21.15.81:3300/0,v1:172.21.15.81:6789/0] conn(0x7f448807dd70 0x7f448819dbf0 unknown :-1 s=HELLO_CONNECTING pgs=0 cs=0 l=1 rev1=1 crypto rx=0 tx=0 comp rx=0 tx=0).handle_hello peer v2:172.21.15.81:3300/0 says I am v2:172.21.15.81:40644/0 (socket says 172.21.15.81:40644)
2024-09-12T12:07:40.762 INFO:teuthology.orchestra.run.smithi081.stdout:/usr/bin/ceph: stderr
2024-09-12T12:07:39.713+0000 7f448d5e2640 1 -- 172.21.15.81:0/1629193103 learned_addr learned my addr 172.21.15.81:0/1629193103 (peer_addr_for_me v2:172.21.15.81:0/0)
2024-09-12T12:07:40.762 INFO:teuthology.orchestra.run.smithi081.stdout:/usr/bin/ceph: stderr
2024-09-12T12:07:39.713+0000 7f448d5e2640 1 -- 172.21.15.81:0/1629193103 --> [v2:172.21.15.81:3300/0,v1:172.21.15.81:6789/0] -- mon_subscribe({config=0+,monmap=0+}) -- 0x7f448819e130 con 0x7f448807dd70
2024-09-12T12:07:40.763 INFO:teuthology.orchestra.run.smithi081.stdout:/usr/bin/ceph: stderr
2024-09-12T12:07:39.713+0000 7f448d5e2640 1 --2- 172.21.15.81:0/1629193103 >> [v2:172.21.15.81:3300/0,v1:172.21.15.81:6789/0] conn(0x7f448807dd70 0x7f448819dbf0 secure :-1 s=READY pgs=50 cs=0 l=1 rev1=1 crypto rx=0x7f44840097f0 tx=0x7f4484032e60 comp rx=0 tx=0).ready entity=mon.0 client_cookie=0 server_cookie=0 in_seq=0 out_seq=0
2024-09-12T12:07:40.763 INFO:teuthology.orchestra.run.smithi081.stdout:/usr/bin/ceph: stderr
2024-09-12T12:07:39.714+0000 7f447e7fc640 1 -- 172.21.15.81:0/1629193103 <== mon.0 v2:172.21.15.81:3300/0 1 ==== mon_map magic: 0 ==== 205+0+0 (secure 0 0 0) 0x7f4484037040 con 0x7f448807dd70
2024-09-12T12:07:40.763 INFO:teuthology.orchestra.run.smithi081.stdout:/usr/bin/ceph: stderr
2024-09-12T12:07:39.714+0000 7f447e7fc640 1 -- 172.21.15.81:0/1629193103 <== mon.0 v2:172.21.15.81:3300/0 2 ==== config(28 keys) ==== 1174+0+0 (secure 0 0 0) 0x7f4484040070 con 0x7f448807dd70
2024-09-12T12:07:40.763 INFO:teuthology.orchestra.run.smithi081.stdout:/usr/bin/ceph: stderr
2024-09-12T12:07:39.714+0000 7f448f846640 1 -- 172.21.15.81:0/1629193103 --> [v2:172.21.15.81:3300/0,v1:172.21.15.81:6789/0] -- mon_subscribe({mgrmap=0+}) -- 0x7f448819e3c0 con 0x7f448807dd70
2024-09-12T12:07:40.763 INFO:teuthology.orchestra.run.smithi081.stdout:/usr/bin/ceph: stderr
2024-09-12T12:07:39.714+0000 7f447e7fc640 1 -- 172.21.15.81:0/1629193103 <== mon.0 v2:172.21.15.81:3300/0 3 ==== mon_map magic: 0 ==== 205+0+0 (secure 0 0 0) 0x7f448403a520 con 0x7f448807dd70
2024-09-12T12:07:40.763 INFO:teuthology.orchestra.run.smithi081.stdout:/usr/bin/ceph: stderr
2024-09-12T12:07:39.714+0000 7f448f846640 1 -- 172.21.15.81:0/1629193103 --> [v2:172.21.15.81:3300/0,v1:172.21.15.81:6789/0] -- mon_subscribe({osdmap=0}) -- 0x7f44881a10b0 con 0x7f448807dd70
2024-09-12T12:07:40.763 INFO:teuthology.orchestra.run.smithi081.stdout:/usr/bin/ceph: stderr
2024-09-12T12:07:39.714+0000 7f447e7fc640 1 -- 172.21.15.81:0/1629193103 <== mon.0 v2:172.21.15.81:3300/0 4 ==== mgrmap(e 8) ==== 46287+0+0 (secure 0 0 0) 0x7f448403a7d0 con 0x7f448807dd70
2024-09-12T12:07:40.763 INFO:teuthology.orchestra.run.smithi081.stdout:/usr/bin/ceph: stderr
2024-09-12T12:07:39.715+0000 7f447e7fc640 1 --2- 172.21.15.81:0/1629193103 >> [v2:172.21.15.81:6800/2203121669,v1:172.21.15.81:6801/2203121669] conn(0x7f4474038f70 0x7f447403b430 unknown :-1 s=NONE pgs=0 cs=0 l=1 rev1=0 crypto rx=0 tx=0 comp rx=0 tx=0).connect
2024-09-12T12:07:40.763 INFO:teuthology.orchestra.run.smithi081.stdout:/usr/bin/ceph: stderr
2024-09-12T12:07:39.715+0000 7f447e7fc640 1 -- 172.21.15.81:0/1629193103 <== mon.0 v2:172.21.15.81:3300/0 5 ==== osd_map(2..2 src has 1..2) ==== 940+0+0 (secure 0 0 0) 0x7f448406c5f0 con 0x7f448807dd70
2024-09-12T12:07:40.763 INFO:teuthology.orchestra.run.smithi081.stdout:/usr/bin/ceph: stderr
2024-09-12T12:07:39.715+0000 7f448cde1640 1 --2- 172.21.15.81:0/1629193103 >> [v2:172.21.15.81:6800/2203121669,v1:172.21.15.81:6801/2203121669] conn(0x7f4474038f70 0x7f447403b430 unknown :-1 s=BANNER_CONNECTING pgs=0 cs=0 l=1 rev1=0 crypto rx=0 tx=0 comp rx=0 tx=0)._handle_peer_banner_payload supported=3 required=0
2024-09-12T12:07:40.763 INFO:teuthology.orchestra.run.smithi081.stdout:/usr/bin/ceph: stderr
2024-09-12T12:07:39.715+0000 7f448f846640 1 -- 172.21.15.81:0/1629193103 --> [v2:172.21.15.81:3300/0,v1:172.21.15.81:6789/0] -- mon_command({"prefix": "get_command_descriptions"} v 0) -- 0x7f448807c3b0 con 0x7f448807dd70
2024-09-12T12:07:40.763 INFO:teuthology.orchestra.run.smithi081.stdout:/usr/bin/ceph: stderr
2024-09-12T12:07:39.715+0000 7f448cde1640 1 --2- 172.21.15.81:0/1629193103 >> [v2:172.21.15.81:6800/2203121669,v1:172.21.15.81:6801/2203121669] conn(0x7f4474038f70 0x7f447403b430 secure :-1 s=READY pgs=14 cs=0 l=1 rev1=1 crypto rx=0x7f44780098c0 tx=0x7f4478006db0 comp rx=0 tx=0).ready entity=mgr.14118 client_cookie=0 server_cookie=0 in_seq=0 out_seq=0
2024-09-12T12:07:40.763 INFO:teuthology.orchestra.run.smithi081.stdout:/usr/bin/ceph: stderr
2024-09-12T12:07:39.720+0000 7f447e7fc640 1 -- 172.21.15.81:0/1629193103 <== mon.0 v2:172.21.15.81:3300/0 6 ==== mon_command_ack([{"prefix": "get_command_descriptions"}]=0 v0) ==== 72+0+188821 (secure 0 0 0) 0x7f4484044c70 con 0x7f448807dd70
2024-09-12T12:07:40.764 INFO:teuthology.orchestra.run.smithi081.stdout:/usr/bin/ceph: stderr
2024-09-12T12:07:39.919+0000 7f448f846640 1 -- 172.21.15.81:0/1629193103 --> [v2:172.21.15.81:3300/0,v1:172.21.15.81:6789/0] -- mon_command([{prefix=config set, name=mgr/cephadm/container_init}] v 0) -- 0x7f44881a15d0 con 0x7f448807dd70
2024-09-12T12:07:40.764 INFO:teuthology.orchestra.run.smithi081.stdout:/usr/bin/ceph: stderr
2024-09-12T12:07:39.922+0000 7f447e7fc640 1 -- 172.21.15.81:0/1629193103 <== mon.0 v2:172.21.15.81:3300/0 7 ==== mon_command_ack([{prefix=config set, name=mgr/cephadm/container_init}]=0 v7)=0 v7) ==== 142+0+0 (secure 0 0 0) 0x7f4484042e30 con 0x7f448807dd70
2024-09-12T12:07:40.764 INFO:teuthology.orchestra.run.smithi081.stdout:/usr/bin/ceph: stderr
2024-09-12T12:07:39.925+0000 7f448f846640 1 -- 172.21.15.81:0/1629193103 >> [v2:172.21.15.81:6800/2203121669,v1:172.21.15.81:6801/2203121669] conn(0x7f4474038f70 msgr2=0x7f447403b430 secure :-1 s=STATE_CONNECTION_ESTABLISHED l=1).mark_down
2024-09-12T12:07:40.764 INFO:teuthology.orchestra.run.smithi081.stdout:/usr/bin/ceph: stderr
2024-09-12T12:07:39.925+0000 7f448f846640 1 --2- 172.21.15.81:0/1629193103 >> [v2:172.21.15.81:6800/2203121669,v1:172.21.15.81:6801/2203121669] conn(0x7f4474038f70 0x7f447403b430 secure :-1 s=READY pgs=14 cs=0 l=1 rev1=1 crypto rx=0x7f44780098c0 tx=0x7f4478006db0 comp rx=0 tx=0).stop
2024-09-12T12:07:40.764 INFO:teuthology.orchestra.run.smithi081.stdout:/usr/bin/ceph: stderr
2024-09-12T12:07:39.925+0000 7f448f846640 1 -- 172.21.15.81:0/1629193103 >> [v2:172.21.15.81:3300/0,v1:172.21.15.81:6789/0] conn(0x7f448807dd70 msgr2=0x7f448819dbf0 secure :-1 s=STATE_CONNECTION_ESTABLISHED l=1).mark_down
2024-09-12T12:07:40.764 INFO:teuthology.orchestra.run.smithi081.stdout:/usr/bin/ceph: stderr
2024-09-12T12:07:39.925+0000 7f448f846640 1 --2- 172.21.15.81:0/1629193103 >> [v2:172.21.15.81:3300/0,v1:172.21.15.81:6789/0] conn(0x7f448807dd70 0x7f448819dbf0 secure :-1 s=READY pgs=50 cs=0 l=1 rev1=1 crypto rx=0x7f44840097f0 tx=0x7f4484032e60 comp rx=0 tx=0).stop
2024-09-12T12:07:40.764 INFO:teuthology.orchestra.run.smithi081.stdout:/usr/bin/ceph: stderr
2024-09-12T12:07:39.925+0000 7f448f846640 1 -- 172.21.15.81:0/1629193103 shutdown_connections
2024-09-12T12:07:40.764 INFO:teuthology.orchestra.run.smithi081.stdout:/usr/bin/ceph: stderr
2024-09-12T12:07:39.925+0000 7f448f846640 1 --2- 172.21.15.81:0/1629193103 >> [v2:172.21.15.81:6800/2203121669,v1:172.21.15.81:6801/2203121669] conn(0x7f4474038f70 0x7f447403b430 unknown :-1 s=CLOSED pgs=14 cs=0 l=1 rev1=1 crypto rx=0 tx=0 comp rx=0 tx=0).stop
2024-09-12T12:07:40.764 INFO:teuthology.orchestra.run.smithi081.stdout:/usr/bin/ceph: stderr
2024-09-12T12:07:39.925+0000 7f448f846640 1 --2- 172.21.15.81:0/1629193103 >> [v2:172.21.15.81:3300/0,v1:172.21.15.81:6789/0] conn(0x7f448807dd70 0x7f448819dbf0 unknown :-1 s=CLOSED pgs=50 cs=0 l=1 rev1=1 crypto rx=0 tx=0 comp rx=0 tx=0).stop
2024-09-12T12:07:40.764 INFO:teuthology.orchestra.run.smithi081.stdout:/usr/bin/ceph: stderr
2024-09-12T12:07:39.925+0000 7f448f846640 1 -- 172.21.15.81:0/1629193103 >> 172.21.15.81:0/1629193103 conn(0x7f4488103250 msgr2=0x7f4488103e60 unknown :-1 s=STATE_NONE l=0).mark_down
2024-09-12T12:07:40.764 INFO:teuthology.orchestra.run.smithi081.stdout:/usr/bin/ceph: stderr
2024-09-12T12:07:39.926+0000 7f448f846640 1 -- 172.21.15.81:0/1629193103 shutdown_connections
2024-09-12T12:07:40.764 INFO:teuthology.orchestra.run.smithi081.stdout:/usr/bin/ceph: stderr
2024-09-12T12:07:39.926+0000 7f448f846640 1 -- 172.21.15.81:0/1629193103 wait complete.
2024-09-12T12:07:41.089 INFO:journalctl@ceph.mon.a.smithi081.stdout:Sep 12 12:07:40 smithi081 ceph-mon[30948]: from='client.? 172.21.15.81:0/1629193103' entity='client.admin'
2024-09-12T12:07:42.051 INFO:teuthology.orchestra.run.smithi081.stdout:/usr/bin/ceph: stderr
2024-09-12T12:07:41.168+0000 7f2824bce640 1 Processor -- start
2024-09-12T12:07:42.051 INFO:teuthology.orchestra.run.smithi081.stdout:/usr/bin/ceph: stderr
2024-09-12T12:07:41.169+0000 7f2824bce640 1 -- start start
2024-09-12T12:07:42.051 INFO:teuthology.orchestra.run.smithi081.stdout:/usr/bin/ceph: stderr
2024-09-12T12:07:41.169+0000 7f2824bce640 1 --2- >> [v2:172.21.15.81:3300/0,v1:172.21.15.81:6789/0] conn(0x7f2820108450 0x7f282010a840 unknown :-1 s=NONE pgs=0 cs=0 l=0 rev1=0 crypto rx=0 tx=0 comp rx=0 tx=0).connect
2024-09-12T12:07:42.051 INFO:teuthology.orchestra.run.smithi081.stdout:/usr/bin/ceph: stderr
2024-09-12T12:07:41.169+0000 7f2824bce640 1 -- --> [v2:172.21.15.81:3300/0,v1:172.21.15.81:6789/0] -- mon_getmap magic: 0 -- 0x7f282007be60 con 0x7f2820108450
2024-09-12T12:07:42.051 INFO:teuthology.orchestra.run.smithi081.stdout:/usr/bin/ceph: stderr
2024-09-12T12:07:41.169+0000 7f281e59c640 1 --2- >> [v2:172.21.15.81:3300/0,v1:172.21.15.81:6789/0] conn(0x7f2820108450 0x7f282010a840 unknown :-1 s=BANNER_CONNECTING pgs=0 cs=0 l=0 rev1=0 crypto rx=0 tx=0 comp rx=0 tx=0)._handle_peer_banner_payload supported=3 required=0
2024-09-12T12:07:42.051 INFO:teuthology.orchestra.run.smithi081.stdout:/usr/bin/ceph: stderr
2024-09-12T12:07:41.169+0000 7f281e59c640 1 --2- >> [v2:172.21.15.81:3300/0,v1:172.21.15.81:6789/0] conn(0x7f2820108450 0x7f282010a840 unknown :-1 s=HELLO_CONNECTING pgs=0 cs=0 l=0 rev1=1 crypto rx=0 tx=0 comp rx=0 tx=0).handle_hello peer v2:172.21.15.81:3300/0 says I am v2:172.21.15.81:40646/0 (socket says 172.21.15.81:40646)
