2024-09-12T12:14:55.787+0000 7f64cb400640 1 -- 172.21.15.38:0/3007091509 --> [v2:172.21.15.38:3300/0,v1:172.21.15.38:6789/0] -- mon_command({"prefix": "get_command_descriptions"} v 0) -- 0x7f64c410bbf0 con 0x7f64c4107510
2024-09-12T12:14:56.689 INFO:teuthology.orchestra.run.smithi038.stdout:/usr/bin/ceph: stderr
2024-09-12T12:14:55.788+0000 7f64c1600640 1 -- 172.21.15.38:0/3007091509 <== mon.0 v2:172.21.15.38:3300/0 4 ==== mgrmap(e 3) ==== 46170+0+0 (secure 0 0 0) 0x7f64b8045070 con 0x7f64c4107510
2024-09-12T12:14:56.689 INFO:teuthology.orchestra.run.smithi038.stdout:/usr/bin/ceph: stderr
2024-09-12T12:14:55.788+0000 7f64c1600640 1 --2- 172.21.15.38:0/3007091509 >> [v2:172.21.15.38:6800/3803178885,v1:172.21.15.38:6801/3803178885] conn(0x7f64ac038e10 0x7f64ac03b2d0 unknown :-1 s=NONE pgs=0 cs=0 l=1 rev1=0 crypto rx=0 tx=0 comp rx=0 tx=0).connect
2024-09-12T12:14:56.689 INFO:teuthology.orchestra.run.smithi038.stdout:/usr/bin/ceph: stderr
2024-09-12T12:14:55.788+0000 7f64c1600640 1 -- 172.21.15.38:0/3007091509 <== mon.0 v2:172.21.15.38:3300/0 5 ==== osd_map(1..1 src has 1..1) ==== 725+0+0 (secure 0 0 0) 0x7f64b806c660 con 0x7f64c4107510
2024-09-12T12:14:56.689 INFO:teuthology.orchestra.run.smithi038.stdout:/usr/bin/ceph: stderr
2024-09-12T12:14:55.788+0000 7f64c3e00640 1 --2- 172.21.15.38:0/3007091509 >> [v2:172.21.15.38:6800/3803178885,v1:172.21.15.38:6801/3803178885] conn(0x7f64ac038e10 0x7f64ac03b2d0 unknown :-1 s=BANNER_CONNECTING pgs=0 cs=0 l=1 rev1=0 crypto rx=0 tx=0 comp rx=0 tx=0)._handle_peer_banner_payload supported=3 required=0
2024-09-12T12:14:56.689 INFO:teuthology.orchestra.run.smithi038.stdout:/usr/bin/ceph: stderr
2024-09-12T12:14:55.789+0000 7f64c3e00640 1 --2- 172.21.15.38:0/3007091509 >> [v2:172.21.15.38:6800/3803178885,v1:172.21.15.38:6801/3803178885] conn(0x7f64ac038e10 0x7f64ac03b2d0 secure :-1 s=READY pgs=6 cs=0 l=1 rev1=1 crypto rx=0x7f64b00098c0 tx=0x7f64b0006db0 comp rx=0 tx=0).ready entity=mgr.14100 client_cookie=0 server_cookie=0 in_seq=0 out_seq=0
2024-09-12T12:14:56.689 INFO:teuthology.orchestra.run.smithi038.stdout:/usr/bin/ceph: stderr
2024-09-12T12:14:55.793+0000 7f64c1600640 1 -- 172.21.15.38:0/3007091509 <== mon.0 v2:172.21.15.38:3300/0 6 ==== mon_command_ack([{"prefix": "get_command_descriptions"}]=0 v0) ==== 72+0+188821 (secure 0 0 0) 0x7f64b8031e70 con 0x7f64c4107510
2024-09-12T12:14:56.689 INFO:teuthology.orchestra.run.smithi038.stdout:/usr/bin/ceph: stderr
2024-09-12T12:14:56.045+0000 7f64cb400640 1 -- 172.21.15.38:0/3007091509 --> [v2:172.21.15.38:3300/0,v1:172.21.15.38:6789/0] -- mon_command({"prefix": "status", "format": "json-pretty"} v 0) -- 0x7f64c407cb20 con 0x7f64c4107510
2024-09-12T12:14:56.689 INFO:teuthology.orchestra.run.smithi038.stdout:/usr/bin/ceph: stderr
2024-09-12T12:14:56.046+0000 7f64c1600640 1 -- 172.21.15.38:0/3007091509 <== mon.0 v2:172.21.15.38:3300/0 7 ==== mon_command_ack([{"prefix": "status", "format": "json-pretty"}]=0 v0) ==== 79+0+1291 (secure 0 0 0) 0x7f64b803cd90 con 0x7f64c4107510
2024-09-12T12:14:56.690 INFO:teuthology.orchestra.run.smithi038.stdout:/usr/bin/ceph: stderr
2024-09-12T12:14:56.048+0000 7f64cb400640 1 -- 172.21.15.38:0/3007091509 >> [v2:172.21.15.38:6800/3803178885,v1:172.21.15.38:6801/3803178885] conn(0x7f64ac038e10 msgr2=0x7f64ac03b2d0 secure :-1 s=STATE_CONNECTION_ESTABLISHED l=1).mark_down
2024-09-12T12:14:56.690 INFO:teuthology.orchestra.run.smithi038.stdout:/usr/bin/ceph: stderr
2024-09-12T12:14:56.048+0000 7f64cb400640 1 --2- 172.21.15.38:0/3007091509 >> [v2:172.21.15.38:6800/3803178885,v1:172.21.15.38:6801/3803178885] conn(0x7f64ac038e10 0x7f64ac03b2d0 secure :-1 s=READY pgs=6 cs=0 l=1 rev1=1 crypto rx=0x7f64b00098c0 tx=0x7f64b0006db0 comp rx=0 tx=0).stop
2024-09-12T12:14:56.690 INFO:teuthology.orchestra.run.smithi038.stdout:/usr/bin/ceph: stderr
2024-09-12T12:14:56.048+0000 7f64cb400640 1 -- 172.21.15.38:0/3007091509 >> [v2:172.21.15.38:3300/0,v1:172.21.15.38:6789/0] conn(0x7f64c4107510 msgr2=0x7f64c407db40 secure :-1 s=STATE_CONNECTION_ESTABLISHED l=1).mark_down
2024-09-12T12:14:56.690 INFO:teuthology.orchestra.run.smithi038.stdout:/usr/bin/ceph: stderr
2024-09-12T12:14:56.048+0000 7f64cb400640 1 --2- 172.21.15.38:0/3007091509 >> [v2:172.21.15.38:3300/0,v1:172.21.15.38:6789/0] conn(0x7f64c4107510 0x7f64c407db40 secure :-1 s=READY pgs=17 cs=0 l=1 rev1=1 crypto rx=0x7f64b8009940 tx=0x7f64b8032ce0 comp rx=0 tx=0).stop
2024-09-12T12:14:56.690 INFO:teuthology.orchestra.run.smithi038.stdout:/usr/bin/ceph: stderr
2024-09-12T12:14:56.049+0000 7f64cb400640 1 -- 172.21.15.38:0/3007091509 shutdown_connections
2024-09-12T12:14:56.690 INFO:teuthology.orchestra.run.smithi038.stdout:/usr/bin/ceph: stderr
2024-09-12T12:14:56.049+0000 7f64cb400640 1 --2- 172.21.15.38:0/3007091509 >> [v2:172.21.15.38:6800/3803178885,v1:172.21.15.38:6801/3803178885] conn(0x7f64ac038e10 0x7f64ac03b2d0 unknown :-1 s=CLOSED pgs=6 cs=0 l=1 rev1=1 crypto rx=0 tx=0 comp rx=0 tx=0).stop
2024-09-12T12:14:56.690 INFO:teuthology.orchestra.run.smithi038.stdout:/usr/bin/ceph: stderr
2024-09-12T12:14:56.049+0000 7f64cb400640 1 --2- 172.21.15.38:0/3007091509 >> [v2:172.21.15.38:3300/0,v1:172.21.15.38:6789/0] conn(0x7f64c4107510 0x7f64c407db40 unknown :-1 s=CLOSED pgs=17 cs=0 l=1 rev1=1 crypto rx=0 tx=0 comp rx=0 tx=0).stop
2024-09-12T12:14:56.690 INFO:teuthology.orchestra.run.smithi038.stdout:/usr/bin/ceph: stderr
2024-09-12T12:14:56.049+0000 7f64cb400640 1 -- 172.21.15.38:0/3007091509 >> 172.21.15.38:0/3007091509 conn(0x7f64c4102ce0 msgr2=0x7f64c4103820 unknown :-1 s=STATE_NONE l=0).mark_down
2024-09-12T12:14:56.690 INFO:teuthology.orchestra.run.smithi038.stdout:/usr/bin/ceph: stderr
2024-09-12T12:14:56.049+0000 7f64cb400640 1 -- 172.21.15.38:0/3007091509 shutdown_connections
2024-09-12T12:14:56.690 INFO:teuthology.orchestra.run.smithi038.stdout:/usr/bin/ceph: stderr
2024-09-12T12:14:56.049+0000 7f64cb400640 1 -- 172.21.15.38:0/3007091509 wait complete.
2024-09-12T12:14:56.690 INFO:teuthology.orchestra.run.smithi038.stdout:mgr is available
2024-09-12T12:14:57.654 INFO:journalctl@ceph.mon.a.smithi038.stdout:Sep 12 12:14:57 smithi038 ceph-mon[30810]: mgrmap e4: x(active, since 2s)
2024-09-12T12:14:57.654 INFO:journalctl@ceph.mon.a.smithi038.stdout:Sep 12 12:14:57 smithi038 ceph-mon[30810]: from='client.? 172.21.15.38:0/2067593496' entity='client.admin' cmd=[{"prefix": "config assimilate-conf"}]: dispatch
2024-09-12T12:14:57.967 INFO:teuthology.orchestra.run.smithi038.stdout:/usr/bin/ceph: stdout
2024-09-12T12:14:57.967 INFO:teuthology.orchestra.run.smithi038.stdout:/usr/bin/ceph: stdout [global]
2024-09-12T12:14:57.967 INFO:teuthology.orchestra.run.smithi038.stdout:/usr/bin/ceph: stdout fsid = 726420ce-7100-11ef-bcea-c7b262605968
2024-09-12T12:14:57.967 INFO:teuthology.orchestra.run.smithi038.stdout:/usr/bin/ceph: stdout mon_host = [v2:172.21.15.38:3300,v1:172.21.15.38:6789]
2024-09-12T12:14:57.968 INFO:teuthology.orchestra.run.smithi038.stdout:/usr/bin/ceph: stdout mon_osd_allow_pg_remap = true
2024-09-12T12:14:57.968 INFO:teuthology.orchestra.run.smithi038.stdout:/usr/bin/ceph: stdout mon_osd_allow_primary_affinity = true
2024-09-12T12:14:57.968 INFO:teuthology.orchestra.run.smithi038.stdout:/usr/bin/ceph: stdout mon_warn_on_no_sortbitwise = false
2024-09-12T12:14:57.968 INFO:teuthology.orchestra.run.smithi038.stdout:/usr/bin/ceph: stdout osd_crush_chooseleaf_type = 0
2024-09-12T12:14:57.968 INFO:teuthology.orchestra.run.smithi038.stdout:/usr/bin/ceph: stdout
2024-09-12T12:14:57.969 INFO:teuthology.orchestra.run.smithi038.stdout:/usr/bin/ceph: stdout [mgr]
2024-09-12T12:14:57.969 INFO:teuthology.orchestra.run.smithi038.stdout:/usr/bin/ceph: stdout mgr/telemetry/nag = false
2024-09-12T12:14:57.969 INFO:teuthology.orchestra.run.smithi038.stdout:/usr/bin/ceph: stdout
2024-09-12T12:14:57.969 INFO:teuthology.orchestra.run.smithi038.stdout:/usr/bin/ceph: stdout [osd]
2024-09-12T12:14:57.969 INFO:teuthology.orchestra.run.smithi038.stdout:/usr/bin/ceph: stdout mon_osd_backfillfull_ratio = 0.85
2024-09-12T12:14:57.969 INFO:teuthology.orchestra.run.smithi038.stdout:/usr/bin/ceph: stdout mon_osd_full_ratio = 0.9
2024-09-12T12:14:57.969 INFO:teuthology.orchestra.run.smithi038.stdout:/usr/bin/ceph: stdout mon_osd_nearfull_ratio = 0.8
2024-09-12T12:14:57.969 INFO:teuthology.orchestra.run.smithi038.stdout:/usr/bin/ceph: stdout osd_map_max_advance = 10
2024-09-12T12:14:57.969 INFO:teuthology.orchestra.run.smithi038.stdout:/usr/bin/ceph: stdout osd_sloppy_crc = true
2024-09-12T12:14:57.969 INFO:teuthology.orchestra.run.smithi038.stdout:/usr/bin/ceph: stderr
2024-09-12T12:14:57.133+0000 7ff676000640 1 Processor -- start
2024-09-12T12:14:57.970 INFO:teuthology.orchestra.run.smithi038.stdout:/usr/bin/ceph: stderr
2024-09-12T12:14:57.133+0000 7ff676000640 1 -- start start
2024-09-12T12:14:57.970 INFO:teuthology.orchestra.run.smithi038.stdout:/usr/bin/ceph: stderr
2024-09-12T12:14:57.133+0000 7ff676000640 1 --2- >> [v2:172.21.15.38:3300/0,v1:172.21.15.38:6789/0] conn(0x7ff670109890 0x7ff670109c90 unknown :-1 s=NONE pgs=0 cs=0 l=0 rev1=0 crypto rx=0 tx=0 comp rx=0 tx=0).connect
2024-09-12T12:14:57.970 INFO:teuthology.orchestra.run.smithi038.stdout:/usr/bin/ceph: stderr
2024-09-12T12:14:57.133+0000 7ff676000640 1 -- --> [v2:172.21.15.38:3300/0,v1:172.21.15.38:6789/0] -- mon_getmap magic: 0 -- 0x7ff67010a260 con 0x7ff670109890
2024-09-12T12:14:57.970 INFO:teuthology.orchestra.run.smithi038.stdout:/usr/bin/ceph: stderr
2024-09-12T12:14:57.133+0000 7ff674c00640 1 --2- >> [v2:172.21.15.38:3300/0,v1:172.21.15.38:6789/0] conn(0x7ff670109890 0x7ff670109c90 unknown :-1 s=BANNER_CONNECTING pgs=0 cs=0 l=0 rev1=0 crypto rx=0 tx=0 comp rx=0 tx=0)._handle_peer_banner_payload supported=3 required=0
2024-09-12T12:14:57.970 INFO:teuthology.orchestra.run.smithi038.stdout:/usr/bin/ceph: stderr
2024-09-12T12:14:57.133+0000 7ff674c00640 1 --2- >> [v2:172.21.15.38:3300/0,v1:172.21.15.38:6789/0] conn(0x7ff670109890 0x7ff670109c90 unknown :-1 s=HELLO_CONNECTING pgs=0 cs=0 l=0 rev1=1 crypto rx=0 tx=0 comp rx=0 tx=0).handle_hello peer v2:172.21.15.38:3300/0 says I am v2:172.21.15.38:46534/0 (socket says 172.21.15.38:46534)
2024-09-12T12:14:57.970 INFO:teuthology.orchestra.run.smithi038.stdout:/usr/bin/ceph: stderr
2024-09-12T12:14:57.134+0000 7ff674c00640 1 -- 172.21.15.38:0/2622077144 learned_addr learned my addr 172.21.15.38:0/2622077144 (peer_addr_for_me v2:172.21.15.38:0/0)
2024-09-12T12:14:57.970 INFO:teuthology.orchestra.run.smithi038.stdout:/usr/bin/ceph: stderr
2024-09-12T12:14:57.134+0000 7ff674c00640 1 -- 172.21.15.38:0/2622077144 --> [v2:172.21.15.38:3300/0,v1:172.21.15.38:6789/0] -- mon_subscribe({config=0+,monmap=0+}) -- 0x7ff67010a6f0 con 0x7ff670109890
2024-09-12T12:14:57.970 INFO:teuthology.orchestra.run.smithi038.stdout:/usr/bin/ceph: stderr
2024-09-12T12:14:57.135+0000 7ff674c00640 1 --2- 172.21.15.38:0/2622077144 >> [v2:172.21.15.38:3300/0,v1:172.21.15.38:6789/0] conn(0x7ff670109890 0x7ff670109c90 secure :-1 s=READY pgs=18 cs=0 l=1 rev1=1 crypto rx=0x7ff660009820 tx=0x7ff66002a270 comp rx=0 tx=0).ready entity=mon.0 client_cookie=3530cf03da0b9d04 server_cookie=0 in_seq=0 out_seq=0
2024-09-12T12:14:57.970 INFO:teuthology.orchestra.run.smithi038.stdout:/usr/bin/ceph: stderr
2024-09-12T12:14:57.135+0000 7ff66fe00640 1 -- 172.21.15.38:0/2622077144 <== mon.0 v2:172.21.15.38:3300/0 1 ==== mon_map magic: 0 ==== 205+0+0 (secure 0 0 0) 0x7ff660037070 con 0x7ff670109890
2024-09-12T12:14:57.970 INFO:teuthology.orchestra.run.smithi038.stdout:/usr/bin/ceph: stderr
2024-09-12T12:14:57.135+0000 7ff66fe00640 1 -- 172.21.15.38:0/2622077144 <== mon.0 v2:172.21.15.38:3300/0 2 ==== config(27 keys) ==== 1109+0+0 (secure 0 0 0) 0x7ff660032900 con 0x7ff670109890
2024-09-12T12:14:57.970 INFO:teuthology.orchestra.run.smithi038.stdout:/usr/bin/ceph: stderr
2024-09-12T12:14:57.135+0000 7ff66fe00640 1 -- 172.21.15.38:0/2622077144 <== mon.0 v2:172.21.15.38:3300/0 3 ==== mon_map magic: 0 ==== 205+0+0 (secure 0 0 0) 0x7ff660030850 con 0x7ff670109890
2024-09-12T12:14:57.970 INFO:teuthology.orchestra.run.smithi038.stdout:/usr/bin/ceph: stderr
2024-09-12T12:14:57.136+0000 7ff676000640 1 -- 172.21.15.38:0/2622077144 >> [v2:172.21.15.38:3300/0,v1:172.21.15.38:6789/0] conn(0x7ff670109890 msgr2=0x7ff670109c90 secure :-1 s=STATE_CONNECTION_ESTABLISHED l=1).mark_down
2024-09-12T12:14:57.971 INFO:teuthology.orchestra.run.smithi038.stdout:/usr/bin/ceph: stderr
2024-09-12T12:14:57.136+0000 7ff676000640 1 --2- 172.21.15.38:0/2622077144 >> [v2:172.21.15.38:3300/0,v1:172.21.15.38:6789/0] conn(0x7ff670109890 0x7ff670109c90 secure :-1 s=READY pgs=18 cs=0 l=1 rev1=1 crypto rx=0x7ff660009820 tx=0x7ff66002a270 comp rx=0 tx=0).stop
2024-09-12T12:14:57.971 INFO:teuthology.orchestra.run.smithi038.stdout:/usr/bin/ceph: stderr
2024-09-12T12:14:57.136+0000 7ff676000640 1 -- 172.21.15.38:0/2622077144 shutdown_connections
2024-09-12T12:14:57.971 INFO:teuthology.orchestra.run.smithi038.stdout:/usr/bin/ceph: stderr
2024-09-12T12:14:57.136+0000 7ff676000640 1 --2- 172.21.15.38:0/2622077144 >> [v2:172.21.15.38:3300/0,v1:172.21.15.38:6789/0] conn(0x7ff670109890 0x7ff670109c90 unknown :-1 s=CLOSED pgs=18 cs=0 l=1 rev1=1 crypto rx=0 tx=0 comp rx=0 tx=0).stop
2024-09-12T12:14:57.971 INFO:teuthology.orchestra.run.smithi038.stdout:/usr/bin/ceph: stderr
2024-09-12T12:14:57.136+0000 7ff676000640 1 -- 172.21.15.38:0/2622077144 >> 172.21.15.38:0/2622077144 conn(0x7ff67007cb10 msgr2=0x7ff67007cf20 unknown :-1 s=STATE_NONE l=0).mark_down
2024-09-12T12:14:57.971 INFO:teuthology.orchestra.run.smithi038.stdout:/usr/bin/ceph: stderr
2024-09-12T12:14:57.136+0000 7ff676000640 1 -- 172.21.15.38:0/2622077144 shutdown_connections
2024-09-12T12:14:57.971 INFO:teuthology.orchestra.run.smithi038.stdout:/usr/bin/ceph: stderr
2024-09-12T12:14:57.136+0000 7ff676000640 1 -- 172.21.15.38:0/2622077144 wait complete.
2024-09-12T12:14:57.971 INFO:teuthology.orchestra.run.smithi038.stdout:/usr/bin/ceph: stderr
2024-09-12T12:14:57.137+0000 7ff676000640 1 Processor -- start
2024-09-12T12:14:57.971 INFO:teuthology.orchestra.run.smithi038.stdout:/usr/bin/ceph: stderr
2024-09-12T12:14:57.137+0000 7ff676000640 1 -- start start
2024-09-12T12:14:57.971 INFO:teuthology.orchestra.run.smithi038.stdout:/usr/bin/ceph: stderr
2024-09-12T12:14:57.137+0000 7ff676000640 1 --2- >> [v2:172.21.15.38:3300/0,v1:172.21.15.38:6789/0] conn(0x7ff670109890 0x7ff67019d560 unknown :-1 s=NONE pgs=0 cs=0 l=1 rev1=0 crypto rx=0 tx=0 comp rx=0 tx=0).connect
2024-09-12T12:14:57.971 INFO:teuthology.orchestra.run.smithi038.stdout:/usr/bin/ceph: stderr
2024-09-12T12:14:57.137+0000 7ff676000640 1 -- --> [v2:172.21.15.38:3300/0,v1:172.21.15.38:6789/0] -- mon_getmap magic: 0 -- 0x7ff67010daa0 con 0x7ff670109890
2024-09-12T12:14:57.972 INFO:teuthology.orchestra.run.smithi038.stdout:/usr/bin/ceph: stderr
2024-09-12T12:14:57.137+0000 7ff674c00640 1 --2- >> [v2:172.21.15.38:3300/0,v1:172.21.15.38:6789/0] conn(0x7ff670109890 0x7ff67019d560 unknown :-1 s=BANNER_CONNECTING pgs=0 cs=0 l=1 rev1=0 crypto rx=0 tx=0 comp rx=0 tx=0)._handle_peer_banner_payload supported=3 required=0
2024-09-12T12:14:57.972 INFO:teuthology.orchestra.run.smithi038.stdout:/usr/bin/ceph: stderr
2024-09-12T12:14:57.138+0000 7ff674c00640 1 --2- >> [v2:172.21.15.38:3300/0,v1:172.21.15.38:6789/0] conn(0x7ff670109890 0x7ff67019d560 unknown :-1 s=HELLO_CONNECTING pgs=0 cs=0 l=1 rev1=1 crypto rx=0 tx=0 comp rx=0 tx=0).handle_hello peer v2:172.21.15.38:3300/0 says I am v2:172.21.15.38:46536/0 (socket says 172.21.15.38:46536)
2024-09-12T12:14:57.972 INFO:teuthology.orchestra.run.smithi038.stdout:/usr/bin/ceph: stderr
2024-09-12T12:14:57.138+0000 7ff674c00640 1 -- 172.21.15.38:0/2067593496 learned_addr learned my addr 172.21.15.38:0/2067593496 (peer_addr_for_me v2:172.21.15.38:0/0)
2024-09-12T12:14:57.972 INFO:teuthology.orchestra.run.smithi038.stdout:/usr/bin/ceph: stderr
2024-09-12T12:14:57.138+0000 7ff674c00640 1 -- 172.21.15.38:0/2067593496 --> [v2:172.21.15.38:3300/0,v1:172.21.15.38:6789/0] -- mon_subscribe({config=0+,monmap=0+}) -- 0x7ff67019daa0 con 0x7ff670109890
2024-09-12T12:14:57.972 INFO:teuthology.orchestra.run.smithi038.stdout:/usr/bin/ceph: stderr
2024-09-12T12:14:57.138+0000 7ff674c00640 1 --2- 172.21.15.38:0/2067593496 >> [v2:172.21.15.38:3300/0,v1:172.21.15.38:6789/0] conn(0x7ff670109890 0x7ff67019d560 secure :-1 s=READY pgs=19 cs=0 l=1 rev1=1 crypto rx=0x7ff6600097f0 tx=0x7ff660030ec0 comp rx=0 tx=0).ready entity=mon.0 client_cookie=0 server_cookie=0 in_seq=0 out_seq=0
2024-09-12T12:14:57.972 INFO:teuthology.orchestra.run.smithi038.stdout:/usr/bin/ceph: stderr
2024-09-12T12:14:57.138+0000 7ff66e000640 1 -- 172.21.15.38:0/2067593496 <== mon.0 v2:172.21.15.38:3300/0 1 ==== mon_map magic: 0 ==== 205+0+0 (secure 0 0 0) 0x7ff660042070 con 0x7ff670109890
2024-09-12T12:14:57.972 INFO:teuthology.orchestra.run.smithi038.stdout:/usr/bin/ceph: stderr
2024-09-12T12:14:57.138+0000 7ff66e000640 1 -- 172.21.15.38:0/2067593496 <== mon.0 v2:172.21.15.38:3300/0 2 ==== config(27 keys) ==== 1109+0+0 (secure 0 0 0) 0x7ff660032ca0 con 0x7ff670109890
2024-09-12T12:14:57.972 INFO:teuthology.orchestra.run.smithi038.stdout:/usr/bin/ceph: stderr
2024-09-12T12:14:57.138+0000 7ff66e000640 1 -- 172.21.15.38:0/2067593496 <== mon.0 v2:172.21.15.38:3300/0 3 ==== mon_map magic: 0 ==== 205+0+0 (secure 0 0 0) 0x7ff660037040 con 0x7ff670109890
2024-09-12T12:14:57.972 INFO:teuthology.orchestra.run.smithi038.stdout:/usr/bin/ceph: stderr
2024-09-12T12:14:57.138+0000 7ff676000640 1 -- 172.21.15.38:0/2067593496 --> [v2:172.21.15.38:3300/0,v1:172.21.15.38:6789/0] -- mon_subscribe({mgrmap=0+}) -- 0x7ff67019dd30 con 0x7ff670109890
2024-09-12T12:14:57.972 INFO:teuthology.orchestra.run.smithi038.stdout:/usr/bin/ceph: stderr
2024-09-12T12:14:57.139+0000 7ff676000640 1 -- 172.21.15.38:0/2067593496 --> [v2:172.21.15.38:3300/0,v1:172.21.15.38:6789/0] -- mon_subscribe({osdmap=0}) -- 0x7ff6701a0a20 con 0x7ff670109890
2024-09-12T12:14:57.972 INFO:teuthology.orchestra.run.smithi038.stdout:/usr/bin/ceph: stderr
2024-09-12T12:14:57.140+0000 7ff676000640 1 -- 172.21.15.38:0/2067593496 --> [v2:172.21.15.38:3300/0,v1:172.21.15.38:6789/0] -- mon_command({"prefix": "get_command_descriptions"} v 0) -- 0x7ff67010dc20 con 0x7ff670109890
2024-09-12T12:14:57.972 INFO:teuthology.orchestra.run.smithi038.stdout:/usr/bin/ceph: stderr
2024-09-12T12:14:57.140+0000 7ff66e000640 1 -- 172.21.15.38:0/2067593496 <== mon.0 v2:172.21.15.38:3300/0 4 ==== mgrmap(e 4) ==== 46276+0+0 (secure 0 0 0) 0x7ff660045070 con 0x7ff670109890
2024-09-12T12:14:57.973 INFO:teuthology.orchestra.run.smithi038.stdout:/usr/bin/ceph: stderr
2024-09-12T12:14:57.140+0000 7ff66e000640 1 --2- 172.21.15.38:0/2067593496 >> [v2:172.21.15.38:6800/3803178885,v1:172.21.15.38:6801/3803178885] conn(0x7ff654038f70 0x7ff65403b430 unknown :-1 s=NONE pgs=0 cs=0 l=1 rev1=0 crypto rx=0 tx=0 comp rx=0 tx=0).connect
2024-09-12T12:14:57.973 INFO:teuthology.orchestra.run.smithi038.stdout:/usr/bin/ceph: stderr
2024-09-12T12:14:57.140+0000 7ff66e000640 1 -- 172.21.15.38:0/2067593496 <== mon.0 v2:172.21.15.38:3300/0 5 ==== osd_map(1..1 src has 1..1) ==== 725+0+0 (secure 0 0 0) 0x7ff66006be50 con 0x7ff670109890
2024-09-12T12:14:57.973 INFO:teuthology.orchestra.run.smithi038.stdout:/usr/bin/ceph: stderr
2024-09-12T12:14:57.140+0000 7ff667e00640 1 --2- 172.21.15.38:0/2067593496 >> [v2:172.21.15.38:6800/3803178885,v1:172.21.15.38:6801/3803178885] conn(0x7ff654038f70 0x7ff65403b430 unknown :-1 s=BANNER_CONNECTING pgs=0 cs=0 l=1 rev1=0 crypto rx=0 tx=0 comp rx=0 tx=0)._handle_peer_banner_payload supported=3 required=0
2024-09-12T12:14:57.973 INFO:teuthology.orchestra.run.smithi038.stdout:/usr/bin/ceph: stderr
2024-09-12T12:14:57.141+0000 7ff667e00640 1 --2- 172.21.15.38:0/2067593496 >> [v2:172.21.15.38:6800/3803178885,v1:172.21.15.38:6801/3803178885] conn(0x7ff654038f70 0x7ff65403b430 secure :-1 s=READY pgs=7 cs=0 l=1 rev1=1 crypto rx=0x7ff6580098c0 tx=0x7ff658006db0 comp rx=0 tx=0).ready entity=mgr.14100 client_cookie=0 server_cookie=0 in_seq=0 out_seq=0
2024-09-12T12:14:57.973 INFO:teuthology.orchestra.run.smithi038.stdout:/usr/bin/ceph: stderr
2024-09-12T12:14:57.146+0000 7ff66e000640 1 -- 172.21.15.38:0/2067593496 <== mon.0 v2:172.21.15.38:3300/0 6 ==== mon_command_ack([{"prefix": "get_command_descriptions"}]=0 v0) ==== 72+0+188821 (secure 0 0 0) 0x7ff66004b170 con 0x7ff670109890
2024-09-12T12:14:57.973 INFO:teuthology.orchestra.run.smithi038.stdout:/usr/bin/ceph: stderr
2024-09-12T12:14:57.332+0000 7ff676000640 1 -- 172.21.15.38:0/2067593496 --> [v2:172.21.15.38:3300/0,v1:172.21.15.38:6789/0] -- mon_command({"prefix": "config assimilate-conf"} v 0) -- 0x7ff670109d10 con 0x7ff670109890
2024-09-12T12:14:57.973 INFO:teuthology.orchestra.run.smithi038.stdout:/usr/bin/ceph: stderr
2024-09-12T12:14:57.333+0000 7ff66e000640 1 -- 172.21.15.38:0/2067593496 <== mon.0 v2:172.21.15.38:3300/0 7 ==== mon_command_ack([{"prefix": "config assimilate-conf"}]=0 v3) ==== 70+0+429 (secure 0 0 0) 0x7ff66006b870 con 0x7ff670109890
2024-09-12T12:14:57.973 INFO:teuthology.orchestra.run.smithi038.stdout:/usr/bin/ceph: stderr
2024-09-12T12:14:57.336+0000 7ff676000640 1 -- 172.21.15.38:0/2067593496 >> [v2:172.21.15.38:6800/3803178885,v1:172.21.15.38:6801/3803178885] conn(0x7ff654038f70 msgr2=0x7ff65403b430 secure :-1 s=STATE_CONNECTION_ESTABLISHED l=1).mark_down
2024-09-12T12:14:57.974 INFO:teuthology.orchestra.run.smithi038.stdout:/usr/bin/ceph: stderr
2024-09-12T12:14:57.336+0000 7ff676000640 1 --2- 172.21.15.38:0/2067593496 >> [v2:172.21.15.38:6800/3803178885,v1:172.21.15.38:6801/3803178885] conn(0x7ff654038f70 0x7ff65403b430 secure :-1 s=READY pgs=7 cs=0 l=1 rev1=1 crypto rx=0x7ff6580098c0 tx=0x7ff658006db0 comp rx=0 tx=0).stop
2024-09-12T12:14:57.974 INFO:teuthology.orchestra.run.smithi038.stdout:/usr/bin/ceph: stderr
2024-09-12T12:14:57.336+0000 7ff676000640 1 -- 172.21.15.38:0/2067593496 >> [v2:172.21.15.38:3300/0,v1:172.21.15.38:6789/0] conn(0x7ff670109890 msgr2=0x7ff67019d560 secure :-1 s=STATE_CONNECTION_ESTABLISHED l=1).mark_down
2024-09-12T12:14:57.974 INFO:teuthology.orchestra.run.smithi038.stdout:/usr/bin/ceph: stderr
2024-09-12T12:14:57.336+0000 7ff676000640 1 --2- 172.21.15.38:0/2067593496 >> [v2:172.21.15.38:3300/0,v1:172.21.15.38:6789/0] conn(0x7ff670109890 0x7ff67019d560 secure :-1 s=READY pgs=19 cs=0 l=1 rev1=1 crypto rx=0x7ff6600097f0 tx=0x7ff660030ec0 comp rx=0 tx=0).stop
2024-09-12T12:14:57.974 INFO:teuthology.orchestra.run.smithi038.stdout:/usr/bin/ceph: stderr
2024-09-12T12:14:57.336+0000 7ff676000640 1 -- 172.21.15.38:0/2067593496 shutdown_connections
2024-09-12T12:14:57.974 INFO:teuthology.orchestra.run.smithi038.stdout:/usr/bin/ceph: stderr
2024-09-12T12:14:57.336+0000 7ff676000640 1 --2- 172.21.15.38:0/2067593496 >> [v2:172.21.15.38:6800/3803178885,v1:172.21.15.38:6801/3803178885] conn(0x7ff654038f70 0x7ff65403b430 unknown :-1 s=CLOSED pgs=7 cs=0 l=1 rev1=1 crypto rx=0 tx=0 comp rx=0 tx=0).stop
2024-09-12T12:14:57.974 INFO:teuthology.orchestra.run.smithi038.stdout:/usr/bin/ceph: stderr
2024-09-12T12:14:57.336+0000 7ff676000640 1 --2- 172.21.15.38:0/2067593496 >> [v2:172.21.15.38:3300/0,v1:172.21.15.38:6789/0] conn(0x7ff670109890 0x7ff67019d560 unknown :-1 s=CLOSED pgs=19 cs=0 l=1 rev1=1 crypto rx=0 tx=0 comp rx=0 tx=0).stop
2024-09-12T12:14:57.974 INFO:teuthology.orchestra.run.smithi038.stdout:/usr/bin/ceph: stderr
2024-09-12T12:14:57.336+0000 7ff676000640 1 -- 172.21.15.38:0/2067593496 >> 172.21.15.38:0/2067593496 conn(0x7ff67007cb10 msgr2=0x7ff6701075b0 unknown :-1 s=STATE_NONE l=0).mark_down
2024-09-12T12:14:57.974 INFO:teuthology.orchestra.run.smithi038.stdout:/usr/bin/ceph: stderr
2024-09-12T12:14:57.336+0000 7ff676000640 1 -- 172.21.15.38:0/2067593496 shutdown_connections
2024-09-12T12:14:57.974 INFO:teuthology.orchestra.run.smithi038.stdout:/usr/bin/ceph: stderr
2024-09-12T12:14:57.336+0000 7ff676000640 1 -- 172.21.15.38:0/2067593496 wait complete.
2024-09-12T12:14:57.977 INFO:teuthology.orchestra.run.smithi038.stdout:Enabling cephadm module...
2024-09-12T12:14:58.969 INFO:journalctl@ceph.mon.a.smithi038.stdout:Sep 12 12:14:58 smithi038 ceph-mon[30810]: from='client.? 172.21.15.38:0/574995131' entity='client.admin' cmd=[{"prefix": "mgr module enable", "module": "cephadm"}]: dispatch
2024-09-12T12:14:58.969 INFO:journalctl@ceph.mgr.x.smithi038.stdout:Sep 12 12:14:58 smithi038 ceph-726420ce-7100-11ef-bcea-c7b262605968-mgr-x[31034]: ignoring --setuser ceph since I am not root
2024-09-12T12:14:58.970 INFO:journalctl@ceph.mgr.x.smithi038.stdout:Sep 12 12:14:58 smithi038 ceph-726420ce-7100-11ef-bcea-c7b262605968-mgr-x[31034]: ignoring --setgroup ceph since I am not root
2024-09-12T12:14:59.249 INFO:journalctl@ceph.mgr.x.smithi038.stdout:Sep 12 12:14:58 smithi038 ceph-726420ce-7100-11ef-bcea-c7b262605968-mgr-x[31034]:
2024-09-12T12:14:58.986+0000 7f61db5d3040 -1 mgr[py] Module osd_perf_query has missing NOTIFY_TYPES member
2024-09-12T12:14:59.249 INFO:journalctl@ceph.mgr.x.smithi038.stdout:Sep 12 12:14:59 smithi038 ceph-726420ce-7100-11ef-bcea-c7b262605968-mgr-x[31034]:
2024-09-12T12:14:59.059+0000 7f61db5d3040 -1 mgr[py] Module osd_support has missing NOTIFY_TYPES member
2024-09-12T12:14:59.249 INFO:journalctl@ceph.mgr.x.smithi038.stdout:Sep 12 12:14:59 smithi038 ceph-726420ce-7100-11ef-bcea-c7b262605968-mgr-x[31034]:
2024-09-12T12:14:59.248+0000 7f61db5d3040 -1 mgr[py] Module diskprediction_local has missing NOTIFY_TYPES member
2024-09-12T12:14:59.392 INFO:teuthology.orchestra.run.smithi038.stdout:/usr/bin/ceph: stderr
2024-09-12T12:14:58.451+0000 7fa2b5800640 1 Processor -- start
2024-09-12T12:14:59.392 INFO:teuthology.orchestra.run.smithi038.stdout:/usr/bin/ceph: stderr
2024-09-12T12:14:58.451+0000 7fa2b5800640 1 -- start start
2024-09-12T12:14:59.392 INFO:teuthology.orchestra.run.smithi038.stdout:/usr/bin/ceph: stderr
2024-09-12T12:14:58.451+0000 7fa2b5800640 1 --2- >> [v2:172.21.15.38:3300/0,v1:172.21.15.38:6789/0] conn(0x7fa2b0109890 0x7fa2b0109c90 unknown :-1 s=NONE pgs=0 cs=0 l=0 rev1=0 crypto rx=0 tx=0 comp rx=0 tx=0).connect
2024-09-12T12:14:59.393 INFO:teuthology.orchestra.run.smithi038.stdout:/usr/bin/ceph: stderr
2024-09-12T12:14:58.451+0000 7fa2b5800640 1 -- --> [v2:172.21.15.38:3300/0,v1:172.21.15.38:6789/0] -- mon_getmap magic: 0 -- 0x7fa2b010a260 con 0x7fa2b0109890
2024-09-12T12:14:59.393 INFO:teuthology.orchestra.run.smithi038.stdout:/usr/bin/ceph: stderr
2024-09-12T12:14:58.451+0000 7fa2aea00640 1 --2- >> [v2:172.21.15.38:3300/0,v1:172.21.15.38:6789/0] conn(0x7fa2b0109890 0x7fa2b0109c90 unknown :-1 s=BANNER_CONNECTING pgs=0 cs=0 l=0 rev1=0 crypto rx=0 tx=0 comp rx=0 tx=0)._handle_peer_banner_payload supported=3 required=0
2024-09-12T12:14:59.393 INFO:teuthology.orchestra.run.smithi038.stdout:/usr/bin/ceph: stderr
2024-09-12T12:14:58.451+0000 7fa2aea00640 1 --2- >> [v2:172.21.15.38:3300/0,v1:172.21.15.38:6789/0] conn(0x7fa2b0109890 0x7fa2b0109c90 unknown :-1 s=HELLO_CONNECTING pgs=0 cs=0 l=0 rev1=1 crypto rx=0 tx=0 comp rx=0 tx=0).handle_hello peer v2:172.21.15.38:3300/0 says I am v2:172.21.15.38:46552/0 (socket says 172.21.15.38:46552)
2024-09-12T12:14:59.393 INFO:teuthology.orchestra.run.smithi038.stdout:/usr/bin/ceph: stderr
2024-09-12T12:14:58.451+0000 7fa2aea00640 1 -- 172.21.15.38:0/3521179006 learned_addr learned my addr 172.21.15.38:0/3521179006 (peer_addr_for_me v2:172.21.15.38:0/0)
2024-09-12T12:14:59.393 INFO:teuthology.orchestra.run.smithi038.stdout:/usr/bin/ceph: stderr
2024-09-12T12:14:58.452+0000 7fa2aea00640 1 -- 172.21.15.38:0/3521179006 --> [v2:172.21.15.38:3300/0,v1:172.21.15.38:6789/0] -- mon_subscribe({config=0+,monmap=0+}) -- 0x7fa2b010a890 con 0x7fa2b0109890
2024-09-12T12:14:59.393 INFO:teuthology.orchestra.run.smithi038.stdout:/usr/bin/ceph: stderr
2024-09-12T12:14:58.453+0000 7fa2aea00640 1 --2- 172.21.15.38:0/3521179006 >> [v2:172.21.15.38:3300/0,v1:172.21.15.38:6789/0] conn(0x7fa2b0109890 0x7fa2b0109c90 secure :-1 s=READY pgs=20 cs=0 l=1 rev1=1 crypto rx=0x7fa2a0009e80 tx=0x7fa2a002a7a0 comp rx=0 tx=0).ready entity=mon.0 client_cookie=682f0d55b16e4e53 server_cookie=0 in_seq=0 out_seq=0
2024-09-12T12:14:59.393 INFO:teuthology.orchestra.run.smithi038.stdout:/usr/bin/ceph: stderr
2024-09-12T12:14:58.453+0000 7fa2ae000640 1 -- 172.21.15.38:0/3521179006 <== mon.0 v2:172.21.15.38:3300/0 1 ==== mon_map magic: 0 ==== 205+0+0 (secure 0 0 0) 0x7fa2a0036070 con 0x7fa2b0109890
2024-09-12T12:14:59.394 INFO:teuthology.orchestra.run.smithi038.stdout:/usr/bin/ceph: stderr
2024-09-12T12:14:58.453+0000 7fa2ae000640 1 -- 172.21.15.38:0/3521179006 <== mon.0 v2:172.21.15.38:3300/0 2 ==== config(27 keys) ==== 1109+0+0 (secure 0 0 0) 0x7fa2a00318c0 con 0x7fa2b0109890
2024-09-12T12:14:59.394 INFO:teuthology.orchestra.run.smithi038.stdout:/usr/bin/ceph: stderr
2024-09-12T12:14:58.453+0000 7fa2ae000640 1 -- 172.21.15.38:0/3521179006 <== mon.0 v2:172.21.15.38:3300/0 3 ==== mon_map magic: 0 ==== 205+0+0 (secure 0 0 0) 0x7fa2a0007ab0 con 0x7fa2b0109890
2024-09-12T12:14:59.394 INFO:teuthology.orchestra.run.smithi038.stdout:/usr/bin/ceph: stderr
2024-09-12T12:14:58.454+0000 7fa2b5800640 1 -- 172.21.15.38:0/3521179006 >> [v2:172.21.15.38:3300/0,v1:172.21.15.38:6789/0] conn(0x7fa2b0109890 msgr2=0x7fa2b0109c90 secure :-1 s=STATE_CONNECTION_ESTABLISHED l=1).mark_down
2024-09-12T12:14:59.394 INFO:teuthology.orchestra.run.smithi038.stdout:/usr/bin/ceph: stderr
2024-09-12T12:14:58.454+0000 7fa2b5800640 1 --2- 172.21.15.38:0/3521179006 >> [v2:172.21.15.38:3300/0,v1:172.21.15.38:6789/0] conn(0x7fa2b0109890 0x7fa2b0109c90 secure :-1 s=READY pgs=20 cs=0 l=1 rev1=1 crypto rx=0x7fa2a0009e80 tx=0x7fa2a002a7a0 comp rx=0 tx=0).stop
2024-09-12T12:14:59.394 INFO:teuthology.orchestra.run.smithi038.stdout:/usr/bin/ceph: stderr
2024-09-12T12:14:58.454+0000 7fa2b5800640 1 -- 172.21.15.38:0/3521179006 shutdown_connections
2024-09-12T12:14:59.394 INFO:teuthology.orchestra.run.smithi038.stdout:/usr/bin/ceph: stderr
2024-09-12T12:14:58.454+0000 7fa2b5800640 1 --2- 172.21.15.38:0/3521179006 >> [v2:172.21.15.38:3300/0,v1:172.21.15.38:6789/0] conn(0x7fa2b0109890 0x7fa2b0109c90 unknown :-1 s=CLOSED pgs=20 cs=0 l=1 rev1=1 crypto rx=0 tx=0 comp rx=0 tx=0).stop
2024-09-12T12:14:59.394 INFO:teuthology.orchestra.run.smithi038.stdout:/usr/bin/ceph: stderr
2024-09-12T12:14:58.454+0000 7fa2b5800640 1 -- 172.21.15.38:0/3521179006 >> 172.21.15.38:0/3521179006 conn(0x7fa2b007ccc0 msgr2=0x7fa2b007d0d0 unknown :-1 s=STATE_NONE l=0).mark_down
2024-09-12T12:14:59.394 INFO:teuthology.orchestra.run.smithi038.stdout:/usr/bin/ceph: stderr
2024-09-12T12:14:58.454+0000 7fa2b5800640 1 -- 172.21.15.38:0/3521179006 shutdown_connections
2024-09-12T12:14:59.394 INFO:teuthology.orchestra.run.smithi038.stdout:/usr/bin/ceph: stderr
2024-09-12T12:14:58.454+0000 7fa2b5800640 1 -- 172.21.15.38:0/3521179006 wait complete.
2024-09-12T12:14:59.394 INFO:teuthology.orchestra.run.smithi038.stdout:/usr/bin/ceph: stderr
2024-09-12T12:14:58.455+0000 7fa2b5800640 1 Processor -- start
2024-09-12T12:14:59.394 INFO:teuthology.orchestra.run.smithi038.stdout:/usr/bin/ceph: stderr
2024-09-12T12:14:58.455+0000 7fa2b5800640 1 -- start start
2024-09-12T12:14:59.394 INFO:teuthology.orchestra.run.smithi038.stdout:/usr/bin/ceph: stderr
2024-09-12T12:14:58.455+0000 7fa2b5800640 1 --2- >> [v2:172.21.15.38:3300/0,v1:172.21.15.38:6789/0] conn(0x7fa2b0109890 0x7fa2b019d6f0 unknown :-1 s=NONE pgs=0 cs=0 l=1 rev1=0 crypto rx=0 tx=0 comp rx=0 tx=0).connect
2024-09-12T12:14:59.394 INFO:teuthology.orchestra.run.smithi038.stdout:/usr/bin/ceph: stderr
2024-09-12T12:14:58.455+0000 7fa2b5800640 1 -- --> [v2:172.21.15.38:3300/0,v1:172.21.15.38:6789/0] -- mon_getmap magic: 0 -- 0x7fa2b010dc40 con 0x7fa2b0109890
2024-09-12T12:14:59.395 INFO:teuthology.orchestra.run.smithi038.stdout:/usr/bin/ceph: stderr
2024-09-12T12:14:58.456+0000 7fa2aea00640 1 --2- >> [v2:172.21.15.38:3300/0,v1:172.21.15.38:6789/0] conn(0x7fa2b0109890 0x7fa2b019d6f0 unknown :-1 s=BANNER_CONNECTING pgs=0 cs=0 l=1 rev1=0 crypto rx=0 tx=0 comp rx=0 tx=0)._handle_peer_banner_payload supported=3 required=0
2024-09-12T12:14:59.395 INFO:teuthology.orchestra.run.smithi038.stdout:/usr/bin/ceph: stderr
2024-09-12T12:14:58.456+0000 7fa2aea00640 1 --2- >> [v2:172.21.15.38:3300/0,v1:172.21.15.38:6789/0] conn(0x7fa2b0109890 0x7fa2b019d6f0 unknown :-1 s=HELLO_CONNECTING pgs=0 cs=0 l=1 rev1=1 crypto rx=0 tx=0 comp rx=0 tx=0).handle_hello peer v2:172.21.15.38:3300/0 says I am v2:172.21.15.38:46568/0 (socket says 172.21.15.38:46568)
2024-09-12T12:14:59.395 INFO:teuthology.orchestra.run.smithi038.stdout:/usr/bin/ceph: stderr
2024-09-12T12:14:58.456+0000 7fa2aea00640 1 -- 172.21.15.38:0/574995131 learned_addr learned my addr 172.21.15.38:0/574995131 (peer_addr_for_me v2:172.21.15.38:0/0)
2024-09-12T12:14:59.395 INFO:teuthology.orchestra.run.smithi038.stdout:/usr/bin/ceph: stderr
2024-09-12T12:14:58.456+0000 7fa2aea00640 1 -- 172.21.15.38:0/574995131 --> [v2:172.21.15.38:3300/0,v1:172.21.15.38:6789/0] -- mon_subscribe({config=0+,monmap=0+}) -- 0x7fa2b019dc30 con 0x7fa2b0109890
2024-09-12T12:14:59.395 INFO:teuthology.orchestra.run.smithi038.stdout:/usr/bin/ceph: stderr
2024-09-12T12:14:58.456+0000 7fa2aea00640 1 --2- 172.21.15.38:0/574995131 >> [v2:172.21.15.38:3300/0,v1:172.21.15.38:6789/0] conn(0x7fa2b0109890 0x7fa2b019d6f0 secure :-1 s=READY pgs=21 cs=0 l=1 rev1=1 crypto rx=0x7fa2a002acc0 tx=0x7fa2a0031ca0 comp rx=0 tx=0).ready entity=mon.0 client_cookie=0 server_cookie=0 in_seq=0 out_seq=0
2024-09-12T12:14:59.395 INFO:teuthology.orchestra.run.smithi038.stdout:/usr/bin/ceph: stderr
2024-09-12T12:14:58.457+0000 7fa2a7e00640 1 -- 172.21.15.38:0/574995131 <== mon.0 v2:172.21.15.38:3300/0 1 ==== mon_map magic: 0 ==== 205+0+0 (secure 0 0 0) 0x7fa2a0036050 con 0x7fa2b0109890
2024-09-12T12:14:59.395 INFO:teuthology.orchestra.run.smithi038.stdout:/usr/bin/ceph: stderr
2024-09-12T12:14:58.457+0000 7fa2a7e00640 1 -- 172.21.15.38:0/574995131 <== mon.0 v2:172.21.15.38:3300/0 2 ==== config(27 keys) ==== 1109+0+0 (secure 0 0 0) 0x7fa2a0037040 con 0x7fa2b0109890
2024-09-12T12:14:59.395 INFO:teuthology.orchestra.run.smithi038.stdout:/usr/bin/ceph: stderr
2024-09-12T12:14:58.457+0000 7fa2b5800640 1 -- 172.21.15.38:0/574995131 --> [v2:172.21.15.38:3300/0,v1:172.21.15.38:6789/0] -- mon_subscribe({mgrmap=0+}) -- 0x7fa2b019dec0 con 0x7fa2b0109890
2024-09-12T12:14:59.395 INFO:teuthology.orchestra.run.smithi038.stdout:/usr/bin/ceph: stderr
2024-09-12T12:14:58.457+0000 7fa2a7e00640 1 -- 172.21.15.38:0/574995131 <== mon.0 v2:172.21.15.38:3300/0 3 ==== mon_map magic: 0 ==== 205+0+0 (secure 0 0 0) 0x7fa2a003d8c0 con 0x7fa2b0109890
2024-09-12T12:14:59.395 INFO:teuthology.orchestra.run.smithi038.stdout:/usr/bin/ceph: stderr
2024-09-12T12:14:58.457+0000 7fa2b5800640 1 -- 172.21.15.38:0/574995131 --> [v2:172.21.15.38:3300/0,v1:172.21.15.38:6789/0] -- mon_subscribe({osdmap=0}) -- 0x7fa2b01a0bb0 con 0x7fa2b0109890
2024-09-12T12:14:59.395 INFO:teuthology.orchestra.run.smithi038.stdout:/usr/bin/ceph: stderr
2024-09-12T12:14:58.458+0000 7fa2b5800640 1 -- 172.21.15.38:0/574995131 --> [v2:172.21.15.38:3300/0,v1:172.21.15.38:6789/0] -- mon_command({"prefix": "get_command_descriptions"} v 0) -- 0x7fa2b0109c90 con 0x7fa2b0109890
2024-09-12T12:14:59.395 INFO:teuthology.orchestra.run.smithi038.stdout:/usr/bin/ceph: stderr
2024-09-12T12:14:58.458+0000 7fa2a7e00640 1 -- 172.21.15.38:0/574995131 <== mon.0 v2:172.21.15.38:3300/0 4 ==== mgrmap(e 4) ==== 46276+0+0 (secure 0 0 0) 0x7fa2a0044020 con 0x7fa2b0109890
2024-09-12T12:14:59.396 INFO:teuthology.orchestra.run.smithi038.stdout:/usr/bin/ceph: stderr
2024-09-12T12:14:58.459+0000 7fa2a7e00640 1 --2- 172.21.15.38:0/574995131 >> [v2:172.21.15.38:6800/3803178885,v1:172.21.15.38:6801/3803178885] conn(0x7fa294038f70 0x7fa29403b430 unknown :-1 s=NONE pgs=0 cs=0 l=1 rev1=0 crypto rx=0 tx=0 comp rx=0 tx=0).connect
2024-09-12T12:14:59.396 INFO:teuthology.orchestra.run.smithi038.stdout:/usr/bin/ceph: stderr
2024-09-12T12:14:58.459+0000 7fa2a7e00640 1 -- 172.21.15.38:0/574995131 <== mon.0 v2:172.21.15.38:3300/0 5 ==== osd_map(1..1 src has 1..1) ==== 725+0+0 (secure 0 0 0) 0x7fa2a0042020 con 0x7fa2b0109890
2024-09-12T12:14:59.396 INFO:teuthology.orchestra.run.smithi038.stdout:/usr/bin/ceph: stderr
2024-09-12T12:14:58.459+0000 7fa2a6000640 1 --2- 172.21.15.38:0/574995131 >> [v2:172.21.15.38:6800/3803178885,v1:172.21.15.38:6801/3803178885] conn(0x7fa294038f70 0x7fa29403b430 unknown :-1 s=BANNER_CONNECTING pgs=0 cs=0 l=1 rev1=0 crypto rx=0 tx=0 comp rx=0 tx=0)._handle_peer_banner_payload supported=3 required=0
2024-09-12T12:14:59.396 INFO:teuthology.orchestra.run.smithi038.stdout:/usr/bin/ceph: stderr
2024-09-12T12:14:58.459+0000 7fa2a6000640 1 --2- 172.21.15.38:0/574995131 >> [v2:172.21.15.38:6800/3803178885,v1:172.21.15.38:6801/3803178885] conn(0x7fa294038f70 0x7fa29403b430 secure :-1 s=READY pgs=8 cs=0 l=1 rev1=1 crypto rx=0x7fa2980098c0 tx=0x7fa298006db0 comp rx=0 tx=0).ready entity=mgr.14100 client_cookie=0 server_cookie=0 in_seq=0 out_seq=0
2024-09-12T12:14:59.396 INFO:teuthology.orchestra.run.smithi038.stdout:/usr/bin/ceph: stderr
2024-09-12T12:14:58.463+0000 7fa2a7e00640 1 -- 172.21.15.38:0/574995131 <== mon.0 v2:172.21.15.38:3300/0 6 ==== mon_command_ack([{"prefix": "get_command_descriptions"}]=0 v0) ==== 72+0+188821 (secure 0 0 0) 0x7fa2a004b020 con 0x7fa2b0109890
2024-09-12T12:14:59.396 INFO:teuthology.orchestra.run.smithi038.stdout:/usr/bin/ceph: stderr
2024-09-12T12:14:58.696+0000 7fa2b5800640 1 -- 172.21.15.38:0/574995131 --> [v2:172.21.15.38:3300/0,v1:172.21.15.38:6789/0] -- mon_command({"prefix": "mgr module enable", "module": "cephadm"} v 0) -- 0x7fa2b01a1230 con 0x7fa2b0109890
2024-09-12T12:14:59.396 INFO:teuthology.orchestra.run.smithi038.stdout:/usr/bin/ceph: stderr
2024-09-12T12:14:58.753+0000 7fa2a7e00640 1 -- 172.21.15.38:0/574995131 <== mon.0 v2:172.21.15.38:3300/0 7 ==== mon_command_ack([{"prefix": "mgr module enable", "module": "cephadm"}]=0 v5) ==== 86+0+0 (secure 0 0 0) 0x7fa2a003bb30 con 0x7fa2b0109890
2024-09-12T12:14:59.396 INFO:teuthology.orchestra.run.smithi038.stdout:/usr/bin/ceph: stderr
2024-09-12T12:14:58.754+0000 7fa2a7e00640 1 -- 172.21.15.38:0/574995131 <== mon.0 v2:172.21.15.38:3300/0 8 ==== mgrmap(e 5) ==== 46287+0+0 (secure 0 0 0) 0x7fa2a003b610 con 0x7fa2b0109890
2024-09-12T12:14:59.396 INFO:teuthology.orchestra.run.smithi038.stdout:/usr/bin/ceph: stderr
2024-09-12T12:14:58.756+0000 7fa2b5800640 1 -- 172.21.15.38:0/574995131 >> [v2:172.21.15.38:6800/3803178885,v1:172.21.15.38:6801/3803178885] conn(0x7fa294038f70 msgr2=0x7fa29403b430 secure :-1 s=STATE_CONNECTION_ESTABLISHED l=1).mark_down
2024-09-12T12:14:59.396 INFO:teuthology.orchestra.run.smithi038.stdout:/usr/bin/ceph: stderr
2024-09-12T12:14:58.756+0000 7fa2b5800640 1 --2- 172.21.15.38:0/574995131 >> [v2:172.21.15.38:6800/3803178885,v1:172.21.15.38:6801/3803178885] conn(0x7fa294038f70 0x7fa29403b430 secure :-1 s=READY pgs=8 cs=0 l=1 rev1=1 crypto rx=0x7fa2980098c0 tx=0x7fa298006db0 comp rx=0 tx=0).stop
2024-09-12T12:14:59.396 INFO:teuthology.orchestra.run.smithi038.stdout:/usr/bin/ceph: stderr
2024-09-12T12:14:58.756+0000 7fa2b5800640 1 -- 172.21.15.38:0/574995131 >> [v2:172.21.15.38:3300/0,v1:172.21.15.38:6789/0] conn(0x7fa2b0109890 msgr2=0x7fa2b019d6f0 secure :-1 s=STATE_CONNECTION_ESTABLISHED l=1).mark_down
2024-09-12T12:14:59.396 INFO:teuthology.orchestra.run.smithi038.stdout:/usr/bin/ceph: stderr
2024-09-12T12:14:58.756+0000 7fa2b5800640 1 --2- 172.21.15.38:0/574995131 >> [v2:172.21.15.38:3300/0,v1:172.21.15.38:6789/0] conn(0x7fa2b0109890 0x7fa2b019d6f0 secure :-1 s=READY pgs=21 cs=0 l=1 rev1=1 crypto rx=0x7fa2a002acc0 tx=0x7fa2a0031ca0 comp rx=0 tx=0).stop
2024-09-12T12:14:59.396 INFO:teuthology.orchestra.run.smithi038.stdout:/usr/bin/ceph: stderr
2024-09-12T12:14:58.757+0000 7fa2b5800640 1 -- 172.21.15.38:0/574995131 shutdown_connections
2024-09-12T12:14:59.397 INFO:teuthology.orchestra.run.smithi038.stdout:/usr/bin/ceph: stderr
2024-09-12T12:14:58.757+0000 7fa2b5800640 1 --2- 172.21.15.38:0/574995131 >> [v2:172.21.15.38:6800/3803178885,v1:172.21.15.38:6801/3803178885] conn(0x7fa294038f70 0x7fa29403b430 unknown :-1 s=CLOSED pgs=8 cs=0 l=1 rev1=1 crypto rx=0 tx=0 comp rx=0 tx=0).stop
2024-09-12T12:14:59.397 INFO:teuthology.orchestra.run.smithi038.stdout:/usr/bin/ceph: stderr
2024-09-12T12:14:58.757+0000 7fa2b5800640 1 --2- 172.21.15.38:0/574995131 >> [v2:172.21.15.38:3300/0,v1:172.21.15.38:6789/0] conn(0x7fa2b0109890 0x7fa2b019d6f0 unknown :-1 s=CLOSED pgs=21 cs=0 l=1 rev1=1 crypto rx=0 tx=0 comp rx=0 tx=0).stop
2024-09-12T12:14:59.397 INFO:teuthology.orchestra.run.smithi038.stdout:/usr/bin/ceph: stderr
2024-09-12T12:14:58.757+0000 7fa2b5800640 1 -- 172.21.15.38:0/574995131 >> 172.21.15.38:0/574995131 conn(0x7fa2b007ccc0 msgr2=0x7fa2b0107550 unknown :-1 s=STATE_NONE l=0).mark_down
2024-09-12T12:14:59.397 INFO:teuthology.orchestra.run.smithi038.stdout:/usr/bin/ceph: stderr
2024-09-12T12:14:58.757+0000 7fa2b5800640 1 -- 172.21.15.38:0/574995131 shutdown_connections
2024-09-12T12:14:59.397 INFO:teuthology.orchestra.run.smithi038.stdout:/usr/bin/ceph: stderr
2024-09-12T12:14:58.757+0000 7fa2b5800640 1 -- 172.21.15.38:0/574995131 wait complete.
2024-09-12T12:14:59.514 INFO:journalctl@ceph.mgr.x.smithi038.stdout:Sep 12 12:14:59 smithi038 ceph-726420ce-7100-11ef-bcea-c7b262605968-mgr-x[31034]:
2024-09-12T12:14:59.331+0000 7f61db5d3040 -1 mgr[py] Module crash has missing NOTIFY_TYPES member
2024-09-12T12:14:59.514 INFO:journalctl@ceph.mgr.x.smithi038.stdout:Sep 12 12:14:59 smithi038 ceph-726420ce-7100-11ef-bcea-c7b262605968-mgr-x[31034]:
2024-09-12T12:14:59.514+0000 7f61db5d3040 -1 mgr[py] Module test_orchestrator has missing NOTIFY_TYPES member
2024-09-12T12:14:59.767 INFO:journalctl@ceph.mgr.x.smithi038.stdout:Sep 12 12:14:59 smithi038 ceph-726420ce-7100-11ef-bcea-c7b262605968-mgr-x[31034]:
2024-09-12T12:14:59.691+0000 7f61db5d3040 -1 mgr[py] Module snap_schedule has missing NOTIFY_TYPES member
2024-09-12T12:15:00.077 INFO:journalctl@ceph.mon.a.smithi038.stdout:Sep 12 12:14:59 smithi038 ceph-mon[30810]: from='client.? 172.21.15.38:0/574995131' entity='client.admin' cmd='[{"prefix": "mgr module enable", "module": "cephadm"}]': finished
2024-09-12T12:15:00.077 INFO:journalctl@ceph.mon.a.smithi038.stdout:Sep 12 12:14:59 smithi038 ceph-mon[30810]: mgrmap e5: x(active, since 4s)
2024-09-12T12:15:00.375 INFO:journalctl@ceph.mgr.x.smithi038.stdout:Sep 12 12:15:00 smithi038 ceph-726420ce-7100-11ef-bcea-c7b262605968-mgr-x[31034]:
2024-09-12T12:15:00.076+0000 7f61db5d3040 -1 mgr[py] Module prometheus has missing NOTIFY_TYPES member
2024-09-12T12:15:00.375 INFO:journalctl@ceph.mgr.x.smithi038.stdout:Sep 12 12:15:00 smithi038 ceph-726420ce-7100-11ef-bcea-c7b262605968-mgr-x[31034]:
2024-09-12T12:15:00.152+0000 7f61db5d3040 -1 mgr[py] Module selftest has missing NOTIFY_TYPES member
2024-09-12T12:15:00.376 INFO:journalctl@ceph.mgr.x.smithi038.stdout:Sep 12 12:15:00 smithi038 ceph-726420ce-7100-11ef-bcea-c7b262605968-mgr-x[31034]:
2024-09-12T12:15:00.375+0000 7f61db5d3040 -1 mgr[py] Module volumes has missing NOTIFY_TYPES member
2024-09-12T12:15:00.833 INFO:teuthology.orchestra.run.smithi038.stdout:/usr/bin/ceph: stdout {
2024-09-12T12:15:00.833 INFO:teuthology.orchestra.run.smithi038.stdout:/usr/bin/ceph: stdout "epoch": 5,
2024-09-12T12:15:00.833 INFO:teuthology.orchestra.run.smithi038.stdout:/usr/bin/ceph: stdout "available": true,
2024-09-12T12:15:00.833 INFO:teuthology.orchestra.run.smithi038.stdout:/usr/bin/ceph: stdout "active_name": "x",
2024-09-12T12:15:00.833 INFO:teuthology.orchestra.run.smithi038.stdout:/usr/bin/ceph: stdout "num_standby": 0
2024-09-12T12:15:00.833 INFO:teuthology.orchestra.run.smithi038.stdout:/usr/bin/ceph: stdout }
2024-09-12T12:15:00.833 INFO:teuthology.orchestra.run.smithi038.stdout:/usr/bin/ceph: stderr
2024-09-12T12:14:59.919+0000 7f9a82600640 1 Processor -- start
2024-09-12T12:15:00.834 INFO:teuthology.orchestra.run.smithi038.stdout:/usr/bin/ceph: stderr
2024-09-12T12:14:59.919+0000 7f9a82600640 1 -- start start
2024-09-12T12:15:00.834 INFO:teuthology.orchestra.run.smithi038.stdout:/usr/bin/ceph: stderr
2024-09-12T12:14:59.920+0000 7f9a82600640 1 --2- >> [v2:172.21.15.38:3300/0,v1:172.21.15.38:6789/0] conn(0x7f9a7c109890 0x7f9a7c109c90 unknown :-1 s=NONE pgs=0 cs=0 l=0 rev1=0 crypto rx=0 tx=0 comp rx=0 tx=0).connect
2024-09-12T12:15:00.834 INFO:teuthology.orchestra.run.smithi038.stdout:/usr/bin/ceph: stderr
2024-09-12T12:14:59.920+0000 7f9a82600640 1 -- --> [v2:172.21.15.38:3300/0,v1:172.21.15.38:6789/0] -- mon_getmap magic: 0 -- 0x7f9a7c10a260 con 0x7f9a7c109890
2024-09-12T12:15:00.834 INFO:teuthology.orchestra.run.smithi038.stdout:/usr/bin/ceph: stderr
2024-09-12T12:14:59.920+0000 7f9a7b400640 1 --2- >> [v2:172.21.15.38:3300/0,v1:172.21.15.38:6789/0] conn(0x7f9a7c109890 0x7f9a7c109c90 unknown :-1 s=BANNER_CONNECTING pgs=0 cs=0 l=0 rev1=0 crypto rx=0 tx=0 comp rx=0 tx=0)._handle_peer_banner_payload supported=3 required=0
2024-09-12T12:15:00.834 INFO:teuthology.orchestra.run.smithi038.stdout:/usr/bin/ceph: stderr
2024-09-12T12:14:59.920+0000 7f9a7b400640 1 --2- >> [v2:172.21.15.38:3300/0,v1:172.21.15.38:6789/0] conn(0x7f9a7c109890 0x7f9a7c109c90 unknown :-1 s=HELLO_CONNECTING pgs=0 cs=0 l=0 rev1=1 crypto rx=0 tx=0 comp rx=0 tx=0).handle_hello peer v2:172.21.15.38:3300/0 says I am v2:172.21.15.38:46588/0 (socket says 172.21.15.38:46588)
2024-09-12T12:15:00.834 INFO:teuthology.orchestra.run.smithi038.stdout:/usr/bin/ceph: stderr
2024-09-12T12:14:59.920+0000 7f9a7b400640 1 -- 172.21.15.38:0/1122210087 learned_addr learned my addr 172.21.15.38:0/1122210087 (peer_addr_for_me v2:172.21.15.38:0/0)
2024-09-12T12:15:00.834 INFO:teuthology.orchestra.run.smithi038.stdout:/usr/bin/ceph: stderr
2024-09-12T12:14:59.921+0000 7f9a7b400640 1 -- 172.21.15.38:0/1122210087 --> [v2:172.21.15.38:3300/0,v1:172.21.15.38:6789/0] -- mon_subscribe({config=0+,monmap=0+}) -- 0x7f9a7c10a890 con 0x7f9a7c109890
2024-09-12T12:15:00.834 INFO:teuthology.orchestra.run.smithi038.stdout:/usr/bin/ceph: stderr
2024-09-12T12:14:59.922+0000 7f9a7b400640 1 --2- 172.21.15.38:0/1122210087 >> [v2:172.21.15.38:3300/0,v1:172.21.15.38:6789/0] conn(0x7f9a7c109890 0x7f9a7c109c90 secure :-1 s=READY pgs=24 cs=0 l=1 rev1=1 crypto rx=0x7f9a6c009820 tx=0x7f9a6c02a270 comp rx=0 tx=0).ready entity=mon.0 client_cookie=5605589b99e48e48 server_cookie=0 in_seq=0 out_seq=0
2024-09-12T12:15:00.834 INFO:teuthology.orchestra.run.smithi038.stdout:/usr/bin/ceph: stderr
2024-09-12T12:14:59.922+0000 7f9a7a000640 1 -- 172.21.15.38:0/1122210087 <== mon.0 v2:172.21.15.38:3300/0 1 ==== mon_map magic: 0 ==== 205+0+0 (secure 0 0 0) 0x7f9a6c037070 con 0x7f9a7c109890
2024-09-12T12:15:00.835 INFO:teuthology.orchestra.run.smithi038.stdout:/usr/bin/ceph: stderr
2024-09-12T12:14:59.922+0000 7f9a7a000640 1 -- 172.21.15.38:0/1122210087 <== mon.0 v2:172.21.15.38:3300/0 2 ==== config(27 keys) ==== 1109+0+0 (secure 0 0 0) 0x7f9a6c032900 con 0x7f9a7c109890
2024-09-12T12:15:00.835 INFO:teuthology.orchestra.run.smithi038.stdout:/usr/bin/ceph: stderr
2024-09-12T12:14:59.922+0000 7f9a7a000640 1 -- 172.21.15.38:0/1122210087 <== mon.0 v2:172.21.15.38:3300/0 3 ==== mon_map magic: 0 ==== 205+0+0 (secure 0 0 0) 0x7f9a6c030850 con 0x7f9a7c109890
2024-09-12T12:15:00.835 INFO:teuthology.orchestra.run.smithi038.stdout:/usr/bin/ceph: stderr
2024-09-12T12:14:59.923+0000 7f9a82600640 1 -- 172.21.15.38:0/1122210087 >> [v2:172.21.15.38:3300/0,v1:172.21.15.38:6789/0] conn(0x7f9a7c109890 msgr2=0x7f9a7c109c90 secure :-1 s=STATE_CONNECTION_ESTABLISHED l=1).mark_down
2024-09-12T12:15:00.835 INFO:teuthology.orchestra.run.smithi038.stdout:/usr/bin/ceph: stderr
2024-09-12T12:14:59.923+0000 7f9a82600640 1 --2- 172.21.15.38:0/1122210087 >> [v2:172.21.15.38:3300/0,v1:172.21.15.38:6789/0] conn(0x7f9a7c109890 0x7f9a7c109c90 secure :-1 s=READY pgs=24 cs=0 l=1 rev1=1 crypto rx=0x7f9a6c009820 tx=0x7f9a6c02a270 comp rx=0 tx=0).stop
2024-09-12T12:15:00.835 INFO:teuthology.orchestra.run.smithi038.stdout:/usr/bin/ceph: stderr
2024-09-12T12:14:59.923+0000 7f9a82600640 1 -- 172.21.15.38:0/1122210087 shutdown_connections
2024-09-12T12:15:00.835 INFO:teuthology.orchestra.run.smithi038.stdout:/usr/bin/ceph: stderr
2024-09-12T12:14:59.923+0000 7f9a82600640 1 --2- 172.21.15.38:0/1122210087 >> [v2:172.21.15.38:3300/0,v1:172.21.15.38:6789/0] conn(0x7f9a7c109890 0x7f9a7c109c90 unknown :-1 s=CLOSED pgs=24 cs=0 l=1 rev1=1 crypto rx=0 tx=0 comp rx=0 tx=0).stop
2024-09-12T12:15:00.835 INFO:teuthology.orchestra.run.smithi038.stdout:/usr/bin/ceph: stderr
2024-09-12T12:14:59.923+0000 7f9a82600640 1 -- 172.21.15.38:0/1122210087 >> 172.21.15.38:0/1122210087 conn(0x7f9a7c07ccc0 msgr2=0x7f9a7c07d0d0 unknown :-1 s=STATE_NONE l=0).mark_down
2024-09-12T12:15:00.835 INFO:teuthology.orchestra.run.smithi038.stdout:/usr/bin/ceph: stderr
2024-09-12T12:14:59.923+0000 7f9a82600640 1 -- 172.21.15.38:0/1122210087 shutdown_connections
2024-09-12T12:15:00.835 INFO:teuthology.orchestra.run.smithi038.stdout:/usr/bin/ceph: stderr
2024-09-12T12:14:59.923+0000 7f9a82600640 1 -- 172.21.15.38:0/1122210087 wait complete.
2024-09-12T12:15:00.835 INFO:teuthology.orchestra.run.smithi038.stdout:/usr/bin/ceph: stderr
2024-09-12T12:14:59.924+0000 7f9a82600640 1 Processor -- start
2024-09-12T12:15:00.835 INFO:teuthology.orchestra.run.smithi038.stdout:/usr/bin/ceph: stderr
2024-09-12T12:14:59.924+0000 7f9a82600640 1 -- start start
2024-09-12T12:15:00.836 INFO:teuthology.orchestra.run.smithi038.stdout:/usr/bin/ceph: stderr
2024-09-12T12:14:59.924+0000 7f9a82600640 1 --2- >> [v2:172.21.15.38:3300/0,v1:172.21.15.38:6789/0] conn(0x7f9a7c109890 0x7f9a7c19d6f0 unknown :-1 s=NONE pgs=0 cs=0 l=1 rev1=0 crypto rx=0 tx=0 comp rx=0 tx=0).connect
2024-09-12T12:15:00.836 INFO:teuthology.orchestra.run.smithi038.stdout:/usr/bin/ceph: stderr
2024-09-12T12:14:59.924+0000 7f9a82600640 1 -- --> [v2:172.21.15.38:3300/0,v1:172.21.15.38:6789/0] -- mon_getmap magic: 0 -- 0x7f9a7c10dc40 con 0x7f9a7c109890
2024-09-12T12:15:00.836 INFO:teuthology.orchestra.run.smithi038.stdout:/usr/bin/ceph: stderr
