2024-09-12T12:15:12.322 INFO:teuthology.orchestra.run.smithi038.stdout:/usr/bin/ceph: stderr
2024-09-12T12:15:11.482+0000 7fede6800640 1 --2- >> [v2:172.21.15.38:3300/0,v1:172.21.15.38:6789/0] conn(0x7fede007de40 0x7fede007c2f0 unknown :-1 s=NONE pgs=0 cs=0 l=0 rev1=0 crypto rx=0 tx=0 comp rx=0 tx=0).connect
2024-09-12T12:15:12.322 INFO:teuthology.orchestra.run.smithi038.stdout:/usr/bin/ceph: stderr
2024-09-12T12:15:11.482+0000 7fede6800640 1 -- --> [v2:172.21.15.38:3300/0,v1:172.21.15.38:6789/0] -- mon_getmap magic: 0 -- 0x7fede007c8c0 con 0x7fede007de40
2024-09-12T12:15:12.322 INFO:teuthology.orchestra.run.smithi038.stdout:/usr/bin/ceph: stderr
2024-09-12T12:15:11.482+0000 7feddf400640 1 --2- >> [v2:172.21.15.38:3300/0,v1:172.21.15.38:6789/0] conn(0x7fede007de40 0x7fede007c2f0 unknown :-1 s=BANNER_CONNECTING pgs=0 cs=0 l=0 rev1=0 crypto rx=0 tx=0 comp rx=0 tx=0)._handle_peer_banner_payload supported=3 required=0
2024-09-12T12:15:12.322 INFO:teuthology.orchestra.run.smithi038.stdout:/usr/bin/ceph: stderr
2024-09-12T12:15:11.482+0000 7feddf400640 1 --2- >> [v2:172.21.15.38:3300/0,v1:172.21.15.38:6789/0] conn(0x7fede007de40 0x7fede007c2f0 unknown :-1 s=HELLO_CONNECTING pgs=0 cs=0 l=0 rev1=1 crypto rx=0 tx=0 comp rx=0 tx=0).handle_hello peer v2:172.21.15.38:3300/0 says I am v2:172.21.15.38:51090/0 (socket says 172.21.15.38:51090)
2024-09-12T12:15:12.323 INFO:teuthology.orchestra.run.smithi038.stdout:/usr/bin/ceph: stderr
2024-09-12T12:15:11.482+0000 7feddf400640 1 -- 172.21.15.38:0/2360136078 learned_addr learned my addr 172.21.15.38:0/2360136078 (peer_addr_for_me v2:172.21.15.38:0/0)
2024-09-12T12:15:12.323 INFO:teuthology.orchestra.run.smithi038.stdout:/usr/bin/ceph: stderr
2024-09-12T12:15:11.482+0000 7feddf400640 1 -- 172.21.15.38:0/2360136078 --> [v2:172.21.15.38:3300/0,v1:172.21.15.38:6789/0] -- mon_subscribe({config=0+,monmap=0+}) -- 0x7fede007ca40 con 0x7fede007de40
2024-09-12T12:15:12.323 INFO:teuthology.orchestra.run.smithi038.stdout:/usr/bin/ceph: stderr
2024-09-12T12:15:11.483+0000 7feddf400640 1 --2- 172.21.15.38:0/2360136078 >> [v2:172.21.15.38:3300/0,v1:172.21.15.38:6789/0] conn(0x7fede007de40 0x7fede007c2f0 secure :-1 s=READY pgs=41 cs=0 l=1 rev1=1 crypto rx=0x7fedd0009820 tx=0x7fedd002a270 comp rx=0 tx=0).ready entity=mon.0 client_cookie=1ffbd78d1e1a19dd server_cookie=0 in_seq=0 out_seq=0
2024-09-12T12:15:12.323 INFO:teuthology.orchestra.run.smithi038.stdout:/usr/bin/ceph: stderr
2024-09-12T12:15:11.484+0000 7feddea00640 1 -- 172.21.15.38:0/2360136078 <== mon.0 v2:172.21.15.38:3300/0 1 ==== mon_map magic: 0 ==== 205+0+0 (secure 0 0 0) 0x7fedd0037070 con 0x7fede007de40
2024-09-12T12:15:12.324 INFO:teuthology.orchestra.run.smithi038.stdout:/usr/bin/ceph: stderr
2024-09-12T12:15:11.484+0000 7feddea00640 1 -- 172.21.15.38:0/2360136078 <== mon.0 v2:172.21.15.38:3300/0 2 ==== config(27 keys) ==== 1109+0+0 (secure 0 0 0) 0x7fedd0032900 con 0x7fede007de40
2024-09-12T12:15:12.324 INFO:teuthology.orchestra.run.smithi038.stdout:/usr/bin/ceph: stderr
2024-09-12T12:15:11.484+0000 7feddea00640 1 -- 172.21.15.38:0/2360136078 <== mon.0 v2:172.21.15.38:3300/0 3 ==== mon_map magic: 0 ==== 205+0+0 (secure 0 0 0) 0x7fedd0030850 con 0x7fede007de40
2024-09-12T12:15:12.324 INFO:teuthology.orchestra.run.smithi038.stdout:/usr/bin/ceph: stderr
2024-09-12T12:15:11.484+0000 7fede6800640 1 -- 172.21.15.38:0/2360136078 >> [v2:172.21.15.38:3300/0,v1:172.21.15.38:6789/0] conn(0x7fede007de40 msgr2=0x7fede007c2f0 secure :-1 s=STATE_CONNECTION_ESTABLISHED l=1).mark_down
2024-09-12T12:15:12.324 INFO:teuthology.orchestra.run.smithi038.stdout:/usr/bin/ceph: stderr
2024-09-12T12:15:11.484+0000 7fede6800640 1 --2- 172.21.15.38:0/2360136078 >> [v2:172.21.15.38:3300/0,v1:172.21.15.38:6789/0] conn(0x7fede007de40 0x7fede007c2f0 secure :-1 s=READY pgs=41 cs=0 l=1 rev1=1 crypto rx=0x7fedd0009820 tx=0x7fedd002a270 comp rx=0 tx=0).stop
2024-09-12T12:15:12.324 INFO:teuthology.orchestra.run.smithi038.stdout:/usr/bin/ceph: stderr
2024-09-12T12:15:11.484+0000 7fede6800640 1 -- 172.21.15.38:0/2360136078 shutdown_connections
2024-09-12T12:15:12.324 INFO:teuthology.orchestra.run.smithi038.stdout:/usr/bin/ceph: stderr
2024-09-12T12:15:11.484+0000 7fede6800640 1 --2- 172.21.15.38:0/2360136078 >> [v2:172.21.15.38:3300/0,v1:172.21.15.38:6789/0] conn(0x7fede007de40 0x7fede007c2f0 unknown :-1 s=CLOSED pgs=41 cs=0 l=1 rev1=1 crypto rx=0 tx=0 comp rx=0 tx=0).stop
2024-09-12T12:15:12.324 INFO:teuthology.orchestra.run.smithi038.stdout:/usr/bin/ceph: stderr
2024-09-12T12:15:11.484+0000 7fede6800640 1 -- 172.21.15.38:0/2360136078 >> 172.21.15.38:0/2360136078 conn(0x7fede0102ce0 msgr2=0x7fede0105100 unknown :-1 s=STATE_NONE l=0).mark_down
2024-09-12T12:15:12.324 INFO:teuthology.orchestra.run.smithi038.stdout:/usr/bin/ceph: stderr
2024-09-12T12:15:11.484+0000 7fede6800640 1 -- 172.21.15.38:0/2360136078 shutdown_connections
2024-09-12T12:15:12.324 INFO:teuthology.orchestra.run.smithi038.stdout:/usr/bin/ceph: stderr
2024-09-12T12:15:11.484+0000 7fede6800640 1 -- 172.21.15.38:0/2360136078 wait complete.
2024-09-12T12:15:12.324 INFO:teuthology.orchestra.run.smithi038.stdout:/usr/bin/ceph: stderr
2024-09-12T12:15:11.485+0000 7fede6800640 1 Processor -- start
2024-09-12T12:15:12.324 INFO:teuthology.orchestra.run.smithi038.stdout:/usr/bin/ceph: stderr
2024-09-12T12:15:11.486+0000 7fede6800640 1 -- start start
2024-09-12T12:15:12.324 INFO:teuthology.orchestra.run.smithi038.stdout:/usr/bin/ceph: stderr
2024-09-12T12:15:11.486+0000 7fede6800640 1 --2- >> [v2:172.21.15.38:3300/0,v1:172.21.15.38:6789/0] conn(0x7fede007de40 0x7fede019d690 unknown :-1 s=NONE pgs=0 cs=0 l=1 rev1=0 crypto rx=0 tx=0 comp rx=0 tx=0).connect
2024-09-12T12:15:12.324 INFO:teuthology.orchestra.run.smithi038.stdout:/usr/bin/ceph: stderr
2024-09-12T12:15:11.486+0000 7fede6800640 1 -- --> [v2:172.21.15.38:3300/0,v1:172.21.15.38:6789/0] -- mon_getmap magic: 0 -- 0x7fede010db00 con 0x7fede007de40
2024-09-12T12:15:12.325 INFO:teuthology.orchestra.run.smithi038.stdout:/usr/bin/ceph: stderr
2024-09-12T12:15:11.486+0000 7feddf400640 1 --2- >> [v2:172.21.15.38:3300/0,v1:172.21.15.38:6789/0] conn(0x7fede007de40 0x7fede019d690 unknown :-1 s=BANNER_CONNECTING pgs=0 cs=0 l=1 rev1=0 crypto rx=0 tx=0 comp rx=0 tx=0)._handle_peer_banner_payload supported=3 required=0
2024-09-12T12:15:12.325 INFO:teuthology.orchestra.run.smithi038.stdout:/usr/bin/ceph: stderr
2024-09-12T12:15:11.486+0000 7feddf400640 1 --2- >> [v2:172.21.15.38:3300/0,v1:172.21.15.38:6789/0] conn(0x7fede007de40 0x7fede019d690 unknown :-1 s=HELLO_CONNECTING pgs=0 cs=0 l=1 rev1=1 crypto rx=0 tx=0 comp rx=0 tx=0).handle_hello peer v2:172.21.15.38:3300/0 says I am v2:172.21.15.38:51094/0 (socket says 172.21.15.38:51094)
2024-09-12T12:15:12.325 INFO:teuthology.orchestra.run.smithi038.stdout:/usr/bin/ceph: stderr
2024-09-12T12:15:11.486+0000 7feddf400640 1 -- 172.21.15.38:0/2282426288 learned_addr learned my addr 172.21.15.38:0/2282426288 (peer_addr_for_me v2:172.21.15.38:0/0)
2024-09-12T12:15:12.325 INFO:teuthology.orchestra.run.smithi038.stdout:/usr/bin/ceph: stderr
2024-09-12T12:15:11.486+0000 7feddf400640 1 -- 172.21.15.38:0/2282426288 --> [v2:172.21.15.38:3300/0,v1:172.21.15.38:6789/0] -- mon_subscribe({config=0+,monmap=0+}) -- 0x7fede019dbd0 con 0x7fede007de40
2024-09-12T12:15:12.325 INFO:teuthology.orchestra.run.smithi038.stdout:/usr/bin/ceph: stderr
2024-09-12T12:15:11.487+0000 7feddf400640 1 --2- 172.21.15.38:0/2282426288 >> [v2:172.21.15.38:3300/0,v1:172.21.15.38:6789/0] conn(0x7fede007de40 0x7fede019d690 secure :-1 s=READY pgs=42 cs=0 l=1 rev1=1 crypto rx=0x7fedd0032ce0 tx=0x7fedd0032d10 comp rx=0 tx=0).ready entity=mon.0 client_cookie=0 server_cookie=0 in_seq=0 out_seq=0
2024-09-12T12:15:12.325 INFO:teuthology.orchestra.run.smithi038.stdout:/usr/bin/ceph: stderr
2024-09-12T12:15:11.487+0000 7feddcc00640 1 -- 172.21.15.38:0/2282426288 <== mon.0 v2:172.21.15.38:3300/0 1 ==== mon_map magic: 0 ==== 205+0+0 (secure 0 0 0) 0x7fedd0042070 con 0x7fede007de40
2024-09-12T12:15:12.325 INFO:teuthology.orchestra.run.smithi038.stdout:/usr/bin/ceph: stderr
2024-09-12T12:15:11.487+0000 7feddcc00640 1 -- 172.21.15.38:0/2282426288 <== mon.0 v2:172.21.15.38:3300/0 2 ==== config(27 keys) ==== 1109+0+0 (secure 0 0 0) 0x7fedd00308c0 con 0x7fede007de40
2024-09-12T12:15:12.325 INFO:teuthology.orchestra.run.smithi038.stdout:/usr/bin/ceph: stderr
2024-09-12T12:15:11.487+0000 7feddcc00640 1 -- 172.21.15.38:0/2282426288 <== mon.0 v2:172.21.15.38:3300/0 3 ==== mon_map magic: 0 ==== 205+0+0 (secure 0 0 0) 0x7fedd0037040 con 0x7fede007de40
2024-09-12T12:15:12.325 INFO:teuthology.orchestra.run.smithi038.stdout:/usr/bin/ceph: stderr
2024-09-12T12:15:11.487+0000 7fede6800640 1 -- 172.21.15.38:0/2282426288 --> [v2:172.21.15.38:3300/0,v1:172.21.15.38:6789/0] -- mon_subscribe({mgrmap=0+}) -- 0x7fede019de60 con 0x7fede007de40
2024-09-12T12:15:12.325 INFO:teuthology.orchestra.run.smithi038.stdout:/usr/bin/ceph: stderr
2024-09-12T12:15:11.487+0000 7fede6800640 1 -- 172.21.15.38:0/2282426288 --> [v2:172.21.15.38:3300/0,v1:172.21.15.38:6789/0] -- mon_subscribe({osdmap=0}) -- 0x7fede01a0b50 con 0x7fede007de40
2024-09-12T12:15:12.325 INFO:teuthology.orchestra.run.smithi038.stdout:/usr/bin/ceph: stderr
2024-09-12T12:15:11.488+0000 7feddcc00640 1 -- 172.21.15.38:0/2282426288 <== mon.0 v2:172.21.15.38:3300/0 4 ==== mgrmap(e 8) ==== 46287+0+0 (secure 0 0 0) 0x7fedd0045070 con 0x7fede007de40
2024-09-12T12:15:12.325 INFO:teuthology.orchestra.run.smithi038.stdout:/usr/bin/ceph: stderr
2024-09-12T12:15:11.488+0000 7fede6800640 1 -- 172.21.15.38:0/2282426288 --> [v2:172.21.15.38:3300/0,v1:172.21.15.38:6789/0] -- mon_command({"prefix": "get_command_descriptions"} v 0) -- 0x7fede007c370 con 0x7fede007de40
2024-09-12T12:15:12.326 INFO:teuthology.orchestra.run.smithi038.stdout:/usr/bin/ceph: stderr
2024-09-12T12:15:11.489+0000 7feddcc00640 1 --2- 172.21.15.38:0/2282426288 >> [v2:172.21.15.38:6800/2462218902,v1:172.21.15.38:6801/2462218902] conn(0x7fedc4038fc0 0x7fedc403b480 unknown :-1 s=NONE pgs=0 cs=0 l=1 rev1=0 crypto rx=0 tx=0 comp rx=0 tx=0).connect
2024-09-12T12:15:12.326 INFO:teuthology.orchestra.run.smithi038.stdout:/usr/bin/ceph: stderr
2024-09-12T12:15:11.489+0000 7feddcc00640 1 -- 172.21.15.38:0/2282426288 <== mon.0 v2:172.21.15.38:3300/0 5 ==== osd_map(2..2 src has 1..2) ==== 940+0+0 (secure 0 0 0) 0x7fedd006c090 con 0x7fede007de40
2024-09-12T12:15:12.326 INFO:teuthology.orchestra.run.smithi038.stdout:/usr/bin/ceph: stderr
2024-09-12T12:15:11.489+0000 7fedd7e00640 1 --2- 172.21.15.38:0/2282426288 >> [v2:172.21.15.38:6800/2462218902,v1:172.21.15.38:6801/2462218902] conn(0x7fedc4038fc0 0x7fedc403b480 unknown :-1 s=BANNER_CONNECTING pgs=0 cs=0 l=1 rev1=0 crypto rx=0 tx=0 comp rx=0 tx=0)._handle_peer_banner_payload supported=3 required=0
2024-09-12T12:15:12.326 INFO:teuthology.orchestra.run.smithi038.stdout:/usr/bin/ceph: stderr
2024-09-12T12:15:11.490+0000 7fedd7e00640 1 --2- 172.21.15.38:0/2282426288 >> [v2:172.21.15.38:6800/2462218902,v1:172.21.15.38:6801/2462218902] conn(0x7fedc4038fc0 0x7fedc403b480 secure :-1 s=READY pgs=10 cs=0 l=1 rev1=1 crypto rx=0x7fedc80098c0 tx=0x7fedc8006db0 comp rx=0 tx=0).ready entity=mgr.14118 client_cookie=0 server_cookie=0 in_seq=0 out_seq=0
2024-09-12T12:15:12.326 INFO:teuthology.orchestra.run.smithi038.stdout:/usr/bin/ceph: stderr
2024-09-12T12:15:11.494+0000 7feddcc00640 1 -- 172.21.15.38:0/2282426288 <== mon.0 v2:172.21.15.38:3300/0 6 ==== mon_command_ack([{"prefix": "get_command_descriptions"}]=0 v0) ==== 72+0+188821 (secure 0 0 0) 0x7fedd004b170 con 0x7fede007de40
2024-09-12T12:15:12.326 INFO:teuthology.orchestra.run.smithi038.stdout:/usr/bin/ceph: stderr
2024-09-12T12:15:11.680+0000 7fede6800640 1 -- 172.21.15.38:0/2282426288 --> [v2:172.21.15.38:6800/2462218902,v1:172.21.15.38:6801/2462218902] -- mgr_command(tid 0: {"prefix": "cephadm get-pub-key", "target": ["mon-mgr", ""]}) -- 0x7fede0103f60 con 0x7fedc4038fc0
2024-09-12T12:15:12.326 INFO:teuthology.orchestra.run.smithi038.stdout:/usr/bin/ceph: stderr
2024-09-12T12:15:11.681+0000 7feddcc00640 1 -- 172.21.15.38:0/2282426288 <== mgr.14118 v2:172.21.15.38:6800/2462218902 1 ==== mgr_command_reply(tid 0: 0 ) ==== 8+0+595 (secure 0 0 0) 0x7fede0103f60 con 0x7fedc4038fc0
2024-09-12T12:15:12.326 INFO:teuthology.orchestra.run.smithi038.stdout:/usr/bin/ceph: stderr
2024-09-12T12:15:11.683+0000 7fede6800640 1 -- 172.21.15.38:0/2282426288 >> [v2:172.21.15.38:6800/2462218902,v1:172.21.15.38:6801/2462218902] conn(0x7fedc4038fc0 msgr2=0x7fedc403b480 secure :-1 s=STATE_CONNECTION_ESTABLISHED l=1).mark_down
2024-09-12T12:15:12.326 INFO:teuthology.orchestra.run.smithi038.stdout:/usr/bin/ceph: stderr
2024-09-12T12:15:11.683+0000 7fede6800640 1 --2- 172.21.15.38:0/2282426288 >> [v2:172.21.15.38:6800/2462218902,v1:172.21.15.38:6801/2462218902] conn(0x7fedc4038fc0 0x7fedc403b480 secure :-1 s=READY pgs=10 cs=0 l=1 rev1=1 crypto rx=0x7fedc80098c0 tx=0x7fedc8006db0 comp rx=0 tx=0).stop
2024-09-12T12:15:12.326 INFO:teuthology.orchestra.run.smithi038.stdout:/usr/bin/ceph: stderr
2024-09-12T12:15:11.683+0000 7fede6800640 1 -- 172.21.15.38:0/2282426288 >> [v2:172.21.15.38:3300/0,v1:172.21.15.38:6789/0] conn(0x7fede007de40 msgr2=0x7fede019d690 secure :-1 s=STATE_CONNECTION_ESTABLISHED l=1).mark_down
2024-09-12T12:15:12.326 INFO:teuthology.orchestra.run.smithi038.stdout:/usr/bin/ceph: stderr
2024-09-12T12:15:11.683+0000 7fede6800640 1 --2- 172.21.15.38:0/2282426288 >> [v2:172.21.15.38:3300/0,v1:172.21.15.38:6789/0] conn(0x7fede007de40 0x7fede019d690 secure :-1 s=READY pgs=42 cs=0 l=1 rev1=1 crypto rx=0x7fedd0032ce0 tx=0x7fedd0032d10 comp rx=0 tx=0).stop
2024-09-12T12:15:12.327 INFO:teuthology.orchestra.run.smithi038.stdout:/usr/bin/ceph: stderr
2024-09-12T12:15:11.683+0000 7fede6800640 1 -- 172.21.15.38:0/2282426288 shutdown_connections
2024-09-12T12:15:12.327 INFO:teuthology.orchestra.run.smithi038.stdout:/usr/bin/ceph: stderr
2024-09-12T12:15:11.683+0000 7fede6800640 1 --2- 172.21.15.38:0/2282426288 >> [v2:172.21.15.38:6800/2462218902,v1:172.21.15.38:6801/2462218902] conn(0x7fedc4038fc0 0x7fedc403b480 unknown :-1 s=CLOSED pgs=10 cs=0 l=1 rev1=1 crypto rx=0 tx=0 comp rx=0 tx=0).stop
2024-09-12T12:15:12.327 INFO:teuthology.orchestra.run.smithi038.stdout:/usr/bin/ceph: stderr
2024-09-12T12:15:11.683+0000 7fede6800640 1 --2- 172.21.15.38:0/2282426288 >> [v2:172.21.15.38:3300/0,v1:172.21.15.38:6789/0] conn(0x7fede007de40 0x7fede019d690 unknown :-1 s=CLOSED pgs=42 cs=0 l=1 rev1=1 crypto rx=0 tx=0 comp rx=0 tx=0).stop
2024-09-12T12:15:12.327 INFO:teuthology.orchestra.run.smithi038.stdout:/usr/bin/ceph: stderr
2024-09-12T12:15:11.683+0000 7fede6800640 1 -- 172.21.15.38:0/2282426288 >> 172.21.15.38:0/2282426288 conn(0x7fede0102ce0 msgr2=0x7fede0103850 unknown :-1 s=STATE_NONE l=0).mark_down
2024-09-12T12:15:12.327 INFO:teuthology.orchestra.run.smithi038.stdout:/usr/bin/ceph: stderr
2024-09-12T12:15:11.683+0000 7fede6800640 1 -- 172.21.15.38:0/2282426288 shutdown_connections
2024-09-12T12:15:12.327 INFO:teuthology.orchestra.run.smithi038.stdout:/usr/bin/ceph: stderr
2024-09-12T12:15:11.683+0000 7fede6800640 1 -- 172.21.15.38:0/2282426288 wait complete.
2024-09-12T12:15:12.327 INFO:teuthology.orchestra.run.smithi038.stdout:Wrote public SSH key to /home/ubuntu/cephtest/ceph.pub
2024-09-12T12:15:12.327 INFO:teuthology.orchestra.run.smithi038.stdout:Adding key to root@localhost authorized_keys...
2024-09-12T12:15:12.328 INFO:teuthology.orchestra.run.smithi038.stdout:Adding host smithi038...
2024-09-12T12:15:12.579 INFO:journalctl@ceph.mon.a.smithi038.stdout:Sep 12 12:15:12 smithi038 ceph-mon[30810]: from='client.14136 -' entity='client.admin' cmd=[{"prefix": "cephadm get-pub-key", "target": ["mon-mgr", ""]}]: dispatch
2024-09-12T12:15:14.219 INFO:journalctl@ceph.mon.a.smithi038.stdout:Sep 12 12:15:13 smithi038 ceph-mon[30810]: from='client.14138 -' entity='client.admin' cmd=[{"prefix": "orch host add", "hostname": "smithi038", "addr": "172.21.15.38", "target": ["mon-mgr", ""]}]: dispatch
2024-09-12T12:15:15.219 INFO:journalctl@ceph.mon.a.smithi038.stdout:Sep 12 12:15:14 smithi038 ceph-mon[30810]: Deploying cephadm binary to smithi038
2024-09-12T12:15:18.236 INFO:teuthology.orchestra.run.smithi038.stdout:/usr/bin/ceph: stdout Added host 'smithi038' with addr '172.21.15.38'
2024-09-12T12:15:18.237 INFO:teuthology.orchestra.run.smithi038.stdout:/usr/bin/ceph: stderr
2024-09-12T12:15:12.815+0000 7f6357600640 1 Processor -- start
2024-09-12T12:15:18.237 INFO:teuthology.orchestra.run.smithi038.stdout:/usr/bin/ceph: stderr
2024-09-12T12:15:12.815+0000 7f6357600640 1 -- start start
2024-09-12T12:15:18.237 INFO:teuthology.orchestra.run.smithi038.stdout:/usr/bin/ceph: stderr
2024-09-12T12:15:12.815+0000 7f6357600640 1 --2- >> [v2:172.21.15.38:3300/0,v1:172.21.15.38:6789/0] conn(0x7f6350107510 0x7f6350107910 unknown :-1 s=NONE pgs=0 cs=0 l=0 rev1=0 crypto rx=0 tx=0 comp rx=0 tx=0).connect
2024-09-12T12:15:18.237 INFO:teuthology.orchestra.run.smithi038.stdout:/usr/bin/ceph: stderr
2024-09-12T12:15:12.815+0000 7f6357600640 1 -- --> [v2:172.21.15.38:3300/0,v1:172.21.15.38:6789/0] -- mon_getmap magic: 0 -- 0x7f6350107ee0 con 0x7f6350107510
2024-09-12T12:15:18.237 INFO:teuthology.orchestra.run.smithi038.stdout:/usr/bin/ceph: stderr
2024-09-12T12:15:12.816+0000 7f6354c00640 1 --2- >> [v2:172.21.15.38:3300/0,v1:172.21.15.38:6789/0] conn(0x7f6350107510 0x7f6350107910 unknown :-1 s=BANNER_CONNECTING pgs=0 cs=0 l=0 rev1=0 crypto rx=0 tx=0 comp rx=0 tx=0)._handle_peer_banner_payload supported=3 required=0
2024-09-12T12:15:18.237 INFO:teuthology.orchestra.run.smithi038.stdout:/usr/bin/ceph: stderr
2024-09-12T12:15:12.816+0000 7f6354c00640 1 --2- >> [v2:172.21.15.38:3300/0,v1:172.21.15.38:6789/0] conn(0x7f6350107510 0x7f6350107910 unknown :-1 s=HELLO_CONNECTING pgs=0 cs=0 l=0 rev1=1 crypto rx=0 tx=0 comp rx=0 tx=0).handle_hello peer v2:172.21.15.38:3300/0 says I am v2:172.21.15.38:51108/0 (socket says 172.21.15.38:51108)
2024-09-12T12:15:18.237 INFO:teuthology.orchestra.run.smithi038.stdout:/usr/bin/ceph: stderr
2024-09-12T12:15:12.816+0000 7f6354c00640 1 -- 172.21.15.38:0/3795195445 learned_addr learned my addr 172.21.15.38:0/3795195445 (peer_addr_for_me v2:172.21.15.38:0/0)
2024-09-12T12:15:18.237 INFO:teuthology.orchestra.run.smithi038.stdout:/usr/bin/ceph: stderr
2024-09-12T12:15:12.816+0000 7f6354c00640 1 -- 172.21.15.38:0/3795195445 --> [v2:172.21.15.38:3300/0,v1:172.21.15.38:6789/0] -- mon_subscribe({config=0+,monmap=0+}) -- 0x7f63501086c0 con 0x7f6350107510
2024-09-12T12:15:18.237 INFO:teuthology.orchestra.run.smithi038.stdout:/usr/bin/ceph: stderr
2024-09-12T12:15:12.817+0000 7f6354c00640 1 --2- 172.21.15.38:0/3795195445 >> [v2:172.21.15.38:3300/0,v1:172.21.15.38:6789/0] conn(0x7f6350107510 0x7f6350107910 secure :-1 s=READY pgs=43 cs=0 l=1 rev1=1 crypto rx=0x7f6344009820 tx=0x7f634402a270 comp rx=0 tx=0).ready entity=mon.0 client_cookie=a047bb5a899e2942 server_cookie=0 in_seq=0 out_seq=0
2024-09-12T12:15:18.238 INFO:teuthology.orchestra.run.smithi038.stdout:/usr/bin/ceph: stderr
2024-09-12T12:15:12.818+0000 7f634f400640 1 -- 172.21.15.38:0/3795195445 <== mon.0 v2:172.21.15.38:3300/0 1 ==== mon_map magic: 0 ==== 205+0+0 (secure 0 0 0) 0x7f6344037070 con 0x7f6350107510
2024-09-12T12:15:18.238 INFO:teuthology.orchestra.run.smithi038.stdout:/usr/bin/ceph: stderr
2024-09-12T12:15:12.818+0000 7f634f400640 1 -- 172.21.15.38:0/3795195445 <== mon.0 v2:172.21.15.38:3300/0 2 ==== config(27 keys) ==== 1109+0+0 (secure 0 0 0) 0x7f6344032900 con 0x7f6350107510
2024-09-12T12:15:18.238 INFO:teuthology.orchestra.run.smithi038.stdout:/usr/bin/ceph: stderr
2024-09-12T12:15:12.818+0000 7f634f400640 1 -- 172.21.15.38:0/3795195445 <== mon.0 v2:172.21.15.38:3300/0 3 ==== mon_map magic: 0 ==== 205+0+0 (secure 0 0 0) 0x7f6344030850 con 0x7f6350107510
2024-09-12T12:15:18.238 INFO:teuthology.orchestra.run.smithi038.stdout:/usr/bin/ceph: stderr
2024-09-12T12:15:12.818+0000 7f6357600640 1 -- 172.21.15.38:0/3795195445 >> [v2:172.21.15.38:3300/0,v1:172.21.15.38:6789/0] conn(0x7f6350107510 msgr2=0x7f6350107910 secure :-1 s=STATE_CONNECTION_ESTABLISHED l=1).mark_down
2024-09-12T12:15:18.238 INFO:teuthology.orchestra.run.smithi038.stdout:/usr/bin/ceph: stderr
2024-09-12T12:15:12.818+0000 7f6357600640 1 --2- 172.21.15.38:0/3795195445 >> [v2:172.21.15.38:3300/0,v1:172.21.15.38:6789/0] conn(0x7f6350107510 0x7f6350107910 secure :-1 s=READY pgs=43 cs=0 l=1 rev1=1 crypto rx=0x7f6344009820 tx=0x7f634402a270 comp rx=0 tx=0).stop
2024-09-12T12:15:18.238 INFO:teuthology.orchestra.run.smithi038.stdout:/usr/bin/ceph: stderr
2024-09-12T12:15:12.818+0000 7f6357600640 1 -- 172.21.15.38:0/3795195445 shutdown_connections
2024-09-12T12:15:18.238 INFO:teuthology.orchestra.run.smithi038.stdout:/usr/bin/ceph: stderr
2024-09-12T12:15:12.818+0000 7f6357600640 1 --2- 172.21.15.38:0/3795195445 >> [v2:172.21.15.38:3300/0,v1:172.21.15.38:6789/0] conn(0x7f6350107510 0x7f6350107910 unknown :-1 s=CLOSED pgs=43 cs=0 l=1 rev1=1 crypto rx=0 tx=0 comp rx=0 tx=0).stop
2024-09-12T12:15:18.238 INFO:teuthology.orchestra.run.smithi038.stdout:/usr/bin/ceph: stderr
2024-09-12T12:15:12.818+0000 7f6357600640 1 -- 172.21.15.38:0/3795195445 >> 172.21.15.38:0/3795195445 conn(0x7f6350102ce0 msgr2=0x7f6350105100 unknown :-1 s=STATE_NONE l=0).mark_down
2024-09-12T12:15:18.238 INFO:teuthology.orchestra.run.smithi038.stdout:/usr/bin/ceph: stderr
2024-09-12T12:15:12.818+0000 7f6357600640 1 -- 172.21.15.38:0/3795195445 shutdown_connections
2024-09-12T12:15:18.238 INFO:teuthology.orchestra.run.smithi038.stdout:/usr/bin/ceph: stderr
2024-09-12T12:15:12.818+0000 7f6357600640 1 -- 172.21.15.38:0/3795195445 wait complete.
2024-09-12T12:15:18.238 INFO:teuthology.orchestra.run.smithi038.stdout:/usr/bin/ceph: stderr
2024-09-12T12:15:12.819+0000 7f6357600640 1 Processor -- start
2024-09-12T12:15:18.238 INFO:teuthology.orchestra.run.smithi038.stdout:/usr/bin/ceph: stderr
2024-09-12T12:15:12.819+0000 7f6357600640 1 -- start start
2024-09-12T12:15:18.239 INFO:teuthology.orchestra.run.smithi038.stdout:/usr/bin/ceph: stderr
2024-09-12T12:15:12.820+0000 7f6357600640 1 --2- >> [v2:172.21.15.38:3300/0,v1:172.21.15.38:6789/0] conn(0x7f6350107510 0x7f635019b4e0 unknown :-1 s=NONE pgs=0 cs=0 l=1 rev1=0 crypto rx=0 tx=0 comp rx=0 tx=0).connect
2024-09-12T12:15:18.239 INFO:teuthology.orchestra.run.smithi038.stdout:/usr/bin/ceph: stderr
2024-09-12T12:15:12.820+0000 7f6357600640 1 -- --> [v2:172.21.15.38:3300/0,v1:172.21.15.38:6789/0] -- mon_getmap magic: 0 -- 0x7f635010ba70 con 0x7f6350107510
2024-09-12T12:15:18.239 INFO:teuthology.orchestra.run.smithi038.stdout:/usr/bin/ceph: stderr
2024-09-12T12:15:12.820+0000 7f6354c00640 1 --2- >> [v2:172.21.15.38:3300/0,v1:172.21.15.38:6789/0] conn(0x7f6350107510 0x7f635019b4e0 unknown :-1 s=BANNER_CONNECTING pgs=0 cs=0 l=1 rev1=0 crypto rx=0 tx=0 comp rx=0 tx=0)._handle_peer_banner_payload supported=3 required=0
2024-09-12T12:15:18.239 INFO:teuthology.orchestra.run.smithi038.stdout:/usr/bin/ceph: stderr
2024-09-12T12:15:12.820+0000 7f6354c00640 1 --2- >> [v2:172.21.15.38:3300/0,v1:172.21.15.38:6789/0] conn(0x7f6350107510 0x7f635019b4e0 unknown :-1 s=HELLO_CONNECTING pgs=0 cs=0 l=1 rev1=1 crypto rx=0 tx=0 comp rx=0 tx=0).handle_hello peer v2:172.21.15.38:3300/0 says I am v2:172.21.15.38:51124/0 (socket says 172.21.15.38:51124)
2024-09-12T12:15:18.239 INFO:teuthology.orchestra.run.smithi038.stdout:/usr/bin/ceph: stderr
2024-09-12T12:15:12.820+0000 7f6354c00640 1 -- 172.21.15.38:0/3748500450 learned_addr learned my addr 172.21.15.38:0/3748500450 (peer_addr_for_me v2:172.21.15.38:0/0)
2024-09-12T12:15:18.239 INFO:teuthology.orchestra.run.smithi038.stdout:/usr/bin/ceph: stderr
2024-09-12T12:15:12.820+0000 7f6354c00640 1 -- 172.21.15.38:0/3748500450 --> [v2:172.21.15.38:3300/0,v1:172.21.15.38:6789/0] -- mon_subscribe({config=0+,monmap=0+}) -- 0x7f635019ba20 con 0x7f6350107510
2024-09-12T12:15:18.239 INFO:teuthology.orchestra.run.smithi038.stdout:/usr/bin/ceph: stderr
2024-09-12T12:15:12.821+0000 7f6354c00640 1 --2- 172.21.15.38:0/3748500450 >> [v2:172.21.15.38:3300/0,v1:172.21.15.38:6789/0] conn(0x7f6350107510 0x7f635019b4e0 secure :-1 s=READY pgs=44 cs=0 l=1 rev1=1 crypto rx=0x7f63440097f0 tx=0x7f6344030d80 comp rx=0 tx=0).ready entity=mon.0 client_cookie=0 server_cookie=0 in_seq=0 out_seq=0
2024-09-12T12:15:18.239 INFO:teuthology.orchestra.run.smithi038.stdout:/usr/bin/ceph: stderr
2024-09-12T12:15:12.821+0000 7f634d600640 1 -- 172.21.15.38:0/3748500450 <== mon.0 v2:172.21.15.38:3300/0 1 ==== mon_map magic: 0 ==== 205+0+0 (secure 0 0 0) 0x7f6344037040 con 0x7f6350107510
2024-09-12T12:15:18.239 INFO:teuthology.orchestra.run.smithi038.stdout:/usr/bin/ceph: stderr
2024-09-12T12:15:12.821+0000 7f634d600640 1 -- 172.21.15.38:0/3748500450 <== mon.0 v2:172.21.15.38:3300/0 2 ==== config(27 keys) ==== 1109+0+0 (secure 0 0 0) 0x7f6344040070 con 0x7f6350107510
2024-09-12T12:15:18.239 INFO:teuthology.orchestra.run.smithi038.stdout:/usr/bin/ceph: stderr
2024-09-12T12:15:12.821+0000 7f634d600640 1 -- 172.21.15.38:0/3748500450 <== mon.0 v2:172.21.15.38:3300/0 3 ==== mon_map magic: 0 ==== 205+0+0 (secure 0 0 0) 0x7f634403a390 con 0x7f6350107510
2024-09-12T12:15:18.239 INFO:teuthology.orchestra.run.smithi038.stdout:/usr/bin/ceph: stderr
2024-09-12T12:15:12.821+0000 7f6357600640 1 -- 172.21.15.38:0/3748500450 --> [v2:172.21.15.38:3300/0,v1:172.21.15.38:6789/0] -- mon_subscribe({mgrmap=0+}) -- 0x7f635019bcb0 con 0x7f6350107510
2024-09-12T12:15:18.239 INFO:teuthology.orchestra.run.smithi038.stdout:/usr/bin/ceph: stderr
2024-09-12T12:15:12.821+0000 7f6357600640 1 -- 172.21.15.38:0/3748500450 --> [v2:172.21.15.38:3300/0,v1:172.21.15.38:6789/0] -- mon_subscribe({osdmap=0}) -- 0x7f635019e9a0 con 0x7f6350107510
2024-09-12T12:15:18.240 INFO:teuthology.orchestra.run.smithi038.stdout:/usr/bin/ceph: stderr
2024-09-12T12:15:12.822+0000 7f634d600640 1 -- 172.21.15.38:0/3748500450 <== mon.0 v2:172.21.15.38:3300/0 4 ==== mgrmap(e 8) ==== 46287+0+0 (secure 0 0 0) 0x7f6344032900 con 0x7f6350107510
2024-09-12T12:15:18.240 INFO:teuthology.orchestra.run.smithi038.stdout:/usr/bin/ceph: stderr
2024-09-12T12:15:12.822+0000 7f6357600640 1 -- 172.21.15.38:0/3748500450 --> [v2:172.21.15.38:3300/0,v1:172.21.15.38:6789/0] -- mon_command({"prefix": "get_command_descriptions"} v 0) -- 0x7f6350107990 con 0x7f6350107510
2024-09-12T12:15:18.240 INFO:teuthology.orchestra.run.smithi038.stdout:/usr/bin/ceph: stderr
2024-09-12T12:15:12.823+0000 7f634d600640 1 --2- 172.21.15.38:0/3748500450 >> [v2:172.21.15.38:6800/2462218902,v1:172.21.15.38:6801/2462218902] conn(0x7f6338038fc0 0x7f633803b480 unknown :-1 s=NONE pgs=0 cs=0 l=1 rev1=0 crypto rx=0 tx=0 comp rx=0 tx=0).connect
2024-09-12T12:15:18.240 INFO:teuthology.orchestra.run.smithi038.stdout:/usr/bin/ceph: stderr
2024-09-12T12:15:12.823+0000 7f634d600640 1 -- 172.21.15.38:0/3748500450 <== mon.0 v2:172.21.15.38:3300/0 5 ==== osd_map(2..2 src has 1..2) ==== 940+0+0 (secure 0 0 0) 0x7f634406c500 con 0x7f6350107510
2024-09-12T12:15:18.240 INFO:teuthology.orchestra.run.smithi038.stdout:/usr/bin/ceph: stderr
2024-09-12T12:15:12.823+0000 7f634fe00640 1 --2- 172.21.15.38:0/3748500450 >> [v2:172.21.15.38:6800/2462218902,v1:172.21.15.38:6801/2462218902] conn(0x7f6338038fc0 0x7f633803b480 unknown :-1 s=BANNER_CONNECTING pgs=0 cs=0 l=1 rev1=0 crypto rx=0 tx=0 comp rx=0 tx=0)._handle_peer_banner_payload supported=3 required=0
2024-09-12T12:15:18.240 INFO:teuthology.orchestra.run.smithi038.stdout:/usr/bin/ceph: stderr
2024-09-12T12:15:12.824+0000 7f634fe00640 1 --2- 172.21.15.38:0/3748500450 >> [v2:172.21.15.38:6800/2462218902,v1:172.21.15.38:6801/2462218902] conn(0x7f6338038fc0 0x7f633803b480 secure :-1 s=READY pgs=11 cs=0 l=1 rev1=1 crypto rx=0x7f633c0098c0 tx=0x7f633c006db0 comp rx=0 tx=0).ready entity=mgr.14118 client_cookie=0 server_cookie=0 in_seq=0 out_seq=0
2024-09-12T12:15:18.240 INFO:teuthology.orchestra.run.smithi038.stdout:/usr/bin/ceph: stderr
2024-09-12T12:15:12.828+0000 7f634d600640 1 -- 172.21.15.38:0/3748500450 <== mon.0 v2:172.21.15.38:3300/0 6 ==== mon_command_ack([{"prefix": "get_command_descriptions"}]=0 v0) ==== 72+0+188821 (secure 0 0 0) 0x7f634406be50 con 0x7f6350107510
2024-09-12T12:15:18.240 INFO:teuthology.orchestra.run.smithi038.stdout:/usr/bin/ceph: stderr
2024-09-12T12:15:13.017+0000 7f6357600640 1 -- 172.21.15.38:0/3748500450 --> [v2:172.21.15.38:6800/2462218902,v1:172.21.15.38:6801/2462218902] -- mgr_command(tid 0: {"prefix": "orch host add", "hostname": "smithi038", "addr": "172.21.15.38", "target": ["mon-mgr", ""]}) -- 0x7f6350103f30 con 0x7f6338038fc0
2024-09-12T12:15:18.241 INFO:teuthology.orchestra.run.smithi038.stdout:/usr/bin/ceph: stderr
2024-09-12T12:15:17.563+0000 7f634d600640 1 -- 172.21.15.38:0/3748500450 <== mgr.14118 v2:172.21.15.38:6800/2462218902 1 ==== mgr_command_reply(tid 0: 0 ) ==== 8+0+48 (secure 0 0 0) 0x7f6350103f30 con 0x7f6338038fc0
2024-09-12T12:15:18.241 INFO:teuthology.orchestra.run.smithi038.stdout:/usr/bin/ceph: stderr
2024-09-12T12:15:17.566+0000 7f6357600640 1 -- 172.21.15.38:0/3748500450 >> [v2:172.21.15.38:6800/2462218902,v1:172.21.15.38:6801/2462218902] conn(0x7f6338038fc0 msgr2=0x7f633803b480 secure :-1 s=STATE_CONNECTION_ESTABLISHED l=1).mark_down
2024-09-12T12:15:18.241 INFO:teuthology.orchestra.run.smithi038.stdout:/usr/bin/ceph: stderr
2024-09-12T12:15:17.566+0000 7f6357600640 1 --2- 172.21.15.38:0/3748500450 >> [v2:172.21.15.38:6800/2462218902,v1:172.21.15.38:6801/2462218902] conn(0x7f6338038fc0 0x7f633803b480 secure :-1 s=READY pgs=11 cs=0 l=1 rev1=1 crypto rx=0x7f633c0098c0 tx=0x7f633c006db0 comp rx=0 tx=0).stop
2024-09-12T12:15:18.241 INFO:teuthology.orchestra.run.smithi038.stdout:/usr/bin/ceph: stderr
2024-09-12T12:15:17.566+0000 7f6357600640 1 -- 172.21.15.38:0/3748500450 >> [v2:172.21.15.38:3300/0,v1:172.21.15.38:6789/0] conn(0x7f6350107510 msgr2=0x7f635019b4e0 secure :-1 s=STATE_CONNECTION_ESTABLISHED l=1).mark_down
2024-09-12T12:15:18.241 INFO:teuthology.orchestra.run.smithi038.stdout:/usr/bin/ceph: stderr
2024-09-12T12:15:17.566+0000 7f6357600640 1 --2- 172.21.15.38:0/3748500450 >> [v2:172.21.15.38:3300/0,v1:172.21.15.38:6789/0] conn(0x7f6350107510 0x7f635019b4e0 secure :-1 s=READY pgs=44 cs=0 l=1 rev1=1 crypto rx=0x7f63440097f0 tx=0x7f6344030d80 comp rx=0 tx=0).stop
2024-09-12T12:15:18.241 INFO:teuthology.orchestra.run.smithi038.stdout:/usr/bin/ceph: stderr
2024-09-12T12:15:17.566+0000 7f6357600640 1 -- 172.21.15.38:0/3748500450 shutdown_connections
2024-09-12T12:15:18.241 INFO:teuthology.orchestra.run.smithi038.stdout:/usr/bin/ceph: stderr
2024-09-12T12:15:17.566+0000 7f6357600640 1 --2- 172.21.15.38:0/3748500450 >> [v2:172.21.15.38:6800/2462218902,v1:172.21.15.38:6801/2462218902] conn(0x7f6338038fc0 0x7f633803b480 unknown :-1 s=CLOSED pgs=11 cs=0 l=1 rev1=1 crypto rx=0 tx=0 comp rx=0 tx=0).stop
2024-09-12T12:15:18.241 INFO:teuthology.orchestra.run.smithi038.stdout:/usr/bin/ceph: stderr
2024-09-12T12:15:17.566+0000 7f6357600640 1 --2- 172.21.15.38:0/3748500450 >> [v2:172.21.15.38:3300/0,v1:172.21.15.38:6789/0] conn(0x7f6350107510 0x7f635019b4e0 unknown :-1 s=CLOSED pgs=44 cs=0 l=1 rev1=1 crypto rx=0 tx=0 comp rx=0 tx=0).stop
2024-09-12T12:15:18.241 INFO:teuthology.orchestra.run.smithi038.stdout:/usr/bin/ceph: stderr
2024-09-12T12:15:17.566+0000 7f6357600640 1 -- 172.21.15.38:0/3748500450 >> 172.21.15.38:0/3748500450 conn(0x7f6350102ce0 msgr2=0x7f6350103820 unknown :-1 s=STATE_NONE l=0).mark_down
2024-09-12T12:15:18.241 INFO:teuthology.orchestra.run.smithi038.stdout:/usr/bin/ceph: stderr
2024-09-12T12:15:17.566+0000 7f6357600640 1 -- 172.21.15.38:0/3748500450 shutdown_connections
2024-09-12T12:15:18.241 INFO:teuthology.orchestra.run.smithi038.stdout:/usr/bin/ceph: stderr
2024-09-12T12:15:17.566+0000 7f6357600640 1 -- 172.21.15.38:0/3748500450 wait complete.
2024-09-12T12:15:18.241 INFO:teuthology.orchestra.run.smithi038.stdout:Deploying unmanaged mon service...
2024-09-12T12:15:18.835 INFO:journalctl@ceph.mon.a.smithi038.stdout:Sep 12 12:15:18 smithi038 ceph-mon[30810]: from='mgr.14118 172.21.15.38:0/2482443602' entity='mgr.x'
2024-09-12T12:15:18.835 INFO:journalctl@ceph.mon.a.smithi038.stdout:Sep 12 12:15:18 smithi038 ceph-mon[30810]: Added host smithi038
2024-09-12T12:15:18.835 INFO:journalctl@ceph.mon.a.smithi038.stdout:Sep 12 12:15:18 smithi038 ceph-mon[30810]: from='mgr.14118 172.21.15.38:0/2482443602' entity='mgr.x' cmd=[{"prefix": "config dump", "format": "json"}]: dispatch
2024-09-12T12:15:20.148 INFO:journalctl@ceph.mon.a.smithi038.stdout:Sep 12 12:15:20 smithi038 ceph-mon[30810]: from='client.14140 -' entity='client.admin' cmd=[{"prefix": "orch apply", "service_type": "mon", "unmanaged": true, "target": ["mon-mgr", ""]}]: dispatch
2024-09-12T12:15:20.148 INFO:journalctl@ceph.mon.a.smithi038.stdout:Sep 12 12:15:20 smithi038 ceph-mon[30810]: Saving service mon spec with placement count:5
2024-09-12T12:15:20.148 INFO:journalctl@ceph.mon.a.smithi038.stdout:Sep 12 12:15:20 smithi038 ceph-mon[30810]: from='mgr.14118 172.21.15.38:0/2482443602' entity='mgr.x'
2024-09-12T12:15:20.762 INFO:teuthology.orchestra.run.smithi038.stdout:/usr/bin/ceph: stdout Scheduled mon update...
2024-09-12T12:15:20.762 INFO:teuthology.orchestra.run.smithi038.stdout:/usr/bin/ceph: stderr
2024-09-12T12:15:18.834+0000 7f6abc200640 1 Processor -- start
2024-09-12T12:15:20.762 INFO:teuthology.orchestra.run.smithi038.stdout:/usr/bin/ceph: stderr
2024-09-12T12:15:18.834+0000 7f6abc200640 1 -- start start
2024-09-12T12:15:20.762 INFO:teuthology.orchestra.run.smithi038.stdout:/usr/bin/ceph: stderr
2024-09-12T12:15:18.834+0000 7f6abc200640 1 --2- >> [v2:172.21.15.38:3300/0,v1:172.21.15.38:6789/0] conn(0x7f6ab4107510 0x7f6ab4107910 unknown :-1 s=NONE pgs=0 cs=0 l=0 rev1=0 crypto rx=0 tx=0 comp rx=0 tx=0).connect
2024-09-12T12:15:20.762 INFO:teuthology.orchestra.run.smithi038.stdout:/usr/bin/ceph: stderr
2024-09-12T12:15:18.834+0000 7f6abc200640 1 -- --> [v2:172.21.15.38:3300/0,v1:172.21.15.38:6789/0] -- mon_getmap magic: 0 -- 0x7f6ab4107ee0 con 0x7f6ab4107510
2024-09-12T12:15:20.762 INFO:teuthology.orchestra.run.smithi038.stdout:/usr/bin/ceph: stderr
2024-09-12T12:15:18.835+0000 7f6ab9800640 1 --2- >> [v2:172.21.15.38:3300/0,v1:172.21.15.38:6789/0] conn(0x7f6ab4107510 0x7f6ab4107910 unknown :-1 s=BANNER_CONNECTING pgs=0 cs=0 l=0 rev1=0 crypto rx=0 tx=0 comp rx=0 tx=0)._handle_peer_banner_payload supported=3 required=0
2024-09-12T12:15:20.762 INFO:teuthology.orchestra.run.smithi038.stdout:/usr/bin/ceph: stderr
2024-09-12T12:15:18.835+0000 7f6ab9800640 1 --2- >> [v2:172.21.15.38:3300/0,v1:172.21.15.38:6789/0] conn(0x7f6ab4107510 0x7f6ab4107910 unknown :-1 s=HELLO_CONNECTING pgs=0 cs=0 l=0 rev1=1 crypto rx=0 tx=0 comp rx=0 tx=0).handle_hello peer v2:172.21.15.38:3300/0 says I am v2:172.21.15.38:37148/0 (socket says 172.21.15.38:37148)
2024-09-12T12:15:20.762 INFO:teuthology.orchestra.run.smithi038.stdout:/usr/bin/ceph: stderr
2024-09-12T12:15:18.835+0000 7f6ab9800640 1 -- 172.21.15.38:0/2305152788 learned_addr learned my addr 172.21.15.38:0/2305152788 (peer_addr_for_me v2:172.21.15.38:0/0)
2024-09-12T12:15:20.762 INFO:teuthology.orchestra.run.smithi038.stdout:/usr/bin/ceph: stderr
2024-09-12T12:15:18.835+0000 7f6ab9800640 1 -- 172.21.15.38:0/2305152788 --> [v2:172.21.15.38:3300/0,v1:172.21.15.38:6789/0] -- mon_subscribe({config=0+,monmap=0+}) -- 0x7f6ab41086c0 con 0x7f6ab4107510
2024-09-12T12:15:20.763 INFO:teuthology.orchestra.run.smithi038.stdout:/usr/bin/ceph: stderr
2024-09-12T12:15:18.836+0000 7f6ab9800640 1 --2- 172.21.15.38:0/2305152788 >> [v2:172.21.15.38:3300/0,v1:172.21.15.38:6789/0] conn(0x7f6ab4107510 0x7f6ab4107910 secure :-1 s=READY pgs=45 cs=0 l=1 rev1=1 crypto rx=0x7f6aa8009820 tx=0x7f6aa802a270 comp rx=0 tx=0).ready entity=mon.0 client_cookie=880f3fc4220c11c3 server_cookie=0 in_seq=0 out_seq=0
2024-09-12T12:15:20.763 INFO:teuthology.orchestra.run.smithi038.stdout:/usr/bin/ceph: stderr
2024-09-12T12:15:18.836+0000 7f6ab3e00640 1 -- 172.21.15.38:0/2305152788 <== mon.0 v2:172.21.15.38:3300/0 1 ==== mon_map magic: 0 ==== 205+0+0 (secure 0 0 0) 0x7f6aa8037070 con 0x7f6ab4107510
2024-09-12T12:15:20.763 INFO:teuthology.orchestra.run.smithi038.stdout:/usr/bin/ceph: stderr
2024-09-12T12:15:18.836+0000 7f6ab3e00640 1 -- 172.21.15.38:0/2305152788 <== mon.0 v2:172.21.15.38:3300/0 2 ==== config(27 keys) ==== 1109+0+0 (secure 0 0 0) 0x7f6aa8032900 con 0x7f6ab4107510
2024-09-12T12:15:20.763 INFO:teuthology.orchestra.run.smithi038.stdout:/usr/bin/ceph: stderr
2024-09-12T12:15:18.836+0000 7f6ab3e00640 1 -- 172.21.15.38:0/2305152788 <== mon.0 v2:172.21.15.38:3300/0 3 ==== mon_map magic: 0 ==== 205+0+0 (secure 0 0 0) 0x7f6aa8030850 con 0x7f6ab4107510
2024-09-12T12:15:20.763 INFO:teuthology.orchestra.run.smithi038.stdout:/usr/bin/ceph: stderr
2024-09-12T12:15:18.837+0000 7f6abc200640 1 -- 172.21.15.38:0/2305152788 >> [v2:172.21.15.38:3300/0,v1:172.21.15.38:6789/0] conn(0x7f6ab4107510 msgr2=0x7f6ab4107910 secure :-1 s=STATE_CONNECTION_ESTABLISHED l=1).mark_down
2024-09-12T12:15:20.763 INFO:teuthology.orchestra.run.smithi038.stdout:/usr/bin/ceph: stderr
2024-09-12T12:15:18.837+0000 7f6abc200640 1 --2- 172.21.15.38:0/2305152788 >> [v2:172.21.15.38:3300/0,v1:172.21.15.38:6789/0] conn(0x7f6ab4107510 0x7f6ab4107910 secure :-1 s=READY pgs=45 cs=0 l=1 rev1=1 crypto rx=0x7f6aa8009820 tx=0x7f6aa802a270 comp rx=0 tx=0).stop
2024-09-12T12:15:20.763 INFO:teuthology.orchestra.run.smithi038.stdout:/usr/bin/ceph: stderr
2024-09-12T12:15:18.837+0000 7f6abc200640 1 -- 172.21.15.38:0/2305152788 shutdown_connections
2024-09-12T12:15:20.763 INFO:teuthology.orchestra.run.smithi038.stdout:/usr/bin/ceph: stderr
2024-09-12T12:15:18.837+0000 7f6abc200640 1 --2- 172.21.15.38:0/2305152788 >> [v2:172.21.15.38:3300/0,v1:172.21.15.38:6789/0] conn(0x7f6ab4107510 0x7f6ab4107910 unknown :-1 s=CLOSED pgs=45 cs=0 l=1 rev1=1 crypto rx=0 tx=0 comp rx=0 tx=0).stop
2024-09-12T12:15:20.763 INFO:teuthology.orchestra.run.smithi038.stdout:/usr/bin/ceph: stderr
2024-09-12T12:15:18.837+0000 7f6abc200640 1 -- 172.21.15.38:0/2305152788 >> 172.21.15.38:0/2305152788 conn(0x7f6ab4102ce0 msgr2=0x7f6ab4105100 unknown :-1 s=STATE_NONE l=0).mark_down
2024-09-12T12:15:20.763 INFO:teuthology.orchestra.run.smithi038.stdout:/usr/bin/ceph: stderr
2024-09-12T12:15:18.837+0000 7f6abc200640 1 -- 172.21.15.38:0/2305152788 shutdown_connections
2024-09-12T12:15:20.763 INFO:teuthology.orchestra.run.smithi038.stdout:/usr/bin/ceph: stderr
2024-09-12T12:15:18.837+0000 7f6abc200640 1 -- 172.21.15.38:0/2305152788 wait complete.
2024-09-12T12:15:20.763 INFO:teuthology.orchestra.run.smithi038.stdout:/usr/bin/ceph: stderr
2024-09-12T12:15:18.838+0000 7f6abc200640 1 Processor -- start
2024-09-12T12:15:20.763 INFO:teuthology.orchestra.run.smithi038.stdout:/usr/bin/ceph: stderr
2024-09-12T12:15:18.838+0000 7f6abc200640 1 -- start start
2024-09-12T12:15:20.763 INFO:teuthology.orchestra.run.smithi038.stdout:/usr/bin/ceph: stderr
2024-09-12T12:15:18.839+0000 7f6abc200640 1 --2- >> [v2:172.21.15.38:3300/0,v1:172.21.15.38:6789/0] conn(0x7f6ab4107510 0x7f6ab407db40 unknown :-1 s=NONE pgs=0 cs=0 l=1 rev1=0 crypto rx=0 tx=0 comp rx=0 tx=0).connect
2024-09-12T12:15:20.764 INFO:teuthology.orchestra.run.smithi038.stdout:/usr/bin/ceph: stderr
2024-09-12T12:15:18.839+0000 7f6abc200640 1 -- --> [v2:172.21.15.38:3300/0,v1:172.21.15.38:6789/0] -- mon_getmap magic: 0 -- 0x7f6ab410ba70 con 0x7f6ab4107510
2024-09-12T12:15:20.764 INFO:teuthology.orchestra.run.smithi038.stdout:/usr/bin/ceph: stderr
2024-09-12T12:15:18.839+0000 7f6ab9800640 1 --2- >> [v2:172.21.15.38:3300/0,v1:172.21.15.38:6789/0] conn(0x7f6ab4107510 0x7f6ab407db40 unknown :-1 s=BANNER_CONNECTING pgs=0 cs=0 l=1 rev1=0 crypto rx=0 tx=0 comp rx=0 tx=0)._handle_peer_banner_payload supported=3 required=0
2024-09-12T12:15:20.764 INFO:teuthology.orchestra.run.smithi038.stdout:/usr/bin/ceph: stderr
2024-09-12T12:15:18.839+0000 7f6ab9800640 1 --2- >> [v2:172.21.15.38:3300/0,v1:172.21.15.38:6789/0] conn(0x7f6ab4107510 0x7f6ab407db40 unknown :-1 s=HELLO_CONNECTING pgs=0 cs=0 l=1 rev1=1 crypto rx=0 tx=0 comp rx=0 tx=0).handle_hello peer v2:172.21.15.38:3300/0 says I am v2:172.21.15.38:37150/0 (socket says 172.21.15.38:37150)
2024-09-12T12:15:20.764 INFO:teuthology.orchestra.run.smithi038.stdout:/usr/bin/ceph: stderr
2024-09-12T12:15:18.839+0000 7f6ab9800640 1 -- 172.21.15.38:0/1710002304 learned_addr learned my addr 172.21.15.38:0/1710002304 (peer_addr_for_me v2:172.21.15.38:0/0)
2024-09-12T12:15:20.764 INFO:teuthology.orchestra.run.smithi038.stdout:/usr/bin/ceph: stderr
2024-09-12T12:15:18.839+0000 7f6ab9800640 1 -- 172.21.15.38:0/1710002304 --> [v2:172.21.15.38:3300/0,v1:172.21.15.38:6789/0] -- mon_subscribe({config=0+,monmap=0+}) -- 0x7f6ab407e080 con 0x7f6ab4107510
2024-09-12T12:15:20.764 INFO:teuthology.orchestra.run.smithi038.stdout:/usr/bin/ceph: stderr
2024-09-12T12:15:18.840+0000 7f6ab9800640 1 --2- 172.21.15.38:0/1710002304 >> [v2:172.21.15.38:3300/0,v1:172.21.15.38:6789/0] conn(0x7f6ab4107510 0x7f6ab407db40 secure :-1 s=READY pgs=46 cs=0 l=1 rev1=1 crypto rx=0x7f6aa80097f0 tx=0x7f6aa8030d80 comp rx=0 tx=0).ready entity=mon.0 client_cookie=0 server_cookie=0 in_seq=0 out_seq=0
2024-09-12T12:15:20.764 INFO:teuthology.orchestra.run.smithi038.stdout:/usr/bin/ceph: stderr
2024-09-12T12:15:18.840+0000 7f6ab2000640 1 -- 172.21.15.38:0/1710002304 <== mon.0 v2:172.21.15.38:3300/0 1 ==== mon_map magic: 0 ==== 205+0+0 (secure 0 0 0) 0x7f6aa8037040 con 0x7f6ab4107510
2024-09-12T12:15:20.764 INFO:teuthology.orchestra.run.smithi038.stdout:/usr/bin/ceph: stderr
2024-09-12T12:15:18.840+0000 7f6ab2000640 1 -- 172.21.15.38:0/1710002304 <== mon.0 v2:172.21.15.38:3300/0 2 ==== config(27 keys) ==== 1109+0+0 (secure 0 0 0) 0x7f6aa8040070 con 0x7f6ab4107510
2024-09-12T12:15:20.764 INFO:teuthology.orchestra.run.smithi038.stdout:/usr/bin/ceph: stderr
2024-09-12T12:15:18.840+0000 7f6ab2000640 1 -- 172.21.15.38:0/1710002304 <== mon.0 v2:172.21.15.38:3300/0 3 ==== mon_map magic: 0 ==== 205+0+0 (secure 0 0 0) 0x7f6aa803a390 con 0x7f6ab4107510
2024-09-12T12:15:20.764 INFO:teuthology.orchestra.run.smithi038.stdout:/usr/bin/ceph: stderr
2024-09-12T12:15:18.840+0000 7f6abc200640 1 -- 172.21.15.38:0/1710002304 --> [v2:172.21.15.38:3300/0,v1:172.21.15.38:6789/0] -- mon_subscribe({mgrmap=0+}) -- 0x7f6ab407c270 con 0x7f6ab4107510
2024-09-12T12:15:20.764 INFO:teuthology.orchestra.run.smithi038.stdout:/usr/bin/ceph: stderr
2024-09-12T12:15:18.840+0000 7f6abc200640 1 -- 172.21.15.38:0/1710002304 --> [v2:172.21.15.38:3300/0,v1:172.21.15.38:6789/0] -- mon_subscribe({osdmap=0}) -- 0x7f6ab407c750 con 0x7f6ab4107510
2024-09-12T12:15:20.764 INFO:teuthology.orchestra.run.smithi038.stdout:/usr/bin/ceph: stderr
2024-09-12T12:15:18.841+0000 7f6ab2000640 1 -- 172.21.15.38:0/1710002304 <== mon.0 v2:172.21.15.38:3300/0 4 ==== mgrmap(e 8) ==== 46287+0+0 (secure 0 0 0) 0x7f6aa803b430 con 0x7f6ab4107510
2024-09-12T12:15:20.764 INFO:teuthology.orchestra.run.smithi038.stdout:/usr/bin/ceph: stderr
2024-09-12T12:15:18.842+0000 7f6abc200640 1 -- 172.21.15.38:0/1710002304 --> [v2:172.21.15.38:3300/0,v1:172.21.15.38:6789/0] -- mon_command({"prefix": "get_command_descriptions"} v 0) -- 0x7f6ab410bbf0 con 0x7f6ab4107510
2024-09-12T12:15:20.765 INFO:teuthology.orchestra.run.smithi038.stdout:/usr/bin/ceph: stderr
2024-09-12T12:15:18.842+0000 7f6ab2000640 1 --2- 172.21.15.38:0/1710002304 >> [v2:172.21.15.38:6800/2462218902,v1:172.21.15.38:6801/2462218902] conn(0x7f6a9c038fc0 0x7f6a9c03b480 unknown :-1 s=NONE pgs=0 cs=0 l=1 rev1=0 crypto rx=0 tx=0 comp rx=0 tx=0).connect
2024-09-12T12:15:20.765 INFO:teuthology.orchestra.run.smithi038.stdout:/usr/bin/ceph: stderr
2024-09-12T12:15:18.842+0000 7f6ab2000640 1 -- 172.21.15.38:0/1710002304 <== mon.0 v2:172.21.15.38:3300/0 5 ==== osd_map(2..2 src has 1..2) ==== 940+0+0 (secure 0 0 0) 0x7f6aa806c4e0 con 0x7f6ab4107510
2024-09-12T12:15:20.765 INFO:teuthology.orchestra.run.smithi038.stdout:/usr/bin/ceph: stderr
2024-09-12T12:15:18.842+0000 7f6ab8e00640 1 --2- 172.21.15.38:0/1710002304 >> [v2:172.21.15.38:6800/2462218902,v1:172.21.15.38:6801/2462218902] conn(0x7f6a9c038fc0 0x7f6a9c03b480 unknown :-1 s=BANNER_CONNECTING pgs=0 cs=0 l=1 rev1=0 crypto rx=0 tx=0 comp rx=0 tx=0)._handle_peer_banner_payload supported=3 required=0
2024-09-12T12:15:20.765 INFO:teuthology.orchestra.run.smithi038.stdout:/usr/bin/ceph: stderr
2024-09-12T12:15:18.843+0000 7f6ab8e00640 1 --2- 172.21.15.38:0/1710002304 >> [v2:172.21.15.38:6800/2462218902,v1:172.21.15.38:6801/2462218902] conn(0x7f6a9c038fc0 0x7f6a9c03b480 secure :-1 s=READY pgs=12 cs=0 l=1 rev1=1 crypto rx=0x7f6aa00098c0 tx=0x7f6aa0006db0 comp rx=0 tx=0).ready entity=mgr.14118 client_cookie=0 server_cookie=0 in_seq=0 out_seq=0
2024-09-12T12:15:20.765 INFO:teuthology.orchestra.run.smithi038.stdout:/usr/bin/ceph: stderr
2024-09-12T12:15:18.847+0000 7f6ab2000640 1 -- 172.21.15.38:0/1710002304 <== mon.0 v2:172.21.15.38:3300/0 6 ==== mon_command_ack([{"prefix": "get_command_descriptions"}]=0 v0) ==== 72+0+188821 (secure 0 0 0) 0x7f6aa806be30 con 0x7f6ab4107510
2024-09-12T12:15:20.765 INFO:teuthology.orchestra.run.smithi038.stdout:/usr/bin/ceph: stderr
2024-09-12T12:15:19.052+0000 7f6abc200640 1 -- 172.21.15.38:0/1710002304 --> [v2:172.21.15.38:6800/2462218902,v1:172.21.15.38:6801/2462218902] -- mgr_command(tid 0: {"prefix": "orch apply", "service_type": "mon", "unmanaged": true, "target": ["mon-mgr", ""]}) -- 0x7f6ab407d000 con 0x7f6a9c038fc0
2024-09-12T12:15:20.765 INFO:teuthology.orchestra.run.smithi038.stdout:/usr/bin/ceph: stderr
2024-09-12T12:15:19.059+0000 7f6ab2000640 1 -- 172.21.15.38:0/1710002304 <== mgr.14118 v2:172.21.15.38:6800/2462218902 1 ==== mgr_command_reply(tid 0: 0 ) ==== 8+0+24 (secure 0 0 0) 0x7f6ab407d000 con 0x7f6a9c038fc0
2024-09-12T12:15:20.765 INFO:teuthology.orchestra.run.smithi038.stdout:/usr/bin/ceph: stderr
2024-09-12T12:15:19.061+0000 7f6abc200640 1 -- 172.21.15.38:0/1710002304 >> [v2:172.21.15.38:6800/2462218902,v1:172.21.15.38:6801/2462218902] conn(0x7f6a9c038fc0 msgr2=0x7f6a9c03b480 secure :-1 s=STATE_CONNECTION_ESTABLISHED l=1).mark_down
2024-09-12T12:15:20.765 INFO:teuthology.orchestra.run.smithi038.stdout:/usr/bin/ceph: stderr
2024-09-12T12:15:19.061+0000 7f6abc200640 1 --2- 172.21.15.38:0/1710002304 >> [v2:172.21.15.38:6800/2462218902,v1:172.21.15.38:6801/2462218902] conn(0x7f6a9c038fc0 0x7f6a9c03b480 secure :-1 s=READY pgs=12 cs=0 l=1 rev1=1 crypto rx=0x7f6aa00098c0 tx=0x7f6aa0006db0 comp rx=0 tx=0).stop
2024-09-12T12:15:20.765 INFO:teuthology.orchestra.run.smithi038.stdout:/usr/bin/ceph: stderr
2024-09-12T12:15:19.061+0000 7f6abc200640 1 -- 172.21.15.38:0/1710002304 >> [v2:172.21.15.38:3300/0,v1:172.21.15.38:6789/0] conn(0x7f6ab4107510 msgr2=0x7f6ab407db40 secure :-1 s=STATE_CONNECTION_ESTABLISHED l=1).mark_down
2024-09-12T12:15:20.765 INFO:teuthology.orchestra.run.smithi038.stdout:/usr/bin/ceph: stderr
2024-09-12T12:15:19.061+0000 7f6abc200640 1 --2- 172.21.15.38:0/1710002304 >> [v2:172.21.15.38:3300/0,v1:172.21.15.38:6789/0] conn(0x7f6ab4107510 0x7f6ab407db40 secure :-1 s=READY pgs=46 cs=0 l=1 rev1=1 crypto rx=0x7f6aa80097f0 tx=0x7f6aa8030d80 comp rx=0 tx=0).stop
2024-09-12T12:15:20.765 INFO:teuthology.orchestra.run.smithi038.stdout:/usr/bin/ceph: stderr
2024-09-12T12:15:19.061+0000 7f6abc200640 1 -- 172.21.15.38:0/1710002304 shutdown_connections
2024-09-12T12:15:20.766 INFO:teuthology.orchestra.run.smithi038.stdout:/usr/bin/ceph: stderr
2024-09-12T12:15:19.061+0000 7f6abc200640 1 --2- 172.21.15.38:0/1710002304 >> [v2:172.21.15.38:6800/2462218902,v1:172.21.15.38:6801/2462218902] conn(0x7f6a9c038fc0 0x7f6a9c03b480 unknown :-1 s=CLOSED pgs=12 cs=0 l=1 rev1=1 crypto rx=0 tx=0 comp rx=0 tx=0).stop
2024-09-12T12:15:20.766 INFO:teuthology.orchestra.run.smithi038.stdout:/usr/bin/ceph: stderr
2024-09-12T12:15:19.061+0000 7f6abc200640 1 --2- 172.21.15.38:0/1710002304 >> [v2:172.21.15.38:3300/0,v1:172.21.15.38:6789/0] conn(0x7f6ab4107510 0x7f6ab407db40 unknown :-1 s=CLOSED pgs=46 cs=0 l=1 rev1=1 crypto rx=0 tx=0 comp rx=0 tx=0).stop
2024-09-12T12:15:20.766 INFO:teuthology.orchestra.run.smithi038.stdout:/usr/bin/ceph: stderr
2024-09-12T12:15:19.061+0000 7f6abc200640 1 -- 172.21.15.38:0/1710002304 >> 172.21.15.38:0/1710002304 conn(0x7f6ab4102ce0 msgr2=0x7f6ab4103820 unknown :-1 s=STATE_NONE l=0).mark_down
2024-09-12T12:15:20.766 INFO:teuthology.orchestra.run.smithi038.stdout:/usr/bin/ceph: stderr
2024-09-12T12:15:19.062+0000 7f6abc200640 1 -- 172.21.15.38:0/1710002304 shutdown_connections
2024-09-12T12:15:20.766 INFO:teuthology.orchestra.run.smithi038.stdout:/usr/bin/ceph: stderr
2024-09-12T12:15:19.062+0000 7f6abc200640 1 -- 172.21.15.38:0/1710002304 wait complete.
2024-09-12T12:15:20.766 INFO:teuthology.orchestra.run.smithi038.stdout:Deploying unmanaged mgr service...
2024-09-12T12:15:21.307 INFO:journalctl@ceph.mon.a.smithi038.stdout:Sep 12 12:15:21 smithi038 ceph-mon[30810]: from='mgr.14118 172.21.15.38:0/2482443602' entity='mgr.x'
2024-09-12T12:15:21.307 INFO:journalctl@ceph.mon.a.smithi038.stdout:Sep 12 12:15:21 smithi038 ceph-mon[30810]: from='mgr.14118 172.21.15.38:0/2482443602' entity='mgr.x'
2024-09-12T12:15:22.675 INFO:journalctl@ceph.mon.a.smithi038.stdout:Sep 12 12:15:22 smithi038 ceph-mon[30810]: from='client.14142 -' entity='client.admin' cmd=[{"prefix": "orch apply", "service_type": "mgr", "unmanaged": true, "target": ["mon-mgr", ""]}]: dispatch
2024-09-12T12:15:22.675 INFO:journalctl@ceph.mon.a.smithi038.stdout:Sep 12 12:15:22 smithi038 ceph-mon[30810]: Saving service mgr spec with placement count:2
2024-09-12T12:15:22.675 INFO:journalctl@ceph.mon.a.smithi038.stdout:Sep 12 12:15:22 smithi038 ceph-mon[30810]: from='mgr.14118 172.21.15.38:0/2482443602' entity='mgr.x'
2024-09-12T12:15:22.675 INFO:journalctl@ceph.mon.a.smithi038.stdout:Sep 12 12:15:22 smithi038 ceph-mon[30810]: from='mgr.14118 172.21.15.38:0/2482443602' entity='mgr.x'
2024-09-12T12:15:22.842 INFO:teuthology.orchestra.run.smithi038.stdout:/usr/bin/ceph: stdout Scheduled mgr update...
2024-09-12T12:15:22.842 INFO:teuthology.orchestra.run.smithi038.stdout:/usr/bin/ceph: stderr
2024-09-12T12:15:21.296+0000 7f3ee9600640 1 Processor -- start
