2024-09-12T12:15:39.409+0000 7fa197200640 1 -- 172.21.15.38:0/3711570239 >> [v2:172.21.15.38:3300/0,v1:172.21.15.38:6789/0] conn(0x7fa19007de00 msgr2=0x7fa19019d6a0 secure :-1 s=STATE_CONNECTION_ESTABLISHED l=1).mark_down
2024-09-12T12:15:40.051 INFO:teuthology.orchestra.run.smithi038.stdout:/usr/bin/ceph: stderr
2024-09-12T12:15:39.409+0000 7fa197200640 1 --2- 172.21.15.38:0/3711570239 >> [v2:172.21.15.38:3300/0,v1:172.21.15.38:6789/0] conn(0x7fa19007de00 0x7fa19019d6a0 secure :-1 s=READY pgs=71 cs=0 l=1 rev1=1 crypto rx=0x7fa1800097f0 tx=0x7fa1800327b0 comp rx=0 tx=0).stop
2024-09-12T12:15:40.052 INFO:teuthology.orchestra.run.smithi038.stdout:/usr/bin/ceph: stderr
2024-09-12T12:15:39.409+0000 7fa197200640 1 -- 172.21.15.38:0/3711570239 shutdown_connections
2024-09-12T12:15:40.052 INFO:teuthology.orchestra.run.smithi038.stdout:/usr/bin/ceph: stderr
2024-09-12T12:15:39.409+0000 7fa197200640 1 --2- 172.21.15.38:0/3711570239 >> [v2:172.21.15.38:6800/1234723065,v1:172.21.15.38:6801/1234723065] conn(0x7fa174039020 0x7fa17403b4e0 unknown :-1 s=CLOSED pgs=8 cs=0 l=1 rev1=1 crypto rx=0 tx=0 comp rx=0 tx=0).stop
2024-09-12T12:15:40.052 INFO:teuthology.orchestra.run.smithi038.stdout:/usr/bin/ceph: stderr
2024-09-12T12:15:39.409+0000 7fa197200640 1 --2- 172.21.15.38:0/3711570239 >> [v2:172.21.15.38:3300/0,v1:172.21.15.38:6789/0] conn(0x7fa19007de00 0x7fa19019d6a0 unknown :-1 s=CLOSED pgs=71 cs=0 l=1 rev1=1 crypto rx=0 tx=0 comp rx=0 tx=0).stop
2024-09-12T12:15:40.052 INFO:teuthology.orchestra.run.smithi038.stdout:/usr/bin/ceph: stderr
2024-09-12T12:15:39.409+0000 7fa197200640 1 -- 172.21.15.38:0/3711570239 >> 172.21.15.38:0/3711570239 conn(0x7fa190102ce0 msgr2=0x7fa190103870 unknown :-1 s=STATE_NONE l=0).mark_down
2024-09-12T12:15:40.052 INFO:teuthology.orchestra.run.smithi038.stdout:/usr/bin/ceph: stderr
2024-09-12T12:15:39.409+0000 7fa197200640 1 -- 172.21.15.38:0/3711570239 shutdown_connections
2024-09-12T12:15:40.052 INFO:teuthology.orchestra.run.smithi038.stdout:/usr/bin/ceph: stderr
2024-09-12T12:15:39.409+0000 7fa197200640 1 -- 172.21.15.38:0/3711570239 wait complete.
2024-09-12T12:15:40.052 INFO:teuthology.orchestra.run.smithi038.stdout:Fetching dashboard port number...
2024-09-12T12:15:40.713 INFO:journalctl@ceph.mon.a.smithi038.stdout:Sep 12 12:15:40 smithi038 ceph-mon[30810]: from='client.14164 -' entity='client.admin' cmd=[{"prefix": "dashboard ac-user-create", "username": "admin", "rolename": "administrator", "force_password": true, "pwd_update_required": true, "target": ["mon-mgr", ""]}]: dispatch
2024-09-12T12:15:40.713 INFO:journalctl@ceph.mon.a.smithi038.stdout:Sep 12 12:15:40 smithi038 ceph-mon[30810]: from='mgr.14150 172.21.15.38:0/3173552053' entity='mgr.x'
2024-09-12T12:15:41.388 INFO:teuthology.orchestra.run.smithi038.stdout:/usr/bin/ceph: stdout 8443
2024-09-12T12:15:41.388 INFO:teuthology.orchestra.run.smithi038.stdout:/usr/bin/ceph: stderr
2024-09-12T12:15:40.516+0000 7f0520e00640 1 Processor -- start
2024-09-12T12:15:41.389 INFO:teuthology.orchestra.run.smithi038.stdout:/usr/bin/ceph: stderr
2024-09-12T12:15:40.516+0000 7f0520e00640 1 -- start start
2024-09-12T12:15:41.389 INFO:teuthology.orchestra.run.smithi038.stdout:/usr/bin/ceph: stderr
2024-09-12T12:15:40.516+0000 7f0520e00640 1 --2- >> [v2:172.21.15.38:3300/0,v1:172.21.15.38:6789/0] conn(0x7f051c07de20 0x7f051c07c2d0 unknown :-1 s=NONE pgs=0 cs=0 l=0 rev1=0 crypto rx=0 tx=0 comp rx=0 tx=0).connect
2024-09-12T12:15:41.389 INFO:teuthology.orchestra.run.smithi038.stdout:/usr/bin/ceph: stderr
2024-09-12T12:15:40.516+0000 7f0520e00640 1 -- --> [v2:172.21.15.38:3300/0,v1:172.21.15.38:6789/0] -- mon_getmap magic: 0 -- 0x7f051c07c810 con 0x7f051c07de20
2024-09-12T12:15:41.389 INFO:teuthology.orchestra.run.smithi038.stdout:/usr/bin/ceph: stderr
2024-09-12T12:15:40.517+0000 7f0519e00640 1 --2- >> [v2:172.21.15.38:3300/0,v1:172.21.15.38:6789/0] conn(0x7f051c07de20 0x7f051c07c2d0 unknown :-1 s=BANNER_CONNECTING pgs=0 cs=0 l=0 rev1=0 crypto rx=0 tx=0 comp rx=0 tx=0)._handle_peer_banner_payload supported=3 required=0
2024-09-12T12:15:41.389 INFO:teuthology.orchestra.run.smithi038.stdout:/usr/bin/ceph: stderr
2024-09-12T12:15:40.517+0000 7f0519e00640 1 --2- >> [v2:172.21.15.38:3300/0,v1:172.21.15.38:6789/0] conn(0x7f051c07de20 0x7f051c07c2d0 unknown :-1 s=HELLO_CONNECTING pgs=0 cs=0 l=0 rev1=1 crypto rx=0 tx=0 comp rx=0 tx=0).handle_hello peer v2:172.21.15.38:3300/0 says I am v2:172.21.15.38:48958/0 (socket says 172.21.15.38:48958)
2024-09-12T12:15:41.389 INFO:teuthology.orchestra.run.smithi038.stdout:/usr/bin/ceph: stderr
2024-09-12T12:15:40.517+0000 7f0519e00640 1 -- 172.21.15.38:0/2330127663 learned_addr learned my addr 172.21.15.38:0/2330127663 (peer_addr_for_me v2:172.21.15.38:0/0)
2024-09-12T12:15:41.389 INFO:teuthology.orchestra.run.smithi038.stdout:/usr/bin/ceph: stderr
2024-09-12T12:15:40.517+0000 7f0519e00640 1 -- 172.21.15.38:0/2330127663 --> [v2:172.21.15.38:3300/0,v1:172.21.15.38:6789/0] -- mon_subscribe({config=0+,monmap=0+}) -- 0x7f051c07c990 con 0x7f051c07de20
2024-09-12T12:15:41.389 INFO:teuthology.orchestra.run.smithi038.stdout:/usr/bin/ceph: stderr
2024-09-12T12:15:40.518+0000 7f0519e00640 1 --2- 172.21.15.38:0/2330127663 >> [v2:172.21.15.38:3300/0,v1:172.21.15.38:6789/0] conn(0x7f051c07de20 0x7f051c07c2d0 secure :-1 s=READY pgs=72 cs=0 l=1 rev1=1 crypto rx=0x7f050c009820 tx=0x7f050c02a300 comp rx=0 tx=0).ready entity=mon.0 client_cookie=e7d401ac8027814c server_cookie=0 in_seq=0 out_seq=0
2024-09-12T12:15:41.389 INFO:teuthology.orchestra.run.smithi038.stdout:/usr/bin/ceph: stderr
2024-09-12T12:15:40.518+0000 7f0518a00640 1 -- 172.21.15.38:0/2330127663 <== mon.0 v2:172.21.15.38:3300/0 1 ==== mon_map magic: 0 ==== 205+0+0 (secure 0 0 0) 0x7f050c037070 con 0x7f051c07de20
2024-09-12T12:15:41.389 INFO:teuthology.orchestra.run.smithi038.stdout:/usr/bin/ceph: stderr
2024-09-12T12:15:40.518+0000 7f0518a00640 1 -- 172.21.15.38:0/2330127663 <== mon.0 v2:172.21.15.38:3300/0 2 ==== config(27 keys) ==== 1140+0+0 (secure 0 0 0) 0x7f050c032920 con 0x7f051c07de20
2024-09-12T12:15:41.389 INFO:teuthology.orchestra.run.smithi038.stdout:/usr/bin/ceph: stderr
2024-09-12T12:15:40.518+0000 7f0518a00640 1 -- 172.21.15.38:0/2330127663 <== mon.0 v2:172.21.15.38:3300/0 3 ==== mon_map magic: 0 ==== 205+0+0 (secure 0 0 0) 0x7f050c030890 con 0x7f051c07de20
2024-09-12T12:15:41.389 INFO:teuthology.orchestra.run.smithi038.stdout:/usr/bin/ceph: stderr
2024-09-12T12:15:40.519+0000 7f0520e00640 1 -- 172.21.15.38:0/2330127663 >> [v2:172.21.15.38:3300/0,v1:172.21.15.38:6789/0] conn(0x7f051c07de20 msgr2=0x7f051c07c2d0 secure :-1 s=STATE_CONNECTION_ESTABLISHED l=1).mark_down
2024-09-12T12:15:41.389 INFO:teuthology.orchestra.run.smithi038.stdout:/usr/bin/ceph: stderr
2024-09-12T12:15:40.519+0000 7f0520e00640 1 --2- 172.21.15.38:0/2330127663 >> [v2:172.21.15.38:3300/0,v1:172.21.15.38:6789/0] conn(0x7f051c07de20 0x7f051c07c2d0 secure :-1 s=READY pgs=72 cs=0 l=1 rev1=1 crypto rx=0x7f050c009820 tx=0x7f050c02a300 comp rx=0 tx=0).stop
2024-09-12T12:15:41.390 INFO:teuthology.orchestra.run.smithi038.stdout:/usr/bin/ceph: stderr
2024-09-12T12:15:40.519+0000 7f0520e00640 1 -- 172.21.15.38:0/2330127663 shutdown_connections
2024-09-12T12:15:41.390 INFO:teuthology.orchestra.run.smithi038.stdout:/usr/bin/ceph: stderr
2024-09-12T12:15:40.519+0000 7f0520e00640 1 --2- 172.21.15.38:0/2330127663 >> [v2:172.21.15.38:3300/0,v1:172.21.15.38:6789/0] conn(0x7f051c07de20 0x7f051c07c2d0 unknown :-1 s=CLOSED pgs=72 cs=0 l=1 rev1=1 crypto rx=0 tx=0 comp rx=0 tx=0).stop
2024-09-12T12:15:41.390 INFO:teuthology.orchestra.run.smithi038.stdout:/usr/bin/ceph: stderr
2024-09-12T12:15:40.519+0000 7f0520e00640 1 -- 172.21.15.38:0/2330127663 >> 172.21.15.38:0/2330127663 conn(0x7f051c102ce0 msgr2=0x7f051c105100 unknown :-1 s=STATE_NONE l=0).mark_down
2024-09-12T12:15:41.390 INFO:teuthology.orchestra.run.smithi038.stdout:/usr/bin/ceph: stderr
2024-09-12T12:15:40.519+0000 7f0520e00640 1 -- 172.21.15.38:0/2330127663 shutdown_connections
2024-09-12T12:15:41.390 INFO:teuthology.orchestra.run.smithi038.stdout:/usr/bin/ceph: stderr
2024-09-12T12:15:40.519+0000 7f0520e00640 1 -- 172.21.15.38:0/2330127663 wait complete.
2024-09-12T12:15:41.390 INFO:teuthology.orchestra.run.smithi038.stdout:/usr/bin/ceph: stderr
2024-09-12T12:15:40.520+0000 7f0520e00640 1 Processor -- start
2024-09-12T12:15:41.390 INFO:teuthology.orchestra.run.smithi038.stdout:/usr/bin/ceph: stderr
2024-09-12T12:15:40.520+0000 7f0520e00640 1 -- start start
2024-09-12T12:15:41.390 INFO:teuthology.orchestra.run.smithi038.stdout:/usr/bin/ceph: stderr
2024-09-12T12:15:40.520+0000 7f0520e00640 1 --2- >> [v2:172.21.15.38:3300/0,v1:172.21.15.38:6789/0] conn(0x7f051c07de20 0x7f051c19d6e0 unknown :-1 s=NONE pgs=0 cs=0 l=1 rev1=0 crypto rx=0 tx=0 comp rx=0 tx=0).connect
2024-09-12T12:15:41.390 INFO:teuthology.orchestra.run.smithi038.stdout:/usr/bin/ceph: stderr
2024-09-12T12:15:40.520+0000 7f0520e00640 1 -- --> [v2:172.21.15.38:3300/0,v1:172.21.15.38:6789/0] -- mon_getmap magic: 0 -- 0x7f051c10db20 con 0x7f051c07de20
2024-09-12T12:15:41.390 INFO:teuthology.orchestra.run.smithi038.stdout:/usr/bin/ceph: stderr
2024-09-12T12:15:40.521+0000 7f0519e00640 1 --2- >> [v2:172.21.15.38:3300/0,v1:172.21.15.38:6789/0] conn(0x7f051c07de20 0x7f051c19d6e0 unknown :-1 s=BANNER_CONNECTING pgs=0 cs=0 l=1 rev1=0 crypto rx=0 tx=0 comp rx=0 tx=0)._handle_peer_banner_payload supported=3 required=0
2024-09-12T12:15:41.390 INFO:teuthology.orchestra.run.smithi038.stdout:/usr/bin/ceph: stderr
2024-09-12T12:15:40.521+0000 7f0519e00640 1 --2- >> [v2:172.21.15.38:3300/0,v1:172.21.15.38:6789/0] conn(0x7f051c07de20 0x7f051c19d6e0 unknown :-1 s=HELLO_CONNECTING pgs=0 cs=0 l=1 rev1=1 crypto rx=0 tx=0 comp rx=0 tx=0).handle_hello peer v2:172.21.15.38:3300/0 says I am v2:172.21.15.38:48962/0 (socket says 172.21.15.38:48962)
2024-09-12T12:15:41.390 INFO:teuthology.orchestra.run.smithi038.stdout:/usr/bin/ceph: stderr
2024-09-12T12:15:40.521+0000 7f0519e00640 1 -- 172.21.15.38:0/622467115 learned_addr learned my addr 172.21.15.38:0/622467115 (peer_addr_for_me v2:172.21.15.38:0/0)
2024-09-12T12:15:41.391 INFO:teuthology.orchestra.run.smithi038.stdout:/usr/bin/ceph: stderr
2024-09-12T12:15:40.521+0000 7f0519e00640 1 -- 172.21.15.38:0/622467115 --> [v2:172.21.15.38:3300/0,v1:172.21.15.38:6789/0] -- mon_subscribe({config=0+,monmap=0+}) -- 0x7f051c19dc20 con 0x7f051c07de20
2024-09-12T12:15:41.391 INFO:teuthology.orchestra.run.smithi038.stdout:/usr/bin/ceph: stderr
2024-09-12T12:15:40.521+0000 7f0519e00640 1 --2- 172.21.15.38:0/622467115 >> [v2:172.21.15.38:3300/0,v1:172.21.15.38:6789/0] conn(0x7f051c07de20 0x7f051c19d6e0 secure :-1 s=READY pgs=73 cs=0 l=1 rev1=1 crypto rx=0x7f050c02a820 tx=0x7f050c0308b0 comp rx=0 tx=0).ready entity=mon.0 client_cookie=0 server_cookie=0 in_seq=0 out_seq=0
2024-09-12T12:15:41.391 INFO:teuthology.orchestra.run.smithi038.stdout:/usr/bin/ceph: stderr
2024-09-12T12:15:40.521+0000 7f0512a00640 1 -- 172.21.15.38:0/622467115 <== mon.0 v2:172.21.15.38:3300/0 1 ==== mon_map magic: 0 ==== 205+0+0 (secure 0 0 0) 0x7f050c037040 con 0x7f051c07de20
2024-09-12T12:15:41.391 INFO:teuthology.orchestra.run.smithi038.stdout:/usr/bin/ceph: stderr
2024-09-12T12:15:40.521+0000 7f0512a00640 1 -- 172.21.15.38:0/622467115 <== mon.0 v2:172.21.15.38:3300/0 2 ==== config(27 keys) ==== 1140+0+0 (secure 0 0 0) 0x7f050c040070 con 0x7f051c07de20
2024-09-12T12:15:41.391 INFO:teuthology.orchestra.run.smithi038.stdout:/usr/bin/ceph: stderr
2024-09-12T12:15:40.522+0000 7f0512a00640 1 -- 172.21.15.38:0/622467115 <== mon.0 v2:172.21.15.38:3300/0 3 ==== mon_map magic: 0 ==== 205+0+0 (secure 0 0 0) 0x7f050c03a390 con 0x7f051c07de20
2024-09-12T12:15:41.391 INFO:teuthology.orchestra.run.smithi038.stdout:/usr/bin/ceph: stderr
2024-09-12T12:15:40.522+0000 7f0520e00640 1 -- 172.21.15.38:0/622467115 --> [v2:172.21.15.38:3300/0,v1:172.21.15.38:6789/0] -- mon_subscribe({mgrmap=0+}) -- 0x7f051c19deb0 con 0x7f051c07de20
2024-09-12T12:15:41.391 INFO:teuthology.orchestra.run.smithi038.stdout:/usr/bin/ceph: stderr
2024-09-12T12:15:40.522+0000 7f0520e00640 1 -- 172.21.15.38:0/622467115 --> [v2:172.21.15.38:3300/0,v1:172.21.15.38:6789/0] -- mon_subscribe({osdmap=0}) -- 0x7f051c1a0ba0 con 0x7f051c07de20
2024-09-12T12:15:41.391 INFO:teuthology.orchestra.run.smithi038.stdout:/usr/bin/ceph: stderr
2024-09-12T12:15:40.523+0000 7f0512a00640 1 -- 172.21.15.38:0/622467115 <== mon.0 v2:172.21.15.38:3300/0 4 ==== mgrmap(e 13) ==== 46343+0+0 (secure 0 0 0) 0x7f050c030b70 con 0x7f051c07de20
2024-09-12T12:15:41.391 INFO:teuthology.orchestra.run.smithi038.stdout:/usr/bin/ceph: stderr
2024-09-12T12:15:40.523+0000 7f0520e00640 1 -- 172.21.15.38:0/622467115 --> [v2:172.21.15.38:3300/0,v1:172.21.15.38:6789/0] -- mon_command({"prefix": "get_command_descriptions"} v 0) -- 0x7f051c07c350 con 0x7f051c07de20
2024-09-12T12:15:41.391 INFO:teuthology.orchestra.run.smithi038.stdout:/usr/bin/ceph: stderr
2024-09-12T12:15:40.523+0000 7f0512a00640 1 --2- 172.21.15.38:0/622467115 >> [v2:172.21.15.38:6800/1234723065,v1:172.21.15.38:6801/1234723065] conn(0x7f05000390c0 0x7f050003b580 unknown :-1 s=NONE pgs=0 cs=0 l=1 rev1=0 crypto rx=0 tx=0 comp rx=0 tx=0).connect
2024-09-12T12:15:41.391 INFO:teuthology.orchestra.run.smithi038.stdout:/usr/bin/ceph: stderr
2024-09-12T12:15:40.523+0000 7f0512a00640 1 -- 172.21.15.38:0/622467115 <== mon.0 v2:172.21.15.38:3300/0 5 ==== osd_map(3..3 src has 1..3) ==== 1155+0+0 (secure 0 0 0) 0x7f050c06c3f0 con 0x7f051c07de20
2024-09-12T12:15:41.391 INFO:teuthology.orchestra.run.smithi038.stdout:/usr/bin/ceph: stderr
2024-09-12T12:15:40.524+0000 7f0519400640 1 --2- 172.21.15.38:0/622467115 >> [v2:172.21.15.38:6800/1234723065,v1:172.21.15.38:6801/1234723065] conn(0x7f05000390c0 0x7f050003b580 unknown :-1 s=BANNER_CONNECTING pgs=0 cs=0 l=1 rev1=0 crypto rx=0 tx=0 comp rx=0 tx=0)._handle_peer_banner_payload supported=3 required=0
2024-09-12T12:15:41.391 INFO:teuthology.orchestra.run.smithi038.stdout:/usr/bin/ceph: stderr
2024-09-12T12:15:40.524+0000 7f0519400640 1 --2- 172.21.15.38:0/622467115 >> [v2:172.21.15.38:6800/1234723065,v1:172.21.15.38:6801/1234723065] conn(0x7f05000390c0 0x7f050003b580 secure :-1 s=READY pgs=9 cs=0 l=1 rev1=1 crypto rx=0x7f05080098c0 tx=0x7f0508006db0 comp rx=0 tx=0).ready entity=mgr.14150 client_cookie=0 server_cookie=0 in_seq=0 out_seq=0
2024-09-12T12:15:41.392 INFO:teuthology.orchestra.run.smithi038.stdout:/usr/bin/ceph: stderr
2024-09-12T12:15:40.529+0000 7f0512a00640 1 -- 172.21.15.38:0/622467115 <== mon.0 v2:172.21.15.38:3300/0 6 ==== mon_command_ack([{"prefix": "get_command_descriptions"}]=0 v0) ==== 72+0+188821 (secure 0 0 0) 0x7f050c042770 con 0x7f051c07de20
2024-09-12T12:15:41.392 INFO:teuthology.orchestra.run.smithi038.stdout:/usr/bin/ceph: stderr
2024-09-12T12:15:40.712+0000 7f0520e00640 1 -- 172.21.15.38:0/622467115 --> [v2:172.21.15.38:3300/0,v1:172.21.15.38:6789/0] -- mon_command({"prefix": "config get", "who": "mgr", "key": "mgr/dashboard/ssl_server_port"} v 0) -- 0x7f051c1a1190 con 0x7f051c07de20
2024-09-12T12:15:41.392 INFO:teuthology.orchestra.run.smithi038.stdout:/usr/bin/ceph: stderr
2024-09-12T12:15:40.713+0000 7f0512a00640 1 -- 172.21.15.38:0/622467115 <== mon.0 v2:172.21.15.38:3300/0 7 ==== mon_command_ack([{"prefix": "config get", "who": "mgr", "key": "mgr/dashboard/ssl_server_port"}]=0 v8) ==== 112+0+5 (secure 0 0 0) 0x7f050c03b4e0 con 0x7f051c07de20
2024-09-12T12:15:41.392 INFO:teuthology.orchestra.run.smithi038.stdout:/usr/bin/ceph: stderr
2024-09-12T12:15:40.715+0000 7f0520e00640 1 -- 172.21.15.38:0/622467115 >> [v2:172.21.15.38:6800/1234723065,v1:172.21.15.38:6801/1234723065] conn(0x7f05000390c0 msgr2=0x7f050003b580 secure :-1 s=STATE_CONNECTION_ESTABLISHED l=1).mark_down
2024-09-12T12:15:41.392 INFO:teuthology.orchestra.run.smithi038.stdout:/usr/bin/ceph: stderr
2024-09-12T12:15:40.715+0000 7f0520e00640 1 --2- 172.21.15.38:0/622467115 >> [v2:172.21.15.38:6800/1234723065,v1:172.21.15.38:6801/1234723065] conn(0x7f05000390c0 0x7f050003b580 secure :-1 s=READY pgs=9 cs=0 l=1 rev1=1 crypto rx=0x7f05080098c0 tx=0x7f0508006db0 comp rx=0 tx=0).stop
2024-09-12T12:15:41.392 INFO:teuthology.orchestra.run.smithi038.stdout:/usr/bin/ceph: stderr
2024-09-12T12:15:40.715+0000 7f0520e00640 1 -- 172.21.15.38:0/622467115 >> [v2:172.21.15.38:3300/0,v1:172.21.15.38:6789/0] conn(0x7f051c07de20 msgr2=0x7f051c19d6e0 secure :-1 s=STATE_CONNECTION_ESTABLISHED l=1).mark_down
2024-09-12T12:15:41.392 INFO:teuthology.orchestra.run.smithi038.stdout:/usr/bin/ceph: stderr
2024-09-12T12:15:40.715+0000 7f0520e00640 1 --2- 172.21.15.38:0/622467115 >> [v2:172.21.15.38:3300/0,v1:172.21.15.38:6789/0] conn(0x7f051c07de20 0x7f051c19d6e0 secure :-1 s=READY pgs=73 cs=0 l=1 rev1=1 crypto rx=0x7f050c02a820 tx=0x7f050c0308b0 comp rx=0 tx=0).stop
2024-09-12T12:15:41.392 INFO:teuthology.orchestra.run.smithi038.stdout:/usr/bin/ceph: stderr
2024-09-12T12:15:40.716+0000 7f0520e00640 1 -- 172.21.15.38:0/622467115 shutdown_connections
2024-09-12T12:15:41.392 INFO:teuthology.orchestra.run.smithi038.stdout:/usr/bin/ceph: stderr
2024-09-12T12:15:40.716+0000 7f0520e00640 1 --2- 172.21.15.38:0/622467115 >> [v2:172.21.15.38:6800/1234723065,v1:172.21.15.38:6801/1234723065] conn(0x7f05000390c0 0x7f050003b580 unknown :-1 s=CLOSED pgs=9 cs=0 l=1 rev1=1 crypto rx=0 tx=0 comp rx=0 tx=0).stop
2024-09-12T12:15:41.392 INFO:teuthology.orchestra.run.smithi038.stdout:/usr/bin/ceph: stderr
2024-09-12T12:15:40.716+0000 7f0520e00640 1 --2- 172.21.15.38:0/622467115 >> [v2:172.21.15.38:3300/0,v1:172.21.15.38:6789/0] conn(0x7f051c07de20 0x7f051c19d6e0 unknown :-1 s=CLOSED pgs=73 cs=0 l=1 rev1=1 crypto rx=0 tx=0 comp rx=0 tx=0).stop
2024-09-12T12:15:41.392 INFO:teuthology.orchestra.run.smithi038.stdout:/usr/bin/ceph: stderr
2024-09-12T12:15:40.716+0000 7f0520e00640 1 -- 172.21.15.38:0/622467115 >> 172.21.15.38:0/622467115 conn(0x7f051c102ce0 msgr2=0x7f051c103850 unknown :-1 s=STATE_NONE l=0).mark_down
2024-09-12T12:15:41.392 INFO:teuthology.orchestra.run.smithi038.stdout:/usr/bin/ceph: stderr
2024-09-12T12:15:40.716+0000 7f0520e00640 1 -- 172.21.15.38:0/622467115 shutdown_connections
2024-09-12T12:15:41.392 INFO:teuthology.orchestra.run.smithi038.stdout:/usr/bin/ceph: stderr
2024-09-12T12:15:40.716+0000 7f0520e00640 1 -- 172.21.15.38:0/622467115 wait complete.
2024-09-12T12:15:41.404 INFO:teuthology.orchestra.run.smithi038.stdout:Non-zero exit code 1 from systemctl is-enabled firewalld.service
2024-09-12T12:15:41.404 INFO:teuthology.orchestra.run.smithi038.stdout:systemctl: stdout disabled
2024-09-12T12:15:41.418 INFO:teuthology.orchestra.run.smithi038.stdout:Non-zero exit code 3 from systemctl is-active firewalld.service
2024-09-12T12:15:41.418 INFO:teuthology.orchestra.run.smithi038.stdout:systemctl: stdout inactive
2024-09-12T12:15:41.418 INFO:teuthology.orchestra.run.smithi038.stdout:firewalld.service is not enabled
2024-09-12T12:15:41.419 INFO:teuthology.orchestra.run.smithi038.stdout:Not possible to open ports <[8443]>. firewalld.service is not available
2024-09-12T12:15:41.420 INFO:teuthology.orchestra.run.smithi038.stdout:Ceph Dashboard is now available at:
2024-09-12T12:15:41.421 INFO:teuthology.orchestra.run.smithi038.stdout:
2024-09-12T12:15:41.421 INFO:teuthology.orchestra.run.smithi038.stdout: URL: https://smithi038.front.sepia.ceph.com:8443/
2024-09-12T12:15:41.421 INFO:teuthology.orchestra.run.smithi038.stdout: User: admin
2024-09-12T12:15:41.421 INFO:teuthology.orchestra.run.smithi038.stdout: Password: mj6444pkgg
2024-09-12T12:15:41.421 INFO:teuthology.orchestra.run.smithi038.stdout:
2024-09-12T12:15:41.421 INFO:teuthology.orchestra.run.smithi038.stdout:Saving cluster configuration to /var/lib/ceph/726420ce-7100-11ef-bcea-c7b262605968/config directory
2024-09-12T12:15:41.662 INFO:journalctl@ceph.mon.a.smithi038.stdout:Sep 12 12:15:41 smithi038 ceph-mon[30810]: mgrmap e13: x(active, since 6s)
2024-09-12T12:15:41.662 INFO:journalctl@ceph.mon.a.smithi038.stdout:Sep 12 12:15:41 smithi038 ceph-mon[30810]: from='client.? 172.21.15.38:0/622467115' entity='client.admin' cmd=[{"prefix": "config get", "who": "mgr", "key": "mgr/dashboard/ssl_server_port"}]: dispatch
2024-09-12T12:15:42.753 INFO:teuthology.orchestra.run.smithi038.stdout:/usr/bin/ceph: stderr
2024-09-12T12:15:41.881+0000 7f6390000640 1 Processor -- start
2024-09-12T12:15:42.754 INFO:teuthology.orchestra.run.smithi038.stdout:/usr/bin/ceph: stderr
2024-09-12T12:15:41.882+0000 7f6390000640 1 -- start start
2024-09-12T12:15:42.754 INFO:teuthology.orchestra.run.smithi038.stdout:/usr/bin/ceph: stderr
2024-09-12T12:15:41.882+0000 7f6390000640 1 --2- >> [v2:172.21.15.38:3300/0,v1:172.21.15.38:6789/0] conn(0x7f6388109890 0x7f6388109c90 unknown :-1 s=NONE pgs=0 cs=0 l=0 rev1=0 crypto rx=0 tx=0 comp rx=0 tx=0).connect
2024-09-12T12:15:42.754 INFO:teuthology.orchestra.run.smithi038.stdout:/usr/bin/ceph: stderr
2024-09-12T12:15:41.882+0000 7f6390000640 1 -- --> [v2:172.21.15.38:3300/0,v1:172.21.15.38:6789/0] -- mon_getmap magic: 0 -- 0x7f638810a260 con 0x7f6388109890
2024-09-12T12:15:42.754 INFO:teuthology.orchestra.run.smithi038.stdout:/usr/bin/ceph: stderr
2024-09-12T12:15:41.882+0000 7f638d600640 1 --2- >> [v2:172.21.15.38:3300/0,v1:172.21.15.38:6789/0] conn(0x7f6388109890 0x7f6388109c90 unknown :-1 s=BANNER_CONNECTING pgs=0 cs=0 l=0 rev1=0 crypto rx=0 tx=0 comp rx=0 tx=0)._handle_peer_banner_payload supported=3 required=0
2024-09-12T12:15:42.754 INFO:teuthology.orchestra.run.smithi038.stdout:/usr/bin/ceph: stderr
2024-09-12T12:15:41.882+0000 7f638d600640 1 --2- >> [v2:172.21.15.38:3300/0,v1:172.21.15.38:6789/0] conn(0x7f6388109890 0x7f6388109c90 unknown :-1 s=HELLO_CONNECTING pgs=0 cs=0 l=0 rev1=1 crypto rx=0 tx=0 comp rx=0 tx=0).handle_hello peer v2:172.21.15.38:3300/0 says I am v2:172.21.15.38:48966/0 (socket says 172.21.15.38:48966)
2024-09-12T12:15:42.754 INFO:teuthology.orchestra.run.smithi038.stdout:/usr/bin/ceph: stderr
2024-09-12T12:15:41.882+0000 7f638d600640 1 -- 172.21.15.38:0/929881131 learned_addr learned my addr 172.21.15.38:0/929881131 (peer_addr_for_me v2:172.21.15.38:0/0)
2024-09-12T12:15:42.754 INFO:teuthology.orchestra.run.smithi038.stdout:/usr/bin/ceph: stderr
2024-09-12T12:15:41.883+0000 7f638d600640 1 -- 172.21.15.38:0/929881131 --> [v2:172.21.15.38:3300/0,v1:172.21.15.38:6789/0] -- mon_subscribe({config=0+,monmap=0+}) -- 0x7f638810a890 con 0x7f6388109890
2024-09-12T12:15:42.755 INFO:teuthology.orchestra.run.smithi038.stdout:/usr/bin/ceph: stderr
2024-09-12T12:15:41.884+0000 7f638d600640 1 --2- 172.21.15.38:0/929881131 >> [v2:172.21.15.38:3300/0,v1:172.21.15.38:6789/0] conn(0x7f6388109890 0x7f6388109c90 secure :-1 s=READY pgs=74 cs=0 l=1 rev1=1 crypto rx=0x7f637c009820 tx=0x7f637c02a270 comp rx=0 tx=0).ready entity=mon.0 client_cookie=2e6a570055431a8e server_cookie=0 in_seq=0 out_seq=0
2024-09-12T12:15:42.755 INFO:teuthology.orchestra.run.smithi038.stdout:/usr/bin/ceph: stderr
2024-09-12T12:15:41.884+0000 7f6387e00640 1 -- 172.21.15.38:0/929881131 <== mon.0 v2:172.21.15.38:3300/0 1 ==== mon_map magic: 0 ==== 205+0+0 (secure 0 0 0) 0x7f637c037070 con 0x7f6388109890
2024-09-12T12:15:42.755 INFO:teuthology.orchestra.run.smithi038.stdout:/usr/bin/ceph: stderr
2024-09-12T12:15:41.884+0000 7f6387e00640 1 -- 172.21.15.38:0/929881131 <== mon.0 v2:172.21.15.38:3300/0 2 ==== config(27 keys) ==== 1140+0+0 (secure 0 0 0) 0x7f637c032920 con 0x7f6388109890
2024-09-12T12:15:42.755 INFO:teuthology.orchestra.run.smithi038.stdout:/usr/bin/ceph: stderr
2024-09-12T12:15:41.884+0000 7f6387e00640 1 -- 172.21.15.38:0/929881131 <== mon.0 v2:172.21.15.38:3300/0 3 ==== mon_map magic: 0 ==== 205+0+0 (secure 0 0 0) 0x7f637c030810 con 0x7f6388109890
2024-09-12T12:15:42.755 INFO:teuthology.orchestra.run.smithi038.stdout:/usr/bin/ceph: stderr
2024-09-12T12:15:41.884+0000 7f6390000640 1 -- 172.21.15.38:0/929881131 >> [v2:172.21.15.38:3300/0,v1:172.21.15.38:6789/0] conn(0x7f6388109890 msgr2=0x7f6388109c90 secure :-1 s=STATE_CONNECTION_ESTABLISHED l=1).mark_down
2024-09-12T12:15:42.755 INFO:teuthology.orchestra.run.smithi038.stdout:/usr/bin/ceph: stderr
2024-09-12T12:15:41.884+0000 7f6390000640 1 --2- 172.21.15.38:0/929881131 >> [v2:172.21.15.38:3300/0,v1:172.21.15.38:6789/0] conn(0x7f6388109890 0x7f6388109c90 secure :-1 s=READY pgs=74 cs=0 l=1 rev1=1 crypto rx=0x7f637c009820 tx=0x7f637c02a270 comp rx=0 tx=0).stop
2024-09-12T12:15:42.755 INFO:teuthology.orchestra.run.smithi038.stdout:/usr/bin/ceph: stderr
2024-09-12T12:15:41.885+0000 7f6390000640 1 -- 172.21.15.38:0/929881131 shutdown_connections
2024-09-12T12:15:42.755 INFO:teuthology.orchestra.run.smithi038.stdout:/usr/bin/ceph: stderr
2024-09-12T12:15:41.885+0000 7f6390000640 1 --2- 172.21.15.38:0/929881131 >> [v2:172.21.15.38:3300/0,v1:172.21.15.38:6789/0] conn(0x7f6388109890 0x7f6388109c90 unknown :-1 s=CLOSED pgs=74 cs=0 l=1 rev1=1 crypto rx=0 tx=0 comp rx=0 tx=0).stop
2024-09-12T12:15:42.755 INFO:teuthology.orchestra.run.smithi038.stdout:/usr/bin/ceph: stderr
2024-09-12T12:15:41.885+0000 7f6390000640 1 -- 172.21.15.38:0/929881131 >> 172.21.15.38:0/929881131 conn(0x7f638807ccc0 msgr2=0x7f638807d0d0 unknown :-1 s=STATE_NONE l=0).mark_down
2024-09-12T12:15:42.755 INFO:teuthology.orchestra.run.smithi038.stdout:/usr/bin/ceph: stderr
2024-09-12T12:15:41.885+0000 7f6390000640 1 -- 172.21.15.38:0/929881131 shutdown_connections
2024-09-12T12:15:42.756 INFO:teuthology.orchestra.run.smithi038.stdout:/usr/bin/ceph: stderr
2024-09-12T12:15:41.885+0000 7f6390000640 1 -- 172.21.15.38:0/929881131 wait complete.
2024-09-12T12:15:42.756 INFO:teuthology.orchestra.run.smithi038.stdout:/usr/bin/ceph: stderr
2024-09-12T12:15:41.886+0000 7f6390000640 1 Processor -- start
2024-09-12T12:15:42.756 INFO:teuthology.orchestra.run.smithi038.stdout:/usr/bin/ceph: stderr
2024-09-12T12:15:41.886+0000 7f6390000640 1 -- start start
2024-09-12T12:15:42.756 INFO:teuthology.orchestra.run.smithi038.stdout:/usr/bin/ceph: stderr
2024-09-12T12:15:41.886+0000 7f6390000640 1 --2- >> [v2:172.21.15.38:3300/0,v1:172.21.15.38:6789/0] conn(0x7f6388109890 0x7f638819d730 unknown :-1 s=NONE pgs=0 cs=0 l=1 rev1=0 crypto rx=0 tx=0 comp rx=0 tx=0).connect
2024-09-12T12:15:42.756 INFO:teuthology.orchestra.run.smithi038.stdout:/usr/bin/ceph: stderr
2024-09-12T12:15:41.886+0000 7f6390000640 1 -- --> [v2:172.21.15.38:3300/0,v1:172.21.15.38:6789/0] -- mon_getmap magic: 0 -- 0x7f638810dc40 con 0x7f6388109890
2024-09-12T12:15:42.756 INFO:teuthology.orchestra.run.smithi038.stdout:/usr/bin/ceph: stderr
2024-09-12T12:15:41.886+0000 7f638d600640 1 --2- >> [v2:172.21.15.38:3300/0,v1:172.21.15.38:6789/0] conn(0x7f6388109890 0x7f638819d730 unknown :-1 s=BANNER_CONNECTING pgs=0 cs=0 l=1 rev1=0 crypto rx=0 tx=0 comp rx=0 tx=0)._handle_peer_banner_payload supported=3 required=0
2024-09-12T12:15:42.756 INFO:teuthology.orchestra.run.smithi038.stdout:/usr/bin/ceph: stderr
2024-09-12T12:15:41.886+0000 7f638d600640 1 --2- >> [v2:172.21.15.38:3300/0,v1:172.21.15.38:6789/0] conn(0x7f6388109890 0x7f638819d730 unknown :-1 s=HELLO_CONNECTING pgs=0 cs=0 l=1 rev1=1 crypto rx=0 tx=0 comp rx=0 tx=0).handle_hello peer v2:172.21.15.38:3300/0 says I am v2:172.21.15.38:48970/0 (socket says 172.21.15.38:48970)
2024-09-12T12:15:42.756 INFO:teuthology.orchestra.run.smithi038.stdout:/usr/bin/ceph: stderr
2024-09-12T12:15:41.886+0000 7f638d600640 1 -- 172.21.15.38:0/126067970 learned_addr learned my addr 172.21.15.38:0/126067970 (peer_addr_for_me v2:172.21.15.38:0/0)
2024-09-12T12:15:42.756 INFO:teuthology.orchestra.run.smithi038.stdout:/usr/bin/ceph: stderr
2024-09-12T12:15:41.887+0000 7f638d600640 1 -- 172.21.15.38:0/126067970 --> [v2:172.21.15.38:3300/0,v1:172.21.15.38:6789/0] -- mon_subscribe({config=0+,monmap=0+}) -- 0x7f638819dc70 con 0x7f6388109890
2024-09-12T12:15:42.756 INFO:teuthology.orchestra.run.smithi038.stdout:/usr/bin/ceph: stderr
2024-09-12T12:15:41.887+0000 7f638d600640 1 --2- 172.21.15.38:0/126067970 >> [v2:172.21.15.38:3300/0,v1:172.21.15.38:6789/0] conn(0x7f6388109890 0x7f638819d730 secure :-1 s=READY pgs=75 cs=0 l=1 rev1=1 crypto rx=0x7f637c0097f0 tx=0x7f637c0327b0 comp rx=0 tx=0).ready entity=mon.0 client_cookie=0 server_cookie=0 in_seq=0 out_seq=0
2024-09-12T12:15:42.756 INFO:teuthology.orchestra.run.smithi038.stdout:/usr/bin/ceph: stderr
2024-09-12T12:15:41.887+0000 7f6386000640 1 -- 172.21.15.38:0/126067970 <== mon.0 v2:172.21.15.38:3300/0 1 ==== mon_map magic: 0 ==== 205+0+0 (secure 0 0 0) 0x7f637c037040 con 0x7f6388109890
2024-09-12T12:15:42.757 INFO:teuthology.orchestra.run.smithi038.stdout:/usr/bin/ceph: stderr
2024-09-12T12:15:41.887+0000 7f6386000640 1 -- 172.21.15.38:0/126067970 <== mon.0 v2:172.21.15.38:3300/0 2 ==== config(27 keys) ==== 1140+0+0 (secure 0 0 0) 0x7f637c030cc0 con 0x7f6388109890
2024-09-12T12:15:42.757 INFO:teuthology.orchestra.run.smithi038.stdout:/usr/bin/ceph: stderr
2024-09-12T12:15:41.887+0000 7f6390000640 1 -- 172.21.15.38:0/126067970 --> [v2:172.21.15.38:3300/0,v1:172.21.15.38:6789/0] -- mon_subscribe({mgrmap=0+}) -- 0x7f638819df00 con 0x7f6388109890
2024-09-12T12:15:42.757 INFO:teuthology.orchestra.run.smithi038.stdout:/usr/bin/ceph: stderr
2024-09-12T12:15:41.887+0000 7f6390000640 1 -- 172.21.15.38:0/126067970 --> [v2:172.21.15.38:3300/0,v1:172.21.15.38:6789/0] -- mon_subscribe({osdmap=0}) -- 0x7f63881a0bf0 con 0x7f6388109890
2024-09-12T12:15:42.757 INFO:teuthology.orchestra.run.smithi038.stdout:/usr/bin/ceph: stderr
2024-09-12T12:15:41.887+0000 7f6386000640 1 -- 172.21.15.38:0/126067970 <== mon.0 v2:172.21.15.38:3300/0 3 ==== mon_map magic: 0 ==== 205+0+0 (secure 0 0 0) 0x7f637c03a630 con 0x7f6388109890
2024-09-12T12:15:42.757 INFO:teuthology.orchestra.run.smithi038.stdout:/usr/bin/ceph: stderr
2024-09-12T12:15:41.888+0000 7f6386000640 1 -- 172.21.15.38:0/126067970 <== mon.0 v2:172.21.15.38:3300/0 4 ==== mgrmap(e 13) ==== 46343+0+0 (secure 0 0 0) 0x7f637c03b3f0 con 0x7f6388109890
2024-09-12T12:15:42.757 INFO:teuthology.orchestra.run.smithi038.stdout:/usr/bin/ceph: stderr
2024-09-12T12:15:41.888+0000 7f6390000640 1 -- 172.21.15.38:0/126067970 --> [v2:172.21.15.38:3300/0,v1:172.21.15.38:6789/0] -- mon_command({"prefix": "get_command_descriptions"} v 0) -- 0x7f6388109d10 con 0x7f6388109890
2024-09-12T12:15:42.757 INFO:teuthology.orchestra.run.smithi038.stdout:/usr/bin/ceph: stderr
2024-09-12T12:15:41.889+0000 7f6386000640 1 --2- 172.21.15.38:0/126067970 >> [v2:172.21.15.38:6800/1234723065,v1:172.21.15.38:6801/1234723065] conn(0x7f63700390c0 0x7f637003b580 unknown :-1 s=NONE pgs=0 cs=0 l=1 rev1=0 crypto rx=0 tx=0 comp rx=0 tx=0).connect
2024-09-12T12:15:42.757 INFO:teuthology.orchestra.run.smithi038.stdout:/usr/bin/ceph: stderr
2024-09-12T12:15:41.889+0000 7f6386000640 1 -- 172.21.15.38:0/126067970 <== mon.0 v2:172.21.15.38:3300/0 5 ==== osd_map(3..3 src has 1..3) ==== 1155+0+0 (secure 0 0 0) 0x7f637c06c7d0 con 0x7f6388109890
2024-09-12T12:15:42.757 INFO:teuthology.orchestra.run.smithi038.stdout:/usr/bin/ceph: stderr
2024-09-12T12:15:41.889+0000 7f638cc00640 1 --2- 172.21.15.38:0/126067970 >> [v2:172.21.15.38:6800/1234723065,v1:172.21.15.38:6801/1234723065] conn(0x7f63700390c0 0x7f637003b580 unknown :-1 s=BANNER_CONNECTING pgs=0 cs=0 l=1 rev1=0 crypto rx=0 tx=0 comp rx=0 tx=0)._handle_peer_banner_payload supported=3 required=0
2024-09-12T12:15:42.757 INFO:teuthology.orchestra.run.smithi038.stdout:/usr/bin/ceph: stderr
2024-09-12T12:15:41.890+0000 7f638cc00640 1 --2- 172.21.15.38:0/126067970 >> [v2:172.21.15.38:6800/1234723065,v1:172.21.15.38:6801/1234723065] conn(0x7f63700390c0 0x7f637003b580 secure :-1 s=READY pgs=10 cs=0 l=1 rev1=1 crypto rx=0x7f63740098c0 tx=0x7f6374006db0 comp rx=0 tx=0).ready entity=mgr.14150 client_cookie=0 server_cookie=0 in_seq=0 out_seq=0
2024-09-12T12:15:42.757 INFO:teuthology.orchestra.run.smithi038.stdout:/usr/bin/ceph: stderr
2024-09-12T12:15:41.894+0000 7f6386000640 1 -- 172.21.15.38:0/126067970 <== mon.0 v2:172.21.15.38:3300/0 6 ==== mon_command_ack([{"prefix": "get_command_descriptions"}]=0 v0) ==== 72+0+188821 (secure 0 0 0) 0x7f637c041890 con 0x7f6388109890
2024-09-12T12:15:42.757 INFO:teuthology.orchestra.run.smithi038.stdout:/usr/bin/ceph: stderr
2024-09-12T12:15:42.178+0000 7f6390000640 1 -- 172.21.15.38:0/126067970 --> [v2:172.21.15.38:3300/0,v1:172.21.15.38:6789/0] -- mon_command([{prefix=config-key set, key=mgr/dashboard/cluster/status}] v 0) -- 0x7f63881a11e0 con 0x7f6388109890
2024-09-12T12:15:42.757 INFO:teuthology.orchestra.run.smithi038.stdout:/usr/bin/ceph: stderr
2024-09-12T12:15:42.181+0000 7f6386000640 1 -- 172.21.15.38:0/126067970 <== mon.0 v2:172.21.15.38:3300/0 7 ==== mon_command_ack([{prefix=config-key set, key=mgr/dashboard/cluster/status}]=0 set mgr/dashboard/cluster/status v28)=0 set mgr/dashboard/cluster/status v28) ==== 153+0+0 (secure 0 0 0) 0x7f637c0371e0 con 0x7f6388109890
2024-09-12T12:15:42.758 INFO:teuthology.orchestra.run.smithi038.stdout:/usr/bin/ceph: stderr set mgr/dashboard/cluster/status
2024-09-12T12:15:42.758 INFO:teuthology.orchestra.run.smithi038.stdout:/usr/bin/ceph: stderr
2024-09-12T12:15:42.183+0000 7f6390000640 1 -- 172.21.15.38:0/126067970 >> [v2:172.21.15.38:6800/1234723065,v1:172.21.15.38:6801/1234723065] conn(0x7f63700390c0 msgr2=0x7f637003b580 secure :-1 s=STATE_CONNECTION_ESTABLISHED l=1).mark_down
2024-09-12T12:15:42.758 INFO:teuthology.orchestra.run.smithi038.stdout:/usr/bin/ceph: stderr
2024-09-12T12:15:42.183+0000 7f6390000640 1 --2- 172.21.15.38:0/126067970 >> [v2:172.21.15.38:6800/1234723065,v1:172.21.15.38:6801/1234723065] conn(0x7f63700390c0 0x7f637003b580 secure :-1 s=READY pgs=10 cs=0 l=1 rev1=1 crypto rx=0x7f63740098c0 tx=0x7f6374006db0 comp rx=0 tx=0).stop
2024-09-12T12:15:42.758 INFO:teuthology.orchestra.run.smithi038.stdout:/usr/bin/ceph: stderr
2024-09-12T12:15:42.183+0000 7f6390000640 1 -- 172.21.15.38:0/126067970 >> [v2:172.21.15.38:3300/0,v1:172.21.15.38:6789/0] conn(0x7f6388109890 msgr2=0x7f638819d730 secure :-1 s=STATE_CONNECTION_ESTABLISHED l=1).mark_down
2024-09-12T12:15:42.758 INFO:teuthology.orchestra.run.smithi038.stdout:/usr/bin/ceph: stderr
2024-09-12T12:15:42.183+0000 7f6390000640 1 --2- 172.21.15.38:0/126067970 >> [v2:172.21.15.38:3300/0,v1:172.21.15.38:6789/0] conn(0x7f6388109890 0x7f638819d730 secure :-1 s=READY pgs=75 cs=0 l=1 rev1=1 crypto rx=0x7f637c0097f0 tx=0x7f637c0327b0 comp rx=0 tx=0).stop
2024-09-12T12:15:42.758 INFO:teuthology.orchestra.run.smithi038.stdout:/usr/bin/ceph: stderr
2024-09-12T12:15:42.183+0000 7f6390000640 1 -- 172.21.15.38:0/126067970 shutdown_connections
2024-09-12T12:15:42.758 INFO:teuthology.orchestra.run.smithi038.stdout:/usr/bin/ceph: stderr
2024-09-12T12:15:42.183+0000 7f6390000640 1 --2- 172.21.15.38:0/126067970 >> [v2:172.21.15.38:6800/1234723065,v1:172.21.15.38:6801/1234723065] conn(0x7f63700390c0 0x7f637003b580 unknown :-1 s=CLOSED pgs=10 cs=0 l=1 rev1=1 crypto rx=0 tx=0 comp rx=0 tx=0).stop
2024-09-12T12:15:42.758 INFO:teuthology.orchestra.run.smithi038.stdout:/usr/bin/ceph: stderr
2024-09-12T12:15:42.183+0000 7f6390000640 1 --2- 172.21.15.38:0/126067970 >> [v2:172.21.15.38:3300/0,v1:172.21.15.38:6789/0] conn(0x7f6388109890 0x7f638819d730 unknown :-1 s=CLOSED pgs=75 cs=0 l=1 rev1=1 crypto rx=0 tx=0 comp rx=0 tx=0).stop
2024-09-12T12:15:42.758 INFO:teuthology.orchestra.run.smithi038.stdout:/usr/bin/ceph: stderr
2024-09-12T12:15:42.183+0000 7f6390000640 1 -- 172.21.15.38:0/126067970 >> 172.21.15.38:0/126067970 conn(0x7f638807ccc0 msgr2=0x7f6388107580 unknown :-1 s=STATE_NONE l=0).mark_down
2024-09-12T12:15:42.758 INFO:teuthology.orchestra.run.smithi038.stdout:/usr/bin/ceph: stderr
2024-09-12T12:15:42.183+0000 7f6390000640 1 -- 172.21.15.38:0/126067970 shutdown_connections
2024-09-12T12:15:42.758 INFO:teuthology.orchestra.run.smithi038.stdout:/usr/bin/ceph: stderr
2024-09-12T12:15:42.183+0000 7f6390000640 1 -- 172.21.15.38:0/126067970 wait complete.
2024-09-12T12:15:42.758 INFO:teuthology.orchestra.run.smithi038.stdout:You can access the Ceph CLI as following in case of multi-cluster or non-default config:
2024-09-12T12:15:42.758 INFO:teuthology.orchestra.run.smithi038.stdout:
2024-09-12T12:15:42.759 INFO:teuthology.orchestra.run.smithi038.stdout: sudo /home/ubuntu/cephtest/cephadm shell --fsid 726420ce-7100-11ef-bcea-c7b262605968 -c /etc/ceph/ceph.conf -k /etc/ceph/ceph.client.admin.keyring
2024-09-12T12:15:42.759 INFO:teuthology.orchestra.run.smithi038.stdout:
2024-09-12T12:15:42.759 INFO:teuthology.orchestra.run.smithi038.stdout:Or, if you are only running a single cluster on this host:
2024-09-12T12:15:42.759 INFO:teuthology.orchestra.run.smithi038.stdout:
2024-09-12T12:15:42.759 INFO:teuthology.orchestra.run.smithi038.stdout: sudo /home/ubuntu/cephtest/cephadm shell
2024-09-12T12:15:42.759 INFO:teuthology.orchestra.run.smithi038.stdout:
2024-09-12T12:15:42.759 INFO:teuthology.orchestra.run.smithi038.stdout:Please consider enabling telemetry to help improve Ceph:
2024-09-12T12:15:42.759 INFO:teuthology.orchestra.run.smithi038.stdout:
2024-09-12T12:15:42.759 INFO:teuthology.orchestra.run.smithi038.stdout: ceph telemetry on
2024-09-12T12:15:42.759 INFO:teuthology.orchestra.run.smithi038.stdout:
2024-09-12T12:15:42.759 INFO:teuthology.orchestra.run.smithi038.stdout:For more information see:
2024-09-12T12:15:42.759 INFO:teuthology.orchestra.run.smithi038.stdout:
2024-09-12T12:15:42.759 INFO:teuthology.orchestra.run.smithi038.stdout: https://docs.ceph.com/en/latest/mgr/telemetry/
2024-09-12T12:15:42.759 INFO:teuthology.orchestra.run.smithi038.stdout:
2024-09-12T12:15:42.760 INFO:teuthology.orchestra.run.smithi038.stdout:Bootstrap complete.
2024-09-12T12:15:42.809 INFO:tasks.cephadm:Fetching config...
2024-09-12T12:15:42.809 DEBUG:teuthology.orchestra.run.smithi038:> set -ex
2024-09-12T12:15:42.809 DEBUG:teuthology.orchestra.run.smithi038:> dd if=/etc/ceph/ceph.conf of=/dev/stdout
2024-09-12T12:15:42.846 INFO:tasks.cephadm:Fetching client.admin keyring...
2024-09-12T12:15:42.846 DEBUG:teuthology.orchestra.run.smithi038:> set -ex
2024-09-12T12:15:42.846 DEBUG:teuthology.orchestra.run.smithi038:> dd if=/etc/ceph/ceph.client.admin.keyring of=/dev/stdout
2024-09-12T12:15:42.924 INFO:tasks.cephadm:Fetching mon keyring...
2024-09-12T12:15:42.924 DEBUG:teuthology.orchestra.run.smithi038:> set -ex
2024-09-12T12:15:42.925 DEBUG:teuthology.orchestra.run.smithi038:> sudo dd if=/var/lib/ceph/726420ce-7100-11ef-bcea-c7b262605968/mon.a/keyring of=/dev/stdout
2024-09-12T12:15:43.021 INFO:tasks.cephadm:Fetching pub ssh key...
2024-09-12T12:15:43.021 DEBUG:teuthology.orchestra.run.smithi038:> set -ex
2024-09-12T12:15:43.021 DEBUG:teuthology.orchestra.run.smithi038:> dd if=/home/ubuntu/cephtest/ceph.pub of=/dev/stdout
2024-09-12T12:15:43.097 INFO:tasks.cephadm:Installing pub ssh key for root users...
2024-09-12T12:15:43.097 DEBUG:teuthology.orchestra.run.smithi038:> sudo install -d -m 0700 /root/.ssh && echo 'ssh-rsa AAAAB3NzaC1yc2EAAAADAQABAAABgQDR4vEyRGxc49cCav8mzwoEXFWE+hgSQTJLX5sPqaIelbn98Atk4zvWzLGIrAezbpwFVnbqPcSeMRpZATrtiapu2D83rBEeGyQ2oN68+T8RhBfj/RGk5a0x8cfLle8QzaU6XskInHwpgbHR96pnShF9AMmXR+j51oJ79OyQYPBub4/hnDfqj+AsAV02hA0/k6vpiNyCHW5l7PPKX9jH4MIKCADm1FEEwodQMH7/nLydvoqR2rc691zMEvg2lJpxC5BKbrl/GcSuxmjfyL1CVock6iR7BSre88XGDKkAQOJI2HHQTdGEoTV3pqH/mxHYsv03m17h/kydtGDN2kAXT18mu3GpB7rvsK0uUk1jjDwy2Jy9eaMEodbKVO+ftzIDp9u1DTXJMiLt7iDOSIc3mhQGoU2c+4l5FjbtwnvX68Yh2dHWSJJxw+/fnqQcz/1u39xAB2EYtJOQzm6hmOgI2MdnAxWtYQ1HTycAeJtJK0BLs849o+/aRVPqbYCXILsqpV8= ceph-726420ce-7100-11ef-bcea-c7b262605968' | sudo tee -a /root/.ssh/authorized_keys && sudo chmod 0600 /root/.ssh/authorized_keys
2024-09-12T12:15:43.232 INFO:teuthology.orchestra.run.smithi038.stdout:ssh-rsa AAAAB3NzaC1yc2EAAAADAQABAAABgQDR4vEyRGxc49cCav8mzwoEXFWE+hgSQTJLX5sPqaIelbn98Atk4zvWzLGIrAezbpwFVnbqPcSeMRpZATrtiapu2D83rBEeGyQ2oN68+T8RhBfj/RGk5a0x8cfLle8QzaU6XskInHwpgbHR96pnShF9AMmXR+j51oJ79OyQYPBub4/hnDfqj+AsAV02hA0/k6vpiNyCHW5l7PPKX9jH4MIKCADm1FEEwodQMH7/nLydvoqR2rc691zMEvg2lJpxC5BKbrl/GcSuxmjfyL1CVock6iR7BSre88XGDKkAQOJI2HHQTdGEoTV3pqH/mxHYsv03m17h/kydtGDN2kAXT18mu3GpB7rvsK0uUk1jjDwy2Jy9eaMEodbKVO+ftzIDp9u1DTXJMiLt7iDOSIc3mhQGoU2c+4l5FjbtwnvX68Yh2dHWSJJxw+/fnqQcz/1u39xAB2EYtJOQzm6hmOgI2MdnAxWtYQ1HTycAeJtJK0BLs849o+/aRVPqbYCXILsqpV8= ceph-726420ce-7100-11ef-bcea-c7b262605968
2024-09-12T12:15:43.249 INFO:journalctl@ceph.mon.a.smithi038.stdout:Sep 12 12:15:43 smithi038 ceph-mon[30810]: from='client.? 172.21.15.38:0/126067970' entity='client.admin'
2024-09-12T12:15:43.257 DEBUG:teuthology.orchestra.run.smithi071:> sudo install -d -m 0700 /root/.ssh && echo 'ssh-rsa AAAAB3NzaC1yc2EAAAADAQABAAABgQDR4vEyRGxc49cCav8mzwoEXFWE+hgSQTJLX5sPqaIelbn98Atk4zvWzLGIrAezbpwFVnbqPcSeMRpZATrtiapu2D83rBEeGyQ2oN68+T8RhBfj/RGk5a0x8cfLle8QzaU6XskInHwpgbHR96pnShF9AMmXR+j51oJ79OyQYPBub4/hnDfqj+AsAV02hA0/k6vpiNyCHW5l7PPKX9jH4MIKCADm1FEEwodQMH7/nLydvoqR2rc691zMEvg2lJpxC5BKbrl/GcSuxmjfyL1CVock6iR7BSre88XGDKkAQOJI2HHQTdGEoTV3pqH/mxHYsv03m17h/kydtGDN2kAXT18mu3GpB7rvsK0uUk1jjDwy2Jy9eaMEodbKVO+ftzIDp9u1DTXJMiLt7iDOSIc3mhQGoU2c+4l5FjbtwnvX68Yh2dHWSJJxw+/fnqQcz/1u39xAB2EYtJOQzm6hmOgI2MdnAxWtYQ1HTycAeJtJK0BLs849o+/aRVPqbYCXILsqpV8= ceph-726420ce-7100-11ef-bcea-c7b262605968' | sudo tee -a /root/.ssh/authorized_keys && sudo chmod 0600 /root/.ssh/authorized_keys
2024-09-12T12:15:43.299 INFO:teuthology.orchestra.run.smithi071.stdout:ssh-rsa AAAAB3NzaC1yc2EAAAADAQABAAABgQDR4vEyRGxc49cCav8mzwoEXFWE+hgSQTJLX5sPqaIelbn98Atk4zvWzLGIrAezbpwFVnbqPcSeMRpZATrtiapu2D83rBEeGyQ2oN68+T8RhBfj/RGk5a0x8cfLle8QzaU6XskInHwpgbHR96pnShF9AMmXR+j51oJ79OyQYPBub4/hnDfqj+AsAV02hA0/k6vpiNyCHW5l7PPKX9jH4MIKCADm1FEEwodQMH7/nLydvoqR2rc691zMEvg2lJpxC5BKbrl/GcSuxmjfyL1CVock6iR7BSre88XGDKkAQOJI2HHQTdGEoTV3pqH/mxHYsv03m17h/kydtGDN2kAXT18mu3GpB7rvsK0uUk1jjDwy2Jy9eaMEodbKVO+ftzIDp9u1DTXJMiLt7iDOSIc3mhQGoU2c+4l5FjbtwnvX68Yh2dHWSJJxw+/fnqQcz/1u39xAB2EYtJOQzm6hmOgI2MdnAxWtYQ1HTycAeJtJK0BLs849o+/aRVPqbYCXILsqpV8= ceph-726420ce-7100-11ef-bcea-c7b262605968
2024-09-12T12:15:43.312 DEBUG:teuthology.orchestra.run.smithi154:> sudo install -d -m 0700 /root/.ssh && echo 'ssh-rsa AAAAB3NzaC1yc2EAAAADAQABAAABgQDR4vEyRGxc49cCav8mzwoEXFWE+hgSQTJLX5sPqaIelbn98Atk4zvWzLGIrAezbpwFVnbqPcSeMRpZATrtiapu2D83rBEeGyQ2oN68+T8RhBfj/RGk5a0x8cfLle8QzaU6XskInHwpgbHR96pnShF9AMmXR+j51oJ79OyQYPBub4/hnDfqj+AsAV02hA0/k6vpiNyCHW5l7PPKX9jH4MIKCADm1FEEwodQMH7/nLydvoqR2rc691zMEvg2lJpxC5BKbrl/GcSuxmjfyL1CVock6iR7BSre88XGDKkAQOJI2HHQTdGEoTV3pqH/mxHYsv03m17h/kydtGDN2kAXT18mu3GpB7rvsK0uUk1jjDwy2Jy9eaMEodbKVO+ftzIDp9u1DTXJMiLt7iDOSIc3mhQGoU2c+4l5FjbtwnvX68Yh2dHWSJJxw+/fnqQcz/1u39xAB2EYtJOQzm6hmOgI2MdnAxWtYQ1HTycAeJtJK0BLs849o+/aRVPqbYCXILsqpV8= ceph-726420ce-7100-11ef-bcea-c7b262605968' | sudo tee -a /root/.ssh/authorized_keys && sudo chmod 0600 /root/.ssh/authorized_keys
2024-09-12T12:15:43.354 INFO:teuthology.orchestra.run.smithi154.stdout:ssh-rsa AAAAB3NzaC1yc2EAAAADAQABAAABgQDR4vEyRGxc49cCav8mzwoEXFWE+hgSQTJLX5sPqaIelbn98Atk4zvWzLGIrAezbpwFVnbqPcSeMRpZATrtiapu2D83rBEeGyQ2oN68+T8RhBfj/RGk5a0x8cfLle8QzaU6XskInHwpgbHR96pnShF9AMmXR+j51oJ79OyQYPBub4/hnDfqj+AsAV02hA0/k6vpiNyCHW5l7PPKX9jH4MIKCADm1FEEwodQMH7/nLydvoqR2rc691zMEvg2lJpxC5BKbrl/GcSuxmjfyL1CVock6iR7BSre88XGDKkAQOJI2HHQTdGEoTV3pqH/mxHYsv03m17h/kydtGDN2kAXT18mu3GpB7rvsK0uUk1jjDwy2Jy9eaMEodbKVO+ftzIDp9u1DTXJMiLt7iDOSIc3mhQGoU2c+4l5FjbtwnvX68Yh2dHWSJJxw+/fnqQcz/1u39xAB2EYtJOQzm6hmOgI2MdnAxWtYQ1HTycAeJtJK0BLs849o+/aRVPqbYCXILsqpV8= ceph-726420ce-7100-11ef-bcea-c7b262605968
2024-09-12T12:15:43.367 DEBUG:teuthology.orchestra.run.smithi038:> sudo /home/ubuntu/cephtest/cephadm --image quay-quay-quay.apps.os.sepia.ceph.com/ceph-ci/ceph:b53b6d3e9f4baeb64d08dfb72b9cb1112ce886fc shell -c /etc/ceph/ceph.conf -k /etc/ceph/ceph.client.admin.keyring --fsid 726420ce-7100-11ef-bcea-c7b262605968 -- ceph config set mgr mgr/cephadm/allow_ptrace true
2024-09-12T12:15:43.734 INFO:teuthology.orchestra.run.smithi038.stderr:Inferring config /var/lib/ceph/726420ce-7100-11ef-bcea-c7b262605968/mon.a/config
2024-09-12T12:15:44.317 INFO:teuthology.orchestra.run.smithi038.stderr:2024-09-12T12:15:44.284+0000 7faff9c00640 1 -- 172.21.15.38:0/4046439583 >> [v2:172.21.15.38:3300/0,v1:172.21.15.38:6789/0] conn(0x7faff41037f0 msgr2=0x7faff4103bf0 secure :-1 s=STATE_CONNECTION_ESTABLISHED l=1).mark_down
2024-09-12T12:15:44.317 INFO:teuthology.orchestra.run.smithi038.stderr:2024-09-12T12:15:44.284+0000 7faff9c00640 1 --2- 172.21.15.38:0/4046439583 >> [v2:172.21.15.38:3300/0,v1:172.21.15.38:6789/0] conn(0x7faff41037f0 0x7faff4103bf0 secure :-1 s=READY pgs=76 cs=0 l=1 rev1=1 crypto rx=0x7fafe4009880 tx=0x7fafe402a5d0 comp rx=0 tx=0).stop
2024-09-12T12:15:44.318 INFO:teuthology.orchestra.run.smithi038.stderr:2024-09-12T12:15:44.284+0000 7faff9c00640 1 -- 172.21.15.38:0/4046439583 shutdown_connections
2024-09-12T12:15:44.318 INFO:teuthology.orchestra.run.smithi038.stderr:2024-09-12T12:15:44.284+0000 7faff9c00640 1 --2- 172.21.15.38:0/4046439583 >> [v2:172.21.15.38:3300/0,v1:172.21.15.38:6789/0] conn(0x7faff41037f0 0x7faff4103bf0 unknown :-1 s=CLOSED pgs=76 cs=0 l=1 rev1=1 crypto rx=0 tx=0 comp rx=0 tx=0).stop
2024-09-12T12:15:44.318 INFO:teuthology.orchestra.run.smithi038.stderr:2024-09-12T12:15:44.284+0000 7faff9c00640 1 -- 172.21.15.38:0/4046439583 >> 172.21.15.38:0/4046439583 conn(0x7faff40fefc0 msgr2=0x7faff4101400 unknown :-1 s=STATE_NONE l=0).mark_down
2024-09-12T12:15:44.318 INFO:teuthology.orchestra.run.smithi038.stderr:2024-09-12T12:15:44.284+0000 7faff9c00640 1 -- 172.21.15.38:0/4046439583 shutdown_connections
2024-09-12T12:15:44.318 INFO:teuthology.orchestra.run.smithi038.stderr:2024-09-12T12:15:44.284+0000 7faff9c00640 1 -- 172.21.15.38:0/4046439583 wait complete.
2024-09-12T12:15:44.318 INFO:teuthology.orchestra.run.smithi038.stderr:2024-09-12T12:15:44.285+0000 7faff9c00640 1 Processor -- start
2024-09-12T12:15:44.318 INFO:teuthology.orchestra.run.smithi038.stderr:2024-09-12T12:15:44.285+0000 7faff9c00640 1 -- start start
2024-09-12T12:15:44.318 INFO:teuthology.orchestra.run.smithi038.stderr:2024-09-12T12:15:44.286+0000 7faff9c00640 1 --2- >> [v2:172.21.15.38:3300/0,v1:172.21.15.38:6789/0] conn(0x7faff41037f0 0x7faff4198f80 unknown :-1 s=NONE pgs=0 cs=0 l=1 rev1=0 crypto rx=0 tx=0 comp rx=0 tx=0).connect
2024-09-12T12:15:44.318 INFO:teuthology.orchestra.run.smithi038.stderr:2024-09-12T12:15:44.286+0000 7faff9c00640 1 -- --> [v2:172.21.15.38:3300/0,v1:172.21.15.38:6789/0] -- mon_getmap magic: 0 -- 0x7faff4109900 con 0x7faff41037f0
2024-09-12T12:15:44.318 INFO:teuthology.orchestra.run.smithi038.stderr:2024-09-12T12:15:44.286+0000 7faff2a00640 1 --2- >> [v2:172.21.15.38:3300/0,v1:172.21.15.38:6789/0] conn(0x7faff41037f0 0x7faff4198f80 unknown :-1 s=BANNER_CONNECTING pgs=0 cs=0 l=1 rev1=0 crypto rx=0 tx=0 comp rx=0 tx=0)._handle_peer_banner_payload supported=3 required=0
2024-09-12T12:15:44.318 INFO:teuthology.orchestra.run.smithi038.stderr:2024-09-12T12:15:44.286+0000 7faff2a00640 1 --2- >> [v2:172.21.15.38:3300/0,v1:172.21.15.38:6789/0] conn(0x7faff41037f0 0x7faff4198f80 unknown :-1 s=HELLO_CONNECTING pgs=0 cs=0 l=1 rev1=1 crypto rx=0 tx=0 comp rx=0 tx=0).handle_hello peer v2:172.21.15.38:3300/0 says I am v2:172.21.15.38:49000/0 (socket says 172.21.15.38:49000)
2024-09-12T12:15:44.319 INFO:teuthology.orchestra.run.smithi038.stderr:2024-09-12T12:15:44.286+0000 7faff2a00640 1 -- 172.21.15.38:0/3840102417 learned_addr learned my addr 172.21.15.38:0/3840102417 (peer_addr_for_me v2:172.21.15.38:0/0)
2024-09-12T12:15:44.319 INFO:teuthology.orchestra.run.smithi038.stderr:2024-09-12T12:15:44.286+0000 7faff2a00640 1 -- 172.21.15.38:0/3840102417 --> [v2:172.21.15.38:3300/0,v1:172.21.15.38:6789/0] -- mon_subscribe({config=0+,monmap=0+}) -- 0x7faff41994c0 con 0x7faff41037f0
2024-09-12T12:15:44.319 INFO:teuthology.orchestra.run.smithi038.stderr:2024-09-12T12:15:44.287+0000 7faff2a00640 1 --2- 172.21.15.38:0/3840102417 >> [v2:172.21.15.38:3300/0,v1:172.21.15.38:6789/0] conn(0x7faff41037f0 0x7faff4198f80 secure :-1 s=READY pgs=77 cs=0 l=1 rev1=1 crypto rx=0x7fafe4004f60 tx=0x7fafe40048f0 comp rx=0 tx=0).ready entity=mon.0 client_cookie=0 server_cookie=0 in_seq=0 out_seq=0
2024-09-12T12:15:44.319 INFO:teuthology.orchestra.run.smithi038.stderr:2024-09-12T12:15:44.287+0000 7fafeb400640 1 -- 172.21.15.38:0/3840102417 <== mon.0 v2:172.21.15.38:3300/0 1 ==== mon_map magic: 0 ==== 205+0+0 (secure 0 0 0) 0x7fafe403f070 con 0x7faff41037f0
2024-09-12T12:15:44.319 INFO:teuthology.orchestra.run.smithi038.stderr:2024-09-12T12:15:44.287+0000 7fafeb400640 1 -- 172.21.15.38:0/3840102417 <== mon.0 v2:172.21.15.38:3300/0 2 ==== config(27 keys) ==== 1140+0+0 (secure 0 0 0) 0x7fafe4004cc0 con 0x7faff41037f0
2024-09-12T12:15:44.319 INFO:teuthology.orchestra.run.smithi038.stderr:2024-09-12T12:15:44.287+0000 7fafeb400640 1 -- 172.21.15.38:0/3840102417 <== mon.0 v2:172.21.15.38:3300/0 3 ==== mon_map magic: 0 ==== 205+0+0 (secure 0 0 0) 0x7fafe4035030 con 0x7faff41037f0
2024-09-12T12:15:44.319 INFO:teuthology.orchestra.run.smithi038.stderr:2024-09-12T12:15:44.287+0000 7faff9c00640 1 -- 172.21.15.38:0/3840102417 --> [v2:172.21.15.38:3300/0,v1:172.21.15.38:6789/0] -- mon_subscribe({mgrmap=0+}) -- 0x7faff4199750 con 0x7faff41037f0
2024-09-12T12:15:44.319 INFO:teuthology.orchestra.run.smithi038.stderr:2024-09-12T12:15:44.287+0000 7faff9c00640 1 -- 172.21.15.38:0/3840102417 --> [v2:172.21.15.38:3300/0,v1:172.21.15.38:6789/0] -- mon_subscribe({osdmap=0}) -- 0x7faff419c440 con 0x7faff41037f0
2024-09-12T12:15:44.319 INFO:teuthology.orchestra.run.smithi038.stderr:2024-09-12T12:15:44.288+0000 7fafeb400640 1 -- 172.21.15.38:0/3840102417 <== mon.0 v2:172.21.15.38:3300/0 4 ==== mgrmap(e 13) ==== 46343+0+0 (secure 0 0 0) 0x7fafe4042070 con 0x7faff41037f0
2024-09-12T12:15:44.319 INFO:teuthology.orchestra.run.smithi038.stderr:2024-09-12T12:15:44.288+0000 7faff9c00640 1 -- 172.21.15.38:0/3840102417 --> [v2:172.21.15.38:3300/0,v1:172.21.15.38:6789/0] -- mon_command({"prefix": "get_command_descriptions"} v 0) -- 0x7faff410a080 con 0x7faff41037f0
2024-09-12T12:15:44.319 INFO:teuthology.orchestra.run.smithi038.stderr:2024-09-12T12:15:44.289+0000 7fafeb400640 1 --2- 172.21.15.38:0/3840102417 >> [v2:172.21.15.38:6800/1234723065,v1:172.21.15.38:6801/1234723065] conn(0x7fafd80390c0 0x7fafd803b580 unknown :-1 s=NONE pgs=0 cs=0 l=1 rev1=0 crypto rx=0 tx=0 comp rx=0 tx=0).connect
