2024-09-12T12:17:43.344+0000 7fe016ffd640 1 -- 172.21.15.82:0/3593926743 <== mon.0 v2:172.21.15.82:3300/0 5 ==== osd_map(1..1 src has 1..1) ==== 725+0+0 (secure 0 0 0) 0x7fe01006bfa0 con 0x7fe0201061f0
2024-09-12T12:17:47.578 INFO:teuthology.orchestra.run.smithi082.stdout:/usr/bin/ceph: stderr
2024-09-12T12:17:43.344+0000 7fe0253b0640 1 --2- 172.21.15.82:0/3593926743 >> [v2:172.21.15.82:6800/2082156880,v1:172.21.15.82:6801/2082156880] conn(0x7fe00c038f70 0x7fe00c03b430 unknown :-1 s=START_CONNECT pgs=0 cs=0 l=1 rev1=0 crypto rx=0 tx=0 comp rx=0 tx=0)._fault waiting 0.200000
2024-09-12T12:17:47.578 INFO:teuthology.orchestra.run.smithi082.stdout:/usr/bin/ceph: stderr
2024-09-12T12:17:43.545+0000 7fe0253b0640 1 -- 172.21.15.82:0/3593926743 >> [v2:172.21.15.82:6800/2082156880,v1:172.21.15.82:6801/2082156880] conn(0x7fe00c038f70 msgr2=0x7fe00c03b430 unknown :-1 s=STATE_CONNECTING_RE l=1).process reconnect failed to v2:172.21.15.82:6800/2082156880
2024-09-12T12:17:47.578 INFO:teuthology.orchestra.run.smithi082.stdout:/usr/bin/ceph: stderr
2024-09-12T12:17:43.545+0000 7fe0253b0640 1 --2- 172.21.15.82:0/3593926743 >> [v2:172.21.15.82:6800/2082156880,v1:172.21.15.82:6801/2082156880] conn(0x7fe00c038f70 0x7fe00c03b430 unknown :-1 s=START_CONNECT pgs=0 cs=0 l=1 rev1=0 crypto rx=0 tx=0 comp rx=0 tx=0)._fault waiting 0.400000
2024-09-12T12:17:47.578 INFO:teuthology.orchestra.run.smithi082.stdout:/usr/bin/ceph: stderr
2024-09-12T12:17:43.946+0000 7fe0253b0640 1 -- 172.21.15.82:0/3593926743 >> [v2:172.21.15.82:6800/2082156880,v1:172.21.15.82:6801/2082156880] conn(0x7fe00c038f70 msgr2=0x7fe00c03b430 unknown :-1 s=STATE_CONNECTING_RE l=1).process reconnect failed to v2:172.21.15.82:6800/2082156880
2024-09-12T12:17:47.578 INFO:teuthology.orchestra.run.smithi082.stdout:/usr/bin/ceph: stderr
2024-09-12T12:17:43.946+0000 7fe0253b0640 1 --2- 172.21.15.82:0/3593926743 >> [v2:172.21.15.82:6800/2082156880,v1:172.21.15.82:6801/2082156880] conn(0x7fe00c038f70 0x7fe00c03b430 unknown :-1 s=START_CONNECT pgs=0 cs=0 l=1 rev1=0 crypto rx=0 tx=0 comp rx=0 tx=0)._fault waiting 0.800000
2024-09-12T12:17:47.578 INFO:teuthology.orchestra.run.smithi082.stdout:/usr/bin/ceph: stderr
2024-09-12T12:17:44.747+0000 7fe0253b0640 1 -- 172.21.15.82:0/3593926743 >> [v2:172.21.15.82:6800/2082156880,v1:172.21.15.82:6801/2082156880] conn(0x7fe00c038f70 msgr2=0x7fe00c03b430 unknown :-1 s=STATE_CONNECTING_RE l=1).process reconnect failed to v2:172.21.15.82:6800/2082156880
2024-09-12T12:17:47.578 INFO:teuthology.orchestra.run.smithi082.stdout:/usr/bin/ceph: stderr
2024-09-12T12:17:44.747+0000 7fe0253b0640 1 --2- 172.21.15.82:0/3593926743 >> [v2:172.21.15.82:6800/2082156880,v1:172.21.15.82:6801/2082156880] conn(0x7fe00c038f70 0x7fe00c03b430 unknown :-1 s=START_CONNECT pgs=0 cs=0 l=1 rev1=0 crypto rx=0 tx=0 comp rx=0 tx=0)._fault waiting 1.600000
2024-09-12T12:17:47.578 INFO:teuthology.orchestra.run.smithi082.stdout:/usr/bin/ceph: stderr
2024-09-12T12:17:45.958+0000 7fe016ffd640 1 -- 172.21.15.82:0/3593926743 <== mon.0 v2:172.21.15.82:3300/0 6 ==== mgrmap(e 6) ==== 46054+0+0 (secure 0 0 0) 0x7fe01006aa60 con 0x7fe0201061f0
2024-09-12T12:17:47.579 INFO:teuthology.orchestra.run.smithi082.stdout:/usr/bin/ceph: stderr
2024-09-12T12:17:45.959+0000 7fe016ffd640 1 -- 172.21.15.82:0/3593926743 >> [v2:172.21.15.82:6800/2082156880,v1:172.21.15.82:6801/2082156880] conn(0x7fe00c038f70 msgr2=0x7fe00c03b430 unknown :-1 s=STATE_CONNECTING l=1).mark_down
2024-09-12T12:17:47.579 INFO:teuthology.orchestra.run.smithi082.stdout:/usr/bin/ceph: stderr
2024-09-12T12:17:45.959+0000 7fe016ffd640 1 --2- 172.21.15.82:0/3593926743 >> [v2:172.21.15.82:6800/2082156880,v1:172.21.15.82:6801/2082156880] conn(0x7fe00c038f70 0x7fe00c03b430 unknown :-1 s=START_CONNECT pgs=0 cs=0 l=1 rev1=0 crypto rx=0 tx=0 comp rx=0 tx=0).stop
2024-09-12T12:17:47.579 INFO:teuthology.orchestra.run.smithi082.stdout:/usr/bin/ceph: stderr
2024-09-12T12:17:46.959+0000 7fe016ffd640 1 -- 172.21.15.82:0/3593926743 <== mon.0 v2:172.21.15.82:3300/0 7 ==== mgrmap(e 7) ==== 46181+0+0 (secure 0 0 0) 0x7fe01003cd10 con 0x7fe0201061f0
2024-09-12T12:17:47.579 INFO:teuthology.orchestra.run.smithi082.stdout:/usr/bin/ceph: stderr
2024-09-12T12:17:46.959+0000 7fe016ffd640 1 --2- 172.21.15.82:0/3593926743 >> [v2:172.21.15.82:6800/764080585,v1:172.21.15.82:6801/764080585] conn(0x7fe00c03c8a0 0x7fe00c03ec90 unknown :-1 s=NONE pgs=0 cs=0 l=1 rev1=0 crypto rx=0 tx=0 comp rx=0 tx=0).connect
2024-09-12T12:17:47.579 INFO:teuthology.orchestra.run.smithi082.stdout:/usr/bin/ceph: stderr
2024-09-12T12:17:46.959+0000 7fe016ffd640 1 -- 172.21.15.82:0/3593926743 --> [v2:172.21.15.82:6800/764080585,v1:172.21.15.82:6801/764080585] -- command(tid 0: {"prefix": "get_command_descriptions"}) -- 0x7fe00c03bb40 con 0x7fe00c03c8a0
2024-09-12T12:17:47.579 INFO:teuthology.orchestra.run.smithi082.stdout:/usr/bin/ceph: stderr
2024-09-12T12:17:46.959+0000 7fe0253b0640 1 --2- 172.21.15.82:0/3593926743 >> [v2:172.21.15.82:6800/764080585,v1:172.21.15.82:6801/764080585] conn(0x7fe00c03c8a0 0x7fe00c03ec90 unknown :-1 s=BANNER_CONNECTING pgs=0 cs=0 l=1 rev1=0 crypto rx=0 tx=0 comp rx=0 tx=0)._handle_peer_banner_payload supported=3 required=0
2024-09-12T12:17:47.579 INFO:teuthology.orchestra.run.smithi082.stdout:/usr/bin/ceph: stderr
2024-09-12T12:17:46.960+0000 7fe0253b0640 1 --2- 172.21.15.82:0/3593926743 >> [v2:172.21.15.82:6800/764080585,v1:172.21.15.82:6801/764080585] conn(0x7fe00c03c8a0 0x7fe00c03ec90 secure :-1 s=READY pgs=2 cs=0 l=1 rev1=1 crypto rx=0x7fe01c003980 tx=0x7fe01c006e10 comp rx=0 tx=0).ready entity=mgr.14118 client_cookie=0 server_cookie=0 in_seq=0 out_seq=0
2024-09-12T12:17:47.579 INFO:teuthology.orchestra.run.smithi082.stdout:/usr/bin/ceph: stderr
2024-09-12T12:17:46.960+0000 7fe016ffd640 1 -- 172.21.15.82:0/3593926743 <== mgr.14118 v2:172.21.15.82:6800/764080585 1 ==== command_reply(tid 0: 0 ) ==== 8+0+9564 (secure 0 0 0) 0x7fe00c03bb40 con 0x7fe00c03c8a0
2024-09-12T12:17:47.579 INFO:teuthology.orchestra.run.smithi082.stdout:/usr/bin/ceph: stderr
2024-09-12T12:17:46.967+0000 7fe027e15640 1 -- 172.21.15.82:0/3593926743 --> [v2:172.21.15.82:6800/764080585,v1:172.21.15.82:6801/764080585] -- command(tid 1: {"prefix": "mgr_status"}) -- 0x7fe0201065f0 con 0x7fe00c03c8a0
2024-09-12T12:17:47.579 INFO:teuthology.orchestra.run.smithi082.stdout:/usr/bin/ceph: stderr
2024-09-12T12:17:46.967+0000 7fe016ffd640 1 -- 172.21.15.82:0/3593926743 <== mgr.14118 v2:172.21.15.82:6800/764080585 2 ==== command_reply(tid 1: 0 ) ==== 8+0+51 (secure 0 0 0) 0x7fe0201065f0 con 0x7fe00c03c8a0
2024-09-12T12:17:47.579 INFO:teuthology.orchestra.run.smithi082.stdout:/usr/bin/ceph: stderr
2024-09-12T12:17:46.968+0000 7fe027e15640 1 -- 172.21.15.82:0/3593926743 >> [v2:172.21.15.82:6800/764080585,v1:172.21.15.82:6801/764080585] conn(0x7fe00c03c8a0 msgr2=0x7fe00c03ec90 secure :-1 s=STATE_CONNECTION_ESTABLISHED l=1).mark_down
2024-09-12T12:17:47.579 INFO:teuthology.orchestra.run.smithi082.stdout:/usr/bin/ceph: stderr
2024-09-12T12:17:46.968+0000 7fe027e15640 1 --2- 172.21.15.82:0/3593926743 >> [v2:172.21.15.82:6800/764080585,v1:172.21.15.82:6801/764080585] conn(0x7fe00c03c8a0 0x7fe00c03ec90 secure :-1 s=READY pgs=2 cs=0 l=1 rev1=1 crypto rx=0x7fe01c003980 tx=0x7fe01c006e10 comp rx=0 tx=0).stop
2024-09-12T12:17:47.580 INFO:teuthology.orchestra.run.smithi082.stdout:/usr/bin/ceph: stderr
2024-09-12T12:17:46.968+0000 7fe027e15640 1 -- 172.21.15.82:0/3593926743 >> [v2:172.21.15.82:3300/0,v1:172.21.15.82:6789/0] conn(0x7fe0201061f0 msgr2=0x7fe02019ddc0 secure :-1 s=STATE_CONNECTION_ESTABLISHED l=1).mark_down
2024-09-12T12:17:47.580 INFO:teuthology.orchestra.run.smithi082.stdout:/usr/bin/ceph: stderr
2024-09-12T12:17:46.968+0000 7fe027e15640 1 --2- 172.21.15.82:0/3593926743 >> [v2:172.21.15.82:3300/0,v1:172.21.15.82:6789/0] conn(0x7fe0201061f0 0x7fe02019ddc0 secure :-1 s=READY pgs=27 cs=0 l=1 rev1=1 crypto rx=0x7fe0100097f0 tx=0x7fe010030ec0 comp rx=0 tx=0).stop
2024-09-12T12:17:47.580 INFO:teuthology.orchestra.run.smithi082.stdout:/usr/bin/ceph: stderr
2024-09-12T12:17:46.968+0000 7fe027e15640 1 -- 172.21.15.82:0/3593926743 shutdown_connections
2024-09-12T12:17:47.580 INFO:teuthology.orchestra.run.smithi082.stdout:/usr/bin/ceph: stderr
2024-09-12T12:17:46.968+0000 7fe027e15640 1 --2- 172.21.15.82:0/3593926743 >> [v2:172.21.15.82:6800/764080585,v1:172.21.15.82:6801/764080585] conn(0x7fe00c03c8a0 0x7fe00c03ec90 unknown :-1 s=CLOSED pgs=2 cs=0 l=1 rev1=1 crypto rx=0 tx=0 comp rx=0 tx=0).stop
2024-09-12T12:17:47.580 INFO:teuthology.orchestra.run.smithi082.stdout:/usr/bin/ceph: stderr
2024-09-12T12:17:46.968+0000 7fe027e15640 1 --2- 172.21.15.82:0/3593926743 >> [v2:172.21.15.82:6800/2082156880,v1:172.21.15.82:6801/2082156880] conn(0x7fe00c038f70 0x7fe00c03b430 unknown :-1 s=CLOSED pgs=0 cs=0 l=1 rev1=0 crypto rx=0 tx=0 comp rx=0 tx=0).stop
2024-09-12T12:17:47.580 INFO:teuthology.orchestra.run.smithi082.stdout:/usr/bin/ceph: stderr
2024-09-12T12:17:46.968+0000 7fe027e15640 1 --2- 172.21.15.82:0/3593926743 >> [v2:172.21.15.82:3300/0,v1:172.21.15.82:6789/0] conn(0x7fe0201061f0 0x7fe02019ddc0 unknown :-1 s=CLOSED pgs=27 cs=0 l=1 rev1=1 crypto rx=0 tx=0 comp rx=0 tx=0).stop
2024-09-12T12:17:47.580 INFO:teuthology.orchestra.run.smithi082.stdout:/usr/bin/ceph: stderr
2024-09-12T12:17:46.968+0000 7fe027e15640 1 -- 172.21.15.82:0/3593926743 >> 172.21.15.82:0/3593926743 conn(0x7fe020101fc0 msgr2=0x7fe020194750 unknown :-1 s=STATE_NONE l=0).mark_down
2024-09-12T12:17:47.580 INFO:teuthology.orchestra.run.smithi082.stdout:/usr/bin/ceph: stderr
2024-09-12T12:17:46.968+0000 7fe027e15640 1 -- 172.21.15.82:0/3593926743 shutdown_connections
2024-09-12T12:17:47.580 INFO:teuthology.orchestra.run.smithi082.stdout:/usr/bin/ceph: stderr
2024-09-12T12:17:46.968+0000 7fe027e15640 1 -- 172.21.15.82:0/3593926743 wait complete.
2024-09-12T12:17:47.580 INFO:teuthology.orchestra.run.smithi082.stdout:mgr epoch 5 is available
2024-09-12T12:17:47.580 INFO:teuthology.orchestra.run.smithi082.stdout:Setting orchestrator backend to cephadm...
2024-09-12T12:17:48.190 INFO:journalctl@ceph.mon.a.smithi082.stdout:Sep 12 12:17:48 smithi082 ceph-mon[31122]: from='client.14122 -' entity='client.admin' cmd=[{"prefix": "get_command_descriptions"}]: dispatch
2024-09-12T12:17:48.190 INFO:journalctl@ceph.mon.a.smithi082.stdout:Sep 12 12:17:48 smithi082 ceph-mon[31122]: from='client.14122 -' entity='client.admin' cmd=[{"prefix": "mgr_status"}]: dispatch
2024-09-12T12:17:48.190 INFO:journalctl@ceph.mon.a.smithi082.stdout:Sep 12 12:17:48 smithi082 ceph-mon[31122]: from='mgr.14118 172.21.15.82:0/2094383119' entity='mgr.x'
2024-09-12T12:17:48.190 INFO:journalctl@ceph.mon.a.smithi082.stdout:Sep 12 12:17:48 smithi082 ceph-mon[31122]: from='mgr.14118 172.21.15.82:0/2094383119' entity='mgr.x'
2024-09-12T12:17:48.190 INFO:journalctl@ceph.mon.a.smithi082.stdout:Sep 12 12:17:48 smithi082 ceph-mon[31122]: from='mgr.14118 172.21.15.82:0/2094383119' entity='mgr.x' cmd=[{"prefix": "config dump", "format": "json"}]: dispatch
2024-09-12T12:17:48.190 INFO:journalctl@ceph.mgr.x.smithi082.stdout:Sep 12 12:17:47 smithi082 ceph-cb24faa8-7100-11ef-bcea-c7b262605968-mgr-x[31354]:
2024-09-12T12:17:47.934+0000 7f4be57f8640 -1 log_channel(cephadm) log [ERR] : [12/Sep/2024:12:17:47] ENGINE Error in HTTPServer.serve
2024-09-12T12:17:48.191 INFO:journalctl@ceph.mgr.x.smithi082.stdout:Sep 12 12:17:47 smithi082 ceph-cb24faa8-7100-11ef-bcea-c7b262605968-mgr-x[31354]: Traceback (most recent call last):
2024-09-12T12:17:48.191 INFO:journalctl@ceph.mgr.x.smithi082.stdout:Sep 12 12:17:47 smithi082 ceph-cb24faa8-7100-11ef-bcea-c7b262605968-mgr-x[31354]: File "/lib/python3.9/site-packages/cheroot/server.py", line 1823, in serve
2024-09-12T12:17:48.191 INFO:journalctl@ceph.mgr.x.smithi082.stdout:Sep 12 12:17:47 smithi082 ceph-cb24faa8-7100-11ef-bcea-c7b262605968-mgr-x[31354]: self._connections.run(self.expiration_interval)
2024-09-12T12:17:48.191 INFO:journalctl@ceph.mgr.x.smithi082.stdout:Sep 12 12:17:47 smithi082 ceph-cb24faa8-7100-11ef-bcea-c7b262605968-mgr-x[31354]: File "/lib/python3.9/site-packages/cheroot/connections.py", line 203, in run
2024-09-12T12:17:48.191 INFO:journalctl@ceph.mgr.x.smithi082.stdout:Sep 12 12:17:47 smithi082 ceph-cb24faa8-7100-11ef-bcea-c7b262605968-mgr-x[31354]: self._run(expiration_interval)
2024-09-12T12:17:48.191 INFO:journalctl@ceph.mgr.x.smithi082.stdout:Sep 12 12:17:47 smithi082 ceph-cb24faa8-7100-11ef-bcea-c7b262605968-mgr-x[31354]: File "/lib/python3.9/site-packages/cheroot/connections.py", line 246, in _run
2024-09-12T12:17:48.191 INFO:journalctl@ceph.mgr.x.smithi082.stdout:Sep 12 12:17:47 smithi082 ceph-cb24faa8-7100-11ef-bcea-c7b262605968-mgr-x[31354]: new_conn = self._from_server_socket(self.server.socket)
2024-09-12T12:17:48.191 INFO:journalctl@ceph.mgr.x.smithi082.stdout:Sep 12 12:17:47 smithi082 ceph-cb24faa8-7100-11ef-bcea-c7b262605968-mgr-x[31354]: File "/lib/python3.9/site-packages/cheroot/connections.py", line 300, in _from_server_socket
2024-09-12T12:17:48.191 INFO:journalctl@ceph.mgr.x.smithi082.stdout:Sep 12 12:17:47 smithi082 ceph-cb24faa8-7100-11ef-bcea-c7b262605968-mgr-x[31354]: s, ssl_env = self.server.ssl_adapter.wrap(s)
2024-09-12T12:17:48.191 INFO:journalctl@ceph.mgr.x.smithi082.stdout:Sep 12 12:17:47 smithi082 ceph-cb24faa8-7100-11ef-bcea-c7b262605968-mgr-x[31354]: File "/lib/python3.9/site-packages/cheroot/ssl/builtin.py", line 277, in wrap
2024-09-12T12:17:48.191 INFO:journalctl@ceph.mgr.x.smithi082.stdout:Sep 12 12:17:47 smithi082 ceph-cb24faa8-7100-11ef-bcea-c7b262605968-mgr-x[31354]: s = self.context.wrap_socket(
2024-09-12T12:17:48.191 INFO:journalctl@ceph.mgr.x.smithi082.stdout:Sep 12 12:17:47 smithi082 ceph-cb24faa8-7100-11ef-bcea-c7b262605968-mgr-x[31354]: File "/lib64/python3.9/ssl.py", line 501, in wrap_socket
2024-09-12T12:17:48.192 INFO:journalctl@ceph.mgr.x.smithi082.stdout:Sep 12 12:17:47 smithi082 ceph-cb24faa8-7100-11ef-bcea-c7b262605968-mgr-x[31354]: return self.sslsocket_class._create(
2024-09-12T12:17:48.192 INFO:journalctl@ceph.mgr.x.smithi082.stdout:Sep 12 12:17:47 smithi082 ceph-cb24faa8-7100-11ef-bcea-c7b262605968-mgr-x[31354]: File "/lib64/python3.9/ssl.py", line 1074, in _create
2024-09-12T12:17:48.192 INFO:journalctl@ceph.mgr.x.smithi082.stdout:Sep 12 12:17:47 smithi082 ceph-cb24faa8-7100-11ef-bcea-c7b262605968-mgr-x[31354]: self.do_handshake()
2024-09-12T12:17:48.192 INFO:journalctl@ceph.mgr.x.smithi082.stdout:Sep 12 12:17:47 smithi082 ceph-cb24faa8-7100-11ef-bcea-c7b262605968-mgr-x[31354]: File "/lib64/python3.9/ssl.py", line 1343, in do_handshake
2024-09-12T12:17:48.192 INFO:journalctl@ceph.mgr.x.smithi082.stdout:Sep 12 12:17:47 smithi082 ceph-cb24faa8-7100-11ef-bcea-c7b262605968-mgr-x[31354]: self._sslobj.do_handshake()
2024-09-12T12:17:48.192 INFO:journalctl@ceph.mgr.x.smithi082.stdout:Sep 12 12:17:47 smithi082 ceph-cb24faa8-7100-11ef-bcea-c7b262605968-mgr-x[31354]: ssl.SSLZeroReturnError: TLS/SSL connection has been closed (EOF) (_ssl.c:1133)
2024-09-12T12:17:48.192 INFO:journalctl@ceph.mgr.x.smithi082.stdout:Sep 12 12:17:47 smithi082 ceph-cb24faa8-7100-11ef-bcea-c7b262605968-mgr-x[31354]:
2024-09-12T12:17:48.729 INFO:teuthology.orchestra.run.smithi082.stdout:/usr/bin/ceph: stderr
2024-09-12T12:17:47.997+0000 7f06fa75f640 1 Processor -- start
2024-09-12T12:17:48.729 INFO:teuthology.orchestra.run.smithi082.stdout:/usr/bin/ceph: stderr
2024-09-12T12:17:47.997+0000 7f06fa75f640 1 -- start start
2024-09-12T12:17:48.729 INFO:teuthology.orchestra.run.smithi082.stdout:/usr/bin/ceph: stderr
2024-09-12T12:17:47.997+0000 7f06fa75f640 1 --2- >> [v2:172.21.15.82:3300/0,v1:172.21.15.82:6789/0] conn(0x7f06f4107900 0x7f06f4107d00 unknown :-1 s=NONE pgs=0 cs=0 l=0 rev1=0 crypto rx=0 tx=0 comp rx=0 tx=0).connect
2024-09-12T12:17:48.729 INFO:teuthology.orchestra.run.smithi082.stdout:/usr/bin/ceph: stderr
2024-09-12T12:17:47.997+0000 7f06fa75f640 1 -- --> [v2:172.21.15.82:3300/0,v1:172.21.15.82:6789/0] -- mon_getmap magic: 0 -- 0x7f06f41082d0 con 0x7f06f4107900
2024-09-12T12:17:48.729 INFO:teuthology.orchestra.run.smithi082.stdout:/usr/bin/ceph: stderr
2024-09-12T12:17:47.997+0000 7f06f3fff640 1 --2- >> [v2:172.21.15.82:3300/0,v1:172.21.15.82:6789/0] conn(0x7f06f4107900 0x7f06f4107d00 unknown :-1 s=BANNER_CONNECTING pgs=0 cs=0 l=0 rev1=0 crypto rx=0 tx=0 comp rx=0 tx=0)._handle_peer_banner_payload supported=3 required=0
2024-09-12T12:17:48.729 INFO:teuthology.orchestra.run.smithi082.stdout:/usr/bin/ceph: stderr
2024-09-12T12:17:47.997+0000 7f06f3fff640 1 --2- >> [v2:172.21.15.82:3300/0,v1:172.21.15.82:6789/0] conn(0x7f06f4107900 0x7f06f4107d00 unknown :-1 s=HELLO_CONNECTING pgs=0 cs=0 l=0 rev1=1 crypto rx=0 tx=0 comp rx=0 tx=0).handle_hello peer v2:172.21.15.82:3300/0 says I am v2:172.21.15.82:50562/0 (socket says 172.21.15.82:50562)
2024-09-12T12:17:48.730 INFO:teuthology.orchestra.run.smithi082.stdout:/usr/bin/ceph: stderr
2024-09-12T12:17:47.997+0000 7f06f3fff640 1 -- 172.21.15.82:0/2646259754 learned_addr learned my addr 172.21.15.82:0/2646259754 (peer_addr_for_me v2:172.21.15.82:0/0)
2024-09-12T12:17:48.730 INFO:teuthology.orchestra.run.smithi082.stdout:/usr/bin/ceph: stderr
2024-09-12T12:17:47.997+0000 7f06f3fff640 1 -- 172.21.15.82:0/2646259754 --> [v2:172.21.15.82:3300/0,v1:172.21.15.82:6789/0] -- mon_subscribe({config=0+,monmap=0+}) -- 0x7f06f4108b00 con 0x7f06f4107900
2024-09-12T12:17:48.730 INFO:teuthology.orchestra.run.smithi082.stdout:/usr/bin/ceph: stderr
2024-09-12T12:17:47.998+0000 7f06f3fff640 1 --2- 172.21.15.82:0/2646259754 >> [v2:172.21.15.82:3300/0,v1:172.21.15.82:6789/0] conn(0x7f06f4107900 0x7f06f4107d00 secure :-1 s=READY pgs=35 cs=0 l=1 rev1=1 crypto rx=0x7f06e4009820 tx=0x7f06e402a270 comp rx=0 tx=0).ready entity=mon.0 client_cookie=bc600e939b3cc14 server_cookie=0 in_seq=0 out_seq=0
2024-09-12T12:17:48.730 INFO:teuthology.orchestra.run.smithi082.stdout:/usr/bin/ceph: stderr
2024-09-12T12:17:47.998+0000 7f06f2ffd640 1 -- 172.21.15.82:0/2646259754 <== mon.0 v2:172.21.15.82:3300/0 1 ==== mon_map magic: 0 ==== 205+0+0 (secure 0 0 0) 0x7f06e4037070 con 0x7f06f4107900
2024-09-12T12:17:48.730 INFO:teuthology.orchestra.run.smithi082.stdout:/usr/bin/ceph: stderr
2024-09-12T12:17:47.998+0000 7f06f2ffd640 1 -- 172.21.15.82:0/2646259754 <== mon.0 v2:172.21.15.82:3300/0 2 ==== config(27 keys) ==== 1109+0+0 (secure 0 0 0) 0x7f06e4032900 con 0x7f06f4107900
2024-09-12T12:17:48.730 INFO:teuthology.orchestra.run.smithi082.stdout:/usr/bin/ceph: stderr
2024-09-12T12:17:47.998+0000 7f06f2ffd640 1 -- 172.21.15.82:0/2646259754 <== mon.0 v2:172.21.15.82:3300/0 3 ==== mon_map magic: 0 ==== 205+0+0 (secure 0 0 0) 0x7f06e4030850 con 0x7f06f4107900
2024-09-12T12:17:48.730 INFO:teuthology.orchestra.run.smithi082.stdout:/usr/bin/ceph: stderr
2024-09-12T12:17:47.999+0000 7f06fa75f640 1 -- 172.21.15.82:0/2646259754 >> [v2:172.21.15.82:3300/0,v1:172.21.15.82:6789/0] conn(0x7f06f4107900 msgr2=0x7f06f4107d00 secure :-1 s=STATE_CONNECTION_ESTABLISHED l=1).mark_down
2024-09-12T12:17:48.730 INFO:teuthology.orchestra.run.smithi082.stdout:/usr/bin/ceph: stderr
2024-09-12T12:17:47.999+0000 7f06fa75f640 1 --2- 172.21.15.82:0/2646259754 >> [v2:172.21.15.82:3300/0,v1:172.21.15.82:6789/0] conn(0x7f06f4107900 0x7f06f4107d00 secure :-1 s=READY pgs=35 cs=0 l=1 rev1=1 crypto rx=0x7f06e4009820 tx=0x7f06e402a270 comp rx=0 tx=0).stop
2024-09-12T12:17:48.730 INFO:teuthology.orchestra.run.smithi082.stdout:/usr/bin/ceph: stderr
2024-09-12T12:17:47.999+0000 7f06fa75f640 1 -- 172.21.15.82:0/2646259754 shutdown_connections
2024-09-12T12:17:48.730 INFO:teuthology.orchestra.run.smithi082.stdout:/usr/bin/ceph: stderr
2024-09-12T12:17:47.999+0000 7f06fa75f640 1 --2- 172.21.15.82:0/2646259754 >> [v2:172.21.15.82:3300/0,v1:172.21.15.82:6789/0] conn(0x7f06f4107900 0x7f06f4107d00 unknown :-1 s=CLOSED pgs=35 cs=0 l=1 rev1=1 crypto rx=0 tx=0 comp rx=0 tx=0).stop
2024-09-12T12:17:48.730 INFO:teuthology.orchestra.run.smithi082.stdout:/usr/bin/ceph: stderr
2024-09-12T12:17:47.999+0000 7f06fa75f640 1 -- 172.21.15.82:0/2646259754 >> 172.21.15.82:0/2646259754 conn(0x7f06f41030b0 msgr2=0x7f06f41054d0 unknown :-1 s=STATE_NONE l=0).mark_down
2024-09-12T12:17:48.730 INFO:teuthology.orchestra.run.smithi082.stdout:/usr/bin/ceph: stderr
2024-09-12T12:17:47.999+0000 7f06fa75f640 1 -- 172.21.15.82:0/2646259754 shutdown_connections
2024-09-12T12:17:48.731 INFO:teuthology.orchestra.run.smithi082.stdout:/usr/bin/ceph: stderr
2024-09-12T12:17:47.999+0000 7f06fa75f640 1 -- 172.21.15.82:0/2646259754 wait complete.
2024-09-12T12:17:48.731 INFO:teuthology.orchestra.run.smithi082.stdout:/usr/bin/ceph: stderr
2024-09-12T12:17:47.999+0000 7f06fa75f640 1 Processor -- start
2024-09-12T12:17:48.731 INFO:teuthology.orchestra.run.smithi082.stdout:/usr/bin/ceph: stderr
2024-09-12T12:17:47.999+0000 7f06fa75f640 1 -- start start
2024-09-12T12:17:48.731 INFO:teuthology.orchestra.run.smithi082.stdout:/usr/bin/ceph: stderr
2024-09-12T12:17:48.000+0000 7f06fa75f640 1 --2- >> [v2:172.21.15.82:3300/0,v1:172.21.15.82:6789/0] conn(0x7f06f4107900 0x7f06f419b930 unknown :-1 s=NONE pgs=0 cs=0 l=1 rev1=0 crypto rx=0 tx=0 comp rx=0 tx=0).connect
2024-09-12T12:17:48.731 INFO:teuthology.orchestra.run.smithi082.stdout:/usr/bin/ceph: stderr
2024-09-12T12:17:48.000+0000 7f06fa75f640 1 -- --> [v2:172.21.15.82:3300/0,v1:172.21.15.82:6789/0] -- mon_getmap magic: 0 -- 0x7f06f410beb0 con 0x7f06f4107900
2024-09-12T12:17:48.731 INFO:teuthology.orchestra.run.smithi082.stdout:/usr/bin/ceph: stderr
2024-09-12T12:17:48.000+0000 7f06f3fff640 1 --2- >> [v2:172.21.15.82:3300/0,v1:172.21.15.82:6789/0] conn(0x7f06f4107900 0x7f06f419b930 unknown :-1 s=BANNER_CONNECTING pgs=0 cs=0 l=1 rev1=0 crypto rx=0 tx=0 comp rx=0 tx=0)._handle_peer_banner_payload supported=3 required=0
2024-09-12T12:17:48.731 INFO:teuthology.orchestra.run.smithi082.stdout:/usr/bin/ceph: stderr
2024-09-12T12:17:48.000+0000 7f06f3fff640 1 --2- >> [v2:172.21.15.82:3300/0,v1:172.21.15.82:6789/0] conn(0x7f06f4107900 0x7f06f419b930 unknown :-1 s=HELLO_CONNECTING pgs=0 cs=0 l=1 rev1=1 crypto rx=0 tx=0 comp rx=0 tx=0).handle_hello peer v2:172.21.15.82:3300/0 says I am v2:172.21.15.82:56012/0 (socket says 172.21.15.82:56012)
2024-09-12T12:17:48.731 INFO:teuthology.orchestra.run.smithi082.stdout:/usr/bin/ceph: stderr
2024-09-12T12:17:48.000+0000 7f06f3fff640 1 -- 172.21.15.82:0/1120360963 learned_addr learned my addr 172.21.15.82:0/1120360963 (peer_addr_for_me v2:172.21.15.82:0/0)
2024-09-12T12:17:48.731 INFO:teuthology.orchestra.run.smithi082.stdout:/usr/bin/ceph: stderr
2024-09-12T12:17:48.000+0000 7f06f3fff640 1 -- 172.21.15.82:0/1120360963 --> [v2:172.21.15.82:3300/0,v1:172.21.15.82:6789/0] -- mon_subscribe({config=0+,monmap=0+}) -- 0x7f06f419be70 con 0x7f06f4107900
2024-09-12T12:17:48.731 INFO:teuthology.orchestra.run.smithi082.stdout:/usr/bin/ceph: stderr
2024-09-12T12:17:48.000+0000 7f06f3fff640 1 --2- 172.21.15.82:0/1120360963 >> [v2:172.21.15.82:3300/0,v1:172.21.15.82:6789/0] conn(0x7f06f4107900 0x7f06f419b930 secure :-1 s=READY pgs=36 cs=0 l=1 rev1=1 crypto rx=0x7f06e4009940 tx=0x7f06e40326e0 comp rx=0 tx=0).ready entity=mon.0 client_cookie=0 server_cookie=0 in_seq=0 out_seq=0
2024-09-12T12:17:48.731 INFO:teuthology.orchestra.run.smithi082.stdout:/usr/bin/ceph: stderr
2024-09-12T12:17:48.000+0000 7f06f17fa640 1 -- 172.21.15.82:0/1120360963 <== mon.0 v2:172.21.15.82:3300/0 1 ==== mon_map magic: 0 ==== 205+0+0 (secure 0 0 0) 0x7f06e4042070 con 0x7f06f4107900
2024-09-12T12:17:48.731 INFO:teuthology.orchestra.run.smithi082.stdout:/usr/bin/ceph: stderr
2024-09-12T12:17:48.000+0000 7f06f17fa640 1 -- 172.21.15.82:0/1120360963 <== mon.0 v2:172.21.15.82:3300/0 2 ==== config(27 keys) ==== 1109+0+0 (secure 0 0 0) 0x7f06e4032be0 con 0x7f06f4107900
2024-09-12T12:17:48.731 INFO:teuthology.orchestra.run.smithi082.stdout:/usr/bin/ceph: stderr
2024-09-12T12:17:48.000+0000 7f06fa75f640 1 -- 172.21.15.82:0/1120360963 --> [v2:172.21.15.82:3300/0,v1:172.21.15.82:6789/0] -- mon_subscribe({mgrmap=0+}) -- 0x7f06f419c100 con 0x7f06f4107900
2024-09-12T12:17:48.732 INFO:teuthology.orchestra.run.smithi082.stdout:/usr/bin/ceph: stderr
2024-09-12T12:17:48.000+0000 7f06f17fa640 1 -- 172.21.15.82:0/1120360963 <== mon.0 v2:172.21.15.82:3300/0 3 ==== mon_map magic: 0 ==== 205+0+0 (secure 0 0 0) 0x7f06e4037040 con 0x7f06f4107900
2024-09-12T12:17:48.732 INFO:teuthology.orchestra.run.smithi082.stdout:/usr/bin/ceph: stderr
2024-09-12T12:17:48.000+0000 7f06fa75f640 1 -- 172.21.15.82:0/1120360963 --> [v2:172.21.15.82:3300/0,v1:172.21.15.82:6789/0] -- mon_subscribe({osdmap=0}) -- 0x7f06f419edf0 con 0x7f06f4107900
2024-09-12T12:17:48.732 INFO:teuthology.orchestra.run.smithi082.stdout:/usr/bin/ceph: stderr
2024-09-12T12:17:48.001+0000 7f06f17fa640 1 -- 172.21.15.82:0/1120360963 <== mon.0 v2:172.21.15.82:3300/0 4 ==== mgrmap(e 7) ==== 46181+0+0 (secure 0 0 0) 0x7f06e4045070 con 0x7f06f4107900
2024-09-12T12:17:48.732 INFO:teuthology.orchestra.run.smithi082.stdout:/usr/bin/ceph: stderr
2024-09-12T12:17:48.001+0000 7f06fa75f640 1 -- 172.21.15.82:0/1120360963 --> [v2:172.21.15.82:3300/0,v1:172.21.15.82:6789/0] -- mon_command({"prefix": "get_command_descriptions"} v 0) -- 0x7f06f4107d80 con 0x7f06f4107900
2024-09-12T12:17:48.732 INFO:teuthology.orchestra.run.smithi082.stdout:/usr/bin/ceph: stderr
2024-09-12T12:17:48.001+0000 7f06f17fa640 1 --2- 172.21.15.82:0/1120360963 >> [v2:172.21.15.82:6800/764080585,v1:172.21.15.82:6801/764080585] conn(0x7f06dc038e60 0x7f06dc03b320 unknown :-1 s=NONE pgs=0 cs=0 l=1 rev1=0 crypto rx=0 tx=0 comp rx=0 tx=0).connect
2024-09-12T12:17:48.732 INFO:teuthology.orchestra.run.smithi082.stdout:/usr/bin/ceph: stderr
2024-09-12T12:17:48.002+0000 7f06f17fa640 1 -- 172.21.15.82:0/1120360963 <== mon.0 v2:172.21.15.82:3300/0 5 ==== osd_map(2..2 src has 1..2) ==== 940+0+0 (secure 0 0 0) 0x7f06e406bdd0 con 0x7f06f4107900
2024-09-12T12:17:48.732 INFO:teuthology.orchestra.run.smithi082.stdout:/usr/bin/ceph: stderr
2024-09-12T12:17:48.002+0000 7f06f37fe640 1 --2- 172.21.15.82:0/1120360963 >> [v2:172.21.15.82:6800/764080585,v1:172.21.15.82:6801/764080585] conn(0x7f06dc038e60 0x7f06dc03b320 unknown :-1 s=BANNER_CONNECTING pgs=0 cs=0 l=1 rev1=0 crypto rx=0 tx=0 comp rx=0 tx=0)._handle_peer_banner_payload supported=3 required=0
2024-09-12T12:17:48.732 INFO:teuthology.orchestra.run.smithi082.stdout:/usr/bin/ceph: stderr
2024-09-12T12:17:48.002+0000 7f06f37fe640 1 --2- 172.21.15.82:0/1120360963 >> [v2:172.21.15.82:6800/764080585,v1:172.21.15.82:6801/764080585] conn(0x7f06dc038e60 0x7f06dc03b320 secure :-1 s=READY pgs=7 cs=0 l=1 rev1=1 crypto rx=0x7f06e80098c0 tx=0x7f06e8006db0 comp rx=0 tx=0).ready entity=mgr.14118 client_cookie=0 server_cookie=0 in_seq=0 out_seq=0
2024-09-12T12:17:48.732 INFO:teuthology.orchestra.run.smithi082.stdout:/usr/bin/ceph: stderr
2024-09-12T12:17:48.006+0000 7f06f17fa640 1 -- 172.21.15.82:0/1120360963 <== mon.0 v2:172.21.15.82:3300/0 6 ==== mon_command_ack([{"prefix": "get_command_descriptions"}]=0 v0) ==== 72+0+188821 (secure 0 0 0) 0x7f06e4045e10 con 0x7f06f4107900
2024-09-12T12:17:48.732 INFO:teuthology.orchestra.run.smithi082.stdout:/usr/bin/ceph: stderr
2024-09-12T12:17:48.034+0000 7f06f17fa640 1 -- 172.21.15.82:0/1120360963 <== mon.0 v2:172.21.15.82:3300/0 7 ==== mgrmap(e 8) ==== 46287+0+0 (secure 0 0 0) 0x7f06e403b330 con 0x7f06f4107900
2024-09-12T12:17:48.732 INFO:teuthology.orchestra.run.smithi082.stdout:/usr/bin/ceph: stderr
2024-09-12T12:17:48.189+0000 7f06fa75f640 1 -- 172.21.15.82:0/1120360963 --> [v2:172.21.15.82:6800/764080585,v1:172.21.15.82:6801/764080585] -- mgr_command(tid 0: {"prefix": "orch set backend", "module_name": "cephadm", "target": ["mon-mgr", ""]}) -- 0x7f06f4104360 con 0x7f06dc038e60
2024-09-12T12:17:48.732 INFO:teuthology.orchestra.run.smithi082.stdout:/usr/bin/ceph: stderr
2024-09-12T12:17:48.194+0000 7f06f17fa640 1 -- 172.21.15.82:0/1120360963 <== mgr.14118 v2:172.21.15.82:6800/764080585 1 ==== mgr_command_reply(tid 0: 0 ) ==== 8+0+0 (secure 0 0 0) 0x7f06f4104360 con 0x7f06dc038e60
2024-09-12T12:17:48.733 INFO:teuthology.orchestra.run.smithi082.stdout:/usr/bin/ceph: stderr
2024-09-12T12:17:48.196+0000 7f06fa75f640 1 -- 172.21.15.82:0/1120360963 >> [v2:172.21.15.82:6800/764080585,v1:172.21.15.82:6801/764080585] conn(0x7f06dc038e60 msgr2=0x7f06dc03b320 secure :-1 s=STATE_CONNECTION_ESTABLISHED l=1).mark_down
2024-09-12T12:17:48.733 INFO:teuthology.orchestra.run.smithi082.stdout:/usr/bin/ceph: stderr
2024-09-12T12:17:48.196+0000 7f06fa75f640 1 --2- 172.21.15.82:0/1120360963 >> [v2:172.21.15.82:6800/764080585,v1:172.21.15.82:6801/764080585] conn(0x7f06dc038e60 0x7f06dc03b320 secure :-1 s=READY pgs=7 cs=0 l=1 rev1=1 crypto rx=0x7f06e80098c0 tx=0x7f06e8006db0 comp rx=0 tx=0).stop
2024-09-12T12:17:48.733 INFO:teuthology.orchestra.run.smithi082.stdout:/usr/bin/ceph: stderr
2024-09-12T12:17:48.196+0000 7f06fa75f640 1 -- 172.21.15.82:0/1120360963 >> [v2:172.21.15.82:3300/0,v1:172.21.15.82:6789/0] conn(0x7f06f4107900 msgr2=0x7f06f419b930 secure :-1 s=STATE_CONNECTION_ESTABLISHED l=1).mark_down
2024-09-12T12:17:48.733 INFO:teuthology.orchestra.run.smithi082.stdout:/usr/bin/ceph: stderr
2024-09-12T12:17:48.196+0000 7f06fa75f640 1 --2- 172.21.15.82:0/1120360963 >> [v2:172.21.15.82:3300/0,v1:172.21.15.82:6789/0] conn(0x7f06f4107900 0x7f06f419b930 secure :-1 s=READY pgs=36 cs=0 l=1 rev1=1 crypto rx=0x7f06e4009940 tx=0x7f06e40326e0 comp rx=0 tx=0).stop
2024-09-12T12:17:48.733 INFO:teuthology.orchestra.run.smithi082.stdout:/usr/bin/ceph: stderr
2024-09-12T12:17:48.196+0000 7f06fa75f640 1 -- 172.21.15.82:0/1120360963 shutdown_connections
2024-09-12T12:17:48.733 INFO:teuthology.orchestra.run.smithi082.stdout:/usr/bin/ceph: stderr
2024-09-12T12:17:48.196+0000 7f06fa75f640 1 --2- 172.21.15.82:0/1120360963 >> [v2:172.21.15.82:6800/764080585,v1:172.21.15.82:6801/764080585] conn(0x7f06dc038e60 0x7f06dc03b320 unknown :-1 s=CLOSED pgs=7 cs=0 l=1 rev1=1 crypto rx=0 tx=0 comp rx=0 tx=0).stop
2024-09-12T12:17:48.733 INFO:teuthology.orchestra.run.smithi082.stdout:/usr/bin/ceph: stderr
2024-09-12T12:17:48.196+0000 7f06fa75f640 1 --2- 172.21.15.82:0/1120360963 >> [v2:172.21.15.82:3300/0,v1:172.21.15.82:6789/0] conn(0x7f06f4107900 0x7f06f419b930 unknown :-1 s=CLOSED pgs=36 cs=0 l=1 rev1=1 crypto rx=0 tx=0 comp rx=0 tx=0).stop
2024-09-12T12:17:48.733 INFO:teuthology.orchestra.run.smithi082.stdout:/usr/bin/ceph: stderr
2024-09-12T12:17:48.196+0000 7f06fa75f640 1 -- 172.21.15.82:0/1120360963 >> 172.21.15.82:0/1120360963 conn(0x7f06f41030b0 msgr2=0x7f06f4103c50 unknown :-1 s=STATE_NONE l=0).mark_down
2024-09-12T12:17:48.733 INFO:teuthology.orchestra.run.smithi082.stdout:/usr/bin/ceph: stderr
2024-09-12T12:17:48.197+0000 7f06fa75f640 1 -- 172.21.15.82:0/1120360963 shutdown_connections
2024-09-12T12:17:48.733 INFO:teuthology.orchestra.run.smithi082.stdout:/usr/bin/ceph: stderr
2024-09-12T12:17:48.197+0000 7f06fa75f640 1 -- 172.21.15.82:0/1120360963 wait complete.
2024-09-12T12:17:49.133 INFO:journalctl@ceph.mon.a.smithi082.stdout:Sep 12 12:17:49 smithi082 ceph-mon[31122]: [12/Sep/2024:12:17:47] ENGINE Bus STARTING
2024-09-12T12:17:49.133 INFO:journalctl@ceph.mon.a.smithi082.stdout:Sep 12 12:17:49 smithi082 ceph-mon[31122]: [12/Sep/2024:12:17:47] ENGINE Serving on http://172.21.15.82:8765
2024-09-12T12:17:49.133 INFO:journalctl@ceph.mon.a.smithi082.stdout:Sep 12 12:17:49 smithi082 ceph-mon[31122]: [12/Sep/2024:12:17:47] ENGINE Serving on https://172.21.15.82:7150
2024-09-12T12:17:49.133 INFO:journalctl@ceph.mon.a.smithi082.stdout:Sep 12 12:17:49 smithi082 ceph-mon[31122]: [12/Sep/2024:12:17:47] ENGINE Bus STARTED
2024-09-12T12:17:49.133 INFO:journalctl@ceph.mon.a.smithi082.stdout:Sep 12 12:17:49 smithi082 ceph-mon[31122]: [12/Sep/2024:12:17:47] ENGINE Error in HTTPServer.serve
2024-09-12T12:17:49.133 INFO:journalctl@ceph.mon.a.smithi082.stdout: Traceback (most recent call last):
2024-09-12T12:17:49.133 INFO:journalctl@ceph.mon.a.smithi082.stdout: File "/lib/python3.9/site-packages/cheroot/server.py", line 1823, in serve
2024-09-12T12:17:49.134 INFO:journalctl@ceph.mon.a.smithi082.stdout: self._connections.run(self.expiration_interval)
2024-09-12T12:17:49.134 INFO:journalctl@ceph.mon.a.smithi082.stdout: File "/lib/python3.9/site-packages/cheroot/connections.py", line 203, in run
2024-09-12T12:17:49.134 INFO:journalctl@ceph.mon.a.smithi082.stdout: self._run(expiration_interval)
2024-09-12T12:17:49.134 INFO:journalctl@ceph.mon.a.smithi082.stdout: File "/lib/python3.9/site-packages/cheroot/connections.py", line 246, in _run
2024-09-12T12:17:49.134 INFO:journalctl@ceph.mon.a.smithi082.stdout: new_conn = self._from_server_socket(self.server.socket)
2024-09-12T12:17:49.134 INFO:journalctl@ceph.mon.a.smithi082.stdout: File "/lib/python3.9/site-packages/cheroot/connections.py", line 300, in _from_server_socket
2024-09-12T12:17:49.134 INFO:journalctl@ceph.mon.a.smithi082.stdout: s, ssl_env = self.server.ssl_adapter.wrap(s)
2024-09-12T12:17:49.134 INFO:journalctl@ceph.mon.a.smithi082.stdout: File "/lib/python3.9/site-packages/cheroot/ssl/builtin.py", line 277, in wrap
2024-09-12T12:17:49.134 INFO:journalctl@ceph.mon.a.smithi082.stdout: s = self.context.wrap_socket(
2024-09-12T12:17:49.134 INFO:journalctl@ceph.mon.a.smithi082.stdout: File "/lib64/python3.9/ssl.py", line 501, in wrap_socket
2024-09-12T12:17:49.134 INFO:journalctl@ceph.mon.a.smithi082.stdout: return self.sslsocket_class._create(
2024-09-12T12:17:49.134 INFO:journalctl@ceph.mon.a.smithi082.stdout: File "/lib64/python3.9/ssl.py", line 1074, in _create
2024-09-12T12:17:49.135 INFO:journalctl@ceph.mon.a.smithi082.stdout: self.do_handshake()
2024-09-12T12:17:49.135 INFO:journalctl@ceph.mon.a.smithi082.stdout: File "/lib64/python3.9/ssl.py", line 1343, in do_handshake
2024-09-12T12:17:49.135 INFO:journalctl@ceph.mon.a.smithi082.stdout: self._sslobj.do_handshake()
2024-09-12T12:17:49.135 INFO:journalctl@ceph.mon.a.smithi082.stdout: ssl.SSLZeroReturnError: TLS/SSL connection has been closed (EOF) (_ssl.c:1133)
2024-09-12T12:17:49.135 INFO:journalctl@ceph.mon.a.smithi082.stdout:Sep 12 12:17:49 smithi082 ceph-mon[31122]: mgrmap e8: x(active, since 2s)
2024-09-12T12:17:49.135 INFO:journalctl@ceph.mon.a.smithi082.stdout:Sep 12 12:17:49 smithi082 ceph-mon[31122]: from='mgr.14118 172.21.15.82:0/2094383119' entity='mgr.x'
2024-09-12T12:17:49.135 INFO:journalctl@ceph.mon.a.smithi082.stdout:Sep 12 12:17:49 smithi082 ceph-mon[31122]: from='mgr.14118 172.21.15.82:0/2094383119' entity='mgr.x' cmd=[{"prefix": "config dump", "format": "json"}]: dispatch
2024-09-12T12:17:49.902 INFO:teuthology.orchestra.run.smithi082.stdout:/usr/bin/ceph: stdout value unchanged
2024-09-12T12:17:49.902 INFO:teuthology.orchestra.run.smithi082.stdout:/usr/bin/ceph: stderr
2024-09-12T12:17:49.134+0000 7f98457b9640 1 Processor -- start
2024-09-12T12:17:49.902 INFO:teuthology.orchestra.run.smithi082.stdout:/usr/bin/ceph: stderr
2024-09-12T12:17:49.134+0000 7f98457b9640 1 -- start start
2024-09-12T12:17:49.903 INFO:teuthology.orchestra.run.smithi082.stdout:/usr/bin/ceph: stderr
2024-09-12T12:17:49.134+0000 7f98457b9640 1 --2- >> [v2:172.21.15.82:3300/0,v1:172.21.15.82:6789/0] conn(0x7f9840108380 0x7f984010a770 unknown :-1 s=NONE pgs=0 cs=0 l=0 rev1=0 crypto rx=0 tx=0 comp rx=0 tx=0).connect
2024-09-12T12:17:49.903 INFO:teuthology.orchestra.run.smithi082.stdout:/usr/bin/ceph: stderr
2024-09-12T12:17:49.134+0000 7f98457b9640 1 -- --> [v2:172.21.15.82:3300/0,v1:172.21.15.82:6789/0] -- mon_getmap magic: 0 -- 0x7f984007be30 con 0x7f9840108380
2024-09-12T12:17:49.903 INFO:teuthology.orchestra.run.smithi082.stdout:/usr/bin/ceph: stderr
2024-09-12T12:17:49.134+0000 7f983effd640 1 --2- >> [v2:172.21.15.82:3300/0,v1:172.21.15.82:6789/0] conn(0x7f9840108380 0x7f984010a770 unknown :-1 s=BANNER_CONNECTING pgs=0 cs=0 l=0 rev1=0 crypto rx=0 tx=0 comp rx=0 tx=0)._handle_peer_banner_payload supported=3 required=0
2024-09-12T12:17:49.903 INFO:teuthology.orchestra.run.smithi082.stdout:/usr/bin/ceph: stderr
2024-09-12T12:17:49.134+0000 7f983effd640 1 --2- >> [v2:172.21.15.82:3300/0,v1:172.21.15.82:6789/0] conn(0x7f9840108380 0x7f984010a770 unknown :-1 s=HELLO_CONNECTING pgs=0 cs=0 l=0 rev1=1 crypto rx=0 tx=0 comp rx=0 tx=0).handle_hello peer v2:172.21.15.82:3300/0 says I am v2:172.21.15.82:56026/0 (socket says 172.21.15.82:56026)
2024-09-12T12:17:49.903 INFO:teuthology.orchestra.run.smithi082.stdout:/usr/bin/ceph: stderr
2024-09-12T12:17:49.134+0000 7f983effd640 1 -- 172.21.15.82:0/3579699082 learned_addr learned my addr 172.21.15.82:0/3579699082 (peer_addr_for_me v2:172.21.15.82:0/0)
2024-09-12T12:17:49.903 INFO:teuthology.orchestra.run.smithi082.stdout:/usr/bin/ceph: stderr
2024-09-12T12:17:49.135+0000 7f983effd640 1 -- 172.21.15.82:0/3579699082 --> [v2:172.21.15.82:3300/0,v1:172.21.15.82:6789/0] -- mon_subscribe({config=0+,monmap=0+}) -- 0x7f984010acb0 con 0x7f9840108380
2024-09-12T12:17:49.903 INFO:teuthology.orchestra.run.smithi082.stdout:/usr/bin/ceph: stderr
2024-09-12T12:17:49.135+0000 7f983effd640 1 --2- 172.21.15.82:0/3579699082 >> [v2:172.21.15.82:3300/0,v1:172.21.15.82:6789/0] conn(0x7f9840108380 0x7f984010a770 secure :-1 s=READY pgs=37 cs=0 l=1 rev1=1 crypto rx=0x7f9830009820 tx=0x7f983002a270 comp rx=0 tx=0).ready entity=mon.0 client_cookie=9710ad1f336b901b server_cookie=0 in_seq=0 out_seq=0
2024-09-12T12:17:49.903 INFO:teuthology.orchestra.run.smithi082.stdout:/usr/bin/ceph: stderr
2024-09-12T12:17:49.135+0000 7f983e7fc640 1 -- 172.21.15.82:0/3579699082 <== mon.0 v2:172.21.15.82:3300/0 1 ==== mon_map magic: 0 ==== 205+0+0 (secure 0 0 0) 0x7f9830037070 con 0x7f9840108380
2024-09-12T12:17:49.903 INFO:teuthology.orchestra.run.smithi082.stdout:/usr/bin/ceph: stderr
2024-09-12T12:17:49.135+0000 7f983e7fc640 1 -- 172.21.15.82:0/3579699082 <== mon.0 v2:172.21.15.82:3300/0 2 ==== config(27 keys) ==== 1109+0+0 (secure 0 0 0) 0x7f9830032900 con 0x7f9840108380
2024-09-12T12:17:49.903 INFO:teuthology.orchestra.run.smithi082.stdout:/usr/bin/ceph: stderr
2024-09-12T12:17:49.136+0000 7f983e7fc640 1 -- 172.21.15.82:0/3579699082 <== mon.0 v2:172.21.15.82:3300/0 3 ==== mon_map magic: 0 ==== 205+0+0 (secure 0 0 0) 0x7f9830030850 con 0x7f9840108380
2024-09-12T12:17:49.903 INFO:teuthology.orchestra.run.smithi082.stdout:/usr/bin/ceph: stderr
2024-09-12T12:17:49.136+0000 7f98457b9640 1 -- 172.21.15.82:0/3579699082 >> [v2:172.21.15.82:3300/0,v1:172.21.15.82:6789/0] conn(0x7f9840108380 msgr2=0x7f984010a770 secure :-1 s=STATE_CONNECTION_ESTABLISHED l=1).mark_down
2024-09-12T12:17:49.903 INFO:teuthology.orchestra.run.smithi082.stdout:/usr/bin/ceph: stderr
2024-09-12T12:17:49.136+0000 7f98457b9640 1 --2- 172.21.15.82:0/3579699082 >> [v2:172.21.15.82:3300/0,v1:172.21.15.82:6789/0] conn(0x7f9840108380 0x7f984010a770 secure :-1 s=READY pgs=37 cs=0 l=1 rev1=1 crypto rx=0x7f9830009820 tx=0x7f983002a270 comp rx=0 tx=0).stop
2024-09-12T12:17:49.904 INFO:teuthology.orchestra.run.smithi082.stdout:/usr/bin/ceph: stderr
2024-09-12T12:17:49.136+0000 7f98457b9640 1 -- 172.21.15.82:0/3579699082 shutdown_connections
2024-09-12T12:17:49.904 INFO:teuthology.orchestra.run.smithi082.stdout:/usr/bin/ceph: stderr
2024-09-12T12:17:49.136+0000 7f98457b9640 1 --2- 172.21.15.82:0/3579699082 >> [v2:172.21.15.82:3300/0,v1:172.21.15.82:6789/0] conn(0x7f9840108380 0x7f984010a770 unknown :-1 s=CLOSED pgs=37 cs=0 l=1 rev1=1 crypto rx=0 tx=0 comp rx=0 tx=0).stop
2024-09-12T12:17:49.904 INFO:teuthology.orchestra.run.smithi082.stdout:/usr/bin/ceph: stderr
2024-09-12T12:17:49.136+0000 7f98457b9640 1 -- 172.21.15.82:0/3579699082 >> 172.21.15.82:0/3579699082 conn(0x7f9840101f40 msgr2=0x7f9840104380 unknown :-1 s=STATE_NONE l=0).mark_down
2024-09-12T12:17:49.904 INFO:teuthology.orchestra.run.smithi082.stdout:/usr/bin/ceph: stderr
2024-09-12T12:17:49.136+0000 7f98457b9640 1 -- 172.21.15.82:0/3579699082 shutdown_connections
2024-09-12T12:17:49.904 INFO:teuthology.orchestra.run.smithi082.stdout:/usr/bin/ceph: stderr
2024-09-12T12:17:49.136+0000 7f98457b9640 1 -- 172.21.15.82:0/3579699082 wait complete.
2024-09-12T12:17:49.904 INFO:teuthology.orchestra.run.smithi082.stdout:/usr/bin/ceph: stderr
2024-09-12T12:17:49.137+0000 7f98457b9640 1 Processor -- start
2024-09-12T12:17:49.904 INFO:teuthology.orchestra.run.smithi082.stdout:/usr/bin/ceph: stderr
2024-09-12T12:17:49.137+0000 7f98457b9640 1 -- start start
2024-09-12T12:17:49.904 INFO:teuthology.orchestra.run.smithi082.stdout:/usr/bin/ceph: stderr
2024-09-12T12:17:49.137+0000 7f98457b9640 1 --2- >> [v2:172.21.15.82:3300/0,v1:172.21.15.82:6789/0] conn(0x7f9840108380 0x7f984019b860 unknown :-1 s=NONE pgs=0 cs=0 l=1 rev1=0 crypto rx=0 tx=0 comp rx=0 tx=0).connect
2024-09-12T12:17:49.904 INFO:teuthology.orchestra.run.smithi082.stdout:/usr/bin/ceph: stderr
2024-09-12T12:17:49.137+0000 7f98457b9640 1 -- --> [v2:172.21.15.82:3300/0,v1:172.21.15.82:6789/0] -- mon_getmap magic: 0 -- 0x7f984010bc80 con 0x7f9840108380
2024-09-12T12:17:49.904 INFO:teuthology.orchestra.run.smithi082.stdout:/usr/bin/ceph: stderr
2024-09-12T12:17:49.137+0000 7f983effd640 1 --2- >> [v2:172.21.15.82:3300/0,v1:172.21.15.82:6789/0] conn(0x7f9840108380 0x7f984019b860 unknown :-1 s=BANNER_CONNECTING pgs=0 cs=0 l=1 rev1=0 crypto rx=0 tx=0 comp rx=0 tx=0)._handle_peer_banner_payload supported=3 required=0
2024-09-12T12:17:49.904 INFO:teuthology.orchestra.run.smithi082.stdout:/usr/bin/ceph: stderr
2024-09-12T12:17:49.137+0000 7f983effd640 1 --2- >> [v2:172.21.15.82:3300/0,v1:172.21.15.82:6789/0] conn(0x7f9840108380 0x7f984019b860 unknown :-1 s=HELLO_CONNECTING pgs=0 cs=0 l=1 rev1=1 crypto rx=0 tx=0 comp rx=0 tx=0).handle_hello peer v2:172.21.15.82:3300/0 says I am v2:172.21.15.82:56042/0 (socket says 172.21.15.82:56042)
2024-09-12T12:17:49.904 INFO:teuthology.orchestra.run.smithi082.stdout:/usr/bin/ceph: stderr
2024-09-12T12:17:49.137+0000 7f983effd640 1 -- 172.21.15.82:0/4095164520 learned_addr learned my addr 172.21.15.82:0/4095164520 (peer_addr_for_me v2:172.21.15.82:0/0)
2024-09-12T12:17:49.904 INFO:teuthology.orchestra.run.smithi082.stdout:/usr/bin/ceph: stderr
2024-09-12T12:17:49.137+0000 7f983effd640 1 -- 172.21.15.82:0/4095164520 --> [v2:172.21.15.82:3300/0,v1:172.21.15.82:6789/0] -- mon_subscribe({config=0+,monmap=0+}) -- 0x7f984019bda0 con 0x7f9840108380
2024-09-12T12:17:49.904 INFO:teuthology.orchestra.run.smithi082.stdout:/usr/bin/ceph: stderr
2024-09-12T12:17:49.137+0000 7f983effd640 1 --2- 172.21.15.82:0/4095164520 >> [v2:172.21.15.82:3300/0,v1:172.21.15.82:6789/0] conn(0x7f9840108380 0x7f984019b860 secure :-1 s=READY pgs=38 cs=0 l=1 rev1=1 crypto rx=0x7f9830032ce0 tx=0x7f9830032d10 comp rx=0 tx=0).ready entity=mon.0 client_cookie=0 server_cookie=0 in_seq=0 out_seq=0
2024-09-12T12:17:49.905 INFO:teuthology.orchestra.run.smithi082.stdout:/usr/bin/ceph: stderr
2024-09-12T12:17:49.138+0000 7f983cff9640 1 -- 172.21.15.82:0/4095164520 <== mon.0 v2:172.21.15.82:3300/0 1 ==== mon_map magic: 0 ==== 205+0+0 (secure 0 0 0) 0x7f9830042070 con 0x7f9840108380
2024-09-12T12:17:49.905 INFO:teuthology.orchestra.run.smithi082.stdout:/usr/bin/ceph: stderr
2024-09-12T12:17:49.138+0000 7f983cff9640 1 -- 172.21.15.82:0/4095164520 <== mon.0 v2:172.21.15.82:3300/0 2 ==== config(27 keys) ==== 1109+0+0 (secure 0 0 0) 0x7f98300308c0 con 0x7f9840108380
2024-09-12T12:17:49.905 INFO:teuthology.orchestra.run.smithi082.stdout:/usr/bin/ceph: stderr
2024-09-12T12:17:49.138+0000 7f983cff9640 1 -- 172.21.15.82:0/4095164520 <== mon.0 v2:172.21.15.82:3300/0 3 ==== mon_map magic: 0 ==== 205+0+0 (secure 0 0 0) 0x7f9830037040 con 0x7f9840108380
2024-09-12T12:17:49.905 INFO:teuthology.orchestra.run.smithi082.stdout:/usr/bin/ceph: stderr
2024-09-12T12:17:49.138+0000 7f98457b9640 1 -- 172.21.15.82:0/4095164520 --> [v2:172.21.15.82:3300/0,v1:172.21.15.82:6789/0] -- mon_subscribe({mgrmap=0+}) -- 0x7f984019c030 con 0x7f9840108380
2024-09-12T12:17:49.905 INFO:teuthology.orchestra.run.smithi082.stdout:/usr/bin/ceph: stderr
2024-09-12T12:17:49.138+0000 7f98457b9640 1 -- 172.21.15.82:0/4095164520 --> [v2:172.21.15.82:3300/0,v1:172.21.15.82:6789/0] -- mon_subscribe({osdmap=0}) -- 0x7f984019ed20 con 0x7f9840108380
2024-09-12T12:17:49.905 INFO:teuthology.orchestra.run.smithi082.stdout:/usr/bin/ceph: stderr
2024-09-12T12:17:49.139+0000 7f983cff9640 1 -- 172.21.15.82:0/4095164520 <== mon.0 v2:172.21.15.82:3300/0 4 ==== mgrmap(e 8) ==== 46287+0+0 (secure 0 0 0) 0x7f9830045070 con 0x7f9840108380
2024-09-12T12:17:49.905 INFO:teuthology.orchestra.run.smithi082.stdout:/usr/bin/ceph: stderr
2024-09-12T12:17:49.139+0000 7f98457b9640 1 -- 172.21.15.82:0/4095164520 --> [v2:172.21.15.82:3300/0,v1:172.21.15.82:6789/0] -- mon_command({"prefix": "get_command_descriptions"} v 0) -- 0x7f98401087e0 con 0x7f9840108380
2024-09-12T12:17:49.905 INFO:teuthology.orchestra.run.smithi082.stdout:/usr/bin/ceph: stderr
2024-09-12T12:17:49.139+0000 7f983cff9640 1 --2- 172.21.15.82:0/4095164520 >> [v2:172.21.15.82:6800/764080585,v1:172.21.15.82:6801/764080585] conn(0x7f982c038f70 0x7f982c03b430 unknown :-1 s=NONE pgs=0 cs=0 l=1 rev1=0 crypto rx=0 tx=0 comp rx=0 tx=0).connect
2024-09-12T12:17:49.905 INFO:teuthology.orchestra.run.smithi082.stdout:/usr/bin/ceph: stderr
2024-09-12T12:17:49.139+0000 7f983cff9640 1 -- 172.21.15.82:0/4095164520 <== mon.0 v2:172.21.15.82:3300/0 5 ==== osd_map(2..2 src has 1..2) ==== 940+0+0 (secure 0 0 0) 0x7f983006c040 con 0x7f9840108380
2024-09-12T12:17:49.905 INFO:teuthology.orchestra.run.smithi082.stdout:/usr/bin/ceph: stderr
2024-09-12T12:17:49.139+0000 7f9837fff640 1 --2- 172.21.15.82:0/4095164520 >> [v2:172.21.15.82:6800/764080585,v1:172.21.15.82:6801/764080585] conn(0x7f982c038f70 0x7f982c03b430 unknown :-1 s=BANNER_CONNECTING pgs=0 cs=0 l=1 rev1=0 crypto rx=0 tx=0 comp rx=0 tx=0)._handle_peer_banner_payload supported=3 required=0
2024-09-12T12:17:49.905 INFO:teuthology.orchestra.run.smithi082.stdout:/usr/bin/ceph: stderr
2024-09-12T12:17:49.139+0000 7f9837fff640 1 --2- 172.21.15.82:0/4095164520 >> [v2:172.21.15.82:6800/764080585,v1:172.21.15.82:6801/764080585] conn(0x7f982c038f70 0x7f982c03b430 secure :-1 s=READY pgs=8 cs=0 l=1 rev1=1 crypto rx=0x7f98280098c0 tx=0x7f9828006db0 comp rx=0 tx=0).ready entity=mgr.14118 client_cookie=0 server_cookie=0 in_seq=0 out_seq=0
2024-09-12T12:17:49.905 INFO:teuthology.orchestra.run.smithi082.stdout:/usr/bin/ceph: stderr
2024-09-12T12:17:49.144+0000 7f983cff9640 1 -- 172.21.15.82:0/4095164520 <== mon.0 v2:172.21.15.82:3300/0 6 ==== mon_command_ack([{"prefix": "get_command_descriptions"}]=0 v0) ==== 72+0+188821 (secure 0 0 0) 0x7f983004b170 con 0x7f9840108380
2024-09-12T12:17:49.905 INFO:teuthology.orchestra.run.smithi082.stdout:/usr/bin/ceph: stderr
2024-09-12T12:17:49.312+0000 7f98457b9640 1 -- 172.21.15.82:0/4095164520 --> [v2:172.21.15.82:6800/764080585,v1:172.21.15.82:6801/764080585] -- mgr_command(tid 0: {"prefix": "cephadm set-user", "user": "root", "target": ["mon-mgr", ""]}) -- 0x7f9840103280 con 0x7f982c038f70
2024-09-12T12:17:49.906 INFO:teuthology.orchestra.run.smithi082.stdout:/usr/bin/ceph: stderr
2024-09-12T12:17:49.313+0000 7f983cff9640 1 -- 172.21.15.82:0/4095164520 <== mgr.14118 v2:172.21.15.82:6800/764080585 1 ==== mgr_command_reply(tid 0: 0 ) ==== 8+0+16 (secure 0 0 0) 0x7f9840103280 con 0x7f982c038f70
2024-09-12T12:17:49.906 INFO:teuthology.orchestra.run.smithi082.stdout:/usr/bin/ceph: stderr
2024-09-12T12:17:49.315+0000 7f98457b9640 1 -- 172.21.15.82:0/4095164520 >> [v2:172.21.15.82:6800/764080585,v1:172.21.15.82:6801/764080585] conn(0x7f982c038f70 msgr2=0x7f982c03b430 secure :-1 s=STATE_CONNECTION_ESTABLISHED l=1).mark_down
2024-09-12T12:17:49.906 INFO:teuthology.orchestra.run.smithi082.stdout:/usr/bin/ceph: stderr
2024-09-12T12:17:49.315+0000 7f98457b9640 1 --2- 172.21.15.82:0/4095164520 >> [v2:172.21.15.82:6800/764080585,v1:172.21.15.82:6801/764080585] conn(0x7f982c038f70 0x7f982c03b430 secure :-1 s=READY pgs=8 cs=0 l=1 rev1=1 crypto rx=0x7f98280098c0 tx=0x7f9828006db0 comp rx=0 tx=0).stop
2024-09-12T12:17:49.906 INFO:teuthology.orchestra.run.smithi082.stdout:/usr/bin/ceph: stderr
2024-09-12T12:17:49.315+0000 7f98457b9640 1 -- 172.21.15.82:0/4095164520 >> [v2:172.21.15.82:3300/0,v1:172.21.15.82:6789/0] conn(0x7f9840108380 msgr2=0x7f984019b860 secure :-1 s=STATE_CONNECTION_ESTABLISHED l=1).mark_down
2024-09-12T12:17:49.906 INFO:teuthology.orchestra.run.smithi082.stdout:/usr/bin/ceph: stderr
2024-09-12T12:17:49.315+0000 7f98457b9640 1 --2- 172.21.15.82:0/4095164520 >> [v2:172.21.15.82:3300/0,v1:172.21.15.82:6789/0] conn(0x7f9840108380 0x7f984019b860 secure :-1 s=READY pgs=38 cs=0 l=1 rev1=1 crypto rx=0x7f9830032ce0 tx=0x7f9830032d10 comp rx=0 tx=0).stop
2024-09-12T12:17:49.906 INFO:teuthology.orchestra.run.smithi082.stdout:/usr/bin/ceph: stderr
2024-09-12T12:17:49.315+0000 7f98457b9640 1 -- 172.21.15.82:0/4095164520 shutdown_connections
2024-09-12T12:17:49.906 INFO:teuthology.orchestra.run.smithi082.stdout:/usr/bin/ceph: stderr
2024-09-12T12:17:49.315+0000 7f98457b9640 1 --2- 172.21.15.82:0/4095164520 >> [v2:172.21.15.82:6800/764080585,v1:172.21.15.82:6801/764080585] conn(0x7f982c038f70 0x7f982c03b430 unknown :-1 s=CLOSED pgs=8 cs=0 l=1 rev1=1 crypto rx=0 tx=0 comp rx=0 tx=0).stop
2024-09-12T12:17:49.906 INFO:teuthology.orchestra.run.smithi082.stdout:/usr/bin/ceph: stderr
2024-09-12T12:17:49.315+0000 7f98457b9640 1 --2- 172.21.15.82:0/4095164520 >> [v2:172.21.15.82:3300/0,v1:172.21.15.82:6789/0] conn(0x7f9840108380 0x7f984019b860 unknown :-1 s=CLOSED pgs=38 cs=0 l=1 rev1=1 crypto rx=0 tx=0 comp rx=0 tx=0).stop
2024-09-12T12:17:49.906 INFO:teuthology.orchestra.run.smithi082.stdout:/usr/bin/ceph: stderr
2024-09-12T12:17:49.315+0000 7f98457b9640 1 -- 172.21.15.82:0/4095164520 >> 172.21.15.82:0/4095164520 conn(0x7f9840101f40 msgr2=0x7f9840102b70 unknown :-1 s=STATE_NONE l=0).mark_down
2024-09-12T12:17:49.906 INFO:teuthology.orchestra.run.smithi082.stdout:/usr/bin/ceph: stderr
2024-09-12T12:17:49.315+0000 7f98457b9640 1 -- 172.21.15.82:0/4095164520 shutdown_connections
2024-09-12T12:17:49.906 INFO:teuthology.orchestra.run.smithi082.stdout:/usr/bin/ceph: stderr
2024-09-12T12:17:49.315+0000 7f98457b9640 1 -- 172.21.15.82:0/4095164520 wait complete.
