2024-09-12T12:18:11.616+0000 7f589f7fe640 1 --2- 172.21.15.82:0/1052438804 >> [v2:172.21.15.82:6800/2115848055,v1:172.21.15.82:6801/2115848055] conn(0x7f5894038eb0 0x7f589403b370 unknown :-1 s=NONE pgs=0 cs=0 l=1 rev1=0 crypto rx=0 tx=0 comp rx=0 tx=0).connect
2024-09-12T12:18:12.483 INFO:teuthology.orchestra.run.smithi082.stdout:/usr/bin/ceph: stderr
2024-09-12T12:18:11.616+0000 7f589f7fe640 1 -- 172.21.15.82:0/1052438804 <== mon.0 v2:172.21.15.82:3300/0 5 ==== osd_map(3..3 src has 1..3) ==== 1155+0+0 (secure 0 0 0) 0x7f589806c4a0 con 0x7f58a8107900
2024-09-12T12:18:12.483 INFO:teuthology.orchestra.run.smithi082.stdout:/usr/bin/ceph: stderr
2024-09-12T12:18:11.616+0000 7f589ffff640 1 --2- 172.21.15.82:0/1052438804 >> [v2:172.21.15.82:6800/2115848055,v1:172.21.15.82:6801/2115848055] conn(0x7f5894038eb0 0x7f589403b370 unknown :-1 s=BANNER_CONNECTING pgs=0 cs=0 l=1 rev1=0 crypto rx=0 tx=0 comp rx=0 tx=0)._handle_peer_banner_payload supported=3 required=0
2024-09-12T12:18:12.484 INFO:teuthology.orchestra.run.smithi082.stdout:/usr/bin/ceph: stderr
2024-09-12T12:18:11.616+0000 7f589ffff640 1 --2- 172.21.15.82:0/1052438804 >> [v2:172.21.15.82:6800/2115848055,v1:172.21.15.82:6801/2115848055] conn(0x7f5894038eb0 0x7f589403b370 secure :-1 s=READY pgs=7 cs=0 l=1 rev1=1 crypto rx=0x7f58900098c0 tx=0x7f5890006db0 comp rx=0 tx=0).ready entity=mgr.14150 client_cookie=0 server_cookie=0 in_seq=0 out_seq=0
2024-09-12T12:18:12.484 INFO:teuthology.orchestra.run.smithi082.stdout:/usr/bin/ceph: stderr
2024-09-12T12:18:11.620+0000 7f589f7fe640 1 -- 172.21.15.82:0/1052438804 <== mon.0 v2:172.21.15.82:3300/0 6 ==== mon_command_ack([{"prefix": "get_command_descriptions"}]=0 v0) ==== 72+0+188821 (secure 0 0 0) 0x7f5898044c70 con 0x7f58a8107900
2024-09-12T12:18:12.484 INFO:teuthology.orchestra.run.smithi082.stdout:/usr/bin/ceph: stderr
2024-09-12T12:18:11.651+0000 7f589f7fe640 1 -- 172.21.15.82:0/1052438804 <== mon.0 v2:172.21.15.82:3300/0 7 ==== mgrmap(e 12) ==== 46300+0+0 (secure 0 0 0) 0x7f589803ad80 con 0x7f58a8107900
2024-09-12T12:18:12.484 INFO:teuthology.orchestra.run.smithi082.stdout:/usr/bin/ceph: stderr
2024-09-12T12:18:11.801+0000 7f58acceb640 1 -- 172.21.15.82:0/1052438804 --> [v2:172.21.15.82:6800/2115848055,v1:172.21.15.82:6801/2115848055] -- mgr_command(tid 0: {"prefix": "dashboard create-self-signed-cert", "target": ["mon-mgr", ""]}) -- 0x7f58a8104380 con 0x7f5894038eb0
2024-09-12T12:18:12.484 INFO:teuthology.orchestra.run.smithi082.stdout:/usr/bin/ceph: stderr
2024-09-12T12:18:11.875+0000 7f589f7fe640 1 -- 172.21.15.82:0/1052438804 <== mgr.14150 v2:172.21.15.82:6800/2115848055 1 ==== mgr_command_reply(tid 0: 0 ) ==== 8+0+32 (secure 0 0 0) 0x7f58a8104380 con 0x7f5894038eb0
2024-09-12T12:18:12.484 INFO:teuthology.orchestra.run.smithi082.stdout:/usr/bin/ceph: stderr
2024-09-12T12:18:11.877+0000 7f58acceb640 1 -- 172.21.15.82:0/1052438804 >> [v2:172.21.15.82:6800/2115848055,v1:172.21.15.82:6801/2115848055] conn(0x7f5894038eb0 msgr2=0x7f589403b370 secure :-1 s=STATE_CONNECTION_ESTABLISHED l=1).mark_down
2024-09-12T12:18:12.484 INFO:teuthology.orchestra.run.smithi082.stdout:/usr/bin/ceph: stderr
2024-09-12T12:18:11.877+0000 7f58acceb640 1 --2- 172.21.15.82:0/1052438804 >> [v2:172.21.15.82:6800/2115848055,v1:172.21.15.82:6801/2115848055] conn(0x7f5894038eb0 0x7f589403b370 secure :-1 s=READY pgs=7 cs=0 l=1 rev1=1 crypto rx=0x7f58900098c0 tx=0x7f5890006db0 comp rx=0 tx=0).stop
2024-09-12T12:18:12.484 INFO:teuthology.orchestra.run.smithi082.stdout:/usr/bin/ceph: stderr
2024-09-12T12:18:11.877+0000 7f58acceb640 1 -- 172.21.15.82:0/1052438804 >> [v2:172.21.15.82:3300/0,v1:172.21.15.82:6789/0] conn(0x7f58a8107900 msgr2=0x7f58a819b8e0 secure :-1 s=STATE_CONNECTION_ESTABLISHED l=1).mark_down
2024-09-12T12:18:12.484 INFO:teuthology.orchestra.run.smithi082.stdout:/usr/bin/ceph: stderr
2024-09-12T12:18:11.877+0000 7f58acceb640 1 --2- 172.21.15.82:0/1052438804 >> [v2:172.21.15.82:3300/0,v1:172.21.15.82:6789/0] conn(0x7f58a8107900 0x7f58a819b8e0 secure :-1 s=READY pgs=69 cs=0 l=1 rev1=1 crypto rx=0x7f5898030560 tx=0x7f5898032670 comp rx=0 tx=0).stop
2024-09-12T12:18:12.484 INFO:teuthology.orchestra.run.smithi082.stdout:/usr/bin/ceph: stderr
2024-09-12T12:18:11.877+0000 7f58acceb640 1 -- 172.21.15.82:0/1052438804 shutdown_connections
2024-09-12T12:18:12.484 INFO:teuthology.orchestra.run.smithi082.stdout:/usr/bin/ceph: stderr
2024-09-12T12:18:11.877+0000 7f58acceb640 1 --2- 172.21.15.82:0/1052438804 >> [v2:172.21.15.82:6800/2115848055,v1:172.21.15.82:6801/2115848055] conn(0x7f5894038eb0 0x7f589403b370 unknown :-1 s=CLOSED pgs=7 cs=0 l=1 rev1=1 crypto rx=0 tx=0 comp rx=0 tx=0).stop
2024-09-12T12:18:12.484 INFO:teuthology.orchestra.run.smithi082.stdout:/usr/bin/ceph: stderr
2024-09-12T12:18:11.877+0000 7f58acceb640 1 --2- 172.21.15.82:0/1052438804 >> [v2:172.21.15.82:3300/0,v1:172.21.15.82:6789/0] conn(0x7f58a8107900 0x7f58a819b8e0 unknown :-1 s=CLOSED pgs=69 cs=0 l=1 rev1=1 crypto rx=0 tx=0 comp rx=0 tx=0).stop
2024-09-12T12:18:12.485 INFO:teuthology.orchestra.run.smithi082.stdout:/usr/bin/ceph: stderr
2024-09-12T12:18:11.877+0000 7f58acceb640 1 -- 172.21.15.82:0/1052438804 >> 172.21.15.82:0/1052438804 conn(0x7f58a81030b0 msgr2=0x7f58a8103c70 unknown :-1 s=STATE_NONE l=0).mark_down
2024-09-12T12:18:12.485 INFO:teuthology.orchestra.run.smithi082.stdout:/usr/bin/ceph: stderr
2024-09-12T12:18:11.877+0000 7f58acceb640 1 -- 172.21.15.82:0/1052438804 shutdown_connections
2024-09-12T12:18:12.485 INFO:teuthology.orchestra.run.smithi082.stdout:/usr/bin/ceph: stderr
2024-09-12T12:18:11.877+0000 7f58acceb640 1 -- 172.21.15.82:0/1052438804 wait complete.
2024-09-12T12:18:12.485 INFO:teuthology.orchestra.run.smithi082.stdout:Creating initial admin user...
2024-09-12T12:18:13.487 INFO:journalctl@ceph.mon.a.smithi082.stdout:Sep 12 12:18:13 smithi082 ceph-mon[31122]: from='client.14162 -' entity='client.admin' cmd=[{"prefix": "dashboard create-self-signed-cert", "target": ["mon-mgr", ""]}]: dispatch
2024-09-12T12:18:13.982 INFO:teuthology.orchestra.run.smithi082.stdout:/usr/bin/ceph: stdout {"username": "admin", "password": "$2b$12$ZuZf7iOtu90Qxf.V2z9.0.w/6GuQiKHd7z5lyvT0ZcTdXqFXJg9LG", "roles": ["administrator"], "name": null, "email": null, "lastUpdate": 1726143493, "enabled": true, "pwdExpirationDate": null, "pwdUpdateRequired": true}
2024-09-12T12:18:13.982 INFO:teuthology.orchestra.run.smithi082.stdout:/usr/bin/ceph: stderr
2024-09-12T12:18:12.868+0000 7faa48785640 1 Processor -- start
2024-09-12T12:18:13.982 INFO:teuthology.orchestra.run.smithi082.stdout:/usr/bin/ceph: stderr
2024-09-12T12:18:12.868+0000 7faa48785640 1 -- start start
2024-09-12T12:18:13.982 INFO:teuthology.orchestra.run.smithi082.stdout:/usr/bin/ceph: stderr
2024-09-12T12:18:12.869+0000 7faa48785640 1 --2- >> [v2:172.21.15.82:3300/0,v1:172.21.15.82:6789/0] conn(0x7faa401067d0 0x7faa40106bd0 unknown :-1 s=NONE pgs=0 cs=0 l=0 rev1=0 crypto rx=0 tx=0 comp rx=0 tx=0).connect
2024-09-12T12:18:13.982 INFO:teuthology.orchestra.run.smithi082.stdout:/usr/bin/ceph: stderr
2024-09-12T12:18:12.869+0000 7faa48785640 1 -- --> [v2:172.21.15.82:3300/0,v1:172.21.15.82:6789/0] -- mon_getmap magic: 0 -- 0x7faa401071a0 con 0x7faa401067d0
2024-09-12T12:18:13.982 INFO:teuthology.orchestra.run.smithi082.stdout:/usr/bin/ceph: stderr
2024-09-12T12:18:12.869+0000 7faa46521640 1 --2- >> [v2:172.21.15.82:3300/0,v1:172.21.15.82:6789/0] conn(0x7faa401067d0 0x7faa40106bd0 unknown :-1 s=BANNER_CONNECTING pgs=0 cs=0 l=0 rev1=0 crypto rx=0 tx=0 comp rx=0 tx=0)._handle_peer_banner_payload supported=3 required=0
2024-09-12T12:18:13.983 INFO:teuthology.orchestra.run.smithi082.stdout:/usr/bin/ceph: stderr
2024-09-12T12:18:12.869+0000 7faa46521640 1 --2- >> [v2:172.21.15.82:3300/0,v1:172.21.15.82:6789/0] conn(0x7faa401067d0 0x7faa40106bd0 unknown :-1 s=HELLO_CONNECTING pgs=0 cs=0 l=0 rev1=1 crypto rx=0 tx=0 comp rx=0 tx=0).handle_hello peer v2:172.21.15.82:3300/0 says I am v2:172.21.15.82:44600/0 (socket says 172.21.15.82:44600)
2024-09-12T12:18:13.983 INFO:teuthology.orchestra.run.smithi082.stdout:/usr/bin/ceph: stderr
2024-09-12T12:18:12.869+0000 7faa46521640 1 -- 172.21.15.82:0/869316896 learned_addr learned my addr 172.21.15.82:0/869316896 (peer_addr_for_me v2:172.21.15.82:0/0)
2024-09-12T12:18:13.983 INFO:teuthology.orchestra.run.smithi082.stdout:/usr/bin/ceph: stderr
2024-09-12T12:18:12.869+0000 7faa46521640 1 -- 172.21.15.82:0/869316896 --> [v2:172.21.15.82:3300/0,v1:172.21.15.82:6789/0] -- mon_subscribe({config=0+,monmap=0+}) -- 0x7faa401079d0 con 0x7faa401067d0
2024-09-12T12:18:13.983 INFO:teuthology.orchestra.run.smithi082.stdout:/usr/bin/ceph: stderr
2024-09-12T12:18:12.870+0000 7faa46521640 1 --2- 172.21.15.82:0/869316896 >> [v2:172.21.15.82:3300/0,v1:172.21.15.82:6789/0] conn(0x7faa401067d0 0x7faa40106bd0 secure :-1 s=READY pgs=70 cs=0 l=1 rev1=1 crypto rx=0x7faa3c009820 tx=0x7faa3c02a270 comp rx=0 tx=0).ready entity=mon.0 client_cookie=9cbdc1a068f18637 server_cookie=0 in_seq=0 out_seq=0
2024-09-12T12:18:13.983 INFO:teuthology.orchestra.run.smithi082.stdout:/usr/bin/ceph: stderr
2024-09-12T12:18:12.870+0000 7faa4551f640 1 -- 172.21.15.82:0/869316896 <== mon.0 v2:172.21.15.82:3300/0 1 ==== mon_map magic: 0 ==== 205+0+0 (secure 0 0 0) 0x7faa3c037070 con 0x7faa401067d0
2024-09-12T12:18:13.983 INFO:teuthology.orchestra.run.smithi082.stdout:/usr/bin/ceph: stderr
2024-09-12T12:18:12.870+0000 7faa4551f640 1 -- 172.21.15.82:0/869316896 <== mon.0 v2:172.21.15.82:3300/0 2 ==== config(27 keys) ==== 1140+0+0 (secure 0 0 0) 0x7faa3c032920 con 0x7faa401067d0
2024-09-12T12:18:13.983 INFO:teuthology.orchestra.run.smithi082.stdout:/usr/bin/ceph: stderr
2024-09-12T12:18:12.870+0000 7faa4551f640 1 -- 172.21.15.82:0/869316896 <== mon.0 v2:172.21.15.82:3300/0 3 ==== mon_map magic: 0 ==== 205+0+0 (secure 0 0 0) 0x7faa3c030810 con 0x7faa401067d0
2024-09-12T12:18:13.983 INFO:teuthology.orchestra.run.smithi082.stdout:/usr/bin/ceph: stderr
2024-09-12T12:18:12.871+0000 7faa48785640 1 -- 172.21.15.82:0/869316896 >> [v2:172.21.15.82:3300/0,v1:172.21.15.82:6789/0] conn(0x7faa401067d0 msgr2=0x7faa40106bd0 secure :-1 s=STATE_CONNECTION_ESTABLISHED l=1).mark_down
2024-09-12T12:18:13.983 INFO:teuthology.orchestra.run.smithi082.stdout:/usr/bin/ceph: stderr
2024-09-12T12:18:12.871+0000 7faa48785640 1 --2- 172.21.15.82:0/869316896 >> [v2:172.21.15.82:3300/0,v1:172.21.15.82:6789/0] conn(0x7faa401067d0 0x7faa40106bd0 secure :-1 s=READY pgs=70 cs=0 l=1 rev1=1 crypto rx=0x7faa3c009820 tx=0x7faa3c02a270 comp rx=0 tx=0).stop
2024-09-12T12:18:13.983 INFO:teuthology.orchestra.run.smithi082.stdout:/usr/bin/ceph: stderr
2024-09-12T12:18:12.871+0000 7faa48785640 1 -- 172.21.15.82:0/869316896 shutdown_connections
2024-09-12T12:18:13.983 INFO:teuthology.orchestra.run.smithi082.stdout:/usr/bin/ceph: stderr
2024-09-12T12:18:12.871+0000 7faa48785640 1 --2- 172.21.15.82:0/869316896 >> [v2:172.21.15.82:3300/0,v1:172.21.15.82:6789/0] conn(0x7faa401067d0 0x7faa40106bd0 unknown :-1 s=CLOSED pgs=70 cs=0 l=1 rev1=1 crypto rx=0 tx=0 comp rx=0 tx=0).stop
2024-09-12T12:18:13.984 INFO:teuthology.orchestra.run.smithi082.stdout:/usr/bin/ceph: stderr
2024-09-12T12:18:12.871+0000 7faa48785640 1 -- 172.21.15.82:0/869316896 >> 172.21.15.82:0/869316896 conn(0x7faa40101f80 msgr2=0x7faa401043a0 unknown :-1 s=STATE_NONE l=0).mark_down
2024-09-12T12:18:13.984 INFO:teuthology.orchestra.run.smithi082.stdout:/usr/bin/ceph: stderr
2024-09-12T12:18:12.871+0000 7faa48785640 1 -- 172.21.15.82:0/869316896 shutdown_connections
2024-09-12T12:18:13.984 INFO:teuthology.orchestra.run.smithi082.stdout:/usr/bin/ceph: stderr
2024-09-12T12:18:12.871+0000 7faa48785640 1 -- 172.21.15.82:0/869316896 wait complete.
2024-09-12T12:18:13.984 INFO:teuthology.orchestra.run.smithi082.stdout:/usr/bin/ceph: stderr
2024-09-12T12:18:12.872+0000 7faa48785640 1 Processor -- start
2024-09-12T12:18:13.984 INFO:teuthology.orchestra.run.smithi082.stdout:/usr/bin/ceph: stderr
2024-09-12T12:18:12.872+0000 7faa48785640 1 -- start start
2024-09-12T12:18:13.984 INFO:teuthology.orchestra.run.smithi082.stdout:/usr/bin/ceph: stderr
2024-09-12T12:18:12.872+0000 7faa48785640 1 --2- >> [v2:172.21.15.82:3300/0,v1:172.21.15.82:6789/0] conn(0x7faa401067d0 0x7faa4019a780 unknown :-1 s=NONE pgs=0 cs=0 l=1 rev1=0 crypto rx=0 tx=0 comp rx=0 tx=0).connect
2024-09-12T12:18:13.984 INFO:teuthology.orchestra.run.smithi082.stdout:/usr/bin/ceph: stderr
2024-09-12T12:18:12.872+0000 7faa46521640 1 --2- >> [v2:172.21.15.82:3300/0,v1:172.21.15.82:6789/0] conn(0x7faa401067d0 0x7faa4019a780 unknown :-1 s=BANNER_CONNECTING pgs=0 cs=0 l=1 rev1=0 crypto rx=0 tx=0 comp rx=0 tx=0)._handle_peer_banner_payload supported=3 required=0
2024-09-12T12:18:13.984 INFO:teuthology.orchestra.run.smithi082.stdout:/usr/bin/ceph: stderr
2024-09-12T12:18:12.872+0000 7faa46521640 1 --2- >> [v2:172.21.15.82:3300/0,v1:172.21.15.82:6789/0] conn(0x7faa401067d0 0x7faa4019a780 unknown :-1 s=HELLO_CONNECTING pgs=0 cs=0 l=1 rev1=1 crypto rx=0 tx=0 comp rx=0 tx=0).handle_hello peer v2:172.21.15.82:3300/0 says I am v2:172.21.15.82:44604/0 (socket says 172.21.15.82:44604)
2024-09-12T12:18:13.984 INFO:teuthology.orchestra.run.smithi082.stdout:/usr/bin/ceph: stderr
2024-09-12T12:18:12.872+0000 7faa46521640 1 -- 172.21.15.82:0/3202366899 learned_addr learned my addr 172.21.15.82:0/3202366899 (peer_addr_for_me v2:172.21.15.82:0/0)
2024-09-12T12:18:13.984 INFO:teuthology.orchestra.run.smithi082.stdout:/usr/bin/ceph: stderr
2024-09-12T12:18:12.872+0000 7faa48785640 1 -- 172.21.15.82:0/3202366899 --> [v2:172.21.15.82:3300/0,v1:172.21.15.82:6789/0] -- mon_getmap magic: 0 -- 0x7faa4010ad80 con 0x7faa401067d0
2024-09-12T12:18:13.984 INFO:teuthology.orchestra.run.smithi082.stdout:/usr/bin/ceph: stderr
2024-09-12T12:18:12.873+0000 7faa46521640 1 -- 172.21.15.82:0/3202366899 --> [v2:172.21.15.82:3300/0,v1:172.21.15.82:6789/0] -- mon_subscribe({config=0+,monmap=0+}) -- 0x7faa4019acc0 con 0x7faa401067d0
2024-09-12T12:18:13.985 INFO:teuthology.orchestra.run.smithi082.stdout:/usr/bin/ceph: stderr
2024-09-12T12:18:12.873+0000 7faa46521640 1 --2- 172.21.15.82:0/3202366899 >> [v2:172.21.15.82:3300/0,v1:172.21.15.82:6789/0] conn(0x7faa401067d0 0x7faa4019a780 secure :-1 s=READY pgs=71 cs=0 l=1 rev1=1 crypto rx=0x7faa3c030560 tx=0x7faa3c032670 comp rx=0 tx=0).ready entity=mon.0 client_cookie=0 server_cookie=0 in_seq=0 out_seq=0
2024-09-12T12:18:13.985 INFO:teuthology.orchestra.run.smithi082.stdout:/usr/bin/ceph: stderr
2024-09-12T12:18:12.873+0000 7faa377fe640 1 -- 172.21.15.82:0/3202366899 <== mon.0 v2:172.21.15.82:3300/0 1 ==== mon_map magic: 0 ==== 205+0+0 (secure 0 0 0) 0x7faa3c037040 con 0x7faa401067d0
2024-09-12T12:18:13.985 INFO:teuthology.orchestra.run.smithi082.stdout:/usr/bin/ceph: stderr
2024-09-12T12:18:12.873+0000 7faa377fe640 1 -- 172.21.15.82:0/3202366899 <== mon.0 v2:172.21.15.82:3300/0 2 ==== config(27 keys) ==== 1140+0+0 (secure 0 0 0) 0x7faa3c040070 con 0x7faa401067d0
2024-09-12T12:18:13.985 INFO:teuthology.orchestra.run.smithi082.stdout:/usr/bin/ceph: stderr
2024-09-12T12:18:12.873+0000 7faa48785640 1 -- 172.21.15.82:0/3202366899 --> [v2:172.21.15.82:3300/0,v1:172.21.15.82:6789/0] -- mon_subscribe({mgrmap=0+}) -- 0x7faa4019af50 con 0x7faa401067d0
2024-09-12T12:18:13.985 INFO:teuthology.orchestra.run.smithi082.stdout:/usr/bin/ceph: stderr
2024-09-12T12:18:12.873+0000 7faa377fe640 1 -- 172.21.15.82:0/3202366899 <== mon.0 v2:172.21.15.82:3300/0 3 ==== mon_map magic: 0 ==== 205+0+0 (secure 0 0 0) 0x7faa3c03a740 con 0x7faa401067d0
2024-09-12T12:18:13.985 INFO:teuthology.orchestra.run.smithi082.stdout:/usr/bin/ceph: stderr
2024-09-12T12:18:12.873+0000 7faa48785640 1 -- 172.21.15.82:0/3202366899 --> [v2:172.21.15.82:3300/0,v1:172.21.15.82:6789/0] -- mon_subscribe({osdmap=0}) -- 0x7faa4019b370 con 0x7faa401067d0
2024-09-12T12:18:13.985 INFO:teuthology.orchestra.run.smithi082.stdout:/usr/bin/ceph: stderr
2024-09-12T12:18:12.874+0000 7faa377fe640 1 -- 172.21.15.82:0/3202366899 <== mon.0 v2:172.21.15.82:3300/0 4 ==== mgrmap(e 12) ==== 46300+0+0 (secure 0 0 0) 0x7faa3c03a8e0 con 0x7faa401067d0
2024-09-12T12:18:13.985 INFO:teuthology.orchestra.run.smithi082.stdout:/usr/bin/ceph: stderr
2024-09-12T12:18:12.874+0000 7faa377fe640 1 --2- 172.21.15.82:0/3202366899 >> [v2:172.21.15.82:6800/2115848055,v1:172.21.15.82:6801/2115848055] conn(0x7faa2c03b230 0x7faa2c03d6f0 unknown :-1 s=NONE pgs=0 cs=0 l=1 rev1=0 crypto rx=0 tx=0 comp rx=0 tx=0).connect
2024-09-12T12:18:13.985 INFO:teuthology.orchestra.run.smithi082.stdout:/usr/bin/ceph: stderr
2024-09-12T12:18:12.874+0000 7faa377fe640 1 -- 172.21.15.82:0/3202366899 <== mon.0 v2:172.21.15.82:3300/0 5 ==== osd_map(3..3 src has 1..3) ==== 1155+0+0 (secure 0 0 0) 0x7faa3c06d720 con 0x7faa401067d0
2024-09-12T12:18:13.985 INFO:teuthology.orchestra.run.smithi082.stdout:/usr/bin/ceph: stderr
2024-09-12T12:18:12.874+0000 7faa48785640 1 -- 172.21.15.82:0/3202366899 --> [v2:172.21.15.82:3300/0,v1:172.21.15.82:6789/0] -- mon_command({"prefix": "get_command_descriptions"} v 0) -- 0x7faa40106c50 con 0x7faa401067d0
2024-09-12T12:18:13.985 INFO:teuthology.orchestra.run.smithi082.stdout:/usr/bin/ceph: stderr
2024-09-12T12:18:12.874+0000 7faa45d20640 1 --2- 172.21.15.82:0/3202366899 >> [v2:172.21.15.82:6800/2115848055,v1:172.21.15.82:6801/2115848055] conn(0x7faa2c03b230 0x7faa2c03d6f0 unknown :-1 s=BANNER_CONNECTING pgs=0 cs=0 l=1 rev1=0 crypto rx=0 tx=0 comp rx=0 tx=0)._handle_peer_banner_payload supported=3 required=0
2024-09-12T12:18:13.985 INFO:teuthology.orchestra.run.smithi082.stdout:/usr/bin/ceph: stderr
2024-09-12T12:18:12.875+0000 7faa45d20640 1 --2- 172.21.15.82:0/3202366899 >> [v2:172.21.15.82:6800/2115848055,v1:172.21.15.82:6801/2115848055] conn(0x7faa2c03b230 0x7faa2c03d6f0 secure :-1 s=READY pgs=8 cs=0 l=1 rev1=1 crypto rx=0x7faa300098c0 tx=0x7faa30006db0 comp rx=0 tx=0).ready entity=mgr.14150 client_cookie=0 server_cookie=0 in_seq=0 out_seq=0
2024-09-12T12:18:13.985 INFO:teuthology.orchestra.run.smithi082.stdout:/usr/bin/ceph: stderr
2024-09-12T12:18:12.884+0000 7faa377fe640 1 -- 172.21.15.82:0/3202366899 <== mon.0 v2:172.21.15.82:3300/0 6 ==== mon_command_ack([{"prefix": "get_command_descriptions"}]=0 v0) ==== 72+0+188821 (secure 0 0 0) 0x7faa3c044c70 con 0x7faa401067d0
2024-09-12T12:18:13.986 INFO:teuthology.orchestra.run.smithi082.stdout:/usr/bin/ceph: stderr
2024-09-12T12:18:13.072+0000 7faa48785640 1 -- 172.21.15.82:0/3202366899 --> [v2:172.21.15.82:6800/2115848055,v1:172.21.15.82:6801/2115848055] -- mgr_command(tid 0: {"prefix": "dashboard ac-user-create", "username": "admin", "rolename": "administrator", "force_password": true, "pwd_update_required": true, "target": ["mon-mgr", ""]}) -- 0x7faa4007b010 con 0x7faa2c03b230
2024-09-12T12:18:13.986 INFO:teuthology.orchestra.run.smithi082.stdout:/usr/bin/ceph: stderr
2024-09-12T12:18:13.296+0000 7faa377fe640 1 -- 172.21.15.82:0/3202366899 <== mgr.14150 v2:172.21.15.82:6800/2115848055 1 ==== mgr_command_reply(tid 0: 0 ) ==== 8+0+252 (secure 0 0 0) 0x7faa4007b010 con 0x7faa2c03b230
2024-09-12T12:18:13.986 INFO:teuthology.orchestra.run.smithi082.stdout:/usr/bin/ceph: stderr
2024-09-12T12:18:13.299+0000 7faa48785640 1 -- 172.21.15.82:0/3202366899 >> [v2:172.21.15.82:6800/2115848055,v1:172.21.15.82:6801/2115848055] conn(0x7faa2c03b230 msgr2=0x7faa2c03d6f0 secure :-1 s=STATE_CONNECTION_ESTABLISHED l=1).mark_down
2024-09-12T12:18:13.986 INFO:teuthology.orchestra.run.smithi082.stdout:/usr/bin/ceph: stderr
2024-09-12T12:18:13.299+0000 7faa48785640 1 --2- 172.21.15.82:0/3202366899 >> [v2:172.21.15.82:6800/2115848055,v1:172.21.15.82:6801/2115848055] conn(0x7faa2c03b230 0x7faa2c03d6f0 secure :-1 s=READY pgs=8 cs=0 l=1 rev1=1 crypto rx=0x7faa300098c0 tx=0x7faa30006db0 comp rx=0 tx=0).stop
2024-09-12T12:18:13.986 INFO:teuthology.orchestra.run.smithi082.stdout:/usr/bin/ceph: stderr
2024-09-12T12:18:13.299+0000 7faa48785640 1 -- 172.21.15.82:0/3202366899 >> [v2:172.21.15.82:3300/0,v1:172.21.15.82:6789/0] conn(0x7faa401067d0 msgr2=0x7faa4019a780 secure :-1 s=STATE_CONNECTION_ESTABLISHED l=1).mark_down
2024-09-12T12:18:13.986 INFO:teuthology.orchestra.run.smithi082.stdout:/usr/bin/ceph: stderr
2024-09-12T12:18:13.299+0000 7faa48785640 1 --2- 172.21.15.82:0/3202366899 >> [v2:172.21.15.82:3300/0,v1:172.21.15.82:6789/0] conn(0x7faa401067d0 0x7faa4019a780 secure :-1 s=READY pgs=71 cs=0 l=1 rev1=1 crypto rx=0x7faa3c030560 tx=0x7faa3c032670 comp rx=0 tx=0).stop
2024-09-12T12:18:13.986 INFO:teuthology.orchestra.run.smithi082.stdout:/usr/bin/ceph: stderr
2024-09-12T12:18:13.299+0000 7faa48785640 1 -- 172.21.15.82:0/3202366899 shutdown_connections
2024-09-12T12:18:13.986 INFO:teuthology.orchestra.run.smithi082.stdout:/usr/bin/ceph: stderr
2024-09-12T12:18:13.299+0000 7faa48785640 1 --2- 172.21.15.82:0/3202366899 >> [v2:172.21.15.82:6800/2115848055,v1:172.21.15.82:6801/2115848055] conn(0x7faa2c03b230 0x7faa2c03d6f0 unknown :-1 s=CLOSED pgs=8 cs=0 l=1 rev1=1 crypto rx=0 tx=0 comp rx=0 tx=0).stop
2024-09-12T12:18:13.986 INFO:teuthology.orchestra.run.smithi082.stdout:/usr/bin/ceph: stderr
2024-09-12T12:18:13.299+0000 7faa48785640 1 --2- 172.21.15.82:0/3202366899 >> [v2:172.21.15.82:3300/0,v1:172.21.15.82:6789/0] conn(0x7faa401067d0 0x7faa4019a780 unknown :-1 s=CLOSED pgs=71 cs=0 l=1 rev1=1 crypto rx=0 tx=0 comp rx=0 tx=0).stop
2024-09-12T12:18:13.986 INFO:teuthology.orchestra.run.smithi082.stdout:/usr/bin/ceph: stderr
2024-09-12T12:18:13.299+0000 7faa48785640 1 -- 172.21.15.82:0/3202366899 >> 172.21.15.82:0/3202366899 conn(0x7faa40101f80 msgr2=0x7faa40102b10 unknown :-1 s=STATE_NONE l=0).mark_down
2024-09-12T12:18:13.986 INFO:teuthology.orchestra.run.smithi082.stdout:/usr/bin/ceph: stderr
2024-09-12T12:18:13.299+0000 7faa48785640 1 -- 172.21.15.82:0/3202366899 shutdown_connections
2024-09-12T12:18:13.986 INFO:teuthology.orchestra.run.smithi082.stdout:/usr/bin/ceph: stderr
2024-09-12T12:18:13.299+0000 7faa48785640 1 -- 172.21.15.82:0/3202366899 wait complete.
2024-09-12T12:18:13.986 INFO:teuthology.orchestra.run.smithi082.stdout:Fetching dashboard port number...
2024-09-12T12:18:14.530 INFO:journalctl@ceph.mon.a.smithi082.stdout:Sep 12 12:18:14 smithi082 ceph-mon[31122]: from='client.14164 -' entity='client.admin' cmd=[{"prefix": "dashboard ac-user-create", "username": "admin", "rolename": "administrator", "force_password": true, "pwd_update_required": true, "target": ["mon-mgr", ""]}]: dispatch
2024-09-12T12:18:14.530 INFO:journalctl@ceph.mon.a.smithi082.stdout:Sep 12 12:18:14 smithi082 ceph-mon[31122]: from='mgr.14150 172.21.15.82:0/4012173711' entity='mgr.x'
2024-09-12T12:18:15.541 INFO:teuthology.orchestra.run.smithi082.stdout:/usr/bin/ceph: stdout 8443
2024-09-12T12:18:15.542 INFO:teuthology.orchestra.run.smithi082.stdout:/usr/bin/ceph: stderr
2024-09-12T12:18:14.850+0000 7fec0c84a640 1 Processor -- start
2024-09-12T12:18:15.542 INFO:teuthology.orchestra.run.smithi082.stdout:/usr/bin/ceph: stderr
2024-09-12T12:18:14.850+0000 7fec0c84a640 1 -- start start
2024-09-12T12:18:15.542 INFO:teuthology.orchestra.run.smithi082.stdout:/usr/bin/ceph: stderr
2024-09-12T12:18:14.850+0000 7fec0c84a640 1 --2- >> [v2:172.21.15.82:3300/0,v1:172.21.15.82:6789/0] conn(0x7fec0807de80 0x7fec0807c2e0 unknown :-1 s=NONE pgs=0 cs=0 l=0 rev1=0 crypto rx=0 tx=0 comp rx=0 tx=0).connect
2024-09-12T12:18:15.542 INFO:teuthology.orchestra.run.smithi082.stdout:/usr/bin/ceph: stderr
2024-09-12T12:18:14.850+0000 7fec0c84a640 1 -- --> [v2:172.21.15.82:3300/0,v1:172.21.15.82:6789/0] -- mon_getmap magic: 0 -- 0x7fec0807c8b0 con 0x7fec0807de80
2024-09-12T12:18:15.542 INFO:teuthology.orchestra.run.smithi082.stdout:/usr/bin/ceph: stderr
2024-09-12T12:18:14.850+0000 7fec0659c640 1 --2- >> [v2:172.21.15.82:3300/0,v1:172.21.15.82:6789/0] conn(0x7fec0807de80 0x7fec0807c2e0 unknown :-1 s=BANNER_CONNECTING pgs=0 cs=0 l=0 rev1=0 crypto rx=0 tx=0 comp rx=0 tx=0)._handle_peer_banner_payload supported=3 required=0
2024-09-12T12:18:15.542 INFO:teuthology.orchestra.run.smithi082.stdout:/usr/bin/ceph: stderr
2024-09-12T12:18:14.850+0000 7fec0659c640 1 --2- >> [v2:172.21.15.82:3300/0,v1:172.21.15.82:6789/0] conn(0x7fec0807de80 0x7fec0807c2e0 unknown :-1 s=HELLO_CONNECTING pgs=0 cs=0 l=0 rev1=1 crypto rx=0 tx=0 comp rx=0 tx=0).handle_hello peer v2:172.21.15.82:3300/0 says I am v2:172.21.15.82:44616/0 (socket says 172.21.15.82:44616)
2024-09-12T12:18:15.542 INFO:teuthology.orchestra.run.smithi082.stdout:/usr/bin/ceph: stderr
2024-09-12T12:18:14.850+0000 7fec0659c640 1 -- 172.21.15.82:0/2355533041 learned_addr learned my addr 172.21.15.82:0/2355533041 (peer_addr_for_me v2:172.21.15.82:0/0)
2024-09-12T12:18:15.542 INFO:teuthology.orchestra.run.smithi082.stdout:/usr/bin/ceph: stderr
2024-09-12T12:18:14.851+0000 7fec0659c640 1 -- 172.21.15.82:0/2355533041 --> [v2:172.21.15.82:3300/0,v1:172.21.15.82:6789/0] -- mon_subscribe({config=0+,monmap=0+}) -- 0x7fec0807ca30 con 0x7fec0807de80
2024-09-12T12:18:15.542 INFO:teuthology.orchestra.run.smithi082.stdout:/usr/bin/ceph: stderr
2024-09-12T12:18:14.851+0000 7fec0659c640 1 --2- 172.21.15.82:0/2355533041 >> [v2:172.21.15.82:3300/0,v1:172.21.15.82:6789/0] conn(0x7fec0807de80 0x7fec0807c2e0 secure :-1 s=READY pgs=72 cs=0 l=1 rev1=1 crypto rx=0x7febf8009820 tx=0x7febf802a270 comp rx=0 tx=0).ready entity=mon.0 client_cookie=1be03752cb1fd53d server_cookie=0 in_seq=0 out_seq=0
2024-09-12T12:18:15.543 INFO:teuthology.orchestra.run.smithi082.stdout:/usr/bin/ceph: stderr
2024-09-12T12:18:14.851+0000 7fec05d9b640 1 -- 172.21.15.82:0/2355533041 <== mon.0 v2:172.21.15.82:3300/0 1 ==== mon_map magic: 0 ==== 205+0+0 (secure 0 0 0) 0x7febf8037070 con 0x7fec0807de80
2024-09-12T12:18:15.543 INFO:teuthology.orchestra.run.smithi082.stdout:/usr/bin/ceph: stderr
2024-09-12T12:18:14.851+0000 7fec05d9b640 1 -- 172.21.15.82:0/2355533041 <== mon.0 v2:172.21.15.82:3300/0 2 ==== config(27 keys) ==== 1140+0+0 (secure 0 0 0) 0x7febf8032920 con 0x7fec0807de80
2024-09-12T12:18:15.543 INFO:teuthology.orchestra.run.smithi082.stdout:/usr/bin/ceph: stderr
2024-09-12T12:18:14.851+0000 7fec05d9b640 1 -- 172.21.15.82:0/2355533041 <== mon.0 v2:172.21.15.82:3300/0 3 ==== mon_map magic: 0 ==== 205+0+0 (secure 0 0 0) 0x7febf8030810 con 0x7fec0807de80
2024-09-12T12:18:15.543 INFO:teuthology.orchestra.run.smithi082.stdout:/usr/bin/ceph: stderr
2024-09-12T12:18:14.852+0000 7fec0c84a640 1 -- 172.21.15.82:0/2355533041 >> [v2:172.21.15.82:3300/0,v1:172.21.15.82:6789/0] conn(0x7fec0807de80 msgr2=0x7fec0807c2e0 secure :-1 s=STATE_CONNECTION_ESTABLISHED l=1).mark_down
2024-09-12T12:18:15.543 INFO:teuthology.orchestra.run.smithi082.stdout:/usr/bin/ceph: stderr
2024-09-12T12:18:14.852+0000 7fec0c84a640 1 --2- 172.21.15.82:0/2355533041 >> [v2:172.21.15.82:3300/0,v1:172.21.15.82:6789/0] conn(0x7fec0807de80 0x7fec0807c2e0 secure :-1 s=READY pgs=72 cs=0 l=1 rev1=1 crypto rx=0x7febf8009820 tx=0x7febf802a270 comp rx=0 tx=0).stop
2024-09-12T12:18:15.543 INFO:teuthology.orchestra.run.smithi082.stdout:/usr/bin/ceph: stderr
2024-09-12T12:18:14.852+0000 7fec0c84a640 1 -- 172.21.15.82:0/2355533041 shutdown_connections
2024-09-12T12:18:15.543 INFO:teuthology.orchestra.run.smithi082.stdout:/usr/bin/ceph: stderr
2024-09-12T12:18:14.852+0000 7fec0c84a640 1 --2- 172.21.15.82:0/2355533041 >> [v2:172.21.15.82:3300/0,v1:172.21.15.82:6789/0] conn(0x7fec0807de80 0x7fec0807c2e0 unknown :-1 s=CLOSED pgs=72 cs=0 l=1 rev1=1 crypto rx=0 tx=0 comp rx=0 tx=0).stop
2024-09-12T12:18:15.543 INFO:teuthology.orchestra.run.smithi082.stdout:/usr/bin/ceph: stderr
2024-09-12T12:18:14.852+0000 7fec0c84a640 1 -- 172.21.15.82:0/2355533041 >> 172.21.15.82:0/2355533041 conn(0x7fec081030b0 msgr2=0x7fec081054d0 unknown :-1 s=STATE_NONE l=0).mark_down
2024-09-12T12:18:15.543 INFO:teuthology.orchestra.run.smithi082.stdout:/usr/bin/ceph: stderr
2024-09-12T12:18:14.852+0000 7fec0c84a640 1 -- 172.21.15.82:0/2355533041 shutdown_connections
2024-09-12T12:18:15.543 INFO:teuthology.orchestra.run.smithi082.stdout:/usr/bin/ceph: stderr
2024-09-12T12:18:14.852+0000 7fec0c84a640 1 -- 172.21.15.82:0/2355533041 wait complete.
2024-09-12T12:18:15.544 INFO:teuthology.orchestra.run.smithi082.stdout:/usr/bin/ceph: stderr
2024-09-12T12:18:14.853+0000 7fec0c84a640 1 Processor -- start
2024-09-12T12:18:15.544 INFO:teuthology.orchestra.run.smithi082.stdout:/usr/bin/ceph: stderr
2024-09-12T12:18:14.853+0000 7fec0c84a640 1 -- start start
2024-09-12T12:18:15.544 INFO:teuthology.orchestra.run.smithi082.stdout:/usr/bin/ceph: stderr
2024-09-12T12:18:14.853+0000 7fec0c84a640 1 --2- >> [v2:172.21.15.82:3300/0,v1:172.21.15.82:6789/0] conn(0x7fec0807de80 0x7fec0819daa0 unknown :-1 s=NONE pgs=0 cs=0 l=1 rev1=0 crypto rx=0 tx=0 comp rx=0 tx=0).connect
2024-09-12T12:18:15.544 INFO:teuthology.orchestra.run.smithi082.stdout:/usr/bin/ceph: stderr
2024-09-12T12:18:14.853+0000 7fec0c84a640 1 -- --> [v2:172.21.15.82:3300/0,v1:172.21.15.82:6789/0] -- mon_getmap magic: 0 -- 0x7fec0810df60 con 0x7fec0807de80
2024-09-12T12:18:15.544 INFO:teuthology.orchestra.run.smithi082.stdout:/usr/bin/ceph: stderr
2024-09-12T12:18:14.853+0000 7fec0659c640 1 --2- >> [v2:172.21.15.82:3300/0,v1:172.21.15.82:6789/0] conn(0x7fec0807de80 0x7fec0819daa0 unknown :-1 s=BANNER_CONNECTING pgs=0 cs=0 l=1 rev1=0 crypto rx=0 tx=0 comp rx=0 tx=0)._handle_peer_banner_payload supported=3 required=0
2024-09-12T12:18:15.544 INFO:teuthology.orchestra.run.smithi082.stdout:/usr/bin/ceph: stderr
2024-09-12T12:18:14.853+0000 7fec0659c640 1 --2- >> [v2:172.21.15.82:3300/0,v1:172.21.15.82:6789/0] conn(0x7fec0807de80 0x7fec0819daa0 unknown :-1 s=HELLO_CONNECTING pgs=0 cs=0 l=1 rev1=1 crypto rx=0 tx=0 comp rx=0 tx=0).handle_hello peer v2:172.21.15.82:3300/0 says I am v2:172.21.15.82:44628/0 (socket says 172.21.15.82:44628)
2024-09-12T12:18:15.544 INFO:teuthology.orchestra.run.smithi082.stdout:/usr/bin/ceph: stderr
2024-09-12T12:18:14.853+0000 7fec0659c640 1 -- 172.21.15.82:0/1781978048 learned_addr learned my addr 172.21.15.82:0/1781978048 (peer_addr_for_me v2:172.21.15.82:0/0)
2024-09-12T12:18:15.544 INFO:teuthology.orchestra.run.smithi082.stdout:/usr/bin/ceph: stderr
2024-09-12T12:18:14.853+0000 7fec0659c640 1 -- 172.21.15.82:0/1781978048 --> [v2:172.21.15.82:3300/0,v1:172.21.15.82:6789/0] -- mon_subscribe({config=0+,monmap=0+}) -- 0x7fec0819dfe0 con 0x7fec0807de80
2024-09-12T12:18:15.544 INFO:teuthology.orchestra.run.smithi082.stdout:/usr/bin/ceph: stderr
2024-09-12T12:18:14.853+0000 7fec0659c640 1 --2- 172.21.15.82:0/1781978048 >> [v2:172.21.15.82:3300/0,v1:172.21.15.82:6789/0] conn(0x7fec0807de80 0x7fec0819daa0 secure :-1 s=READY pgs=73 cs=0 l=1 rev1=1 crypto rx=0x7febf8030420 tx=0x7febf8032670 comp rx=0 tx=0).ready entity=mon.0 client_cookie=0 server_cookie=0 in_seq=0 out_seq=0
2024-09-12T12:18:15.544 INFO:teuthology.orchestra.run.smithi082.stdout:/usr/bin/ceph: stderr
2024-09-12T12:18:14.854+0000 7febff7fe640 1 -- 172.21.15.82:0/1781978048 <== mon.0 v2:172.21.15.82:3300/0 1 ==== mon_map magic: 0 ==== 205+0+0 (secure 0 0 0) 0x7febf8037040 con 0x7fec0807de80
2024-09-12T12:18:15.544 INFO:teuthology.orchestra.run.smithi082.stdout:/usr/bin/ceph: stderr
2024-09-12T12:18:14.854+0000 7febff7fe640 1 -- 172.21.15.82:0/1781978048 <== mon.0 v2:172.21.15.82:3300/0 2 ==== config(27 keys) ==== 1140+0+0 (secure 0 0 0) 0x7febf8040070 con 0x7fec0807de80
2024-09-12T12:18:15.544 INFO:teuthology.orchestra.run.smithi082.stdout:/usr/bin/ceph: stderr
2024-09-12T12:18:14.854+0000 7fec0c84a640 1 -- 172.21.15.82:0/1781978048 --> [v2:172.21.15.82:3300/0,v1:172.21.15.82:6789/0] -- mon_subscribe({mgrmap=0+}) -- 0x7fec0819e270 con 0x7fec0807de80
2024-09-12T12:18:15.545 INFO:teuthology.orchestra.run.smithi082.stdout:/usr/bin/ceph: stderr
2024-09-12T12:18:14.854+0000 7febff7fe640 1 -- 172.21.15.82:0/1781978048 <== mon.0 v2:172.21.15.82:3300/0 3 ==== mon_map magic: 0 ==== 205+0+0 (secure 0 0 0) 0x7febf803a6e0 con 0x7fec0807de80
2024-09-12T12:18:15.545 INFO:teuthology.orchestra.run.smithi082.stdout:/usr/bin/ceph: stderr
2024-09-12T12:18:14.854+0000 7fec0c84a640 1 -- 172.21.15.82:0/1781978048 --> [v2:172.21.15.82:3300/0,v1:172.21.15.82:6789/0] -- mon_subscribe({osdmap=0}) -- 0x7fec081a0f60 con 0x7fec0807de80
2024-09-12T12:18:15.545 INFO:teuthology.orchestra.run.smithi082.stdout:/usr/bin/ceph: stderr
2024-09-12T12:18:14.854+0000 7febff7fe640 1 -- 172.21.15.82:0/1781978048 <== mon.0 v2:172.21.15.82:3300/0 4 ==== mgrmap(e 12) ==== 46300+0+0 (secure 0 0 0) 0x7febf803a990 con 0x7fec0807de80
2024-09-12T12:18:15.545 INFO:teuthology.orchestra.run.smithi082.stdout:/usr/bin/ceph: stderr
2024-09-12T12:18:14.855+0000 7febff7fe640 1 --2- 172.21.15.82:0/1781978048 >> [v2:172.21.15.82:6800/2115848055,v1:172.21.15.82:6801/2115848055] conn(0x7febf4039020 0x7febf403b4e0 unknown :-1 s=NONE pgs=0 cs=0 l=1 rev1=0 crypto rx=0 tx=0 comp rx=0 tx=0).connect
2024-09-12T12:18:15.545 INFO:teuthology.orchestra.run.smithi082.stdout:/usr/bin/ceph: stderr
2024-09-12T12:18:14.855+0000 7fec0c84a640 1 -- 172.21.15.82:0/1781978048 --> [v2:172.21.15.82:3300/0,v1:172.21.15.82:6789/0] -- mon_command({"prefix": "get_command_descriptions"} v 0) -- 0x7fec0807c360 con 0x7fec0807de80
2024-09-12T12:18:15.545 INFO:teuthology.orchestra.run.smithi082.stdout:/usr/bin/ceph: stderr
2024-09-12T12:18:14.855+0000 7febff7fe640 1 -- 172.21.15.82:0/1781978048 <== mon.0 v2:172.21.15.82:3300/0 5 ==== osd_map(3..3 src has 1..3) ==== 1155+0+0 (secure 0 0 0) 0x7febf806c690 con 0x7fec0807de80
2024-09-12T12:18:15.545 INFO:teuthology.orchestra.run.smithi082.stdout:/usr/bin/ceph: stderr
2024-09-12T12:18:14.855+0000 7febfffff640 1 --2- 172.21.15.82:0/1781978048 >> [v2:172.21.15.82:6800/2115848055,v1:172.21.15.82:6801/2115848055] conn(0x7febf4039020 0x7febf403b4e0 unknown :-1 s=BANNER_CONNECTING pgs=0 cs=0 l=1 rev1=0 crypto rx=0 tx=0 comp rx=0 tx=0)._handle_peer_banner_payload supported=3 required=0
2024-09-12T12:18:15.545 INFO:teuthology.orchestra.run.smithi082.stdout:/usr/bin/ceph: stderr
2024-09-12T12:18:14.855+0000 7febfffff640 1 --2- 172.21.15.82:0/1781978048 >> [v2:172.21.15.82:6800/2115848055,v1:172.21.15.82:6801/2115848055] conn(0x7febf4039020 0x7febf403b4e0 secure :-1 s=READY pgs=9 cs=0 l=1 rev1=1 crypto rx=0x7febf00098c0 tx=0x7febf0006db0 comp rx=0 tx=0).ready entity=mgr.14150 client_cookie=0 server_cookie=0 in_seq=0 out_seq=0
2024-09-12T12:18:15.546 INFO:teuthology.orchestra.run.smithi082.stdout:/usr/bin/ceph: stderr
2024-09-12T12:18:14.859+0000 7febff7fe640 1 -- 172.21.15.82:0/1781978048 <== mon.0 v2:172.21.15.82:3300/0 6 ==== mon_command_ack([{"prefix": "get_command_descriptions"}]=0 v0) ==== 72+0+188821 (secure 0 0 0) 0x7febf804a200 con 0x7fec0807de80
2024-09-12T12:18:15.546 INFO:teuthology.orchestra.run.smithi082.stdout:/usr/bin/ceph: stderr
2024-09-12T12:18:15.027+0000 7fec0c84a640 1 -- 172.21.15.82:0/1781978048 --> [v2:172.21.15.82:3300/0,v1:172.21.15.82:6789/0] -- mon_command({"prefix": "config get", "who": "mgr", "key": "mgr/dashboard/ssl_server_port"} v 0) -- 0x7fec081a1130 con 0x7fec0807de80
2024-09-12T12:18:15.546 INFO:teuthology.orchestra.run.smithi082.stdout:/usr/bin/ceph: stderr
2024-09-12T12:18:15.028+0000 7febff7fe640 1 -- 172.21.15.82:0/1781978048 <== mon.0 v2:172.21.15.82:3300/0 7 ==== mon_command_ack([{"prefix": "config get", "who": "mgr", "key": "mgr/dashboard/ssl_server_port"}]=0 v8) ==== 112+0+5 (secure 0 0 0) 0x7febf8031e80 con 0x7fec0807de80
2024-09-12T12:18:15.546 INFO:teuthology.orchestra.run.smithi082.stdout:/usr/bin/ceph: stderr
2024-09-12T12:18:15.030+0000 7fec0c84a640 1 -- 172.21.15.82:0/1781978048 >> [v2:172.21.15.82:6800/2115848055,v1:172.21.15.82:6801/2115848055] conn(0x7febf4039020 msgr2=0x7febf403b4e0 secure :-1 s=STATE_CONNECTION_ESTABLISHED l=1).mark_down
2024-09-12T12:18:15.546 INFO:teuthology.orchestra.run.smithi082.stdout:/usr/bin/ceph: stderr
2024-09-12T12:18:15.030+0000 7fec0c84a640 1 --2- 172.21.15.82:0/1781978048 >> [v2:172.21.15.82:6800/2115848055,v1:172.21.15.82:6801/2115848055] conn(0x7febf4039020 0x7febf403b4e0 secure :-1 s=READY pgs=9 cs=0 l=1 rev1=1 crypto rx=0x7febf00098c0 tx=0x7febf0006db0 comp rx=0 tx=0).stop
2024-09-12T12:18:15.546 INFO:teuthology.orchestra.run.smithi082.stdout:/usr/bin/ceph: stderr
2024-09-12T12:18:15.030+0000 7fec0c84a640 1 -- 172.21.15.82:0/1781978048 >> [v2:172.21.15.82:3300/0,v1:172.21.15.82:6789/0] conn(0x7fec0807de80 msgr2=0x7fec0819daa0 secure :-1 s=STATE_CONNECTION_ESTABLISHED l=1).mark_down
2024-09-12T12:18:15.546 INFO:teuthology.orchestra.run.smithi082.stdout:/usr/bin/ceph: stderr
2024-09-12T12:18:15.030+0000 7fec0c84a640 1 --2- 172.21.15.82:0/1781978048 >> [v2:172.21.15.82:3300/0,v1:172.21.15.82:6789/0] conn(0x7fec0807de80 0x7fec0819daa0 secure :-1 s=READY pgs=73 cs=0 l=1 rev1=1 crypto rx=0x7febf8030420 tx=0x7febf8032670 comp rx=0 tx=0).stop
2024-09-12T12:18:15.546 INFO:teuthology.orchestra.run.smithi082.stdout:/usr/bin/ceph: stderr
2024-09-12T12:18:15.030+0000 7fec0c84a640 1 -- 172.21.15.82:0/1781978048 shutdown_connections
2024-09-12T12:18:15.546 INFO:teuthology.orchestra.run.smithi082.stdout:/usr/bin/ceph: stderr
2024-09-12T12:18:15.030+0000 7fec0c84a640 1 --2- 172.21.15.82:0/1781978048 >> [v2:172.21.15.82:6800/2115848055,v1:172.21.15.82:6801/2115848055] conn(0x7febf4039020 0x7febf403b4e0 unknown :-1 s=CLOSED pgs=9 cs=0 l=1 rev1=1 crypto rx=0 tx=0 comp rx=0 tx=0).stop
2024-09-12T12:18:15.546 INFO:teuthology.orchestra.run.smithi082.stdout:/usr/bin/ceph: stderr
2024-09-12T12:18:15.030+0000 7fec0c84a640 1 --2- 172.21.15.82:0/1781978048 >> [v2:172.21.15.82:3300/0,v1:172.21.15.82:6789/0] conn(0x7fec0807de80 0x7fec0819daa0 unknown :-1 s=CLOSED pgs=73 cs=0 l=1 rev1=1 crypto rx=0 tx=0 comp rx=0 tx=0).stop
2024-09-12T12:18:15.546 INFO:teuthology.orchestra.run.smithi082.stdout:/usr/bin/ceph: stderr
2024-09-12T12:18:15.030+0000 7fec0c84a640 1 -- 172.21.15.82:0/1781978048 >> 172.21.15.82:0/1781978048 conn(0x7fec081030b0 msgr2=0x7fec08103c40 unknown :-1 s=STATE_NONE l=0).mark_down
2024-09-12T12:18:15.546 INFO:teuthology.orchestra.run.smithi082.stdout:/usr/bin/ceph: stderr
2024-09-12T12:18:15.030+0000 7fec0c84a640 1 -- 172.21.15.82:0/1781978048 shutdown_connections
2024-09-12T12:18:15.546 INFO:teuthology.orchestra.run.smithi082.stdout:/usr/bin/ceph: stderr
2024-09-12T12:18:15.030+0000 7fec0c84a640 1 -- 172.21.15.82:0/1781978048 wait complete.
2024-09-12T12:18:15.548 INFO:teuthology.orchestra.run.smithi082.stdout:Non-zero exit code 1 from systemctl is-enabled firewalld.service
2024-09-12T12:18:15.548 INFO:teuthology.orchestra.run.smithi082.stdout:systemctl: stdout disabled
2024-09-12T12:18:15.556 INFO:teuthology.orchestra.run.smithi082.stdout:Non-zero exit code 3 from systemctl is-active firewalld.service
2024-09-12T12:18:15.556 INFO:teuthology.orchestra.run.smithi082.stdout:systemctl: stdout inactive
2024-09-12T12:18:15.556 INFO:teuthology.orchestra.run.smithi082.stdout:firewalld.service is not enabled
2024-09-12T12:18:15.556 INFO:teuthology.orchestra.run.smithi082.stdout:Not possible to open ports <[8443]>. firewalld.service is not available
2024-09-12T12:18:15.557 INFO:teuthology.orchestra.run.smithi082.stdout:Ceph Dashboard is now available at:
2024-09-12T12:18:15.557 INFO:teuthology.orchestra.run.smithi082.stdout:
2024-09-12T12:18:15.557 INFO:teuthology.orchestra.run.smithi082.stdout: URL: https://smithi082.front.sepia.ceph.com:8443/
2024-09-12T12:18:15.557 INFO:teuthology.orchestra.run.smithi082.stdout: User: admin
2024-09-12T12:18:15.557 INFO:teuthology.orchestra.run.smithi082.stdout: Password: hjmrhfxmga
2024-09-12T12:18:15.557 INFO:teuthology.orchestra.run.smithi082.stdout:
2024-09-12T12:18:15.558 INFO:teuthology.orchestra.run.smithi082.stdout:Saving cluster configuration to /var/lib/ceph/cb24faa8-7100-11ef-bcea-c7b262605968/config directory
2024-09-12T12:18:15.669 INFO:journalctl@ceph.mon.a.smithi082.stdout:Sep 12 12:18:15 smithi082 ceph-mon[31122]: from='client.? 172.21.15.82:0/1781978048' entity='client.admin' cmd=[{"prefix": "config get", "who": "mgr", "key": "mgr/dashboard/ssl_server_port"}]: dispatch
2024-09-12T12:18:16.489 INFO:journalctl@ceph.mon.a.smithi082.stdout:Sep 12 12:18:16 smithi082 ceph-mon[31122]: mgrmap e13: x(active, since 6s)
2024-09-12T12:18:16.489 INFO:journalctl@ceph.mon.a.smithi082.stdout:Sep 12 12:18:16 smithi082 ceph-mon[31122]: from='client.? 172.21.15.82:0/285719516' entity='client.admin'
2024-09-12T12:18:16.785 INFO:teuthology.orchestra.run.smithi082.stdout:/usr/bin/ceph: stderr
2024-09-12T12:18:15.930+0000 7fa55d6e0640 1 Processor -- start
2024-09-12T12:18:17.076 INFO:teuthology.orchestra.run.smithi082.stdout:/usr/bin/ceph: stderr
2024-09-12T12:18:15.930+0000 7fa55d6e0640 1 -- start start
2024-09-12T12:18:17.076 INFO:teuthology.orchestra.run.smithi082.stdout:/usr/bin/ceph: stderr
2024-09-12T12:18:15.930+0000 7fa55d6e0640 1 --2- >> [v2:172.21.15.82:3300/0,v1:172.21.15.82:6789/0] conn(0x7fa558107900 0x7fa558107d00 unknown :-1 s=NONE pgs=0 cs=0 l=0 rev1=0 crypto rx=0 tx=0 comp rx=0 tx=0).connect
2024-09-12T12:18:17.076 INFO:teuthology.orchestra.run.smithi082.stdout:/usr/bin/ceph: stderr
2024-09-12T12:18:15.930+0000 7fa55d6e0640 1 -- --> [v2:172.21.15.82:3300/0,v1:172.21.15.82:6789/0] -- mon_getmap magic: 0 -- 0x7fa5581082d0 con 0x7fa558107900
2024-09-12T12:18:17.076 INFO:teuthology.orchestra.run.smithi082.stdout:/usr/bin/ceph: stderr
2024-09-12T12:18:15.930+0000 7fa556ffd640 1 --2- >> [v2:172.21.15.82:3300/0,v1:172.21.15.82:6789/0] conn(0x7fa558107900 0x7fa558107d00 unknown :-1 s=BANNER_CONNECTING pgs=0 cs=0 l=0 rev1=0 crypto rx=0 tx=0 comp rx=0 tx=0)._handle_peer_banner_payload supported=3 required=0
2024-09-12T12:18:17.076 INFO:teuthology.orchestra.run.smithi082.stdout:/usr/bin/ceph: stderr
2024-09-12T12:18:15.930+0000 7fa556ffd640 1 --2- >> [v2:172.21.15.82:3300/0,v1:172.21.15.82:6789/0] conn(0x7fa558107900 0x7fa558107d00 unknown :-1 s=HELLO_CONNECTING pgs=0 cs=0 l=0 rev1=1 crypto rx=0 tx=0 comp rx=0 tx=0).handle_hello peer v2:172.21.15.82:3300/0 says I am v2:172.21.15.82:44638/0 (socket says 172.21.15.82:44638)
2024-09-12T12:18:17.076 INFO:teuthology.orchestra.run.smithi082.stdout:/usr/bin/ceph: stderr
2024-09-12T12:18:15.930+0000 7fa556ffd640 1 -- 172.21.15.82:0/3928922898 learned_addr learned my addr 172.21.15.82:0/3928922898 (peer_addr_for_me v2:172.21.15.82:0/0)
2024-09-12T12:18:17.077 INFO:teuthology.orchestra.run.smithi082.stdout:/usr/bin/ceph: stderr
2024-09-12T12:18:15.931+0000 7fa556ffd640 1 -- 172.21.15.82:0/3928922898 --> [v2:172.21.15.82:3300/0,v1:172.21.15.82:6789/0] -- mon_subscribe({config=0+,monmap=0+}) -- 0x7fa558108b00 con 0x7fa558107900
2024-09-12T12:18:17.077 INFO:teuthology.orchestra.run.smithi082.stdout:/usr/bin/ceph: stderr
2024-09-12T12:18:15.931+0000 7fa556ffd640 1 --2- 172.21.15.82:0/3928922898 >> [v2:172.21.15.82:3300/0,v1:172.21.15.82:6789/0] conn(0x7fa558107900 0x7fa558107d00 secure :-1 s=READY pgs=74 cs=0 l=1 rev1=1 crypto rx=0x7fa548009820 tx=0x7fa54802a270 comp rx=0 tx=0).ready entity=mon.0 client_cookie=8dc8612305a35a18 server_cookie=0 in_seq=0 out_seq=0
2024-09-12T12:18:17.077 INFO:teuthology.orchestra.run.smithi082.stdout:/usr/bin/ceph: stderr
2024-09-12T12:18:15.931+0000 7fa555ffb640 1 -- 172.21.15.82:0/3928922898 <== mon.0 v2:172.21.15.82:3300/0 1 ==== mon_map magic: 0 ==== 205+0+0 (secure 0 0 0) 0x7fa548037070 con 0x7fa558107900
2024-09-12T12:18:17.087 INFO:teuthology.orchestra.run.smithi082.stdout:/usr/bin/ceph: stderr
2024-09-12T12:18:15.931+0000 7fa555ffb640 1 -- 172.21.15.82:0/3928922898 <== mon.0 v2:172.21.15.82:3300/0 2 ==== config(27 keys) ==== 1140+0+0 (secure 0 0 0) 0x7fa548032920 con 0x7fa558107900
2024-09-12T12:18:17.087 INFO:teuthology.orchestra.run.smithi082.stdout:/usr/bin/ceph: stderr
2024-09-12T12:18:15.931+0000 7fa555ffb640 1 -- 172.21.15.82:0/3928922898 <== mon.0 v2:172.21.15.82:3300/0 3 ==== mon_map magic: 0 ==== 205+0+0 (secure 0 0 0) 0x7fa548030810 con 0x7fa558107900
2024-09-12T12:18:17.087 INFO:teuthology.orchestra.run.smithi082.stdout:/usr/bin/ceph: stderr
2024-09-12T12:18:15.932+0000 7fa55d6e0640 1 -- 172.21.15.82:0/3928922898 >> [v2:172.21.15.82:3300/0,v1:172.21.15.82:6789/0] conn(0x7fa558107900 msgr2=0x7fa558107d00 secure :-1 s=STATE_CONNECTION_ESTABLISHED l=1).mark_down
2024-09-12T12:18:17.087 INFO:teuthology.orchestra.run.smithi082.stdout:/usr/bin/ceph: stderr
2024-09-12T12:18:15.932+0000 7fa55d6e0640 1 --2- 172.21.15.82:0/3928922898 >> [v2:172.21.15.82:3300/0,v1:172.21.15.82:6789/0] conn(0x7fa558107900 0x7fa558107d00 secure :-1 s=READY pgs=74 cs=0 l=1 rev1=1 crypto rx=0x7fa548009820 tx=0x7fa54802a270 comp rx=0 tx=0).stop
2024-09-12T12:18:17.087 INFO:teuthology.orchestra.run.smithi082.stdout:/usr/bin/ceph: stderr
2024-09-12T12:18:15.932+0000 7fa55d6e0640 1 -- 172.21.15.82:0/3928922898 shutdown_connections
2024-09-12T12:18:17.087 INFO:teuthology.orchestra.run.smithi082.stdout:/usr/bin/ceph: stderr
2024-09-12T12:18:15.932+0000 7fa55d6e0640 1 --2- 172.21.15.82:0/3928922898 >> [v2:172.21.15.82:3300/0,v1:172.21.15.82:6789/0] conn(0x7fa558107900 0x7fa558107d00 unknown :-1 s=CLOSED pgs=74 cs=0 l=1 rev1=1 crypto rx=0 tx=0 comp rx=0 tx=0).stop
2024-09-12T12:18:17.087 INFO:teuthology.orchestra.run.smithi082.stdout:/usr/bin/ceph: stderr
2024-09-12T12:18:15.932+0000 7fa55d6e0640 1 -- 172.21.15.82:0/3928922898 >> 172.21.15.82:0/3928922898 conn(0x7fa5581030b0 msgr2=0x7fa5581054d0 unknown :-1 s=STATE_NONE l=0).mark_down
2024-09-12T12:18:17.087 INFO:teuthology.orchestra.run.smithi082.stdout:/usr/bin/ceph: stderr
2024-09-12T12:18:15.932+0000 7fa55d6e0640 1 -- 172.21.15.82:0/3928922898 shutdown_connections
2024-09-12T12:18:17.087 INFO:teuthology.orchestra.run.smithi082.stdout:/usr/bin/ceph: stderr
2024-09-12T12:18:15.932+0000 7fa55d6e0640 1 -- 172.21.15.82:0/3928922898 wait complete.
2024-09-12T12:18:17.088 INFO:teuthology.orchestra.run.smithi082.stdout:/usr/bin/ceph: stderr
2024-09-12T12:18:15.933+0000 7fa55d6e0640 1 Processor -- start
2024-09-12T12:18:17.088 INFO:teuthology.orchestra.run.smithi082.stdout:/usr/bin/ceph: stderr
2024-09-12T12:18:15.933+0000 7fa55d6e0640 1 -- start start
2024-09-12T12:18:17.088 INFO:teuthology.orchestra.run.smithi082.stdout:/usr/bin/ceph: stderr
2024-09-12T12:18:15.933+0000 7fa55d6e0640 1 --2- >> [v2:172.21.15.82:3300/0,v1:172.21.15.82:6789/0] conn(0x7fa558107900 0x7fa55807db50 unknown :-1 s=NONE pgs=0 cs=0 l=1 rev1=0 crypto rx=0 tx=0 comp rx=0 tx=0).connect
2024-09-12T12:18:17.088 INFO:teuthology.orchestra.run.smithi082.stdout:/usr/bin/ceph: stderr
2024-09-12T12:18:15.933+0000 7fa55d6e0640 1 -- --> [v2:172.21.15.82:3300/0,v1:172.21.15.82:6789/0] -- mon_getmap magic: 0 -- 0x7fa55810beb0 con 0x7fa558107900
2024-09-12T12:18:17.088 INFO:teuthology.orchestra.run.smithi082.stdout:/usr/bin/ceph: stderr
2024-09-12T12:18:15.933+0000 7fa556ffd640 1 --2- >> [v2:172.21.15.82:3300/0,v1:172.21.15.82:6789/0] conn(0x7fa558107900 0x7fa55807db50 unknown :-1 s=BANNER_CONNECTING pgs=0 cs=0 l=1 rev1=0 crypto rx=0 tx=0 comp rx=0 tx=0)._handle_peer_banner_payload supported=3 required=0
2024-09-12T12:18:17.088 INFO:teuthology.orchestra.run.smithi082.stdout:/usr/bin/ceph: stderr
2024-09-12T12:18:15.933+0000 7fa556ffd640 1 --2- >> [v2:172.21.15.82:3300/0,v1:172.21.15.82:6789/0] conn(0x7fa558107900 0x7fa55807db50 unknown :-1 s=HELLO_CONNECTING pgs=0 cs=0 l=1 rev1=1 crypto rx=0 tx=0 comp rx=0 tx=0).handle_hello peer v2:172.21.15.82:3300/0 says I am v2:172.21.15.82:44654/0 (socket says 172.21.15.82:44654)
2024-09-12T12:18:17.088 INFO:teuthology.orchestra.run.smithi082.stdout:/usr/bin/ceph: stderr
2024-09-12T12:18:15.933+0000 7fa556ffd640 1 -- 172.21.15.82:0/285719516 learned_addr learned my addr 172.21.15.82:0/285719516 (peer_addr_for_me v2:172.21.15.82:0/0)
2024-09-12T12:18:17.088 INFO:teuthology.orchestra.run.smithi082.stdout:/usr/bin/ceph: stderr
2024-09-12T12:18:15.933+0000 7fa556ffd640 1 -- 172.21.15.82:0/285719516 --> [v2:172.21.15.82:3300/0,v1:172.21.15.82:6789/0] -- mon_subscribe({config=0+,monmap=0+}) -- 0x7fa55807e090 con 0x7fa558107900
2024-09-12T12:18:17.088 INFO:teuthology.orchestra.run.smithi082.stdout:/usr/bin/ceph: stderr
2024-09-12T12:18:15.933+0000 7fa556ffd640 1 --2- 172.21.15.82:0/285719516 >> [v2:172.21.15.82:3300/0,v1:172.21.15.82:6789/0] conn(0x7fa558107900 0x7fa55807db50 secure :-1 s=READY pgs=75 cs=0 l=1 rev1=1 crypto rx=0x7fa548030560 tx=0x7fa548032670 comp rx=0 tx=0).ready entity=mon.0 client_cookie=0 server_cookie=0 in_seq=0 out_seq=0
2024-09-12T12:18:17.088 INFO:teuthology.orchestra.run.smithi082.stdout:/usr/bin/ceph: stderr
2024-09-12T12:18:15.934+0000 7fa53ffff640 1 -- 172.21.15.82:0/285719516 <== mon.0 v2:172.21.15.82:3300/0 1 ==== mon_map magic: 0 ==== 205+0+0 (secure 0 0 0) 0x7fa548037040 con 0x7fa558107900
2024-09-12T12:18:17.088 INFO:teuthology.orchestra.run.smithi082.stdout:/usr/bin/ceph: stderr
2024-09-12T12:18:15.934+0000 7fa53ffff640 1 -- 172.21.15.82:0/285719516 <== mon.0 v2:172.21.15.82:3300/0 2 ==== config(27 keys) ==== 1140+0+0 (secure 0 0 0) 0x7fa548040070 con 0x7fa558107900
2024-09-12T12:18:17.089 INFO:teuthology.orchestra.run.smithi082.stdout:/usr/bin/ceph: stderr
2024-09-12T12:18:15.934+0000 7fa55d6e0640 1 -- 172.21.15.82:0/285719516 --> [v2:172.21.15.82:3300/0,v1:172.21.15.82:6789/0] -- mon_subscribe({mgrmap=0+}) -- 0x7fa55807c280 con 0x7fa558107900
2024-09-12T12:18:17.089 INFO:teuthology.orchestra.run.smithi082.stdout:/usr/bin/ceph: stderr
2024-09-12T12:18:15.934+0000 7fa53ffff640 1 -- 172.21.15.82:0/285719516 <== mon.0 v2:172.21.15.82:3300/0 3 ==== mon_map magic: 0 ==== 205+0+0 (secure 0 0 0) 0x7fa54803a6d0 con 0x7fa558107900
2024-09-12T12:18:17.089 INFO:teuthology.orchestra.run.smithi082.stdout:/usr/bin/ceph: stderr
2024-09-12T12:18:15.934+0000 7fa55d6e0640 1 -- 172.21.15.82:0/285719516 --> [v2:172.21.15.82:3300/0,v1:172.21.15.82:6789/0] -- mon_subscribe({osdmap=0}) -- 0x7fa55807c7c0 con 0x7fa558107900
2024-09-12T12:18:17.089 INFO:teuthology.orchestra.run.smithi082.stdout:/usr/bin/ceph: stderr
2024-09-12T12:18:15.935+0000 7fa53ffff640 1 -- 172.21.15.82:0/285719516 <== mon.0 v2:172.21.15.82:3300/0 4 ==== mgrmap(e 13) ==== 46343+0+0 (secure 0 0 0) 0x7fa54803a940 con 0x7fa558107900
2024-09-12T12:18:17.089 INFO:teuthology.orchestra.run.smithi082.stdout:/usr/bin/ceph: stderr
