2024-09-12T12:17:40.845+0000 7fdbc67fc640 1 -- 172.21.15.82:0/643031957 <== mon.0 v2:172.21.15.82:3300/0 2 ==== config(27 keys) ==== 1109+0+0 (secure 0 0 0) 0x7fdbb8032900 con 0x7fdbc8108330
2024-09-12T12:17:41.770 INFO:teuthology.orchestra.run.smithi082.stdout:/usr/bin/ceph: stderr
2024-09-12T12:17:40.845+0000 7fdbc67fc640 1 -- 172.21.15.82:0/643031957 <== mon.0 v2:172.21.15.82:3300/0 3 ==== mon_map magic: 0 ==== 205+0+0 (secure 0 0 0) 0x7fdbb8030850 con 0x7fdbc8108330
2024-09-12T12:17:41.770 INFO:teuthology.orchestra.run.smithi082.stdout:/usr/bin/ceph: stderr
2024-09-12T12:17:40.845+0000 7fdbcd4b4640 1 -- 172.21.15.82:0/643031957 >> [v2:172.21.15.82:3300/0,v1:172.21.15.82:6789/0] conn(0x7fdbc8108330 msgr2=0x7fdbc810a720 secure :-1 s=STATE_CONNECTION_ESTABLISHED l=1).mark_down
2024-09-12T12:17:41.771 INFO:teuthology.orchestra.run.smithi082.stdout:/usr/bin/ceph: stderr
2024-09-12T12:17:40.845+0000 7fdbcd4b4640 1 --2- 172.21.15.82:0/643031957 >> [v2:172.21.15.82:3300/0,v1:172.21.15.82:6789/0] conn(0x7fdbc8108330 0x7fdbc810a720 secure :-1 s=READY pgs=20 cs=0 l=1 rev1=1 crypto rx=0x7fdbb8009820 tx=0x7fdbb802a270 comp rx=0 tx=0).stop
2024-09-12T12:17:41.771 INFO:teuthology.orchestra.run.smithi082.stdout:/usr/bin/ceph: stderr
2024-09-12T12:17:40.846+0000 7fdbcd4b4640 1 -- 172.21.15.82:0/643031957 shutdown_connections
2024-09-12T12:17:41.771 INFO:teuthology.orchestra.run.smithi082.stdout:/usr/bin/ceph: stderr
2024-09-12T12:17:40.846+0000 7fdbcd4b4640 1 --2- 172.21.15.82:0/643031957 >> [v2:172.21.15.82:3300/0,v1:172.21.15.82:6789/0] conn(0x7fdbc8108330 0x7fdbc810a720 unknown :-1 s=CLOSED pgs=20 cs=0 l=1 rev1=1 crypto rx=0 tx=0 comp rx=0 tx=0).stop
2024-09-12T12:17:41.771 INFO:teuthology.orchestra.run.smithi082.stdout:/usr/bin/ceph: stderr
2024-09-12T12:17:40.846+0000 7fdbcd4b4640 1 -- 172.21.15.82:0/643031957 >> 172.21.15.82:0/643031957 conn(0x7fdbc8101f30 msgr2=0x7fdbc8104390 unknown :-1 s=STATE_NONE l=0).mark_down
2024-09-12T12:17:41.771 INFO:teuthology.orchestra.run.smithi082.stdout:/usr/bin/ceph: stderr
2024-09-12T12:17:40.846+0000 7fdbcd4b4640 1 -- 172.21.15.82:0/643031957 shutdown_connections
2024-09-12T12:17:41.771 INFO:teuthology.orchestra.run.smithi082.stdout:/usr/bin/ceph: stderr
2024-09-12T12:17:40.846+0000 7fdbcd4b4640 1 -- 172.21.15.82:0/643031957 wait complete.
2024-09-12T12:17:41.771 INFO:teuthology.orchestra.run.smithi082.stdout:/usr/bin/ceph: stderr
2024-09-12T12:17:40.846+0000 7fdbcd4b4640 1 Processor -- start
2024-09-12T12:17:41.771 INFO:teuthology.orchestra.run.smithi082.stdout:/usr/bin/ceph: stderr
2024-09-12T12:17:40.846+0000 7fdbcd4b4640 1 -- start start
2024-09-12T12:17:41.771 INFO:teuthology.orchestra.run.smithi082.stdout:/usr/bin/ceph: stderr
2024-09-12T12:17:40.846+0000 7fdbcd4b4640 1 --2- >> [v2:172.21.15.82:3300/0,v1:172.21.15.82:6789/0] conn(0x7fdbc8108330 0x7fdbc819b8c0 unknown :-1 s=NONE pgs=0 cs=0 l=1 rev1=0 crypto rx=0 tx=0 comp rx=0 tx=0).connect
2024-09-12T12:17:41.771 INFO:teuthology.orchestra.run.smithi082.stdout:/usr/bin/ceph: stderr
2024-09-12T12:17:40.846+0000 7fdbcd4b4640 1 -- --> [v2:172.21.15.82:3300/0,v1:172.21.15.82:6789/0] -- mon_getmap magic: 0 -- 0x7fdbc810bc90 con 0x7fdbc8108330
2024-09-12T12:17:41.771 INFO:teuthology.orchestra.run.smithi082.stdout:/usr/bin/ceph: stderr
2024-09-12T12:17:40.847+0000 7fdbc6ffd640 1 --2- >> [v2:172.21.15.82:3300/0,v1:172.21.15.82:6789/0] conn(0x7fdbc8108330 0x7fdbc819b8c0 unknown :-1 s=BANNER_CONNECTING pgs=0 cs=0 l=1 rev1=0 crypto rx=0 tx=0 comp rx=0 tx=0)._handle_peer_banner_payload supported=3 required=0
2024-09-12T12:17:41.771 INFO:teuthology.orchestra.run.smithi082.stdout:/usr/bin/ceph: stderr
2024-09-12T12:17:40.847+0000 7fdbc6ffd640 1 --2- >> [v2:172.21.15.82:3300/0,v1:172.21.15.82:6789/0] conn(0x7fdbc8108330 0x7fdbc819b8c0 unknown :-1 s=HELLO_CONNECTING pgs=0 cs=0 l=1 rev1=1 crypto rx=0 tx=0 comp rx=0 tx=0).handle_hello peer v2:172.21.15.82:3300/0 says I am v2:172.21.15.82:50410/0 (socket says 172.21.15.82:50410)
2024-09-12T12:17:41.772 INFO:teuthology.orchestra.run.smithi082.stdout:/usr/bin/ceph: stderr
2024-09-12T12:17:40.847+0000 7fdbc6ffd640 1 -- 172.21.15.82:0/3209703225 learned_addr learned my addr 172.21.15.82:0/3209703225 (peer_addr_for_me v2:172.21.15.82:0/0)
2024-09-12T12:17:41.772 INFO:teuthology.orchestra.run.smithi082.stdout:/usr/bin/ceph: stderr
2024-09-12T12:17:40.847+0000 7fdbc6ffd640 1 -- 172.21.15.82:0/3209703225 --> [v2:172.21.15.82:3300/0,v1:172.21.15.82:6789/0] -- mon_subscribe({config=0+,monmap=0+}) -- 0x7fdbc819be00 con 0x7fdbc8108330
2024-09-12T12:17:41.772 INFO:teuthology.orchestra.run.smithi082.stdout:/usr/bin/ceph: stderr
2024-09-12T12:17:40.847+0000 7fdbc6ffd640 1 --2- 172.21.15.82:0/3209703225 >> [v2:172.21.15.82:3300/0,v1:172.21.15.82:6789/0] conn(0x7fdbc8108330 0x7fdbc819b8c0 secure :-1 s=READY pgs=21 cs=0 l=1 rev1=1 crypto rx=0x7fdbb8032ce0 tx=0x7fdbb8032d10 comp rx=0 tx=0).ready entity=mon.0 client_cookie=0 server_cookie=0 in_seq=0 out_seq=0
2024-09-12T12:17:41.772 INFO:teuthology.orchestra.run.smithi082.stdout:/usr/bin/ceph: stderr
2024-09-12T12:17:40.847+0000 7fdbc4ff9640 1 -- 172.21.15.82:0/3209703225 <== mon.0 v2:172.21.15.82:3300/0 1 ==== mon_map magic: 0 ==== 205+0+0 (secure 0 0 0) 0x7fdbb8042070 con 0x7fdbc8108330
2024-09-12T12:17:41.772 INFO:teuthology.orchestra.run.smithi082.stdout:/usr/bin/ceph: stderr
2024-09-12T12:17:40.847+0000 7fdbc4ff9640 1 -- 172.21.15.82:0/3209703225 <== mon.0 v2:172.21.15.82:3300/0 2 ==== config(27 keys) ==== 1109+0+0 (secure 0 0 0) 0x7fdbb80308c0 con 0x7fdbc8108330
2024-09-12T12:17:41.772 INFO:teuthology.orchestra.run.smithi082.stdout:/usr/bin/ceph: stderr
2024-09-12T12:17:40.847+0000 7fdbcd4b4640 1 -- 172.21.15.82:0/3209703225 --> [v2:172.21.15.82:3300/0,v1:172.21.15.82:6789/0] -- mon_subscribe({mgrmap=0+}) -- 0x7fdbc819c090 con 0x7fdbc8108330
2024-09-12T12:17:41.772 INFO:teuthology.orchestra.run.smithi082.stdout:/usr/bin/ceph: stderr
2024-09-12T12:17:40.847+0000 7fdbc4ff9640 1 -- 172.21.15.82:0/3209703225 <== mon.0 v2:172.21.15.82:3300/0 3 ==== mon_map magic: 0 ==== 205+0+0 (secure 0 0 0) 0x7fdbb8037040 con 0x7fdbc8108330
2024-09-12T12:17:41.772 INFO:teuthology.orchestra.run.smithi082.stdout:/usr/bin/ceph: stderr
2024-09-12T12:17:40.847+0000 7fdbcd4b4640 1 -- 172.21.15.82:0/3209703225 --> [v2:172.21.15.82:3300/0,v1:172.21.15.82:6789/0] -- mon_subscribe({osdmap=0}) -- 0x7fdbc819ed80 con 0x7fdbc8108330
2024-09-12T12:17:41.772 INFO:teuthology.orchestra.run.smithi082.stdout:/usr/bin/ceph: stderr
2024-09-12T12:17:40.848+0000 7fdbc4ff9640 1 -- 172.21.15.82:0/3209703225 <== mon.0 v2:172.21.15.82:3300/0 4 ==== mgrmap(e 4) ==== 46276+0+0 (secure 0 0 0) 0x7fdbb8045070 con 0x7fdbc8108330
2024-09-12T12:17:41.772 INFO:teuthology.orchestra.run.smithi082.stdout:/usr/bin/ceph: stderr
2024-09-12T12:17:40.848+0000 7fdbcd4b4640 1 -- 172.21.15.82:0/3209703225 --> [v2:172.21.15.82:3300/0,v1:172.21.15.82:6789/0] -- mon_command({"prefix": "get_command_descriptions"} v 0) -- 0x7fdbc8108790 con 0x7fdbc8108330
2024-09-12T12:17:41.772 INFO:teuthology.orchestra.run.smithi082.stdout:/usr/bin/ceph: stderr
2024-09-12T12:17:40.848+0000 7fdbc4ff9640 1 --2- 172.21.15.82:0/3209703225 >> [v2:172.21.15.82:6800/2082156880,v1:172.21.15.82:6801/2082156880] conn(0x7fdbb4038f20 0x7fdbb403b3e0 unknown :-1 s=NONE pgs=0 cs=0 l=1 rev1=0 crypto rx=0 tx=0 comp rx=0 tx=0).connect
2024-09-12T12:17:41.772 INFO:teuthology.orchestra.run.smithi082.stdout:/usr/bin/ceph: stderr
2024-09-12T12:17:40.848+0000 7fdbc4ff9640 1 -- 172.21.15.82:0/3209703225 <== mon.0 v2:172.21.15.82:3300/0 5 ==== osd_map(1..1 src has 1..1) ==== 725+0+0 (secure 0 0 0) 0x7fdbb806c0b0 con 0x7fdbc8108330
2024-09-12T12:17:41.773 INFO:teuthology.orchestra.run.smithi082.stdout:/usr/bin/ceph: stderr
2024-09-12T12:17:40.848+0000 7fdbbffff640 1 --2- 172.21.15.82:0/3209703225 >> [v2:172.21.15.82:6800/2082156880,v1:172.21.15.82:6801/2082156880] conn(0x7fdbb4038f20 0x7fdbb403b3e0 unknown :-1 s=BANNER_CONNECTING pgs=0 cs=0 l=1 rev1=0 crypto rx=0 tx=0 comp rx=0 tx=0)._handle_peer_banner_payload supported=3 required=0
2024-09-12T12:17:41.773 INFO:teuthology.orchestra.run.smithi082.stdout:/usr/bin/ceph: stderr
2024-09-12T12:17:40.849+0000 7fdbbffff640 1 --2- 172.21.15.82:0/3209703225 >> [v2:172.21.15.82:6800/2082156880,v1:172.21.15.82:6801/2082156880] conn(0x7fdbb4038f20 0x7fdbb403b3e0 secure :-1 s=READY pgs=8 cs=0 l=1 rev1=1 crypto rx=0x7fdbb00098c0 tx=0x7fdbb0006db0 comp rx=0 tx=0).ready entity=mgr.14100 client_cookie=0 server_cookie=0 in_seq=0 out_seq=0
2024-09-12T12:17:41.773 INFO:teuthology.orchestra.run.smithi082.stdout:/usr/bin/ceph: stderr
2024-09-12T12:17:40.853+0000 7fdbc4ff9640 1 -- 172.21.15.82:0/3209703225 <== mon.0 v2:172.21.15.82:3300/0 6 ==== mon_command_ack([{"prefix": "get_command_descriptions"}]=0 v0) ==== 72+0+188821 (secure 0 0 0) 0x7fdbb8045520 con 0x7fdbc8108330
2024-09-12T12:17:41.773 INFO:teuthology.orchestra.run.smithi082.stdout:/usr/bin/ceph: stderr
2024-09-12T12:17:41.063+0000 7fdbcd4b4640 1 -- 172.21.15.82:0/3209703225 --> [v2:172.21.15.82:3300/0,v1:172.21.15.82:6789/0] -- mon_command({"prefix": "mgr module enable", "module": "cephadm"} v 0) -- 0x7fdbc819f390 con 0x7fdbc8108330
2024-09-12T12:17:41.773 INFO:teuthology.orchestra.run.smithi082.stdout:/usr/bin/ceph: stderr
2024-09-12T12:17:41.115+0000 7fdbc4ff9640 1 -- 172.21.15.82:0/3209703225 <== mon.0 v2:172.21.15.82:3300/0 7 ==== mon_command_ack([{"prefix": "mgr module enable", "module": "cephadm"}]=0 v5) ==== 86+0+0 (secure 0 0 0) 0x7fdbb803cd50 con 0x7fdbc8108330
2024-09-12T12:17:41.773 INFO:teuthology.orchestra.run.smithi082.stdout:/usr/bin/ceph: stderr
2024-09-12T12:17:41.116+0000 7fdbc4ff9640 1 -- 172.21.15.82:0/3209703225 <== mon.0 v2:172.21.15.82:3300/0 8 ==== mgrmap(e 5) ==== 46287+0+0 (secure 0 0 0) 0x7fdbb803c7e0 con 0x7fdbc8108330
2024-09-12T12:17:41.773 INFO:teuthology.orchestra.run.smithi082.stdout:/usr/bin/ceph: stderr
2024-09-12T12:17:41.118+0000 7fdbcd4b4640 1 -- 172.21.15.82:0/3209703225 >> [v2:172.21.15.82:6800/2082156880,v1:172.21.15.82:6801/2082156880] conn(0x7fdbb4038f20 msgr2=0x7fdbb403b3e0 secure :-1 s=STATE_CONNECTION_ESTABLISHED l=1).mark_down
2024-09-12T12:17:41.773 INFO:teuthology.orchestra.run.smithi082.stdout:/usr/bin/ceph: stderr
2024-09-12T12:17:41.118+0000 7fdbcd4b4640 1 --2- 172.21.15.82:0/3209703225 >> [v2:172.21.15.82:6800/2082156880,v1:172.21.15.82:6801/2082156880] conn(0x7fdbb4038f20 0x7fdbb403b3e0 secure :-1 s=READY pgs=8 cs=0 l=1 rev1=1 crypto rx=0x7fdbb00098c0 tx=0x7fdbb0006db0 comp rx=0 tx=0).stop
2024-09-12T12:17:41.773 INFO:teuthology.orchestra.run.smithi082.stdout:/usr/bin/ceph: stderr
2024-09-12T12:17:41.118+0000 7fdbcd4b4640 1 -- 172.21.15.82:0/3209703225 >> [v2:172.21.15.82:3300/0,v1:172.21.15.82:6789/0] conn(0x7fdbc8108330 msgr2=0x7fdbc819b8c0 secure :-1 s=STATE_CONNECTION_ESTABLISHED l=1).mark_down
2024-09-12T12:17:41.773 INFO:teuthology.orchestra.run.smithi082.stdout:/usr/bin/ceph: stderr
2024-09-12T12:17:41.118+0000 7fdbcd4b4640 1 --2- 172.21.15.82:0/3209703225 >> [v2:172.21.15.82:3300/0,v1:172.21.15.82:6789/0] conn(0x7fdbc8108330 0x7fdbc819b8c0 secure :-1 s=READY pgs=21 cs=0 l=1 rev1=1 crypto rx=0x7fdbb8032ce0 tx=0x7fdbb8032d10 comp rx=0 tx=0).stop
2024-09-12T12:17:41.773 INFO:teuthology.orchestra.run.smithi082.stdout:/usr/bin/ceph: stderr
2024-09-12T12:17:41.118+0000 7fdbcd4b4640 1 -- 172.21.15.82:0/3209703225 shutdown_connections
2024-09-12T12:17:41.773 INFO:teuthology.orchestra.run.smithi082.stdout:/usr/bin/ceph: stderr
2024-09-12T12:17:41.118+0000 7fdbcd4b4640 1 --2- 172.21.15.82:0/3209703225 >> [v2:172.21.15.82:6800/2082156880,v1:172.21.15.82:6801/2082156880] conn(0x7fdbb4038f20 0x7fdbb403b3e0 unknown :-1 s=CLOSED pgs=8 cs=0 l=1 rev1=1 crypto rx=0 tx=0 comp rx=0 tx=0).stop
2024-09-12T12:17:41.774 INFO:teuthology.orchestra.run.smithi082.stdout:/usr/bin/ceph: stderr
2024-09-12T12:17:41.118+0000 7fdbcd4b4640 1 --2- 172.21.15.82:0/3209703225 >> [v2:172.21.15.82:3300/0,v1:172.21.15.82:6789/0] conn(0x7fdbc8108330 0x7fdbc819b8c0 unknown :-1 s=CLOSED pgs=21 cs=0 l=1 rev1=1 crypto rx=0 tx=0 comp rx=0 tx=0).stop
2024-09-12T12:17:41.774 INFO:teuthology.orchestra.run.smithi082.stdout:/usr/bin/ceph: stderr
2024-09-12T12:17:41.118+0000 7fdbcd4b4640 1 -- 172.21.15.82:0/3209703225 >> 172.21.15.82:0/3209703225 conn(0x7fdbc8101f30 msgr2=0x7fdbc8102b60 unknown :-1 s=STATE_NONE l=0).mark_down
2024-09-12T12:17:41.774 INFO:teuthology.orchestra.run.smithi082.stdout:/usr/bin/ceph: stderr
2024-09-12T12:17:41.118+0000 7fdbcd4b4640 1 -- 172.21.15.82:0/3209703225 shutdown_connections
2024-09-12T12:17:41.774 INFO:teuthology.orchestra.run.smithi082.stdout:/usr/bin/ceph: stderr
2024-09-12T12:17:41.118+0000 7fdbcd4b4640 1 -- 172.21.15.82:0/3209703225 wait complete.
2024-09-12T12:17:42.030 INFO:journalctl@ceph.mgr.x.smithi082.stdout:Sep 12 12:17:41 smithi082 ceph-cb24faa8-7100-11ef-bcea-c7b262605968-mgr-x[31354]:
2024-09-12T12:17:41.828+0000 7f4c7e49e040 -1 mgr[py] Module snap_schedule has missing NOTIFY_TYPES member
2024-09-12T12:17:42.338 INFO:journalctl@ceph.mon.a.smithi082.stdout:Sep 12 12:17:42 smithi082 ceph-mon[31122]: from='client.? 172.21.15.82:0/3209703225' entity='client.admin' cmd='[{"prefix": "mgr module enable", "module": "cephadm"}]': finished
2024-09-12T12:17:42.338 INFO:journalctl@ceph.mon.a.smithi082.stdout:Sep 12 12:17:42 smithi082 ceph-mon[31122]: mgrmap e5: x(active, since 16s)
2024-09-12T12:17:42.338 INFO:journalctl@ceph.mgr.x.smithi082.stdout:Sep 12 12:17:42 smithi082 ceph-cb24faa8-7100-11ef-bcea-c7b262605968-mgr-x[31354]:
2024-09-12T12:17:42.151+0000 7f4c7e49e040 -1 mgr[py] Module prometheus has missing NOTIFY_TYPES member
2024-09-12T12:17:42.338 INFO:journalctl@ceph.mgr.x.smithi082.stdout:Sep 12 12:17:42 smithi082 ceph-cb24faa8-7100-11ef-bcea-c7b262605968-mgr-x[31354]:
2024-09-12T12:17:42.214+0000 7f4c7e49e040 -1 mgr[py] Module selftest has missing NOTIFY_TYPES member
2024-09-12T12:17:42.674 INFO:journalctl@ceph.mgr.x.smithi082.stdout:Sep 12 12:17:42 smithi082 ceph-cb24faa8-7100-11ef-bcea-c7b262605968-mgr-x[31354]:
2024-09-12T12:17:42.410+0000 7f4c7e49e040 -1 mgr[py] Module volumes has missing NOTIFY_TYPES member
2024-09-12T12:17:42.942 INFO:teuthology.orchestra.run.smithi082.stdout:/usr/bin/ceph: stdout {
2024-09-12T12:17:42.942 INFO:teuthology.orchestra.run.smithi082.stdout:/usr/bin/ceph: stdout "epoch": 5,
2024-09-12T12:17:42.942 INFO:teuthology.orchestra.run.smithi082.stdout:/usr/bin/ceph: stdout "available": true,
2024-09-12T12:17:42.942 INFO:teuthology.orchestra.run.smithi082.stdout:/usr/bin/ceph: stdout "active_name": "x",
2024-09-12T12:17:42.942 INFO:teuthology.orchestra.run.smithi082.stdout:/usr/bin/ceph: stdout "num_standby": 0
2024-09-12T12:17:42.942 INFO:teuthology.orchestra.run.smithi082.stdout:/usr/bin/ceph: stdout }
2024-09-12T12:17:42.942 INFO:teuthology.orchestra.run.smithi082.stdout:/usr/bin/ceph: stderr
2024-09-12T12:17:42.132+0000 7fecfa14e640 1 Processor -- start
2024-09-12T12:17:42.942 INFO:teuthology.orchestra.run.smithi082.stdout:/usr/bin/ceph: stderr
2024-09-12T12:17:42.132+0000 7fecfa14e640 1 -- start start
2024-09-12T12:17:42.943 INFO:teuthology.orchestra.run.smithi082.stdout:/usr/bin/ceph: stderr
2024-09-12T12:17:42.132+0000 7fecfa14e640 1 --2- >> [v2:172.21.15.82:3300/0,v1:172.21.15.82:6789/0] conn(0x7fecf41067b0 0x7fecf4106bb0 unknown :-1 s=NONE pgs=0 cs=0 l=0 rev1=0 crypto rx=0 tx=0 comp rx=0 tx=0).connect
2024-09-12T12:17:42.943 INFO:teuthology.orchestra.run.smithi082.stdout:/usr/bin/ceph: stderr
2024-09-12T12:17:42.132+0000 7fecfa14e640 1 -- --> [v2:172.21.15.82:3300/0,v1:172.21.15.82:6789/0] -- mon_getmap magic: 0 -- 0x7fecf4107180 con 0x7fecf41067b0
2024-09-12T12:17:42.943 INFO:teuthology.orchestra.run.smithi082.stdout:/usr/bin/ceph: stderr
2024-09-12T12:17:42.132+0000 7fecf37fe640 1 --2- >> [v2:172.21.15.82:3300/0,v1:172.21.15.82:6789/0] conn(0x7fecf41067b0 0x7fecf4106bb0 unknown :-1 s=BANNER_CONNECTING pgs=0 cs=0 l=0 rev1=0 crypto rx=0 tx=0 comp rx=0 tx=0)._handle_peer_banner_payload supported=3 required=0
2024-09-12T12:17:42.943 INFO:teuthology.orchestra.run.smithi082.stdout:/usr/bin/ceph: stderr
2024-09-12T12:17:42.132+0000 7fecf37fe640 1 --2- >> [v2:172.21.15.82:3300/0,v1:172.21.15.82:6789/0] conn(0x7fecf41067b0 0x7fecf4106bb0 unknown :-1 s=HELLO_CONNECTING pgs=0 cs=0 l=0 rev1=1 crypto rx=0 tx=0 comp rx=0 tx=0).handle_hello peer v2:172.21.15.82:3300/0 says I am v2:172.21.15.82:50450/0 (socket says 172.21.15.82:50450)
2024-09-12T12:17:42.943 INFO:teuthology.orchestra.run.smithi082.stdout:/usr/bin/ceph: stderr
2024-09-12T12:17:42.132+0000 7fecf37fe640 1 -- 172.21.15.82:0/1195577626 learned_addr learned my addr 172.21.15.82:0/1195577626 (peer_addr_for_me v2:172.21.15.82:0/0)
2024-09-12T12:17:42.943 INFO:teuthology.orchestra.run.smithi082.stdout:/usr/bin/ceph: stderr
2024-09-12T12:17:42.133+0000 7fecf37fe640 1 -- 172.21.15.82:0/1195577626 --> [v2:172.21.15.82:3300/0,v1:172.21.15.82:6789/0] -- mon_subscribe({config=0+,monmap=0+}) -- 0x7fecf41079b0 con 0x7fecf41067b0
2024-09-12T12:17:42.943 INFO:teuthology.orchestra.run.smithi082.stdout:/usr/bin/ceph: stderr
2024-09-12T12:17:42.133+0000 7fecf37fe640 1 --2- 172.21.15.82:0/1195577626 >> [v2:172.21.15.82:3300/0,v1:172.21.15.82:6789/0] conn(0x7fecf41067b0 0x7fecf4106bb0 secure :-1 s=READY pgs=24 cs=0 l=1 rev1=1 crypto rx=0x7fece400bac0 tx=0x7fece402c920 comp rx=0 tx=0).ready entity=mon.0 client_cookie=b86d5e8e47030b0f server_cookie=0 in_seq=0 out_seq=0
2024-09-12T12:17:42.943 INFO:teuthology.orchestra.run.smithi082.stdout:/usr/bin/ceph: stderr
2024-09-12T12:17:42.134+0000 7fecf2ffd640 1 -- 172.21.15.82:0/1195577626 <== mon.0 v2:172.21.15.82:3300/0 1 ==== mon_map magic: 0 ==== 205+0+0 (secure 0 0 0) 0x7fece40326d0 con 0x7fecf41067b0
2024-09-12T12:17:42.943 INFO:teuthology.orchestra.run.smithi082.stdout:/usr/bin/ceph: stderr
2024-09-12T12:17:42.134+0000 7fecf2ffd640 1 -- 172.21.15.82:0/1195577626 <== mon.0 v2:172.21.15.82:3300/0 2 ==== config(27 keys) ==== 1109+0+0 (secure 0 0 0) 0x7fece4038070 con 0x7fecf41067b0
2024-09-12T12:17:42.943 INFO:teuthology.orchestra.run.smithi082.stdout:/usr/bin/ceph: stderr
2024-09-12T12:17:42.134+0000 7fecf2ffd640 1 -- 172.21.15.82:0/1195577626 <== mon.0 v2:172.21.15.82:3300/0 3 ==== mon_map magic: 0 ==== 205+0+0 (secure 0 0 0) 0x7fece4033d70 con 0x7fecf41067b0
2024-09-12T12:17:42.943 INFO:teuthology.orchestra.run.smithi082.stdout:/usr/bin/ceph: stderr
2024-09-12T12:17:42.134+0000 7fecfa14e640 1 -- 172.21.15.82:0/1195577626 >> [v2:172.21.15.82:3300/0,v1:172.21.15.82:6789/0] conn(0x7fecf41067b0 msgr2=0x7fecf4106bb0 secure :-1 s=STATE_CONNECTION_ESTABLISHED l=1).mark_down
2024-09-12T12:17:42.943 INFO:teuthology.orchestra.run.smithi082.stdout:/usr/bin/ceph: stderr
2024-09-12T12:17:42.134+0000 7fecfa14e640 1 --2- 172.21.15.82:0/1195577626 >> [v2:172.21.15.82:3300/0,v1:172.21.15.82:6789/0] conn(0x7fecf41067b0 0x7fecf4106bb0 secure :-1 s=READY pgs=24 cs=0 l=1 rev1=1 crypto rx=0x7fece400bac0 tx=0x7fece402c920 comp rx=0 tx=0).stop
2024-09-12T12:17:42.943 INFO:teuthology.orchestra.run.smithi082.stdout:/usr/bin/ceph: stderr
2024-09-12T12:17:42.134+0000 7fecfa14e640 1 -- 172.21.15.82:0/1195577626 shutdown_connections
2024-09-12T12:17:42.944 INFO:teuthology.orchestra.run.smithi082.stdout:/usr/bin/ceph: stderr
2024-09-12T12:17:42.134+0000 7fecfa14e640 1 --2- 172.21.15.82:0/1195577626 >> [v2:172.21.15.82:3300/0,v1:172.21.15.82:6789/0] conn(0x7fecf41067b0 0x7fecf4106bb0 unknown :-1 s=CLOSED pgs=24 cs=0 l=1 rev1=1 crypto rx=0 tx=0 comp rx=0 tx=0).stop
2024-09-12T12:17:42.944 INFO:teuthology.orchestra.run.smithi082.stdout:/usr/bin/ceph: stderr
2024-09-12T12:17:42.134+0000 7fecfa14e640 1 -- 172.21.15.82:0/1195577626 >> 172.21.15.82:0/1195577626 conn(0x7fecf4101f40 msgr2=0x7fecf4104380 unknown :-1 s=STATE_NONE l=0).mark_down
2024-09-12T12:17:42.944 INFO:teuthology.orchestra.run.smithi082.stdout:/usr/bin/ceph: stderr
2024-09-12T12:17:42.134+0000 7fecfa14e640 1 -- 172.21.15.82:0/1195577626 shutdown_connections
2024-09-12T12:17:42.944 INFO:teuthology.orchestra.run.smithi082.stdout:/usr/bin/ceph: stderr
2024-09-12T12:17:42.134+0000 7fecfa14e640 1 -- 172.21.15.82:0/1195577626 wait complete.
2024-09-12T12:17:42.944 INFO:teuthology.orchestra.run.smithi082.stdout:/usr/bin/ceph: stderr
2024-09-12T12:17:42.135+0000 7fecfa14e640 1 Processor -- start
2024-09-12T12:17:42.944 INFO:teuthology.orchestra.run.smithi082.stdout:/usr/bin/ceph: stderr
2024-09-12T12:17:42.135+0000 7fecfa14e640 1 -- start start
2024-09-12T12:17:42.944 INFO:teuthology.orchestra.run.smithi082.stdout:/usr/bin/ceph: stderr
2024-09-12T12:17:42.135+0000 7fecfa14e640 1 --2- >> [v2:172.21.15.82:3300/0,v1:172.21.15.82:6789/0] conn(0x7fecf41067b0 0x7fecf419dad0 unknown :-1 s=NONE pgs=0 cs=0 l=1 rev1=0 crypto rx=0 tx=0 comp rx=0 tx=0).connect
2024-09-12T12:17:42.944 INFO:teuthology.orchestra.run.smithi082.stdout:/usr/bin/ceph: stderr
2024-09-12T12:17:42.135+0000 7fecfa14e640 1 -- --> [v2:172.21.15.82:3300/0,v1:172.21.15.82:6789/0] -- mon_getmap magic: 0 -- 0x7fecf407afb0 con 0x7fecf41067b0
2024-09-12T12:17:42.944 INFO:teuthology.orchestra.run.smithi082.stdout:/usr/bin/ceph: stderr
2024-09-12T12:17:42.135+0000 7fecf37fe640 1 --2- >> [v2:172.21.15.82:3300/0,v1:172.21.15.82:6789/0] conn(0x7fecf41067b0 0x7fecf419dad0 unknown :-1 s=BANNER_CONNECTING pgs=0 cs=0 l=1 rev1=0 crypto rx=0 tx=0 comp rx=0 tx=0)._handle_peer_banner_payload supported=3 required=0
2024-09-12T12:17:42.944 INFO:teuthology.orchestra.run.smithi082.stdout:/usr/bin/ceph: stderr
2024-09-12T12:17:42.135+0000 7fecf37fe640 1 --2- >> [v2:172.21.15.82:3300/0,v1:172.21.15.82:6789/0] conn(0x7fecf41067b0 0x7fecf419dad0 unknown :-1 s=HELLO_CONNECTING pgs=0 cs=0 l=1 rev1=1 crypto rx=0 tx=0 comp rx=0 tx=0).handle_hello peer v2:172.21.15.82:3300/0 says I am v2:172.21.15.82:50466/0 (socket says 172.21.15.82:50466)
2024-09-12T12:17:42.944 INFO:teuthology.orchestra.run.smithi082.stdout:/usr/bin/ceph: stderr
2024-09-12T12:17:42.135+0000 7fecf37fe640 1 -- 172.21.15.82:0/2688614041 learned_addr learned my addr 172.21.15.82:0/2688614041 (peer_addr_for_me v2:172.21.15.82:0/0)
2024-09-12T12:17:42.944 INFO:teuthology.orchestra.run.smithi082.stdout:/usr/bin/ceph: stderr
2024-09-12T12:17:42.135+0000 7fecf37fe640 1 -- 172.21.15.82:0/2688614041 --> [v2:172.21.15.82:3300/0,v1:172.21.15.82:6789/0] -- mon_subscribe({config=0+,monmap=0+}) -- 0x7fecf419e010 con 0x7fecf41067b0
2024-09-12T12:17:42.945 INFO:teuthology.orchestra.run.smithi082.stdout:/usr/bin/ceph: stderr
2024-09-12T12:17:42.136+0000 7fecf37fe640 1 --2- 172.21.15.82:0/2688614041 >> [v2:172.21.15.82:3300/0,v1:172.21.15.82:6789/0] conn(0x7fecf41067b0 0x7fecf419dad0 secure :-1 s=READY pgs=25 cs=0 l=1 rev1=1 crypto rx=0x7fece400b2c0 tx=0x7fece4032910 comp rx=0 tx=0).ready entity=mon.0 client_cookie=0 server_cookie=0 in_seq=0 out_seq=0
2024-09-12T12:17:42.945 INFO:teuthology.orchestra.run.smithi082.stdout:/usr/bin/ceph: stderr
2024-09-12T12:17:42.136+0000 7fecf17fa640 1 -- 172.21.15.82:0/2688614041 <== mon.0 v2:172.21.15.82:3300/0 1 ==== mon_map magic: 0 ==== 205+0+0 (secure 0 0 0) 0x7fece4042070 con 0x7fecf41067b0
2024-09-12T12:17:42.945 INFO:teuthology.orchestra.run.smithi082.stdout:/usr/bin/ceph: stderr
2024-09-12T12:17:42.136+0000 7fecf17fa640 1 -- 172.21.15.82:0/2688614041 <== mon.0 v2:172.21.15.82:3300/0 2 ==== config(27 keys) ==== 1109+0+0 (secure 0 0 0) 0x7fece403e900 con 0x7fecf41067b0
2024-09-12T12:17:42.945 INFO:teuthology.orchestra.run.smithi082.stdout:/usr/bin/ceph: stderr
2024-09-12T12:17:42.136+0000 7fecf17fa640 1 -- 172.21.15.82:0/2688614041 <== mon.0 v2:172.21.15.82:3300/0 3 ==== mon_map magic: 0 ==== 205+0+0 (secure 0 0 0) 0x7fece403c950 con 0x7fecf41067b0
2024-09-12T12:17:42.945 INFO:teuthology.orchestra.run.smithi082.stdout:/usr/bin/ceph: stderr
2024-09-12T12:17:42.136+0000 7fecfa14e640 1 -- 172.21.15.82:0/2688614041 --> [v2:172.21.15.82:3300/0,v1:172.21.15.82:6789/0] -- mon_subscribe({mgrmap=0+}) -- 0x7fecf419e2a0 con 0x7fecf41067b0
2024-09-12T12:17:42.945 INFO:teuthology.orchestra.run.smithi082.stdout:/usr/bin/ceph: stderr
2024-09-12T12:17:42.136+0000 7fecfa14e640 1 -- 172.21.15.82:0/2688614041 --> [v2:172.21.15.82:3300/0,v1:172.21.15.82:6789/0] -- mon_subscribe({osdmap=0}) -- 0x7fecf41a0f90 con 0x7fecf41067b0
2024-09-12T12:17:42.945 INFO:teuthology.orchestra.run.smithi082.stdout:/usr/bin/ceph: stderr
2024-09-12T12:17:42.137+0000 7fecf17fa640 1 -- 172.21.15.82:0/2688614041 <== mon.0 v2:172.21.15.82:3300/0 4 ==== mgrmap(e 5) ==== 46287+0+0 (secure 0 0 0) 0x7fece4045070 con 0x7fecf41067b0
2024-09-12T12:17:42.945 INFO:teuthology.orchestra.run.smithi082.stdout:/usr/bin/ceph: stderr
2024-09-12T12:17:42.137+0000 7fecfa14e640 1 -- 172.21.15.82:0/2688614041 --> [v2:172.21.15.82:3300/0,v1:172.21.15.82:6789/0] -- mon_command({"prefix": "get_command_descriptions"} v 0) -- 0x7fecf4106bb0 con 0x7fecf41067b0
2024-09-12T12:17:42.945 INFO:teuthology.orchestra.run.smithi082.stdout:/usr/bin/ceph: stderr
2024-09-12T12:17:42.137+0000 7fecf17fa640 1 --2- 172.21.15.82:0/2688614041 >> [v2:172.21.15.82:6800/2082156880,v1:172.21.15.82:6801/2082156880] conn(0x7fece0038f70 0x7fece003b430 unknown :-1 s=NONE pgs=0 cs=0 l=1 rev1=0 crypto rx=0 tx=0 comp rx=0 tx=0).connect
2024-09-12T12:17:42.945 INFO:teuthology.orchestra.run.smithi082.stdout:/usr/bin/ceph: stderr
2024-09-12T12:17:42.137+0000 7fecf17fa640 1 -- 172.21.15.82:0/2688614041 <== mon.0 v2:172.21.15.82:3300/0 5 ==== osd_map(1..1 src has 1..1) ==== 725+0+0 (secure 0 0 0) 0x7fece4030050 con 0x7fecf41067b0
2024-09-12T12:17:42.945 INFO:teuthology.orchestra.run.smithi082.stdout:/usr/bin/ceph: stderr
2024-09-12T12:17:42.137+0000 7fecebfff640 1 -- 172.21.15.82:0/2688614041 >> [v2:172.21.15.82:6800/2082156880,v1:172.21.15.82:6801/2082156880] conn(0x7fece0038f70 msgr2=0x7fece003b430 unknown :-1 s=STATE_CONNECTING_RE l=1).process reconnect failed to v2:172.21.15.82:6800/2082156880
2024-09-12T12:17:42.945 INFO:teuthology.orchestra.run.smithi082.stdout:/usr/bin/ceph: stderr
2024-09-12T12:17:42.137+0000 7fecebfff640 1 --2- 172.21.15.82:0/2688614041 >> [v2:172.21.15.82:6800/2082156880,v1:172.21.15.82:6801/2082156880] conn(0x7fece0038f70 0x7fece003b430 unknown :-1 s=START_CONNECT pgs=0 cs=0 l=1 rev1=0 crypto rx=0 tx=0 comp rx=0 tx=0)._fault waiting 0.200000
2024-09-12T12:17:42.946 INFO:teuthology.orchestra.run.smithi082.stdout:/usr/bin/ceph: stderr
2024-09-12T12:17:42.142+0000 7fecf17fa640 1 -- 172.21.15.82:0/2688614041 <== mon.0 v2:172.21.15.82:3300/0 6 ==== mon_command_ack([{"prefix": "get_command_descriptions"}]=0 v0) ==== 72+0+188821 (secure 0 0 0) 0x7fece406c7c0 con 0x7fecf41067b0
2024-09-12T12:17:42.946 INFO:teuthology.orchestra.run.smithi082.stdout:/usr/bin/ceph: stderr
2024-09-12T12:17:42.338+0000 7fecebfff640 1 -- 172.21.15.82:0/2688614041 >> [v2:172.21.15.82:6800/2082156880,v1:172.21.15.82:6801/2082156880] conn(0x7fece0038f70 msgr2=0x7fece003b430 unknown :-1 s=STATE_CONNECTING_RE l=1).process reconnect failed to v2:172.21.15.82:6800/2082156880
2024-09-12T12:17:42.946 INFO:teuthology.orchestra.run.smithi082.stdout:/usr/bin/ceph: stderr
2024-09-12T12:17:42.338+0000 7fecebfff640 1 --2- 172.21.15.82:0/2688614041 >> [v2:172.21.15.82:6800/2082156880,v1:172.21.15.82:6801/2082156880] conn(0x7fece0038f70 0x7fece003b430 unknown :-1 s=START_CONNECT pgs=0 cs=0 l=1 rev1=0 crypto rx=0 tx=0 comp rx=0 tx=0)._fault waiting 0.400000
2024-09-12T12:17:42.946 INFO:teuthology.orchestra.run.smithi082.stdout:/usr/bin/ceph: stderr
2024-09-12T12:17:42.360+0000 7fecfa14e640 1 -- 172.21.15.82:0/2688614041 --> [v2:172.21.15.82:3300/0,v1:172.21.15.82:6789/0] -- mon_command({"prefix": "mgr stat"} v 0) -- 0x7fecf41a1160 con 0x7fecf41067b0
2024-09-12T12:17:42.946 INFO:teuthology.orchestra.run.smithi082.stdout:/usr/bin/ceph: stderr
2024-09-12T12:17:42.360+0000 7fecf17fa640 1 -- 172.21.15.82:0/2688614041 <== mon.0 v2:172.21.15.82:3300/0 7 ==== mon_command_ack([{"prefix": "mgr stat"}]=0 v5) ==== 56+0+88 (secure 0 0 0) 0x7fece403eb60 con 0x7fecf41067b0
2024-09-12T12:17:42.946 INFO:teuthology.orchestra.run.smithi082.stdout:/usr/bin/ceph: stderr
2024-09-12T12:17:42.362+0000 7fecfa14e640 1 -- 172.21.15.82:0/2688614041 >> [v2:172.21.15.82:6800/2082156880,v1:172.21.15.82:6801/2082156880] conn(0x7fece0038f70 msgr2=0x7fece003b430 unknown :-1 s=STATE_CONNECTING l=1).mark_down
2024-09-12T12:17:42.946 INFO:teuthology.orchestra.run.smithi082.stdout:/usr/bin/ceph: stderr
2024-09-12T12:17:42.362+0000 7fecfa14e640 1 --2- 172.21.15.82:0/2688614041 >> [v2:172.21.15.82:6800/2082156880,v1:172.21.15.82:6801/2082156880] conn(0x7fece0038f70 0x7fece003b430 unknown :-1 s=START_CONNECT pgs=0 cs=0 l=1 rev1=0 crypto rx=0 tx=0 comp rx=0 tx=0).stop
2024-09-12T12:17:42.946 INFO:teuthology.orchestra.run.smithi082.stdout:/usr/bin/ceph: stderr
2024-09-12T12:17:42.362+0000 7fecfa14e640 1 -- 172.21.15.82:0/2688614041 >> [v2:172.21.15.82:3300/0,v1:172.21.15.82:6789/0] conn(0x7fecf41067b0 msgr2=0x7fecf419dad0 secure :-1 s=STATE_CONNECTION_ESTABLISHED l=1).mark_down
2024-09-12T12:17:42.946 INFO:teuthology.orchestra.run.smithi082.stdout:/usr/bin/ceph: stderr
2024-09-12T12:17:42.362+0000 7fecfa14e640 1 --2- 172.21.15.82:0/2688614041 >> [v2:172.21.15.82:3300/0,v1:172.21.15.82:6789/0] conn(0x7fecf41067b0 0x7fecf419dad0 secure :-1 s=READY pgs=25 cs=0 l=1 rev1=1 crypto rx=0x7fece400b2c0 tx=0x7fece4032910 comp rx=0 tx=0).stop
2024-09-12T12:17:42.946 INFO:teuthology.orchestra.run.smithi082.stdout:/usr/bin/ceph: stderr
2024-09-12T12:17:42.362+0000 7fecfa14e640 1 -- 172.21.15.82:0/2688614041 shutdown_connections
2024-09-12T12:17:42.946 INFO:teuthology.orchestra.run.smithi082.stdout:/usr/bin/ceph: stderr
2024-09-12T12:17:42.362+0000 7fecfa14e640 1 --2- 172.21.15.82:0/2688614041 >> [v2:172.21.15.82:6800/2082156880,v1:172.21.15.82:6801/2082156880] conn(0x7fece0038f70 0x7fece003b430 unknown :-1 s=CLOSED pgs=0 cs=0 l=1 rev1=0 crypto rx=0 tx=0 comp rx=0 tx=0).stop
2024-09-12T12:17:42.946 INFO:teuthology.orchestra.run.smithi082.stdout:/usr/bin/ceph: stderr
2024-09-12T12:17:42.362+0000 7fecfa14e640 1 --2- 172.21.15.82:0/2688614041 >> [v2:172.21.15.82:3300/0,v1:172.21.15.82:6789/0] conn(0x7fecf41067b0 0x7fecf419dad0 unknown :-1 s=CLOSED pgs=25 cs=0 l=1 rev1=1 crypto rx=0 tx=0 comp rx=0 tx=0).stop
2024-09-12T12:17:42.947 INFO:teuthology.orchestra.run.smithi082.stdout:/usr/bin/ceph: stderr
2024-09-12T12:17:42.362+0000 7fecfa14e640 1 -- 172.21.15.82:0/2688614041 >> 172.21.15.82:0/2688614041 conn(0x7fecf4101f40 msgr2=0x7fecf41940e0 unknown :-1 s=STATE_NONE l=0).mark_down
2024-09-12T12:17:42.947 INFO:teuthology.orchestra.run.smithi082.stdout:/usr/bin/ceph: stderr
2024-09-12T12:17:42.362+0000 7fecfa14e640 1 -- 172.21.15.82:0/2688614041 shutdown_connections
2024-09-12T12:17:42.947 INFO:teuthology.orchestra.run.smithi082.stdout:/usr/bin/ceph: stderr
2024-09-12T12:17:42.362+0000 7fecfa14e640 1 -- 172.21.15.82:0/2688614041 wait complete.
2024-09-12T12:17:42.947 INFO:teuthology.orchestra.run.smithi082.stdout:Waiting for the mgr to restart...
2024-09-12T12:17:42.947 INFO:teuthology.orchestra.run.smithi082.stdout:Waiting for mgr epoch 5...
2024-09-12T12:17:43.191 INFO:journalctl@ceph.mon.a.smithi082.stdout:Sep 12 12:17:43 smithi082 ceph-mon[31122]: from='client.? 172.21.15.82:0/2688614041' entity='client.admin' cmd=[{"prefix": "mgr stat"}]: dispatch
2024-09-12T12:17:43.530 INFO:journalctl@ceph.mgr.x.smithi082.stdout:Sep 12 12:17:43 smithi082 ceph-cb24faa8-7100-11ef-bcea-c7b262605968-mgr-x[31354]:
2024-09-12T12:17:43.311+0000 7f4c7e49e040 -1 mgr[py] Module telemetry has missing NOTIFY_TYPES member
2024-09-12T12:17:43.530 INFO:journalctl@ceph.mgr.x.smithi082.stdout:Sep 12 12:17:43 smithi082 ceph-cb24faa8-7100-11ef-bcea-c7b262605968-mgr-x[31354]:
2024-09-12T12:17:43.381+0000 7f4c7e49e040 -1 mgr[py] Module balancer has missing NOTIFY_TYPES member
2024-09-12T12:17:44.209 INFO:journalctl@ceph.mgr.x.smithi082.stdout:Sep 12 12:17:44 smithi082 ceph-cb24faa8-7100-11ef-bcea-c7b262605968-mgr-x[31354]:
2024-09-12T12:17:44.093+0000 7f4c7e49e040 -1 mgr[py] Module rook has missing NOTIFY_TYPES member
2024-09-12T12:17:44.209 INFO:journalctl@ceph.mgr.x.smithi082.stdout:Sep 12 12:17:44 smithi082 ceph-cb24faa8-7100-11ef-bcea-c7b262605968-mgr-x[31354]:
2024-09-12T12:17:44.208+0000 7f4c7e49e040 -1 mgr[py] Module iostat has missing NOTIFY_TYPES member
2024-09-12T12:17:44.530 INFO:journalctl@ceph.mgr.x.smithi082.stdout:Sep 12 12:17:44 smithi082 ceph-cb24faa8-7100-11ef-bcea-c7b262605968-mgr-x[31354]:
2024-09-12T12:17:44.357+0000 7f4c7e49e040 -1 mgr[py] Module orchestrator has missing NOTIFY_TYPES member
2024-09-12T12:17:44.530 INFO:journalctl@ceph.mgr.x.smithi082.stdout:Sep 12 12:17:44 smithi082 ceph-cb24faa8-7100-11ef-bcea-c7b262605968-mgr-x[31354]:
2024-09-12T12:17:44.417+0000 7f4c7e49e040 -1 mgr[py] Module devicehealth has missing NOTIFY_TYPES member
2024-09-12T12:17:44.848 INFO:journalctl@ceph.mgr.x.smithi082.stdout:Sep 12 12:17:44 smithi082 ceph-cb24faa8-7100-11ef-bcea-c7b262605968-mgr-x[31354]:
2024-09-12T12:17:44.564+0000 7f4c7e49e040 -1 mgr[py] Module rgw has missing NOTIFY_TYPES member
2024-09-12T12:17:44.849 INFO:journalctl@ceph.mgr.x.smithi082.stdout:Sep 12 12:17:44 smithi082 ceph-cb24faa8-7100-11ef-bcea-c7b262605968-mgr-x[31354]:
2024-09-12T12:17:44.631+0000 7f4c7e49e040 -1 mgr[py] Module alerts has missing NOTIFY_TYPES member
2024-09-12T12:17:44.849 INFO:journalctl@ceph.mgr.x.smithi082.stdout:Sep 12 12:17:44 smithi082 ceph-cb24faa8-7100-11ef-bcea-c7b262605968-mgr-x[31354]:
2024-09-12T12:17:44.690+0000 7f4c7e49e040 -1 mgr[py] Module progress has missing NOTIFY_TYPES member
2024-09-12T12:17:44.849 INFO:journalctl@ceph.mgr.x.smithi082.stdout:Sep 12 12:17:44 smithi082 ceph-cb24faa8-7100-11ef-bcea-c7b262605968-mgr-x[31354]:
2024-09-12T12:17:44.848+0000 7f4c7e49e040 -1 mgr[py] Module nfs has missing NOTIFY_TYPES member
2024-09-12T12:17:45.120 INFO:journalctl@ceph.mgr.x.smithi082.stdout:Sep 12 12:17:44 smithi082 ceph-cb24faa8-7100-11ef-bcea-c7b262605968-mgr-x[31354]:
2024-09-12T12:17:44.913+0000 7f4c7e49e040 -1 mgr[py] Module status has missing NOTIFY_TYPES member
2024-09-12T12:17:45.120 INFO:journalctl@ceph.mgr.x.smithi082.stdout:Sep 12 12:17:44 smithi082 ceph-cb24faa8-7100-11ef-bcea-c7b262605968-mgr-x[31354]:
2024-09-12T12:17:44.979+0000 7f4c7e49e040 -1 mgr[py] Module pg_autoscaler has missing NOTIFY_TYPES member
2024-09-12T12:17:45.120 INFO:journalctl@ceph.mgr.x.smithi082.stdout:Sep 12 12:17:45 smithi082 ceph-cb24faa8-7100-11ef-bcea-c7b262605968-mgr-x[31354]:
2024-09-12T12:17:45.060+0000 7f4c7e49e040 -1 mgr[py] Module rbd_support has missing NOTIFY_TYPES member
2024-09-12T12:17:45.121 INFO:journalctl@ceph.mgr.x.smithi082.stdout:Sep 12 12:17:45 smithi082 ceph-cb24faa8-7100-11ef-bcea-c7b262605968-mgr-x[31354]:
2024-09-12T12:17:45.120+0000 7f4c7e49e040 -1 mgr[py] Module influx has missing NOTIFY_TYPES member
2024-09-12T12:17:45.530 INFO:journalctl@ceph.mgr.x.smithi082.stdout:Sep 12 12:17:45 smithi082 ceph-cb24faa8-7100-11ef-bcea-c7b262605968-mgr-x[31354]:
2024-09-12T12:17:45.178+0000 7f4c7e49e040 -1 mgr[py] Module zabbix has missing NOTIFY_TYPES member
2024-09-12T12:17:46.255 INFO:journalctl@ceph.mgr.x.smithi082.stdout:Sep 12 12:17:45 smithi082 ceph-cb24faa8-7100-11ef-bcea-c7b262605968-mgr-x[31354]:
2024-09-12T12:17:45.954+0000 7f4c7e49e040 -1 mgr[py] Module telegraf has missing NOTIFY_TYPES member
2024-09-12T12:17:46.255 INFO:journalctl@ceph.mon.a.smithi082.stdout:Sep 12 12:17:46 smithi082 ceph-mon[31122]: Active manager daemon x restarted
2024-09-12T12:17:46.255 INFO:journalctl@ceph.mon.a.smithi082.stdout:Sep 12 12:17:46 smithi082 ceph-mon[31122]: Activating manager daemon x
2024-09-12T12:17:46.255 INFO:journalctl@ceph.mon.a.smithi082.stdout:Sep 12 12:17:46 smithi082 ceph-mon[31122]: osdmap e2: 0 total, 0 up, 0 in
2024-09-12T12:17:46.255 INFO:journalctl@ceph.mon.a.smithi082.stdout:Sep 12 12:17:46 smithi082 ceph-mon[31122]: mgrmap e6: x(active, starting, since 0.00392889s)
2024-09-12T12:17:46.256 INFO:journalctl@ceph.mon.a.smithi082.stdout:Sep 12 12:17:46 smithi082 ceph-mon[31122]: from='mgr.14118 172.21.15.82:0/2094383119' entity='mgr.x' cmd=[{"prefix": "mon metadata", "id": "a"}]: dispatch
2024-09-12T12:17:46.256 INFO:journalctl@ceph.mon.a.smithi082.stdout:Sep 12 12:17:46 smithi082 ceph-mon[31122]: from='mgr.14118 172.21.15.82:0/2094383119' entity='mgr.x' cmd=[{"prefix": "mgr metadata", "who": "x", "id": "x"}]: dispatch
2024-09-12T12:17:46.256 INFO:journalctl@ceph.mon.a.smithi082.stdout:Sep 12 12:17:46 smithi082 ceph-mon[31122]: from='mgr.14118 172.21.15.82:0/2094383119' entity='mgr.x' cmd=[{"prefix": "mds metadata"}]: dispatch
2024-09-12T12:17:46.256 INFO:journalctl@ceph.mon.a.smithi082.stdout:Sep 12 12:17:46 smithi082 ceph-mon[31122]: from='mgr.14118 172.21.15.82:0/2094383119' entity='mgr.x' cmd=[{"prefix": "osd metadata"}]: dispatch
2024-09-12T12:17:46.256 INFO:journalctl@ceph.mon.a.smithi082.stdout:Sep 12 12:17:46 smithi082 ceph-mon[31122]: from='mgr.14118 172.21.15.82:0/2094383119' entity='mgr.x' cmd=[{"prefix": "mon metadata"}]: dispatch
2024-09-12T12:17:46.256 INFO:journalctl@ceph.mon.a.smithi082.stdout:Sep 12 12:17:46 smithi082 ceph-mon[31122]: Manager daemon x is now available
2024-09-12T12:17:46.256 INFO:journalctl@ceph.mon.a.smithi082.stdout:Sep 12 12:17:46 smithi082 ceph-mon[31122]: from='mgr.14118 172.21.15.82:0/2094383119' entity='mgr.x'
2024-09-12T12:17:46.256 INFO:journalctl@ceph.mon.a.smithi082.stdout:Sep 12 12:17:46 smithi082 ceph-mon[31122]: from='mgr.14118 172.21.15.82:0/2094383119' entity='mgr.x'
2024-09-12T12:17:46.256 INFO:journalctl@ceph.mon.a.smithi082.stdout:Sep 12 12:17:46 smithi082 ceph-mon[31122]: from='mgr.14118 172.21.15.82:0/2094383119' entity='mgr.x' cmd=[{"prefix": "config dump", "format": "json"}]: dispatch
2024-09-12T12:17:46.256 INFO:journalctl@ceph.mon.a.smithi082.stdout:Sep 12 12:17:46 smithi082 ceph-mon[31122]: from='mgr.14118 172.21.15.82:0/2094383119' entity='mgr.x' cmd=[{"prefix": "config dump", "format": "json"}]: dispatch
2024-09-12T12:17:46.256 INFO:journalctl@ceph.mon.a.smithi082.stdout:Sep 12 12:17:46 smithi082 ceph-mon[31122]: from='mgr.14118 172.21.15.82:0/2094383119' entity='mgr.x' cmd=[{"prefix":"config rm","who":"mgr","name":"mgr/rbd_support/x/mirror_snapshot_schedule"}]: dispatch
2024-09-12T12:17:46.256 INFO:journalctl@ceph.mon.a.smithi082.stdout:Sep 12 12:17:46 smithi082 ceph-mon[31122]: from='mgr.14118 172.21.15.82:0/2094383119' entity='mgr.x' cmd=[{"prefix":"config rm","who":"mgr","name":"mgr/rbd_support/x/trash_purge_schedule"}]: dispatch
2024-09-12T12:17:47.263 INFO:journalctl@ceph.mon.a.smithi082.stdout:Sep 12 12:17:47 smithi082 ceph-mon[31122]: Found migration_current of "None". Setting to last migration.
2024-09-12T12:17:47.263 INFO:journalctl@ceph.mon.a.smithi082.stdout:Sep 12 12:17:47 smithi082 ceph-mon[31122]: mgrmap e7: x(active, since 1.00526s)
2024-09-12T12:17:47.574 INFO:teuthology.orchestra.run.smithi082.stdout:/usr/bin/ceph: stdout {
2024-09-12T12:17:47.574 INFO:teuthology.orchestra.run.smithi082.stdout:/usr/bin/ceph: stdout "mgrmap_epoch": 7,
2024-09-12T12:17:47.574 INFO:teuthology.orchestra.run.smithi082.stdout:/usr/bin/ceph: stdout "initialized": true
2024-09-12T12:17:47.574 INFO:teuthology.orchestra.run.smithi082.stdout:/usr/bin/ceph: stdout }
2024-09-12T12:17:47.574 INFO:teuthology.orchestra.run.smithi082.stdout:/usr/bin/ceph: stderr
2024-09-12T12:17:43.338+0000 7fe027e15640 1 Processor -- start
2024-09-12T12:17:47.575 INFO:teuthology.orchestra.run.smithi082.stdout:/usr/bin/ceph: stderr
2024-09-12T12:17:43.338+0000 7fe027e15640 1 -- start start
2024-09-12T12:17:47.575 INFO:teuthology.orchestra.run.smithi082.stdout:/usr/bin/ceph: stderr
2024-09-12T12:17:43.338+0000 7fe027e15640 1 --2- >> [v2:172.21.15.82:3300/0,v1:172.21.15.82:6789/0] conn(0x7fe0201061f0 0x7fe0201065f0 unknown :-1 s=NONE pgs=0 cs=0 l=0 rev1=0 crypto rx=0 tx=0 comp rx=0 tx=0).connect
2024-09-12T12:17:47.575 INFO:teuthology.orchestra.run.smithi082.stdout:/usr/bin/ceph: stderr
2024-09-12T12:17:43.338+0000 7fe027e15640 1 -- --> [v2:172.21.15.82:3300/0,v1:172.21.15.82:6789/0] -- mon_getmap magic: 0 -- 0x7fe02007be10 con 0x7fe0201061f0
2024-09-12T12:17:47.575 INFO:teuthology.orchestra.run.smithi082.stdout:/usr/bin/ceph: stderr
2024-09-12T12:17:43.339+0000 7fe025bb1640 1 --2- >> [v2:172.21.15.82:3300/0,v1:172.21.15.82:6789/0] conn(0x7fe0201061f0 0x7fe0201065f0 unknown :-1 s=BANNER_CONNECTING pgs=0 cs=0 l=0 rev1=0 crypto rx=0 tx=0 comp rx=0 tx=0)._handle_peer_banner_payload supported=3 required=0
2024-09-12T12:17:47.575 INFO:teuthology.orchestra.run.smithi082.stdout:/usr/bin/ceph: stderr
2024-09-12T12:17:43.339+0000 7fe025bb1640 1 --2- >> [v2:172.21.15.82:3300/0,v1:172.21.15.82:6789/0] conn(0x7fe0201061f0 0x7fe0201065f0 unknown :-1 s=HELLO_CONNECTING pgs=0 cs=0 l=0 rev1=1 crypto rx=0 tx=0 comp rx=0 tx=0).handle_hello peer v2:172.21.15.82:3300/0 says I am v2:172.21.15.82:50470/0 (socket says 172.21.15.82:50470)
2024-09-12T12:17:47.575 INFO:teuthology.orchestra.run.smithi082.stdout:/usr/bin/ceph: stderr
2024-09-12T12:17:43.339+0000 7fe025bb1640 1 -- 172.21.15.82:0/1956220901 learned_addr learned my addr 172.21.15.82:0/1956220901 (peer_addr_for_me v2:172.21.15.82:0/0)
2024-09-12T12:17:47.575 INFO:teuthology.orchestra.run.smithi082.stdout:/usr/bin/ceph: stderr
2024-09-12T12:17:43.339+0000 7fe025bb1640 1 -- 172.21.15.82:0/1956220901 --> [v2:172.21.15.82:3300/0,v1:172.21.15.82:6789/0] -- mon_subscribe({config=0+,monmap=0+}) -- 0x7fe020106b30 con 0x7fe0201061f0
2024-09-12T12:17:47.575 INFO:teuthology.orchestra.run.smithi082.stdout:/usr/bin/ceph: stderr
2024-09-12T12:17:43.340+0000 7fe025bb1640 1 --2- 172.21.15.82:0/1956220901 >> [v2:172.21.15.82:3300/0,v1:172.21.15.82:6789/0] conn(0x7fe0201061f0 0x7fe0201065f0 secure :-1 s=READY pgs=26 cs=0 l=1 rev1=1 crypto rx=0x7fe010009820 tx=0x7fe01002a270 comp rx=0 tx=0).ready entity=mon.0 client_cookie=5315d4753008a4a4 server_cookie=0 in_seq=0 out_seq=0
2024-09-12T12:17:47.575 INFO:teuthology.orchestra.run.smithi082.stdout:/usr/bin/ceph: stderr
2024-09-12T12:17:43.340+0000 7fe024baf640 1 -- 172.21.15.82:0/1956220901 <== mon.0 v2:172.21.15.82:3300/0 1 ==== mon_map magic: 0 ==== 205+0+0 (secure 0 0 0) 0x7fe010037070 con 0x7fe0201061f0
2024-09-12T12:17:47.575 INFO:teuthology.orchestra.run.smithi082.stdout:/usr/bin/ceph: stderr
2024-09-12T12:17:43.340+0000 7fe024baf640 1 -- 172.21.15.82:0/1956220901 <== mon.0 v2:172.21.15.82:3300/0 2 ==== config(27 keys) ==== 1109+0+0 (secure 0 0 0) 0x7fe010032900 con 0x7fe0201061f0
2024-09-12T12:17:47.575 INFO:teuthology.orchestra.run.smithi082.stdout:/usr/bin/ceph: stderr
2024-09-12T12:17:43.340+0000 7fe024baf640 1 -- 172.21.15.82:0/1956220901 <== mon.0 v2:172.21.15.82:3300/0 3 ==== mon_map magic: 0 ==== 205+0+0 (secure 0 0 0) 0x7fe010030850 con 0x7fe0201061f0
2024-09-12T12:17:47.575 INFO:teuthology.orchestra.run.smithi082.stdout:/usr/bin/ceph: stderr
2024-09-12T12:17:43.340+0000 7fe027e15640 1 -- 172.21.15.82:0/1956220901 >> [v2:172.21.15.82:3300/0,v1:172.21.15.82:6789/0] conn(0x7fe0201061f0 msgr2=0x7fe0201065f0 secure :-1 s=STATE_CONNECTION_ESTABLISHED l=1).mark_down
2024-09-12T12:17:47.576 INFO:teuthology.orchestra.run.smithi082.stdout:/usr/bin/ceph: stderr
2024-09-12T12:17:43.340+0000 7fe027e15640 1 --2- 172.21.15.82:0/1956220901 >> [v2:172.21.15.82:3300/0,v1:172.21.15.82:6789/0] conn(0x7fe0201061f0 0x7fe0201065f0 secure :-1 s=READY pgs=26 cs=0 l=1 rev1=1 crypto rx=0x7fe010009820 tx=0x7fe01002a270 comp rx=0 tx=0).stop
2024-09-12T12:17:47.576 INFO:teuthology.orchestra.run.smithi082.stdout:/usr/bin/ceph: stderr
2024-09-12T12:17:43.340+0000 7fe027e15640 1 -- 172.21.15.82:0/1956220901 shutdown_connections
2024-09-12T12:17:47.576 INFO:teuthology.orchestra.run.smithi082.stdout:/usr/bin/ceph: stderr
2024-09-12T12:17:43.340+0000 7fe027e15640 1 --2- 172.21.15.82:0/1956220901 >> [v2:172.21.15.82:3300/0,v1:172.21.15.82:6789/0] conn(0x7fe0201061f0 0x7fe0201065f0 unknown :-1 s=CLOSED pgs=26 cs=0 l=1 rev1=1 crypto rx=0 tx=0 comp rx=0 tx=0).stop
2024-09-12T12:17:47.576 INFO:teuthology.orchestra.run.smithi082.stdout:/usr/bin/ceph: stderr
2024-09-12T12:17:43.340+0000 7fe027e15640 1 -- 172.21.15.82:0/1956220901 >> 172.21.15.82:0/1956220901 conn(0x7fe020101fc0 msgr2=0x7fe0201043e0 unknown :-1 s=STATE_NONE l=0).mark_down
2024-09-12T12:17:47.576 INFO:teuthology.orchestra.run.smithi082.stdout:/usr/bin/ceph: stderr
2024-09-12T12:17:43.341+0000 7fe027e15640 1 -- 172.21.15.82:0/1956220901 shutdown_connections
2024-09-12T12:17:47.576 INFO:teuthology.orchestra.run.smithi082.stdout:/usr/bin/ceph: stderr
2024-09-12T12:17:43.341+0000 7fe027e15640 1 -- 172.21.15.82:0/1956220901 wait complete.
2024-09-12T12:17:47.576 INFO:teuthology.orchestra.run.smithi082.stdout:/usr/bin/ceph: stderr
2024-09-12T12:17:43.341+0000 7fe027e15640 1 Processor -- start
2024-09-12T12:17:47.576 INFO:teuthology.orchestra.run.smithi082.stdout:/usr/bin/ceph: stderr
2024-09-12T12:17:43.341+0000 7fe027e15640 1 -- start start
2024-09-12T12:17:47.576 INFO:teuthology.orchestra.run.smithi082.stdout:/usr/bin/ceph: stderr
2024-09-12T12:17:43.341+0000 7fe027e15640 1 --2- >> [v2:172.21.15.82:3300/0,v1:172.21.15.82:6789/0] conn(0x7fe0201061f0 0x7fe02019ddc0 unknown :-1 s=NONE pgs=0 cs=0 l=1 rev1=0 crypto rx=0 tx=0 comp rx=0 tx=0).connect
2024-09-12T12:17:47.576 INFO:teuthology.orchestra.run.smithi082.stdout:/usr/bin/ceph: stderr
2024-09-12T12:17:43.341+0000 7fe027e15640 1 -- --> [v2:172.21.15.82:3300/0,v1:172.21.15.82:6789/0] -- mon_getmap magic: 0 -- 0x7fe020107bc0 con 0x7fe0201061f0
2024-09-12T12:17:47.577 INFO:teuthology.orchestra.run.smithi082.stdout:/usr/bin/ceph: stderr
2024-09-12T12:17:43.342+0000 7fe025bb1640 1 --2- >> [v2:172.21.15.82:3300/0,v1:172.21.15.82:6789/0] conn(0x7fe0201061f0 0x7fe02019ddc0 unknown :-1 s=BANNER_CONNECTING pgs=0 cs=0 l=1 rev1=0 crypto rx=0 tx=0 comp rx=0 tx=0)._handle_peer_banner_payload supported=3 required=0
2024-09-12T12:17:47.577 INFO:teuthology.orchestra.run.smithi082.stdout:/usr/bin/ceph: stderr
2024-09-12T12:17:43.342+0000 7fe025bb1640 1 --2- >> [v2:172.21.15.82:3300/0,v1:172.21.15.82:6789/0] conn(0x7fe0201061f0 0x7fe02019ddc0 unknown :-1 s=HELLO_CONNECTING pgs=0 cs=0 l=1 rev1=1 crypto rx=0 tx=0 comp rx=0 tx=0).handle_hello peer v2:172.21.15.82:3300/0 says I am v2:172.21.15.82:50486/0 (socket says 172.21.15.82:50486)
2024-09-12T12:17:47.577 INFO:teuthology.orchestra.run.smithi082.stdout:/usr/bin/ceph: stderr
2024-09-12T12:17:43.342+0000 7fe025bb1640 1 -- 172.21.15.82:0/3593926743 learned_addr learned my addr 172.21.15.82:0/3593926743 (peer_addr_for_me v2:172.21.15.82:0/0)
2024-09-12T12:17:47.577 INFO:teuthology.orchestra.run.smithi082.stdout:/usr/bin/ceph: stderr
2024-09-12T12:17:43.342+0000 7fe025bb1640 1 -- 172.21.15.82:0/3593926743 --> [v2:172.21.15.82:3300/0,v1:172.21.15.82:6789/0] -- mon_subscribe({config=0+,monmap=0+}) -- 0x7fe02019e300 con 0x7fe0201061f0
2024-09-12T12:17:47.577 INFO:teuthology.orchestra.run.smithi082.stdout:/usr/bin/ceph: stderr
2024-09-12T12:17:43.342+0000 7fe025bb1640 1 --2- 172.21.15.82:0/3593926743 >> [v2:172.21.15.82:3300/0,v1:172.21.15.82:6789/0] conn(0x7fe0201061f0 0x7fe02019ddc0 secure :-1 s=READY pgs=27 cs=0 l=1 rev1=1 crypto rx=0x7fe0100097f0 tx=0x7fe010030ec0 comp rx=0 tx=0).ready entity=mon.0 client_cookie=0 server_cookie=0 in_seq=0 out_seq=0
2024-09-12T12:17:47.577 INFO:teuthology.orchestra.run.smithi082.stdout:/usr/bin/ceph: stderr
2024-09-12T12:17:43.342+0000 7fe016ffd640 1 -- 172.21.15.82:0/3593926743 <== mon.0 v2:172.21.15.82:3300/0 1 ==== mon_map magic: 0 ==== 205+0+0 (secure 0 0 0) 0x7fe010042070 con 0x7fe0201061f0
2024-09-12T12:17:47.577 INFO:teuthology.orchestra.run.smithi082.stdout:/usr/bin/ceph: stderr
2024-09-12T12:17:43.342+0000 7fe027e15640 1 -- 172.21.15.82:0/3593926743 --> [v2:172.21.15.82:3300/0,v1:172.21.15.82:6789/0] -- mon_subscribe({mgrmap=0+}) -- 0x7fe02019e590 con 0x7fe0201061f0
2024-09-12T12:17:47.577 INFO:teuthology.orchestra.run.smithi082.stdout:/usr/bin/ceph: stderr
2024-09-12T12:17:43.342+0000 7fe016ffd640 1 -- 172.21.15.82:0/3593926743 <== mon.0 v2:172.21.15.82:3300/0 2 ==== config(27 keys) ==== 1109+0+0 (secure 0 0 0) 0x7fe010032ca0 con 0x7fe0201061f0
2024-09-12T12:17:47.577 INFO:teuthology.orchestra.run.smithi082.stdout:/usr/bin/ceph: stderr
2024-09-12T12:17:43.342+0000 7fe016ffd640 1 -- 172.21.15.82:0/3593926743 <== mon.0 v2:172.21.15.82:3300/0 3 ==== mon_map magic: 0 ==== 205+0+0 (secure 0 0 0) 0x7fe010037040 con 0x7fe0201061f0
2024-09-12T12:17:47.577 INFO:teuthology.orchestra.run.smithi082.stdout:/usr/bin/ceph: stderr
2024-09-12T12:17:43.342+0000 7fe027e15640 1 -- 172.21.15.82:0/3593926743 --> [v2:172.21.15.82:3300/0,v1:172.21.15.82:6789/0] -- mon_subscribe({osdmap=0}) -- 0x7fe0201a1280 con 0x7fe0201061f0
2024-09-12T12:17:47.577 INFO:teuthology.orchestra.run.smithi082.stdout:/usr/bin/ceph: stderr
2024-09-12T12:17:43.343+0000 7fe016ffd640 1 -- 172.21.15.82:0/3593926743 <== mon.0 v2:172.21.15.82:3300/0 4 ==== mgrmap(e 5) ==== 46287+0+0 (secure 0 0 0) 0x7fe010045070 con 0x7fe0201061f0
2024-09-12T12:17:47.577 INFO:teuthology.orchestra.run.smithi082.stdout:/usr/bin/ceph: stderr
2024-09-12T12:17:43.343+0000 7fe016ffd640 1 --2- 172.21.15.82:0/3593926743 >> [v2:172.21.15.82:6800/2082156880,v1:172.21.15.82:6801/2082156880] conn(0x7fe00c038f70 0x7fe00c03b430 unknown :-1 s=NONE pgs=0 cs=0 l=1 rev1=0 crypto rx=0 tx=0 comp rx=0 tx=0).connect
2024-09-12T12:17:47.578 INFO:teuthology.orchestra.run.smithi082.stdout:/usr/bin/ceph: stderr
2024-09-12T12:17:43.343+0000 7fe016ffd640 1 -- 172.21.15.82:0/3593926743 --> [v2:172.21.15.82:6800/2082156880,v1:172.21.15.82:6801/2082156880] -- command(tid 0: {"prefix": "get_command_descriptions"}) -- 0x7fe00c03bb40 con 0x7fe00c038f70
2024-09-12T12:17:47.578 INFO:teuthology.orchestra.run.smithi082.stdout:/usr/bin/ceph: stderr
2024-09-12T12:17:43.343+0000 7fe0253b0640 1 -- 172.21.15.82:0/3593926743 >> [v2:172.21.15.82:6800/2082156880,v1:172.21.15.82:6801/2082156880] conn(0x7fe00c038f70 msgr2=0x7fe00c03b430 unknown :-1 s=STATE_CONNECTING_RE l=1).process reconnect failed to v2:172.21.15.82:6800/2082156880
2024-09-12T12:17:47.578 INFO:teuthology.orchestra.run.smithi082.stdout:/usr/bin/ceph: stderr
