2024-09-12T12:16:25.959 INFO:teuthology.orchestra.run.smithi033.stdout:/usr/bin/ceph: stderr
2024-09-12T12:16:25.128+0000 7f414bfff640 1 -- 172.21.15.33:0/1481499540 <== mon.0 v2:172.21.15.33:3300/0 3 ==== mon_map magic: 0 ==== 205+0+0 (secure 0 0 0) 0x7f4154036040 con 0x7f4164107e90
2024-09-12T12:16:25.959 INFO:teuthology.orchestra.run.smithi033.stdout:/usr/bin/ceph: stderr
2024-09-12T12:16:25.128+0000 7f4169195640 1 -- 172.21.15.33:0/1481499540 --> [v2:172.21.15.33:3300/0,v1:172.21.15.33:6789/0] -- mon_subscribe({osdmap=0}) -- 0x7f416419e820 con 0x7f4164107e90
2024-09-12T12:16:25.959 INFO:teuthology.orchestra.run.smithi033.stdout:/usr/bin/ceph: stderr
2024-09-12T12:16:25.129+0000 7f414bfff640 1 -- 172.21.15.33:0/1481499540 <== mon.0 v2:172.21.15.33:3300/0 4 ==== mgrmap(e 3) ==== 46170+0+0 (secure 0 0 0) 0x7f4154044020 con 0x7f4164107e90
2024-09-12T12:16:25.959 INFO:teuthology.orchestra.run.smithi033.stdout:/usr/bin/ceph: stderr
2024-09-12T12:16:25.129+0000 7f4169195640 1 -- 172.21.15.33:0/1481499540 --> [v2:172.21.15.33:3300/0,v1:172.21.15.33:6789/0] -- mon_command({"prefix": "get_command_descriptions"} v 0) -- 0x7f41641082f0 con 0x7f4164107e90
2024-09-12T12:16:25.960 INFO:teuthology.orchestra.run.smithi033.stdout:/usr/bin/ceph: stderr
2024-09-12T12:16:25.129+0000 7f414bfff640 1 --2- 172.21.15.33:0/1481499540 >> [v2:172.21.15.33:6800/1156183797,v1:172.21.15.33:6801/1156183797] conn(0x7f414c038e60 0x7f414c03b320 unknown :-1 s=NONE pgs=0 cs=0 l=1 rev1=0 crypto rx=0 tx=0 comp rx=0 tx=0).connect
2024-09-12T12:16:25.960 INFO:teuthology.orchestra.run.smithi033.stdout:/usr/bin/ceph: stderr
2024-09-12T12:16:25.129+0000 7f414bfff640 1 -- 172.21.15.33:0/1481499540 <== mon.0 v2:172.21.15.33:3300/0 5 ==== osd_map(1..1 src has 1..1) ==== 725+0+0 (secure 0 0 0) 0x7f415406ce20 con 0x7f4164107e90
2024-09-12T12:16:25.960 INFO:teuthology.orchestra.run.smithi033.stdout:/usr/bin/ceph: stderr
2024-09-12T12:16:25.129+0000 7f416259c640 1 --2- 172.21.15.33:0/1481499540 >> [v2:172.21.15.33:6800/1156183797,v1:172.21.15.33:6801/1156183797] conn(0x7f414c038e60 0x7f414c03b320 unknown :-1 s=BANNER_CONNECTING pgs=0 cs=0 l=1 rev1=0 crypto rx=0 tx=0 comp rx=0 tx=0)._handle_peer_banner_payload supported=3 required=0
2024-09-12T12:16:25.960 INFO:teuthology.orchestra.run.smithi033.stdout:/usr/bin/ceph: stderr
2024-09-12T12:16:25.130+0000 7f416259c640 1 --2- 172.21.15.33:0/1481499540 >> [v2:172.21.15.33:6800/1156183797,v1:172.21.15.33:6801/1156183797] conn(0x7f414c038e60 0x7f414c03b320 secure :-1 s=READY pgs=6 cs=0 l=1 rev1=1 crypto rx=0x7f41580098c0 tx=0x7f4158006db0 comp rx=0 tx=0).ready entity=mgr.14100 client_cookie=0 server_cookie=0 in_seq=0 out_seq=0
2024-09-12T12:16:25.960 INFO:teuthology.orchestra.run.smithi033.stdout:/usr/bin/ceph: stderr
2024-09-12T12:16:25.134+0000 7f414bfff640 1 -- 172.21.15.33:0/1481499540 <== mon.0 v2:172.21.15.33:3300/0 6 ==== mon_command_ack([{"prefix": "get_command_descriptions"}]=0 v0) ==== 72+0+188821 (secure 0 0 0) 0x7f415404b020 con 0x7f4164107e90
2024-09-12T12:16:25.960 INFO:teuthology.orchestra.run.smithi033.stdout:/usr/bin/ceph: stderr
2024-09-12T12:16:25.377+0000 7f4169195640 1 -- 172.21.15.33:0/1481499540 --> [v2:172.21.15.33:3300/0,v1:172.21.15.33:6789/0] -- mon_command({"prefix": "status", "format": "json-pretty"} v 0) -- 0x7f416419ef60 con 0x7f4164107e90
2024-09-12T12:16:25.960 INFO:teuthology.orchestra.run.smithi033.stdout:/usr/bin/ceph: stderr
2024-09-12T12:16:25.377+0000 7f414bfff640 1 -- 172.21.15.33:0/1481499540 <== mon.0 v2:172.21.15.33:3300/0 7 ==== mon_command_ack([{"prefix": "status", "format": "json-pretty"}]=0 v0) ==== 79+0+1290 (secure 0 0 0) 0x7f4154038dc0 con 0x7f4164107e90
2024-09-12T12:16:25.960 INFO:teuthology.orchestra.run.smithi033.stdout:/usr/bin/ceph: stderr
2024-09-12T12:16:25.379+0000 7f4169195640 1 -- 172.21.15.33:0/1481499540 >> [v2:172.21.15.33:6800/1156183797,v1:172.21.15.33:6801/1156183797] conn(0x7f414c038e60 msgr2=0x7f414c03b320 secure :-1 s=STATE_CONNECTION_ESTABLISHED l=1).mark_down
2024-09-12T12:16:25.960 INFO:teuthology.orchestra.run.smithi033.stdout:/usr/bin/ceph: stderr
2024-09-12T12:16:25.380+0000 7f4169195640 1 --2- 172.21.15.33:0/1481499540 >> [v2:172.21.15.33:6800/1156183797,v1:172.21.15.33:6801/1156183797] conn(0x7f414c038e60 0x7f414c03b320 secure :-1 s=READY pgs=6 cs=0 l=1 rev1=1 crypto rx=0x7f41580098c0 tx=0x7f4158006db0 comp rx=0 tx=0).stop
2024-09-12T12:16:25.960 INFO:teuthology.orchestra.run.smithi033.stdout:/usr/bin/ceph: stderr
2024-09-12T12:16:25.380+0000 7f4169195640 1 -- 172.21.15.33:0/1481499540 >> [v2:172.21.15.33:3300/0,v1:172.21.15.33:6789/0] conn(0x7f4164107e90 msgr2=0x7f416419b360 secure :-1 s=STATE_CONNECTION_ESTABLISHED l=1).mark_down
2024-09-12T12:16:25.961 INFO:teuthology.orchestra.run.smithi033.stdout:/usr/bin/ceph: stderr
2024-09-12T12:16:25.380+0000 7f4169195640 1 --2- 172.21.15.33:0/1481499540 >> [v2:172.21.15.33:3300/0,v1:172.21.15.33:6789/0] conn(0x7f4164107e90 0x7f416419b360 secure :-1 s=READY pgs=17 cs=0 l=1 rev1=1 crypto rx=0x7f4154031c70 tx=0x7f4154031ca0 comp rx=0 tx=0).stop
2024-09-12T12:16:25.961 INFO:teuthology.orchestra.run.smithi033.stdout:/usr/bin/ceph: stderr
2024-09-12T12:16:25.380+0000 7f4169195640 1 -- 172.21.15.33:0/1481499540 shutdown_connections
2024-09-12T12:16:25.961 INFO:teuthology.orchestra.run.smithi033.stdout:/usr/bin/ceph: stderr
2024-09-12T12:16:25.380+0000 7f4169195640 1 --2- 172.21.15.33:0/1481499540 >> [v2:172.21.15.33:6800/1156183797,v1:172.21.15.33:6801/1156183797] conn(0x7f414c038e60 0x7f414c03b320 unknown :-1 s=CLOSED pgs=6 cs=0 l=1 rev1=1 crypto rx=0 tx=0 comp rx=0 tx=0).stop
2024-09-12T12:16:25.961 INFO:teuthology.orchestra.run.smithi033.stdout:/usr/bin/ceph: stderr
2024-09-12T12:16:25.380+0000 7f4169195640 1 --2- 172.21.15.33:0/1481499540 >> [v2:172.21.15.33:3300/0,v1:172.21.15.33:6789/0] conn(0x7f4164107e90 0x7f416419b360 unknown :-1 s=CLOSED pgs=17 cs=0 l=1 rev1=1 crypto rx=0 tx=0 comp rx=0 tx=0).stop
2024-09-12T12:16:25.961 INFO:teuthology.orchestra.run.smithi033.stdout:/usr/bin/ceph: stderr
2024-09-12T12:16:25.380+0000 7f4169195640 1 -- 172.21.15.33:0/1481499540 >> 172.21.15.33:0/1481499540 conn(0x7f4164101a90 msgr2=0x7f41641025c0 unknown :-1 s=STATE_NONE l=0).mark_down
2024-09-12T12:16:25.961 INFO:teuthology.orchestra.run.smithi033.stdout:/usr/bin/ceph: stderr
2024-09-12T12:16:25.380+0000 7f4169195640 1 -- 172.21.15.33:0/1481499540 shutdown_connections
2024-09-12T12:16:25.961 INFO:teuthology.orchestra.run.smithi033.stdout:/usr/bin/ceph: stderr
2024-09-12T12:16:25.380+0000 7f4169195640 1 -- 172.21.15.33:0/1481499540 wait complete.
2024-09-12T12:16:25.961 INFO:teuthology.orchestra.run.smithi033.stdout:mgr is available
2024-09-12T12:16:26.544 INFO:journalctl@ceph.mon.a.smithi033.stdout:Sep 12 12:16:26 smithi033 ceph-mon[31246]: mgrmap e4: x(active, since 2s)
2024-09-12T12:16:27.126 INFO:teuthology.orchestra.run.smithi033.stdout:/usr/bin/ceph: stdout
2024-09-12T12:16:27.126 INFO:teuthology.orchestra.run.smithi033.stdout:/usr/bin/ceph: stdout [global]
2024-09-12T12:16:27.126 INFO:teuthology.orchestra.run.smithi033.stdout:/usr/bin/ceph: stdout fsid = a66dfafc-7100-11ef-bcea-c7b262605968
2024-09-12T12:16:27.127 INFO:teuthology.orchestra.run.smithi033.stdout:/usr/bin/ceph: stdout mon_host = [v2:172.21.15.33:3300,v1:172.21.15.33:6789]
2024-09-12T12:16:27.127 INFO:teuthology.orchestra.run.smithi033.stdout:/usr/bin/ceph: stdout mon_osd_allow_pg_remap = true
2024-09-12T12:16:27.127 INFO:teuthology.orchestra.run.smithi033.stdout:/usr/bin/ceph: stdout mon_osd_allow_primary_affinity = true
2024-09-12T12:16:27.127 INFO:teuthology.orchestra.run.smithi033.stdout:/usr/bin/ceph: stdout mon_warn_on_no_sortbitwise = false
2024-09-12T12:16:27.127 INFO:teuthology.orchestra.run.smithi033.stdout:/usr/bin/ceph: stdout osd_crush_chooseleaf_type = 0
2024-09-12T12:16:27.127 INFO:teuthology.orchestra.run.smithi033.stdout:/usr/bin/ceph: stdout
2024-09-12T12:16:27.128 INFO:teuthology.orchestra.run.smithi033.stdout:/usr/bin/ceph: stdout [mgr]
2024-09-12T12:16:27.128 INFO:teuthology.orchestra.run.smithi033.stdout:/usr/bin/ceph: stdout mgr/telemetry/nag = false
2024-09-12T12:16:27.128 INFO:teuthology.orchestra.run.smithi033.stdout:/usr/bin/ceph: stdout
2024-09-12T12:16:27.128 INFO:teuthology.orchestra.run.smithi033.stdout:/usr/bin/ceph: stdout [osd]
2024-09-12T12:16:27.128 INFO:teuthology.orchestra.run.smithi033.stdout:/usr/bin/ceph: stdout mon_osd_backfillfull_ratio = 0.85
2024-09-12T12:16:27.128 INFO:teuthology.orchestra.run.smithi033.stdout:/usr/bin/ceph: stdout mon_osd_full_ratio = 0.9
2024-09-12T12:16:27.128 INFO:teuthology.orchestra.run.smithi033.stdout:/usr/bin/ceph: stdout mon_osd_nearfull_ratio = 0.8
2024-09-12T12:16:27.129 INFO:teuthology.orchestra.run.smithi033.stdout:/usr/bin/ceph: stdout osd_map_max_advance = 10
2024-09-12T12:16:27.129 INFO:teuthology.orchestra.run.smithi033.stdout:/usr/bin/ceph: stdout osd_sloppy_crc = true
2024-09-12T12:16:27.129 INFO:teuthology.orchestra.run.smithi033.stdout:/usr/bin/ceph: stderr
2024-09-12T12:16:26.355+0000 7f93ffb58640 1 Processor -- start
2024-09-12T12:16:27.129 INFO:teuthology.orchestra.run.smithi033.stdout:/usr/bin/ceph: stderr
2024-09-12T12:16:26.356+0000 7f93ffb58640 1 -- start start
2024-09-12T12:16:27.129 INFO:teuthology.orchestra.run.smithi033.stdout:/usr/bin/ceph: stderr
2024-09-12T12:16:26.356+0000 7f93ffb58640 1 --2- >> [v2:172.21.15.33:3300/0,v1:172.21.15.33:6789/0] conn(0x7f93f807de40 0x7f93f807c2a0 unknown :-1 s=NONE pgs=0 cs=0 l=0 rev1=0 crypto rx=0 tx=0 comp rx=0 tx=0).connect
2024-09-12T12:16:27.129 INFO:teuthology.orchestra.run.smithi033.stdout:/usr/bin/ceph: stderr
2024-09-12T12:16:26.356+0000 7f93ffb58640 1 -- --> [v2:172.21.15.33:3300/0,v1:172.21.15.33:6789/0] -- mon_getmap magic: 0 -- 0x7f93f807c870 con 0x7f93f807de40
2024-09-12T12:16:27.129 INFO:teuthology.orchestra.run.smithi033.stdout:/usr/bin/ceph: stderr
2024-09-12T12:16:26.356+0000 7f93fd8f4640 1 --2- >> [v2:172.21.15.33:3300/0,v1:172.21.15.33:6789/0] conn(0x7f93f807de40 0x7f93f807c2a0 unknown :-1 s=BANNER_CONNECTING pgs=0 cs=0 l=0 rev1=0 crypto rx=0 tx=0 comp rx=0 tx=0)._handle_peer_banner_payload supported=3 required=0
2024-09-12T12:16:27.130 INFO:teuthology.orchestra.run.smithi033.stdout:/usr/bin/ceph: stderr
2024-09-12T12:16:26.356+0000 7f93fd8f4640 1 --2- >> [v2:172.21.15.33:3300/0,v1:172.21.15.33:6789/0] conn(0x7f93f807de40 0x7f93f807c2a0 unknown :-1 s=HELLO_CONNECTING pgs=0 cs=0 l=0 rev1=1 crypto rx=0 tx=0 comp rx=0 tx=0).handle_hello peer v2:172.21.15.33:3300/0 says I am v2:172.21.15.33:58548/0 (socket says 172.21.15.33:58548)
2024-09-12T12:16:27.130 INFO:teuthology.orchestra.run.smithi033.stdout:/usr/bin/ceph: stderr
2024-09-12T12:16:26.356+0000 7f93fd8f4640 1 -- 172.21.15.33:0/2812068827 learned_addr learned my addr 172.21.15.33:0/2812068827 (peer_addr_for_me v2:172.21.15.33:0/0)
2024-09-12T12:16:27.130 INFO:teuthology.orchestra.run.smithi033.stdout:/usr/bin/ceph: stderr
2024-09-12T12:16:26.356+0000 7f93fd8f4640 1 -- 172.21.15.33:0/2812068827 --> [v2:172.21.15.33:3300/0,v1:172.21.15.33:6789/0] -- mon_subscribe({config=0+,monmap=0+}) -- 0x7f93f807c9f0 con 0x7f93f807de40
2024-09-12T12:16:27.130 INFO:teuthology.orchestra.run.smithi033.stdout:/usr/bin/ceph: stderr
2024-09-12T12:16:26.357+0000 7f93fd8f4640 1 --2- 172.21.15.33:0/2812068827 >> [v2:172.21.15.33:3300/0,v1:172.21.15.33:6789/0] conn(0x7f93f807de40 0x7f93f807c2a0 secure :-1 s=READY pgs=18 cs=0 l=1 rev1=1 crypto rx=0x7f93f4009820 tx=0x7f93f402a270 comp rx=0 tx=0).ready entity=mon.0 client_cookie=3b1ec40dd53895fd server_cookie=0 in_seq=0 out_seq=0
2024-09-12T12:16:27.130 INFO:teuthology.orchestra.run.smithi033.stdout:/usr/bin/ceph: stderr
2024-09-12T12:16:26.357+0000 7f93fc8f2640 1 -- 172.21.15.33:0/2812068827 <== mon.0 v2:172.21.15.33:3300/0 1 ==== mon_map magic: 0 ==== 205+0+0 (secure 0 0 0) 0x7f93f4037070 con 0x7f93f807de40
2024-09-12T12:16:27.130 INFO:teuthology.orchestra.run.smithi033.stdout:/usr/bin/ceph: stderr
2024-09-12T12:16:26.357+0000 7f93fc8f2640 1 -- 172.21.15.33:0/2812068827 <== mon.0 v2:172.21.15.33:3300/0 2 ==== config(26 keys) ==== 1071+0+0 (secure 0 0 0) 0x7f93f40328d0 con 0x7f93f807de40
2024-09-12T12:16:27.130 INFO:teuthology.orchestra.run.smithi033.stdout:/usr/bin/ceph: stderr
2024-09-12T12:16:26.357+0000 7f93fc8f2640 1 -- 172.21.15.33:0/2812068827 <== mon.0 v2:172.21.15.33:3300/0 3 ==== mon_map magic: 0 ==== 205+0+0 (secure 0 0 0) 0x7f93f40307d0 con 0x7f93f807de40
2024-09-12T12:16:27.131 INFO:teuthology.orchestra.run.smithi033.stdout:/usr/bin/ceph: stderr
2024-09-12T12:16:26.358+0000 7f93ffb58640 1 -- 172.21.15.33:0/2812068827 >> [v2:172.21.15.33:3300/0,v1:172.21.15.33:6789/0] conn(0x7f93f807de40 msgr2=0x7f93f807c2a0 secure :-1 s=STATE_CONNECTION_ESTABLISHED l=1).mark_down
2024-09-12T12:16:27.131 INFO:teuthology.orchestra.run.smithi033.stdout:/usr/bin/ceph: stderr
2024-09-12T12:16:26.358+0000 7f93ffb58640 1 --2- 172.21.15.33:0/2812068827 >> [v2:172.21.15.33:3300/0,v1:172.21.15.33:6789/0] conn(0x7f93f807de40 0x7f93f807c2a0 secure :-1 s=READY pgs=18 cs=0 l=1 rev1=1 crypto rx=0x7f93f4009820 tx=0x7f93f402a270 comp rx=0 tx=0).stop
2024-09-12T12:16:27.131 INFO:teuthology.orchestra.run.smithi033.stdout:/usr/bin/ceph: stderr
2024-09-12T12:16:26.358+0000 7f93ffb58640 1 -- 172.21.15.33:0/2812068827 shutdown_connections
2024-09-12T12:16:27.131 INFO:teuthology.orchestra.run.smithi033.stdout:/usr/bin/ceph: stderr
2024-09-12T12:16:26.358+0000 7f93ffb58640 1 --2- 172.21.15.33:0/2812068827 >> [v2:172.21.15.33:3300/0,v1:172.21.15.33:6789/0] conn(0x7f93f807de40 0x7f93f807c2a0 unknown :-1 s=CLOSED pgs=18 cs=0 l=1 rev1=1 crypto rx=0 tx=0 comp rx=0 tx=0).stop
2024-09-12T12:16:27.131 INFO:teuthology.orchestra.run.smithi033.stdout:/usr/bin/ceph: stderr
2024-09-12T12:16:26.358+0000 7f93ffb58640 1 -- 172.21.15.33:0/2812068827 >> 172.21.15.33:0/2812068827 conn(0x7f93f8102bb0 msgr2=0x7f93f8104ff0 unknown :-1 s=STATE_NONE l=0).mark_down
2024-09-12T12:16:27.131 INFO:teuthology.orchestra.run.smithi033.stdout:/usr/bin/ceph: stderr
2024-09-12T12:16:26.358+0000 7f93ffb58640 1 -- 172.21.15.33:0/2812068827 shutdown_connections
2024-09-12T12:16:27.132 INFO:teuthology.orchestra.run.smithi033.stdout:/usr/bin/ceph: stderr
2024-09-12T12:16:26.358+0000 7f93ffb58640 1 -- 172.21.15.33:0/2812068827 wait complete.
2024-09-12T12:16:27.132 INFO:teuthology.orchestra.run.smithi033.stdout:/usr/bin/ceph: stderr
2024-09-12T12:16:26.359+0000 7f93ffb58640 1 Processor -- start
2024-09-12T12:16:27.132 INFO:teuthology.orchestra.run.smithi033.stdout:/usr/bin/ceph: stderr
2024-09-12T12:16:26.359+0000 7f93ffb58640 1 -- start start
2024-09-12T12:16:27.132 INFO:teuthology.orchestra.run.smithi033.stdout:/usr/bin/ceph: stderr
2024-09-12T12:16:26.359+0000 7f93ffb58640 1 --2- >> [v2:172.21.15.33:3300/0,v1:172.21.15.33:6789/0] conn(0x7f93f807de40 0x7f93f819d560 unknown :-1 s=NONE pgs=0 cs=0 l=1 rev1=0 crypto rx=0 tx=0 comp rx=0 tx=0).connect
2024-09-12T12:16:27.132 INFO:teuthology.orchestra.run.smithi033.stdout:/usr/bin/ceph: stderr
2024-09-12T12:16:26.359+0000 7f93ffb58640 1 -- --> [v2:172.21.15.33:3300/0,v1:172.21.15.33:6789/0] -- mon_getmap magic: 0 -- 0x7f93f810da30 con 0x7f93f807de40
2024-09-12T12:16:27.132 INFO:teuthology.orchestra.run.smithi033.stdout:/usr/bin/ceph: stderr
2024-09-12T12:16:26.359+0000 7f93fd8f4640 1 --2- >> [v2:172.21.15.33:3300/0,v1:172.21.15.33:6789/0] conn(0x7f93f807de40 0x7f93f819d560 unknown :-1 s=BANNER_CONNECTING pgs=0 cs=0 l=1 rev1=0 crypto rx=0 tx=0 comp rx=0 tx=0)._handle_peer_banner_payload supported=3 required=0
2024-09-12T12:16:27.132 INFO:teuthology.orchestra.run.smithi033.stdout:/usr/bin/ceph: stderr
2024-09-12T12:16:26.359+0000 7f93fd8f4640 1 --2- >> [v2:172.21.15.33:3300/0,v1:172.21.15.33:6789/0] conn(0x7f93f807de40 0x7f93f819d560 unknown :-1 s=HELLO_CONNECTING pgs=0 cs=0 l=1 rev1=1 crypto rx=0 tx=0 comp rx=0 tx=0).handle_hello peer v2:172.21.15.33:3300/0 says I am v2:172.21.15.33:58560/0 (socket says 172.21.15.33:58560)
2024-09-12T12:16:27.133 INFO:teuthology.orchestra.run.smithi033.stdout:/usr/bin/ceph: stderr
2024-09-12T12:16:26.359+0000 7f93fd8f4640 1 -- 172.21.15.33:0/1558781769 learned_addr learned my addr 172.21.15.33:0/1558781769 (peer_addr_for_me v2:172.21.15.33:0/0)
2024-09-12T12:16:27.133 INFO:teuthology.orchestra.run.smithi033.stdout:/usr/bin/ceph: stderr
2024-09-12T12:16:26.359+0000 7f93fd8f4640 1 -- 172.21.15.33:0/1558781769 --> [v2:172.21.15.33:3300/0,v1:172.21.15.33:6789/0] -- mon_subscribe({config=0+,monmap=0+}) -- 0x7f93f819daa0 con 0x7f93f807de40
2024-09-12T12:16:27.133 INFO:teuthology.orchestra.run.smithi033.stdout:/usr/bin/ceph: stderr
2024-09-12T12:16:26.359+0000 7f93fd8f4640 1 --2- 172.21.15.33:0/1558781769 >> [v2:172.21.15.33:3300/0,v1:172.21.15.33:6789/0] conn(0x7f93f807de40 0x7f93f819d560 secure :-1 s=READY pgs=19 cs=0 l=1 rev1=1 crypto rx=0x7f93f40097f0 tx=0x7f93f4030d00 comp rx=0 tx=0).ready entity=mon.0 client_cookie=0 server_cookie=0 in_seq=0 out_seq=0
2024-09-12T12:16:27.133 INFO:teuthology.orchestra.run.smithi033.stdout:/usr/bin/ceph: stderr
2024-09-12T12:16:26.360+0000 7f93eaffd640 1 -- 172.21.15.33:0/1558781769 <== mon.0 v2:172.21.15.33:3300/0 1 ==== mon_map magic: 0 ==== 205+0+0 (secure 0 0 0) 0x7f93f4037040 con 0x7f93f807de40
2024-09-12T12:16:27.133 INFO:teuthology.orchestra.run.smithi033.stdout:/usr/bin/ceph: stderr
2024-09-12T12:16:26.360+0000 7f93ffb58640 1 -- 172.21.15.33:0/1558781769 --> [v2:172.21.15.33:3300/0,v1:172.21.15.33:6789/0] -- mon_subscribe({mgrmap=0+}) -- 0x7f93f819dd30 con 0x7f93f807de40
2024-09-12T12:16:27.133 INFO:teuthology.orchestra.run.smithi033.stdout:/usr/bin/ceph: stderr
2024-09-12T12:16:26.360+0000 7f93eaffd640 1 -- 172.21.15.33:0/1558781769 <== mon.0 v2:172.21.15.33:3300/0 2 ==== config(26 keys) ==== 1071+0+0 (secure 0 0 0) 0x7f93f4032bb0 con 0x7f93f807de40
2024-09-12T12:16:27.134 INFO:teuthology.orchestra.run.smithi033.stdout:/usr/bin/ceph: stderr
2024-09-12T12:16:26.360+0000 7f93eaffd640 1 -- 172.21.15.33:0/1558781769 <== mon.0 v2:172.21.15.33:3300/0 3 ==== mon_map magic: 0 ==== 205+0+0 (secure 0 0 0) 0x7f93f403a390 con 0x7f93f807de40
2024-09-12T12:16:27.134 INFO:teuthology.orchestra.run.smithi033.stdout:/usr/bin/ceph: stderr
2024-09-12T12:16:26.360+0000 7f93ffb58640 1 -- 172.21.15.33:0/1558781769 --> [v2:172.21.15.33:3300/0,v1:172.21.15.33:6789/0] -- mon_subscribe({osdmap=0}) -- 0x7f93f81a0a20 con 0x7f93f807de40
2024-09-12T12:16:27.134 INFO:teuthology.orchestra.run.smithi033.stdout:/usr/bin/ceph: stderr
2024-09-12T12:16:26.361+0000 7f93eaffd640 1 -- 172.21.15.33:0/1558781769 <== mon.0 v2:172.21.15.33:3300/0 4 ==== mgrmap(e 4) ==== 46276+0+0 (secure 0 0 0) 0x7f93f403a5d0 con 0x7f93f807de40
2024-09-12T12:16:27.134 INFO:teuthology.orchestra.run.smithi033.stdout:/usr/bin/ceph: stderr
2024-09-12T12:16:26.361+0000 7f93ffb58640 1 -- 172.21.15.33:0/1558781769 --> [v2:172.21.15.33:3300/0,v1:172.21.15.33:6789/0] -- mon_command({"prefix": "get_command_descriptions"} v 0) -- 0x7f93f807c320 con 0x7f93f807de40
2024-09-12T12:16:27.134 INFO:teuthology.orchestra.run.smithi033.stdout:/usr/bin/ceph: stderr
2024-09-12T12:16:26.361+0000 7f93eaffd640 1 --2- 172.21.15.33:0/1558781769 >> [v2:172.21.15.33:6800/1156183797,v1:172.21.15.33:6801/1156183797] conn(0x7f93e4038f20 0x7f93e403b3e0 unknown :-1 s=NONE pgs=0 cs=0 l=1 rev1=0 crypto rx=0 tx=0 comp rx=0 tx=0).connect
2024-09-12T12:16:27.135 INFO:teuthology.orchestra.run.smithi033.stdout:/usr/bin/ceph: stderr
2024-09-12T12:16:26.361+0000 7f93eaffd640 1 -- 172.21.15.33:0/1558781769 <== mon.0 v2:172.21.15.33:3300/0 5 ==== osd_map(1..1 src has 1..1) ==== 725+0+0 (secure 0 0 0) 0x7f93f406c270 con 0x7f93f807de40
2024-09-12T12:16:27.135 INFO:teuthology.orchestra.run.smithi033.stdout:/usr/bin/ceph: stderr
2024-09-12T12:16:26.361+0000 7f93fd0f3640 1 --2- 172.21.15.33:0/1558781769 >> [v2:172.21.15.33:6800/1156183797,v1:172.21.15.33:6801/1156183797] conn(0x7f93e4038f20 0x7f93e403b3e0 unknown :-1 s=BANNER_CONNECTING pgs=0 cs=0 l=1 rev1=0 crypto rx=0 tx=0 comp rx=0 tx=0)._handle_peer_banner_payload supported=3 required=0
2024-09-12T12:16:27.135 INFO:teuthology.orchestra.run.smithi033.stdout:/usr/bin/ceph: stderr
2024-09-12T12:16:26.362+0000 7f93fd0f3640 1 --2- 172.21.15.33:0/1558781769 >> [v2:172.21.15.33:6800/1156183797,v1:172.21.15.33:6801/1156183797] conn(0x7f93e4038f20 0x7f93e403b3e0 secure :-1 s=READY pgs=7 cs=0 l=1 rev1=1 crypto rx=0x7f93ec0098c0 tx=0x7f93ec006db0 comp rx=0 tx=0).ready entity=mgr.14100 client_cookie=0 server_cookie=0 in_seq=0 out_seq=0
2024-09-12T12:16:27.135 INFO:teuthology.orchestra.run.smithi033.stdout:/usr/bin/ceph: stderr
2024-09-12T12:16:26.366+0000 7f93eaffd640 1 -- 172.21.15.33:0/1558781769 <== mon.0 v2:172.21.15.33:3300/0 6 ==== mon_command_ack([{"prefix": "get_command_descriptions"}]=0 v0) ==== 72+0+188821 (secure 0 0 0) 0x7f93f4032dd0 con 0x7f93f807de40
2024-09-12T12:16:27.135 INFO:teuthology.orchestra.run.smithi033.stdout:/usr/bin/ceph: stderr
2024-09-12T12:16:26.544+0000 7f93ffb58640 1 -- 172.21.15.33:0/1558781769 --> [v2:172.21.15.33:3300/0,v1:172.21.15.33:6789/0] -- mon_command({"prefix": "config assimilate-conf"} v 0) -- 0x7f93f81a2220 con 0x7f93f807de40
2024-09-12T12:16:27.135 INFO:teuthology.orchestra.run.smithi033.stdout:/usr/bin/ceph: stderr
2024-09-12T12:16:26.545+0000 7f93eaffd640 1 -- 172.21.15.33:0/1558781769 <== mon.0 v2:172.21.15.33:3300/0 7 ==== mon_command_ack([{"prefix": "config assimilate-conf"}]=0 v3) ==== 70+0+429 (secure 0 0 0) 0x7f93f402cb70 con 0x7f93f807de40
2024-09-12T12:16:27.136 INFO:teuthology.orchestra.run.smithi033.stdout:/usr/bin/ceph: stderr
2024-09-12T12:16:26.547+0000 7f93ffb58640 1 -- 172.21.15.33:0/1558781769 >> [v2:172.21.15.33:6800/1156183797,v1:172.21.15.33:6801/1156183797] conn(0x7f93e4038f20 msgr2=0x7f93e403b3e0 secure :-1 s=STATE_CONNECTION_ESTABLISHED l=1).mark_down
2024-09-12T12:16:27.136 INFO:teuthology.orchestra.run.smithi033.stdout:/usr/bin/ceph: stderr
2024-09-12T12:16:26.547+0000 7f93ffb58640 1 --2- 172.21.15.33:0/1558781769 >> [v2:172.21.15.33:6800/1156183797,v1:172.21.15.33:6801/1156183797] conn(0x7f93e4038f20 0x7f93e403b3e0 secure :-1 s=READY pgs=7 cs=0 l=1 rev1=1 crypto rx=0x7f93ec0098c0 tx=0x7f93ec006db0 comp rx=0 tx=0).stop
2024-09-12T12:16:27.136 INFO:teuthology.orchestra.run.smithi033.stdout:/usr/bin/ceph: stderr
2024-09-12T12:16:26.547+0000 7f93ffb58640 1 -- 172.21.15.33:0/1558781769 >> [v2:172.21.15.33:3300/0,v1:172.21.15.33:6789/0] conn(0x7f93f807de40 msgr2=0x7f93f819d560 secure :-1 s=STATE_CONNECTION_ESTABLISHED l=1).mark_down
2024-09-12T12:16:27.136 INFO:teuthology.orchestra.run.smithi033.stdout:/usr/bin/ceph: stderr
2024-09-12T12:16:26.547+0000 7f93ffb58640 1 --2- 172.21.15.33:0/1558781769 >> [v2:172.21.15.33:3300/0,v1:172.21.15.33:6789/0] conn(0x7f93f807de40 0x7f93f819d560 secure :-1 s=READY pgs=19 cs=0 l=1 rev1=1 crypto rx=0x7f93f40097f0 tx=0x7f93f4030d00 comp rx=0 tx=0).stop
2024-09-12T12:16:27.136 INFO:teuthology.orchestra.run.smithi033.stdout:/usr/bin/ceph: stderr
2024-09-12T12:16:26.547+0000 7f93ffb58640 1 -- 172.21.15.33:0/1558781769 shutdown_connections
2024-09-12T12:16:27.136 INFO:teuthology.orchestra.run.smithi033.stdout:/usr/bin/ceph: stderr
2024-09-12T12:16:26.547+0000 7f93ffb58640 1 --2- 172.21.15.33:0/1558781769 >> [v2:172.21.15.33:6800/1156183797,v1:172.21.15.33:6801/1156183797] conn(0x7f93e4038f20 0x7f93e403b3e0 unknown :-1 s=CLOSED pgs=7 cs=0 l=1 rev1=1 crypto rx=0 tx=0 comp rx=0 tx=0).stop
2024-09-12T12:16:27.137 INFO:teuthology.orchestra.run.smithi033.stdout:/usr/bin/ceph: stderr
2024-09-12T12:16:26.547+0000 7f93ffb58640 1 --2- 172.21.15.33:0/1558781769 >> [v2:172.21.15.33:3300/0,v1:172.21.15.33:6789/0] conn(0x7f93f807de40 0x7f93f819d560 unknown :-1 s=CLOSED pgs=19 cs=0 l=1 rev1=1 crypto rx=0 tx=0 comp rx=0 tx=0).stop
2024-09-12T12:16:27.137 INFO:teuthology.orchestra.run.smithi033.stdout:/usr/bin/ceph: stderr
2024-09-12T12:16:26.547+0000 7f93ffb58640 1 -- 172.21.15.33:0/1558781769 >> 172.21.15.33:0/1558781769 conn(0x7f93f8102bb0 msgr2=0x7f93f8103730 unknown :-1 s=STATE_NONE l=0).mark_down
2024-09-12T12:16:27.137 INFO:teuthology.orchestra.run.smithi033.stdout:/usr/bin/ceph: stderr
2024-09-12T12:16:26.547+0000 7f93ffb58640 1 -- 172.21.15.33:0/1558781769 shutdown_connections
2024-09-12T12:16:27.137 INFO:teuthology.orchestra.run.smithi033.stdout:/usr/bin/ceph: stderr
2024-09-12T12:16:26.547+0000 7f93ffb58640 1 -- 172.21.15.33:0/1558781769 wait complete.
2024-09-12T12:16:27.137 INFO:teuthology.orchestra.run.smithi033.stdout:Enabling cephadm module...
2024-09-12T12:16:27.751 INFO:journalctl@ceph.mon.a.smithi033.stdout:Sep 12 12:16:27 smithi033 ceph-mon[31246]: from='client.? 172.21.15.33:0/1558781769' entity='client.admin' cmd=[{"prefix": "config assimilate-conf"}]: dispatch
2024-09-12T12:16:28.818 INFO:journalctl@ceph.mon.a.smithi033.stdout:Sep 12 12:16:28 smithi033 ceph-mon[31246]: from='client.? 172.21.15.33:0/1985405360' entity='client.admin' cmd=[{"prefix": "mgr module enable", "module": "cephadm"}]: dispatch
2024-09-12T12:16:28.821 INFO:journalctl@ceph.mgr.x.smithi033.stdout:Sep 12 12:16:28 smithi033 ceph-a66dfafc-7100-11ef-bcea-c7b262605968-mgr-x[31473]: ignoring --setuser ceph since I am not root
2024-09-12T12:16:28.822 INFO:journalctl@ceph.mgr.x.smithi033.stdout:Sep 12 12:16:28 smithi033 ceph-a66dfafc-7100-11ef-bcea-c7b262605968-mgr-x[31473]: ignoring --setgroup ceph since I am not root
2024-09-12T12:16:28.822 INFO:journalctl@ceph.mgr.x.smithi033.stdout:Sep 12 12:16:28 smithi033 ceph-a66dfafc-7100-11ef-bcea-c7b262605968-mgr-x[31473]:
2024-09-12T12:16:28.648+0000 7f84dd9f4040 -1 mgr[py] Module osd_perf_query has missing NOTIFY_TYPES member
2024-09-12T12:16:28.822 INFO:journalctl@ceph.mgr.x.smithi033.stdout:Sep 12 12:16:28 smithi033 ceph-a66dfafc-7100-11ef-bcea-c7b262605968-mgr-x[31473]:
2024-09-12T12:16:28.707+0000 7f84dd9f4040 -1 mgr[py] Module osd_support has missing NOTIFY_TYPES member
2024-09-12T12:16:29.076 INFO:journalctl@ceph.mgr.x.smithi033.stdout:Sep 12 12:16:28 smithi033 ceph-a66dfafc-7100-11ef-bcea-c7b262605968-mgr-x[31473]:
2024-09-12T12:16:28.863+0000 7f84dd9f4040 -1 mgr[py] Module diskprediction_local has missing NOTIFY_TYPES member
2024-09-12T12:16:29.076 INFO:journalctl@ceph.mgr.x.smithi033.stdout:Sep 12 12:16:28 smithi033 ceph-a66dfafc-7100-11ef-bcea-c7b262605968-mgr-x[31473]:
2024-09-12T12:16:28.933+0000 7f84dd9f4040 -1 mgr[py] Module crash has missing NOTIFY_TYPES member
2024-09-12T12:16:29.084 INFO:teuthology.orchestra.run.smithi033.stdout:/usr/bin/ceph: stderr
2024-09-12T12:16:27.514+0000 7ff5c9843640 1 Processor -- start
2024-09-12T12:16:29.084 INFO:teuthology.orchestra.run.smithi033.stdout:/usr/bin/ceph: stderr
2024-09-12T12:16:27.514+0000 7ff5c9843640 1 -- start start
2024-09-12T12:16:29.084 INFO:teuthology.orchestra.run.smithi033.stdout:/usr/bin/ceph: stderr
2024-09-12T12:16:27.514+0000 7ff5c9843640 1 --2- >> [v2:172.21.15.33:3300/0,v1:172.21.15.33:6789/0] conn(0x7ff5c4106310 0x7ff5c4106710 unknown :-1 s=NONE pgs=0 cs=0 l=0 rev1=0 crypto rx=0 tx=0 comp rx=0 tx=0).connect
2024-09-12T12:16:29.084 INFO:teuthology.orchestra.run.smithi033.stdout:/usr/bin/ceph: stderr
2024-09-12T12:16:27.514+0000 7ff5c9843640 1 -- --> [v2:172.21.15.33:3300/0,v1:172.21.15.33:6789/0] -- mon_getmap magic: 0 -- 0x7ff5c4106ce0 con 0x7ff5c4106310
2024-09-12T12:16:29.084 INFO:teuthology.orchestra.run.smithi033.stdout:/usr/bin/ceph: stderr
2024-09-12T12:16:27.514+0000 7ff5c2ffd640 1 --2- >> [v2:172.21.15.33:3300/0,v1:172.21.15.33:6789/0] conn(0x7ff5c4106310 0x7ff5c4106710 unknown :-1 s=BANNER_CONNECTING pgs=0 cs=0 l=0 rev1=0 crypto rx=0 tx=0 comp rx=0 tx=0)._handle_peer_banner_payload supported=3 required=0
2024-09-12T12:16:29.084 INFO:teuthology.orchestra.run.smithi033.stdout:/usr/bin/ceph: stderr
2024-09-12T12:16:27.514+0000 7ff5c2ffd640 1 --2- >> [v2:172.21.15.33:3300/0,v1:172.21.15.33:6789/0] conn(0x7ff5c4106310 0x7ff5c4106710 unknown :-1 s=HELLO_CONNECTING pgs=0 cs=0 l=0 rev1=1 crypto rx=0 tx=0 comp rx=0 tx=0).handle_hello peer v2:172.21.15.33:3300/0 says I am v2:172.21.15.33:58572/0 (socket says 172.21.15.33:58572)
2024-09-12T12:16:29.084 INFO:teuthology.orchestra.run.smithi033.stdout:/usr/bin/ceph: stderr
2024-09-12T12:16:27.514+0000 7ff5c2ffd640 1 -- 172.21.15.33:0/3555341787 learned_addr learned my addr 172.21.15.33:0/3555341787 (peer_addr_for_me v2:172.21.15.33:0/0)
2024-09-12T12:16:29.085 INFO:teuthology.orchestra.run.smithi033.stdout:/usr/bin/ceph: stderr
2024-09-12T12:16:27.515+0000 7ff5c2ffd640 1 -- 172.21.15.33:0/3555341787 --> [v2:172.21.15.33:3300/0,v1:172.21.15.33:6789/0] -- mon_subscribe({config=0+,monmap=0+}) -- 0x7ff5c4107510 con 0x7ff5c4106310
2024-09-12T12:16:29.085 INFO:teuthology.orchestra.run.smithi033.stdout:/usr/bin/ceph: stderr
2024-09-12T12:16:27.515+0000 7ff5c2ffd640 1 --2- 172.21.15.33:0/3555341787 >> [v2:172.21.15.33:3300/0,v1:172.21.15.33:6789/0] conn(0x7ff5c4106310 0x7ff5c4106710 secure :-1 s=READY pgs=20 cs=0 l=1 rev1=1 crypto rx=0x7ff5b4009820 tx=0x7ff5b402a270 comp rx=0 tx=0).ready entity=mon.0 client_cookie=630ed9063b5a7b96 server_cookie=0 in_seq=0 out_seq=0
2024-09-12T12:16:29.085 INFO:teuthology.orchestra.run.smithi033.stdout:/usr/bin/ceph: stderr
2024-09-12T12:16:27.516+0000 7ff5c1ffb640 1 -- 172.21.15.33:0/3555341787 <== mon.0 v2:172.21.15.33:3300/0 1 ==== mon_map magic: 0 ==== 205+0+0 (secure 0 0 0) 0x7ff5b4037070 con 0x7ff5c4106310
2024-09-12T12:16:29.085 INFO:teuthology.orchestra.run.smithi033.stdout:/usr/bin/ceph: stderr
2024-09-12T12:16:27.516+0000 7ff5c1ffb640 1 -- 172.21.15.33:0/3555341787 <== mon.0 v2:172.21.15.33:3300/0 2 ==== config(26 keys) ==== 1071+0+0 (secure 0 0 0) 0x7ff5b40328d0 con 0x7ff5c4106310
2024-09-12T12:16:29.085 INFO:teuthology.orchestra.run.smithi033.stdout:/usr/bin/ceph: stderr
2024-09-12T12:16:27.516+0000 7ff5c1ffb640 1 -- 172.21.15.33:0/3555341787 <== mon.0 v2:172.21.15.33:3300/0 3 ==== mon_map magic: 0 ==== 205+0+0 (secure 0 0 0) 0x7ff5b40307d0 con 0x7ff5c4106310
2024-09-12T12:16:29.085 INFO:teuthology.orchestra.run.smithi033.stdout:/usr/bin/ceph: stderr
2024-09-12T12:16:27.516+0000 7ff5c9843640 1 -- 172.21.15.33:0/3555341787 >> [v2:172.21.15.33:3300/0,v1:172.21.15.33:6789/0] conn(0x7ff5c4106310 msgr2=0x7ff5c4106710 secure :-1 s=STATE_CONNECTION_ESTABLISHED l=1).mark_down
2024-09-12T12:16:29.085 INFO:teuthology.orchestra.run.smithi033.stdout:/usr/bin/ceph: stderr
2024-09-12T12:16:27.516+0000 7ff5c9843640 1 --2- 172.21.15.33:0/3555341787 >> [v2:172.21.15.33:3300/0,v1:172.21.15.33:6789/0] conn(0x7ff5c4106310 0x7ff5c4106710 secure :-1 s=READY pgs=20 cs=0 l=1 rev1=1 crypto rx=0x7ff5b4009820 tx=0x7ff5b402a270 comp rx=0 tx=0).stop
2024-09-12T12:16:29.085 INFO:teuthology.orchestra.run.smithi033.stdout:/usr/bin/ceph: stderr
2024-09-12T12:16:27.516+0000 7ff5c9843640 1 -- 172.21.15.33:0/3555341787 shutdown_connections
2024-09-12T12:16:29.085 INFO:teuthology.orchestra.run.smithi033.stdout:/usr/bin/ceph: stderr
2024-09-12T12:16:27.516+0000 7ff5c9843640 1 --2- 172.21.15.33:0/3555341787 >> [v2:172.21.15.33:3300/0,v1:172.21.15.33:6789/0] conn(0x7ff5c4106310 0x7ff5c4106710 unknown :-1 s=CLOSED pgs=20 cs=0 l=1 rev1=1 crypto rx=0 tx=0 comp rx=0 tx=0).stop
2024-09-12T12:16:29.085 INFO:teuthology.orchestra.run.smithi033.stdout:/usr/bin/ceph: stderr
2024-09-12T12:16:27.516+0000 7ff5c9843640 1 -- 172.21.15.33:0/3555341787 >> 172.21.15.33:0/3555341787 conn(0x7ff5c4101ae0 msgr2=0x7ff5c4103f00 unknown :-1 s=STATE_NONE l=0).mark_down
2024-09-12T12:16:29.085 INFO:teuthology.orchestra.run.smithi033.stdout:/usr/bin/ceph: stderr
2024-09-12T12:16:27.516+0000 7ff5c9843640 1 -- 172.21.15.33:0/3555341787 shutdown_connections
2024-09-12T12:16:29.085 INFO:teuthology.orchestra.run.smithi033.stdout:/usr/bin/ceph: stderr
2024-09-12T12:16:27.516+0000 7ff5c9843640 1 -- 172.21.15.33:0/3555341787 wait complete.
2024-09-12T12:16:29.086 INFO:teuthology.orchestra.run.smithi033.stdout:/usr/bin/ceph: stderr
2024-09-12T12:16:27.517+0000 7ff5c9843640 1 Processor -- start
2024-09-12T12:16:29.086 INFO:teuthology.orchestra.run.smithi033.stdout:/usr/bin/ceph: stderr
2024-09-12T12:16:27.517+0000 7ff5c9843640 1 -- start start
2024-09-12T12:16:29.086 INFO:teuthology.orchestra.run.smithi033.stdout:/usr/bin/ceph: stderr
2024-09-12T12:16:27.518+0000 7ff5c9843640 1 --2- >> [v2:172.21.15.33:3300/0,v1:172.21.15.33:6789/0] conn(0x7ff5c4106310 0x7ff5c419b3b0 unknown :-1 s=NONE pgs=0 cs=0 l=1 rev1=0 crypto rx=0 tx=0 comp rx=0 tx=0).connect
2024-09-12T12:16:29.086 INFO:teuthology.orchestra.run.smithi033.stdout:/usr/bin/ceph: stderr
2024-09-12T12:16:27.518+0000 7ff5c9843640 1 -- --> [v2:172.21.15.33:3300/0,v1:172.21.15.33:6789/0] -- mon_getmap magic: 0 -- 0x7ff5c410a8c0 con 0x7ff5c4106310
2024-09-12T12:16:29.086 INFO:teuthology.orchestra.run.smithi033.stdout:/usr/bin/ceph: stderr
2024-09-12T12:16:27.518+0000 7ff5c2ffd640 1 --2- >> [v2:172.21.15.33:3300/0,v1:172.21.15.33:6789/0] conn(0x7ff5c4106310 0x7ff5c419b3b0 unknown :-1 s=BANNER_CONNECTING pgs=0 cs=0 l=1 rev1=0 crypto rx=0 tx=0 comp rx=0 tx=0)._handle_peer_banner_payload supported=3 required=0
2024-09-12T12:16:29.086 INFO:teuthology.orchestra.run.smithi033.stdout:/usr/bin/ceph: stderr
2024-09-12T12:16:27.518+0000 7ff5c2ffd640 1 --2- >> [v2:172.21.15.33:3300/0,v1:172.21.15.33:6789/0] conn(0x7ff5c4106310 0x7ff5c419b3b0 unknown :-1 s=HELLO_CONNECTING pgs=0 cs=0 l=1 rev1=1 crypto rx=0 tx=0 comp rx=0 tx=0).handle_hello peer v2:172.21.15.33:3300/0 says I am v2:172.21.15.33:58576/0 (socket says 172.21.15.33:58576)
2024-09-12T12:16:29.086 INFO:teuthology.orchestra.run.smithi033.stdout:/usr/bin/ceph: stderr
2024-09-12T12:16:27.518+0000 7ff5c2ffd640 1 -- 172.21.15.33:0/1985405360 learned_addr learned my addr 172.21.15.33:0/1985405360 (peer_addr_for_me v2:172.21.15.33:0/0)
2024-09-12T12:16:29.086 INFO:teuthology.orchestra.run.smithi033.stdout:/usr/bin/ceph: stderr
2024-09-12T12:16:27.518+0000 7ff5c2ffd640 1 -- 172.21.15.33:0/1985405360 --> [v2:172.21.15.33:3300/0,v1:172.21.15.33:6789/0] -- mon_subscribe({config=0+,monmap=0+}) -- 0x7ff5c419b8f0 con 0x7ff5c4106310
2024-09-12T12:16:29.086 INFO:teuthology.orchestra.run.smithi033.stdout:/usr/bin/ceph: stderr
2024-09-12T12:16:27.518+0000 7ff5c2ffd640 1 --2- 172.21.15.33:0/1985405360 >> [v2:172.21.15.33:3300/0,v1:172.21.15.33:6789/0] conn(0x7ff5c4106310 0x7ff5c419b3b0 secure :-1 s=READY pgs=21 cs=0 l=1 rev1=1 crypto rx=0x7ff5b4009940 tx=0x7ff5b4032e10 comp rx=0 tx=0).ready entity=mon.0 client_cookie=0 server_cookie=0 in_seq=0 out_seq=0
2024-09-12T12:16:29.086 INFO:teuthology.orchestra.run.smithi033.stdout:/usr/bin/ceph: stderr
2024-09-12T12:16:27.518+0000 7ff5c8841640 1 -- 172.21.15.33:0/1985405360 <== mon.0 v2:172.21.15.33:3300/0 1 ==== mon_map magic: 0 ==== 205+0+0 (secure 0 0 0) 0x7ff5b4042070 con 0x7ff5c4106310
2024-09-12T12:16:29.086 INFO:teuthology.orchestra.run.smithi033.stdout:/usr/bin/ceph: stderr
2024-09-12T12:16:27.518+0000 7ff5c8841640 1 -- 172.21.15.33:0/1985405360 <== mon.0 v2:172.21.15.33:3300/0 2 ==== config(26 keys) ==== 1071+0+0 (secure 0 0 0) 0x7ff5b4030c80 con 0x7ff5c4106310
2024-09-12T12:16:29.086 INFO:teuthology.orchestra.run.smithi033.stdout:/usr/bin/ceph: stderr
2024-09-12T12:16:27.518+0000 7ff5c8841640 1 -- 172.21.15.33:0/1985405360 <== mon.0 v2:172.21.15.33:3300/0 3 ==== mon_map magic: 0 ==== 205+0+0 (secure 0 0 0) 0x7ff5b4037040 con 0x7ff5c4106310
2024-09-12T12:16:29.086 INFO:teuthology.orchestra.run.smithi033.stdout:/usr/bin/ceph: stderr
2024-09-12T12:16:27.518+0000 7ff5c9843640 1 -- 172.21.15.33:0/1985405360 --> [v2:172.21.15.33:3300/0,v1:172.21.15.33:6789/0] -- mon_subscribe({mgrmap=0+}) -- 0x7ff5c419bb80 con 0x7ff5c4106310
2024-09-12T12:16:29.086 INFO:teuthology.orchestra.run.smithi033.stdout:/usr/bin/ceph: stderr
2024-09-12T12:16:27.518+0000 7ff5c9843640 1 -- 172.21.15.33:0/1985405360 --> [v2:172.21.15.33:3300/0,v1:172.21.15.33:6789/0] -- mon_subscribe({osdmap=0}) -- 0x7ff5c419e870 con 0x7ff5c4106310
2024-09-12T12:16:29.087 INFO:teuthology.orchestra.run.smithi033.stdout:/usr/bin/ceph: stderr
2024-09-12T12:16:27.519+0000 7ff5c8841640 1 -- 172.21.15.33:0/1985405360 <== mon.0 v2:172.21.15.33:3300/0 4 ==== mgrmap(e 4) ==== 46276+0+0 (secure 0 0 0) 0x7ff5b4045070 con 0x7ff5c4106310
2024-09-12T12:16:29.087 INFO:teuthology.orchestra.run.smithi033.stdout:/usr/bin/ceph: stderr
2024-09-12T12:16:27.520+0000 7ff5c9843640 1 -- 172.21.15.33:0/1985405360 --> [v2:172.21.15.33:3300/0,v1:172.21.15.33:6789/0] -- mon_command({"prefix": "get_command_descriptions"} v 0) -- 0x7ff5c410aa40 con 0x7ff5c4106310
2024-09-12T12:16:29.087 INFO:teuthology.orchestra.run.smithi033.stdout:/usr/bin/ceph: stderr
2024-09-12T12:16:27.520+0000 7ff5c8841640 1 --2- 172.21.15.33:0/1985405360 >> [v2:172.21.15.33:6800/1156183797,v1:172.21.15.33:6801/1156183797] conn(0x7ff5ac038f70 0x7ff5ac03b430 unknown :-1 s=NONE pgs=0 cs=0 l=1 rev1=0 crypto rx=0 tx=0 comp rx=0 tx=0).connect
2024-09-12T12:16:29.087 INFO:teuthology.orchestra.run.smithi033.stdout:/usr/bin/ceph: stderr
2024-09-12T12:16:27.520+0000 7ff5c8841640 1 -- 172.21.15.33:0/1985405360 <== mon.0 v2:172.21.15.33:3300/0 5 ==== osd_map(1..1 src has 1..1) ==== 725+0+0 (secure 0 0 0) 0x7ff5b406bde0 con 0x7ff5c4106310
2024-09-12T12:16:29.087 INFO:teuthology.orchestra.run.smithi033.stdout:/usr/bin/ceph: stderr
2024-09-12T12:16:27.520+0000 7ff5c27fc640 1 --2- 172.21.15.33:0/1985405360 >> [v2:172.21.15.33:6800/1156183797,v1:172.21.15.33:6801/1156183797] conn(0x7ff5ac038f70 0x7ff5ac03b430 unknown :-1 s=BANNER_CONNECTING pgs=0 cs=0 l=1 rev1=0 crypto rx=0 tx=0 comp rx=0 tx=0)._handle_peer_banner_payload supported=3 required=0
2024-09-12T12:16:29.087 INFO:teuthology.orchestra.run.smithi033.stdout:/usr/bin/ceph: stderr
2024-09-12T12:16:27.520+0000 7ff5c27fc640 1 --2- 172.21.15.33:0/1985405360 >> [v2:172.21.15.33:6800/1156183797,v1:172.21.15.33:6801/1156183797] conn(0x7ff5ac038f70 0x7ff5ac03b430 secure :-1 s=READY pgs=8 cs=0 l=1 rev1=1 crypto rx=0x7ff5b80098c0 tx=0x7ff5b8006db0 comp rx=0 tx=0).ready entity=mgr.14100 client_cookie=0 server_cookie=0 in_seq=0 out_seq=0
2024-09-12T12:16:29.087 INFO:teuthology.orchestra.run.smithi033.stdout:/usr/bin/ceph: stderr
2024-09-12T12:16:27.525+0000 7ff5c8841640 1 -- 172.21.15.33:0/1985405360 <== mon.0 v2:172.21.15.33:3300/0 6 ==== mon_command_ack([{"prefix": "get_command_descriptions"}]=0 v0) ==== 72+0+188821 (secure 0 0 0) 0x7ff5b4045360 con 0x7ff5c4106310
2024-09-12T12:16:29.087 INFO:teuthology.orchestra.run.smithi033.stdout:/usr/bin/ceph: stderr
2024-09-12T12:16:27.751+0000 7ff5c9843640 1 -- 172.21.15.33:0/1985405360 --> [v2:172.21.15.33:3300/0,v1:172.21.15.33:6789/0] -- mon_command({"prefix": "mgr module enable", "module": "cephadm"} v 0) -- 0x7ff5c40008d0 con 0x7ff5c4106310
2024-09-12T12:16:29.087 INFO:teuthology.orchestra.run.smithi033.stdout:/usr/bin/ceph: stderr
2024-09-12T12:16:28.497+0000 7ff5c8841640 1 -- 172.21.15.33:0/1985405360 <== mon.0 v2:172.21.15.33:3300/0 7 ==== mon_command_ack([{"prefix": "mgr module enable", "module": "cephadm"}]=0 v5) ==== 86+0+0 (secure 0 0 0) 0x7ff5b406b800 con 0x7ff5c4106310
2024-09-12T12:16:29.087 INFO:teuthology.orchestra.run.smithi033.stdout:/usr/bin/ceph: stderr
2024-09-12T12:16:28.498+0000 7ff5c8841640 1 -- 172.21.15.33:0/1985405360 <== mon.0 v2:172.21.15.33:3300/0 8 ==== mgrmap(e 5) ==== 46287+0+0 (secure 0 0 0) 0x7ff5b402ed70 con 0x7ff5c4106310
2024-09-12T12:16:29.087 INFO:teuthology.orchestra.run.smithi033.stdout:/usr/bin/ceph: stderr
2024-09-12T12:16:28.500+0000 7ff5c9843640 1 -- 172.21.15.33:0/1985405360 >> [v2:172.21.15.33:6800/1156183797,v1:172.21.15.33:6801/1156183797] conn(0x7ff5ac038f70 msgr2=0x7ff5ac03b430 secure :-1 s=STATE_CONNECTION_ESTABLISHED l=1).mark_down
2024-09-12T12:16:29.087 INFO:teuthology.orchestra.run.smithi033.stdout:/usr/bin/ceph: stderr
2024-09-12T12:16:28.500+0000 7ff5c9843640 1 --2- 172.21.15.33:0/1985405360 >> [v2:172.21.15.33:6800/1156183797,v1:172.21.15.33:6801/1156183797] conn(0x7ff5ac038f70 0x7ff5ac03b430 secure :-1 s=READY pgs=8 cs=0 l=1 rev1=1 crypto rx=0x7ff5b80098c0 tx=0x7ff5b8006db0 comp rx=0 tx=0).stop
2024-09-12T12:16:29.087 INFO:teuthology.orchestra.run.smithi033.stdout:/usr/bin/ceph: stderr
2024-09-12T12:16:28.500+0000 7ff5c9843640 1 -- 172.21.15.33:0/1985405360 >> [v2:172.21.15.33:3300/0,v1:172.21.15.33:6789/0] conn(0x7ff5c4106310 msgr2=0x7ff5c419b3b0 secure :-1 s=STATE_CONNECTION_ESTABLISHED l=1).mark_down
2024-09-12T12:16:29.088 INFO:teuthology.orchestra.run.smithi033.stdout:/usr/bin/ceph: stderr
2024-09-12T12:16:28.500+0000 7ff5c9843640 1 --2- 172.21.15.33:0/1985405360 >> [v2:172.21.15.33:3300/0,v1:172.21.15.33:6789/0] conn(0x7ff5c4106310 0x7ff5c419b3b0 secure :-1 s=READY pgs=21 cs=0 l=1 rev1=1 crypto rx=0x7ff5b4009940 tx=0x7ff5b4032e10 comp rx=0 tx=0).stop
2024-09-12T12:16:29.088 INFO:teuthology.orchestra.run.smithi033.stdout:/usr/bin/ceph: stderr
2024-09-12T12:16:28.500+0000 7ff5c9843640 1 -- 172.21.15.33:0/1985405360 shutdown_connections
2024-09-12T12:16:29.088 INFO:teuthology.orchestra.run.smithi033.stdout:/usr/bin/ceph: stderr
2024-09-12T12:16:28.500+0000 7ff5c9843640 1 --2- 172.21.15.33:0/1985405360 >> [v2:172.21.15.33:6800/1156183797,v1:172.21.15.33:6801/1156183797] conn(0x7ff5ac038f70 0x7ff5ac03b430 unknown :-1 s=CLOSED pgs=8 cs=0 l=1 rev1=1 crypto rx=0 tx=0 comp rx=0 tx=0).stop
2024-09-12T12:16:29.088 INFO:teuthology.orchestra.run.smithi033.stdout:/usr/bin/ceph: stderr
2024-09-12T12:16:28.500+0000 7ff5c9843640 1 --2- 172.21.15.33:0/1985405360 >> [v2:172.21.15.33:3300/0,v1:172.21.15.33:6789/0] conn(0x7ff5c4106310 0x7ff5c419b3b0 unknown :-1 s=CLOSED pgs=21 cs=0 l=1 rev1=1 crypto rx=0 tx=0 comp rx=0 tx=0).stop
2024-09-12T12:16:29.088 INFO:teuthology.orchestra.run.smithi033.stdout:/usr/bin/ceph: stderr
2024-09-12T12:16:28.500+0000 7ff5c9843640 1 -- 172.21.15.33:0/1985405360 >> 172.21.15.33:0/1985405360 conn(0x7ff5c4101ae0 msgr2=0x7ff5c4102980 unknown :-1 s=STATE_NONE l=0).mark_down
2024-09-12T12:16:29.088 INFO:teuthology.orchestra.run.smithi033.stdout:/usr/bin/ceph: stderr
2024-09-12T12:16:28.501+0000 7ff5c9843640 1 -- 172.21.15.33:0/1985405360 shutdown_connections
2024-09-12T12:16:29.088 INFO:teuthology.orchestra.run.smithi033.stdout:/usr/bin/ceph: stderr
2024-09-12T12:16:28.501+0000 7ff5c9843640 1 -- 172.21.15.33:0/1985405360 wait complete.
2024-09-12T12:16:29.347 INFO:journalctl@ceph.mgr.x.smithi033.stdout:Sep 12 12:16:29 smithi033 ceph-a66dfafc-7100-11ef-bcea-c7b262605968-mgr-x[31473]:
2024-09-12T12:16:29.088+0000 7f84dd9f4040 -1 mgr[py] Module test_orchestrator has missing NOTIFY_TYPES member
2024-09-12T12:16:29.347 INFO:journalctl@ceph.mgr.x.smithi033.stdout:Sep 12 12:16:29 smithi033 ceph-a66dfafc-7100-11ef-bcea-c7b262605968-mgr-x[31473]:
2024-09-12T12:16:29.238+0000 7f84dd9f4040 -1 mgr[py] Module snap_schedule has missing NOTIFY_TYPES member
2024-09-12T12:16:29.637 INFO:journalctl@ceph.mon.a.smithi033.stdout:Sep 12 12:16:29 smithi033 ceph-mon[31246]: from='client.? 172.21.15.33:0/1985405360' entity='client.admin' cmd='[{"prefix": "mgr module enable", "module": "cephadm"}]': finished
2024-09-12T12:16:29.637 INFO:journalctl@ceph.mon.a.smithi033.stdout:Sep 12 12:16:29 smithi033 ceph-mon[31246]: mgrmap e5: x(active, since 5s)
2024-09-12T12:16:29.638 INFO:journalctl@ceph.mgr.x.smithi033.stdout:Sep 12 12:16:29 smithi033 ceph-a66dfafc-7100-11ef-bcea-c7b262605968-mgr-x[31473]:
2024-09-12T12:16:29.572+0000 7f84dd9f4040 -1 mgr[py] Module prometheus has missing NOTIFY_TYPES member
2024-09-12T12:16:29.638 INFO:journalctl@ceph.mgr.x.smithi033.stdout:Sep 12 12:16:29 smithi033 ceph-a66dfafc-7100-11ef-bcea-c7b262605968-mgr-x[31473]:
2024-09-12T12:16:29.637+0000 7f84dd9f4040 -1 mgr[py] Module selftest has missing NOTIFY_TYPES member
2024-09-12T12:16:29.980 INFO:journalctl@ceph.mgr.x.smithi033.stdout:Sep 12 12:16:29 smithi033 ceph-a66dfafc-7100-11ef-bcea-c7b262605968-mgr-x[31473]:
2024-09-12T12:16:29.834+0000 7f84dd9f4040 -1 mgr[py] Module volumes has missing NOTIFY_TYPES member
2024-09-12T12:16:30.477 INFO:teuthology.orchestra.run.smithi033.stdout:/usr/bin/ceph: stdout {
2024-09-12T12:16:30.477 INFO:teuthology.orchestra.run.smithi033.stdout:/usr/bin/ceph: stdout "epoch": 5,
2024-09-12T12:16:30.478 INFO:teuthology.orchestra.run.smithi033.stdout:/usr/bin/ceph: stdout "available": true,
2024-09-12T12:16:30.478 INFO:teuthology.orchestra.run.smithi033.stdout:/usr/bin/ceph: stdout "active_name": "x",
2024-09-12T12:16:30.478 INFO:teuthology.orchestra.run.smithi033.stdout:/usr/bin/ceph: stdout "num_standby": 0
2024-09-12T12:16:30.478 INFO:teuthology.orchestra.run.smithi033.stdout:/usr/bin/ceph: stdout }
2024-09-12T12:16:30.478 INFO:teuthology.orchestra.run.smithi033.stdout:/usr/bin/ceph: stderr
2024-09-12T12:16:29.527+0000 7f34d2a70640 1 Processor -- start
2024-09-12T12:16:30.478 INFO:teuthology.orchestra.run.smithi033.stdout:/usr/bin/ceph: stderr
2024-09-12T12:16:29.527+0000 7f34d2a70640 1 -- start start
2024-09-12T12:16:30.478 INFO:teuthology.orchestra.run.smithi033.stdout:/usr/bin/ceph: stderr
2024-09-12T12:16:29.527+0000 7f34d2a70640 1 --2- >> [v2:172.21.15.33:3300/0,v1:172.21.15.33:6789/0] conn(0x7f34cc107ef0 0x7f34cc10a2e0 unknown :-1 s=NONE pgs=0 cs=0 l=0 rev1=0 crypto rx=0 tx=0 comp rx=0 tx=0).connect
2024-09-12T12:16:30.478 INFO:teuthology.orchestra.run.smithi033.stdout:/usr/bin/ceph: stderr
2024-09-12T12:16:29.527+0000 7f34d2a70640 1 -- --> [v2:172.21.15.33:3300/0,v1:172.21.15.33:6789/0] -- mon_getmap magic: 0 -- 0x7f34cc075820 con 0x7f34cc107ef0
2024-09-12T12:16:30.478 INFO:teuthology.orchestra.run.smithi033.stdout:/usr/bin/ceph: stderr
2024-09-12T12:16:29.527+0000 7f34d080c640 1 --2- >> [v2:172.21.15.33:3300/0,v1:172.21.15.33:6789/0] conn(0x7f34cc107ef0 0x7f34cc10a2e0 unknown :-1 s=BANNER_CONNECTING pgs=0 cs=0 l=0 rev1=0 crypto rx=0 tx=0 comp rx=0 tx=0)._handle_peer_banner_payload supported=3 required=0
2024-09-12T12:16:30.478 INFO:teuthology.orchestra.run.smithi033.stdout:/usr/bin/ceph: stderr
2024-09-12T12:16:29.528+0000 7f34d080c640 1 --2- >> [v2:172.21.15.33:3300/0,v1:172.21.15.33:6789/0] conn(0x7f34cc107ef0 0x7f34cc10a2e0 unknown :-1 s=HELLO_CONNECTING pgs=0 cs=0 l=0 rev1=1 crypto rx=0 tx=0 comp rx=0 tx=0).handle_hello peer v2:172.21.15.33:3300/0 says I am v2:172.21.15.33:58616/0 (socket says 172.21.15.33:58616)
2024-09-12T12:16:30.478 INFO:teuthology.orchestra.run.smithi033.stdout:/usr/bin/ceph: stderr
2024-09-12T12:16:29.528+0000 7f34d080c640 1 -- 172.21.15.33:0/3265346681 learned_addr learned my addr 172.21.15.33:0/3265346681 (peer_addr_for_me v2:172.21.15.33:0/0)
2024-09-12T12:16:30.478 INFO:teuthology.orchestra.run.smithi033.stdout:/usr/bin/ceph: stderr
2024-09-12T12:16:29.528+0000 7f34d080c640 1 -- 172.21.15.33:0/3265346681 --> [v2:172.21.15.33:3300/0,v1:172.21.15.33:6789/0] -- mon_subscribe({config=0+,monmap=0+}) -- 0x7f34cc10a820 con 0x7f34cc107ef0
2024-09-12T12:16:30.478 INFO:teuthology.orchestra.run.smithi033.stdout:/usr/bin/ceph: stderr
2024-09-12T12:16:29.528+0000 7f34d080c640 1 --2- 172.21.15.33:0/3265346681 >> [v2:172.21.15.33:3300/0,v1:172.21.15.33:6789/0] conn(0x7f34cc107ef0 0x7f34cc10a2e0 secure :-1 s=READY pgs=24 cs=0 l=1 rev1=1 crypto rx=0x7f34c0009820 tx=0x7f34c002a270 comp rx=0 tx=0).ready entity=mon.0 client_cookie=3f9ca0708960f837 server_cookie=0 in_seq=0 out_seq=0
2024-09-12T12:16:30.479 INFO:teuthology.orchestra.run.smithi033.stdout:/usr/bin/ceph: stderr
2024-09-12T12:16:29.529+0000 7f34cb7fe640 1 -- 172.21.15.33:0/3265346681 <== mon.0 v2:172.21.15.33:3300/0 1 ==== mon_map magic: 0 ==== 205+0+0 (secure 0 0 0) 0x7f34c0037070 con 0x7f34cc107ef0
2024-09-12T12:16:30.479 INFO:teuthology.orchestra.run.smithi033.stdout:/usr/bin/ceph: stderr
2024-09-12T12:16:29.529+0000 7f34cb7fe640 1 -- 172.21.15.33:0/3265346681 <== mon.0 v2:172.21.15.33:3300/0 2 ==== config(26 keys) ==== 1071+0+0 (secure 0 0 0) 0x7f34c00328d0 con 0x7f34cc107ef0
2024-09-12T12:16:30.479 INFO:teuthology.orchestra.run.smithi033.stdout:/usr/bin/ceph: stderr
2024-09-12T12:16:29.529+0000 7f34cb7fe640 1 -- 172.21.15.33:0/3265346681 <== mon.0 v2:172.21.15.33:3300/0 3 ==== mon_map magic: 0 ==== 205+0+0 (secure 0 0 0) 0x7f34c00307d0 con 0x7f34cc107ef0
2024-09-12T12:16:30.479 INFO:teuthology.orchestra.run.smithi033.stdout:/usr/bin/ceph: stderr
2024-09-12T12:16:29.529+0000 7f34d2a70640 1 -- 172.21.15.33:0/3265346681 >> [v2:172.21.15.33:3300/0,v1:172.21.15.33:6789/0] conn(0x7f34cc107ef0 msgr2=0x7f34cc10a2e0 secure :-1 s=STATE_CONNECTION_ESTABLISHED l=1).mark_down
2024-09-12T12:16:30.479 INFO:teuthology.orchestra.run.smithi033.stdout:/usr/bin/ceph: stderr
2024-09-12T12:16:29.529+0000 7f34d2a70640 1 --2- 172.21.15.33:0/3265346681 >> [v2:172.21.15.33:3300/0,v1:172.21.15.33:6789/0] conn(0x7f34cc107ef0 0x7f34cc10a2e0 secure :-1 s=READY pgs=24 cs=0 l=1 rev1=1 crypto rx=0x7f34c0009820 tx=0x7f34c002a270 comp rx=0 tx=0).stop
2024-09-12T12:16:30.479 INFO:teuthology.orchestra.run.smithi033.stdout:/usr/bin/ceph: stderr
2024-09-12T12:16:29.529+0000 7f34d2a70640 1 -- 172.21.15.33:0/3265346681 shutdown_connections
2024-09-12T12:16:30.479 INFO:teuthology.orchestra.run.smithi033.stdout:/usr/bin/ceph: stderr
2024-09-12T12:16:29.529+0000 7f34d2a70640 1 --2- 172.21.15.33:0/3265346681 >> [v2:172.21.15.33:3300/0,v1:172.21.15.33:6789/0] conn(0x7f34cc107ef0 0x7f34cc10a2e0 unknown :-1 s=CLOSED pgs=24 cs=0 l=1 rev1=1 crypto rx=0 tx=0 comp rx=0 tx=0).stop
2024-09-12T12:16:30.479 INFO:teuthology.orchestra.run.smithi033.stdout:/usr/bin/ceph: stderr
2024-09-12T12:16:29.529+0000 7f34d2a70640 1 -- 172.21.15.33:0/3265346681 >> 172.21.15.33:0/3265346681 conn(0x7f34cc101a90 msgr2=0x7f34cc103ef0 unknown :-1 s=STATE_NONE l=0).mark_down
2024-09-12T12:16:30.479 INFO:teuthology.orchestra.run.smithi033.stdout:/usr/bin/ceph: stderr
2024-09-12T12:16:29.530+0000 7f34d2a70640 1 -- 172.21.15.33:0/3265346681 shutdown_connections
2024-09-12T12:16:30.479 INFO:teuthology.orchestra.run.smithi033.stdout:/usr/bin/ceph: stderr
2024-09-12T12:16:29.530+0000 7f34d2a70640 1 -- 172.21.15.33:0/3265346681 wait complete.
2024-09-12T12:16:30.480 INFO:teuthology.orchestra.run.smithi033.stdout:/usr/bin/ceph: stderr
2024-09-12T12:16:29.530+0000 7f34d2a70640 1 Processor -- start
2024-09-12T12:16:30.480 INFO:teuthology.orchestra.run.smithi033.stdout:/usr/bin/ceph: stderr
2024-09-12T12:16:29.530+0000 7f34d2a70640 1 -- start start
