2024-09-13T02:41:49.423+0000 7f23eeffd640 1 -- 172.21.15.100:0/2315718781 <== mon.0 v2:172.21.15.100:3300/0 2 ==== config(26 keys) v1 ==== 1005+0+0 (secure 0 0 0) 0x7f23e803d8b0 con 0x7f23f8100e60
2024-09-13T02:41:50.202 INFO:teuthology.orchestra.run.smithi100.stdout:/usr/bin/ceph: stderr
2024-09-13T02:41:49.423+0000 7f23fce40640 1 -- 172.21.15.100:0/2315718781 --> [v2:172.21.15.100:3300/0,v1:172.21.15.100:6789/0] -- mon_subscribe({mgrmap=0+}) v3 -- 0x7f23f8105690 con 0x7f23f8100e60
2024-09-13T02:41:50.202 INFO:teuthology.orchestra.run.smithi100.stdout:/usr/bin/ceph: stderr
2024-09-13T02:41:49.423+0000 7f23eeffd640 1 -- 172.21.15.100:0/2315718781 <== mon.0 v2:172.21.15.100:3300/0 3 ==== mon_map magic: 0 v1 ==== 229+0+0 (secure 0 0 0) 0x7f23e803b8e0 con 0x7f23f8100e60
2024-09-13T02:41:50.203 INFO:teuthology.orchestra.run.smithi100.stdout:/usr/bin/ceph: stderr
2024-09-13T02:41:49.424+0000 7f23fce40640 1 -- 172.21.15.100:0/2315718781 --> [v2:172.21.15.100:3300/0,v1:172.21.15.100:6789/0] -- mon_subscribe({osdmap=0}) v3 -- 0x7f23f8105b00 con 0x7f23f8100e60
2024-09-13T02:41:50.203 INFO:teuthology.orchestra.run.smithi100.stdout:/usr/bin/ceph: stderr
2024-09-13T02:41:49.424+0000 7f23eeffd640 1 -- 172.21.15.100:0/2315718781 <== mon.0 v2:172.21.15.100:3300/0 4 ==== mgrmap(e 5) v1 ==== 45507+0+0 (secure 0 0 0) 0x7f23e8039070 con 0x7f23f8100e60
2024-09-13T02:41:50.203 INFO:teuthology.orchestra.run.smithi100.stdout:/usr/bin/ceph: stderr
2024-09-13T02:41:49.424+0000 7f23eeffd640 1 --2- 172.21.15.100:0/2315718781 >> [v2:172.21.15.100:6800/1286357473,v1:172.21.15.100:6801/1286357473] conn(0x7f23e40394e0 0x7f23e403b990 unknown :-1 s=NONE pgs=0 cs=0 l=1 rev1=0 crypto rx=0 tx=0 comp rx=0 tx=0).connect
2024-09-13T02:41:50.203 INFO:teuthology.orchestra.run.smithi100.stdout:/usr/bin/ceph: stderr
2024-09-13T02:41:49.424+0000 7f23eeffd640 1 -- 172.21.15.100:0/2315718781 <== mon.0 v2:172.21.15.100:3300/0 5 ==== osd_map(1..1 src has 1..1) v4 ==== 721+0+0 (secure 0 0 0) 0x7f23e803d510 con 0x7f23f8100e60
2024-09-13T02:41:50.203 INFO:teuthology.orchestra.run.smithi100.stdout:/usr/bin/ceph: stderr
2024-09-13T02:41:49.425+0000 7f23effff640 1 -- 172.21.15.100:0/2315718781 >> [v2:172.21.15.100:6800/1286357473,v1:172.21.15.100:6801/1286357473] conn(0x7f23e40394e0 msgr2=0x7f23e403b990 unknown :-1 s=STATE_CONNECTING_RE l=1).process reconnect failed to v2:172.21.15.100:6800/1286357473
2024-09-13T02:41:50.203 INFO:teuthology.orchestra.run.smithi100.stdout:/usr/bin/ceph: stderr
2024-09-13T02:41:49.425+0000 7f23effff640 1 --2- 172.21.15.100:0/2315718781 >> [v2:172.21.15.100:6800/1286357473,v1:172.21.15.100:6801/1286357473] conn(0x7f23e40394e0 0x7f23e403b990 unknown :-1 s=START_CONNECT pgs=0 cs=0 l=1 rev1=0 crypto rx=0 tx=0 comp rx=0 tx=0)._fault waiting 0.200000
2024-09-13T02:41:50.203 INFO:teuthology.orchestra.run.smithi100.stdout:/usr/bin/ceph: stderr
2024-09-13T02:41:49.425+0000 7f23fce40640 1 -- 172.21.15.100:0/2315718781 --> [v2:172.21.15.100:3300/0,v1:172.21.15.100:6789/0] -- mon_command({"prefix": "get_command_descriptions"} v 0) v1 -- 0x7f23f804b720 con 0x7f23f8100e60
2024-09-13T02:41:50.203 INFO:teuthology.orchestra.run.smithi100.stdout:/usr/bin/ceph: stderr
2024-09-13T02:41:49.429+0000 7f23eeffd640 1 -- 172.21.15.100:0/2315718781 <== mon.0 v2:172.21.15.100:3300/0 6 ==== mon_command_ack([{"prefix": "get_command_descriptions"}]=0 v0) v1 ==== 72+0+176781 (secure 0 0 0) 0x7f23e8037070 con 0x7f23f8100e60
2024-09-13T02:41:50.203 INFO:teuthology.orchestra.run.smithi100.stdout:/usr/bin/ceph: stderr
2024-09-13T02:41:49.626+0000 7f23effff640 1 -- 172.21.15.100:0/2315718781 >> [v2:172.21.15.100:6800/1286357473,v1:172.21.15.100:6801/1286357473] conn(0x7f23e40394e0 msgr2=0x7f23e403b990 unknown :-1 s=STATE_CONNECTING_RE l=1).process reconnect failed to v2:172.21.15.100:6800/1286357473
2024-09-13T02:41:50.203 INFO:teuthology.orchestra.run.smithi100.stdout:/usr/bin/ceph: stderr
2024-09-13T02:41:49.626+0000 7f23effff640 1 --2- 172.21.15.100:0/2315718781 >> [v2:172.21.15.100:6800/1286357473,v1:172.21.15.100:6801/1286357473] conn(0x7f23e40394e0 0x7f23e403b990 unknown :-1 s=START_CONNECT pgs=0 cs=0 l=1 rev1=0 crypto rx=0 tx=0 comp rx=0 tx=0)._fault waiting 0.400000
2024-09-13T02:41:50.203 INFO:teuthology.orchestra.run.smithi100.stdout:/usr/bin/ceph: stderr
2024-09-13T02:41:49.631+0000 7f23fce40640 1 -- 172.21.15.100:0/2315718781 --> [v2:172.21.15.100:3300/0,v1:172.21.15.100:6789/0] -- mon_command({"prefix": "mgr stat"} v 0) v1 -- 0x7f23f8106010 con 0x7f23f8100e60
2024-09-13T02:41:50.203 INFO:teuthology.orchestra.run.smithi100.stdout:/usr/bin/ceph: stderr
2024-09-13T02:41:49.631+0000 7f23eeffd640 1 -- 172.21.15.100:0/2315718781 <== mon.0 v2:172.21.15.100:3300/0 7 ==== mon_command_ack([{"prefix": "mgr stat"}]=0 v5) v1 ==== 56+0+103 (secure 0 0 0) 0x7f23e8041030 con 0x7f23f8100e60
2024-09-13T02:41:50.203 INFO:teuthology.orchestra.run.smithi100.stdout:/usr/bin/ceph: stderr
2024-09-13T02:41:49.633+0000 7f23fce40640 1 -- 172.21.15.100:0/2315718781 >> [v2:172.21.15.100:6800/1286357473,v1:172.21.15.100:6801/1286357473] conn(0x7f23e40394e0 msgr2=0x7f23e403b990 unknown :-1 s=STATE_CONNECTING l=1).mark_down
2024-09-13T02:41:50.204 INFO:teuthology.orchestra.run.smithi100.stdout:/usr/bin/ceph: stderr
2024-09-13T02:41:49.633+0000 7f23fce40640 1 --2- 172.21.15.100:0/2315718781 >> [v2:172.21.15.100:6800/1286357473,v1:172.21.15.100:6801/1286357473] conn(0x7f23e40394e0 0x7f23e403b990 unknown :-1 s=START_CONNECT pgs=0 cs=0 l=1 rev1=0 crypto rx=0 tx=0 comp rx=0 tx=0).stop
2024-09-13T02:41:50.204 INFO:teuthology.orchestra.run.smithi100.stdout:/usr/bin/ceph: stderr
2024-09-13T02:41:49.633+0000 7f23fce40640 1 -- 172.21.15.100:0/2315718781 >> [v2:172.21.15.100:3300/0,v1:172.21.15.100:6789/0] conn(0x7f23f8100e60 msgr2=0x7f23f81070c0 secure :-1 s=STATE_CONNECTION_ESTABLISHED l=1).mark_down
2024-09-13T02:41:50.204 INFO:teuthology.orchestra.run.smithi100.stdout:/usr/bin/ceph: stderr
2024-09-13T02:41:49.633+0000 7f23fce40640 1 --2- 172.21.15.100:0/2315718781 >> [v2:172.21.15.100:3300/0,v1:172.21.15.100:6789/0] conn(0x7f23f8100e60 0x7f23f81070c0 secure :-1 s=READY pgs=25 cs=0 l=1 rev1=1 crypto rx=0x7f23e80098a0 tx=0x7f23e8008040 comp rx=0 tx=0).stop
2024-09-13T02:41:50.204 INFO:teuthology.orchestra.run.smithi100.stdout:/usr/bin/ceph: stderr
2024-09-13T02:41:49.633+0000 7f23fce40640 1 -- 172.21.15.100:0/2315718781 shutdown_connections
2024-09-13T02:41:50.204 INFO:teuthology.orchestra.run.smithi100.stdout:/usr/bin/ceph: stderr
2024-09-13T02:41:49.633+0000 7f23fce40640 1 --2- 172.21.15.100:0/2315718781 >> [v2:172.21.15.100:6800/1286357473,v1:172.21.15.100:6801/1286357473] conn(0x7f23e40394e0 0x7f23e403b990 unknown :-1 s=CLOSED pgs=0 cs=0 l=1 rev1=0 crypto rx=0 tx=0 comp rx=0 tx=0).stop
2024-09-13T02:41:50.204 INFO:teuthology.orchestra.run.smithi100.stdout:/usr/bin/ceph: stderr
2024-09-13T02:41:49.633+0000 7f23fce40640 1 --2- 172.21.15.100:0/2315718781 >> [v2:172.21.15.100:3300/0,v1:172.21.15.100:6789/0] conn(0x7f23f8100e60 0x7f23f81070c0 unknown :-1 s=CLOSED pgs=25 cs=0 l=1 rev1=1 crypto rx=0 tx=0 comp rx=0 tx=0).stop
2024-09-13T02:41:50.204 INFO:teuthology.orchestra.run.smithi100.stdout:/usr/bin/ceph: stderr
2024-09-13T02:41:49.633+0000 7f23fce40640 1 -- 172.21.15.100:0/2315718781 >> 172.21.15.100:0/2315718781 conn(0x7f23f80fc5f0 msgr2=0x7f23f80fd170 unknown :-1 s=STATE_NONE l=0).mark_down
2024-09-13T02:41:50.204 INFO:teuthology.orchestra.run.smithi100.stdout:/usr/bin/ceph: stderr
2024-09-13T02:41:49.633+0000 7f23fce40640 1 -- 172.21.15.100:0/2315718781 shutdown_connections
2024-09-13T02:41:50.204 INFO:teuthology.orchestra.run.smithi100.stdout:/usr/bin/ceph: stderr
2024-09-13T02:41:49.633+0000 7f23fce40640 1 -- 172.21.15.100:0/2315718781 wait complete.
2024-09-13T02:41:50.204 INFO:teuthology.orchestra.run.smithi100.stdout:Waiting for the mgr to restart...
2024-09-13T02:41:50.204 INFO:teuthology.orchestra.run.smithi100.stdout:Waiting for mgr epoch 5...
2024-09-13T02:41:50.503 INFO:journalctl@ceph.mon.smithi100.smithi100.stdout:Sep 13 02:41:50 smithi100 ceph-mon[27894]: from='client.? 172.21.15.100:0/2315718781' entity='client.admin' cmd=[{"prefix": "mgr stat"}]: dispatch
2024-09-13T02:41:53.176 INFO:journalctl@ceph.mon.smithi100.smithi100.stdout:Sep 13 02:41:52 smithi100 ceph-mon[27894]: Active manager daemon smithi100.lhjyck restarted
2024-09-13T02:41:53.176 INFO:journalctl@ceph.mon.smithi100.smithi100.stdout:Sep 13 02:41:52 smithi100 ceph-mon[27894]: Activating manager daemon smithi100.lhjyck
2024-09-13T02:41:53.176 INFO:journalctl@ceph.mon.smithi100.smithi100.stdout:Sep 13 02:41:52 smithi100 ceph-mon[27894]: osdmap e2: 0 total, 0 up, 0 in
2024-09-13T02:41:53.176 INFO:journalctl@ceph.mon.smithi100.smithi100.stdout:Sep 13 02:41:52 smithi100 ceph-mon[27894]: mgrmap e6: smithi100.lhjyck(active, starting, since 0.00366842s)
2024-09-13T02:41:53.176 INFO:journalctl@ceph.mon.smithi100.smithi100.stdout:Sep 13 02:41:52 smithi100 ceph-mon[27894]: from='mgr.14118 172.21.15.100:0/2058501088' entity='mgr.smithi100.lhjyck' cmd=[{"prefix": "mon metadata", "id": "smithi100"}]: dispatch
2024-09-13T02:41:53.177 INFO:journalctl@ceph.mon.smithi100.smithi100.stdout:Sep 13 02:41:52 smithi100 ceph-mon[27894]: from='mgr.14118 172.21.15.100:0/2058501088' entity='mgr.smithi100.lhjyck' cmd=[{"prefix": "mgr metadata", "who": "smithi100.lhjyck", "id": "smithi100.lhjyck"}]: dispatch
2024-09-13T02:41:53.177 INFO:journalctl@ceph.mon.smithi100.smithi100.stdout:Sep 13 02:41:52 smithi100 ceph-mon[27894]: from='mgr.14118 172.21.15.100:0/2058501088' entity='mgr.smithi100.lhjyck' cmd=[{"prefix": "mds metadata"}]: dispatch
2024-09-13T02:41:53.177 INFO:journalctl@ceph.mon.smithi100.smithi100.stdout:Sep 13 02:41:52 smithi100 ceph-mon[27894]: from='mgr.14118 172.21.15.100:0/2058501088' entity='mgr.smithi100.lhjyck' cmd=[{"prefix": "osd metadata"}]: dispatch
2024-09-13T02:41:53.177 INFO:journalctl@ceph.mon.smithi100.smithi100.stdout:Sep 13 02:41:52 smithi100 ceph-mon[27894]: from='mgr.14118 172.21.15.100:0/2058501088' entity='mgr.smithi100.lhjyck' cmd=[{"prefix": "mon metadata"}]: dispatch
2024-09-13T02:41:53.177 INFO:journalctl@ceph.mon.smithi100.smithi100.stdout:Sep 13 02:41:52 smithi100 ceph-mon[27894]: Manager daemon smithi100.lhjyck is now available
2024-09-13T02:41:53.177 INFO:journalctl@ceph.mon.smithi100.smithi100.stdout:Sep 13 02:41:52 smithi100 ceph-mon[27894]: from='mgr.14118 172.21.15.100:0/2058501088' entity='mgr.smithi100.lhjyck'
2024-09-13T02:41:53.177 INFO:journalctl@ceph.mon.smithi100.smithi100.stdout:Sep 13 02:41:52 smithi100 ceph-mon[27894]: from='mgr.14118 172.21.15.100:0/2058501088' entity='mgr.smithi100.lhjyck'
2024-09-13T02:41:53.177 INFO:journalctl@ceph.mon.smithi100.smithi100.stdout:Sep 13 02:41:52 smithi100 ceph-mon[27894]: from='mgr.14118 172.21.15.100:0/2058501088' entity='mgr.smithi100.lhjyck' cmd=[{"prefix": "config dump", "format": "json"}]: dispatch
2024-09-13T02:41:53.177 INFO:journalctl@ceph.mon.smithi100.smithi100.stdout:Sep 13 02:41:52 smithi100 ceph-mon[27894]: from='mgr.14118 172.21.15.100:0/2058501088' entity='mgr.smithi100.lhjyck' cmd=[{"prefix": "config dump", "format": "json"}]: dispatch
2024-09-13T02:41:53.177 INFO:journalctl@ceph.mon.smithi100.smithi100.stdout:Sep 13 02:41:52 smithi100 ceph-mon[27894]: from='mgr.14118 172.21.15.100:0/2058501088' entity='mgr.smithi100.lhjyck' cmd=[{"prefix":"config rm","who":"mgr","name":"mgr/rbd_support/smithi100.lhjyck/mirror_snapshot_schedule"}]: dispatch
2024-09-13T02:41:53.177 INFO:journalctl@ceph.mon.smithi100.smithi100.stdout:Sep 13 02:41:52 smithi100 ceph-mon[27894]: from='mgr.14118 172.21.15.100:0/2058501088' entity='mgr.smithi100.lhjyck' cmd=[{"prefix":"config rm","who":"mgr","name":"mgr/rbd_support/smithi100.lhjyck/trash_purge_schedule"}]: dispatch
2024-09-13T02:41:54.139 INFO:journalctl@ceph.mon.smithi100.smithi100.stdout:Sep 13 02:41:53 smithi100 ceph-mon[27894]: Found migration_current of "None". Setting to last migration.
2024-09-13T02:41:54.139 INFO:journalctl@ceph.mon.smithi100.smithi100.stdout:Sep 13 02:41:53 smithi100 ceph-mon[27894]: mgrmap e7: smithi100.lhjyck(active, since 1.00516s)
2024-09-13T02:41:54.374 INFO:teuthology.orchestra.run.smithi100.stdout:/usr/bin/ceph: stdout {
2024-09-13T02:41:54.374 INFO:teuthology.orchestra.run.smithi100.stdout:/usr/bin/ceph: stdout "mgrmap_epoch": 7,
2024-09-13T02:41:54.374 INFO:teuthology.orchestra.run.smithi100.stdout:/usr/bin/ceph: stdout "initialized": true
2024-09-13T02:41:54.374 INFO:teuthology.orchestra.run.smithi100.stdout:/usr/bin/ceph: stdout }
2024-09-13T02:41:54.374 INFO:teuthology.orchestra.run.smithi100.stdout:/usr/bin/ceph: stderr
2024-09-13T02:41:50.576+0000 7faac35d3640 1 Processor -- start
2024-09-13T02:41:54.375 INFO:teuthology.orchestra.run.smithi100.stdout:/usr/bin/ceph: stderr
2024-09-13T02:41:50.576+0000 7faac35d3640 1 -- start start
2024-09-13T02:41:54.375 INFO:teuthology.orchestra.run.smithi100.stdout:/usr/bin/ceph: stderr
2024-09-13T02:41:50.577+0000 7faac35d3640 1 --2- >> [v2:172.21.15.100:3300/0,v1:172.21.15.100:6789/0] conn(0x7faabc100e90 0x7faabc1012a0 unknown :-1 s=NONE pgs=0 cs=0 l=0 rev1=0 crypto rx=0 tx=0 comp rx=0 tx=0).connect
2024-09-13T02:41:54.375 INFO:teuthology.orchestra.run.smithi100.stdout:/usr/bin/ceph: stderr
2024-09-13T02:41:50.577+0000 7faac35d3640 1 -- --> [v2:172.21.15.100:3300/0,v1:172.21.15.100:6789/0] -- mon_getmap magic: 0 v1 -- 0x7faabc1017e0 con 0x7faabc100e90
2024-09-13T02:41:54.375 INFO:teuthology.orchestra.run.smithi100.stdout:/usr/bin/ceph: stderr
2024-09-13T02:41:50.577+0000 7faac136f640 1 --2- >> [v2:172.21.15.100:3300/0,v1:172.21.15.100:6789/0] conn(0x7faabc100e90 0x7faabc1012a0 unknown :-1 s=BANNER_CONNECTING pgs=0 cs=0 l=0 rev1=0 crypto rx=0 tx=0 comp rx=0 tx=0)._handle_peer_banner_payload supported=3 required=0
2024-09-13T02:41:54.375 INFO:teuthology.orchestra.run.smithi100.stdout:/usr/bin/ceph: stderr
2024-09-13T02:41:50.577+0000 7faac136f640 1 --2- >> [v2:172.21.15.100:3300/0,v1:172.21.15.100:6789/0] conn(0x7faabc100e90 0x7faabc1012a0 unknown :-1 s=HELLO_CONNECTING pgs=0 cs=0 l=0 rev1=1 crypto rx=0 tx=0 comp rx=0 tx=0).handle_hello peer v2:172.21.15.100:3300/0 says I am v2:172.21.15.100:39526/0 (socket says 172.21.15.100:39526)
2024-09-13T02:41:54.375 INFO:teuthology.orchestra.run.smithi100.stdout:/usr/bin/ceph: stderr
2024-09-13T02:41:50.577+0000 7faac136f640 1 -- 172.21.15.100:0/1726443457 learned_addr learned my addr 172.21.15.100:0/1726443457 (peer_addr_for_me v2:172.21.15.100:0/0)
2024-09-13T02:41:54.375 INFO:teuthology.orchestra.run.smithi100.stdout:/usr/bin/ceph: stderr
2024-09-13T02:41:50.577+0000 7faac136f640 1 -- 172.21.15.100:0/1726443457 --> [v2:172.21.15.100:3300/0,v1:172.21.15.100:6789/0] -- mon_subscribe({config=0+,monmap=0+}) v3 -- 0x7faabc101920 con 0x7faabc100e90
2024-09-13T02:41:54.375 INFO:teuthology.orchestra.run.smithi100.stdout:/usr/bin/ceph: stderr
2024-09-13T02:41:50.578+0000 7faac136f640 1 --2- 172.21.15.100:0/1726443457 >> [v2:172.21.15.100:3300/0,v1:172.21.15.100:6789/0] conn(0x7faabc100e90 0x7faabc1012a0 secure :-1 s=READY pgs=26 cs=0 l=1 rev1=1 crypto rx=0x7faab8009840 tx=0x7faab80091d0 comp rx=0 tx=0).ready entity=mon.0 client_cookie=49c375325779c8b6 server_cookie=0 in_seq=0 out_seq=0
2024-09-13T02:41:54.375 INFO:teuthology.orchestra.run.smithi100.stdout:/usr/bin/ceph: stderr
2024-09-13T02:41:50.578+0000 7faab3fff640 1 -- 172.21.15.100:0/1726443457 <== mon.0 v2:172.21.15.100:3300/0 1 ==== mon_map magic: 0 v1 ==== 229+0+0 (secure 0 0 0) 0x7faab8032440 con 0x7faabc100e90
2024-09-13T02:41:54.375 INFO:teuthology.orchestra.run.smithi100.stdout:/usr/bin/ceph: stderr
2024-09-13T02:41:50.578+0000 7faab3fff640 1 -- 172.21.15.100:0/1726443457 <== mon.0 v2:172.21.15.100:3300/0 2 ==== config(26 keys) v1 ==== 1005+0+0 (secure 0 0 0) 0x7faab8032a00 con 0x7faabc100e90
2024-09-13T02:41:54.375 INFO:teuthology.orchestra.run.smithi100.stdout:/usr/bin/ceph: stderr
2024-09-13T02:41:50.578+0000 7faab3fff640 1 -- 172.21.15.100:0/1726443457 <== mon.0 v2:172.21.15.100:3300/0 3 ==== mon_map magic: 0 v1 ==== 229+0+0 (secure 0 0 0) 0x7faab8031a10 con 0x7faabc100e90
2024-09-13T02:41:54.375 INFO:teuthology.orchestra.run.smithi100.stdout:/usr/bin/ceph: stderr
2024-09-13T02:41:50.579+0000 7faac35d3640 1 -- 172.21.15.100:0/1726443457 >> [v2:172.21.15.100:3300/0,v1:172.21.15.100:6789/0] conn(0x7faabc100e90 msgr2=0x7faabc1012a0 secure :-1 s=STATE_CONNECTION_ESTABLISHED l=1).mark_down
2024-09-13T02:41:54.376 INFO:teuthology.orchestra.run.smithi100.stdout:/usr/bin/ceph: stderr
2024-09-13T02:41:50.579+0000 7faac35d3640 1 --2- 172.21.15.100:0/1726443457 >> [v2:172.21.15.100:3300/0,v1:172.21.15.100:6789/0] conn(0x7faabc100e90 0x7faabc1012a0 secure :-1 s=READY pgs=26 cs=0 l=1 rev1=1 crypto rx=0x7faab8009840 tx=0x7faab80091d0 comp rx=0 tx=0).stop
2024-09-13T02:41:54.376 INFO:teuthology.orchestra.run.smithi100.stdout:/usr/bin/ceph: stderr
2024-09-13T02:41:50.579+0000 7faac35d3640 1 -- 172.21.15.100:0/1726443457 shutdown_connections
2024-09-13T02:41:54.376 INFO:teuthology.orchestra.run.smithi100.stdout:/usr/bin/ceph: stderr
2024-09-13T02:41:50.579+0000 7faac35d3640 1 --2- 172.21.15.100:0/1726443457 >> [v2:172.21.15.100:3300/0,v1:172.21.15.100:6789/0] conn(0x7faabc100e90 0x7faabc1012a0 unknown :-1 s=CLOSED pgs=26 cs=0 l=1 rev1=1 crypto rx=0 tx=0 comp rx=0 tx=0).stop
2024-09-13T02:41:54.376 INFO:teuthology.orchestra.run.smithi100.stdout:/usr/bin/ceph: stderr
2024-09-13T02:41:50.579+0000 7faac35d3640 1 -- 172.21.15.100:0/1726443457 >> 172.21.15.100:0/1726443457 conn(0x7faabc0fc6d0 msgr2=0x7faabc0feb20 unknown :-1 s=STATE_NONE l=0).mark_down
2024-09-13T02:41:54.376 INFO:teuthology.orchestra.run.smithi100.stdout:/usr/bin/ceph: stderr
2024-09-13T02:41:50.579+0000 7faac35d3640 1 -- 172.21.15.100:0/1726443457 shutdown_connections
2024-09-13T02:41:54.376 INFO:teuthology.orchestra.run.smithi100.stdout:/usr/bin/ceph: stderr
2024-09-13T02:41:50.579+0000 7faac35d3640 1 -- 172.21.15.100:0/1726443457 wait complete.
2024-09-13T02:41:54.376 INFO:teuthology.orchestra.run.smithi100.stdout:/usr/bin/ceph: stderr
2024-09-13T02:41:50.579+0000 7faac35d3640 1 Processor -- start
2024-09-13T02:41:54.376 INFO:teuthology.orchestra.run.smithi100.stdout:/usr/bin/ceph: stderr
2024-09-13T02:41:50.579+0000 7faac35d3640 1 -- start start
2024-09-13T02:41:54.376 INFO:teuthology.orchestra.run.smithi100.stdout:/usr/bin/ceph: stderr
2024-09-13T02:41:50.579+0000 7faac35d3640 1 --2- >> [v2:172.21.15.100:3300/0,v1:172.21.15.100:6789/0] conn(0x7faabc100e90 0x7faabc107080 unknown :-1 s=NONE pgs=0 cs=0 l=1 rev1=0 crypto rx=0 tx=0 comp rx=0 tx=0).connect
2024-09-13T02:41:54.376 INFO:teuthology.orchestra.run.smithi100.stdout:/usr/bin/ceph: stderr
2024-09-13T02:41:50.579+0000 7faac35d3640 1 -- --> [v2:172.21.15.100:3300/0,v1:172.21.15.100:6789/0] -- mon_getmap magic: 0 v1 -- 0x7faabc1075c0 con 0x7faabc100e90
2024-09-13T02:41:54.376 INFO:teuthology.orchestra.run.smithi100.stdout:/usr/bin/ceph: stderr
2024-09-13T02:41:50.580+0000 7faac136f640 1 --2- >> [v2:172.21.15.100:3300/0,v1:172.21.15.100:6789/0] conn(0x7faabc100e90 0x7faabc107080 unknown :-1 s=BANNER_CONNECTING pgs=0 cs=0 l=1 rev1=0 crypto rx=0 tx=0 comp rx=0 tx=0)._handle_peer_banner_payload supported=3 required=0
2024-09-13T02:41:54.376 INFO:teuthology.orchestra.run.smithi100.stdout:/usr/bin/ceph: stderr
2024-09-13T02:41:50.580+0000 7faac136f640 1 --2- >> [v2:172.21.15.100:3300/0,v1:172.21.15.100:6789/0] conn(0x7faabc100e90 0x7faabc107080 unknown :-1 s=HELLO_CONNECTING pgs=0 cs=0 l=1 rev1=1 crypto rx=0 tx=0 comp rx=0 tx=0).handle_hello peer v2:172.21.15.100:3300/0 says I am v2:172.21.15.100:39540/0 (socket says 172.21.15.100:39540)
2024-09-13T02:41:54.376 INFO:teuthology.orchestra.run.smithi100.stdout:/usr/bin/ceph: stderr
2024-09-13T02:41:50.580+0000 7faac136f640 1 -- 172.21.15.100:0/143411859 learned_addr learned my addr 172.21.15.100:0/143411859 (peer_addr_for_me v2:172.21.15.100:0/0)
2024-09-13T02:41:54.376 INFO:teuthology.orchestra.run.smithi100.stdout:/usr/bin/ceph: stderr
2024-09-13T02:41:50.580+0000 7faac136f640 1 -- 172.21.15.100:0/143411859 --> [v2:172.21.15.100:3300/0,v1:172.21.15.100:6789/0] -- mon_subscribe({config=0+,monmap=0+}) v3 -- 0x7faab8009450 con 0x7faabc100e90
2024-09-13T02:41:54.377 INFO:teuthology.orchestra.run.smithi100.stdout:/usr/bin/ceph: stderr
2024-09-13T02:41:50.580+0000 7faac136f640 1 --2- 172.21.15.100:0/143411859 >> [v2:172.21.15.100:3300/0,v1:172.21.15.100:6789/0] conn(0x7faabc100e90 0x7faabc107080 secure :-1 s=READY pgs=27 cs=0 l=1 rev1=1 crypto rx=0x7faab8006a70 tx=0x7faab802c040 comp rx=0 tx=0).ready entity=mon.0 client_cookie=0 server_cookie=0 in_seq=0 out_seq=0
2024-09-13T02:41:54.377 INFO:teuthology.orchestra.run.smithi100.stdout:/usr/bin/ceph: stderr
2024-09-13T02:41:50.580+0000 7faab1ffb640 1 -- 172.21.15.100:0/143411859 <== mon.0 v2:172.21.15.100:3300/0 1 ==== mon_map magic: 0 v1 ==== 229+0+0 (secure 0 0 0) 0x7faab8031d10 con 0x7faabc100e90
2024-09-13T02:41:54.377 INFO:teuthology.orchestra.run.smithi100.stdout:/usr/bin/ceph: stderr
2024-09-13T02:41:50.580+0000 7faab1ffb640 1 -- 172.21.15.100:0/143411859 <== mon.0 v2:172.21.15.100:3300/0 2 ==== config(26 keys) v1 ==== 1005+0+0 (secure 0 0 0) 0x7faab8031e70 con 0x7faabc100e90
2024-09-13T02:41:54.377 INFO:teuthology.orchestra.run.smithi100.stdout:/usr/bin/ceph: stderr
2024-09-13T02:41:50.580+0000 7faab1ffb640 1 -- 172.21.15.100:0/143411859 <== mon.0 v2:172.21.15.100:3300/0 3 ==== mon_map magic: 0 v1 ==== 229+0+0 (secure 0 0 0) 0x7faab803b6f0 con 0x7faabc100e90
2024-09-13T02:41:54.377 INFO:teuthology.orchestra.run.smithi100.stdout:/usr/bin/ceph: stderr
2024-09-13T02:41:50.580+0000 7faac35d3640 1 -- 172.21.15.100:0/143411859 --> [v2:172.21.15.100:3300/0,v1:172.21.15.100:6789/0] -- mon_subscribe({mgrmap=0+}) v3 -- 0x7faabc105650 con 0x7faabc100e90
2024-09-13T02:41:54.377 INFO:teuthology.orchestra.run.smithi100.stdout:/usr/bin/ceph: stderr
2024-09-13T02:41:50.580+0000 7faac35d3640 1 -- 172.21.15.100:0/143411859 --> [v2:172.21.15.100:3300/0,v1:172.21.15.100:6789/0] -- mon_subscribe({osdmap=0}) v3 -- 0x7faabc105ac0 con 0x7faabc100e90
2024-09-13T02:41:54.377 INFO:teuthology.orchestra.run.smithi100.stdout:/usr/bin/ceph: stderr
2024-09-13T02:41:50.581+0000 7faab1ffb640 1 -- 172.21.15.100:0/143411859 <== mon.0 v2:172.21.15.100:3300/0 4 ==== mgrmap(e 5) v1 ==== 45507+0+0 (secure 0 0 0) 0x7faab8039070 con 0x7faabc100e90
2024-09-13T02:41:54.377 INFO:teuthology.orchestra.run.smithi100.stdout:/usr/bin/ceph: stderr
2024-09-13T02:41:50.581+0000 7faab1ffb640 1 --2- 172.21.15.100:0/143411859 >> [v2:172.21.15.100:6800/1286357473,v1:172.21.15.100:6801/1286357473] conn(0x7faaa8039490 0x7faaa803b940 unknown :-1 s=NONE pgs=0 cs=0 l=1 rev1=0 crypto rx=0 tx=0 comp rx=0 tx=0).connect
2024-09-13T02:41:54.377 INFO:teuthology.orchestra.run.smithi100.stdout:/usr/bin/ceph: stderr
2024-09-13T02:41:50.581+0000 7faab1ffb640 1 -- 172.21.15.100:0/143411859 --> [v2:172.21.15.100:6800/1286357473,v1:172.21.15.100:6801/1286357473] -- command(tid 0: {"prefix": "get_command_descriptions"}) v1 -- 0x7faaa803c050 con 0x7faaa8039490
2024-09-13T02:41:54.377 INFO:teuthology.orchestra.run.smithi100.stdout:/usr/bin/ceph: stderr
2024-09-13T02:41:50.581+0000 7faab1ffb640 1 -- 172.21.15.100:0/143411859 <== mon.0 v2:172.21.15.100:3300/0 5 ==== osd_map(1..1 src has 1..1) v4 ==== 721+0+0 (secure 0 0 0) 0x7faab806cc60 con 0x7faabc100e90
2024-09-13T02:41:54.377 INFO:teuthology.orchestra.run.smithi100.stdout:/usr/bin/ceph: stderr
2024-09-13T02:41:50.581+0000 7faac0b6e640 1 -- 172.21.15.100:0/143411859 >> [v2:172.21.15.100:6800/1286357473,v1:172.21.15.100:6801/1286357473] conn(0x7faaa8039490 msgr2=0x7faaa803b940 unknown :-1 s=STATE_CONNECTING_RE l=1).process reconnect failed to v2:172.21.15.100:6800/1286357473
2024-09-13T02:41:54.377 INFO:teuthology.orchestra.run.smithi100.stdout:/usr/bin/ceph: stderr
2024-09-13T02:41:50.581+0000 7faac0b6e640 1 --2- 172.21.15.100:0/143411859 >> [v2:172.21.15.100:6800/1286357473,v1:172.21.15.100:6801/1286357473] conn(0x7faaa8039490 0x7faaa803b940 unknown :-1 s=START_CONNECT pgs=0 cs=0 l=1 rev1=0 crypto rx=0 tx=0 comp rx=0 tx=0)._fault waiting 0.200000
2024-09-13T02:41:54.377 INFO:teuthology.orchestra.run.smithi100.stdout:/usr/bin/ceph: stderr
2024-09-13T02:41:50.782+0000 7faac0b6e640 1 -- 172.21.15.100:0/143411859 >> [v2:172.21.15.100:6800/1286357473,v1:172.21.15.100:6801/1286357473] conn(0x7faaa8039490 msgr2=0x7faaa803b940 unknown :-1 s=STATE_CONNECTING_RE l=1).process reconnect failed to v2:172.21.15.100:6800/1286357473
2024-09-13T02:41:54.378 INFO:teuthology.orchestra.run.smithi100.stdout:/usr/bin/ceph: stderr
2024-09-13T02:41:50.782+0000 7faac0b6e640 1 --2- 172.21.15.100:0/143411859 >> [v2:172.21.15.100:6800/1286357473,v1:172.21.15.100:6801/1286357473] conn(0x7faaa8039490 0x7faaa803b940 unknown :-1 s=START_CONNECT pgs=0 cs=0 l=1 rev1=0 crypto rx=0 tx=0 comp rx=0 tx=0)._fault waiting 0.400000
2024-09-13T02:41:54.378 INFO:teuthology.orchestra.run.smithi100.stdout:/usr/bin/ceph: stderr
2024-09-13T02:41:51.183+0000 7faac0b6e640 1 -- 172.21.15.100:0/143411859 >> [v2:172.21.15.100:6800/1286357473,v1:172.21.15.100:6801/1286357473] conn(0x7faaa8039490 msgr2=0x7faaa803b940 unknown :-1 s=STATE_CONNECTING_RE l=1).process reconnect failed to v2:172.21.15.100:6800/1286357473
2024-09-13T02:41:54.378 INFO:teuthology.orchestra.run.smithi100.stdout:/usr/bin/ceph: stderr
2024-09-13T02:41:51.183+0000 7faac0b6e640 1 --2- 172.21.15.100:0/143411859 >> [v2:172.21.15.100:6800/1286357473,v1:172.21.15.100:6801/1286357473] conn(0x7faaa8039490 0x7faaa803b940 unknown :-1 s=START_CONNECT pgs=0 cs=0 l=1 rev1=0 crypto rx=0 tx=0 comp rx=0 tx=0)._fault waiting 0.800000
2024-09-13T02:41:54.378 INFO:teuthology.orchestra.run.smithi100.stdout:/usr/bin/ceph: stderr
2024-09-13T02:41:51.984+0000 7faac0b6e640 1 -- 172.21.15.100:0/143411859 >> [v2:172.21.15.100:6800/1286357473,v1:172.21.15.100:6801/1286357473] conn(0x7faaa8039490 msgr2=0x7faaa803b940 unknown :-1 s=STATE_CONNECTING_RE l=1).process reconnect failed to v2:172.21.15.100:6800/1286357473
2024-09-13T02:41:54.378 INFO:teuthology.orchestra.run.smithi100.stdout:/usr/bin/ceph: stderr
2024-09-13T02:41:51.984+0000 7faac0b6e640 1 --2- 172.21.15.100:0/143411859 >> [v2:172.21.15.100:6800/1286357473,v1:172.21.15.100:6801/1286357473] conn(0x7faaa8039490 0x7faaa803b940 unknown :-1 s=START_CONNECT pgs=0 cs=0 l=1 rev1=0 crypto rx=0 tx=0 comp rx=0 tx=0)._fault waiting 1.600000
2024-09-13T02:41:54.378 INFO:teuthology.orchestra.run.smithi100.stdout:/usr/bin/ceph: stderr
2024-09-13T02:41:52.780+0000 7faab1ffb640 1 -- 172.21.15.100:0/143411859 <== mon.0 v2:172.21.15.100:3300/0 6 ==== mgrmap(e 6) v1 ==== 45274+0+0 (secure 0 0 0) 0x7faab803dad0 con 0x7faabc100e90
2024-09-13T02:41:54.378 INFO:teuthology.orchestra.run.smithi100.stdout:/usr/bin/ceph: stderr
2024-09-13T02:41:52.780+0000 7faab1ffb640 1 -- 172.21.15.100:0/143411859 >> [v2:172.21.15.100:6800/1286357473,v1:172.21.15.100:6801/1286357473] conn(0x7faaa8039490 msgr2=0x7faaa803b940 unknown :-1 s=STATE_CONNECTING l=1).mark_down
2024-09-13T02:41:54.378 INFO:teuthology.orchestra.run.smithi100.stdout:/usr/bin/ceph: stderr
2024-09-13T02:41:52.780+0000 7faab1ffb640 1 --2- 172.21.15.100:0/143411859 >> [v2:172.21.15.100:6800/1286357473,v1:172.21.15.100:6801/1286357473] conn(0x7faaa8039490 0x7faaa803b940 unknown :-1 s=START_CONNECT pgs=0 cs=0 l=1 rev1=0 crypto rx=0 tx=0 comp rx=0 tx=0).stop
2024-09-13T02:41:54.378 INFO:teuthology.orchestra.run.smithi100.stdout:/usr/bin/ceph: stderr
2024-09-13T02:41:53.780+0000 7faab1ffb640 1 -- 172.21.15.100:0/143411859 <== mon.0 v2:172.21.15.100:3300/0 7 ==== mgrmap(e 7) v1 ==== 45401+0+0 (secure 0 0 0) 0x7faab8037d40 con 0x7faabc100e90
2024-09-13T02:41:54.378 INFO:teuthology.orchestra.run.smithi100.stdout:/usr/bin/ceph: stderr
2024-09-13T02:41:53.780+0000 7faab1ffb640 1 --2- 172.21.15.100:0/143411859 >> [v2:172.21.15.100:6800/808939656,v1:172.21.15.100:6801/808939656] conn(0x7faaa803cea0 0x7faaa803f280 unknown :-1 s=NONE pgs=0 cs=0 l=1 rev1=0 crypto rx=0 tx=0 comp rx=0 tx=0).connect
2024-09-13T02:41:54.378 INFO:teuthology.orchestra.run.smithi100.stdout:/usr/bin/ceph: stderr
2024-09-13T02:41:53.780+0000 7faab1ffb640 1 -- 172.21.15.100:0/143411859 --> [v2:172.21.15.100:6800/808939656,v1:172.21.15.100:6801/808939656] -- command(tid 0: {"prefix": "get_command_descriptions"}) v1 -- 0x7faaa803c050 con 0x7faaa803cea0
2024-09-13T02:41:54.378 INFO:teuthology.orchestra.run.smithi100.stdout:/usr/bin/ceph: stderr
2024-09-13T02:41:53.781+0000 7faac0b6e640 1 --2- 172.21.15.100:0/143411859 >> [v2:172.21.15.100:6800/808939656,v1:172.21.15.100:6801/808939656] conn(0x7faaa803cea0 0x7faaa803f280 unknown :-1 s=BANNER_CONNECTING pgs=0 cs=0 l=1 rev1=0 crypto rx=0 tx=0 comp rx=0 tx=0)._handle_peer_banner_payload supported=3 required=0
2024-09-13T02:41:54.378 INFO:teuthology.orchestra.run.smithi100.stdout:/usr/bin/ceph: stderr
2024-09-13T02:41:53.781+0000 7faac0b6e640 1 --2- 172.21.15.100:0/143411859 >> [v2:172.21.15.100:6800/808939656,v1:172.21.15.100:6801/808939656] conn(0x7faaa803cea0 0x7faaa803f280 secure :-1 s=READY pgs=1 cs=0 l=1 rev1=1 crypto rx=0x7faaac003940 tx=0x7faaac009350 comp rx=0 tx=0).ready entity=mgr.14118 client_cookie=0 server_cookie=0 in_seq=0 out_seq=0
2024-09-13T02:41:54.379 INFO:teuthology.orchestra.run.smithi100.stdout:/usr/bin/ceph: stderr
2024-09-13T02:41:53.782+0000 7faab1ffb640 1 -- 172.21.15.100:0/143411859 <== mgr.14118 v2:172.21.15.100:6800/808939656 1 ==== command_reply(tid 0: 0 ) v1 ==== 8+0+6549 (secure 0 0 0) 0x7faaa803c050 con 0x7faaa803cea0
2024-09-13T02:41:54.379 INFO:teuthology.orchestra.run.smithi100.stdout:/usr/bin/ceph: stderr
2024-09-13T02:41:53.787+0000 7faac35d3640 1 -- 172.21.15.100:0/143411859 --> [v2:172.21.15.100:6800/808939656,v1:172.21.15.100:6801/808939656] -- command(tid 1: {"prefix": "mgr_status"}) v1 -- 0x7faabc04b720 con 0x7faaa803cea0
2024-09-13T02:41:54.379 INFO:teuthology.orchestra.run.smithi100.stdout:/usr/bin/ceph: stderr
2024-09-13T02:41:53.787+0000 7faab1ffb640 1 -- 172.21.15.100:0/143411859 <== mgr.14118 v2:172.21.15.100:6800/808939656 2 ==== command_reply(tid 1: 0 ) v1 ==== 8+0+51 (secure 0 0 0) 0x7faabc04b720 con 0x7faaa803cea0
2024-09-13T02:41:54.379 INFO:teuthology.orchestra.run.smithi100.stdout:/usr/bin/ceph: stderr
2024-09-13T02:41:53.787+0000 7faac35d3640 1 -- 172.21.15.100:0/143411859 >> [v2:172.21.15.100:6800/808939656,v1:172.21.15.100:6801/808939656] conn(0x7faaa803cea0 msgr2=0x7faaa803f280 secure :-1 s=STATE_CONNECTION_ESTABLISHED l=1).mark_down
2024-09-13T02:41:54.379 INFO:teuthology.orchestra.run.smithi100.stdout:/usr/bin/ceph: stderr
2024-09-13T02:41:53.787+0000 7faac35d3640 1 --2- 172.21.15.100:0/143411859 >> [v2:172.21.15.100:6800/808939656,v1:172.21.15.100:6801/808939656] conn(0x7faaa803cea0 0x7faaa803f280 secure :-1 s=READY pgs=1 cs=0 l=1 rev1=1 crypto rx=0x7faaac003940 tx=0x7faaac009350 comp rx=0 tx=0).stop
2024-09-13T02:41:54.379 INFO:teuthology.orchestra.run.smithi100.stdout:/usr/bin/ceph: stderr
2024-09-13T02:41:53.787+0000 7faac35d3640 1 -- 172.21.15.100:0/143411859 >> [v2:172.21.15.100:3300/0,v1:172.21.15.100:6789/0] conn(0x7faabc100e90 msgr2=0x7faabc107080 secure :-1 s=STATE_CONNECTION_ESTABLISHED l=1).mark_down
2024-09-13T02:41:54.379 INFO:teuthology.orchestra.run.smithi100.stdout:/usr/bin/ceph: stderr
2024-09-13T02:41:53.787+0000 7faac35d3640 1 --2- 172.21.15.100:0/143411859 >> [v2:172.21.15.100:3300/0,v1:172.21.15.100:6789/0] conn(0x7faabc100e90 0x7faabc107080 secure :-1 s=READY pgs=27 cs=0 l=1 rev1=1 crypto rx=0x7faab8006a70 tx=0x7faab802c040 comp rx=0 tx=0).stop
2024-09-13T02:41:54.379 INFO:teuthology.orchestra.run.smithi100.stdout:/usr/bin/ceph: stderr
2024-09-13T02:41:53.787+0000 7faac35d3640 1 -- 172.21.15.100:0/143411859 shutdown_connections
2024-09-13T02:41:54.379 INFO:teuthology.orchestra.run.smithi100.stdout:/usr/bin/ceph: stderr
2024-09-13T02:41:53.787+0000 7faac35d3640 1 --2- 172.21.15.100:0/143411859 >> [v2:172.21.15.100:6800/808939656,v1:172.21.15.100:6801/808939656] conn(0x7faaa803cea0 0x7faaa803f280 unknown :-1 s=CLOSED pgs=1 cs=0 l=1 rev1=1 crypto rx=0 tx=0 comp rx=0 tx=0).stop
2024-09-13T02:41:54.379 INFO:teuthology.orchestra.run.smithi100.stdout:/usr/bin/ceph: stderr
2024-09-13T02:41:53.787+0000 7faac35d3640 1 --2- 172.21.15.100:0/143411859 >> [v2:172.21.15.100:6800/1286357473,v1:172.21.15.100:6801/1286357473] conn(0x7faaa8039490 0x7faaa803b940 unknown :-1 s=CLOSED pgs=0 cs=0 l=1 rev1=0 crypto rx=0 tx=0 comp rx=0 tx=0).stop
2024-09-13T02:41:54.379 INFO:teuthology.orchestra.run.smithi100.stdout:/usr/bin/ceph: stderr
2024-09-13T02:41:53.787+0000 7faac35d3640 1 --2- 172.21.15.100:0/143411859 >> [v2:172.21.15.100:3300/0,v1:172.21.15.100:6789/0] conn(0x7faabc100e90 0x7faabc107080 unknown :-1 s=CLOSED pgs=27 cs=0 l=1 rev1=1 crypto rx=0 tx=0 comp rx=0 tx=0).stop
2024-09-13T02:41:54.379 INFO:teuthology.orchestra.run.smithi100.stdout:/usr/bin/ceph: stderr
2024-09-13T02:41:53.787+0000 7faac35d3640 1 -- 172.21.15.100:0/143411859 >> 172.21.15.100:0/143411859 conn(0x7faabc0fc6d0 msgr2=0x7faabc0fd660 unknown :-1 s=STATE_NONE l=0).mark_down
2024-09-13T02:41:54.379 INFO:teuthology.orchestra.run.smithi100.stdout:/usr/bin/ceph: stderr
2024-09-13T02:41:53.787+0000 7faac35d3640 1 -- 172.21.15.100:0/143411859 shutdown_connections
2024-09-13T02:41:54.380 INFO:teuthology.orchestra.run.smithi100.stdout:/usr/bin/ceph: stderr
2024-09-13T02:41:53.787+0000 7faac35d3640 1 -- 172.21.15.100:0/143411859 wait complete.
2024-09-13T02:41:54.380 INFO:teuthology.orchestra.run.smithi100.stdout:mgr epoch 5 is available
2024-09-13T02:41:54.380 INFO:teuthology.orchestra.run.smithi100.stdout:Setting orchestrator backend to cephadm...
2024-09-13T02:41:55.148 INFO:journalctl@ceph.mon.smithi100.smithi100.stdout:Sep 13 02:41:54 smithi100 ceph-mon[27894]: from='client.14122 -' entity='client.admin' cmd=[{"prefix": "get_command_descriptions"}]: dispatch
2024-09-13T02:41:55.148 INFO:journalctl@ceph.mon.smithi100.smithi100.stdout:Sep 13 02:41:54 smithi100 ceph-mon[27894]: from='client.14122 -' entity='client.admin' cmd=[{"prefix": "mgr_status"}]: dispatch
2024-09-13T02:41:55.720 INFO:teuthology.orchestra.run.smithi100.stdout:/usr/bin/ceph: stderr
2024-09-13T02:41:54.966+0000 7f1a57475640 1 Processor -- start
2024-09-13T02:41:55.720 INFO:teuthology.orchestra.run.smithi100.stdout:/usr/bin/ceph: stderr
2024-09-13T02:41:54.966+0000 7f1a57475640 1 -- start start
2024-09-13T02:41:55.720 INFO:teuthology.orchestra.run.smithi100.stdout:/usr/bin/ceph: stderr
2024-09-13T02:41:54.966+0000 7f1a57475640 1 --2- >> [v2:172.21.15.100:3300/0,v1:172.21.15.100:6789/0] conn(0x7f1a50101f80 0x7f1a50102390 unknown :-1 s=NONE pgs=0 cs=0 l=0 rev1=0 crypto rx=0 tx=0 comp rx=0 tx=0).connect
2024-09-13T02:41:55.721 INFO:teuthology.orchestra.run.smithi100.stdout:/usr/bin/ceph: stderr
2024-09-13T02:41:54.967+0000 7f1a57475640 1 -- --> [v2:172.21.15.100:3300/0,v1:172.21.15.100:6789/0] -- mon_getmap magic: 0 v1 -- 0x7f1a501028d0 con 0x7f1a50101f80
2024-09-13T02:41:55.721 INFO:teuthology.orchestra.run.smithi100.stdout:/usr/bin/ceph: stderr
2024-09-13T02:41:54.967+0000 7f1a55211640 1 --2- >> [v2:172.21.15.100:3300/0,v1:172.21.15.100:6789/0] conn(0x7f1a50101f80 0x7f1a50102390 unknown :-1 s=BANNER_CONNECTING pgs=0 cs=0 l=0 rev1=0 crypto rx=0 tx=0 comp rx=0 tx=0)._handle_peer_banner_payload supported=3 required=0
2024-09-13T02:41:55.721 INFO:teuthology.orchestra.run.smithi100.stdout:/usr/bin/ceph: stderr
2024-09-13T02:41:54.967+0000 7f1a55211640 1 --2- >> [v2:172.21.15.100:3300/0,v1:172.21.15.100:6789/0] conn(0x7f1a50101f80 0x7f1a50102390 unknown :-1 s=HELLO_CONNECTING pgs=0 cs=0 l=0 rev1=1 crypto rx=0 tx=0 comp rx=0 tx=0).handle_hello peer v2:172.21.15.100:3300/0 says I am v2:172.21.15.100:39612/0 (socket says 172.21.15.100:39612)
2024-09-13T02:41:55.721 INFO:teuthology.orchestra.run.smithi100.stdout:/usr/bin/ceph: stderr
2024-09-13T02:41:54.967+0000 7f1a55211640 1 -- 172.21.15.100:0/4248358426 learned_addr learned my addr 172.21.15.100:0/4248358426 (peer_addr_for_me v2:172.21.15.100:0/0)
2024-09-13T02:41:55.721 INFO:teuthology.orchestra.run.smithi100.stdout:/usr/bin/ceph: stderr
2024-09-13T02:41:54.967+0000 7f1a55211640 1 -- 172.21.15.100:0/4248358426 --> [v2:172.21.15.100:3300/0,v1:172.21.15.100:6789/0] -- mon_subscribe({config=0+,monmap=0+}) v3 -- 0x7f1a50102a10 con 0x7f1a50101f80
2024-09-13T02:41:55.721 INFO:teuthology.orchestra.run.smithi100.stdout:/usr/bin/ceph: stderr
2024-09-13T02:41:54.968+0000 7f1a55211640 1 --2- 172.21.15.100:0/4248358426 >> [v2:172.21.15.100:3300/0,v1:172.21.15.100:6789/0] conn(0x7f1a50101f80 0x7f1a50102390 secure :-1 s=READY pgs=35 cs=0 l=1 rev1=1 crypto rx=0x7f1a4c009840 tx=0x7f1a4c0091d0 comp rx=0 tx=0).ready entity=mon.0 client_cookie=3435acce0ef21666 server_cookie=0 in_seq=0 out_seq=0
2024-09-13T02:41:55.721 INFO:teuthology.orchestra.run.smithi100.stdout:/usr/bin/ceph: stderr
2024-09-13T02:41:54.968+0000 7f1a47fff640 1 -- 172.21.15.100:0/4248358426 <== mon.0 v2:172.21.15.100:3300/0 1 ==== mon_map magic: 0 v1 ==== 229+0+0 (secure 0 0 0) 0x7f1a4c032440 con 0x7f1a50101f80
2024-09-13T02:41:55.721 INFO:teuthology.orchestra.run.smithi100.stdout:/usr/bin/ceph: stderr
2024-09-13T02:41:54.968+0000 7f1a47fff640 1 -- 172.21.15.100:0/4248358426 <== mon.0 v2:172.21.15.100:3300/0 2 ==== config(26 keys) v1 ==== 1005+0+0 (secure 0 0 0) 0x7f1a4c032a00 con 0x7f1a50101f80
2024-09-13T02:41:55.721 INFO:teuthology.orchestra.run.smithi100.stdout:/usr/bin/ceph: stderr
2024-09-13T02:41:54.968+0000 7f1a47fff640 1 -- 172.21.15.100:0/4248358426 <== mon.0 v2:172.21.15.100:3300/0 3 ==== mon_map magic: 0 v1 ==== 229+0+0 (secure 0 0 0) 0x7f1a4c0319e0 con 0x7f1a50101f80
2024-09-13T02:41:55.721 INFO:teuthology.orchestra.run.smithi100.stdout:/usr/bin/ceph: stderr
2024-09-13T02:41:54.968+0000 7f1a57475640 1 -- 172.21.15.100:0/4248358426 >> [v2:172.21.15.100:3300/0,v1:172.21.15.100:6789/0] conn(0x7f1a50101f80 msgr2=0x7f1a50102390 secure :-1 s=STATE_CONNECTION_ESTABLISHED l=1).mark_down
2024-09-13T02:41:55.721 INFO:teuthology.orchestra.run.smithi100.stdout:/usr/bin/ceph: stderr
2024-09-13T02:41:54.968+0000 7f1a57475640 1 --2- 172.21.15.100:0/4248358426 >> [v2:172.21.15.100:3300/0,v1:172.21.15.100:6789/0] conn(0x7f1a50101f80 0x7f1a50102390 secure :-1 s=READY pgs=35 cs=0 l=1 rev1=1 crypto rx=0x7f1a4c009840 tx=0x7f1a4c0091d0 comp rx=0 tx=0).stop
2024-09-13T02:41:55.721 INFO:teuthology.orchestra.run.smithi100.stdout:/usr/bin/ceph: stderr
2024-09-13T02:41:54.968+0000 7f1a57475640 1 -- 172.21.15.100:0/4248358426 shutdown_connections
2024-09-13T02:41:55.721 INFO:teuthology.orchestra.run.smithi100.stdout:/usr/bin/ceph: stderr
2024-09-13T02:41:54.968+0000 7f1a57475640 1 --2- 172.21.15.100:0/4248358426 >> [v2:172.21.15.100:3300/0,v1:172.21.15.100:6789/0] conn(0x7f1a50101f80 0x7f1a50102390 unknown :-1 s=CLOSED pgs=35 cs=0 l=1 rev1=1 crypto rx=0 tx=0 comp rx=0 tx=0).stop
2024-09-13T02:41:55.721 INFO:teuthology.orchestra.run.smithi100.stdout:/usr/bin/ceph: stderr
2024-09-13T02:41:54.968+0000 7f1a57475640 1 -- 172.21.15.100:0/4248358426 >> 172.21.15.100:0/4248358426 conn(0x7f1a500fd7a0 msgr2=0x7f1a500ffbb0 unknown :-1 s=STATE_NONE l=0).mark_down
2024-09-13T02:41:55.722 INFO:teuthology.orchestra.run.smithi100.stdout:/usr/bin/ceph: stderr
2024-09-13T02:41:54.968+0000 7f1a57475640 1 -- 172.21.15.100:0/4248358426 shutdown_connections
2024-09-13T02:41:55.722 INFO:teuthology.orchestra.run.smithi100.stdout:/usr/bin/ceph: stderr
2024-09-13T02:41:54.969+0000 7f1a57475640 1 -- 172.21.15.100:0/4248358426 wait complete.
2024-09-13T02:41:55.722 INFO:teuthology.orchestra.run.smithi100.stdout:/usr/bin/ceph: stderr
2024-09-13T02:41:54.969+0000 7f1a57475640 1 Processor -- start
2024-09-13T02:41:55.722 INFO:teuthology.orchestra.run.smithi100.stdout:/usr/bin/ceph: stderr
2024-09-13T02:41:54.969+0000 7f1a57475640 1 -- start start
2024-09-13T02:41:55.722 INFO:teuthology.orchestra.run.smithi100.stdout:/usr/bin/ceph: stderr
2024-09-13T02:41:54.969+0000 7f1a57475640 1 --2- >> [v2:172.21.15.100:3300/0,v1:172.21.15.100:6789/0] conn(0x7f1a50101f80 0x7f1a50110e30 unknown :-1 s=NONE pgs=0 cs=0 l=1 rev1=0 crypto rx=0 tx=0 comp rx=0 tx=0).connect
2024-09-13T02:41:55.722 INFO:teuthology.orchestra.run.smithi100.stdout:/usr/bin/ceph: stderr
2024-09-13T02:41:54.969+0000 7f1a57475640 1 -- --> [v2:172.21.15.100:3300/0,v1:172.21.15.100:6789/0] -- mon_getmap magic: 0 v1 -- 0x7f1a50111370 con 0x7f1a50101f80
2024-09-13T02:41:55.722 INFO:teuthology.orchestra.run.smithi100.stdout:/usr/bin/ceph: stderr
2024-09-13T02:41:54.969+0000 7f1a55211640 1 --2- >> [v2:172.21.15.100:3300/0,v1:172.21.15.100:6789/0] conn(0x7f1a50101f80 0x7f1a50110e30 unknown :-1 s=BANNER_CONNECTING pgs=0 cs=0 l=1 rev1=0 crypto rx=0 tx=0 comp rx=0 tx=0)._handle_peer_banner_payload supported=3 required=0
2024-09-13T02:41:55.722 INFO:teuthology.orchestra.run.smithi100.stdout:/usr/bin/ceph: stderr
2024-09-13T02:41:54.969+0000 7f1a55211640 1 --2- >> [v2:172.21.15.100:3300/0,v1:172.21.15.100:6789/0] conn(0x7f1a50101f80 0x7f1a50110e30 unknown :-1 s=HELLO_CONNECTING pgs=0 cs=0 l=1 rev1=1 crypto rx=0 tx=0 comp rx=0 tx=0).handle_hello peer v2:172.21.15.100:3300/0 says I am v2:172.21.15.100:39616/0 (socket says 172.21.15.100:39616)
2024-09-13T02:41:55.722 INFO:teuthology.orchestra.run.smithi100.stdout:/usr/bin/ceph: stderr
2024-09-13T02:41:54.969+0000 7f1a55211640 1 -- 172.21.15.100:0/548237414 learned_addr learned my addr 172.21.15.100:0/548237414 (peer_addr_for_me v2:172.21.15.100:0/0)
2024-09-13T02:41:55.722 INFO:teuthology.orchestra.run.smithi100.stdout:/usr/bin/ceph: stderr
2024-09-13T02:41:54.969+0000 7f1a55211640 1 -- 172.21.15.100:0/548237414 --> [v2:172.21.15.100:3300/0,v1:172.21.15.100:6789/0] -- mon_subscribe({config=0+,monmap=0+}) v3 -- 0x7f1a4c009450 con 0x7f1a50101f80
2024-09-13T02:41:55.722 INFO:teuthology.orchestra.run.smithi100.stdout:/usr/bin/ceph: stderr
2024-09-13T02:41:54.970+0000 7f1a55211640 1 --2- 172.21.15.100:0/548237414 >> [v2:172.21.15.100:3300/0,v1:172.21.15.100:6789/0] conn(0x7f1a50101f80 0x7f1a50110e30 secure :-1 s=READY pgs=36 cs=0 l=1 rev1=1 crypto rx=0x7f1a4c000c00 tx=0x7f1a4c008040 comp rx=0 tx=0).ready entity=mon.0 client_cookie=0 server_cookie=0 in_seq=0 out_seq=0
2024-09-13T02:41:55.722 INFO:teuthology.orchestra.run.smithi100.stdout:/usr/bin/ceph: stderr
2024-09-13T02:41:54.970+0000 7f1a45ffb640 1 -- 172.21.15.100:0/548237414 <== mon.0 v2:172.21.15.100:3300/0 1 ==== mon_map magic: 0 v1 ==== 229+0+0 (secure 0 0 0) 0x7f1a4c03d450 con 0x7f1a50101f80
2024-09-13T02:41:55.722 INFO:teuthology.orchestra.run.smithi100.stdout:/usr/bin/ceph: stderr
2024-09-13T02:41:54.970+0000 7f1a45ffb640 1 -- 172.21.15.100:0/548237414 <== mon.0 v2:172.21.15.100:3300/0 2 ==== config(26 keys) v1 ==== 1005+0+0 (secure 0 0 0) 0x7f1a4c03da10 con 0x7f1a50101f80
2024-09-13T02:41:55.722 INFO:teuthology.orchestra.run.smithi100.stdout:/usr/bin/ceph: stderr
2024-09-13T02:41:54.970+0000 7f1a57475640 1 -- 172.21.15.100:0/548237414 --> [v2:172.21.15.100:3300/0,v1:172.21.15.100:6789/0] -- mon_subscribe({mgrmap=0+}) v3 -- 0x7f1a50111570 con 0x7f1a50101f80
2024-09-13T02:41:55.723 INFO:teuthology.orchestra.run.smithi100.stdout:/usr/bin/ceph: stderr
2024-09-13T02:41:54.970+0000 7f1a45ffb640 1 -- 172.21.15.100:0/548237414 <== mon.0 v2:172.21.15.100:3300/0 3 ==== mon_map magic: 0 v1 ==== 229+0+0 (secure 0 0 0) 0x7f1a4c03b840 con 0x7f1a50101f80
2024-09-13T02:41:55.723 INFO:teuthology.orchestra.run.smithi100.stdout:/usr/bin/ceph: stderr
2024-09-13T02:41:54.970+0000 7f1a57475640 1 -- 172.21.15.100:0/548237414 --> [v2:172.21.15.100:3300/0,v1:172.21.15.100:6789/0] -- mon_subscribe({osdmap=0}) v3 -- 0x7f1a50112050 con 0x7f1a50101f80
2024-09-13T02:41:55.723 INFO:teuthology.orchestra.run.smithi100.stdout:/usr/bin/ceph: stderr
2024-09-13T02:41:54.971+0000 7f1a45ffb640 1 -- 172.21.15.100:0/548237414 <== mon.0 v2:172.21.15.100:3300/0 4 ==== mgrmap(e 8) v1 ==== 45507+0+0 (secure 0 0 0) 0x7f1a4c039070 con 0x7f1a50101f80
2024-09-13T02:41:55.723 INFO:teuthology.orchestra.run.smithi100.stdout:/usr/bin/ceph: stderr
2024-09-13T02:41:54.971+0000 7f1a57475640 1 -- 172.21.15.100:0/548237414 --> [v2:172.21.15.100:3300/0,v1:172.21.15.100:6789/0] -- mon_command({"prefix": "get_command_descriptions"} v 0) v1 -- 0x7f1a501013e0 con 0x7f1a50101f80
2024-09-13T02:41:55.723 INFO:teuthology.orchestra.run.smithi100.stdout:/usr/bin/ceph: stderr
2024-09-13T02:41:54.971+0000 7f1a45ffb640 1 --2- 172.21.15.100:0/548237414 >> [v2:172.21.15.100:6800/808939656,v1:172.21.15.100:6801/808939656] conn(0x7f1a3c0394e0 0x7f1a3c03b990 unknown :-1 s=NONE pgs=0 cs=0 l=1 rev1=0 crypto rx=0 tx=0 comp rx=0 tx=0).connect
2024-09-13T02:41:55.723 INFO:teuthology.orchestra.run.smithi100.stdout:/usr/bin/ceph: stderr
2024-09-13T02:41:54.971+0000 7f1a45ffb640 1 -- 172.21.15.100:0/548237414 <== mon.0 v2:172.21.15.100:3300/0 5 ==== osd_map(2..2 src has 1..2) v4 ==== 936+0+0 (secure 0 0 0) 0x7f1a4c06d2a0 con 0x7f1a50101f80
2024-09-13T02:41:55.723 INFO:teuthology.orchestra.run.smithi100.stdout:/usr/bin/ceph: stderr
2024-09-13T02:41:54.971+0000 7f1a54a10640 1 --2- 172.21.15.100:0/548237414 >> [v2:172.21.15.100:6800/808939656,v1:172.21.15.100:6801/808939656] conn(0x7f1a3c0394e0 0x7f1a3c03b990 unknown :-1 s=BANNER_CONNECTING pgs=0 cs=0 l=1 rev1=0 crypto rx=0 tx=0 comp rx=0 tx=0)._handle_peer_banner_payload supported=3 required=0
2024-09-13T02:41:55.723 INFO:teuthology.orchestra.run.smithi100.stdout:/usr/bin/ceph: stderr
2024-09-13T02:41:54.972+0000 7f1a54a10640 1 --2- 172.21.15.100:0/548237414 >> [v2:172.21.15.100:6800/808939656,v1:172.21.15.100:6801/808939656] conn(0x7f1a3c0394e0 0x7f1a3c03b990 secure :-1 s=READY pgs=7 cs=0 l=1 rev1=1 crypto rx=0x7f1a40006fd0 tx=0x7f1a40006db0 comp rx=0 tx=0).ready entity=mgr.14118 client_cookie=0 server_cookie=0 in_seq=0 out_seq=0
2024-09-13T02:41:55.723 INFO:teuthology.orchestra.run.smithi100.stdout:/usr/bin/ceph: stderr
2024-09-13T02:41:54.976+0000 7f1a45ffb640 1 -- 172.21.15.100:0/548237414 <== mon.0 v2:172.21.15.100:3300/0 6 ==== mon_command_ack([{"prefix": "get_command_descriptions"}]=0 v0) v1 ==== 72+0+176781 (secure 0 0 0) 0x7f1a4c03cb60 con 0x7f1a50101f80
2024-09-13T02:41:55.723 INFO:teuthology.orchestra.run.smithi100.stdout:/usr/bin/ceph: stderr
2024-09-13T02:41:55.147+0000 7f1a57475640 1 -- 172.21.15.100:0/548237414 --> [v2:172.21.15.100:6800/808939656,v1:172.21.15.100:6801/808939656] -- mgr_command(tid 0: {"prefix": "orch set backend", "module_name": "cephadm", "target": ["mon-mgr", ""]}) v1 -- 0x7f1a500fec00 con 0x7f1a3c0394e0
2024-09-13T02:41:55.723 INFO:teuthology.orchestra.run.smithi100.stdout:/usr/bin/ceph: stderr
2024-09-13T02:41:55.155+0000 7f1a45ffb640 1 -- 172.21.15.100:0/548237414 <== mgr.14118 v2:172.21.15.100:6800/808939656 1 ==== mgr_command_reply(tid 0: 0 ) v1 ==== 8+0+0 (secure 0 0 0) 0x7f1a500fec00 con 0x7f1a3c0394e0
2024-09-13T02:41:55.723 INFO:teuthology.orchestra.run.smithi100.stdout:/usr/bin/ceph: stderr
2024-09-13T02:41:55.157+0000 7f1a57475640 1 -- 172.21.15.100:0/548237414 >> [v2:172.21.15.100:6800/808939656,v1:172.21.15.100:6801/808939656] conn(0x7f1a3c0394e0 msgr2=0x7f1a3c03b990 secure :-1 s=STATE_CONNECTION_ESTABLISHED l=1).mark_down
2024-09-13T02:41:55.724 INFO:teuthology.orchestra.run.smithi100.stdout:/usr/bin/ceph: stderr
2024-09-13T02:41:55.157+0000 7f1a57475640 1 --2- 172.21.15.100:0/548237414 >> [v2:172.21.15.100:6800/808939656,v1:172.21.15.100:6801/808939656] conn(0x7f1a3c0394e0 0x7f1a3c03b990 secure :-1 s=READY pgs=7 cs=0 l=1 rev1=1 crypto rx=0x7f1a40006fd0 tx=0x7f1a40006db0 comp rx=0 tx=0).stop
2024-09-13T02:41:55.724 INFO:teuthology.orchestra.run.smithi100.stdout:/usr/bin/ceph: stderr
2024-09-13T02:41:55.157+0000 7f1a57475640 1 -- 172.21.15.100:0/548237414 >> [v2:172.21.15.100:3300/0,v1:172.21.15.100:6789/0] conn(0x7f1a50101f80 msgr2=0x7f1a50110e30 secure :-1 s=STATE_CONNECTION_ESTABLISHED l=1).mark_down
2024-09-13T02:41:55.724 INFO:teuthology.orchestra.run.smithi100.stdout:/usr/bin/ceph: stderr
2024-09-13T02:41:55.157+0000 7f1a57475640 1 --2- 172.21.15.100:0/548237414 >> [v2:172.21.15.100:3300/0,v1:172.21.15.100:6789/0] conn(0x7f1a50101f80 0x7f1a50110e30 secure :-1 s=READY pgs=36 cs=0 l=1 rev1=1 crypto rx=0x7f1a4c000c00 tx=0x7f1a4c008040 comp rx=0 tx=0).stop
2024-09-13T02:41:55.724 INFO:teuthology.orchestra.run.smithi100.stdout:/usr/bin/ceph: stderr
2024-09-13T02:41:55.157+0000 7f1a57475640 1 -- 172.21.15.100:0/548237414 shutdown_connections
2024-09-13T02:41:55.724 INFO:teuthology.orchestra.run.smithi100.stdout:/usr/bin/ceph: stderr
2024-09-13T02:41:55.157+0000 7f1a57475640 1 --2- 172.21.15.100:0/548237414 >> [v2:172.21.15.100:6800/808939656,v1:172.21.15.100:6801/808939656] conn(0x7f1a3c0394e0 0x7f1a3c03b990 unknown :-1 s=CLOSED pgs=7 cs=0 l=1 rev1=1 crypto rx=0 tx=0 comp rx=0 tx=0).stop
2024-09-13T02:41:55.724 INFO:teuthology.orchestra.run.smithi100.stdout:/usr/bin/ceph: stderr
2024-09-13T02:41:55.157+0000 7f1a57475640 1 --2- 172.21.15.100:0/548237414 >> [v2:172.21.15.100:3300/0,v1:172.21.15.100:6789/0] conn(0x7f1a50101f80 0x7f1a50110e30 unknown :-1 s=CLOSED pgs=36 cs=0 l=1 rev1=1 crypto rx=0 tx=0 comp rx=0 tx=0).stop
2024-09-13T02:41:55.724 INFO:teuthology.orchestra.run.smithi100.stdout:/usr/bin/ceph: stderr
2024-09-13T02:41:55.157+0000 7f1a57475640 1 -- 172.21.15.100:0/548237414 >> 172.21.15.100:0/548237414 conn(0x7f1a500fd7a0 msgr2=0x7f1a500fe410 unknown :-1 s=STATE_NONE l=0).mark_down
2024-09-13T02:41:55.724 INFO:teuthology.orchestra.run.smithi100.stdout:/usr/bin/ceph: stderr
2024-09-13T02:41:55.157+0000 7f1a57475640 1 -- 172.21.15.100:0/548237414 shutdown_connections
2024-09-13T02:41:55.724 INFO:teuthology.orchestra.run.smithi100.stdout:/usr/bin/ceph: stderr
2024-09-13T02:41:55.157+0000 7f1a57475640 1 -- 172.21.15.100:0/548237414 wait complete.
2024-09-13T02:41:56.032 INFO:journalctl@ceph.mon.smithi100.smithi100.stdout:Sep 13 02:41:55 smithi100 ceph-mon[27894]: mgrmap e8: smithi100.lhjyck(active, since 2s)
2024-09-13T02:41:56.032 INFO:journalctl@ceph.mon.smithi100.smithi100.stdout:Sep 13 02:41:55 smithi100 ceph-mon[27894]: from='client.14130 -' entity='client.admin' cmd=[{"prefix": "orch set backend", "module_name": "cephadm", "target": ["mon-mgr", ""]}]: dispatch
