2024-09-13T02:41:46.687 INFO:teuthology.orchestra.run.smithi100.stdout:/usr/bin/ceph: stderr
2024-09-13T02:41:45.841+0000 7fa51e402640 1 -- 172.21.15.100:0/413654528 --> [v2:172.21.15.100:3300/0,v1:172.21.15.100:6789/0] -- mon_subscribe({osdmap=0}) v3 -- 0x7fa518111ff0 con 0x7fa518076af0
2024-09-13T02:41:46.687 INFO:teuthology.orchestra.run.smithi100.stdout:/usr/bin/ceph: stderr
2024-09-13T02:41:45.842+0000 7fa514ff9640 1 -- 172.21.15.100:0/413654528 <== mon.0 v2:172.21.15.100:3300/0 4 ==== mgrmap(e 4) v1 ==== 45496+0+0 (secure 0 0 0) 0x7fa508039070 con 0x7fa518076af0
2024-09-13T02:41:46.687 INFO:teuthology.orchestra.run.smithi100.stdout:/usr/bin/ceph: stderr
2024-09-13T02:41:45.842+0000 7fa514ff9640 1 --2- 172.21.15.100:0/413654528 >> [v2:172.21.15.100:6800/1286357473,v1:172.21.15.100:6801/1286357473] conn(0x7fa500039450 0x7fa50003b900 unknown :-1 s=NONE pgs=0 cs=0 l=1 rev1=0 crypto rx=0 tx=0 comp rx=0 tx=0).connect
2024-09-13T02:41:46.687 INFO:teuthology.orchestra.run.smithi100.stdout:/usr/bin/ceph: stderr
2024-09-13T02:41:45.842+0000 7fa514ff9640 1 -- 172.21.15.100:0/413654528 <== mon.0 v2:172.21.15.100:3300/0 5 ==== osd_map(1..1 src has 1..1) v4 ==== 721+0+0 (secure 0 0 0) 0x7fa50806cd00 con 0x7fa518076af0
2024-09-13T02:41:46.687 INFO:teuthology.orchestra.run.smithi100.stdout:/usr/bin/ceph: stderr
2024-09-13T02:41:45.842+0000 7fa5177fe640 1 --2- 172.21.15.100:0/413654528 >> [v2:172.21.15.100:6800/1286357473,v1:172.21.15.100:6801/1286357473] conn(0x7fa500039450 0x7fa50003b900 unknown :-1 s=BANNER_CONNECTING pgs=0 cs=0 l=1 rev1=0 crypto rx=0 tx=0 comp rx=0 tx=0)._handle_peer_banner_payload supported=3 required=0
2024-09-13T02:41:46.687 INFO:teuthology.orchestra.run.smithi100.stdout:/usr/bin/ceph: stderr
2024-09-13T02:41:45.842+0000 7fa51e402640 1 -- 172.21.15.100:0/413654528 --> [v2:172.21.15.100:3300/0,v1:172.21.15.100:6789/0] -- mon_command({"prefix": "get_command_descriptions"} v 0) v1 -- 0x7fa5181003f0 con 0x7fa518076af0
2024-09-13T02:41:46.687 INFO:teuthology.orchestra.run.smithi100.stdout:/usr/bin/ceph: stderr
2024-09-13T02:41:45.842+0000 7fa5177fe640 1 --2- 172.21.15.100:0/413654528 >> [v2:172.21.15.100:6800/1286357473,v1:172.21.15.100:6801/1286357473] conn(0x7fa500039450 0x7fa50003b900 secure :-1 s=READY pgs=6 cs=0 l=1 rev1=1 crypto rx=0x7fa50c006fd0 tx=0x7fa50c006db0 comp rx=0 tx=0).ready entity=mgr.14100 client_cookie=0 server_cookie=0 in_seq=0 out_seq=0
2024-09-13T02:41:46.687 INFO:teuthology.orchestra.run.smithi100.stdout:/usr/bin/ceph: stderr
2024-09-13T02:41:45.847+0000 7fa514ff9640 1 -- 172.21.15.100:0/413654528 <== mon.0 v2:172.21.15.100:3300/0 6 ==== mon_command_ack([{"prefix": "get_command_descriptions"}]=0 v0) v1 ==== 72+0+176781 (secure 0 0 0) 0x7fa508041070 con 0x7fa518076af0
2024-09-13T02:41:46.687 INFO:teuthology.orchestra.run.smithi100.stdout:/usr/bin/ceph: stderr
2024-09-13T02:41:46.061+0000 7fa51e402640 1 -- 172.21.15.100:0/413654528 --> [v2:172.21.15.100:3300/0,v1:172.21.15.100:6789/0] -- mon_command({"prefix": "status", "format": "json-pretty"} v 0) v1 -- 0x7fa518112390 con 0x7fa518076af0
2024-09-13T02:41:46.687 INFO:teuthology.orchestra.run.smithi100.stdout:/usr/bin/ceph: stderr
2024-09-13T02:41:46.061+0000 7fa514ff9640 1 -- 172.21.15.100:0/413654528 <== mon.0 v2:172.21.15.100:3300/0 7 ==== mon_command_ack([{"prefix": "status", "format": "json-pretty"}]=0 v0) v1 ==== 79+0+1247 (secure 0 0 0) 0x7fa508037030 con 0x7fa518076af0
2024-09-13T02:41:46.688 INFO:teuthology.orchestra.run.smithi100.stdout:/usr/bin/ceph: stderr
2024-09-13T02:41:46.063+0000 7fa51e402640 1 -- 172.21.15.100:0/413654528 >> [v2:172.21.15.100:6800/1286357473,v1:172.21.15.100:6801/1286357473] conn(0x7fa500039450 msgr2=0x7fa50003b900 secure :-1 s=STATE_CONNECTION_ESTABLISHED l=1).mark_down
2024-09-13T02:41:46.688 INFO:teuthology.orchestra.run.smithi100.stdout:/usr/bin/ceph: stderr
2024-09-13T02:41:46.063+0000 7fa51e402640 1 --2- 172.21.15.100:0/413654528 >> [v2:172.21.15.100:6800/1286357473,v1:172.21.15.100:6801/1286357473] conn(0x7fa500039450 0x7fa50003b900 secure :-1 s=READY pgs=6 cs=0 l=1 rev1=1 crypto rx=0x7fa50c006fd0 tx=0x7fa50c006db0 comp rx=0 tx=0).stop
2024-09-13T02:41:46.688 INFO:teuthology.orchestra.run.smithi100.stdout:/usr/bin/ceph: stderr
2024-09-13T02:41:46.063+0000 7fa51e402640 1 -- 172.21.15.100:0/413654528 >> [v2:172.21.15.100:3300/0,v1:172.21.15.100:6789/0] conn(0x7fa518076af0 msgr2=0x7fa518110d20 secure :-1 s=STATE_CONNECTION_ESTABLISHED l=1).mark_down
2024-09-13T02:41:46.688 INFO:teuthology.orchestra.run.smithi100.stdout:/usr/bin/ceph: stderr
2024-09-13T02:41:46.063+0000 7fa51e402640 1 --2- 172.21.15.100:0/413654528 >> [v2:172.21.15.100:3300/0,v1:172.21.15.100:6789/0] conn(0x7fa518076af0 0x7fa518110d20 secure :-1 s=READY pgs=17 cs=0 l=1 rev1=1 crypto rx=0x7fa5080329d0 tx=0x7fa50802c040 comp rx=0 tx=0).stop
2024-09-13T02:41:46.688 INFO:teuthology.orchestra.run.smithi100.stdout:/usr/bin/ceph: stderr
2024-09-13T02:41:46.063+0000 7fa51e402640 1 -- 172.21.15.100:0/413654528 shutdown_connections
2024-09-13T02:41:46.688 INFO:teuthology.orchestra.run.smithi100.stdout:/usr/bin/ceph: stderr
2024-09-13T02:41:46.063+0000 7fa51e402640 1 --2- 172.21.15.100:0/413654528 >> [v2:172.21.15.100:6800/1286357473,v1:172.21.15.100:6801/1286357473] conn(0x7fa500039450 0x7fa50003b900 unknown :-1 s=CLOSED pgs=6 cs=0 l=1 rev1=1 crypto rx=0 tx=0 comp rx=0 tx=0).stop
2024-09-13T02:41:46.688 INFO:teuthology.orchestra.run.smithi100.stdout:/usr/bin/ceph: stderr
2024-09-13T02:41:46.063+0000 7fa51e402640 1 --2- 172.21.15.100:0/413654528 >> [v2:172.21.15.100:3300/0,v1:172.21.15.100:6789/0] conn(0x7fa518076af0 0x7fa518110d20 unknown :-1 s=CLOSED pgs=17 cs=0 l=1 rev1=1 crypto rx=0 tx=0 comp rx=0 tx=0).stop
2024-09-13T02:41:46.688 INFO:teuthology.orchestra.run.smithi100.stdout:/usr/bin/ceph: stderr
2024-09-13T02:41:46.063+0000 7fa51e402640 1 -- 172.21.15.100:0/413654528 >> 172.21.15.100:0/413654528 conn(0x7fa5180fc790 msgr2=0x7fa5180fd370 unknown :-1 s=STATE_NONE l=0).mark_down
2024-09-13T02:41:46.688 INFO:teuthology.orchestra.run.smithi100.stdout:/usr/bin/ceph: stderr
2024-09-13T02:41:46.063+0000 7fa51e402640 1 -- 172.21.15.100:0/413654528 shutdown_connections
2024-09-13T02:41:46.688 INFO:teuthology.orchestra.run.smithi100.stdout:/usr/bin/ceph: stderr
2024-09-13T02:41:46.063+0000 7fa51e402640 1 -- 172.21.15.100:0/413654528 wait complete.
2024-09-13T02:41:46.688 INFO:teuthology.orchestra.run.smithi100.stdout:mgr is available
2024-09-13T02:41:47.676 INFO:journalctl@ceph.mon.smithi100.smithi100.stdout:Sep 13 02:41:47 smithi100 ceph-mon[27894]: from='client.? 172.21.15.100:0/390643461' entity='client.admin' cmd=[{"prefix": "config assimilate-conf"}]: dispatch
2024-09-13T02:41:47.815 INFO:teuthology.orchestra.run.smithi100.stdout:/usr/bin/ceph: stdout
2024-09-13T02:41:47.815 INFO:teuthology.orchestra.run.smithi100.stdout:/usr/bin/ceph: stdout [global]
2024-09-13T02:41:47.815 INFO:teuthology.orchestra.run.smithi100.stdout:/usr/bin/ceph: stdout fsid = 84e01cde-7179-11ef-bceb-c7b262605968
2024-09-13T02:41:47.815 INFO:teuthology.orchestra.run.smithi100.stdout:/usr/bin/ceph: stdout mon_cluster_log_file_level = debug
2024-09-13T02:41:47.815 INFO:teuthology.orchestra.run.smithi100.stdout:/usr/bin/ceph: stdout mon_osd_allow_pg_remap = true
2024-09-13T02:41:47.815 INFO:teuthology.orchestra.run.smithi100.stdout:/usr/bin/ceph: stdout mon_osd_allow_primary_affinity = true
2024-09-13T02:41:47.815 INFO:teuthology.orchestra.run.smithi100.stdout:/usr/bin/ceph: stdout mon_warn_on_no_sortbitwise = false
2024-09-13T02:41:47.815 INFO:teuthology.orchestra.run.smithi100.stdout:/usr/bin/ceph: stdout osd_crush_chooseleaf_type = 0
2024-09-13T02:41:47.815 INFO:teuthology.orchestra.run.smithi100.stdout:/usr/bin/ceph: stdout
2024-09-13T02:41:47.816 INFO:teuthology.orchestra.run.smithi100.stdout:/usr/bin/ceph: stdout [mgr]
2024-09-13T02:41:47.816 INFO:teuthology.orchestra.run.smithi100.stdout:/usr/bin/ceph: stdout mgr/telemetry/nag = false
2024-09-13T02:41:47.816 INFO:teuthology.orchestra.run.smithi100.stdout:/usr/bin/ceph: stdout
2024-09-13T02:41:47.816 INFO:teuthology.orchestra.run.smithi100.stdout:/usr/bin/ceph: stdout [osd]
2024-09-13T02:41:47.816 INFO:teuthology.orchestra.run.smithi100.stdout:/usr/bin/ceph: stdout mon_osd_backfillfull_ratio = 0.85
2024-09-13T02:41:47.816 INFO:teuthology.orchestra.run.smithi100.stdout:/usr/bin/ceph: stdout mon_osd_full_ratio = 0.9
2024-09-13T02:41:47.816 INFO:teuthology.orchestra.run.smithi100.stdout:/usr/bin/ceph: stdout mon_osd_nearfull_ratio = 0.8
2024-09-13T02:41:47.816 INFO:teuthology.orchestra.run.smithi100.stdout:/usr/bin/ceph: stdout osd_map_max_advance = 10
2024-09-13T02:41:47.816 INFO:teuthology.orchestra.run.smithi100.stdout:/usr/bin/ceph: stdout osd_sloppy_crc = true
2024-09-13T02:41:47.816 INFO:teuthology.orchestra.run.smithi100.stdout:/usr/bin/ceph: stderr
2024-09-13T02:41:47.041+0000 7f8522397640 1 Processor -- start
2024-09-13T02:41:47.816 INFO:teuthology.orchestra.run.smithi100.stdout:/usr/bin/ceph: stderr
2024-09-13T02:41:47.041+0000 7f8522397640 1 -- start start
2024-09-13T02:41:47.816 INFO:teuthology.orchestra.run.smithi100.stdout:/usr/bin/ceph: stderr
2024-09-13T02:41:47.042+0000 7f8522397640 1 --2- >> [v2:172.21.15.100:3300/0,v1:172.21.15.100:6789/0] conn(0x7f851c078b20 0x7f851c077230 unknown :-1 s=NONE pgs=0 cs=0 l=0 rev1=0 crypto rx=0 tx=0 comp rx=0 tx=0).connect
2024-09-13T02:41:47.817 INFO:teuthology.orchestra.run.smithi100.stdout:/usr/bin/ceph: stderr
2024-09-13T02:41:47.042+0000 7f8522397640 1 -- --> [v2:172.21.15.100:3300/0,v1:172.21.15.100:6789/0] -- mon_getmap magic: 0 v1 -- 0x7f851c078fc0 con 0x7f851c078b20
2024-09-13T02:41:47.817 INFO:teuthology.orchestra.run.smithi100.stdout:/usr/bin/ceph: stderr
2024-09-13T02:41:47.042+0000 7f851bfff640 1 --2- >> [v2:172.21.15.100:3300/0,v1:172.21.15.100:6789/0] conn(0x7f851c078b20 0x7f851c077230 unknown :-1 s=BANNER_CONNECTING pgs=0 cs=0 l=0 rev1=0 crypto rx=0 tx=0 comp rx=0 tx=0)._handle_peer_banner_payload supported=3 required=0
2024-09-13T02:41:47.817 INFO:teuthology.orchestra.run.smithi100.stdout:/usr/bin/ceph: stderr
2024-09-13T02:41:47.042+0000 7f851bfff640 1 --2- >> [v2:172.21.15.100:3300/0,v1:172.21.15.100:6789/0] conn(0x7f851c078b20 0x7f851c077230 unknown :-1 s=HELLO_CONNECTING pgs=0 cs=0 l=0 rev1=1 crypto rx=0 tx=0 comp rx=0 tx=0).handle_hello peer v2:172.21.15.100:3300/0 says I am v2:172.21.15.100:58998/0 (socket says 172.21.15.100:58998)
2024-09-13T02:41:47.817 INFO:teuthology.orchestra.run.smithi100.stdout:/usr/bin/ceph: stderr
2024-09-13T02:41:47.042+0000 7f851bfff640 1 -- 172.21.15.100:0/844297044 learned_addr learned my addr 172.21.15.100:0/844297044 (peer_addr_for_me v2:172.21.15.100:0/0)
2024-09-13T02:41:47.817 INFO:teuthology.orchestra.run.smithi100.stdout:/usr/bin/ceph: stderr
2024-09-13T02:41:47.042+0000 7f851bfff640 1 -- 172.21.15.100:0/844297044 --> [v2:172.21.15.100:3300/0,v1:172.21.15.100:6789/0] -- mon_subscribe({config=0+,monmap=0+}) v3 -- 0x7f851c079100 con 0x7f851c078b20
2024-09-13T02:41:47.817 INFO:teuthology.orchestra.run.smithi100.stdout:/usr/bin/ceph: stderr
2024-09-13T02:41:47.043+0000 7f851bfff640 1 --2- 172.21.15.100:0/844297044 >> [v2:172.21.15.100:3300/0,v1:172.21.15.100:6789/0] conn(0x7f851c078b20 0x7f851c077230 secure :-1 s=READY pgs=18 cs=0 l=1 rev1=1 crypto rx=0x7f850c009840 tx=0x7f850c0091d0 comp rx=0 tx=0).ready entity=mon.0 client_cookie=abb18a0d7b323b server_cookie=0 in_seq=0 out_seq=0
2024-09-13T02:41:47.817 INFO:teuthology.orchestra.run.smithi100.stdout:/usr/bin/ceph: stderr
2024-09-13T02:41:47.043+0000 7f851affd640 1 -- 172.21.15.100:0/844297044 <== mon.0 v2:172.21.15.100:3300/0 1 ==== mon_map magic: 0 v1 ==== 229+0+0 (secure 0 0 0) 0x7f850c032440 con 0x7f851c078b20
2024-09-13T02:41:47.817 INFO:teuthology.orchestra.run.smithi100.stdout:/usr/bin/ceph: stderr
2024-09-13T02:41:47.043+0000 7f851affd640 1 -- 172.21.15.100:0/844297044 <== mon.0 v2:172.21.15.100:3300/0 2 ==== config(26 keys) v1 ==== 1005+0+0 (secure 0 0 0) 0x7f850c032a00 con 0x7f851c078b20
2024-09-13T02:41:47.817 INFO:teuthology.orchestra.run.smithi100.stdout:/usr/bin/ceph: stderr
2024-09-13T02:41:47.043+0000 7f851affd640 1 -- 172.21.15.100:0/844297044 <== mon.0 v2:172.21.15.100:3300/0 3 ==== mon_map magic: 0 v1 ==== 229+0+0 (secure 0 0 0) 0x7f850c0319e0 con 0x7f851c078b20
2024-09-13T02:41:47.817 INFO:teuthology.orchestra.run.smithi100.stdout:/usr/bin/ceph: stderr
2024-09-13T02:41:47.043+0000 7f8522397640 1 -- 172.21.15.100:0/844297044 >> [v2:172.21.15.100:3300/0,v1:172.21.15.100:6789/0] conn(0x7f851c078b20 msgr2=0x7f851c077230 secure :-1 s=STATE_CONNECTION_ESTABLISHED l=1).mark_down
2024-09-13T02:41:47.817 INFO:teuthology.orchestra.run.smithi100.stdout:/usr/bin/ceph: stderr
2024-09-13T02:41:47.043+0000 7f8522397640 1 --2- 172.21.15.100:0/844297044 >> [v2:172.21.15.100:3300/0,v1:172.21.15.100:6789/0] conn(0x7f851c078b20 0x7f851c077230 secure :-1 s=READY pgs=18 cs=0 l=1 rev1=1 crypto rx=0x7f850c009840 tx=0x7f850c0091d0 comp rx=0 tx=0).stop
2024-09-13T02:41:47.817 INFO:teuthology.orchestra.run.smithi100.stdout:/usr/bin/ceph: stderr
2024-09-13T02:41:47.043+0000 7f8522397640 1 -- 172.21.15.100:0/844297044 shutdown_connections
2024-09-13T02:41:47.818 INFO:teuthology.orchestra.run.smithi100.stdout:/usr/bin/ceph: stderr
2024-09-13T02:41:47.043+0000 7f8522397640 1 --2- 172.21.15.100:0/844297044 >> [v2:172.21.15.100:3300/0,v1:172.21.15.100:6789/0] conn(0x7f851c078b20 0x7f851c077230 unknown :-1 s=CLOSED pgs=18 cs=0 l=1 rev1=1 crypto rx=0 tx=0 comp rx=0 tx=0).stop
2024-09-13T02:41:47.818 INFO:teuthology.orchestra.run.smithi100.stdout:/usr/bin/ceph: stderr
2024-09-13T02:41:47.044+0000 7f8522397640 1 -- 172.21.15.100:0/844297044 >> 172.21.15.100:0/844297044 conn(0x7f851c0fd850 msgr2=0x7f851c0ffca0 unknown :-1 s=STATE_NONE l=0).mark_down
2024-09-13T02:41:47.818 INFO:teuthology.orchestra.run.smithi100.stdout:/usr/bin/ceph: stderr
2024-09-13T02:41:47.044+0000 7f8522397640 1 -- 172.21.15.100:0/844297044 shutdown_connections
2024-09-13T02:41:47.818 INFO:teuthology.orchestra.run.smithi100.stdout:/usr/bin/ceph: stderr
2024-09-13T02:41:47.044+0000 7f8522397640 1 -- 172.21.15.100:0/844297044 wait complete.
2024-09-13T02:41:47.818 INFO:teuthology.orchestra.run.smithi100.stdout:/usr/bin/ceph: stderr
2024-09-13T02:41:47.044+0000 7f8522397640 1 Processor -- start
2024-09-13T02:41:47.818 INFO:teuthology.orchestra.run.smithi100.stdout:/usr/bin/ceph: stderr
2024-09-13T02:41:47.044+0000 7f8522397640 1 -- start start
2024-09-13T02:41:47.818 INFO:teuthology.orchestra.run.smithi100.stdout:/usr/bin/ceph: stderr
2024-09-13T02:41:47.044+0000 7f8522397640 1 --2- >> [v2:172.21.15.100:3300/0,v1:172.21.15.100:6789/0] conn(0x7f851c078b20 0x7f851c112f80 unknown :-1 s=NONE pgs=0 cs=0 l=1 rev1=0 crypto rx=0 tx=0 comp rx=0 tx=0).connect
2024-09-13T02:41:47.818 INFO:teuthology.orchestra.run.smithi100.stdout:/usr/bin/ceph: stderr
2024-09-13T02:41:47.044+0000 7f8522397640 1 -- --> [v2:172.21.15.100:3300/0,v1:172.21.15.100:6789/0] -- mon_getmap magic: 0 v1 -- 0x7f851c1134c0 con 0x7f851c078b20
2024-09-13T02:41:47.818 INFO:teuthology.orchestra.run.smithi100.stdout:/usr/bin/ceph: stderr
2024-09-13T02:41:47.045+0000 7f851bfff640 1 --2- >> [v2:172.21.15.100:3300/0,v1:172.21.15.100:6789/0] conn(0x7f851c078b20 0x7f851c112f80 unknown :-1 s=BANNER_CONNECTING pgs=0 cs=0 l=1 rev1=0 crypto rx=0 tx=0 comp rx=0 tx=0)._handle_peer_banner_payload supported=3 required=0
2024-09-13T02:41:47.818 INFO:teuthology.orchestra.run.smithi100.stdout:/usr/bin/ceph: stderr
2024-09-13T02:41:47.045+0000 7f851bfff640 1 --2- >> [v2:172.21.15.100:3300/0,v1:172.21.15.100:6789/0] conn(0x7f851c078b20 0x7f851c112f80 unknown :-1 s=HELLO_CONNECTING pgs=0 cs=0 l=1 rev1=1 crypto rx=0 tx=0 comp rx=0 tx=0).handle_hello peer v2:172.21.15.100:3300/0 says I am v2:172.21.15.100:59004/0 (socket says 172.21.15.100:59004)
2024-09-13T02:41:47.818 INFO:teuthology.orchestra.run.smithi100.stdout:/usr/bin/ceph: stderr
2024-09-13T02:41:47.045+0000 7f851bfff640 1 -- 172.21.15.100:0/390643461 learned_addr learned my addr 172.21.15.100:0/390643461 (peer_addr_for_me v2:172.21.15.100:0/0)
2024-09-13T02:41:47.819 INFO:teuthology.orchestra.run.smithi100.stdout:/usr/bin/ceph: stderr
2024-09-13T02:41:47.045+0000 7f851bfff640 1 -- 172.21.15.100:0/390643461 --> [v2:172.21.15.100:3300/0,v1:172.21.15.100:6789/0] -- mon_subscribe({config=0+,monmap=0+}) v3 -- 0x7f850c009450 con 0x7f851c078b20
2024-09-13T02:41:47.819 INFO:teuthology.orchestra.run.smithi100.stdout:/usr/bin/ceph: stderr
2024-09-13T02:41:47.045+0000 7f851bfff640 1 --2- 172.21.15.100:0/390643461 >> [v2:172.21.15.100:3300/0,v1:172.21.15.100:6789/0] conn(0x7f851c078b20 0x7f851c112f80 secure :-1 s=READY pgs=19 cs=0 l=1 rev1=1 crypto rx=0x7f850c006f00 tx=0x7f850c008040 comp rx=0 tx=0).ready entity=mon.0 client_cookie=0 server_cookie=0 in_seq=0 out_seq=0
2024-09-13T02:41:47.819 INFO:teuthology.orchestra.run.smithi100.stdout:/usr/bin/ceph: stderr
2024-09-13T02:41:47.045+0000 7f8518ff9640 1 -- 172.21.15.100:0/390643461 <== mon.0 v2:172.21.15.100:3300/0 1 ==== mon_map magic: 0 v1 ==== 229+0+0 (secure 0 0 0) 0x7f850c032880 con 0x7f851c078b20
2024-09-13T02:41:47.819 INFO:teuthology.orchestra.run.smithi100.stdout:/usr/bin/ceph: stderr
2024-09-13T02:41:47.045+0000 7f8518ff9640 1 -- 172.21.15.100:0/390643461 <== mon.0 v2:172.21.15.100:3300/0 2 ==== config(26 keys) v1 ==== 1005+0+0 (secure 0 0 0) 0x7f850c03b8d0 con 0x7f851c078b20
2024-09-13T02:41:47.819 INFO:teuthology.orchestra.run.smithi100.stdout:/usr/bin/ceph: stderr
2024-09-13T02:41:47.045+0000 7f8522397640 1 -- 172.21.15.100:0/390643461 --> [v2:172.21.15.100:3300/0,v1:172.21.15.100:6789/0] -- mon_subscribe({mgrmap=0+}) v3 -- 0x7f851c1136c0 con 0x7f851c078b20
2024-09-13T02:41:47.819 INFO:teuthology.orchestra.run.smithi100.stdout:/usr/bin/ceph: stderr
2024-09-13T02:41:47.045+0000 7f8518ff9640 1 -- 172.21.15.100:0/390643461 <== mon.0 v2:172.21.15.100:3300/0 3 ==== mon_map magic: 0 v1 ==== 229+0+0 (secure 0 0 0) 0x7f850c03a8f0 con 0x7f851c078b20
2024-09-13T02:41:47.819 INFO:teuthology.orchestra.run.smithi100.stdout:/usr/bin/ceph: stderr
2024-09-13T02:41:47.045+0000 7f8522397640 1 -- 172.21.15.100:0/390643461 --> [v2:172.21.15.100:3300/0,v1:172.21.15.100:6789/0] -- mon_subscribe({osdmap=0}) v3 -- 0x7f851c113b30 con 0x7f851c078b20
2024-09-13T02:41:47.819 INFO:teuthology.orchestra.run.smithi100.stdout:/usr/bin/ceph: stderr
2024-09-13T02:41:47.046+0000 7f8518ff9640 1 -- 172.21.15.100:0/390643461 <== mon.0 v2:172.21.15.100:3300/0 4 ==== mgrmap(e 4) v1 ==== 45496+0+0 (secure 0 0 0) 0x7f850c03b470 con 0x7f851c078b20
2024-09-13T02:41:47.819 INFO:teuthology.orchestra.run.smithi100.stdout:/usr/bin/ceph: stderr
2024-09-13T02:41:47.046+0000 7f8518ff9640 1 --2- 172.21.15.100:0/390643461 >> [v2:172.21.15.100:6800/1286357473,v1:172.21.15.100:6801/1286357473] conn(0x7f8504039490 0x7f850403b940 unknown :-1 s=NONE pgs=0 cs=0 l=1 rev1=0 crypto rx=0 tx=0 comp rx=0 tx=0).connect
2024-09-13T02:41:47.819 INFO:teuthology.orchestra.run.smithi100.stdout:/usr/bin/ceph: stderr
2024-09-13T02:41:47.046+0000 7f8522397640 1 -- 172.21.15.100:0/390643461 --> [v2:172.21.15.100:3300/0,v1:172.21.15.100:6789/0] -- mon_command({"prefix": "get_command_descriptions"} v 0) v1 -- 0x7f851c04b720 con 0x7f851c078b20
2024-09-13T02:41:47.819 INFO:teuthology.orchestra.run.smithi100.stdout:/usr/bin/ceph: stderr
2024-09-13T02:41:47.046+0000 7f8518ff9640 1 -- 172.21.15.100:0/390643461 <== mon.0 v2:172.21.15.100:3300/0 5 ==== osd_map(1..1 src has 1..1) v4 ==== 721+0+0 (secure 0 0 0) 0x7f850c06c8f0 con 0x7f851c078b20
2024-09-13T02:41:47.820 INFO:teuthology.orchestra.run.smithi100.stdout:/usr/bin/ceph: stderr
2024-09-13T02:41:47.046+0000 7f851b7fe640 1 --2- 172.21.15.100:0/390643461 >> [v2:172.21.15.100:6800/1286357473,v1:172.21.15.100:6801/1286357473] conn(0x7f8504039490 0x7f850403b940 unknown :-1 s=BANNER_CONNECTING pgs=0 cs=0 l=1 rev1=0 crypto rx=0 tx=0 comp rx=0 tx=0)._handle_peer_banner_payload supported=3 required=0
2024-09-13T02:41:47.820 INFO:teuthology.orchestra.run.smithi100.stdout:/usr/bin/ceph: stderr
2024-09-13T02:41:47.047+0000 7f851b7fe640 1 --2- 172.21.15.100:0/390643461 >> [v2:172.21.15.100:6800/1286357473,v1:172.21.15.100:6801/1286357473] conn(0x7f8504039490 0x7f850403b940 secure :-1 s=READY pgs=7 cs=0 l=1 rev1=1 crypto rx=0x7f8510006fd0 tx=0x7f8510006db0 comp rx=0 tx=0).ready entity=mgr.14100 client_cookie=0 server_cookie=0 in_seq=0 out_seq=0
2024-09-13T02:41:47.820 INFO:teuthology.orchestra.run.smithi100.stdout:/usr/bin/ceph: stderr
2024-09-13T02:41:47.051+0000 7f8518ff9640 1 -- 172.21.15.100:0/390643461 <== mon.0 v2:172.21.15.100:3300/0 6 ==== mon_command_ack([{"prefix": "get_command_descriptions"}]=0 v0) v1 ==== 72+0+176781 (secure 0 0 0) 0x7f850c03ba40 con 0x7f851c078b20
2024-09-13T02:41:47.820 INFO:teuthology.orchestra.run.smithi100.stdout:/usr/bin/ceph: stderr
2024-09-13T02:41:47.207+0000 7f8522397640 1 -- 172.21.15.100:0/390643461 --> [v2:172.21.15.100:3300/0,v1:172.21.15.100:6789/0] -- mon_command({"prefix": "config assimilate-conf"} v 0) v1 -- 0x7f851c1081c0 con 0x7f851c078b20
2024-09-13T02:41:47.820 INFO:teuthology.orchestra.run.smithi100.stdout:/usr/bin/ceph: stderr
2024-09-13T02:41:47.208+0000 7f8518ff9640 1 -- 172.21.15.100:0/390643461 <== mon.0 v2:172.21.15.100:3300/0 7 ==== mon_command_ack([{"prefix": "config assimilate-conf"}]=0 v3) v1 ==== 70+0+409 (secure 0 0 0) 0x7f850c037020 con 0x7f851c078b20
2024-09-13T02:41:47.820 INFO:teuthology.orchestra.run.smithi100.stdout:/usr/bin/ceph: stderr
2024-09-13T02:41:47.209+0000 7f8522397640 1 -- 172.21.15.100:0/390643461 >> [v2:172.21.15.100:6800/1286357473,v1:172.21.15.100:6801/1286357473] conn(0x7f8504039490 msgr2=0x7f850403b940 secure :-1 s=STATE_CONNECTION_ESTABLISHED l=1).mark_down
2024-09-13T02:41:47.820 INFO:teuthology.orchestra.run.smithi100.stdout:/usr/bin/ceph: stderr
2024-09-13T02:41:47.209+0000 7f8522397640 1 --2- 172.21.15.100:0/390643461 >> [v2:172.21.15.100:6800/1286357473,v1:172.21.15.100:6801/1286357473] conn(0x7f8504039490 0x7f850403b940 secure :-1 s=READY pgs=7 cs=0 l=1 rev1=1 crypto rx=0x7f8510006fd0 tx=0x7f8510006db0 comp rx=0 tx=0).stop
2024-09-13T02:41:47.820 INFO:teuthology.orchestra.run.smithi100.stdout:/usr/bin/ceph: stderr
2024-09-13T02:41:47.209+0000 7f8522397640 1 -- 172.21.15.100:0/390643461 >> [v2:172.21.15.100:3300/0,v1:172.21.15.100:6789/0] conn(0x7f851c078b20 msgr2=0x7f851c112f80 secure :-1 s=STATE_CONNECTION_ESTABLISHED l=1).mark_down
2024-09-13T02:41:47.820 INFO:teuthology.orchestra.run.smithi100.stdout:/usr/bin/ceph: stderr
2024-09-13T02:41:47.209+0000 7f8522397640 1 --2- 172.21.15.100:0/390643461 >> [v2:172.21.15.100:3300/0,v1:172.21.15.100:6789/0] conn(0x7f851c078b20 0x7f851c112f80 secure :-1 s=READY pgs=19 cs=0 l=1 rev1=1 crypto rx=0x7f850c006f00 tx=0x7f850c008040 comp rx=0 tx=0).stop
2024-09-13T02:41:47.820 INFO:teuthology.orchestra.run.smithi100.stdout:/usr/bin/ceph: stderr
2024-09-13T02:41:47.210+0000 7f8522397640 1 -- 172.21.15.100:0/390643461 shutdown_connections
2024-09-13T02:41:47.821 INFO:teuthology.orchestra.run.smithi100.stdout:/usr/bin/ceph: stderr
2024-09-13T02:41:47.210+0000 7f8522397640 1 --2- 172.21.15.100:0/390643461 >> [v2:172.21.15.100:6800/1286357473,v1:172.21.15.100:6801/1286357473] conn(0x7f8504039490 0x7f850403b940 unknown :-1 s=CLOSED pgs=7 cs=0 l=1 rev1=1 crypto rx=0 tx=0 comp rx=0 tx=0).stop
2024-09-13T02:41:47.821 INFO:teuthology.orchestra.run.smithi100.stdout:/usr/bin/ceph: stderr
2024-09-13T02:41:47.210+0000 7f8522397640 1 --2- 172.21.15.100:0/390643461 >> [v2:172.21.15.100:3300/0,v1:172.21.15.100:6789/0] conn(0x7f851c078b20 0x7f851c112f80 unknown :-1 s=CLOSED pgs=19 cs=0 l=1 rev1=1 crypto rx=0 tx=0 comp rx=0 tx=0).stop
2024-09-13T02:41:47.821 INFO:teuthology.orchestra.run.smithi100.stdout:/usr/bin/ceph: stderr
2024-09-13T02:41:47.210+0000 7f8522397640 1 -- 172.21.15.100:0/390643461 >> 172.21.15.100:0/390643461 conn(0x7f851c0fd850 msgr2=0x7f851c0fe440 unknown :-1 s=STATE_NONE l=0).mark_down
2024-09-13T02:41:47.821 INFO:teuthology.orchestra.run.smithi100.stdout:/usr/bin/ceph: stderr
2024-09-13T02:41:47.210+0000 7f8522397640 1 -- 172.21.15.100:0/390643461 shutdown_connections
2024-09-13T02:41:47.821 INFO:teuthology.orchestra.run.smithi100.stdout:/usr/bin/ceph: stderr
2024-09-13T02:41:47.210+0000 7f8522397640 1 -- 172.21.15.100:0/390643461 wait complete.
2024-09-13T02:41:47.821 INFO:teuthology.orchestra.run.smithi100.stdout:Enabling cephadm module...
2024-09-13T02:41:48.669 INFO:journalctl@ceph.mon.smithi100.smithi100.stdout:Sep 13 02:41:48 smithi100 ceph-mon[27894]: from='client.? 172.21.15.100:0/2736154339' entity='client.admin' cmd=[{"prefix": "mgr module enable", "module": "cephadm"}]: dispatch
2024-09-13T02:41:49.035 INFO:teuthology.orchestra.run.smithi100.stdout:/usr/bin/ceph: stderr
2024-09-13T02:41:48.182+0000 7fdeed4bb640 1 Processor -- start
2024-09-13T02:41:49.035 INFO:teuthology.orchestra.run.smithi100.stdout:/usr/bin/ceph: stderr
2024-09-13T02:41:48.182+0000 7fdeed4bb640 1 -- start start
2024-09-13T02:41:49.035 INFO:teuthology.orchestra.run.smithi100.stdout:/usr/bin/ceph: stderr
2024-09-13T02:41:48.182+0000 7fdeed4bb640 1 --2- >> [v2:172.21.15.100:3300/0,v1:172.21.15.100:6789/0] conn(0x7fdee81035c0 0x7fdee81039d0 unknown :-1 s=NONE pgs=0 cs=0 l=0 rev1=0 crypto rx=0 tx=0 comp rx=0 tx=0).connect
2024-09-13T02:41:49.036 INFO:teuthology.orchestra.run.smithi100.stdout:/usr/bin/ceph: stderr
2024-09-13T02:41:48.182+0000 7fdeed4bb640 1 -- --> [v2:172.21.15.100:3300/0,v1:172.21.15.100:6789/0] -- mon_getmap magic: 0 v1 -- 0x7fdee8070e30 con 0x7fdee81035c0
2024-09-13T02:41:49.036 INFO:teuthology.orchestra.run.smithi100.stdout:/usr/bin/ceph: stderr
2024-09-13T02:41:48.182+0000 7fdee6ffd640 1 --2- >> [v2:172.21.15.100:3300/0,v1:172.21.15.100:6789/0] conn(0x7fdee81035c0 0x7fdee81039d0 unknown :-1 s=BANNER_CONNECTING pgs=0 cs=0 l=0 rev1=0 crypto rx=0 tx=0 comp rx=0 tx=0)._handle_peer_banner_payload supported=3 required=0
2024-09-13T02:41:49.036 INFO:teuthology.orchestra.run.smithi100.stdout:/usr/bin/ceph: stderr
2024-09-13T02:41:48.182+0000 7fdee6ffd640 1 --2- >> [v2:172.21.15.100:3300/0,v1:172.21.15.100:6789/0] conn(0x7fdee81035c0 0x7fdee81039d0 unknown :-1 s=HELLO_CONNECTING pgs=0 cs=0 l=0 rev1=1 crypto rx=0 tx=0 comp rx=0 tx=0).handle_hello peer v2:172.21.15.100:3300/0 says I am v2:172.21.15.100:59020/0 (socket says 172.21.15.100:59020)
2024-09-13T02:41:49.036 INFO:teuthology.orchestra.run.smithi100.stdout:/usr/bin/ceph: stderr
2024-09-13T02:41:48.182+0000 7fdee6ffd640 1 -- 172.21.15.100:0/3538309605 learned_addr learned my addr 172.21.15.100:0/3538309605 (peer_addr_for_me v2:172.21.15.100:0/0)
2024-09-13T02:41:49.036 INFO:teuthology.orchestra.run.smithi100.stdout:/usr/bin/ceph: stderr
2024-09-13T02:41:48.183+0000 7fdee6ffd640 1 -- 172.21.15.100:0/3538309605 --> [v2:172.21.15.100:3300/0,v1:172.21.15.100:6789/0] -- mon_subscribe({config=0+,monmap=0+}) v3 -- 0x7fdee8103f10 con 0x7fdee81035c0
2024-09-13T02:41:49.036 INFO:teuthology.orchestra.run.smithi100.stdout:/usr/bin/ceph: stderr
2024-09-13T02:41:48.183+0000 7fdee6ffd640 1 --2- 172.21.15.100:0/3538309605 >> [v2:172.21.15.100:3300/0,v1:172.21.15.100:6789/0] conn(0x7fdee81035c0 0x7fdee81039d0 secure :-1 s=READY pgs=20 cs=0 l=1 rev1=1 crypto rx=0x7fded8009840 tx=0x7fded80091d0 comp rx=0 tx=0).ready entity=mon.0 client_cookie=40cfd96a9857a15d server_cookie=0 in_seq=0 out_seq=0
2024-09-13T02:41:49.036 INFO:teuthology.orchestra.run.smithi100.stdout:/usr/bin/ceph: stderr
2024-09-13T02:41:48.184+0000 7fdee5ffb640 1 -- 172.21.15.100:0/3538309605 <== mon.0 v2:172.21.15.100:3300/0 1 ==== mon_map magic: 0 v1 ==== 229+0+0 (secure 0 0 0) 0x7fded8032440 con 0x7fdee81035c0
2024-09-13T02:41:49.036 INFO:teuthology.orchestra.run.smithi100.stdout:/usr/bin/ceph: stderr
2024-09-13T02:41:48.184+0000 7fdee5ffb640 1 -- 172.21.15.100:0/3538309605 <== mon.0 v2:172.21.15.100:3300/0 2 ==== config(26 keys) v1 ==== 1005+0+0 (secure 0 0 0) 0x7fded8032a00 con 0x7fdee81035c0
2024-09-13T02:41:49.036 INFO:teuthology.orchestra.run.smithi100.stdout:/usr/bin/ceph: stderr
2024-09-13T02:41:48.184+0000 7fdee5ffb640 1 -- 172.21.15.100:0/3538309605 <== mon.0 v2:172.21.15.100:3300/0 3 ==== mon_map magic: 0 v1 ==== 229+0+0 (secure 0 0 0) 0x7fded80319e0 con 0x7fdee81035c0
2024-09-13T02:41:49.036 INFO:teuthology.orchestra.run.smithi100.stdout:/usr/bin/ceph: stderr
2024-09-13T02:41:48.184+0000 7fdeed4bb640 1 -- 172.21.15.100:0/3538309605 >> [v2:172.21.15.100:3300/0,v1:172.21.15.100:6789/0] conn(0x7fdee81035c0 msgr2=0x7fdee81039d0 secure :-1 s=STATE_CONNECTION_ESTABLISHED l=1).mark_down
2024-09-13T02:41:49.036 INFO:teuthology.orchestra.run.smithi100.stdout:/usr/bin/ceph: stderr
2024-09-13T02:41:48.184+0000 7fdeed4bb640 1 --2- 172.21.15.100:0/3538309605 >> [v2:172.21.15.100:3300/0,v1:172.21.15.100:6789/0] conn(0x7fdee81035c0 0x7fdee81039d0 secure :-1 s=READY pgs=20 cs=0 l=1 rev1=1 crypto rx=0x7fded8009840 tx=0x7fded80091d0 comp rx=0 tx=0).stop
2024-09-13T02:41:49.037 INFO:teuthology.orchestra.run.smithi100.stdout:/usr/bin/ceph: stderr
2024-09-13T02:41:48.184+0000 7fdeed4bb640 1 -- 172.21.15.100:0/3538309605 shutdown_connections
2024-09-13T02:41:49.037 INFO:teuthology.orchestra.run.smithi100.stdout:/usr/bin/ceph: stderr
2024-09-13T02:41:48.184+0000 7fdeed4bb640 1 --2- 172.21.15.100:0/3538309605 >> [v2:172.21.15.100:3300/0,v1:172.21.15.100:6789/0] conn(0x7fdee81035c0 0x7fdee81039d0 unknown :-1 s=CLOSED pgs=20 cs=0 l=1 rev1=1 crypto rx=0 tx=0 comp rx=0 tx=0).stop
2024-09-13T02:41:49.037 INFO:teuthology.orchestra.run.smithi100.stdout:/usr/bin/ceph: stderr
2024-09-13T02:41:48.184+0000 7fdeed4bb640 1 -- 172.21.15.100:0/3538309605 >> 172.21.15.100:0/3538309605 conn(0x7fdee80fbdc0 msgr2=0x7fdee80fe1f0 unknown :-1 s=STATE_NONE l=0).mark_down
2024-09-13T02:41:49.037 INFO:teuthology.orchestra.run.smithi100.stdout:/usr/bin/ceph: stderr
2024-09-13T02:41:48.184+0000 7fdeed4bb640 1 -- 172.21.15.100:0/3538309605 shutdown_connections
2024-09-13T02:41:49.037 INFO:teuthology.orchestra.run.smithi100.stdout:/usr/bin/ceph: stderr
2024-09-13T02:41:48.184+0000 7fdeed4bb640 1 -- 172.21.15.100:0/3538309605 wait complete.
2024-09-13T02:41:49.037 INFO:teuthology.orchestra.run.smithi100.stdout:/usr/bin/ceph: stderr
2024-09-13T02:41:48.185+0000 7fdeed4bb640 1 Processor -- start
2024-09-13T02:41:49.037 INFO:teuthology.orchestra.run.smithi100.stdout:/usr/bin/ceph: stderr
2024-09-13T02:41:48.185+0000 7fdeed4bb640 1 -- start start
2024-09-13T02:41:49.037 INFO:teuthology.orchestra.run.smithi100.stdout:/usr/bin/ceph: stderr
2024-09-13T02:41:48.185+0000 7fdeed4bb640 1 --2- >> [v2:172.21.15.100:3300/0,v1:172.21.15.100:6789/0] conn(0x7fdee81035c0 0x7fdee8110e00 unknown :-1 s=NONE pgs=0 cs=0 l=1 rev1=0 crypto rx=0 tx=0 comp rx=0 tx=0).connect
2024-09-13T02:41:49.037 INFO:teuthology.orchestra.run.smithi100.stdout:/usr/bin/ceph: stderr
2024-09-13T02:41:48.185+0000 7fdeed4bb640 1 -- --> [v2:172.21.15.100:3300/0,v1:172.21.15.100:6789/0] -- mon_getmap magic: 0 v1 -- 0x7fdee8111340 con 0x7fdee81035c0
2024-09-13T02:41:49.038 INFO:teuthology.orchestra.run.smithi100.stdout:/usr/bin/ceph: stderr
2024-09-13T02:41:48.185+0000 7fdee6ffd640 1 --2- >> [v2:172.21.15.100:3300/0,v1:172.21.15.100:6789/0] conn(0x7fdee81035c0 0x7fdee8110e00 unknown :-1 s=BANNER_CONNECTING pgs=0 cs=0 l=1 rev1=0 crypto rx=0 tx=0 comp rx=0 tx=0)._handle_peer_banner_payload supported=3 required=0
2024-09-13T02:41:49.038 INFO:teuthology.orchestra.run.smithi100.stdout:/usr/bin/ceph: stderr
2024-09-13T02:41:48.185+0000 7fdee6ffd640 1 --2- >> [v2:172.21.15.100:3300/0,v1:172.21.15.100:6789/0] conn(0x7fdee81035c0 0x7fdee8110e00 unknown :-1 s=HELLO_CONNECTING pgs=0 cs=0 l=1 rev1=1 crypto rx=0 tx=0 comp rx=0 tx=0).handle_hello peer v2:172.21.15.100:3300/0 says I am v2:172.21.15.100:59030/0 (socket says 172.21.15.100:59030)
2024-09-13T02:41:49.038 INFO:teuthology.orchestra.run.smithi100.stdout:/usr/bin/ceph: stderr
2024-09-13T02:41:48.185+0000 7fdee6ffd640 1 -- 172.21.15.100:0/2736154339 learned_addr learned my addr 172.21.15.100:0/2736154339 (peer_addr_for_me v2:172.21.15.100:0/0)
2024-09-13T02:41:49.038 INFO:teuthology.orchestra.run.smithi100.stdout:/usr/bin/ceph: stderr
2024-09-13T02:41:48.185+0000 7fdee6ffd640 1 -- 172.21.15.100:0/2736154339 --> [v2:172.21.15.100:3300/0,v1:172.21.15.100:6789/0] -- mon_subscribe({config=0+,monmap=0+}) v3 -- 0x7fded8009450 con 0x7fdee81035c0
2024-09-13T02:41:49.038 INFO:teuthology.orchestra.run.smithi100.stdout:/usr/bin/ceph: stderr
2024-09-13T02:41:48.186+0000 7fdee6ffd640 1 --2- 172.21.15.100:0/2736154339 >> [v2:172.21.15.100:3300/0,v1:172.21.15.100:6789/0] conn(0x7fdee81035c0 0x7fdee8110e00 secure :-1 s=READY pgs=21 cs=0 l=1 rev1=1 crypto rx=0x7fded80098a0 tx=0x7fded8008040 comp rx=0 tx=0).ready entity=mon.0 client_cookie=0 server_cookie=0 in_seq=0 out_seq=0
2024-09-13T02:41:49.038 INFO:teuthology.orchestra.run.smithi100.stdout:/usr/bin/ceph: stderr
2024-09-13T02:41:48.186+0000 7fdecf7fe640 1 -- 172.21.15.100:0/2736154339 <== mon.0 v2:172.21.15.100:3300/0 1 ==== mon_map magic: 0 v1 ==== 229+0+0 (secure 0 0 0) 0x7fded8032880 con 0x7fdee81035c0
2024-09-13T02:41:49.038 INFO:teuthology.orchestra.run.smithi100.stdout:/usr/bin/ceph: stderr
2024-09-13T02:41:48.186+0000 7fdecf7fe640 1 -- 172.21.15.100:0/2736154339 <== mon.0 v2:172.21.15.100:3300/0 2 ==== config(26 keys) v1 ==== 1005+0+0 (secure 0 0 0) 0x7fded803d8b0 con 0x7fdee81035c0
2024-09-13T02:41:49.038 INFO:teuthology.orchestra.run.smithi100.stdout:/usr/bin/ceph: stderr
2024-09-13T02:41:48.186+0000 7fdeed4bb640 1 -- 172.21.15.100:0/2736154339 --> [v2:172.21.15.100:3300/0,v1:172.21.15.100:6789/0] -- mon_subscribe({mgrmap=0+}) v3 -- 0x7fdee8111540 con 0x7fdee81035c0
2024-09-13T02:41:49.038 INFO:teuthology.orchestra.run.smithi100.stdout:/usr/bin/ceph: stderr
2024-09-13T02:41:48.186+0000 7fdecf7fe640 1 -- 172.21.15.100:0/2736154339 <== mon.0 v2:172.21.15.100:3300/0 3 ==== mon_map magic: 0 v1 ==== 229+0+0 (secure 0 0 0) 0x7fded803b910 con 0x7fdee81035c0
2024-09-13T02:41:49.038 INFO:teuthology.orchestra.run.smithi100.stdout:/usr/bin/ceph: stderr
2024-09-13T02:41:48.186+0000 7fdeed4bb640 1 -- 172.21.15.100:0/2736154339 --> [v2:172.21.15.100:3300/0,v1:172.21.15.100:6789/0] -- mon_subscribe({osdmap=0}) v3 -- 0x7fdee8111f90 con 0x7fdee81035c0
2024-09-13T02:41:49.038 INFO:teuthology.orchestra.run.smithi100.stdout:/usr/bin/ceph: stderr
2024-09-13T02:41:48.187+0000 7fdecf7fe640 1 -- 172.21.15.100:0/2736154339 <== mon.0 v2:172.21.15.100:3300/0 4 ==== mgrmap(e 4) v1 ==== 45496+0+0 (secure 0 0 0) 0x7fded8039070 con 0x7fdee81035c0
2024-09-13T02:41:49.038 INFO:teuthology.orchestra.run.smithi100.stdout:/usr/bin/ceph: stderr
2024-09-13T02:41:48.187+0000 7fdeed4bb640 1 -- 172.21.15.100:0/2736154339 --> [v2:172.21.15.100:3300/0,v1:172.21.15.100:6789/0] -- mon_command({"prefix": "get_command_descriptions"} v 0) v1 -- 0x7fdee80ffa60 con 0x7fdee81035c0
2024-09-13T02:41:49.038 INFO:teuthology.orchestra.run.smithi100.stdout:/usr/bin/ceph: stderr
2024-09-13T02:41:48.187+0000 7fdecf7fe640 1 --2- 172.21.15.100:0/2736154339 >> [v2:172.21.15.100:6800/1286357473,v1:172.21.15.100:6801/1286357473] conn(0x7fded0039450 0x7fded003b900 unknown :-1 s=NONE pgs=0 cs=0 l=1 rev1=0 crypto rx=0 tx=0 comp rx=0 tx=0).connect
2024-09-13T02:41:49.039 INFO:teuthology.orchestra.run.smithi100.stdout:/usr/bin/ceph: stderr
2024-09-13T02:41:48.187+0000 7fdecf7fe640 1 -- 172.21.15.100:0/2736154339 <== mon.0 v2:172.21.15.100:3300/0 5 ==== osd_map(1..1 src has 1..1) v4 ==== 721+0+0 (secure 0 0 0) 0x7fded806cf10 con 0x7fdee81035c0
2024-09-13T02:41:49.039 INFO:teuthology.orchestra.run.smithi100.stdout:/usr/bin/ceph: stderr
2024-09-13T02:41:48.187+0000 7fdee67fc640 1 --2- 172.21.15.100:0/2736154339 >> [v2:172.21.15.100:6800/1286357473,v1:172.21.15.100:6801/1286357473] conn(0x7fded0039450 0x7fded003b900 unknown :-1 s=BANNER_CONNECTING pgs=0 cs=0 l=1 rev1=0 crypto rx=0 tx=0 comp rx=0 tx=0)._handle_peer_banner_payload supported=3 required=0
2024-09-13T02:41:49.039 INFO:teuthology.orchestra.run.smithi100.stdout:/usr/bin/ceph: stderr
2024-09-13T02:41:48.187+0000 7fdee67fc640 1 --2- 172.21.15.100:0/2736154339 >> [v2:172.21.15.100:6800/1286357473,v1:172.21.15.100:6801/1286357473] conn(0x7fded0039450 0x7fded003b900 secure :-1 s=READY pgs=8 cs=0 l=1 rev1=1 crypto rx=0x7fdedc006fd0 tx=0x7fdedc006db0 comp rx=0 tx=0).ready entity=mgr.14100 client_cookie=0 server_cookie=0 in_seq=0 out_seq=0
2024-09-13T02:41:49.039 INFO:teuthology.orchestra.run.smithi100.stdout:/usr/bin/ceph: stderr
2024-09-13T02:41:48.191+0000 7fdecf7fe640 1 -- 172.21.15.100:0/2736154339 <== mon.0 v2:172.21.15.100:3300/0 6 ==== mon_command_ack([{"prefix": "get_command_descriptions"}]=0 v0) v1 ==== 72+0+176781 (secure 0 0 0) 0x7fded803da20 con 0x7fdee81035c0
2024-09-13T02:41:49.039 INFO:teuthology.orchestra.run.smithi100.stdout:/usr/bin/ceph: stderr
2024-09-13T02:41:48.387+0000 7fdeed4bb640 1 -- 172.21.15.100:0/2736154339 --> [v2:172.21.15.100:3300/0,v1:172.21.15.100:6789/0] -- mon_command({"prefix": "mgr module enable", "module": "cephadm"} v 0) v1 -- 0x7fdee804b720 con 0x7fdee81035c0
2024-09-13T02:41:49.039 INFO:teuthology.orchestra.run.smithi100.stdout:/usr/bin/ceph: stderr
2024-09-13T02:41:48.420+0000 7fdecf7fe640 1 -- 172.21.15.100:0/2736154339 <== mon.0 v2:172.21.15.100:3300/0 7 ==== mgrmap(e 5) v1 ==== 45507+0+0 (secure 0 0 0) 0x7fded803cbe0 con 0x7fdee81035c0
2024-09-13T02:41:49.039 INFO:teuthology.orchestra.run.smithi100.stdout:/usr/bin/ceph: stderr
2024-09-13T02:41:48.420+0000 7fdecf7fe640 1 -- 172.21.15.100:0/2736154339 <== mon.0 v2:172.21.15.100:3300/0 8 ==== mon_command_ack([{"prefix": "mgr module enable", "module": "cephadm"}]=0 v5) v1 ==== 86+0+0 (secure 0 0 0) 0x7fded80080b0 con 0x7fdee81035c0
2024-09-13T02:41:49.039 INFO:teuthology.orchestra.run.smithi100.stdout:/usr/bin/ceph: stderr
2024-09-13T02:41:48.422+0000 7fdeed4bb640 1 -- 172.21.15.100:0/2736154339 >> [v2:172.21.15.100:6800/1286357473,v1:172.21.15.100:6801/1286357473] conn(0x7fded0039450 msgr2=0x7fded003b900 secure :-1 s=STATE_CONNECTION_ESTABLISHED l=1).mark_down
2024-09-13T02:41:49.039 INFO:teuthology.orchestra.run.smithi100.stdout:/usr/bin/ceph: stderr
2024-09-13T02:41:48.422+0000 7fdeed4bb640 1 --2- 172.21.15.100:0/2736154339 >> [v2:172.21.15.100:6800/1286357473,v1:172.21.15.100:6801/1286357473] conn(0x7fded0039450 0x7fded003b900 secure :-1 s=READY pgs=8 cs=0 l=1 rev1=1 crypto rx=0x7fdedc006fd0 tx=0x7fdedc006db0 comp rx=0 tx=0).stop
2024-09-13T02:41:49.039 INFO:teuthology.orchestra.run.smithi100.stdout:/usr/bin/ceph: stderr
2024-09-13T02:41:48.422+0000 7fdeed4bb640 1 -- 172.21.15.100:0/2736154339 >> [v2:172.21.15.100:3300/0,v1:172.21.15.100:6789/0] conn(0x7fdee81035c0 msgr2=0x7fdee8110e00 secure :-1 s=STATE_CONNECTION_ESTABLISHED l=1).mark_down
2024-09-13T02:41:49.039 INFO:teuthology.orchestra.run.smithi100.stdout:/usr/bin/ceph: stderr
2024-09-13T02:41:48.422+0000 7fdeed4bb640 1 --2- 172.21.15.100:0/2736154339 >> [v2:172.21.15.100:3300/0,v1:172.21.15.100:6789/0] conn(0x7fdee81035c0 0x7fdee8110e00 secure :-1 s=READY pgs=21 cs=0 l=1 rev1=1 crypto rx=0x7fded80098a0 tx=0x7fded8008040 comp rx=0 tx=0).stop
2024-09-13T02:41:49.039 INFO:teuthology.orchestra.run.smithi100.stdout:/usr/bin/ceph: stderr
2024-09-13T02:41:48.422+0000 7fdeed4bb640 1 -- 172.21.15.100:0/2736154339 shutdown_connections
2024-09-13T02:41:49.039 INFO:teuthology.orchestra.run.smithi100.stdout:/usr/bin/ceph: stderr
2024-09-13T02:41:48.422+0000 7fdeed4bb640 1 --2- 172.21.15.100:0/2736154339 >> [v2:172.21.15.100:6800/1286357473,v1:172.21.15.100:6801/1286357473] conn(0x7fded0039450 0x7fded003b900 unknown :-1 s=CLOSED pgs=8 cs=0 l=1 rev1=1 crypto rx=0 tx=0 comp rx=0 tx=0).stop
2024-09-13T02:41:49.040 INFO:teuthology.orchestra.run.smithi100.stdout:/usr/bin/ceph: stderr
2024-09-13T02:41:48.422+0000 7fdeed4bb640 1 --2- 172.21.15.100:0/2736154339 >> [v2:172.21.15.100:3300/0,v1:172.21.15.100:6789/0] conn(0x7fdee81035c0 0x7fdee8110e00 unknown :-1 s=CLOSED pgs=21 cs=0 l=1 rev1=1 crypto rx=0 tx=0 comp rx=0 tx=0).stop
2024-09-13T02:41:49.040 INFO:teuthology.orchestra.run.smithi100.stdout:/usr/bin/ceph: stderr
2024-09-13T02:41:48.422+0000 7fdeed4bb640 1 -- 172.21.15.100:0/2736154339 >> 172.21.15.100:0/2736154339 conn(0x7fdee80fbdc0 msgr2=0x7fdee80fc940 unknown :-1 s=STATE_NONE l=0).mark_down
2024-09-13T02:41:49.040 INFO:teuthology.orchestra.run.smithi100.stdout:/usr/bin/ceph: stderr
2024-09-13T02:41:48.422+0000 7fdeed4bb640 1 -- 172.21.15.100:0/2736154339 shutdown_connections
2024-09-13T02:41:49.040 INFO:teuthology.orchestra.run.smithi100.stdout:/usr/bin/ceph: stderr
2024-09-13T02:41:48.422+0000 7fdeed4bb640 1 -- 172.21.15.100:0/2736154339 wait complete.
2024-09-13T02:41:49.627 INFO:journalctl@ceph.mon.smithi100.smithi100.stdout:Sep 13 02:41:49 smithi100 ceph-mon[27894]: from='client.? 172.21.15.100:0/2736154339' entity='client.admin' cmd='[{"prefix": "mgr module enable", "module": "cephadm"}]': finished
2024-09-13T02:41:49.627 INFO:journalctl@ceph.mon.smithi100.smithi100.stdout:Sep 13 02:41:49 smithi100 ceph-mon[27894]: mgrmap e5: smithi100.lhjyck(active, since 6s)
2024-09-13T02:41:50.200 INFO:teuthology.orchestra.run.smithi100.stdout:/usr/bin/ceph: stdout {
2024-09-13T02:41:50.200 INFO:teuthology.orchestra.run.smithi100.stdout:/usr/bin/ceph: stdout "epoch": 5,
2024-09-13T02:41:50.200 INFO:teuthology.orchestra.run.smithi100.stdout:/usr/bin/ceph: stdout "available": true,
2024-09-13T02:41:50.200 INFO:teuthology.orchestra.run.smithi100.stdout:/usr/bin/ceph: stdout "active_name": "smithi100.lhjyck",
2024-09-13T02:41:50.200 INFO:teuthology.orchestra.run.smithi100.stdout:/usr/bin/ceph: stdout "num_standby": 0
2024-09-13T02:41:50.200 INFO:teuthology.orchestra.run.smithi100.stdout:/usr/bin/ceph: stdout }
2024-09-13T02:41:50.200 INFO:teuthology.orchestra.run.smithi100.stdout:/usr/bin/ceph: stderr
2024-09-13T02:41:49.419+0000 7f23fce40640 1 Processor -- start
2024-09-13T02:41:50.200 INFO:teuthology.orchestra.run.smithi100.stdout:/usr/bin/ceph: stderr
2024-09-13T02:41:49.420+0000 7f23fce40640 1 -- start start
2024-09-13T02:41:50.200 INFO:teuthology.orchestra.run.smithi100.stdout:/usr/bin/ceph: stderr
2024-09-13T02:41:49.420+0000 7f23fce40640 1 --2- >> [v2:172.21.15.100:3300/0,v1:172.21.15.100:6789/0] conn(0x7f23f8100e60 0x7f23f8101270 unknown :-1 s=NONE pgs=0 cs=0 l=0 rev1=0 crypto rx=0 tx=0 comp rx=0 tx=0).connect
2024-09-13T02:41:50.200 INFO:teuthology.orchestra.run.smithi100.stdout:/usr/bin/ceph: stderr
2024-09-13T02:41:49.420+0000 7f23fce40640 1 -- --> [v2:172.21.15.100:3300/0,v1:172.21.15.100:6789/0] -- mon_getmap magic: 0 v1 -- 0x7f23f81017b0 con 0x7f23f8100e60
2024-09-13T02:41:50.200 INFO:teuthology.orchestra.run.smithi100.stdout:/usr/bin/ceph: stderr
2024-09-13T02:41:49.420+0000 7f23f659c640 1 --2- >> [v2:172.21.15.100:3300/0,v1:172.21.15.100:6789/0] conn(0x7f23f8100e60 0x7f23f8101270 unknown :-1 s=BANNER_CONNECTING pgs=0 cs=0 l=0 rev1=0 crypto rx=0 tx=0 comp rx=0 tx=0)._handle_peer_banner_payload supported=3 required=0
2024-09-13T02:41:50.201 INFO:teuthology.orchestra.run.smithi100.stdout:/usr/bin/ceph: stderr
2024-09-13T02:41:49.420+0000 7f23f659c640 1 --2- >> [v2:172.21.15.100:3300/0,v1:172.21.15.100:6789/0] conn(0x7f23f8100e60 0x7f23f8101270 unknown :-1 s=HELLO_CONNECTING pgs=0 cs=0 l=0 rev1=1 crypto rx=0 tx=0 comp rx=0 tx=0).handle_hello peer v2:172.21.15.100:3300/0 says I am v2:172.21.15.100:39504/0 (socket says 172.21.15.100:39504)
2024-09-13T02:41:50.201 INFO:teuthology.orchestra.run.smithi100.stdout:/usr/bin/ceph: stderr
2024-09-13T02:41:49.420+0000 7f23f659c640 1 -- 172.21.15.100:0/3708490331 learned_addr learned my addr 172.21.15.100:0/3708490331 (peer_addr_for_me v2:172.21.15.100:0/0)
2024-09-13T02:41:50.201 INFO:teuthology.orchestra.run.smithi100.stdout:/usr/bin/ceph: stderr
2024-09-13T02:41:49.420+0000 7f23f659c640 1 -- 172.21.15.100:0/3708490331 --> [v2:172.21.15.100:3300/0,v1:172.21.15.100:6789/0] -- mon_subscribe({config=0+,monmap=0+}) v3 -- 0x7f23f81018f0 con 0x7f23f8100e60
2024-09-13T02:41:50.201 INFO:teuthology.orchestra.run.smithi100.stdout:/usr/bin/ceph: stderr
2024-09-13T02:41:49.421+0000 7f23f659c640 1 --2- 172.21.15.100:0/3708490331 >> [v2:172.21.15.100:3300/0,v1:172.21.15.100:6789/0] conn(0x7f23f8100e60 0x7f23f8101270 secure :-1 s=READY pgs=24 cs=0 l=1 rev1=1 crypto rx=0x7f23e8009840 tx=0x7f23e80091d0 comp rx=0 tx=0).ready entity=mon.0 client_cookie=7e14e712a44b4e11 server_cookie=0 in_seq=0 out_seq=0
2024-09-13T02:41:50.201 INFO:teuthology.orchestra.run.smithi100.stdout:/usr/bin/ceph: stderr
2024-09-13T02:41:49.421+0000 7f23f5d9b640 1 -- 172.21.15.100:0/3708490331 <== mon.0 v2:172.21.15.100:3300/0 1 ==== mon_map magic: 0 v1 ==== 229+0+0 (secure 0 0 0) 0x7f23e8032440 con 0x7f23f8100e60
2024-09-13T02:41:50.201 INFO:teuthology.orchestra.run.smithi100.stdout:/usr/bin/ceph: stderr
2024-09-13T02:41:49.421+0000 7f23f5d9b640 1 -- 172.21.15.100:0/3708490331 <== mon.0 v2:172.21.15.100:3300/0 2 ==== config(26 keys) v1 ==== 1005+0+0 (secure 0 0 0) 0x7f23e8032a00 con 0x7f23f8100e60
2024-09-13T02:41:50.201 INFO:teuthology.orchestra.run.smithi100.stdout:/usr/bin/ceph: stderr
2024-09-13T02:41:49.421+0000 7f23f5d9b640 1 -- 172.21.15.100:0/3708490331 <== mon.0 v2:172.21.15.100:3300/0 3 ==== mon_map magic: 0 v1 ==== 229+0+0 (secure 0 0 0) 0x7f23e80319e0 con 0x7f23f8100e60
2024-09-13T02:41:50.201 INFO:teuthology.orchestra.run.smithi100.stdout:/usr/bin/ceph: stderr
2024-09-13T02:41:49.422+0000 7f23fce40640 1 -- 172.21.15.100:0/3708490331 >> [v2:172.21.15.100:3300/0,v1:172.21.15.100:6789/0] conn(0x7f23f8100e60 msgr2=0x7f23f8101270 secure :-1 s=STATE_CONNECTION_ESTABLISHED l=1).mark_down
2024-09-13T02:41:50.201 INFO:teuthology.orchestra.run.smithi100.stdout:/usr/bin/ceph: stderr
2024-09-13T02:41:49.422+0000 7f23fce40640 1 --2- 172.21.15.100:0/3708490331 >> [v2:172.21.15.100:3300/0,v1:172.21.15.100:6789/0] conn(0x7f23f8100e60 0x7f23f8101270 secure :-1 s=READY pgs=24 cs=0 l=1 rev1=1 crypto rx=0x7f23e8009840 tx=0x7f23e80091d0 comp rx=0 tx=0).stop
2024-09-13T02:41:50.201 INFO:teuthology.orchestra.run.smithi100.stdout:/usr/bin/ceph: stderr
2024-09-13T02:41:49.422+0000 7f23fce40640 1 -- 172.21.15.100:0/3708490331 shutdown_connections
2024-09-13T02:41:50.201 INFO:teuthology.orchestra.run.smithi100.stdout:/usr/bin/ceph: stderr
2024-09-13T02:41:49.422+0000 7f23fce40640 1 --2- 172.21.15.100:0/3708490331 >> [v2:172.21.15.100:3300/0,v1:172.21.15.100:6789/0] conn(0x7f23f8100e60 0x7f23f8101270 unknown :-1 s=CLOSED pgs=24 cs=0 l=1 rev1=1 crypto rx=0 tx=0 comp rx=0 tx=0).stop
2024-09-13T02:41:50.201 INFO:teuthology.orchestra.run.smithi100.stdout:/usr/bin/ceph: stderr
2024-09-13T02:41:49.422+0000 7f23fce40640 1 -- 172.21.15.100:0/3708490331 >> 172.21.15.100:0/3708490331 conn(0x7f23f80fc5f0 msgr2=0x7f23f80fea00 unknown :-1 s=STATE_NONE l=0).mark_down
2024-09-13T02:41:50.201 INFO:teuthology.orchestra.run.smithi100.stdout:/usr/bin/ceph: stderr
2024-09-13T02:41:49.422+0000 7f23fce40640 1 -- 172.21.15.100:0/3708490331 shutdown_connections
2024-09-13T02:41:50.202 INFO:teuthology.orchestra.run.smithi100.stdout:/usr/bin/ceph: stderr
2024-09-13T02:41:49.422+0000 7f23fce40640 1 -- 172.21.15.100:0/3708490331 wait complete.
2024-09-13T02:41:50.202 INFO:teuthology.orchestra.run.smithi100.stdout:/usr/bin/ceph: stderr
2024-09-13T02:41:49.423+0000 7f23fce40640 1 Processor -- start
2024-09-13T02:41:50.202 INFO:teuthology.orchestra.run.smithi100.stdout:/usr/bin/ceph: stderr
2024-09-13T02:41:49.423+0000 7f23fce40640 1 -- start start
2024-09-13T02:41:50.202 INFO:teuthology.orchestra.run.smithi100.stdout:/usr/bin/ceph: stderr
2024-09-13T02:41:49.423+0000 7f23fce40640 1 --2- >> [v2:172.21.15.100:3300/0,v1:172.21.15.100:6789/0] conn(0x7f23f8100e60 0x7f23f81070c0 unknown :-1 s=NONE pgs=0 cs=0 l=1 rev1=0 crypto rx=0 tx=0 comp rx=0 tx=0).connect
2024-09-13T02:41:50.202 INFO:teuthology.orchestra.run.smithi100.stdout:/usr/bin/ceph: stderr
2024-09-13T02:41:49.423+0000 7f23fce40640 1 -- --> [v2:172.21.15.100:3300/0,v1:172.21.15.100:6789/0] -- mon_getmap magic: 0 v1 -- 0x7f23f8107600 con 0x7f23f8100e60
2024-09-13T02:41:50.202 INFO:teuthology.orchestra.run.smithi100.stdout:/usr/bin/ceph: stderr
2024-09-13T02:41:49.423+0000 7f23f659c640 1 --2- >> [v2:172.21.15.100:3300/0,v1:172.21.15.100:6789/0] conn(0x7f23f8100e60 0x7f23f81070c0 unknown :-1 s=BANNER_CONNECTING pgs=0 cs=0 l=1 rev1=0 crypto rx=0 tx=0 comp rx=0 tx=0)._handle_peer_banner_payload supported=3 required=0
2024-09-13T02:41:50.202 INFO:teuthology.orchestra.run.smithi100.stdout:/usr/bin/ceph: stderr
2024-09-13T02:41:49.423+0000 7f23f659c640 1 --2- >> [v2:172.21.15.100:3300/0,v1:172.21.15.100:6789/0] conn(0x7f23f8100e60 0x7f23f81070c0 unknown :-1 s=HELLO_CONNECTING pgs=0 cs=0 l=1 rev1=1 crypto rx=0 tx=0 comp rx=0 tx=0).handle_hello peer v2:172.21.15.100:3300/0 says I am v2:172.21.15.100:39510/0 (socket says 172.21.15.100:39510)
2024-09-13T02:41:50.202 INFO:teuthology.orchestra.run.smithi100.stdout:/usr/bin/ceph: stderr
2024-09-13T02:41:49.423+0000 7f23f659c640 1 -- 172.21.15.100:0/2315718781 learned_addr learned my addr 172.21.15.100:0/2315718781 (peer_addr_for_me v2:172.21.15.100:0/0)
2024-09-13T02:41:50.202 INFO:teuthology.orchestra.run.smithi100.stdout:/usr/bin/ceph: stderr
2024-09-13T02:41:49.423+0000 7f23f659c640 1 -- 172.21.15.100:0/2315718781 --> [v2:172.21.15.100:3300/0,v1:172.21.15.100:6789/0] -- mon_subscribe({config=0+,monmap=0+}) v3 -- 0x7f23e8009450 con 0x7f23f8100e60
2024-09-13T02:41:50.202 INFO:teuthology.orchestra.run.smithi100.stdout:/usr/bin/ceph: stderr
2024-09-13T02:41:49.423+0000 7f23f659c640 1 --2- 172.21.15.100:0/2315718781 >> [v2:172.21.15.100:3300/0,v1:172.21.15.100:6789/0] conn(0x7f23f8100e60 0x7f23f81070c0 secure :-1 s=READY pgs=25 cs=0 l=1 rev1=1 crypto rx=0x7f23e80098a0 tx=0x7f23e8008040 comp rx=0 tx=0).ready entity=mon.0 client_cookie=0 server_cookie=0 in_seq=0 out_seq=0
2024-09-13T02:41:50.202 INFO:teuthology.orchestra.run.smithi100.stdout:/usr/bin/ceph: stderr
2024-09-13T02:41:49.423+0000 7f23eeffd640 1 -- 172.21.15.100:0/2315718781 <== mon.0 v2:172.21.15.100:3300/0 1 ==== mon_map magic: 0 v1 ==== 229+0+0 (secure 0 0 0) 0x7f23e8032880 con 0x7f23f8100e60
2024-09-13T02:41:50.202 INFO:teuthology.orchestra.run.smithi100.stdout:/usr/bin/ceph: stderr
