2024-09-13T02:42:25.062+0000 7fadbe185640 1 --2- >> [v2:172.21.15.100:3300/0,v1:172.21.15.100:6789/0] conn(0x7fadb8101fa0 0x7fadb81023b0 unknown :-1 s=HELLO_CONNECTING pgs=0 cs=0 l=0 rev1=1 crypto rx=0 tx=0 comp rx=0 tx=0).handle_hello peer v2:172.21.15.100:3300/0 says I am v2:172.21.15.100:40694/0 (socket says 172.21.15.100:40694)
2024-09-13T02:42:26.393 INFO:teuthology.orchestra.run.smithi100.stdout:/usr/bin/ceph: stderr
2024-09-13T02:42:25.062+0000 7fadbe185640 1 -- 172.21.15.100:0/2117178861 learned_addr learned my addr 172.21.15.100:0/2117178861 (peer_addr_for_me v2:172.21.15.100:0/0)
2024-09-13T02:42:26.393 INFO:teuthology.orchestra.run.smithi100.stdout:/usr/bin/ceph: stderr
2024-09-13T02:42:25.063+0000 7fadbe185640 1 -- 172.21.15.100:0/2117178861 --> [v2:172.21.15.100:3300/0,v1:172.21.15.100:6789/0] -- mon_subscribe({config=0+,monmap=0+}) v3 -- 0x7fadb8102a30 con 0x7fadb8101fa0
2024-09-13T02:42:26.393 INFO:teuthology.orchestra.run.smithi100.stdout:/usr/bin/ceph: stderr
2024-09-13T02:42:25.063+0000 7fadbe185640 1 --2- 172.21.15.100:0/2117178861 >> [v2:172.21.15.100:3300/0,v1:172.21.15.100:6789/0] conn(0x7fadb8101fa0 0x7fadb81023b0 secure :-1 s=READY pgs=80 cs=0 l=1 rev1=1 crypto rx=0x7fadb4009840 tx=0x7fadb40091d0 comp rx=0 tx=0).ready entity=mon.0 client_cookie=11f4b31ce863f174 server_cookie=0 in_seq=0 out_seq=0
2024-09-13T02:42:26.393 INFO:teuthology.orchestra.run.smithi100.stdout:/usr/bin/ceph: stderr
2024-09-13T02:42:25.063+0000 7fadbd183640 1 -- 172.21.15.100:0/2117178861 <== mon.0 v2:172.21.15.100:3300/0 1 ==== mon_map magic: 0 v1 ==== 229+0+0 (secure 0 0 0) 0x7fadb4032440 con 0x7fadb8101fa0
2024-09-13T02:42:26.393 INFO:teuthology.orchestra.run.smithi100.stdout:/usr/bin/ceph: stderr
2024-09-13T02:42:25.064+0000 7fadbd183640 1 -- 172.21.15.100:0/2117178861 <== mon.0 v2:172.21.15.100:3300/0 2 ==== config(26 keys) v1 ==== 1070+0+0 (secure 0 0 0) 0x7fadb4032a40 con 0x7fadb8101fa0
2024-09-13T02:42:26.393 INFO:teuthology.orchestra.run.smithi100.stdout:/usr/bin/ceph: stderr
2024-09-13T02:42:25.064+0000 7fadbd183640 1 -- 172.21.15.100:0/2117178861 <== mon.0 v2:172.21.15.100:3300/0 3 ==== mon_map magic: 0 v1 ==== 229+0+0 (secure 0 0 0) 0x7fadb4031a70 con 0x7fadb8101fa0
2024-09-13T02:42:26.393 INFO:teuthology.orchestra.run.smithi100.stdout:/usr/bin/ceph: stderr
2024-09-13T02:42:25.064+0000 7fadc03e9640 1 -- 172.21.15.100:0/2117178861 >> [v2:172.21.15.100:3300/0,v1:172.21.15.100:6789/0] conn(0x7fadb8101fa0 msgr2=0x7fadb81023b0 secure :-1 s=STATE_CONNECTION_ESTABLISHED l=1).mark_down
2024-09-13T02:42:26.393 INFO:teuthology.orchestra.run.smithi100.stdout:/usr/bin/ceph: stderr
2024-09-13T02:42:25.064+0000 7fadc03e9640 1 --2- 172.21.15.100:0/2117178861 >> [v2:172.21.15.100:3300/0,v1:172.21.15.100:6789/0] conn(0x7fadb8101fa0 0x7fadb81023b0 secure :-1 s=READY pgs=80 cs=0 l=1 rev1=1 crypto rx=0x7fadb4009840 tx=0x7fadb40091d0 comp rx=0 tx=0).stop
2024-09-13T02:42:26.394 INFO:teuthology.orchestra.run.smithi100.stdout:/usr/bin/ceph: stderr
2024-09-13T02:42:25.064+0000 7fadc03e9640 1 -- 172.21.15.100:0/2117178861 shutdown_connections
2024-09-13T02:42:26.394 INFO:teuthology.orchestra.run.smithi100.stdout:/usr/bin/ceph: stderr
2024-09-13T02:42:25.064+0000 7fadc03e9640 1 --2- 172.21.15.100:0/2117178861 >> [v2:172.21.15.100:3300/0,v1:172.21.15.100:6789/0] conn(0x7fadb8101fa0 0x7fadb81023b0 unknown :-1 s=CLOSED pgs=80 cs=0 l=1 rev1=1 crypto rx=0 tx=0 comp rx=0 tx=0).stop
2024-09-13T02:42:26.394 INFO:teuthology.orchestra.run.smithi100.stdout:/usr/bin/ceph: stderr
2024-09-13T02:42:25.064+0000 7fadc03e9640 1 -- 172.21.15.100:0/2117178861 >> 172.21.15.100:0/2117178861 conn(0x7fadb80fd740 msgr2=0x7fadb80ffb50 unknown :-1 s=STATE_NONE l=0).mark_down
2024-09-13T02:42:26.394 INFO:teuthology.orchestra.run.smithi100.stdout:/usr/bin/ceph: stderr
2024-09-13T02:42:25.065+0000 7fadc03e9640 1 -- 172.21.15.100:0/2117178861 shutdown_connections
2024-09-13T02:42:26.394 INFO:teuthology.orchestra.run.smithi100.stdout:/usr/bin/ceph: stderr
2024-09-13T02:42:25.065+0000 7fadc03e9640 1 -- 172.21.15.100:0/2117178861 wait complete.
2024-09-13T02:42:26.394 INFO:teuthology.orchestra.run.smithi100.stdout:/usr/bin/ceph: stderr
2024-09-13T02:42:25.065+0000 7fadc03e9640 1 Processor -- start
2024-09-13T02:42:26.394 INFO:teuthology.orchestra.run.smithi100.stdout:/usr/bin/ceph: stderr
2024-09-13T02:42:25.065+0000 7fadc03e9640 1 -- start start
2024-09-13T02:42:26.394 INFO:teuthology.orchestra.run.smithi100.stdout:/usr/bin/ceph: stderr
2024-09-13T02:42:25.065+0000 7fadc03e9640 1 --2- >> [v2:172.21.15.100:3300/0,v1:172.21.15.100:6789/0] conn(0x7fadb8101fa0 0x7fadb8078c00 unknown :-1 s=NONE pgs=0 cs=0 l=1 rev1=0 crypto rx=0 tx=0 comp rx=0 tx=0).connect
2024-09-13T02:42:26.394 INFO:teuthology.orchestra.run.smithi100.stdout:/usr/bin/ceph: stderr
2024-09-13T02:42:25.065+0000 7fadc03e9640 1 -- --> [v2:172.21.15.100:3300/0,v1:172.21.15.100:6789/0] -- mon_getmap magic: 0 v1 -- 0x7fadb8079140 con 0x7fadb8101fa0
2024-09-13T02:42:26.394 INFO:teuthology.orchestra.run.smithi100.stdout:/usr/bin/ceph: stderr
2024-09-13T02:42:25.065+0000 7fadbe185640 1 --2- >> [v2:172.21.15.100:3300/0,v1:172.21.15.100:6789/0] conn(0x7fadb8101fa0 0x7fadb8078c00 unknown :-1 s=BANNER_CONNECTING pgs=0 cs=0 l=1 rev1=0 crypto rx=0 tx=0 comp rx=0 tx=0)._handle_peer_banner_payload supported=3 required=0
2024-09-13T02:42:26.394 INFO:teuthology.orchestra.run.smithi100.stdout:/usr/bin/ceph: stderr
2024-09-13T02:42:25.065+0000 7fadbe185640 1 --2- >> [v2:172.21.15.100:3300/0,v1:172.21.15.100:6789/0] conn(0x7fadb8101fa0 0x7fadb8078c00 unknown :-1 s=HELLO_CONNECTING pgs=0 cs=0 l=1 rev1=1 crypto rx=0 tx=0 comp rx=0 tx=0).handle_hello peer v2:172.21.15.100:3300/0 says I am v2:172.21.15.100:40702/0 (socket says 172.21.15.100:40702)
2024-09-13T02:42:26.394 INFO:teuthology.orchestra.run.smithi100.stdout:/usr/bin/ceph: stderr
2024-09-13T02:42:25.065+0000 7fadbe185640 1 -- 172.21.15.100:0/163935975 learned_addr learned my addr 172.21.15.100:0/163935975 (peer_addr_for_me v2:172.21.15.100:0/0)
2024-09-13T02:42:26.394 INFO:teuthology.orchestra.run.smithi100.stdout:/usr/bin/ceph: stderr
2024-09-13T02:42:25.066+0000 7fadbe185640 1 -- 172.21.15.100:0/163935975 --> [v2:172.21.15.100:3300/0,v1:172.21.15.100:6789/0] -- mon_subscribe({config=0+,monmap=0+}) v3 -- 0x7fadb4009450 con 0x7fadb8101fa0
2024-09-13T02:42:26.395 INFO:teuthology.orchestra.run.smithi100.stdout:/usr/bin/ceph: stderr
2024-09-13T02:42:25.066+0000 7fadbe185640 1 --2- 172.21.15.100:0/163935975 >> [v2:172.21.15.100:3300/0,v1:172.21.15.100:6789/0] conn(0x7fadb8101fa0 0x7fadb8078c00 secure :-1 s=READY pgs=81 cs=0 l=1 rev1=1 crypto rx=0x7fadb4006a70 tx=0x7fadb40091d0 comp rx=0 tx=0).ready entity=mon.0 client_cookie=0 server_cookie=0 in_seq=0 out_seq=0
2024-09-13T02:42:26.395 INFO:teuthology.orchestra.run.smithi100.stdout:/usr/bin/ceph: stderr
2024-09-13T02:42:25.066+0000 7fadaeffd640 1 -- 172.21.15.100:0/163935975 <== mon.0 v2:172.21.15.100:3300/0 1 ==== mon_map magic: 0 v1 ==== 229+0+0 (secure 0 0 0) 0x7fadb403c400 con 0x7fadb8101fa0
2024-09-13T02:42:26.395 INFO:teuthology.orchestra.run.smithi100.stdout:/usr/bin/ceph: stderr
2024-09-13T02:42:25.066+0000 7fadaeffd640 1 -- 172.21.15.100:0/163935975 <== mon.0 v2:172.21.15.100:3300/0 2 ==== config(26 keys) v1 ==== 1070+0+0 (secure 0 0 0) 0x7fadb403ca00 con 0x7fadb8101fa0
2024-09-13T02:42:26.395 INFO:teuthology.orchestra.run.smithi100.stdout:/usr/bin/ceph: stderr
2024-09-13T02:42:25.066+0000 7fadc03e9640 1 -- 172.21.15.100:0/163935975 --> [v2:172.21.15.100:3300/0,v1:172.21.15.100:6789/0] -- mon_subscribe({mgrmap=0+}) v3 -- 0x7fadb80771d0 con 0x7fadb8101fa0
2024-09-13T02:42:26.395 INFO:teuthology.orchestra.run.smithi100.stdout:/usr/bin/ceph: stderr
2024-09-13T02:42:25.066+0000 7fadc03e9640 1 -- 172.21.15.100:0/163935975 --> [v2:172.21.15.100:3300/0,v1:172.21.15.100:6789/0] -- mon_subscribe({osdmap=0}) v3 -- 0x7fadb8077640 con 0x7fadb8101fa0
2024-09-13T02:42:26.395 INFO:teuthology.orchestra.run.smithi100.stdout:/usr/bin/ceph: stderr
2024-09-13T02:42:25.066+0000 7fadaeffd640 1 -- 172.21.15.100:0/163935975 <== mon.0 v2:172.21.15.100:3300/0 3 ==== mon_map magic: 0 v1 ==== 229+0+0 (secure 0 0 0) 0x7fadb403a9a0 con 0x7fadb8101fa0
2024-09-13T02:42:26.395 INFO:teuthology.orchestra.run.smithi100.stdout:/usr/bin/ceph: stderr
2024-09-13T02:42:25.067+0000 7fadaeffd640 1 -- 172.21.15.100:0/163935975 <== mon.0 v2:172.21.15.100:3300/0 4 ==== mgrmap(e 12) v1 ==== 45520+0+0 (secure 0 0 0) 0x7fadb403ac20 con 0x7fadb8101fa0
2024-09-13T02:42:26.396 INFO:teuthology.orchestra.run.smithi100.stdout:/usr/bin/ceph: stderr
2024-09-13T02:42:25.067+0000 7fadaeffd640 1 --2- 172.21.15.100:0/163935975 >> [v2:172.21.15.100:6800/3842284467,v1:172.21.15.100:6801/3842284467] conn(0x7fada40394e0 0x7fada403b990 unknown :-1 s=NONE pgs=0 cs=0 l=1 rev1=0 crypto rx=0 tx=0 comp rx=0 tx=0).connect
2024-09-13T02:42:26.396 INFO:teuthology.orchestra.run.smithi100.stdout:/usr/bin/ceph: stderr
2024-09-13T02:42:25.067+0000 7fadaeffd640 1 -- 172.21.15.100:0/163935975 <== mon.0 v2:172.21.15.100:3300/0 5 ==== osd_map(3..3 src has 1..3) v4 ==== 1151+0+0 (secure 0 0 0) 0x7fadb406cf50 con 0x7fadb8101fa0
2024-09-13T02:42:26.396 INFO:teuthology.orchestra.run.smithi100.stdout:/usr/bin/ceph: stderr
2024-09-13T02:42:25.067+0000 7fadc03e9640 1 -- 172.21.15.100:0/163935975 --> [v2:172.21.15.100:3300/0,v1:172.21.15.100:6789/0] -- mon_command({"prefix": "get_command_descriptions"} v 0) v1 -- 0x7fadb8103dc0 con 0x7fadb8101fa0
2024-09-13T02:42:26.396 INFO:teuthology.orchestra.run.smithi100.stdout:/usr/bin/ceph: stderr
2024-09-13T02:42:25.068+0000 7fadbd984640 1 --2- 172.21.15.100:0/163935975 >> [v2:172.21.15.100:6800/3842284467,v1:172.21.15.100:6801/3842284467] conn(0x7fada40394e0 0x7fada403b990 unknown :-1 s=BANNER_CONNECTING pgs=0 cs=0 l=1 rev1=0 crypto rx=0 tx=0 comp rx=0 tx=0)._handle_peer_banner_payload supported=3 required=0
2024-09-13T02:42:26.396 INFO:teuthology.orchestra.run.smithi100.stdout:/usr/bin/ceph: stderr
2024-09-13T02:42:25.068+0000 7fadbd984640 1 --2- 172.21.15.100:0/163935975 >> [v2:172.21.15.100:6800/3842284467,v1:172.21.15.100:6801/3842284467] conn(0x7fada40394e0 0x7fada403b990 secure :-1 s=READY pgs=8 cs=0 l=1 rev1=1 crypto rx=0x7fada8006fd0 tx=0x7fada8006db0 comp rx=0 tx=0).ready entity=mgr.14160 client_cookie=0 server_cookie=0 in_seq=0 out_seq=0
2024-09-13T02:42:26.397 INFO:teuthology.orchestra.run.smithi100.stdout:/usr/bin/ceph: stderr
2024-09-13T02:42:25.072+0000 7fadaeffd640 1 -- 172.21.15.100:0/163935975 <== mon.0 v2:172.21.15.100:3300/0 6 ==== mon_command_ack([{"prefix": "get_command_descriptions"}]=0 v0) v1 ==== 72+0+176781 (secure 0 0 0) 0x7fadb4037070 con 0x7fadb8101fa0
2024-09-13T02:42:26.397 INFO:teuthology.orchestra.run.smithi100.stdout:/usr/bin/ceph: stderr
2024-09-13T02:42:25.249+0000 7fadc03e9640 1 -- 172.21.15.100:0/163935975 --> [v2:172.21.15.100:6800/3842284467,v1:172.21.15.100:6801/3842284467] -- mgr_command(tid 0: {"prefix": "dashboard ac-user-create", "username": "admin", "rolename": "administrator", "force_password": true, "pwd_update_required": true, "target": ["mon-mgr", ""]}) v1 -- 0x7fadb805eb60 con 0x7fada40394e0
2024-09-13T02:42:26.397 INFO:teuthology.orchestra.run.smithi100.stdout:/usr/bin/ceph: stderr
2024-09-13T02:42:25.473+0000 7fadaeffd640 1 -- 172.21.15.100:0/163935975 <== mgr.14160 v2:172.21.15.100:6800/3842284467 1 ==== mgr_command_reply(tid 0: 0 ) v1 ==== 8+0+252 (secure 0 0 0) 0x7fadb805eb60 con 0x7fada40394e0
2024-09-13T02:42:26.397 INFO:teuthology.orchestra.run.smithi100.stdout:/usr/bin/ceph: stderr
2024-09-13T02:42:25.475+0000 7fadc03e9640 1 -- 172.21.15.100:0/163935975 >> [v2:172.21.15.100:6800/3842284467,v1:172.21.15.100:6801/3842284467] conn(0x7fada40394e0 msgr2=0x7fada403b990 secure :-1 s=STATE_CONNECTION_ESTABLISHED l=1).mark_down
2024-09-13T02:42:26.397 INFO:teuthology.orchestra.run.smithi100.stdout:/usr/bin/ceph: stderr
2024-09-13T02:42:25.475+0000 7fadc03e9640 1 --2- 172.21.15.100:0/163935975 >> [v2:172.21.15.100:6800/3842284467,v1:172.21.15.100:6801/3842284467] conn(0x7fada40394e0 0x7fada403b990 secure :-1 s=READY pgs=8 cs=0 l=1 rev1=1 crypto rx=0x7fada8006fd0 tx=0x7fada8006db0 comp rx=0 tx=0).stop
2024-09-13T02:42:26.397 INFO:teuthology.orchestra.run.smithi100.stdout:/usr/bin/ceph: stderr
2024-09-13T02:42:25.475+0000 7fadc03e9640 1 -- 172.21.15.100:0/163935975 >> [v2:172.21.15.100:3300/0,v1:172.21.15.100:6789/0] conn(0x7fadb8101fa0 msgr2=0x7fadb8078c00 secure :-1 s=STATE_CONNECTION_ESTABLISHED l=1).mark_down
2024-09-13T02:42:26.398 INFO:teuthology.orchestra.run.smithi100.stdout:/usr/bin/ceph: stderr
2024-09-13T02:42:25.475+0000 7fadc03e9640 1 --2- 172.21.15.100:0/163935975 >> [v2:172.21.15.100:3300/0,v1:172.21.15.100:6789/0] conn(0x7fadb8101fa0 0x7fadb8078c00 secure :-1 s=READY pgs=81 cs=0 l=1 rev1=1 crypto rx=0x7fadb4006a70 tx=0x7fadb40091d0 comp rx=0 tx=0).stop
2024-09-13T02:42:26.398 INFO:teuthology.orchestra.run.smithi100.stdout:/usr/bin/ceph: stderr
2024-09-13T02:42:25.475+0000 7fadc03e9640 1 -- 172.21.15.100:0/163935975 shutdown_connections
2024-09-13T02:42:26.398 INFO:teuthology.orchestra.run.smithi100.stdout:/usr/bin/ceph: stderr
2024-09-13T02:42:25.475+0000 7fadc03e9640 1 --2- 172.21.15.100:0/163935975 >> [v2:172.21.15.100:6800/3842284467,v1:172.21.15.100:6801/3842284467] conn(0x7fada40394e0 0x7fada403b990 unknown :-1 s=CLOSED pgs=8 cs=0 l=1 rev1=1 crypto rx=0 tx=0 comp rx=0 tx=0).stop
2024-09-13T02:42:26.398 INFO:teuthology.orchestra.run.smithi100.stdout:/usr/bin/ceph: stderr
2024-09-13T02:42:25.475+0000 7fadc03e9640 1 --2- 172.21.15.100:0/163935975 >> [v2:172.21.15.100:3300/0,v1:172.21.15.100:6789/0] conn(0x7fadb8101fa0 0x7fadb8078c00 unknown :-1 s=CLOSED pgs=81 cs=0 l=1 rev1=1 crypto rx=0 tx=0 comp rx=0 tx=0).stop
2024-09-13T02:42:26.398 INFO:teuthology.orchestra.run.smithi100.stdout:/usr/bin/ceph: stderr
2024-09-13T02:42:25.475+0000 7fadc03e9640 1 -- 172.21.15.100:0/163935975 >> 172.21.15.100:0/163935975 conn(0x7fadb80fd740 msgr2=0x7fadb80fe2a0 unknown :-1 s=STATE_NONE l=0).mark_down
2024-09-13T02:42:26.398 INFO:teuthology.orchestra.run.smithi100.stdout:/usr/bin/ceph: stderr
2024-09-13T02:42:25.475+0000 7fadc03e9640 1 -- 172.21.15.100:0/163935975 shutdown_connections
2024-09-13T02:42:26.398 INFO:teuthology.orchestra.run.smithi100.stdout:/usr/bin/ceph: stderr
2024-09-13T02:42:25.475+0000 7fadc03e9640 1 -- 172.21.15.100:0/163935975 wait complete.
2024-09-13T02:42:26.398 INFO:teuthology.orchestra.run.smithi100.stdout:Fetching dashboard port number...
2024-09-13T02:42:27.426 INFO:journalctl@ceph.mon.smithi100.smithi100.stdout:Sep 13 02:42:27 smithi100 ceph-mon[27894]: from='client.? 172.21.15.100:0/2723991231' entity='client.admin' cmd=[{"prefix": "config get", "who": "mgr", "key": "mgr/dashboard/ssl_server_port"}]: dispatch
2024-09-13T02:42:27.767 INFO:teuthology.orchestra.run.smithi100.stdout:/usr/bin/ceph: stdout 8443
2024-09-13T02:42:27.767 INFO:teuthology.orchestra.run.smithi100.stdout:/usr/bin/ceph: stderr
2024-09-13T02:42:26.786+0000 7fdcb5b5e640 1 Processor -- start
2024-09-13T02:42:27.768 INFO:teuthology.orchestra.run.smithi100.stdout:/usr/bin/ceph: stderr
2024-09-13T02:42:26.786+0000 7fdcb5b5e640 1 -- start start
2024-09-13T02:42:27.768 INFO:teuthology.orchestra.run.smithi100.stdout:/usr/bin/ceph: stderr
2024-09-13T02:42:26.786+0000 7fdcb5b5e640 1 --2- >> [v2:172.21.15.100:3300/0,v1:172.21.15.100:6789/0] conn(0x7fdcb0101fa0 0x7fdcb01023b0 unknown :-1 s=NONE pgs=0 cs=0 l=0 rev1=0 crypto rx=0 tx=0 comp rx=0 tx=0).connect
2024-09-13T02:42:27.768 INFO:teuthology.orchestra.run.smithi100.stdout:/usr/bin/ceph: stderr
2024-09-13T02:42:26.786+0000 7fdcb5b5e640 1 -- --> [v2:172.21.15.100:3300/0,v1:172.21.15.100:6789/0] -- mon_getmap magic: 0 v1 -- 0x7fdcb01028f0 con 0x7fdcb0101fa0
2024-09-13T02:42:27.768 INFO:teuthology.orchestra.run.smithi100.stdout:/usr/bin/ceph: stderr
2024-09-13T02:42:26.786+0000 7fdcaf7fe640 1 --2- >> [v2:172.21.15.100:3300/0,v1:172.21.15.100:6789/0] conn(0x7fdcb0101fa0 0x7fdcb01023b0 unknown :-1 s=BANNER_CONNECTING pgs=0 cs=0 l=0 rev1=0 crypto rx=0 tx=0 comp rx=0 tx=0)._handle_peer_banner_payload supported=3 required=0
2024-09-13T02:42:27.768 INFO:teuthology.orchestra.run.smithi100.stdout:/usr/bin/ceph: stderr
2024-09-13T02:42:26.786+0000 7fdcaf7fe640 1 --2- >> [v2:172.21.15.100:3300/0,v1:172.21.15.100:6789/0] conn(0x7fdcb0101fa0 0x7fdcb01023b0 unknown :-1 s=HELLO_CONNECTING pgs=0 cs=0 l=0 rev1=1 crypto rx=0 tx=0 comp rx=0 tx=0).handle_hello peer v2:172.21.15.100:3300/0 says I am v2:172.21.15.100:40712/0 (socket says 172.21.15.100:40712)
2024-09-13T02:42:27.768 INFO:teuthology.orchestra.run.smithi100.stdout:/usr/bin/ceph: stderr
2024-09-13T02:42:26.786+0000 7fdcaf7fe640 1 -- 172.21.15.100:0/2428965866 learned_addr learned my addr 172.21.15.100:0/2428965866 (peer_addr_for_me v2:172.21.15.100:0/0)
2024-09-13T02:42:27.768 INFO:teuthology.orchestra.run.smithi100.stdout:/usr/bin/ceph: stderr
2024-09-13T02:42:26.787+0000 7fdcaf7fe640 1 -- 172.21.15.100:0/2428965866 --> [v2:172.21.15.100:3300/0,v1:172.21.15.100:6789/0] -- mon_subscribe({config=0+,monmap=0+}) v3 -- 0x7fdcb0102a30 con 0x7fdcb0101fa0
2024-09-13T02:42:27.768 INFO:teuthology.orchestra.run.smithi100.stdout:/usr/bin/ceph: stderr
2024-09-13T02:42:26.787+0000 7fdcaf7fe640 1 --2- 172.21.15.100:0/2428965866 >> [v2:172.21.15.100:3300/0,v1:172.21.15.100:6789/0] conn(0x7fdcb0101fa0 0x7fdcb01023b0 secure :-1 s=READY pgs=82 cs=0 l=1 rev1=1 crypto rx=0x7fdca0009840 tx=0x7fdca00091d0 comp rx=0 tx=0).ready entity=mon.0 client_cookie=484c26935dc1b03f server_cookie=0 in_seq=0 out_seq=0
2024-09-13T02:42:27.768 INFO:teuthology.orchestra.run.smithi100.stdout:/usr/bin/ceph: stderr
2024-09-13T02:42:26.788+0000 7fdcae7fc640 1 -- 172.21.15.100:0/2428965866 <== mon.0 v2:172.21.15.100:3300/0 1 ==== mon_map magic: 0 v1 ==== 229+0+0 (secure 0 0 0) 0x7fdca0032440 con 0x7fdcb0101fa0
2024-09-13T02:42:27.768 INFO:teuthology.orchestra.run.smithi100.stdout:/usr/bin/ceph: stderr
2024-09-13T02:42:26.788+0000 7fdcae7fc640 1 -- 172.21.15.100:0/2428965866 <== mon.0 v2:172.21.15.100:3300/0 2 ==== config(26 keys) v1 ==== 1070+0+0 (secure 0 0 0) 0x7fdca0032a40 con 0x7fdcb0101fa0
2024-09-13T02:42:27.768 INFO:teuthology.orchestra.run.smithi100.stdout:/usr/bin/ceph: stderr
2024-09-13T02:42:26.788+0000 7fdcae7fc640 1 -- 172.21.15.100:0/2428965866 <== mon.0 v2:172.21.15.100:3300/0 3 ==== mon_map magic: 0 v1 ==== 229+0+0 (secure 0 0 0) 0x7fdca0031a70 con 0x7fdcb0101fa0
2024-09-13T02:42:27.768 INFO:teuthology.orchestra.run.smithi100.stdout:/usr/bin/ceph: stderr
2024-09-13T02:42:26.788+0000 7fdcb5b5e640 1 -- 172.21.15.100:0/2428965866 >> [v2:172.21.15.100:3300/0,v1:172.21.15.100:6789/0] conn(0x7fdcb0101fa0 msgr2=0x7fdcb01023b0 secure :-1 s=STATE_CONNECTION_ESTABLISHED l=1).mark_down
2024-09-13T02:42:27.768 INFO:teuthology.orchestra.run.smithi100.stdout:/usr/bin/ceph: stderr
2024-09-13T02:42:26.788+0000 7fdcb5b5e640 1 --2- 172.21.15.100:0/2428965866 >> [v2:172.21.15.100:3300/0,v1:172.21.15.100:6789/0] conn(0x7fdcb0101fa0 0x7fdcb01023b0 secure :-1 s=READY pgs=82 cs=0 l=1 rev1=1 crypto rx=0x7fdca0009840 tx=0x7fdca00091d0 comp rx=0 tx=0).stop
2024-09-13T02:42:27.769 INFO:teuthology.orchestra.run.smithi100.stdout:/usr/bin/ceph: stderr
2024-09-13T02:42:26.788+0000 7fdcb5b5e640 1 -- 172.21.15.100:0/2428965866 shutdown_connections
2024-09-13T02:42:27.769 INFO:teuthology.orchestra.run.smithi100.stdout:/usr/bin/ceph: stderr
2024-09-13T02:42:26.788+0000 7fdcb5b5e640 1 --2- 172.21.15.100:0/2428965866 >> [v2:172.21.15.100:3300/0,v1:172.21.15.100:6789/0] conn(0x7fdcb0101fa0 0x7fdcb01023b0 unknown :-1 s=CLOSED pgs=82 cs=0 l=1 rev1=1 crypto rx=0 tx=0 comp rx=0 tx=0).stop
2024-09-13T02:42:27.769 INFO:teuthology.orchestra.run.smithi100.stdout:/usr/bin/ceph: stderr
2024-09-13T02:42:26.788+0000 7fdcb5b5e640 1 -- 172.21.15.100:0/2428965866 >> 172.21.15.100:0/2428965866 conn(0x7fdcb00fd740 msgr2=0x7fdcb00ffb50 unknown :-1 s=STATE_NONE l=0).mark_down
2024-09-13T02:42:27.769 INFO:teuthology.orchestra.run.smithi100.stdout:/usr/bin/ceph: stderr
2024-09-13T02:42:26.788+0000 7fdcb5b5e640 1 -- 172.21.15.100:0/2428965866 shutdown_connections
2024-09-13T02:42:27.769 INFO:teuthology.orchestra.run.smithi100.stdout:/usr/bin/ceph: stderr
2024-09-13T02:42:26.788+0000 7fdcb5b5e640 1 -- 172.21.15.100:0/2428965866 wait complete.
2024-09-13T02:42:27.769 INFO:teuthology.orchestra.run.smithi100.stdout:/usr/bin/ceph: stderr
2024-09-13T02:42:26.789+0000 7fdcb5b5e640 1 Processor -- start
2024-09-13T02:42:27.769 INFO:teuthology.orchestra.run.smithi100.stdout:/usr/bin/ceph: stderr
2024-09-13T02:42:26.789+0000 7fdcb5b5e640 1 -- start start
2024-09-13T02:42:27.769 INFO:teuthology.orchestra.run.smithi100.stdout:/usr/bin/ceph: stderr
2024-09-13T02:42:26.789+0000 7fdcb5b5e640 1 --2- >> [v2:172.21.15.100:3300/0,v1:172.21.15.100:6789/0] conn(0x7fdcb0101fa0 0x7fdcb0110e30 unknown :-1 s=NONE pgs=0 cs=0 l=1 rev1=0 crypto rx=0 tx=0 comp rx=0 tx=0).connect
2024-09-13T02:42:27.769 INFO:teuthology.orchestra.run.smithi100.stdout:/usr/bin/ceph: stderr
2024-09-13T02:42:26.789+0000 7fdcb5b5e640 1 -- --> [v2:172.21.15.100:3300/0,v1:172.21.15.100:6789/0] -- mon_getmap magic: 0 v1 -- 0x7fdcb0111370 con 0x7fdcb0101fa0
2024-09-13T02:42:27.769 INFO:teuthology.orchestra.run.smithi100.stdout:/usr/bin/ceph: stderr
2024-09-13T02:42:26.789+0000 7fdcaf7fe640 1 --2- >> [v2:172.21.15.100:3300/0,v1:172.21.15.100:6789/0] conn(0x7fdcb0101fa0 0x7fdcb0110e30 unknown :-1 s=BANNER_CONNECTING pgs=0 cs=0 l=1 rev1=0 crypto rx=0 tx=0 comp rx=0 tx=0)._handle_peer_banner_payload supported=3 required=0
2024-09-13T02:42:27.769 INFO:teuthology.orchestra.run.smithi100.stdout:/usr/bin/ceph: stderr
2024-09-13T02:42:26.789+0000 7fdcaf7fe640 1 --2- >> [v2:172.21.15.100:3300/0,v1:172.21.15.100:6789/0] conn(0x7fdcb0101fa0 0x7fdcb0110e30 unknown :-1 s=HELLO_CONNECTING pgs=0 cs=0 l=1 rev1=1 crypto rx=0 tx=0 comp rx=0 tx=0).handle_hello peer v2:172.21.15.100:3300/0 says I am v2:172.21.15.100:40720/0 (socket says 172.21.15.100:40720)
2024-09-13T02:42:27.769 INFO:teuthology.orchestra.run.smithi100.stdout:/usr/bin/ceph: stderr
2024-09-13T02:42:26.789+0000 7fdcaf7fe640 1 -- 172.21.15.100:0/2723991231 learned_addr learned my addr 172.21.15.100:0/2723991231 (peer_addr_for_me v2:172.21.15.100:0/0)
2024-09-13T02:42:27.769 INFO:teuthology.orchestra.run.smithi100.stdout:/usr/bin/ceph: stderr
2024-09-13T02:42:26.790+0000 7fdcaf7fe640 1 -- 172.21.15.100:0/2723991231 --> [v2:172.21.15.100:3300/0,v1:172.21.15.100:6789/0] -- mon_subscribe({config=0+,monmap=0+}) v3 -- 0x7fdca0009450 con 0x7fdcb0101fa0
2024-09-13T02:42:27.770 INFO:teuthology.orchestra.run.smithi100.stdout:/usr/bin/ceph: stderr
2024-09-13T02:42:26.790+0000 7fdcaf7fe640 1 --2- 172.21.15.100:0/2723991231 >> [v2:172.21.15.100:3300/0,v1:172.21.15.100:6789/0] conn(0x7fdcb0101fa0 0x7fdcb0110e30 secure :-1 s=READY pgs=83 cs=0 l=1 rev1=1 crypto rx=0x7fdca0006a70 tx=0x7fdca00091d0 comp rx=0 tx=0).ready entity=mon.0 client_cookie=0 server_cookie=0 in_seq=0 out_seq=0
2024-09-13T02:42:27.770 INFO:teuthology.orchestra.run.smithi100.stdout:/usr/bin/ceph: stderr
2024-09-13T02:42:26.790+0000 7fdc97fff640 1 -- 172.21.15.100:0/2723991231 <== mon.0 v2:172.21.15.100:3300/0 1 ==== mon_map magic: 0 v1 ==== 229+0+0 (secure 0 0 0) 0x7fdca003c400 con 0x7fdcb0101fa0
2024-09-13T02:42:27.770 INFO:teuthology.orchestra.run.smithi100.stdout:/usr/bin/ceph: stderr
2024-09-13T02:42:26.790+0000 7fdc97fff640 1 -- 172.21.15.100:0/2723991231 <== mon.0 v2:172.21.15.100:3300/0 2 ==== config(26 keys) v1 ==== 1070+0+0 (secure 0 0 0) 0x7fdca003ca00 con 0x7fdcb0101fa0
2024-09-13T02:42:27.770 INFO:teuthology.orchestra.run.smithi100.stdout:/usr/bin/ceph: stderr
2024-09-13T02:42:26.790+0000 7fdcb5b5e640 1 -- 172.21.15.100:0/2723991231 --> [v2:172.21.15.100:3300/0,v1:172.21.15.100:6789/0] -- mon_subscribe({mgrmap=0+}) v3 -- 0x7fdcb0111570 con 0x7fdcb0101fa0
2024-09-13T02:42:27.770 INFO:teuthology.orchestra.run.smithi100.stdout:/usr/bin/ceph: stderr
2024-09-13T02:42:26.790+0000 7fdc97fff640 1 -- 172.21.15.100:0/2723991231 <== mon.0 v2:172.21.15.100:3300/0 3 ==== mon_map magic: 0 v1 ==== 229+0+0 (secure 0 0 0) 0x7fdca003a9a0 con 0x7fdcb0101fa0
2024-09-13T02:42:27.770 INFO:teuthology.orchestra.run.smithi100.stdout:/usr/bin/ceph: stderr
2024-09-13T02:42:26.790+0000 7fdcb5b5e640 1 -- 172.21.15.100:0/2723991231 --> [v2:172.21.15.100:3300/0,v1:172.21.15.100:6789/0] -- mon_subscribe({osdmap=0}) v3 -- 0x7fdcb0111fc0 con 0x7fdcb0101fa0
2024-09-13T02:42:27.770 INFO:teuthology.orchestra.run.smithi100.stdout:/usr/bin/ceph: stderr
2024-09-13T02:42:26.791+0000 7fdc97fff640 1 -- 172.21.15.100:0/2723991231 <== mon.0 v2:172.21.15.100:3300/0 4 ==== mgrmap(e 12) v1 ==== 45520+0+0 (secure 0 0 0) 0x7fdca003abd0 con 0x7fdcb0101fa0
2024-09-13T02:42:27.770 INFO:teuthology.orchestra.run.smithi100.stdout:/usr/bin/ceph: stderr
2024-09-13T02:42:26.791+0000 7fdcb5b5e640 1 -- 172.21.15.100:0/2723991231 --> [v2:172.21.15.100:3300/0,v1:172.21.15.100:6789/0] -- mon_command({"prefix": "get_command_descriptions"} v 0) v1 -- 0x7fdcb0101400 con 0x7fdcb0101fa0
2024-09-13T02:42:27.770 INFO:teuthology.orchestra.run.smithi100.stdout:/usr/bin/ceph: stderr
2024-09-13T02:42:26.791+0000 7fdc97fff640 1 --2- 172.21.15.100:0/2723991231 >> [v2:172.21.15.100:6800/3842284467,v1:172.21.15.100:6801/3842284467] conn(0x7fdc98039530 0x7fdc9803b9e0 unknown :-1 s=NONE pgs=0 cs=0 l=1 rev1=0 crypto rx=0 tx=0 comp rx=0 tx=0).connect
2024-09-13T02:42:27.770 INFO:teuthology.orchestra.run.smithi100.stdout:/usr/bin/ceph: stderr
2024-09-13T02:42:26.791+0000 7fdc97fff640 1 -- 172.21.15.100:0/2723991231 <== mon.0 v2:172.21.15.100:3300/0 5 ==== osd_map(3..3 src has 1..3) v4 ==== 1151+0+0 (secure 0 0 0) 0x7fdca006d010 con 0x7fdcb0101fa0
2024-09-13T02:42:27.770 INFO:teuthology.orchestra.run.smithi100.stdout:/usr/bin/ceph: stderr
2024-09-13T02:42:26.791+0000 7fdcaeffd640 1 --2- 172.21.15.100:0/2723991231 >> [v2:172.21.15.100:6800/3842284467,v1:172.21.15.100:6801/3842284467] conn(0x7fdc98039530 0x7fdc9803b9e0 unknown :-1 s=BANNER_CONNECTING pgs=0 cs=0 l=1 rev1=0 crypto rx=0 tx=0 comp rx=0 tx=0)._handle_peer_banner_payload supported=3 required=0
2024-09-13T02:42:27.770 INFO:teuthology.orchestra.run.smithi100.stdout:/usr/bin/ceph: stderr
2024-09-13T02:42:26.792+0000 7fdcaeffd640 1 --2- 172.21.15.100:0/2723991231 >> [v2:172.21.15.100:6800/3842284467,v1:172.21.15.100:6801/3842284467] conn(0x7fdc98039530 0x7fdc9803b9e0 secure :-1 s=READY pgs=9 cs=0 l=1 rev1=1 crypto rx=0x7fdca4006fd0 tx=0x7fdca4006db0 comp rx=0 tx=0).ready entity=mgr.14160 client_cookie=0 server_cookie=0 in_seq=0 out_seq=0
2024-09-13T02:42:27.770 INFO:teuthology.orchestra.run.smithi100.stdout:/usr/bin/ceph: stderr
2024-09-13T02:42:26.796+0000 7fdc97fff640 1 -- 172.21.15.100:0/2723991231 <== mon.0 v2:172.21.15.100:3300/0 6 ==== mon_command_ack([{"prefix": "get_command_descriptions"}]=0 v0) v1 ==== 72+0+176781 (secure 0 0 0) 0x7fdca0030b20 con 0x7fdcb0101fa0
2024-09-13T02:42:27.770 INFO:teuthology.orchestra.run.smithi100.stdout:/usr/bin/ceph: stderr
2024-09-13T02:42:26.956+0000 7fdcb5b5e640 1 -- 172.21.15.100:0/2723991231 --> [v2:172.21.15.100:3300/0,v1:172.21.15.100:6789/0] -- mon_command({"prefix": "config get", "who": "mgr", "key": "mgr/dashboard/ssl_server_port"} v 0) v1 -- 0x7fdcb004b720 con 0x7fdcb0101fa0
2024-09-13T02:42:27.771 INFO:teuthology.orchestra.run.smithi100.stdout:/usr/bin/ceph: stderr
2024-09-13T02:42:26.957+0000 7fdc97fff640 1 -- 172.21.15.100:0/2723991231 <== mon.0 v2:172.21.15.100:3300/0 7 ==== mon_command_ack([{"prefix": "config get", "who": "mgr", "key": "mgr/dashboard/ssl_server_port"}]=0 v8) v1 ==== 112+0+5 (secure 0 0 0) 0x7fdca0037070 con 0x7fdcb0101fa0
2024-09-13T02:42:27.771 INFO:teuthology.orchestra.run.smithi100.stdout:/usr/bin/ceph: stderr
2024-09-13T02:42:26.959+0000 7fdcb5b5e640 1 -- 172.21.15.100:0/2723991231 >> [v2:172.21.15.100:6800/3842284467,v1:172.21.15.100:6801/3842284467] conn(0x7fdc98039530 msgr2=0x7fdc9803b9e0 secure :-1 s=STATE_CONNECTION_ESTABLISHED l=1).mark_down
2024-09-13T02:42:27.771 INFO:teuthology.orchestra.run.smithi100.stdout:/usr/bin/ceph: stderr
2024-09-13T02:42:26.959+0000 7fdcb5b5e640 1 --2- 172.21.15.100:0/2723991231 >> [v2:172.21.15.100:6800/3842284467,v1:172.21.15.100:6801/3842284467] conn(0x7fdc98039530 0x7fdc9803b9e0 secure :-1 s=READY pgs=9 cs=0 l=1 rev1=1 crypto rx=0x7fdca4006fd0 tx=0x7fdca4006db0 comp rx=0 tx=0).stop
2024-09-13T02:42:27.771 INFO:teuthology.orchestra.run.smithi100.stdout:/usr/bin/ceph: stderr
2024-09-13T02:42:26.959+0000 7fdcb5b5e640 1 -- 172.21.15.100:0/2723991231 >> [v2:172.21.15.100:3300/0,v1:172.21.15.100:6789/0] conn(0x7fdcb0101fa0 msgr2=0x7fdcb0110e30 secure :-1 s=STATE_CONNECTION_ESTABLISHED l=1).mark_down
2024-09-13T02:42:27.771 INFO:teuthology.orchestra.run.smithi100.stdout:/usr/bin/ceph: stderr
2024-09-13T02:42:26.959+0000 7fdcb5b5e640 1 --2- 172.21.15.100:0/2723991231 >> [v2:172.21.15.100:3300/0,v1:172.21.15.100:6789/0] conn(0x7fdcb0101fa0 0x7fdcb0110e30 secure :-1 s=READY pgs=83 cs=0 l=1 rev1=1 crypto rx=0x7fdca0006a70 tx=0x7fdca00091d0 comp rx=0 tx=0).stop
2024-09-13T02:42:27.771 INFO:teuthology.orchestra.run.smithi100.stdout:/usr/bin/ceph: stderr
2024-09-13T02:42:26.959+0000 7fdcb5b5e640 1 -- 172.21.15.100:0/2723991231 shutdown_connections
2024-09-13T02:42:27.771 INFO:teuthology.orchestra.run.smithi100.stdout:/usr/bin/ceph: stderr
2024-09-13T02:42:26.959+0000 7fdcb5b5e640 1 --2- 172.21.15.100:0/2723991231 >> [v2:172.21.15.100:6800/3842284467,v1:172.21.15.100:6801/3842284467] conn(0x7fdc98039530 0x7fdc9803b9e0 unknown :-1 s=CLOSED pgs=9 cs=0 l=1 rev1=1 crypto rx=0 tx=0 comp rx=0 tx=0).stop
2024-09-13T02:42:27.771 INFO:teuthology.orchestra.run.smithi100.stdout:/usr/bin/ceph: stderr
2024-09-13T02:42:26.959+0000 7fdcb5b5e640 1 --2- 172.21.15.100:0/2723991231 >> [v2:172.21.15.100:3300/0,v1:172.21.15.100:6789/0] conn(0x7fdcb0101fa0 0x7fdcb0110e30 unknown :-1 s=CLOSED pgs=83 cs=0 l=1 rev1=1 crypto rx=0 tx=0 comp rx=0 tx=0).stop
2024-09-13T02:42:27.771 INFO:teuthology.orchestra.run.smithi100.stdout:/usr/bin/ceph: stderr
2024-09-13T02:42:26.959+0000 7fdcb5b5e640 1 -- 172.21.15.100:0/2723991231 >> 172.21.15.100:0/2723991231 conn(0x7fdcb00fd740 msgr2=0x7fdcb00fe260 unknown :-1 s=STATE_NONE l=0).mark_down
2024-09-13T02:42:27.771 INFO:teuthology.orchestra.run.smithi100.stdout:/usr/bin/ceph: stderr
2024-09-13T02:42:26.959+0000 7fdcb5b5e640 1 -- 172.21.15.100:0/2723991231 shutdown_connections
2024-09-13T02:42:27.771 INFO:teuthology.orchestra.run.smithi100.stdout:/usr/bin/ceph: stderr
2024-09-13T02:42:26.959+0000 7fdcb5b5e640 1 -- 172.21.15.100:0/2723991231 wait complete.
2024-09-13T02:42:27.776 INFO:teuthology.orchestra.run.smithi100.stdout:Non-zero exit code 1 from systemctl is-enabled firewalld.service
2024-09-13T02:42:27.776 INFO:teuthology.orchestra.run.smithi100.stdout:systemctl: stdout disabled
2024-09-13T02:42:27.784 INFO:teuthology.orchestra.run.smithi100.stdout:Non-zero exit code 3 from systemctl is-active firewalld.service
2024-09-13T02:42:27.785 INFO:teuthology.orchestra.run.smithi100.stdout:systemctl: stdout inactive
2024-09-13T02:42:27.785 INFO:teuthology.orchestra.run.smithi100.stdout:firewalld.service is not enabled
2024-09-13T02:42:27.785 INFO:teuthology.orchestra.run.smithi100.stdout:Not possible to open ports <[8443]>. firewalld.service is not available
2024-09-13T02:42:27.787 INFO:teuthology.orchestra.run.smithi100.stdout:Ceph Dashboard is now available at:
2024-09-13T02:42:27.787 INFO:teuthology.orchestra.run.smithi100.stdout:
2024-09-13T02:42:27.787 INFO:teuthology.orchestra.run.smithi100.stdout: URL: https://smithi100.front.sepia.ceph.com:8443/
2024-09-13T02:42:27.787 INFO:teuthology.orchestra.run.smithi100.stdout: User: admin
2024-09-13T02:42:27.787 INFO:teuthology.orchestra.run.smithi100.stdout: Password: cgixst40j7
2024-09-13T02:42:27.787 INFO:teuthology.orchestra.run.smithi100.stdout:
2024-09-13T02:42:27.787 INFO:teuthology.orchestra.run.smithi100.stdout:Saving cluster configuration to /var/lib/ceph/84e01cde-7179-11ef-bceb-c7b262605968/config directory
2024-09-13T02:42:27.788 INFO:teuthology.orchestra.run.smithi100.stdout:Enabling autotune for osd_memory_target
2024-09-13T02:42:28.974 INFO:teuthology.orchestra.run.smithi100.stdout:/usr/bin/ceph: stderr
2024-09-13T02:42:28.189+0000 7f8aaebbe640 1 Processor -- start
2024-09-13T02:42:28.975 INFO:teuthology.orchestra.run.smithi100.stdout:/usr/bin/ceph: stderr
2024-09-13T02:42:28.189+0000 7f8aaebbe640 1 -- start start
2024-09-13T02:42:28.975 INFO:teuthology.orchestra.run.smithi100.stdout:/usr/bin/ceph: stderr
2024-09-13T02:42:28.189+0000 7f8aaebbe640 1 --2- >> [v2:172.21.15.100:3300/0,v1:172.21.15.100:6789/0] conn(0x7f8aa81013b0 0x7f8aa81017c0 unknown :-1 s=NONE pgs=0 cs=0 l=0 rev1=0 crypto rx=0 tx=0 comp rx=0 tx=0).connect
2024-09-13T02:42:28.975 INFO:teuthology.orchestra.run.smithi100.stdout:/usr/bin/ceph: stderr
2024-09-13T02:42:28.189+0000 7f8aaebbe640 1 -- --> [v2:172.21.15.100:3300/0,v1:172.21.15.100:6789/0] -- mon_getmap magic: 0 v1 -- 0x7f8aa8101d00 con 0x7f8aa81013b0
2024-09-13T02:42:28.975 INFO:teuthology.orchestra.run.smithi100.stdout:/usr/bin/ceph: stderr
2024-09-13T02:42:28.189+0000 7f8aac95a640 1 --2- >> [v2:172.21.15.100:3300/0,v1:172.21.15.100:6789/0] conn(0x7f8aa81013b0 0x7f8aa81017c0 unknown :-1 s=BANNER_CONNECTING pgs=0 cs=0 l=0 rev1=0 crypto rx=0 tx=0 comp rx=0 tx=0)._handle_peer_banner_payload supported=3 required=0
2024-09-13T02:42:28.975 INFO:teuthology.orchestra.run.smithi100.stdout:/usr/bin/ceph: stderr
2024-09-13T02:42:28.189+0000 7f8aac95a640 1 --2- >> [v2:172.21.15.100:3300/0,v1:172.21.15.100:6789/0] conn(0x7f8aa81013b0 0x7f8aa81017c0 unknown :-1 s=HELLO_CONNECTING pgs=0 cs=0 l=0 rev1=1 crypto rx=0 tx=0 comp rx=0 tx=0).handle_hello peer v2:172.21.15.100:3300/0 says I am v2:172.21.15.100:40724/0 (socket says 172.21.15.100:40724)
2024-09-13T02:42:28.975 INFO:teuthology.orchestra.run.smithi100.stdout:/usr/bin/ceph: stderr
2024-09-13T02:42:28.190+0000 7f8aac95a640 1 -- 172.21.15.100:0/33046810 learned_addr learned my addr 172.21.15.100:0/33046810 (peer_addr_for_me v2:172.21.15.100:0/0)
2024-09-13T02:42:28.975 INFO:teuthology.orchestra.run.smithi100.stdout:/usr/bin/ceph: stderr
2024-09-13T02:42:28.190+0000 7f8aac95a640 1 -- 172.21.15.100:0/33046810 --> [v2:172.21.15.100:3300/0,v1:172.21.15.100:6789/0] -- mon_subscribe({config=0+,monmap=0+}) v3 -- 0x7f8aa8101e40 con 0x7f8aa81013b0
2024-09-13T02:42:28.975 INFO:teuthology.orchestra.run.smithi100.stdout:/usr/bin/ceph: stderr
2024-09-13T02:42:28.190+0000 7f8aac95a640 1 --2- 172.21.15.100:0/33046810 >> [v2:172.21.15.100:3300/0,v1:172.21.15.100:6789/0] conn(0x7f8aa81013b0 0x7f8aa81017c0 secure :-1 s=READY pgs=84 cs=0 l=1 rev1=1 crypto rx=0x7f8a9c00baf0 tx=0x7f8a9c00b460 comp rx=0 tx=0).ready entity=mon.0 client_cookie=9132dd077fd11b26 server_cookie=0 in_seq=0 out_seq=0
2024-09-13T02:42:28.975 INFO:teuthology.orchestra.run.smithi100.stdout:/usr/bin/ceph: stderr
2024-09-13T02:42:28.191+0000 7f8aa77fe640 1 -- 172.21.15.100:0/33046810 <== mon.0 v2:172.21.15.100:3300/0 1 ==== mon_map magic: 0 v1 ==== 229+0+0 (secure 0 0 0) 0x7f8a9c0327a0 con 0x7f8aa81013b0
2024-09-13T02:42:28.975 INFO:teuthology.orchestra.run.smithi100.stdout:/usr/bin/ceph: stderr
2024-09-13T02:42:28.191+0000 7f8aa77fe640 1 -- 172.21.15.100:0/33046810 <== mon.0 v2:172.21.15.100:3300/0 2 ==== config(26 keys) v1 ==== 1070+0+0 (secure 0 0 0) 0x7f8a9c032da0 con 0x7f8aa81013b0
2024-09-13T02:42:28.975 INFO:teuthology.orchestra.run.smithi100.stdout:/usr/bin/ceph: stderr
2024-09-13T02:42:28.191+0000 7f8aa77fe640 1 -- 172.21.15.100:0/33046810 <== mon.0 v2:172.21.15.100:3300/0 3 ==== mon_map magic: 0 v1 ==== 229+0+0 (secure 0 0 0) 0x7f8a9c031e60 con 0x7f8aa81013b0
2024-09-13T02:42:28.975 INFO:teuthology.orchestra.run.smithi100.stdout:/usr/bin/ceph: stderr
2024-09-13T02:42:28.191+0000 7f8aaebbe640 1 -- 172.21.15.100:0/33046810 >> [v2:172.21.15.100:3300/0,v1:172.21.15.100:6789/0] conn(0x7f8aa81013b0 msgr2=0x7f8aa81017c0 secure :-1 s=STATE_CONNECTION_ESTABLISHED l=1).mark_down
2024-09-13T02:42:28.976 INFO:teuthology.orchestra.run.smithi100.stdout:/usr/bin/ceph: stderr
2024-09-13T02:42:28.191+0000 7f8aaebbe640 1 --2- 172.21.15.100:0/33046810 >> [v2:172.21.15.100:3300/0,v1:172.21.15.100:6789/0] conn(0x7f8aa81013b0 0x7f8aa81017c0 secure :-1 s=READY pgs=84 cs=0 l=1 rev1=1 crypto rx=0x7f8a9c00baf0 tx=0x7f8a9c00b460 comp rx=0 tx=0).stop
2024-09-13T02:42:28.976 INFO:teuthology.orchestra.run.smithi100.stdout:/usr/bin/ceph: stderr
2024-09-13T02:42:28.191+0000 7f8aaebbe640 1 -- 172.21.15.100:0/33046810 shutdown_connections
2024-09-13T02:42:28.976 INFO:teuthology.orchestra.run.smithi100.stdout:/usr/bin/ceph: stderr
2024-09-13T02:42:28.191+0000 7f8aaebbe640 1 --2- 172.21.15.100:0/33046810 >> [v2:172.21.15.100:3300/0,v1:172.21.15.100:6789/0] conn(0x7f8aa81013b0 0x7f8aa81017c0 unknown :-1 s=CLOSED pgs=84 cs=0 l=1 rev1=1 crypto rx=0 tx=0 comp rx=0 tx=0).stop
2024-09-13T02:42:28.976 INFO:teuthology.orchestra.run.smithi100.stdout:/usr/bin/ceph: stderr
2024-09-13T02:42:28.191+0000 7f8aaebbe640 1 -- 172.21.15.100:0/33046810 >> 172.21.15.100:0/33046810 conn(0x7f8aa80fbdc0 msgr2=0x7f8aa80fe1f0 unknown :-1 s=STATE_NONE l=0).mark_down
2024-09-13T02:42:28.976 INFO:teuthology.orchestra.run.smithi100.stdout:/usr/bin/ceph: stderr
2024-09-13T02:42:28.191+0000 7f8aaebbe640 1 -- 172.21.15.100:0/33046810 shutdown_connections
2024-09-13T02:42:28.976 INFO:teuthology.orchestra.run.smithi100.stdout:/usr/bin/ceph: stderr
2024-09-13T02:42:28.191+0000 7f8aaebbe640 1 -- 172.21.15.100:0/33046810 wait complete.
2024-09-13T02:42:28.976 INFO:teuthology.orchestra.run.smithi100.stdout:/usr/bin/ceph: stderr
2024-09-13T02:42:28.192+0000 7f8aaebbe640 1 Processor -- start
2024-09-13T02:42:28.976 INFO:teuthology.orchestra.run.smithi100.stdout:/usr/bin/ceph: stderr
2024-09-13T02:42:28.192+0000 7f8aaebbe640 1 -- start start
2024-09-13T02:42:28.976 INFO:teuthology.orchestra.run.smithi100.stdout:/usr/bin/ceph: stderr
2024-09-13T02:42:28.192+0000 7f8aaebbe640 1 --2- >> [v2:172.21.15.100:3300/0,v1:172.21.15.100:6789/0] conn(0x7f8aa81013b0 0x7f8aa810eb20 unknown :-1 s=NONE pgs=0 cs=0 l=1 rev1=0 crypto rx=0 tx=0 comp rx=0 tx=0).connect
2024-09-13T02:42:28.976 INFO:teuthology.orchestra.run.smithi100.stdout:/usr/bin/ceph: stderr
2024-09-13T02:42:28.192+0000 7f8aaebbe640 1 -- --> [v2:172.21.15.100:3300/0,v1:172.21.15.100:6789/0] -- mon_getmap magic: 0 v1 -- 0x7f8aa810f060 con 0x7f8aa81013b0
2024-09-13T02:42:28.976 INFO:teuthology.orchestra.run.smithi100.stdout:/usr/bin/ceph: stderr
2024-09-13T02:42:28.192+0000 7f8aac95a640 1 --2- >> [v2:172.21.15.100:3300/0,v1:172.21.15.100:6789/0] conn(0x7f8aa81013b0 0x7f8aa810eb20 unknown :-1 s=BANNER_CONNECTING pgs=0 cs=0 l=1 rev1=0 crypto rx=0 tx=0 comp rx=0 tx=0)._handle_peer_banner_payload supported=3 required=0
2024-09-13T02:42:28.976 INFO:teuthology.orchestra.run.smithi100.stdout:/usr/bin/ceph: stderr
2024-09-13T02:42:28.192+0000 7f8aac95a640 1 --2- >> [v2:172.21.15.100:3300/0,v1:172.21.15.100:6789/0] conn(0x7f8aa81013b0 0x7f8aa810eb20 unknown :-1 s=HELLO_CONNECTING pgs=0 cs=0 l=1 rev1=1 crypto rx=0 tx=0 comp rx=0 tx=0).handle_hello peer v2:172.21.15.100:3300/0 says I am v2:172.21.15.100:40730/0 (socket says 172.21.15.100:40730)
2024-09-13T02:42:28.976 INFO:teuthology.orchestra.run.smithi100.stdout:/usr/bin/ceph: stderr
2024-09-13T02:42:28.192+0000 7f8aac95a640 1 -- 172.21.15.100:0/3639338089 learned_addr learned my addr 172.21.15.100:0/3639338089 (peer_addr_for_me v2:172.21.15.100:0/0)
2024-09-13T02:42:28.977 INFO:teuthology.orchestra.run.smithi100.stdout:/usr/bin/ceph: stderr
2024-09-13T02:42:28.192+0000 7f8aac95a640 1 -- 172.21.15.100:0/3639338089 --> [v2:172.21.15.100:3300/0,v1:172.21.15.100:6789/0] -- mon_subscribe({config=0+,monmap=0+}) v3 -- 0x7f8a9c00b700 con 0x7f8aa81013b0
2024-09-13T02:42:28.977 INFO:teuthology.orchestra.run.smithi100.stdout:/usr/bin/ceph: stderr
2024-09-13T02:42:28.193+0000 7f8aac95a640 1 --2- 172.21.15.100:0/3639338089 >> [v2:172.21.15.100:3300/0,v1:172.21.15.100:6789/0] conn(0x7f8aa81013b0 0x7f8aa810eb20 secure :-1 s=READY pgs=85 cs=0 l=1 rev1=1 crypto rx=0x7f8a9c00b2c0 tx=0x7f8a9c03d040 comp rx=0 tx=0).ready entity=mon.0 client_cookie=0 server_cookie=0 in_seq=0 out_seq=0
2024-09-13T02:42:28.977 INFO:teuthology.orchestra.run.smithi100.stdout:/usr/bin/ceph: stderr
2024-09-13T02:42:28.193+0000 7f8aa57fa640 1 -- 172.21.15.100:0/3639338089 <== mon.0 v2:172.21.15.100:3300/0 1 ==== mon_map magic: 0 v1 ==== 229+0+0 (secure 0 0 0) 0x7f8a9c0329b0 con 0x7f8aa81013b0
2024-09-13T02:42:28.977 INFO:teuthology.orchestra.run.smithi100.stdout:/usr/bin/ceph: stderr
2024-09-13T02:42:28.193+0000 7f8aa57fa640 1 -- 172.21.15.100:0/3639338089 <== mon.0 v2:172.21.15.100:3300/0 2 ==== config(26 keys) v1 ==== 1070+0+0 (secure 0 0 0) 0x7f8a9c032b10 con 0x7f8aa81013b0
2024-09-13T02:42:28.977 INFO:teuthology.orchestra.run.smithi100.stdout:/usr/bin/ceph: stderr
2024-09-13T02:42:28.193+0000 7f8aaebbe640 1 -- 172.21.15.100:0/3639338089 --> [v2:172.21.15.100:3300/0,v1:172.21.15.100:6789/0] -- mon_subscribe({mgrmap=0+}) v3 -- 0x7f8aa810f260 con 0x7f8aa81013b0
2024-09-13T02:42:28.977 INFO:teuthology.orchestra.run.smithi100.stdout:/usr/bin/ceph: stderr
2024-09-13T02:42:28.193+0000 7f8aa57fa640 1 -- 172.21.15.100:0/3639338089 <== mon.0 v2:172.21.15.100:3300/0 3 ==== mon_map magic: 0 v1 ==== 229+0+0 (secure 0 0 0) 0x7f8a9c045640 con 0x7f8aa81013b0
2024-09-13T02:42:28.977 INFO:teuthology.orchestra.run.smithi100.stdout:/usr/bin/ceph: stderr
2024-09-13T02:42:28.193+0000 7f8aaebbe640 1 -- 172.21.15.100:0/3639338089 --> [v2:172.21.15.100:3300/0,v1:172.21.15.100:6789/0] -- mon_subscribe({osdmap=0}) v3 -- 0x7f8aa810f6d0 con 0x7f8aa81013b0
2024-09-13T02:42:28.977 INFO:teuthology.orchestra.run.smithi100.stdout:/usr/bin/ceph: stderr
2024-09-13T02:42:28.194+0000 7f8aa57fa640 1 -- 172.21.15.100:0/3639338089 <== mon.0 v2:172.21.15.100:3300/0 4 ==== mgrmap(e 13) v1 ==== 45564+0+0 (secure 0 0 0) 0x7f8a9c0457f0 con 0x7f8aa81013b0
2024-09-13T02:42:28.977 INFO:teuthology.orchestra.run.smithi100.stdout:/usr/bin/ceph: stderr
2024-09-13T02:42:28.194+0000 7f8aaebbe640 1 -- 172.21.15.100:0/3639338089 --> [v2:172.21.15.100:3300/0,v1:172.21.15.100:6789/0] -- mon_command({"prefix": "get_command_descriptions"} v 0) v1 -- 0x7f8aa804b720 con 0x7f8aa81013b0
2024-09-13T02:42:28.977 INFO:teuthology.orchestra.run.smithi100.stdout:/usr/bin/ceph: stderr
2024-09-13T02:42:28.194+0000 7f8aa57fa640 1 --2- 172.21.15.100:0/3639338089 >> [v2:172.21.15.100:6800/3842284467,v1:172.21.15.100:6801/3842284467] conn(0x7f8a980395d0 0x7f8a9803ba80 unknown :-1 s=NONE pgs=0 cs=0 l=1 rev1=0 crypto rx=0 tx=0 comp rx=0 tx=0).connect
2024-09-13T02:42:28.977 INFO:teuthology.orchestra.run.smithi100.stdout:/usr/bin/ceph: stderr
2024-09-13T02:42:28.194+0000 7f8aa57fa640 1 -- 172.21.15.100:0/3639338089 <== mon.0 v2:172.21.15.100:3300/0 5 ==== osd_map(3..3 src has 1..3) v4 ==== 1151+0+0 (secure 0 0 0) 0x7f8a9c06fe70 con 0x7f8aa81013b0
2024-09-13T02:42:28.977 INFO:teuthology.orchestra.run.smithi100.stdout:/usr/bin/ceph: stderr
2024-09-13T02:42:28.194+0000 7f8aa7fff640 1 --2- 172.21.15.100:0/3639338089 >> [v2:172.21.15.100:6800/3842284467,v1:172.21.15.100:6801/3842284467] conn(0x7f8a980395d0 0x7f8a9803ba80 unknown :-1 s=BANNER_CONNECTING pgs=0 cs=0 l=1 rev1=0 crypto rx=0 tx=0 comp rx=0 tx=0)._handle_peer_banner_payload supported=3 required=0
2024-09-13T02:42:28.977 INFO:teuthology.orchestra.run.smithi100.stdout:/usr/bin/ceph: stderr
2024-09-13T02:42:28.194+0000 7f8aa7fff640 1 --2- 172.21.15.100:0/3639338089 >> [v2:172.21.15.100:6800/3842284467,v1:172.21.15.100:6801/3842284467] conn(0x7f8a980395d0 0x7f8a9803ba80 secure :-1 s=READY pgs=10 cs=0 l=1 rev1=1 crypto rx=0x7f8a94006fd0 tx=0x7f8a94006db0 comp rx=0 tx=0).ready entity=mgr.14160 client_cookie=0 server_cookie=0 in_seq=0 out_seq=0
2024-09-13T02:42:28.978 INFO:teuthology.orchestra.run.smithi100.stdout:/usr/bin/ceph: stderr
2024-09-13T02:42:28.198+0000 7f8aa57fa640 1 -- 172.21.15.100:0/3639338089 <== mon.0 v2:172.21.15.100:3300/0 6 ==== mon_command_ack([{"prefix": "get_command_descriptions"}]=0 v0) v1 ==== 72+0+176781 (secure 0 0 0) 0x7f8a9c04c300 con 0x7f8aa81013b0
2024-09-13T02:42:28.978 INFO:teuthology.orchestra.run.smithi100.stdout:/usr/bin/ceph: stderr
2024-09-13T02:42:28.358+0000 7f8aaebbe640 1 -- 172.21.15.100:0/3639338089 --> [v2:172.21.15.100:3300/0,v1:172.21.15.100:6789/0] -- mon_command([{prefix=config set, name=osd_memory_target_autotune}] v 0) v1 -- 0x7f8aa8110030 con 0x7f8aa81013b0
2024-09-13T02:42:28.978 INFO:teuthology.orchestra.run.smithi100.stdout:/usr/bin/ceph: stderr
2024-09-13T02:42:28.359+0000 7f8aa57fa640 1 -- 172.21.15.100:0/3639338089 <== mon.0 v2:172.21.15.100:3300/0 7 ==== mon_command_ack([{prefix=config set, name=osd_memory_target_autotune}]=0 v8)=0 v8) v1 ==== 127+0+0 (secure 0 0 0) 0x7f8a9c036070 con 0x7f8aa81013b0
2024-09-13T02:42:28.978 INFO:teuthology.orchestra.run.smithi100.stdout:/usr/bin/ceph: stderr
2024-09-13T02:42:28.360+0000 7f8aaebbe640 1 -- 172.21.15.100:0/3639338089 >> [v2:172.21.15.100:6800/3842284467,v1:172.21.15.100:6801/3842284467] conn(0x7f8a980395d0 msgr2=0x7f8a9803ba80 secure :-1 s=STATE_CONNECTION_ESTABLISHED l=1).mark_down
2024-09-13T02:42:28.978 INFO:teuthology.orchestra.run.smithi100.stdout:/usr/bin/ceph: stderr
2024-09-13T02:42:28.360+0000 7f8aaebbe640 1 --2- 172.21.15.100:0/3639338089 >> [v2:172.21.15.100:6800/3842284467,v1:172.21.15.100:6801/3842284467] conn(0x7f8a980395d0 0x7f8a9803ba80 secure :-1 s=READY pgs=10 cs=0 l=1 rev1=1 crypto rx=0x7f8a94006fd0 tx=0x7f8a94006db0 comp rx=0 tx=0).stop
2024-09-13T02:42:28.978 INFO:teuthology.orchestra.run.smithi100.stdout:/usr/bin/ceph: stderr
2024-09-13T02:42:28.360+0000 7f8aaebbe640 1 -- 172.21.15.100:0/3639338089 >> [v2:172.21.15.100:3300/0,v1:172.21.15.100:6789/0] conn(0x7f8aa81013b0 msgr2=0x7f8aa810eb20 secure :-1 s=STATE_CONNECTION_ESTABLISHED l=1).mark_down
2024-09-13T02:42:28.978 INFO:teuthology.orchestra.run.smithi100.stdout:/usr/bin/ceph: stderr
2024-09-13T02:42:28.360+0000 7f8aaebbe640 1 --2- 172.21.15.100:0/3639338089 >> [v2:172.21.15.100:3300/0,v1:172.21.15.100:6789/0] conn(0x7f8aa81013b0 0x7f8aa810eb20 secure :-1 s=READY pgs=85 cs=0 l=1 rev1=1 crypto rx=0x7f8a9c00b2c0 tx=0x7f8a9c03d040 comp rx=0 tx=0).stop
2024-09-13T02:42:28.978 INFO:teuthology.orchestra.run.smithi100.stdout:/usr/bin/ceph: stderr
2024-09-13T02:42:28.361+0000 7f8aaebbe640 1 -- 172.21.15.100:0/3639338089 shutdown_connections
2024-09-13T02:42:28.978 INFO:teuthology.orchestra.run.smithi100.stdout:/usr/bin/ceph: stderr
2024-09-13T02:42:28.361+0000 7f8aaebbe640 1 --2- 172.21.15.100:0/3639338089 >> [v2:172.21.15.100:6800/3842284467,v1:172.21.15.100:6801/3842284467] conn(0x7f8a980395d0 0x7f8a9803ba80 unknown :-1 s=CLOSED pgs=10 cs=0 l=1 rev1=1 crypto rx=0 tx=0 comp rx=0 tx=0).stop
2024-09-13T02:42:28.978 INFO:teuthology.orchestra.run.smithi100.stdout:/usr/bin/ceph: stderr
2024-09-13T02:42:28.361+0000 7f8aaebbe640 1 --2- 172.21.15.100:0/3639338089 >> [v2:172.21.15.100:3300/0,v1:172.21.15.100:6789/0] conn(0x7f8aa81013b0 0x7f8aa810eb20 unknown :-1 s=CLOSED pgs=85 cs=0 l=1 rev1=1 crypto rx=0 tx=0 comp rx=0 tx=0).stop
2024-09-13T02:42:28.978 INFO:teuthology.orchestra.run.smithi100.stdout:/usr/bin/ceph: stderr
2024-09-13T02:42:28.361+0000 7f8aaebbe640 1 -- 172.21.15.100:0/3639338089 >> 172.21.15.100:0/3639338089 conn(0x7f8aa80fbdc0 msgr2=0x7f8aa81053c0 unknown :-1 s=STATE_NONE l=0).mark_down
2024-09-13T02:42:28.978 INFO:teuthology.orchestra.run.smithi100.stdout:/usr/bin/ceph: stderr
2024-09-13T02:42:28.361+0000 7f8aaebbe640 1 -- 172.21.15.100:0/3639338089 shutdown_connections
2024-09-13T02:42:28.978 INFO:teuthology.orchestra.run.smithi100.stdout:/usr/bin/ceph: stderr
2024-09-13T02:42:28.361+0000 7f8aaebbe640 1 -- 172.21.15.100:0/3639338089 wait complete.
2024-09-13T02:42:29.337 INFO:journalctl@ceph.mon.smithi100.smithi100.stdout:Sep 13 02:42:29 smithi100 ceph-mon[27894]: mgrmap e13: smithi100.lhjyck(active, since 6s)
2024-09-13T02:42:30.241 INFO:teuthology.orchestra.run.smithi100.stdout:/usr/bin/ceph: stderr
2024-09-13T02:42:29.419+0000 7f7b1ffaa640 1 Processor -- start
2024-09-13T02:42:30.241 INFO:teuthology.orchestra.run.smithi100.stdout:/usr/bin/ceph: stderr
2024-09-13T02:42:29.419+0000 7f7b1ffaa640 1 -- start start
2024-09-13T02:42:30.241 INFO:teuthology.orchestra.run.smithi100.stdout:/usr/bin/ceph: stderr
2024-09-13T02:42:29.419+0000 7f7b1ffaa640 1 --2- >> [v2:172.21.15.100:3300/0,v1:172.21.15.100:6789/0] conn(0x7f7b18102070 0x7f7b18102480 unknown :-1 s=NONE pgs=0 cs=0 l=0 rev1=0 crypto rx=0 tx=0 comp rx=0 tx=0).connect
2024-09-13T02:42:30.241 INFO:teuthology.orchestra.run.smithi100.stdout:/usr/bin/ceph: stderr
2024-09-13T02:42:29.419+0000 7f7b1ffaa640 1 -- --> [v2:172.21.15.100:3300/0,v1:172.21.15.100:6789/0] -- mon_getmap magic: 0 v1 -- 0x7f7b181029c0 con 0x7f7b18102070
2024-09-13T02:42:30.241 INFO:teuthology.orchestra.run.smithi100.stdout:/usr/bin/ceph: stderr
2024-09-13T02:42:29.419+0000 7f7b1dd46640 1 --2- >> [v2:172.21.15.100:3300/0,v1:172.21.15.100:6789/0] conn(0x7f7b18102070 0x7f7b18102480 unknown :-1 s=BANNER_CONNECTING pgs=0 cs=0 l=0 rev1=0 crypto rx=0 tx=0 comp rx=0 tx=0)._handle_peer_banner_payload supported=3 required=0
2024-09-13T02:42:30.241 INFO:teuthology.orchestra.run.smithi100.stdout:/usr/bin/ceph: stderr
2024-09-13T02:42:29.419+0000 7f7b1dd46640 1 --2- >> [v2:172.21.15.100:3300/0,v1:172.21.15.100:6789/0] conn(0x7f7b18102070 0x7f7b18102480 unknown :-1 s=HELLO_CONNECTING pgs=0 cs=0 l=0 rev1=1 crypto rx=0 tx=0 comp rx=0 tx=0).handle_hello peer v2:172.21.15.100:3300/0 says I am v2:172.21.15.100:43474/0 (socket says 172.21.15.100:43474)
2024-09-13T02:42:30.241 INFO:teuthology.orchestra.run.smithi100.stdout:/usr/bin/ceph: stderr
2024-09-13T02:42:29.419+0000 7f7b1dd46640 1 -- 172.21.15.100:0/2803373663 learned_addr learned my addr 172.21.15.100:0/2803373663 (peer_addr_for_me v2:172.21.15.100:0/0)
2024-09-13T02:42:30.241 INFO:teuthology.orchestra.run.smithi100.stdout:/usr/bin/ceph: stderr
2024-09-13T02:42:29.419+0000 7f7b1dd46640 1 -- 172.21.15.100:0/2803373663 --> [v2:172.21.15.100:3300/0,v1:172.21.15.100:6789/0] -- mon_subscribe({config=0+,monmap=0+}) v3 -- 0x7f7b18102b00 con 0x7f7b18102070
