2024-09-13T02:43:35.246 INFO:teuthology.orchestra.run.smithi098.stdout:/usr/bin/ceph: stderr
2024-09-13T02:43:34.310+0000 7f695d943700 1 -- 172.21.15.98:0/1016904152 --> [v2:172.21.15.98:3300/0,v1:172.21.15.98:6789/0] -- mon_command({"prefix": "get_command_descriptions"} v 0) v1 -- 0x7f69580623f0 con 0x7f695807bde0
2024-09-13T02:43:35.246 INFO:teuthology.orchestra.run.smithi098.stdout:/usr/bin/ceph: stderr
2024-09-13T02:43:34.310+0000 7f695c941700 1 --2- 172.21.15.98:0/1016904152 >> [v2:172.21.15.98:6800/2,v1:172.21.15.98:6801/2] conn(0x7f69440383b0 0x7f694403a860 unknown :-1 s=NONE pgs=0 cs=0 l=1 rev1=0 crypto rx=0 tx=0 comp rx=0 tx=0).connect
2024-09-13T02:43:35.247 INFO:teuthology.orchestra.run.smithi098.stdout:/usr/bin/ceph: stderr
2024-09-13T02:43:34.310+0000 7f695c941700 1 -- 172.21.15.98:0/1016904152 <== mon.0 v2:172.21.15.98:3300/0 5 ==== osd_map(2..2 src has 1..2) v4 ==== 940+0+0 (secure 0 0 0) 0x7f695004bde0 con 0x7f695807bde0
2024-09-13T02:43:35.247 INFO:teuthology.orchestra.run.smithi098.stdout:/usr/bin/ceph: stderr
2024-09-13T02:43:34.311+0000 7f69567fc700 1 --2- 172.21.15.98:0/1016904152 >> [v2:172.21.15.98:6800/2,v1:172.21.15.98:6801/2] conn(0x7f69440383b0 0x7f694403a860 unknown :-1 s=BANNER_CONNECTING pgs=0 cs=0 l=1 rev1=0 crypto rx=0 tx=0 comp rx=0 tx=0)._handle_peer_banner_payload supported=3 required=0
2024-09-13T02:43:35.247 INFO:teuthology.orchestra.run.smithi098.stdout:/usr/bin/ceph: stderr
2024-09-13T02:43:34.311+0000 7f69567fc700 1 --2- 172.21.15.98:0/1016904152 >> [v2:172.21.15.98:6800/2,v1:172.21.15.98:6801/2] conn(0x7f69440383b0 0x7f694403a860 secure :-1 s=READY pgs=9 cs=0 l=1 rev1=1 crypto rx=0x7f6940006fd0 tx=0x7f6940006e40 comp rx=0 tx=0).ready entity=mgr.14120 client_cookie=0 server_cookie=0 in_seq=0 out_seq=0
2024-09-13T02:43:35.247 INFO:teuthology.orchestra.run.smithi098.stdout:/usr/bin/ceph: stderr
2024-09-13T02:43:34.315+0000 7f695c941700 1 -- 172.21.15.98:0/1016904152 <== mon.0 v2:172.21.15.98:3300/0 6 ==== mon_command_ack([{"prefix": "get_command_descriptions"}]=0 v0) v1 ==== 72+0+177933 (secure 0 0 0) 0x7f69580623f0 con 0x7f695807bde0
2024-09-13T02:43:35.247 INFO:teuthology.orchestra.run.smithi098.stdout:/usr/bin/ceph: stderr
2024-09-13T02:43:34.506+0000 7f695d943700 1 -- 172.21.15.98:0/1016904152 --> [v2:172.21.15.98:6800/2,v1:172.21.15.98:6801/2] -- mgr_command(tid 0: {"prefix": "cephadm generate-key", "target": ["mon-mgr", ""]}) v1 -- 0x7f69580623f0 con 0x7f69440383b0
2024-09-13T02:43:35.247 INFO:teuthology.orchestra.run.smithi098.stdout:/usr/bin/ceph: stderr
2024-09-13T02:43:34.680+0000 7f695c941700 1 -- 172.21.15.98:0/1016904152 <== mgr.14120 v2:172.21.15.98:6800/2 1 ==== mgr_command_reply(tid 0: 0 ) v1 ==== 8+0+0 (secure 0 0 0) 0x7f69580623f0 con 0x7f69440383b0
2024-09-13T02:43:35.247 INFO:teuthology.orchestra.run.smithi098.stdout:/usr/bin/ceph: stderr
2024-09-13T02:43:34.682+0000 7f695d943700 1 -- 172.21.15.98:0/1016904152 >> [v2:172.21.15.98:6800/2,v1:172.21.15.98:6801/2] conn(0x7f69440383b0 msgr2=0x7f694403a860 secure :-1 s=STATE_CONNECTION_ESTABLISHED l=1).mark_down
2024-09-13T02:43:35.247 INFO:teuthology.orchestra.run.smithi098.stdout:/usr/bin/ceph: stderr
2024-09-13T02:43:34.682+0000 7f695d943700 1 --2- 172.21.15.98:0/1016904152 >> [v2:172.21.15.98:6800/2,v1:172.21.15.98:6801/2] conn(0x7f69440383b0 0x7f694403a860 secure :-1 s=READY pgs=9 cs=0 l=1 rev1=1 crypto rx=0x7f6940006fd0 tx=0x7f6940006e40 comp rx=0 tx=0).stop
2024-09-13T02:43:35.247 INFO:teuthology.orchestra.run.smithi098.stdout:/usr/bin/ceph: stderr
2024-09-13T02:43:34.682+0000 7f695d943700 1 -- 172.21.15.98:0/1016904152 >> [v2:172.21.15.98:3300/0,v1:172.21.15.98:6789/0] conn(0x7f695807bde0 msgr2=0x7f695819baf0 secure :-1 s=STATE_CONNECTION_ESTABLISHED l=1).mark_down
2024-09-13T02:43:35.247 INFO:teuthology.orchestra.run.smithi098.stdout:/usr/bin/ceph: stderr
2024-09-13T02:43:34.682+0000 7f695d943700 1 --2- 172.21.15.98:0/1016904152 >> [v2:172.21.15.98:3300/0,v1:172.21.15.98:6789/0] conn(0x7f695807bde0 0x7f695819baf0 secure :-1 s=READY pgs=42 cs=0 l=1 rev1=1 crypto rx=0x7f695000b7b0 tx=0x7f6950004430 comp rx=0 tx=0).stop
2024-09-13T02:43:35.247 INFO:teuthology.orchestra.run.smithi098.stdout:/usr/bin/ceph: stderr
2024-09-13T02:43:34.682+0000 7f695d943700 1 -- 172.21.15.98:0/1016904152 shutdown_connections
2024-09-13T02:43:35.248 INFO:teuthology.orchestra.run.smithi098.stdout:/usr/bin/ceph: stderr
2024-09-13T02:43:34.682+0000 7f695d943700 1 --2- 172.21.15.98:0/1016904152 >> [v2:172.21.15.98:6800/2,v1:172.21.15.98:6801/2] conn(0x7f69440383b0 0x7f694403a860 unknown :-1 s=CLOSED pgs=9 cs=0 l=1 rev1=1 crypto rx=0 tx=0 comp rx=0 tx=0).stop
2024-09-13T02:43:35.248 INFO:teuthology.orchestra.run.smithi098.stdout:/usr/bin/ceph: stderr
2024-09-13T02:43:34.682+0000 7f695d943700 1 --2- 172.21.15.98:0/1016904152 >> [v2:172.21.15.98:3300/0,v1:172.21.15.98:6789/0] conn(0x7f695807bde0 0x7f695819baf0 unknown :-1 s=CLOSED pgs=42 cs=0 l=1 rev1=1 crypto rx=0 tx=0 comp rx=0 tx=0).stop
2024-09-13T02:43:35.248 INFO:teuthology.orchestra.run.smithi098.stdout:/usr/bin/ceph: stderr
2024-09-13T02:43:34.682+0000 7f695d943700 1 -- 172.21.15.98:0/1016904152 >> 172.21.15.98:0/1016904152 conn(0x7f6958101220 msgr2=0x7f6958102890 unknown :-1 s=STATE_NONE l=0).mark_down
2024-09-13T02:43:35.248 INFO:teuthology.orchestra.run.smithi098.stdout:/usr/bin/ceph: stderr
2024-09-13T02:43:34.683+0000 7f695d943700 1 -- 172.21.15.98:0/1016904152 shutdown_connections
2024-09-13T02:43:35.248 INFO:teuthology.orchestra.run.smithi098.stdout:/usr/bin/ceph: stderr
2024-09-13T02:43:34.683+0000 7f695d943700 1 -- 172.21.15.98:0/1016904152 wait complete.
2024-09-13T02:43:35.983 INFO:journalctl@ceph.mon.smithi098.smithi098.stdout:Sep 13 02:43:35 smithi098 ceph-mon[27886]: from='client.14136 -' entity='client.admin' cmd=[{"prefix": "cephadm generate-key", "target": ["mon-mgr", ""]}]: dispatch
2024-09-13T02:43:35.984 INFO:journalctl@ceph.mon.smithi098.smithi098.stdout:Sep 13 02:43:35 smithi098 ceph-mon[27886]: Generating ssh key...
2024-09-13T02:43:35.984 INFO:journalctl@ceph.mon.smithi098.smithi098.stdout:Sep 13 02:43:35 smithi098 ceph-mon[27886]: from='mgr.14120 172.21.15.98:0/2' entity='mgr.smithi098.ukgenf'
2024-09-13T02:43:35.984 INFO:journalctl@ceph.mon.smithi098.smithi098.stdout:Sep 13 02:43:35 smithi098 ceph-mon[27886]: from='mgr.14120 172.21.15.98:0/2' entity='mgr.smithi098.ukgenf'
2024-09-13T02:43:36.384 INFO:teuthology.orchestra.run.smithi098.stdout:/usr/bin/ceph: stdout ssh-rsa AAAAB3NzaC1yc2EAAAADAQABAAABgQDCc6rPghG+rSH4yz4aqzY3ZpPtKSgDUT7BrrOEnEKh/fBIAzeeRtLYXJCId2twMmBH6qX1omL+dZbHEF3cEZVQnpOAUJSQ6vaxYGrRgXH5Q8xVjsAh1+nFDrj7Fhu6DldI45/+Jo6kIjmyKRpwN/u966JzQ4wCWgYXqw9ndGfuC5MbQeExcLQhdENFrfwq+cjzjIKRDi7yv4Tg+2nwqSk8TchC0EHeoyZHTkqUF5wfqZTl6C3A8C4kiX1A1ZHETnpQ/b1pLQqz/expCGP0gkWtyTS/9otfDJFHPOFXHHzbaJNJYeT0dRsBheIpJoPVVJ92/db2sviHWZXXEwfAemR7hnJH5eEVk4FWxaEYhNLtephBf9chzyaXWRM/cJ8kVr9IV9gNE+q+auMJu5ODS1QP+HnqMgwgeYK02eiIi0Sz/XkfIZjvMXR0M53s6HBtMdJw1ebFpBF1EaauYiH8dPrrqCBxAlTiXY8Qe0kQ8vqnCzlnyR55X3W0PyvvC7laotc= ceph-d155f688-7179-11ef-bceb-c7b262605968
2024-09-13T02:43:36.384 INFO:teuthology.orchestra.run.smithi098.stdout:/usr/bin/ceph: stderr
2024-09-13T02:43:35.596+0000 7f564e34a700 1 Processor -- start
2024-09-13T02:43:36.384 INFO:teuthology.orchestra.run.smithi098.stdout:/usr/bin/ceph: stderr
2024-09-13T02:43:35.596+0000 7f564e34a700 1 -- start start
2024-09-13T02:43:36.384 INFO:teuthology.orchestra.run.smithi098.stdout:/usr/bin/ceph: stderr
2024-09-13T02:43:35.596+0000 7f564e34a700 1 --2- >> [v2:172.21.15.98:3300/0,v1:172.21.15.98:6789/0] conn(0x7f56481066f0 0x7f5648108ad0 unknown :-1 s=NONE pgs=0 cs=0 l=0 rev1=0 crypto rx=0 tx=0 comp rx=0 tx=0).connect
2024-09-13T02:43:36.384 INFO:teuthology.orchestra.run.smithi098.stdout:/usr/bin/ceph: stderr
2024-09-13T02:43:35.596+0000 7f564e34a700 1 -- --> [v2:172.21.15.98:3300/0,v1:172.21.15.98:6789/0] -- mon_getmap magic: 0 v1 -- 0x7f5648079d40 con 0x7f56481066f0
2024-09-13T02:43:36.384 INFO:teuthology.orchestra.run.smithi098.stdout:/usr/bin/ceph: stderr
2024-09-13T02:43:35.596+0000 7f5647fff700 1 --2- >> [v2:172.21.15.98:3300/0,v1:172.21.15.98:6789/0] conn(0x7f56481066f0 0x7f5648108ad0 unknown :-1 s=BANNER_CONNECTING pgs=0 cs=0 l=0 rev1=0 crypto rx=0 tx=0 comp rx=0 tx=0)._handle_peer_banner_payload supported=3 required=0
2024-09-13T02:43:36.385 INFO:teuthology.orchestra.run.smithi098.stdout:/usr/bin/ceph: stderr
2024-09-13T02:43:35.596+0000 7f5647fff700 1 --2- >> [v2:172.21.15.98:3300/0,v1:172.21.15.98:6789/0] conn(0x7f56481066f0 0x7f5648108ad0 unknown :-1 s=HELLO_CONNECTING pgs=0 cs=0 l=0 rev1=1 crypto rx=0 tx=0 comp rx=0 tx=0).handle_hello peer v2:172.21.15.98:3300/0 says I am v2:172.21.15.98:43430/0 (socket says 172.21.15.98:43430)
2024-09-13T02:43:36.385 INFO:teuthology.orchestra.run.smithi098.stdout:/usr/bin/ceph: stderr
2024-09-13T02:43:35.596+0000 7f5647fff700 1 -- 172.21.15.98:0/1869052539 learned_addr learned my addr 172.21.15.98:0/1869052539 (peer_addr_for_me v2:172.21.15.98:0/0)
2024-09-13T02:43:36.385 INFO:teuthology.orchestra.run.smithi098.stdout:/usr/bin/ceph: stderr
2024-09-13T02:43:35.596+0000 7f5647fff700 1 -- 172.21.15.98:0/1869052539 --> [v2:172.21.15.98:3300/0,v1:172.21.15.98:6789/0] -- mon_subscribe({config=0+,monmap=0+}) v3 -- 0x7f5648079e80 con 0x7f56481066f0
2024-09-13T02:43:36.385 INFO:teuthology.orchestra.run.smithi098.stdout:/usr/bin/ceph: stderr
2024-09-13T02:43:35.597+0000 7f5647fff700 1 --2- 172.21.15.98:0/1869052539 >> [v2:172.21.15.98:3300/0,v1:172.21.15.98:6789/0] conn(0x7f56481066f0 0x7f5648108ad0 secure :-1 s=READY pgs=43 cs=0 l=1 rev1=1 crypto rx=0x7f56380098a0 tx=0x7f5638009bb0 comp rx=0 tx=0).ready entity=mon.0 client_cookie=613d88bb18c2e30b server_cookie=0 in_seq=0 out_seq=0
2024-09-13T02:43:36.385 INFO:teuthology.orchestra.run.smithi098.stdout:/usr/bin/ceph: stderr
2024-09-13T02:43:35.597+0000 7f5646ffd700 1 -- 172.21.15.98:0/1869052539 <== mon.0 v2:172.21.15.98:3300/0 1 ==== mon_map magic: 0 v1 ==== 229+0+0 (secure 0 0 0) 0x7f5638004180 con 0x7f56481066f0
2024-09-13T02:43:36.385 INFO:teuthology.orchestra.run.smithi098.stdout:/usr/bin/ceph: stderr
2024-09-13T02:43:35.597+0000 7f5646ffd700 1 -- 172.21.15.98:0/1869052539 <== mon.0 v2:172.21.15.98:3300/0 2 ==== config(27 keys) v1 ==== 1037+0+0 (secure 0 0 0) 0x7f56380042e0 con 0x7f56481066f0
2024-09-13T02:43:36.385 INFO:teuthology.orchestra.run.smithi098.stdout:/usr/bin/ceph: stderr
2024-09-13T02:43:35.597+0000 7f5646ffd700 1 -- 172.21.15.98:0/1869052539 <== mon.0 v2:172.21.15.98:3300/0 3 ==== mon_map magic: 0 v1 ==== 229+0+0 (secure 0 0 0) 0x7f5638011a50 con 0x7f56481066f0
2024-09-13T02:43:36.385 INFO:teuthology.orchestra.run.smithi098.stdout:/usr/bin/ceph: stderr
2024-09-13T02:43:35.597+0000 7f564e34a700 1 -- 172.21.15.98:0/1869052539 >> [v2:172.21.15.98:3300/0,v1:172.21.15.98:6789/0] conn(0x7f56481066f0 msgr2=0x7f5648108ad0 secure :-1 s=STATE_CONNECTION_ESTABLISHED l=1).mark_down
2024-09-13T02:43:36.385 INFO:teuthology.orchestra.run.smithi098.stdout:/usr/bin/ceph: stderr
2024-09-13T02:43:35.597+0000 7f564e34a700 1 --2- 172.21.15.98:0/1869052539 >> [v2:172.21.15.98:3300/0,v1:172.21.15.98:6789/0] conn(0x7f56481066f0 0x7f5648108ad0 secure :-1 s=READY pgs=43 cs=0 l=1 rev1=1 crypto rx=0x7f56380098a0 tx=0x7f5638009bb0 comp rx=0 tx=0).stop
2024-09-13T02:43:36.385 INFO:teuthology.orchestra.run.smithi098.stdout:/usr/bin/ceph: stderr
2024-09-13T02:43:35.597+0000 7f564e34a700 1 -- 172.21.15.98:0/1869052539 shutdown_connections
2024-09-13T02:43:36.385 INFO:teuthology.orchestra.run.smithi098.stdout:/usr/bin/ceph: stderr
2024-09-13T02:43:35.597+0000 7f564e34a700 1 --2- 172.21.15.98:0/1869052539 >> [v2:172.21.15.98:3300/0,v1:172.21.15.98:6789/0] conn(0x7f56481066f0 0x7f5648108ad0 unknown :-1 s=CLOSED pgs=43 cs=0 l=1 rev1=1 crypto rx=0 tx=0 comp rx=0 tx=0).stop
2024-09-13T02:43:36.385 INFO:teuthology.orchestra.run.smithi098.stdout:/usr/bin/ceph: stderr
2024-09-13T02:43:35.597+0000 7f564e34a700 1 -- 172.21.15.98:0/1869052539 >> 172.21.15.98:0/1869052539 conn(0x7f56481000f0 msgr2=0x7f5648102500 unknown :-1 s=STATE_NONE l=0).mark_down
2024-09-13T02:43:36.385 INFO:teuthology.orchestra.run.smithi098.stdout:/usr/bin/ceph: stderr
2024-09-13T02:43:35.597+0000 7f564e34a700 1 -- 172.21.15.98:0/1869052539 shutdown_connections
2024-09-13T02:43:36.386 INFO:teuthology.orchestra.run.smithi098.stdout:/usr/bin/ceph: stderr
2024-09-13T02:43:35.597+0000 7f564e34a700 1 -- 172.21.15.98:0/1869052539 wait complete.
2024-09-13T02:43:36.386 INFO:teuthology.orchestra.run.smithi098.stdout:/usr/bin/ceph: stderr
2024-09-13T02:43:35.598+0000 7f564e34a700 1 Processor -- start
2024-09-13T02:43:36.386 INFO:teuthology.orchestra.run.smithi098.stdout:/usr/bin/ceph: stderr
2024-09-13T02:43:35.598+0000 7f564e34a700 1 -- start start
2024-09-13T02:43:36.386 INFO:teuthology.orchestra.run.smithi098.stdout:/usr/bin/ceph: stderr
2024-09-13T02:43:35.598+0000 7f564e34a700 1 --2- >> [v2:172.21.15.98:3300/0,v1:172.21.15.98:6789/0] conn(0x7f56481066f0 0x7f56481998e0 unknown :-1 s=NONE pgs=0 cs=0 l=1 rev1=0 crypto rx=0 tx=0 comp rx=0 tx=0).connect
2024-09-13T02:43:36.386 INFO:teuthology.orchestra.run.smithi098.stdout:/usr/bin/ceph: stderr
2024-09-13T02:43:35.598+0000 7f564e34a700 1 -- --> [v2:172.21.15.98:3300/0,v1:172.21.15.98:6789/0] -- mon_getmap magic: 0 v1 -- 0x7f5648199e20 con 0x7f56481066f0
2024-09-13T02:43:36.386 INFO:teuthology.orchestra.run.smithi098.stdout:/usr/bin/ceph: stderr
2024-09-13T02:43:35.598+0000 7f5647fff700 1 --2- >> [v2:172.21.15.98:3300/0,v1:172.21.15.98:6789/0] conn(0x7f56481066f0 0x7f56481998e0 unknown :-1 s=BANNER_CONNECTING pgs=0 cs=0 l=1 rev1=0 crypto rx=0 tx=0 comp rx=0 tx=0)._handle_peer_banner_payload supported=3 required=0
2024-09-13T02:43:36.386 INFO:teuthology.orchestra.run.smithi098.stdout:/usr/bin/ceph: stderr
2024-09-13T02:43:35.598+0000 7f5647fff700 1 --2- >> [v2:172.21.15.98:3300/0,v1:172.21.15.98:6789/0] conn(0x7f56481066f0 0x7f56481998e0 unknown :-1 s=HELLO_CONNECTING pgs=0 cs=0 l=1 rev1=1 crypto rx=0 tx=0 comp rx=0 tx=0).handle_hello peer v2:172.21.15.98:3300/0 says I am v2:172.21.15.98:43440/0 (socket says 172.21.15.98:43440)
2024-09-13T02:43:36.386 INFO:teuthology.orchestra.run.smithi098.stdout:/usr/bin/ceph: stderr
2024-09-13T02:43:35.598+0000 7f5647fff700 1 -- 172.21.15.98:0/3428371905 learned_addr learned my addr 172.21.15.98:0/3428371905 (peer_addr_for_me v2:172.21.15.98:0/0)
2024-09-13T02:43:36.386 INFO:teuthology.orchestra.run.smithi098.stdout:/usr/bin/ceph: stderr
2024-09-13T02:43:35.599+0000 7f5647fff700 1 -- 172.21.15.98:0/3428371905 --> [v2:172.21.15.98:3300/0,v1:172.21.15.98:6789/0] -- mon_subscribe({config=0+,monmap=0+}) v3 -- 0x7f5638009550 con 0x7f56481066f0
2024-09-13T02:43:36.386 INFO:teuthology.orchestra.run.smithi098.stdout:/usr/bin/ceph: stderr
2024-09-13T02:43:35.599+0000 7f5647fff700 1 --2- 172.21.15.98:0/3428371905 >> [v2:172.21.15.98:3300/0,v1:172.21.15.98:6789/0] conn(0x7f56481066f0 0x7f56481998e0 secure :-1 s=READY pgs=44 cs=0 l=1 rev1=1 crypto rx=0x7f5638000c00 tx=0x7f5638011ab0 comp rx=0 tx=0).ready entity=mon.0 client_cookie=0 server_cookie=0 in_seq=0 out_seq=0
2024-09-13T02:43:36.386 INFO:teuthology.orchestra.run.smithi098.stdout:/usr/bin/ceph: stderr
2024-09-13T02:43:35.599+0000 7f56457fa700 1 -- 172.21.15.98:0/3428371905 <== mon.0 v2:172.21.15.98:3300/0 1 ==== mon_map magic: 0 v1 ==== 229+0+0 (secure 0 0 0) 0x7f5638003b90 con 0x7f56481066f0
2024-09-13T02:43:36.386 INFO:teuthology.orchestra.run.smithi098.stdout:/usr/bin/ceph: stderr
2024-09-13T02:43:35.599+0000 7f56457fa700 1 -- 172.21.15.98:0/3428371905 <== mon.0 v2:172.21.15.98:3300/0 2 ==== config(27 keys) v1 ==== 1037+0+0 (secure 0 0 0) 0x7f56380248b0 con 0x7f56481066f0
2024-09-13T02:43:36.386 INFO:teuthology.orchestra.run.smithi098.stdout:/usr/bin/ceph: stderr
2024-09-13T02:43:35.599+0000 7f564e34a700 1 -- 172.21.15.98:0/3428371905 --> [v2:172.21.15.98:3300/0,v1:172.21.15.98:6789/0] -- mon_subscribe({mgrmap=0+}) v3 -- 0x7f564819a020 con 0x7f56481066f0
2024-09-13T02:43:36.386 INFO:teuthology.orchestra.run.smithi098.stdout:/usr/bin/ceph: stderr
2024-09-13T02:43:35.599+0000 7f56457fa700 1 -- 172.21.15.98:0/3428371905 <== mon.0 v2:172.21.15.98:3300/0 3 ==== mon_map magic: 0 v1 ==== 229+0+0 (secure 0 0 0) 0x7f563801a8e0 con 0x7f56481066f0
2024-09-13T02:43:36.387 INFO:teuthology.orchestra.run.smithi098.stdout:/usr/bin/ceph: stderr
2024-09-13T02:43:35.599+0000 7f564e34a700 1 -- 172.21.15.98:0/3428371905 --> [v2:172.21.15.98:3300/0,v1:172.21.15.98:6789/0] -- mon_subscribe({osdmap=0}) v3 -- 0x7f564819a440 con 0x7f56481066f0
2024-09-13T02:43:36.387 INFO:teuthology.orchestra.run.smithi098.stdout:/usr/bin/ceph: stderr
2024-09-13T02:43:35.600+0000 7f56457fa700 1 -- 172.21.15.98:0/3428371905 <== mon.0 v2:172.21.15.98:3300/0 4 ==== mgrmap(e 8) v1 ==== 45084+0+0 (secure 0 0 0) 0x7f5638024a20 con 0x7f56481066f0
2024-09-13T02:43:36.387 INFO:teuthology.orchestra.run.smithi098.stdout:/usr/bin/ceph: stderr
2024-09-13T02:43:35.600+0000 7f564e34a700 1 -- 172.21.15.98:0/3428371905 --> [v2:172.21.15.98:3300/0,v1:172.21.15.98:6789/0] -- mon_command({"prefix": "get_command_descriptions"} v 0) v1 -- 0x7f5648109c00 con 0x7f56481066f0
2024-09-13T02:43:36.387 INFO:teuthology.orchestra.run.smithi098.stdout:/usr/bin/ceph: stderr
2024-09-13T02:43:35.600+0000 7f56457fa700 1 --2- 172.21.15.98:0/3428371905 >> [v2:172.21.15.98:6800/2,v1:172.21.15.98:6801/2] conn(0x7f56300383f0 0x7f563003a8a0 unknown :-1 s=NONE pgs=0 cs=0 l=1 rev1=0 crypto rx=0 tx=0 comp rx=0 tx=0).connect
2024-09-13T02:43:36.387 INFO:teuthology.orchestra.run.smithi098.stdout:/usr/bin/ceph: stderr
2024-09-13T02:43:35.600+0000 7f56457fa700 1 -- 172.21.15.98:0/3428371905 <== mon.0 v2:172.21.15.98:3300/0 5 ==== osd_map(2..2 src has 1..2) v4 ==== 940+0+0 (secure 0 0 0) 0x7f563804c4e0 con 0x7f56481066f0
2024-09-13T02:43:36.387 INFO:teuthology.orchestra.run.smithi098.stdout:/usr/bin/ceph: stderr
2024-09-13T02:43:35.600+0000 7f56477fe700 1 --2- 172.21.15.98:0/3428371905 >> [v2:172.21.15.98:6800/2,v1:172.21.15.98:6801/2] conn(0x7f56300383f0 0x7f563003a8a0 unknown :-1 s=BANNER_CONNECTING pgs=0 cs=0 l=1 rev1=0 crypto rx=0 tx=0 comp rx=0 tx=0)._handle_peer_banner_payload supported=3 required=0
2024-09-13T02:43:36.387 INFO:teuthology.orchestra.run.smithi098.stdout:/usr/bin/ceph: stderr
2024-09-13T02:43:35.601+0000 7f56477fe700 1 --2- 172.21.15.98:0/3428371905 >> [v2:172.21.15.98:6800/2,v1:172.21.15.98:6801/2] conn(0x7f56300383f0 0x7f563003a8a0 secure :-1 s=READY pgs=10 cs=0 l=1 rev1=1 crypto rx=0x7f563c006fd0 tx=0x7f563c006e40 comp rx=0 tx=0).ready entity=mgr.14120 client_cookie=0 server_cookie=0 in_seq=0 out_seq=0
2024-09-13T02:43:36.387 INFO:teuthology.orchestra.run.smithi098.stdout:/usr/bin/ceph: stderr
2024-09-13T02:43:35.605+0000 7f56457fa700 1 -- 172.21.15.98:0/3428371905 <== mon.0 v2:172.21.15.98:3300/0 6 ==== mon_command_ack([{"prefix": "get_command_descriptions"}]=0 v0) v1 ==== 72+0+177933 (secure 0 0 0) 0x7f5638024440 con 0x7f56481066f0
2024-09-13T02:43:36.387 INFO:teuthology.orchestra.run.smithi098.stdout:/usr/bin/ceph: stderr
2024-09-13T02:43:35.799+0000 7f564e34a700 1 -- 172.21.15.98:0/3428371905 --> [v2:172.21.15.98:6800/2,v1:172.21.15.98:6801/2] -- mgr_command(tid 0: {"prefix": "cephadm get-pub-key", "target": ["mon-mgr", ""]}) v1 -- 0x7f564819d2a0 con 0x7f56300383f0
2024-09-13T02:43:36.387 INFO:teuthology.orchestra.run.smithi098.stdout:/usr/bin/ceph: stderr
2024-09-13T02:43:35.799+0000 7f56457fa700 1 -- 172.21.15.98:0/3428371905 <== mgr.14120 v2:172.21.15.98:6800/2 1 ==== mgr_command_reply(tid 0: 0 ) v1 ==== 8+0+595 (secure 0 0 0) 0x7f564819d2a0 con 0x7f56300383f0
2024-09-13T02:43:36.387 INFO:teuthology.orchestra.run.smithi098.stdout:/usr/bin/ceph: stderr
2024-09-13T02:43:35.801+0000 7f564e34a700 1 -- 172.21.15.98:0/3428371905 >> [v2:172.21.15.98:6800/2,v1:172.21.15.98:6801/2] conn(0x7f56300383f0 msgr2=0x7f563003a8a0 secure :-1 s=STATE_CONNECTION_ESTABLISHED l=1).mark_down
2024-09-13T02:43:36.387 INFO:teuthology.orchestra.run.smithi098.stdout:/usr/bin/ceph: stderr
2024-09-13T02:43:35.801+0000 7f564e34a700 1 --2- 172.21.15.98:0/3428371905 >> [v2:172.21.15.98:6800/2,v1:172.21.15.98:6801/2] conn(0x7f56300383f0 0x7f563003a8a0 secure :-1 s=READY pgs=10 cs=0 l=1 rev1=1 crypto rx=0x7f563c006fd0 tx=0x7f563c006e40 comp rx=0 tx=0).stop
2024-09-13T02:43:36.387 INFO:teuthology.orchestra.run.smithi098.stdout:/usr/bin/ceph: stderr
2024-09-13T02:43:35.801+0000 7f564e34a700 1 -- 172.21.15.98:0/3428371905 >> [v2:172.21.15.98:3300/0,v1:172.21.15.98:6789/0] conn(0x7f56481066f0 msgr2=0x7f56481998e0 secure :-1 s=STATE_CONNECTION_ESTABLISHED l=1).mark_down
2024-09-13T02:43:36.387 INFO:teuthology.orchestra.run.smithi098.stdout:/usr/bin/ceph: stderr
2024-09-13T02:43:35.801+0000 7f564e34a700 1 --2- 172.21.15.98:0/3428371905 >> [v2:172.21.15.98:3300/0,v1:172.21.15.98:6789/0] conn(0x7f56481066f0 0x7f56481998e0 secure :-1 s=READY pgs=44 cs=0 l=1 rev1=1 crypto rx=0x7f5638000c00 tx=0x7f5638011ab0 comp rx=0 tx=0).stop
2024-09-13T02:43:36.388 INFO:teuthology.orchestra.run.smithi098.stdout:/usr/bin/ceph: stderr
2024-09-13T02:43:35.801+0000 7f564e34a700 1 -- 172.21.15.98:0/3428371905 shutdown_connections
2024-09-13T02:43:36.388 INFO:teuthology.orchestra.run.smithi098.stdout:/usr/bin/ceph: stderr
2024-09-13T02:43:35.801+0000 7f564e34a700 1 --2- 172.21.15.98:0/3428371905 >> [v2:172.21.15.98:6800/2,v1:172.21.15.98:6801/2] conn(0x7f56300383f0 0x7f563003a8a0 unknown :-1 s=CLOSED pgs=10 cs=0 l=1 rev1=1 crypto rx=0 tx=0 comp rx=0 tx=0).stop
2024-09-13T02:43:36.388 INFO:teuthology.orchestra.run.smithi098.stdout:/usr/bin/ceph: stderr
2024-09-13T02:43:35.801+0000 7f564e34a700 1 --2- 172.21.15.98:0/3428371905 >> [v2:172.21.15.98:3300/0,v1:172.21.15.98:6789/0] conn(0x7f56481066f0 0x7f56481998e0 unknown :-1 s=CLOSED pgs=44 cs=0 l=1 rev1=1 crypto rx=0 tx=0 comp rx=0 tx=0).stop
2024-09-13T02:43:36.388 INFO:teuthology.orchestra.run.smithi098.stdout:/usr/bin/ceph: stderr
2024-09-13T02:43:35.801+0000 7f564e34a700 1 -- 172.21.15.98:0/3428371905 >> 172.21.15.98:0/3428371905 conn(0x7f56481000f0 msgr2=0x7f5648101750 unknown :-1 s=STATE_NONE l=0).mark_down
2024-09-13T02:43:36.388 INFO:teuthology.orchestra.run.smithi098.stdout:/usr/bin/ceph: stderr
2024-09-13T02:43:35.802+0000 7f564e34a700 1 -- 172.21.15.98:0/3428371905 shutdown_connections
2024-09-13T02:43:36.388 INFO:teuthology.orchestra.run.smithi098.stdout:/usr/bin/ceph: stderr
2024-09-13T02:43:35.802+0000 7f564e34a700 1 -- 172.21.15.98:0/3428371905 wait complete.
2024-09-13T02:43:36.388 INFO:teuthology.orchestra.run.smithi098.stdout:Wrote public SSH key to /home/ubuntu/cephtest/ceph.pub
2024-09-13T02:43:36.388 INFO:teuthology.orchestra.run.smithi098.stdout:Adding key to root@localhost authorized_keys...
2024-09-13T02:43:36.389 INFO:teuthology.orchestra.run.smithi098.stdout:Adding host smithi098...
2024-09-13T02:43:36.967 INFO:journalctl@ceph.mon.smithi098.smithi098.stdout:Sep 13 02:43:36 smithi098 ceph-mon[27886]: from='client.14138 -' entity='client.admin' cmd=[{"prefix": "cephadm get-pub-key", "target": ["mon-mgr", ""]}]: dispatch
2024-09-13T02:43:38.483 INFO:journalctl@ceph.mon.smithi098.smithi098.stdout:Sep 13 02:43:38 smithi098 ceph-mon[27886]: from='client.14140 -' entity='client.admin' cmd=[{"prefix": "orch host add", "hostname": "smithi098", "addr": "172.21.15.98", "target": ["mon-mgr", ""]}]: dispatch
2024-09-13T02:43:39.483 INFO:journalctl@ceph.mon.smithi098.smithi098.stdout:Sep 13 02:43:39 smithi098 ceph-mon[27886]: Deploying cephadm binary to smithi098
2024-09-13T02:43:39.850 INFO:teuthology.orchestra.run.smithi098.stdout:/usr/bin/ceph: stdout Added host 'smithi098' with addr '172.21.15.98'
2024-09-13T02:43:39.851 INFO:teuthology.orchestra.run.smithi098.stdout:/usr/bin/ceph: stderr
2024-09-13T02:43:36.767+0000 7fb8feb59700 1 Processor -- start
2024-09-13T02:43:39.851 INFO:teuthology.orchestra.run.smithi098.stdout:/usr/bin/ceph: stderr
2024-09-13T02:43:36.767+0000 7fb8feb59700 1 -- start start
2024-09-13T02:43:39.851 INFO:teuthology.orchestra.run.smithi098.stdout:/usr/bin/ceph: stderr
2024-09-13T02:43:36.767+0000 7fb8feb59700 1 --2- >> [v2:172.21.15.98:3300/0,v1:172.21.15.98:6789/0] conn(0x7fb8f8079d20 0x7fb8f810ab20 unknown :-1 s=NONE pgs=0 cs=0 l=0 rev1=0 crypto rx=0 tx=0 comp rx=0 tx=0).connect
2024-09-13T02:43:39.851 INFO:teuthology.orchestra.run.smithi098.stdout:/usr/bin/ceph: stderr
2024-09-13T02:43:36.767+0000 7fb8feb59700 1 -- --> [v2:172.21.15.98:3300/0,v1:172.21.15.98:6789/0] -- mon_getmap magic: 0 v1 -- 0x7fb8f8106510 con 0x7fb8f8079d20
2024-09-13T02:43:39.851 INFO:teuthology.orchestra.run.smithi098.stdout:/usr/bin/ceph: stderr
2024-09-13T02:43:36.767+0000 7fb8fc8f5700 1 --2- >> [v2:172.21.15.98:3300/0,v1:172.21.15.98:6789/0] conn(0x7fb8f8079d20 0x7fb8f810ab20 unknown :-1 s=BANNER_CONNECTING pgs=0 cs=0 l=0 rev1=0 crypto rx=0 tx=0 comp rx=0 tx=0)._handle_peer_banner_payload supported=3 required=0
2024-09-13T02:43:39.851 INFO:teuthology.orchestra.run.smithi098.stdout:/usr/bin/ceph: stderr
2024-09-13T02:43:36.767+0000 7fb8fc8f5700 1 --2- >> [v2:172.21.15.98:3300/0,v1:172.21.15.98:6789/0] conn(0x7fb8f8079d20 0x7fb8f810ab20 unknown :-1 s=HELLO_CONNECTING pgs=0 cs=0 l=0 rev1=1 crypto rx=0 tx=0 comp rx=0 tx=0).handle_hello peer v2:172.21.15.98:3300/0 says I am v2:172.21.15.98:43452/0 (socket says 172.21.15.98:43452)
2024-09-13T02:43:39.851 INFO:teuthology.orchestra.run.smithi098.stdout:/usr/bin/ceph: stderr
2024-09-13T02:43:36.767+0000 7fb8fc8f5700 1 -- 172.21.15.98:0/2291279741 learned_addr learned my addr 172.21.15.98:0/2291279741 (peer_addr_for_me v2:172.21.15.98:0/0)
2024-09-13T02:43:39.851 INFO:teuthology.orchestra.run.smithi098.stdout:/usr/bin/ceph: stderr
2024-09-13T02:43:36.767+0000 7fb8fc8f5700 1 -- 172.21.15.98:0/2291279741 --> [v2:172.21.15.98:3300/0,v1:172.21.15.98:6789/0] -- mon_subscribe({config=0+,monmap=0+}) v3 -- 0x7fb8f810b060 con 0x7fb8f8079d20
2024-09-13T02:43:39.851 INFO:teuthology.orchestra.run.smithi098.stdout:/usr/bin/ceph: stderr
2024-09-13T02:43:36.768+0000 7fb8fc8f5700 1 --2- 172.21.15.98:0/2291279741 >> [v2:172.21.15.98:3300/0,v1:172.21.15.98:6789/0] conn(0x7fb8f8079d20 0x7fb8f810ab20 secure :-1 s=READY pgs=45 cs=0 l=1 rev1=1 crypto rx=0x7fb8ec0098a0 tx=0x7fb8ec009bb0 comp rx=0 tx=0).ready entity=mon.0 client_cookie=25e271e5d3becc0 server_cookie=0 in_seq=0 out_seq=0
2024-09-13T02:43:39.851 INFO:teuthology.orchestra.run.smithi098.stdout:/usr/bin/ceph: stderr
2024-09-13T02:43:36.768+0000 7fb8f77fe700 1 -- 172.21.15.98:0/2291279741 <== mon.0 v2:172.21.15.98:3300/0 1 ==== mon_map magic: 0 v1 ==== 229+0+0 (secure 0 0 0) 0x7fb8ec004180 con 0x7fb8f8079d20
2024-09-13T02:43:39.851 INFO:teuthology.orchestra.run.smithi098.stdout:/usr/bin/ceph: stderr
2024-09-13T02:43:36.768+0000 7fb8f77fe700 1 -- 172.21.15.98:0/2291279741 <== mon.0 v2:172.21.15.98:3300/0 2 ==== config(27 keys) v1 ==== 1037+0+0 (secure 0 0 0) 0x7fb8ec0042e0 con 0x7fb8f8079d20
2024-09-13T02:43:39.852 INFO:teuthology.orchestra.run.smithi098.stdout:/usr/bin/ceph: stderr
2024-09-13T02:43:36.768+0000 7fb8f77fe700 1 -- 172.21.15.98:0/2291279741 <== mon.0 v2:172.21.15.98:3300/0 3 ==== mon_map magic: 0 v1 ==== 229+0+0 (secure 0 0 0) 0x7fb8ec011a50 con 0x7fb8f8079d20
2024-09-13T02:43:39.852 INFO:teuthology.orchestra.run.smithi098.stdout:/usr/bin/ceph: stderr
2024-09-13T02:43:36.768+0000 7fb8feb59700 1 -- 172.21.15.98:0/2291279741 >> [v2:172.21.15.98:3300/0,v1:172.21.15.98:6789/0] conn(0x7fb8f8079d20 msgr2=0x7fb8f810ab20 secure :-1 s=STATE_CONNECTION_ESTABLISHED l=1).mark_down
2024-09-13T02:43:39.852 INFO:teuthology.orchestra.run.smithi098.stdout:/usr/bin/ceph: stderr
2024-09-13T02:43:36.768+0000 7fb8feb59700 1 --2- 172.21.15.98:0/2291279741 >> [v2:172.21.15.98:3300/0,v1:172.21.15.98:6789/0] conn(0x7fb8f8079d20 0x7fb8f810ab20 secure :-1 s=READY pgs=45 cs=0 l=1 rev1=1 crypto rx=0x7fb8ec0098a0 tx=0x7fb8ec009bb0 comp rx=0 tx=0).stop
2024-09-13T02:43:39.852 INFO:teuthology.orchestra.run.smithi098.stdout:/usr/bin/ceph: stderr
2024-09-13T02:43:36.768+0000 7fb8feb59700 1 -- 172.21.15.98:0/2291279741 shutdown_connections
2024-09-13T02:43:39.852 INFO:teuthology.orchestra.run.smithi098.stdout:/usr/bin/ceph: stderr
2024-09-13T02:43:36.768+0000 7fb8feb59700 1 --2- 172.21.15.98:0/2291279741 >> [v2:172.21.15.98:3300/0,v1:172.21.15.98:6789/0] conn(0x7fb8f8079d20 0x7fb8f810ab20 unknown :-1 s=CLOSED pgs=45 cs=0 l=1 rev1=1 crypto rx=0 tx=0 comp rx=0 tx=0).stop
2024-09-13T02:43:39.852 INFO:teuthology.orchestra.run.smithi098.stdout:/usr/bin/ceph: stderr
2024-09-13T02:43:36.768+0000 7fb8feb59700 1 -- 172.21.15.98:0/2291279741 >> 172.21.15.98:0/2291279741 conn(0x7fb8f81000f0 msgr2=0x7fb8f8102500 unknown :-1 s=STATE_NONE l=0).mark_down
2024-09-13T02:43:39.852 INFO:teuthology.orchestra.run.smithi098.stdout:/usr/bin/ceph: stderr
2024-09-13T02:43:36.768+0000 7fb8feb59700 1 -- 172.21.15.98:0/2291279741 shutdown_connections
2024-09-13T02:43:39.852 INFO:teuthology.orchestra.run.smithi098.stdout:/usr/bin/ceph: stderr
2024-09-13T02:43:36.769+0000 7fb8feb59700 1 -- 172.21.15.98:0/2291279741 wait complete.
2024-09-13T02:43:39.852 INFO:teuthology.orchestra.run.smithi098.stdout:/usr/bin/ceph: stderr
2024-09-13T02:43:36.769+0000 7fb8feb59700 1 Processor -- start
2024-09-13T02:43:39.852 INFO:teuthology.orchestra.run.smithi098.stdout:/usr/bin/ceph: stderr
2024-09-13T02:43:36.769+0000 7fb8feb59700 1 -- start start
2024-09-13T02:43:39.852 INFO:teuthology.orchestra.run.smithi098.stdout:/usr/bin/ceph: stderr
2024-09-13T02:43:36.769+0000 7fb8feb59700 1 --2- >> [v2:172.21.15.98:3300/0,v1:172.21.15.98:6789/0] conn(0x7fb8f819bb00 0x7fb8f819bf10 unknown :-1 s=NONE pgs=0 cs=0 l=1 rev1=0 crypto rx=0 tx=0 comp rx=0 tx=0).connect
2024-09-13T02:43:39.852 INFO:teuthology.orchestra.run.smithi098.stdout:/usr/bin/ceph: stderr
2024-09-13T02:43:36.769+0000 7fb8feb59700 1 -- --> [v2:172.21.15.98:3300/0,v1:172.21.15.98:6789/0] -- mon_getmap magic: 0 v1 -- 0x7fb8f819c450 con 0x7fb8f819bb00
2024-09-13T02:43:39.853 INFO:teuthology.orchestra.run.smithi098.stdout:/usr/bin/ceph: stderr
2024-09-13T02:43:36.769+0000 7fb8fc8f5700 1 --2- >> [v2:172.21.15.98:3300/0,v1:172.21.15.98:6789/0] conn(0x7fb8f819bb00 0x7fb8f819bf10 unknown :-1 s=BANNER_CONNECTING pgs=0 cs=0 l=1 rev1=0 crypto rx=0 tx=0 comp rx=0 tx=0)._handle_peer_banner_payload supported=3 required=0
2024-09-13T02:43:39.853 INFO:teuthology.orchestra.run.smithi098.stdout:/usr/bin/ceph: stderr
2024-09-13T02:43:36.769+0000 7fb8fc8f5700 1 --2- >> [v2:172.21.15.98:3300/0,v1:172.21.15.98:6789/0] conn(0x7fb8f819bb00 0x7fb8f819bf10 unknown :-1 s=HELLO_CONNECTING pgs=0 cs=0 l=1 rev1=1 crypto rx=0 tx=0 comp rx=0 tx=0).handle_hello peer v2:172.21.15.98:3300/0 says I am v2:172.21.15.98:43466/0 (socket says 172.21.15.98:43466)
2024-09-13T02:43:39.853 INFO:teuthology.orchestra.run.smithi098.stdout:/usr/bin/ceph: stderr
2024-09-13T02:43:36.769+0000 7fb8fc8f5700 1 -- 172.21.15.98:0/2917963801 learned_addr learned my addr 172.21.15.98:0/2917963801 (peer_addr_for_me v2:172.21.15.98:0/0)
2024-09-13T02:43:39.853 INFO:teuthology.orchestra.run.smithi098.stdout:/usr/bin/ceph: stderr
2024-09-13T02:43:36.770+0000 7fb8fc8f5700 1 -- 172.21.15.98:0/2917963801 --> [v2:172.21.15.98:3300/0,v1:172.21.15.98:6789/0] -- mon_subscribe({config=0+,monmap=0+}) v3 -- 0x7fb8ec009550 con 0x7fb8f819bb00
2024-09-13T02:43:39.853 INFO:teuthology.orchestra.run.smithi098.stdout:/usr/bin/ceph: stderr
2024-09-13T02:43:36.770+0000 7fb8fc8f5700 1 --2- 172.21.15.98:0/2917963801 >> [v2:172.21.15.98:3300/0,v1:172.21.15.98:6789/0] conn(0x7fb8f819bb00 0x7fb8f819bf10 secure :-1 s=READY pgs=46 cs=0 l=1 rev1=1 crypto rx=0x7fb8ec000c00 tx=0x7fb8ec011ab0 comp rx=0 tx=0).ready entity=mon.0 client_cookie=0 server_cookie=0 in_seq=0 out_seq=0
2024-09-13T02:43:39.853 INFO:teuthology.orchestra.run.smithi098.stdout:/usr/bin/ceph: stderr
2024-09-13T02:43:36.770+0000 7fb8f5ffb700 1 -- 172.21.15.98:0/2917963801 <== mon.0 v2:172.21.15.98:3300/0 1 ==== mon_map magic: 0 v1 ==== 229+0+0 (secure 0 0 0) 0x7fb8ec003b90 con 0x7fb8f819bb00
2024-09-13T02:43:39.853 INFO:teuthology.orchestra.run.smithi098.stdout:/usr/bin/ceph: stderr
2024-09-13T02:43:36.770+0000 7fb8f5ffb700 1 -- 172.21.15.98:0/2917963801 <== mon.0 v2:172.21.15.98:3300/0 2 ==== config(27 keys) v1 ==== 1037+0+0 (secure 0 0 0) 0x7fb8ec0248b0 con 0x7fb8f819bb00
2024-09-13T02:43:39.853 INFO:teuthology.orchestra.run.smithi098.stdout:/usr/bin/ceph: stderr
2024-09-13T02:43:36.770+0000 7fb8feb59700 1 -- 172.21.15.98:0/2917963801 --> [v2:172.21.15.98:3300/0,v1:172.21.15.98:6789/0] -- mon_subscribe({mgrmap=0+}) v3 -- 0x7fb8f819c650 con 0x7fb8f819bb00
2024-09-13T02:43:39.853 INFO:teuthology.orchestra.run.smithi098.stdout:/usr/bin/ceph: stderr
2024-09-13T02:43:36.770+0000 7fb8f5ffb700 1 -- 172.21.15.98:0/2917963801 <== mon.0 v2:172.21.15.98:3300/0 3 ==== mon_map magic: 0 v1 ==== 229+0+0 (secure 0 0 0) 0x7fb8ec01a8e0 con 0x7fb8f819bb00
2024-09-13T02:43:39.853 INFO:teuthology.orchestra.run.smithi098.stdout:/usr/bin/ceph: stderr
2024-09-13T02:43:36.770+0000 7fb8feb59700 1 -- 172.21.15.98:0/2917963801 --> [v2:172.21.15.98:3300/0,v1:172.21.15.98:6789/0] -- mon_subscribe({osdmap=0}) v3 -- 0x7fb8f819f2b0 con 0x7fb8f819bb00
2024-09-13T02:43:39.853 INFO:teuthology.orchestra.run.smithi098.stdout:/usr/bin/ceph: stderr
2024-09-13T02:43:36.771+0000 7fb8f5ffb700 1 -- 172.21.15.98:0/2917963801 <== mon.0 v2:172.21.15.98:3300/0 4 ==== mgrmap(e 8) v1 ==== 45084+0+0 (secure 0 0 0) 0x7fb8ec01aba0 con 0x7fb8f819bb00
2024-09-13T02:43:39.853 INFO:teuthology.orchestra.run.smithi098.stdout:/usr/bin/ceph: stderr
2024-09-13T02:43:36.771+0000 7fb8feb59700 1 -- 172.21.15.98:0/2917963801 --> [v2:172.21.15.98:3300/0,v1:172.21.15.98:6789/0] -- mon_command({"prefix": "get_command_descriptions"} v 0) v1 -- 0x7fb8f8079d20 con 0x7fb8f819bb00
2024-09-13T02:43:39.853 INFO:teuthology.orchestra.run.smithi098.stdout:/usr/bin/ceph: stderr
2024-09-13T02:43:36.771+0000 7fb8f5ffb700 1 --2- 172.21.15.98:0/2917963801 >> [v2:172.21.15.98:6800/2,v1:172.21.15.98:6801/2] conn(0x7fb8e80383f0 0x7fb8e803a8a0 unknown :-1 s=NONE pgs=0 cs=0 l=1 rev1=0 crypto rx=0 tx=0 comp rx=0 tx=0).connect
2024-09-13T02:43:39.853 INFO:teuthology.orchestra.run.smithi098.stdout:/usr/bin/ceph: stderr
2024-09-13T02:43:36.771+0000 7fb8f5ffb700 1 -- 172.21.15.98:0/2917963801 <== mon.0 v2:172.21.15.98:3300/0 5 ==== osd_map(2..2 src has 1..2) v4 ==== 940+0+0 (secure 0 0 0) 0x7fb8ec04c640 con 0x7fb8f819bb00
2024-09-13T02:43:39.854 INFO:teuthology.orchestra.run.smithi098.stdout:/usr/bin/ceph: stderr
2024-09-13T02:43:36.771+0000 7fb8f7fff700 1 --2- 172.21.15.98:0/2917963801 >> [v2:172.21.15.98:6800/2,v1:172.21.15.98:6801/2] conn(0x7fb8e80383f0 0x7fb8e803a8a0 unknown :-1 s=BANNER_CONNECTING pgs=0 cs=0 l=1 rev1=0 crypto rx=0 tx=0 comp rx=0 tx=0)._handle_peer_banner_payload supported=3 required=0
2024-09-13T02:43:39.854 INFO:teuthology.orchestra.run.smithi098.stdout:/usr/bin/ceph: stderr
2024-09-13T02:43:36.772+0000 7fb8f7fff700 1 --2- 172.21.15.98:0/2917963801 >> [v2:172.21.15.98:6800/2,v1:172.21.15.98:6801/2] conn(0x7fb8e80383f0 0x7fb8e803a8a0 secure :-1 s=READY pgs=11 cs=0 l=1 rev1=1 crypto rx=0x7fb8e4006fd0 tx=0x7fb8e4006e40 comp rx=0 tx=0).ready entity=mgr.14120 client_cookie=0 server_cookie=0 in_seq=0 out_seq=0
2024-09-13T02:43:39.854 INFO:teuthology.orchestra.run.smithi098.stdout:/usr/bin/ceph: stderr
2024-09-13T02:43:36.776+0000 7fb8f5ffb700 1 -- 172.21.15.98:0/2917963801 <== mon.0 v2:172.21.15.98:3300/0 6 ==== mon_command_ack([{"prefix": "get_command_descriptions"}]=0 v0) v1 ==== 72+0+177933 (secure 0 0 0) 0x7fb8ec018ca0 con 0x7fb8f819bb00
2024-09-13T02:43:39.854 INFO:teuthology.orchestra.run.smithi098.stdout:/usr/bin/ceph: stderr
2024-09-13T02:43:36.965+0000 7fb8feb59700 1 -- 172.21.15.98:0/2917963801 --> [v2:172.21.15.98:6800/2,v1:172.21.15.98:6801/2] -- mgr_command(tid 0: {"prefix": "orch host add", "hostname": "smithi098", "addr": "172.21.15.98", "target": ["mon-mgr", ""]}) v1 -- 0x7fb8f8102440 con 0x7fb8e80383f0
2024-09-13T02:43:39.854 INFO:teuthology.orchestra.run.smithi098.stdout:/usr/bin/ceph: stderr
2024-09-13T02:43:39.282+0000 7fb8f5ffb700 1 -- 172.21.15.98:0/2917963801 <== mgr.14120 v2:172.21.15.98:6800/2 1 ==== mgr_command_reply(tid 0: 0 ) v1 ==== 8+0+48 (secure 0 0 0) 0x7fb8f8102440 con 0x7fb8e80383f0
2024-09-13T02:43:39.854 INFO:teuthology.orchestra.run.smithi098.stdout:/usr/bin/ceph: stderr
2024-09-13T02:43:39.284+0000 7fb8feb59700 1 -- 172.21.15.98:0/2917963801 >> [v2:172.21.15.98:6800/2,v1:172.21.15.98:6801/2] conn(0x7fb8e80383f0 msgr2=0x7fb8e803a8a0 secure :-1 s=STATE_CONNECTION_ESTABLISHED l=1).mark_down
2024-09-13T02:43:39.854 INFO:teuthology.orchestra.run.smithi098.stdout:/usr/bin/ceph: stderr
2024-09-13T02:43:39.284+0000 7fb8feb59700 1 --2- 172.21.15.98:0/2917963801 >> [v2:172.21.15.98:6800/2,v1:172.21.15.98:6801/2] conn(0x7fb8e80383f0 0x7fb8e803a8a0 secure :-1 s=READY pgs=11 cs=0 l=1 rev1=1 crypto rx=0x7fb8e4006fd0 tx=0x7fb8e4006e40 comp rx=0 tx=0).stop
2024-09-13T02:43:39.854 INFO:teuthology.orchestra.run.smithi098.stdout:/usr/bin/ceph: stderr
2024-09-13T02:43:39.284+0000 7fb8feb59700 1 -- 172.21.15.98:0/2917963801 >> [v2:172.21.15.98:3300/0,v1:172.21.15.98:6789/0] conn(0x7fb8f819bb00 msgr2=0x7fb8f819bf10 secure :-1 s=STATE_CONNECTION_ESTABLISHED l=1).mark_down
2024-09-13T02:43:39.854 INFO:teuthology.orchestra.run.smithi098.stdout:/usr/bin/ceph: stderr
2024-09-13T02:43:39.284+0000 7fb8feb59700 1 --2- 172.21.15.98:0/2917963801 >> [v2:172.21.15.98:3300/0,v1:172.21.15.98:6789/0] conn(0x7fb8f819bb00 0x7fb8f819bf10 secure :-1 s=READY pgs=46 cs=0 l=1 rev1=1 crypto rx=0x7fb8ec000c00 tx=0x7fb8ec011ab0 comp rx=0 tx=0).stop
2024-09-13T02:43:39.854 INFO:teuthology.orchestra.run.smithi098.stdout:/usr/bin/ceph: stderr
2024-09-13T02:43:39.284+0000 7fb8feb59700 1 -- 172.21.15.98:0/2917963801 shutdown_connections
2024-09-13T02:43:39.854 INFO:teuthology.orchestra.run.smithi098.stdout:/usr/bin/ceph: stderr
2024-09-13T02:43:39.284+0000 7fb8feb59700 1 --2- 172.21.15.98:0/2917963801 >> [v2:172.21.15.98:6800/2,v1:172.21.15.98:6801/2] conn(0x7fb8e80383f0 0x7fb8e803a8a0 unknown :-1 s=CLOSED pgs=11 cs=0 l=1 rev1=1 crypto rx=0 tx=0 comp rx=0 tx=0).stop
2024-09-13T02:43:39.854 INFO:teuthology.orchestra.run.smithi098.stdout:/usr/bin/ceph: stderr
2024-09-13T02:43:39.284+0000 7fb8feb59700 1 --2- 172.21.15.98:0/2917963801 >> [v2:172.21.15.98:3300/0,v1:172.21.15.98:6789/0] conn(0x7fb8f819bb00 0x7fb8f819bf10 unknown :-1 s=CLOSED pgs=46 cs=0 l=1 rev1=1 crypto rx=0 tx=0 comp rx=0 tx=0).stop
2024-09-13T02:43:39.854 INFO:teuthology.orchestra.run.smithi098.stdout:/usr/bin/ceph: stderr
2024-09-13T02:43:39.284+0000 7fb8feb59700 1 -- 172.21.15.98:0/2917963801 >> 172.21.15.98:0/2917963801 conn(0x7fb8f81000f0 msgr2=0x7fb8f8101820 unknown :-1 s=STATE_NONE l=0).mark_down
2024-09-13T02:43:39.855 INFO:teuthology.orchestra.run.smithi098.stdout:/usr/bin/ceph: stderr
2024-09-13T02:43:39.284+0000 7fb8feb59700 1 -- 172.21.15.98:0/2917963801 shutdown_connections
2024-09-13T02:43:39.855 INFO:teuthology.orchestra.run.smithi098.stdout:/usr/bin/ceph: stderr
2024-09-13T02:43:39.285+0000 7fb8feb59700 1 -- 172.21.15.98:0/2917963801 wait complete.
2024-09-13T02:43:39.855 INFO:teuthology.orchestra.run.smithi098.stdout:Deploying mon service with default placement...
2024-09-13T02:43:40.514 INFO:journalctl@ceph.mon.smithi098.smithi098.stdout:Sep 13 02:43:40 smithi098 ceph-mon[27886]: from='mgr.14120 172.21.15.98:0/2' entity='mgr.smithi098.ukgenf'
2024-09-13T02:43:40.515 INFO:journalctl@ceph.mon.smithi098.smithi098.stdout:Sep 13 02:43:40 smithi098 ceph-mon[27886]: Added host smithi098
2024-09-13T02:43:40.515 INFO:journalctl@ceph.mon.smithi098.smithi098.stdout:Sep 13 02:43:40 smithi098 ceph-mon[27886]: from='mgr.14120 172.21.15.98:0/2' entity='mgr.smithi098.ukgenf' cmd=[{"prefix": "config dump", "format": "json"}]: dispatch
2024-09-13T02:43:41.420 INFO:teuthology.orchestra.run.smithi098.stdout:/usr/bin/ceph: stdout Scheduled mon update...
2024-09-13T02:43:41.420 INFO:teuthology.orchestra.run.smithi098.stdout:/usr/bin/ceph: stderr
2024-09-13T02:43:40.288+0000 7f261b9d0700 1 Processor -- start
2024-09-13T02:43:41.420 INFO:teuthology.orchestra.run.smithi098.stdout:/usr/bin/ceph: stderr
2024-09-13T02:43:40.289+0000 7f261b9d0700 1 -- start start
2024-09-13T02:43:41.421 INFO:teuthology.orchestra.run.smithi098.stdout:/usr/bin/ceph: stderr
2024-09-13T02:43:40.289+0000 7f261b9d0700 1 --2- >> [v2:172.21.15.98:3300/0,v1:172.21.15.98:6789/0] conn(0x7f2614104a80 0x7f2614104e90 unknown :-1 s=NONE pgs=0 cs=0 l=0 rev1=0 crypto rx=0 tx=0 comp rx=0 tx=0).connect
2024-09-13T02:43:41.421 INFO:teuthology.orchestra.run.smithi098.stdout:/usr/bin/ceph: stderr
2024-09-13T02:43:40.289+0000 7f261b9d0700 1 -- --> [v2:172.21.15.98:3300/0,v1:172.21.15.98:6789/0] -- mon_getmap magic: 0 v1 -- 0x7f26141053d0 con 0x7f2614104a80
2024-09-13T02:43:41.421 INFO:teuthology.orchestra.run.smithi098.stdout:/usr/bin/ceph: stderr
2024-09-13T02:43:40.289+0000 7f261976c700 1 --2- >> [v2:172.21.15.98:3300/0,v1:172.21.15.98:6789/0] conn(0x7f2614104a80 0x7f2614104e90 unknown :-1 s=BANNER_CONNECTING pgs=0 cs=0 l=0 rev1=0 crypto rx=0 tx=0 comp rx=0 tx=0)._handle_peer_banner_payload supported=3 required=0
2024-09-13T02:43:41.421 INFO:teuthology.orchestra.run.smithi098.stdout:/usr/bin/ceph: stderr
2024-09-13T02:43:40.289+0000 7f261976c700 1 --2- >> [v2:172.21.15.98:3300/0,v1:172.21.15.98:6789/0] conn(0x7f2614104a80 0x7f2614104e90 unknown :-1 s=HELLO_CONNECTING pgs=0 cs=0 l=0 rev1=1 crypto rx=0 tx=0 comp rx=0 tx=0).handle_hello peer v2:172.21.15.98:3300/0 says I am v2:172.21.15.98:43472/0 (socket says 172.21.15.98:43472)
2024-09-13T02:43:41.421 INFO:teuthology.orchestra.run.smithi098.stdout:/usr/bin/ceph: stderr
2024-09-13T02:43:40.289+0000 7f261976c700 1 -- 172.21.15.98:0/270921832 learned_addr learned my addr 172.21.15.98:0/270921832 (peer_addr_for_me v2:172.21.15.98:0/0)
2024-09-13T02:43:41.421 INFO:teuthology.orchestra.run.smithi098.stdout:/usr/bin/ceph: stderr
2024-09-13T02:43:40.289+0000 7f261976c700 1 -- 172.21.15.98:0/270921832 --> [v2:172.21.15.98:3300/0,v1:172.21.15.98:6789/0] -- mon_subscribe({config=0+,monmap=0+}) v3 -- 0x7f2614105510 con 0x7f2614104a80
2024-09-13T02:43:41.421 INFO:teuthology.orchestra.run.smithi098.stdout:/usr/bin/ceph: stderr
2024-09-13T02:43:40.289+0000 7f261976c700 1 --2- 172.21.15.98:0/270921832 >> [v2:172.21.15.98:3300/0,v1:172.21.15.98:6789/0] conn(0x7f2614104a80 0x7f2614104e90 secure :-1 s=READY pgs=47 cs=0 l=1 rev1=1 crypto rx=0x7f260c0098a0 tx=0x7f260c009bb0 comp rx=0 tx=0).ready entity=mon.0 client_cookie=e9e0442cddba7e0b server_cookie=0 in_seq=0 out_seq=0
2024-09-13T02:43:41.421 INFO:teuthology.orchestra.run.smithi098.stdout:/usr/bin/ceph: stderr
2024-09-13T02:43:40.289+0000 7f2613fff700 1 -- 172.21.15.98:0/270921832 <== mon.0 v2:172.21.15.98:3300/0 1 ==== mon_map magic: 0 v1 ==== 229+0+0 (secure 0 0 0) 0x7f260c004180 con 0x7f2614104a80
2024-09-13T02:43:41.421 INFO:teuthology.orchestra.run.smithi098.stdout:/usr/bin/ceph: stderr
2024-09-13T02:43:40.289+0000 7f2613fff700 1 -- 172.21.15.98:0/270921832 <== mon.0 v2:172.21.15.98:3300/0 2 ==== config(27 keys) v1 ==== 1037+0+0 (secure 0 0 0) 0x7f260c0042e0 con 0x7f2614104a80
2024-09-13T02:43:41.421 INFO:teuthology.orchestra.run.smithi098.stdout:/usr/bin/ceph: stderr
2024-09-13T02:43:40.289+0000 7f2613fff700 1 -- 172.21.15.98:0/270921832 <== mon.0 v2:172.21.15.98:3300/0 3 ==== mon_map magic: 0 v1 ==== 229+0+0 (secure 0 0 0) 0x7f260c011a50 con 0x7f2614104a80
2024-09-13T02:43:41.421 INFO:teuthology.orchestra.run.smithi098.stdout:/usr/bin/ceph: stderr
2024-09-13T02:43:40.290+0000 7f261b9d0700 1 -- 172.21.15.98:0/270921832 >> [v2:172.21.15.98:3300/0,v1:172.21.15.98:6789/0] conn(0x7f2614104a80 msgr2=0x7f2614104e90 secure :-1 s=STATE_CONNECTION_ESTABLISHED l=1).mark_down
2024-09-13T02:43:41.421 INFO:teuthology.orchestra.run.smithi098.stdout:/usr/bin/ceph: stderr
2024-09-13T02:43:40.290+0000 7f261b9d0700 1 --2- 172.21.15.98:0/270921832 >> [v2:172.21.15.98:3300/0,v1:172.21.15.98:6789/0] conn(0x7f2614104a80 0x7f2614104e90 secure :-1 s=READY pgs=47 cs=0 l=1 rev1=1 crypto rx=0x7f260c0098a0 tx=0x7f260c009bb0 comp rx=0 tx=0).stop
2024-09-13T02:43:41.421 INFO:teuthology.orchestra.run.smithi098.stdout:/usr/bin/ceph: stderr
2024-09-13T02:43:40.290+0000 7f261b9d0700 1 -- 172.21.15.98:0/270921832 shutdown_connections
2024-09-13T02:43:41.422 INFO:teuthology.orchestra.run.smithi098.stdout:/usr/bin/ceph: stderr
2024-09-13T02:43:40.290+0000 7f261b9d0700 1 --2- 172.21.15.98:0/270921832 >> [v2:172.21.15.98:3300/0,v1:172.21.15.98:6789/0] conn(0x7f2614104a80 0x7f2614104e90 unknown :-1 s=CLOSED pgs=47 cs=0 l=1 rev1=1 crypto rx=0 tx=0 comp rx=0 tx=0).stop
2024-09-13T02:43:41.422 INFO:teuthology.orchestra.run.smithi098.stdout:/usr/bin/ceph: stderr
2024-09-13T02:43:40.290+0000 7f261b9d0700 1 -- 172.21.15.98:0/270921832 >> 172.21.15.98:0/270921832 conn(0x7f26141000f0 msgr2=0x7f2614102500 unknown :-1 s=STATE_NONE l=0).mark_down
2024-09-13T02:43:41.422 INFO:teuthology.orchestra.run.smithi098.stdout:/usr/bin/ceph: stderr
2024-09-13T02:43:40.290+0000 7f261b9d0700 1 -- 172.21.15.98:0/270921832 shutdown_connections
2024-09-13T02:43:41.422 INFO:teuthology.orchestra.run.smithi098.stdout:/usr/bin/ceph: stderr
2024-09-13T02:43:40.290+0000 7f261b9d0700 1 -- 172.21.15.98:0/270921832 wait complete.
2024-09-13T02:43:41.422 INFO:teuthology.orchestra.run.smithi098.stdout:/usr/bin/ceph: stderr
2024-09-13T02:43:40.291+0000 7f261b9d0700 1 Processor -- start
2024-09-13T02:43:41.422 INFO:teuthology.orchestra.run.smithi098.stdout:/usr/bin/ceph: stderr
2024-09-13T02:43:40.291+0000 7f261b9d0700 1 -- start start
2024-09-13T02:43:41.422 INFO:teuthology.orchestra.run.smithi098.stdout:/usr/bin/ceph: stderr
2024-09-13T02:43:40.291+0000 7f261b9d0700 1 --2- >> [v2:172.21.15.98:3300/0,v1:172.21.15.98:6789/0] conn(0x7f2614104a80 0x7f26141998d0 unknown :-1 s=NONE pgs=0 cs=0 l=1 rev1=0 crypto rx=0 tx=0 comp rx=0 tx=0).connect
2024-09-13T02:43:41.422 INFO:teuthology.orchestra.run.smithi098.stdout:/usr/bin/ceph: stderr
2024-09-13T02:43:40.291+0000 7f261b9d0700 1 -- --> [v2:172.21.15.98:3300/0,v1:172.21.15.98:6789/0] -- mon_getmap magic: 0 v1 -- 0x7f2614199e10 con 0x7f2614104a80
2024-09-13T02:43:41.422 INFO:teuthology.orchestra.run.smithi098.stdout:/usr/bin/ceph: stderr
2024-09-13T02:43:40.291+0000 7f261976c700 1 --2- >> [v2:172.21.15.98:3300/0,v1:172.21.15.98:6789/0] conn(0x7f2614104a80 0x7f26141998d0 unknown :-1 s=BANNER_CONNECTING pgs=0 cs=0 l=1 rev1=0 crypto rx=0 tx=0 comp rx=0 tx=0)._handle_peer_banner_payload supported=3 required=0
2024-09-13T02:43:41.422 INFO:teuthology.orchestra.run.smithi098.stdout:/usr/bin/ceph: stderr
2024-09-13T02:43:40.291+0000 7f261976c700 1 --2- >> [v2:172.21.15.98:3300/0,v1:172.21.15.98:6789/0] conn(0x7f2614104a80 0x7f26141998d0 unknown :-1 s=HELLO_CONNECTING pgs=0 cs=0 l=1 rev1=1 crypto rx=0 tx=0 comp rx=0 tx=0).handle_hello peer v2:172.21.15.98:3300/0 says I am v2:172.21.15.98:43480/0 (socket says 172.21.15.98:43480)
2024-09-13T02:43:41.422 INFO:teuthology.orchestra.run.smithi098.stdout:/usr/bin/ceph: stderr
2024-09-13T02:43:40.291+0000 7f261976c700 1 -- 172.21.15.98:0/767898847 learned_addr learned my addr 172.21.15.98:0/767898847 (peer_addr_for_me v2:172.21.15.98:0/0)
2024-09-13T02:43:41.422 INFO:teuthology.orchestra.run.smithi098.stdout:/usr/bin/ceph: stderr
2024-09-13T02:43:40.291+0000 7f261976c700 1 -- 172.21.15.98:0/767898847 --> [v2:172.21.15.98:3300/0,v1:172.21.15.98:6789/0] -- mon_subscribe({config=0+,monmap=0+}) v3 -- 0x7f260c009550 con 0x7f2614104a80
2024-09-13T02:43:41.422 INFO:teuthology.orchestra.run.smithi098.stdout:/usr/bin/ceph: stderr
2024-09-13T02:43:40.291+0000 7f261976c700 1 --2- 172.21.15.98:0/767898847 >> [v2:172.21.15.98:3300/0,v1:172.21.15.98:6789/0] conn(0x7f2614104a80 0x7f26141998d0 secure :-1 s=READY pgs=48 cs=0 l=1 rev1=1 crypto rx=0x7f260c0119e0 tx=0x7f260c011ac0 comp rx=0 tx=0).ready entity=mon.0 client_cookie=0 server_cookie=0 in_seq=0 out_seq=0
2024-09-13T02:43:41.422 INFO:teuthology.orchestra.run.smithi098.stdout:/usr/bin/ceph: stderr
2024-09-13T02:43:40.292+0000 7f26127fc700 1 -- 172.21.15.98:0/767898847 <== mon.0 v2:172.21.15.98:3300/0 1 ==== mon_map magic: 0 v1 ==== 229+0+0 (secure 0 0 0) 0x7f260c003b90 con 0x7f2614104a80
2024-09-13T02:43:41.423 INFO:teuthology.orchestra.run.smithi098.stdout:/usr/bin/ceph: stderr
2024-09-13T02:43:40.292+0000 7f26127fc700 1 -- 172.21.15.98:0/767898847 <== mon.0 v2:172.21.15.98:3300/0 2 ==== config(27 keys) v1 ==== 1037+0+0 (secure 0 0 0) 0x7f260c01a8a0 con 0x7f2614104a80
2024-09-13T02:43:41.423 INFO:teuthology.orchestra.run.smithi098.stdout:/usr/bin/ceph: stderr
2024-09-13T02:43:40.292+0000 7f26127fc700 1 -- 172.21.15.98:0/767898847 <== mon.0 v2:172.21.15.98:3300/0 3 ==== mon_map magic: 0 v1 ==== 229+0+0 (secure 0 0 0) 0x7f260c019930 con 0x7f2614104a80
2024-09-13T02:43:41.423 INFO:teuthology.orchestra.run.smithi098.stdout:/usr/bin/ceph: stderr
2024-09-13T02:43:40.292+0000 7f261b9d0700 1 -- 172.21.15.98:0/767898847 --> [v2:172.21.15.98:3300/0,v1:172.21.15.98:6789/0] -- mon_subscribe({mgrmap=0+}) v3 -- 0x7f261419a010 con 0x7f2614104a80
2024-09-13T02:43:41.423 INFO:teuthology.orchestra.run.smithi098.stdout:/usr/bin/ceph: stderr
2024-09-13T02:43:40.292+0000 7f261b9d0700 1 -- 172.21.15.98:0/767898847 --> [v2:172.21.15.98:3300/0,v1:172.21.15.98:6789/0] -- mon_subscribe({osdmap=0}) v3 -- 0x7f261419a430 con 0x7f2614104a80
2024-09-13T02:43:41.423 INFO:teuthology.orchestra.run.smithi098.stdout:/usr/bin/ceph: stderr
2024-09-13T02:43:40.292+0000 7f26127fc700 1 -- 172.21.15.98:0/767898847 <== mon.0 v2:172.21.15.98:3300/0 4 ==== mgrmap(e 8) v1 ==== 45084+0+0 (secure 0 0 0) 0x7f260c01aa10 con 0x7f2614104a80
2024-09-13T02:43:41.423 INFO:teuthology.orchestra.run.smithi098.stdout:/usr/bin/ceph: stderr
2024-09-13T02:43:40.292+0000 7f261b9d0700 1 -- 172.21.15.98:0/767898847 --> [v2:172.21.15.98:3300/0,v1:172.21.15.98:6789/0] -- mon_command({"prefix": "get_command_descriptions"} v 0) v1 -- 0x7f2614062380 con 0x7f2614104a80
2024-09-13T02:43:41.423 INFO:teuthology.orchestra.run.smithi098.stdout:/usr/bin/ceph: stderr
