2024-09-13T02:45:28.899 INFO:teuthology.orchestra.run.smithi089.stdout:/usr/bin/ceph: stderr
2024-09-13T02:45:28.025+0000 7fda7bea8640 1 -- start start
2024-09-13T02:45:28.899 INFO:teuthology.orchestra.run.smithi089.stdout:/usr/bin/ceph: stderr
2024-09-13T02:45:28.026+0000 7fda7bea8640 1 --2- >> [v2:172.21.15.89:3300/0,v1:172.21.15.89:6789/0] conn(0x7fda74100390 0x7fda741007a0 unknown :-1 s=NONE pgs=0 cs=0 l=0 rev1=0 crypto rx=0 tx=0 comp rx=0 tx=0).connect
2024-09-13T02:45:28.899 INFO:teuthology.orchestra.run.smithi089.stdout:/usr/bin/ceph: stderr
2024-09-13T02:45:28.026+0000 7fda7bea8640 1 -- --> [v2:172.21.15.89:3300/0,v1:172.21.15.89:6789/0] -- mon_getmap magic: 0 v1 -- 0x7fda74100ce0 con 0x7fda74100390
2024-09-13T02:45:28.899 INFO:teuthology.orchestra.run.smithi089.stdout:/usr/bin/ceph: stderr
2024-09-13T02:45:28.026+0000 7fda79c44640 1 --2- >> [v2:172.21.15.89:3300/0,v1:172.21.15.89:6789/0] conn(0x7fda74100390 0x7fda741007a0 unknown :-1 s=BANNER_CONNECTING pgs=0 cs=0 l=0 rev1=0 crypto rx=0 tx=0 comp rx=0 tx=0)._handle_peer_banner_payload supported=3 required=0
2024-09-13T02:45:28.899 INFO:teuthology.orchestra.run.smithi089.stdout:/usr/bin/ceph: stderr
2024-09-13T02:45:28.026+0000 7fda79c44640 1 --2- >> [v2:172.21.15.89:3300/0,v1:172.21.15.89:6789/0] conn(0x7fda74100390 0x7fda741007a0 unknown :-1 s=HELLO_CONNECTING pgs=0 cs=0 l=0 rev1=1 crypto rx=0 tx=0 comp rx=0 tx=0).handle_hello peer v2:172.21.15.89:3300/0 says I am v2:172.21.15.89:49054/0 (socket says 172.21.15.89:49054)
2024-09-13T02:45:28.899 INFO:teuthology.orchestra.run.smithi089.stdout:/usr/bin/ceph: stderr
2024-09-13T02:45:28.026+0000 7fda79c44640 1 -- 172.21.15.89:0/2371517482 learned_addr learned my addr 172.21.15.89:0/2371517482 (peer_addr_for_me v2:172.21.15.89:0/0)
2024-09-13T02:45:28.899 INFO:teuthology.orchestra.run.smithi089.stdout:/usr/bin/ceph: stderr
2024-09-13T02:45:28.026+0000 7fda79c44640 1 -- 172.21.15.89:0/2371517482 --> [v2:172.21.15.89:3300/0,v1:172.21.15.89:6789/0] -- mon_subscribe({config=0+,monmap=0+}) v3 -- 0x7fda74100e20 con 0x7fda74100390
2024-09-13T02:45:28.899 INFO:teuthology.orchestra.run.smithi089.stdout:/usr/bin/ceph: stderr
2024-09-13T02:45:28.027+0000 7fda79c44640 1 --2- 172.21.15.89:0/2371517482 >> [v2:172.21.15.89:3300/0,v1:172.21.15.89:6789/0] conn(0x7fda74100390 0x7fda741007a0 secure :-1 s=READY pgs=18 cs=0 l=1 rev1=1 crypto rx=0x7fda68009840 tx=0x7fda680091d0 comp rx=0 tx=0).ready entity=mon.0 client_cookie=88d2a449d6f771a2 server_cookie=0 in_seq=0 out_seq=0
2024-09-13T02:45:28.900 INFO:teuthology.orchestra.run.smithi089.stdout:/usr/bin/ceph: stderr
2024-09-13T02:45:28.027+0000 7fda78c42640 1 -- 172.21.15.89:0/2371517482 <== mon.0 v2:172.21.15.89:3300/0 1 ==== mon_map magic: 0 v1 ==== 229+0+0 (secure 0 0 0) 0x7fda68032440 con 0x7fda74100390
2024-09-13T02:45:28.900 INFO:teuthology.orchestra.run.smithi089.stdout:/usr/bin/ceph: stderr
2024-09-13T02:45:28.027+0000 7fda78c42640 1 -- 172.21.15.89:0/2371517482 <== mon.0 v2:172.21.15.89:3300/0 2 ==== config(26 keys) v1 ==== 1005+0+0 (secure 0 0 0) 0x7fda68032a00 con 0x7fda74100390
2024-09-13T02:45:28.900 INFO:teuthology.orchestra.run.smithi089.stdout:/usr/bin/ceph: stderr
2024-09-13T02:45:28.027+0000 7fda78c42640 1 -- 172.21.15.89:0/2371517482 <== mon.0 v2:172.21.15.89:3300/0 3 ==== mon_map magic: 0 v1 ==== 229+0+0 (secure 0 0 0) 0x7fda680319e0 con 0x7fda74100390
2024-09-13T02:45:28.900 INFO:teuthology.orchestra.run.smithi089.stdout:/usr/bin/ceph: stderr
2024-09-13T02:45:28.028+0000 7fda7bea8640 1 -- 172.21.15.89:0/2371517482 >> [v2:172.21.15.89:3300/0,v1:172.21.15.89:6789/0] conn(0x7fda74100390 msgr2=0x7fda741007a0 secure :-1 s=STATE_CONNECTION_ESTABLISHED l=1).mark_down
2024-09-13T02:45:28.900 INFO:teuthology.orchestra.run.smithi089.stdout:/usr/bin/ceph: stderr
2024-09-13T02:45:28.028+0000 7fda7bea8640 1 --2- 172.21.15.89:0/2371517482 >> [v2:172.21.15.89:3300/0,v1:172.21.15.89:6789/0] conn(0x7fda74100390 0x7fda741007a0 secure :-1 s=READY pgs=18 cs=0 l=1 rev1=1 crypto rx=0x7fda68009840 tx=0x7fda680091d0 comp rx=0 tx=0).stop
2024-09-13T02:45:28.900 INFO:teuthology.orchestra.run.smithi089.stdout:/usr/bin/ceph: stderr
2024-09-13T02:45:28.028+0000 7fda7bea8640 1 -- 172.21.15.89:0/2371517482 shutdown_connections
2024-09-13T02:45:28.900 INFO:teuthology.orchestra.run.smithi089.stdout:/usr/bin/ceph: stderr
2024-09-13T02:45:28.028+0000 7fda7bea8640 1 --2- 172.21.15.89:0/2371517482 >> [v2:172.21.15.89:3300/0,v1:172.21.15.89:6789/0] conn(0x7fda74100390 0x7fda741007a0 unknown :-1 s=CLOSED pgs=18 cs=0 l=1 rev1=1 crypto rx=0 tx=0 comp rx=0 tx=0).stop
2024-09-13T02:45:28.900 INFO:teuthology.orchestra.run.smithi089.stdout:/usr/bin/ceph: stderr
2024-09-13T02:45:28.028+0000 7fda7bea8640 1 -- 172.21.15.89:0/2371517482 >> 172.21.15.89:0/2371517482 conn(0x7fda740fbdd0 msgr2=0x7fda740fe200 unknown :-1 s=STATE_NONE l=0).mark_down
2024-09-13T02:45:28.900 INFO:teuthology.orchestra.run.smithi089.stdout:/usr/bin/ceph: stderr
2024-09-13T02:45:28.028+0000 7fda7bea8640 1 -- 172.21.15.89:0/2371517482 shutdown_connections
2024-09-13T02:45:28.900 INFO:teuthology.orchestra.run.smithi089.stdout:/usr/bin/ceph: stderr
2024-09-13T02:45:28.028+0000 7fda7bea8640 1 -- 172.21.15.89:0/2371517482 wait complete.
2024-09-13T02:45:28.900 INFO:teuthology.orchestra.run.smithi089.stdout:/usr/bin/ceph: stderr
2024-09-13T02:45:28.028+0000 7fda7bea8640 1 Processor -- start
2024-09-13T02:45:28.900 INFO:teuthology.orchestra.run.smithi089.stdout:/usr/bin/ceph: stderr
2024-09-13T02:45:28.028+0000 7fda7bea8640 1 -- start start
2024-09-13T02:45:28.900 INFO:teuthology.orchestra.run.smithi089.stdout:/usr/bin/ceph: stderr
2024-09-13T02:45:28.028+0000 7fda7bea8640 1 --2- >> [v2:172.21.15.89:3300/0,v1:172.21.15.89:6789/0] conn(0x7fda74100390 0x7fda74102dc0 unknown :-1 s=NONE pgs=0 cs=0 l=1 rev1=0 crypto rx=0 tx=0 comp rx=0 tx=0).connect
2024-09-13T02:45:28.901 INFO:teuthology.orchestra.run.smithi089.stdout:/usr/bin/ceph: stderr
2024-09-13T02:45:28.028+0000 7fda7bea8640 1 -- --> [v2:172.21.15.89:3300/0,v1:172.21.15.89:6789/0] -- mon_getmap magic: 0 v1 -- 0x7fda74103300 con 0x7fda74100390
2024-09-13T02:45:28.901 INFO:teuthology.orchestra.run.smithi089.stdout:/usr/bin/ceph: stderr
2024-09-13T02:45:28.029+0000 7fda79c44640 1 --2- >> [v2:172.21.15.89:3300/0,v1:172.21.15.89:6789/0] conn(0x7fda74100390 0x7fda74102dc0 unknown :-1 s=BANNER_CONNECTING pgs=0 cs=0 l=1 rev1=0 crypto rx=0 tx=0 comp rx=0 tx=0)._handle_peer_banner_payload supported=3 required=0
2024-09-13T02:45:28.901 INFO:teuthology.orchestra.run.smithi089.stdout:/usr/bin/ceph: stderr
2024-09-13T02:45:28.029+0000 7fda79c44640 1 --2- >> [v2:172.21.15.89:3300/0,v1:172.21.15.89:6789/0] conn(0x7fda74100390 0x7fda74102dc0 unknown :-1 s=HELLO_CONNECTING pgs=0 cs=0 l=1 rev1=1 crypto rx=0 tx=0 comp rx=0 tx=0).handle_hello peer v2:172.21.15.89:3300/0 says I am v2:172.21.15.89:49070/0 (socket says 172.21.15.89:49070)
2024-09-13T02:45:28.901 INFO:teuthology.orchestra.run.smithi089.stdout:/usr/bin/ceph: stderr
2024-09-13T02:45:28.029+0000 7fda79c44640 1 -- 172.21.15.89:0/1597049412 learned_addr learned my addr 172.21.15.89:0/1597049412 (peer_addr_for_me v2:172.21.15.89:0/0)
2024-09-13T02:45:28.901 INFO:teuthology.orchestra.run.smithi089.stdout:/usr/bin/ceph: stderr
2024-09-13T02:45:28.029+0000 7fda79c44640 1 -- 172.21.15.89:0/1597049412 --> [v2:172.21.15.89:3300/0,v1:172.21.15.89:6789/0] -- mon_subscribe({config=0+,monmap=0+}) v3 -- 0x7fda68009450 con 0x7fda74100390
2024-09-13T02:45:28.901 INFO:teuthology.orchestra.run.smithi089.stdout:/usr/bin/ceph: stderr
2024-09-13T02:45:28.029+0000 7fda79c44640 1 --2- 172.21.15.89:0/1597049412 >> [v2:172.21.15.89:3300/0,v1:172.21.15.89:6789/0] conn(0x7fda74100390 0x7fda74102dc0 secure :-1 s=READY pgs=19 cs=0 l=1 rev1=1 crypto rx=0x7fda680098a0 tx=0x7fda68008040 comp rx=0 tx=0).ready entity=mon.0 client_cookie=0 server_cookie=0 in_seq=0 out_seq=0
2024-09-13T02:45:28.901 INFO:teuthology.orchestra.run.smithi089.stdout:/usr/bin/ceph: stderr
2024-09-13T02:45:28.029+0000 7fda667fc640 1 -- 172.21.15.89:0/1597049412 <== mon.0 v2:172.21.15.89:3300/0 1 ==== mon_map magic: 0 v1 ==== 229+0+0 (secure 0 0 0) 0x7fda68032880 con 0x7fda74100390
2024-09-13T02:45:28.901 INFO:teuthology.orchestra.run.smithi089.stdout:/usr/bin/ceph: stderr
2024-09-13T02:45:28.029+0000 7fda667fc640 1 -- 172.21.15.89:0/1597049412 <== mon.0 v2:172.21.15.89:3300/0 2 ==== config(26 keys) v1 ==== 1005+0+0 (secure 0 0 0) 0x7fda6803d8b0 con 0x7fda74100390
2024-09-13T02:45:28.901 INFO:teuthology.orchestra.run.smithi089.stdout:/usr/bin/ceph: stderr
2024-09-13T02:45:28.029+0000 7fda7bea8640 1 -- 172.21.15.89:0/1597049412 --> [v2:172.21.15.89:3300/0,v1:172.21.15.89:6789/0] -- mon_subscribe({mgrmap=0+}) v3 -- 0x7fda74101390 con 0x7fda74100390
2024-09-13T02:45:28.901 INFO:teuthology.orchestra.run.smithi089.stdout:/usr/bin/ceph: stderr
2024-09-13T02:45:28.029+0000 7fda667fc640 1 -- 172.21.15.89:0/1597049412 <== mon.0 v2:172.21.15.89:3300/0 3 ==== mon_map magic: 0 v1 ==== 229+0+0 (secure 0 0 0) 0x7fda6803b910 con 0x7fda74100390
2024-09-13T02:45:28.901 INFO:teuthology.orchestra.run.smithi089.stdout:/usr/bin/ceph: stderr
2024-09-13T02:45:28.029+0000 7fda7bea8640 1 -- 172.21.15.89:0/1597049412 --> [v2:172.21.15.89:3300/0,v1:172.21.15.89:6789/0] -- mon_subscribe({osdmap=0}) v3 -- 0x7fda74101800 con 0x7fda74100390
2024-09-13T02:45:28.901 INFO:teuthology.orchestra.run.smithi089.stdout:/usr/bin/ceph: stderr
2024-09-13T02:45:28.030+0000 7fda667fc640 1 -- 172.21.15.89:0/1597049412 <== mon.0 v2:172.21.15.89:3300/0 4 ==== mgrmap(e 4) v1 ==== 45496+0+0 (secure 0 0 0) 0x7fda68039070 con 0x7fda74100390
2024-09-13T02:45:28.901 INFO:teuthology.orchestra.run.smithi089.stdout:/usr/bin/ceph: stderr
2024-09-13T02:45:28.030+0000 7fda7bea8640 1 -- 172.21.15.89:0/1597049412 --> [v2:172.21.15.89:3300/0,v1:172.21.15.89:6789/0] -- mon_command({"prefix": "get_command_descriptions"} v 0) v1 -- 0x7fda7404b720 con 0x7fda74100390
2024-09-13T02:45:28.901 INFO:teuthology.orchestra.run.smithi089.stdout:/usr/bin/ceph: stderr
2024-09-13T02:45:28.030+0000 7fda667fc640 1 --2- 172.21.15.89:0/1597049412 >> [v2:172.21.15.89:6800/3982028315,v1:172.21.15.89:6801/3982028315] conn(0x7fda60039450 0x7fda6003b900 unknown :-1 s=NONE pgs=0 cs=0 l=1 rev1=0 crypto rx=0 tx=0 comp rx=0 tx=0).connect
2024-09-13T02:45:28.902 INFO:teuthology.orchestra.run.smithi089.stdout:/usr/bin/ceph: stderr
2024-09-13T02:45:28.030+0000 7fda667fc640 1 -- 172.21.15.89:0/1597049412 <== mon.0 v2:172.21.15.89:3300/0 5 ==== osd_map(1..1 src has 1..1) v4 ==== 721+0+0 (secure 0 0 0) 0x7fda6806cf40 con 0x7fda74100390
2024-09-13T02:45:28.902 INFO:teuthology.orchestra.run.smithi089.stdout:/usr/bin/ceph: stderr
2024-09-13T02:45:28.030+0000 7fda79443640 1 --2- 172.21.15.89:0/1597049412 >> [v2:172.21.15.89:6800/3982028315,v1:172.21.15.89:6801/3982028315] conn(0x7fda60039450 0x7fda6003b900 unknown :-1 s=BANNER_CONNECTING pgs=0 cs=0 l=1 rev1=0 crypto rx=0 tx=0 comp rx=0 tx=0)._handle_peer_banner_payload supported=3 required=0
2024-09-13T02:45:28.902 INFO:teuthology.orchestra.run.smithi089.stdout:/usr/bin/ceph: stderr
2024-09-13T02:45:28.031+0000 7fda79443640 1 --2- 172.21.15.89:0/1597049412 >> [v2:172.21.15.89:6800/3982028315,v1:172.21.15.89:6801/3982028315] conn(0x7fda60039450 0x7fda6003b900 secure :-1 s=READY pgs=8 cs=0 l=1 rev1=1 crypto rx=0x7fda70006fd0 tx=0x7fda70006db0 comp rx=0 tx=0).ready entity=mgr.14100 client_cookie=0 server_cookie=0 in_seq=0 out_seq=0
2024-09-13T02:45:28.902 INFO:teuthology.orchestra.run.smithi089.stdout:/usr/bin/ceph: stderr
2024-09-13T02:45:28.035+0000 7fda667fc640 1 -- 172.21.15.89:0/1597049412 <== mon.0 v2:172.21.15.89:3300/0 6 ==== mon_command_ack([{"prefix": "get_command_descriptions"}]=0 v0) v1 ==== 72+0+176781 (secure 0 0 0) 0x7fda6803da20 con 0x7fda74100390
2024-09-13T02:45:28.902 INFO:teuthology.orchestra.run.smithi089.stdout:/usr/bin/ceph: stderr
2024-09-13T02:45:28.229+0000 7fda7bea8640 1 -- 172.21.15.89:0/1597049412 --> [v2:172.21.15.89:3300/0,v1:172.21.15.89:6789/0] -- mon_command({"prefix": "mgr module enable", "module": "cephadm"} v 0) v1 -- 0x7fda74105f00 con 0x7fda74100390
2024-09-13T02:45:28.902 INFO:teuthology.orchestra.run.smithi089.stdout:/usr/bin/ceph: stderr
2024-09-13T02:45:28.282+0000 7fda667fc640 1 -- 172.21.15.89:0/1597049412 <== mon.0 v2:172.21.15.89:3300/0 7 ==== mgrmap(e 5) v1 ==== 45507+0+0 (secure 0 0 0) 0x7fda6803cbe0 con 0x7fda74100390
2024-09-13T02:45:28.902 INFO:teuthology.orchestra.run.smithi089.stdout:/usr/bin/ceph: stderr
2024-09-13T02:45:28.283+0000 7fda667fc640 1 -- 172.21.15.89:0/1597049412 <== mon.0 v2:172.21.15.89:3300/0 8 ==== mon_command_ack([{"prefix": "mgr module enable", "module": "cephadm"}]=0 v5) v1 ==== 86+0+0 (secure 0 0 0) 0x7fda680080b0 con 0x7fda74100390
2024-09-13T02:45:28.902 INFO:teuthology.orchestra.run.smithi089.stdout:/usr/bin/ceph: stderr
2024-09-13T02:45:28.285+0000 7fda7bea8640 1 -- 172.21.15.89:0/1597049412 >> [v2:172.21.15.89:6800/3982028315,v1:172.21.15.89:6801/3982028315] conn(0x7fda60039450 msgr2=0x7fda6003b900 secure :-1 s=STATE_CONNECTION_ESTABLISHED l=1).mark_down
2024-09-13T02:45:28.902 INFO:teuthology.orchestra.run.smithi089.stdout:/usr/bin/ceph: stderr
2024-09-13T02:45:28.285+0000 7fda7bea8640 1 --2- 172.21.15.89:0/1597049412 >> [v2:172.21.15.89:6800/3982028315,v1:172.21.15.89:6801/3982028315] conn(0x7fda60039450 0x7fda6003b900 secure :-1 s=READY pgs=8 cs=0 l=1 rev1=1 crypto rx=0x7fda70006fd0 tx=0x7fda70006db0 comp rx=0 tx=0).stop
2024-09-13T02:45:28.902 INFO:teuthology.orchestra.run.smithi089.stdout:/usr/bin/ceph: stderr
2024-09-13T02:45:28.285+0000 7fda7bea8640 1 -- 172.21.15.89:0/1597049412 >> [v2:172.21.15.89:3300/0,v1:172.21.15.89:6789/0] conn(0x7fda74100390 msgr2=0x7fda74102dc0 secure :-1 s=STATE_CONNECTION_ESTABLISHED l=1).mark_down
2024-09-13T02:45:28.902 INFO:teuthology.orchestra.run.smithi089.stdout:/usr/bin/ceph: stderr
2024-09-13T02:45:28.285+0000 7fda7bea8640 1 --2- 172.21.15.89:0/1597049412 >> [v2:172.21.15.89:3300/0,v1:172.21.15.89:6789/0] conn(0x7fda74100390 0x7fda74102dc0 secure :-1 s=READY pgs=19 cs=0 l=1 rev1=1 crypto rx=0x7fda680098a0 tx=0x7fda68008040 comp rx=0 tx=0).stop
2024-09-13T02:45:28.902 INFO:teuthology.orchestra.run.smithi089.stdout:/usr/bin/ceph: stderr
2024-09-13T02:45:28.285+0000 7fda7bea8640 1 -- 172.21.15.89:0/1597049412 shutdown_connections
2024-09-13T02:45:28.902 INFO:teuthology.orchestra.run.smithi089.stdout:/usr/bin/ceph: stderr
2024-09-13T02:45:28.285+0000 7fda7bea8640 1 --2- 172.21.15.89:0/1597049412 >> [v2:172.21.15.89:6800/3982028315,v1:172.21.15.89:6801/3982028315] conn(0x7fda60039450 0x7fda6003b900 unknown :-1 s=CLOSED pgs=8 cs=0 l=1 rev1=1 crypto rx=0 tx=0 comp rx=0 tx=0).stop
2024-09-13T02:45:28.903 INFO:teuthology.orchestra.run.smithi089.stdout:/usr/bin/ceph: stderr
2024-09-13T02:45:28.285+0000 7fda7bea8640 1 --2- 172.21.15.89:0/1597049412 >> [v2:172.21.15.89:3300/0,v1:172.21.15.89:6789/0] conn(0x7fda74100390 0x7fda74102dc0 unknown :-1 s=CLOSED pgs=19 cs=0 l=1 rev1=1 crypto rx=0 tx=0 comp rx=0 tx=0).stop
2024-09-13T02:45:28.903 INFO:teuthology.orchestra.run.smithi089.stdout:/usr/bin/ceph: stderr
2024-09-13T02:45:28.285+0000 7fda7bea8640 1 -- 172.21.15.89:0/1597049412 >> 172.21.15.89:0/1597049412 conn(0x7fda740fbdd0 msgr2=0x7fda740fca10 unknown :-1 s=STATE_NONE l=0).mark_down
2024-09-13T02:45:28.903 INFO:teuthology.orchestra.run.smithi089.stdout:/usr/bin/ceph: stderr
2024-09-13T02:45:28.286+0000 7fda7bea8640 1 -- 172.21.15.89:0/1597049412 shutdown_connections
2024-09-13T02:45:28.903 INFO:teuthology.orchestra.run.smithi089.stdout:/usr/bin/ceph: stderr
2024-09-13T02:45:28.286+0000 7fda7bea8640 1 -- 172.21.15.89:0/1597049412 wait complete.
2024-09-13T02:45:29.483 INFO:journalctl@ceph.mon.smithi089.smithi089.stdout:Sep 13 02:45:29 smithi089 ceph-mon[27639]: from='client.? 172.21.15.89:0/1597049412' entity='client.admin' cmd='[{"prefix": "mgr module enable", "module": "cephadm"}]': finished
2024-09-13T02:45:29.483 INFO:journalctl@ceph.mon.smithi089.smithi089.stdout:Sep 13 02:45:29 smithi089 ceph-mon[27639]: mgrmap e5: smithi089.guohvs(active, since 11s)
2024-09-13T02:45:30.131 INFO:teuthology.orchestra.run.smithi089.stdout:/usr/bin/ceph: stdout {
2024-09-13T02:45:30.131 INFO:teuthology.orchestra.run.smithi089.stdout:/usr/bin/ceph: stdout "epoch": 5,
2024-09-13T02:45:30.131 INFO:teuthology.orchestra.run.smithi089.stdout:/usr/bin/ceph: stdout "available": true,
2024-09-13T02:45:30.131 INFO:teuthology.orchestra.run.smithi089.stdout:/usr/bin/ceph: stdout "active_name": "smithi089.guohvs",
2024-09-13T02:45:30.131 INFO:teuthology.orchestra.run.smithi089.stdout:/usr/bin/ceph: stdout "num_standby": 0
2024-09-13T02:45:30.131 INFO:teuthology.orchestra.run.smithi089.stdout:/usr/bin/ceph: stdout }
2024-09-13T02:45:30.131 INFO:teuthology.orchestra.run.smithi089.stdout:/usr/bin/ceph: stderr
2024-09-13T02:45:29.274+0000 7fa036291640 1 Processor -- start
2024-09-13T02:45:30.131 INFO:teuthology.orchestra.run.smithi089.stdout:/usr/bin/ceph: stderr
2024-09-13T02:45:29.274+0000 7fa036291640 1 -- start start
2024-09-13T02:45:30.131 INFO:teuthology.orchestra.run.smithi089.stdout:/usr/bin/ceph: stderr
2024-09-13T02:45:29.274+0000 7fa036291640 1 --2- >> [v2:172.21.15.89:3300/0,v1:172.21.15.89:6789/0] conn(0x7fa030103550 0x7fa030103960 unknown :-1 s=NONE pgs=0 cs=0 l=0 rev1=0 crypto rx=0 tx=0 comp rx=0 tx=0).connect
2024-09-13T02:45:30.132 INFO:teuthology.orchestra.run.smithi089.stdout:/usr/bin/ceph: stderr
2024-09-13T02:45:29.274+0000 7fa036291640 1 -- --> [v2:172.21.15.89:3300/0,v1:172.21.15.89:6789/0] -- mon_getmap magic: 0 v1 -- 0x7fa030103ea0 con 0x7fa030103550
2024-09-13T02:45:30.132 INFO:teuthology.orchestra.run.smithi089.stdout:/usr/bin/ceph: stderr
2024-09-13T02:45:29.275+0000 7fa02ffff640 1 --2- >> [v2:172.21.15.89:3300/0,v1:172.21.15.89:6789/0] conn(0x7fa030103550 0x7fa030103960 unknown :-1 s=BANNER_CONNECTING pgs=0 cs=0 l=0 rev1=0 crypto rx=0 tx=0 comp rx=0 tx=0)._handle_peer_banner_payload supported=3 required=0
2024-09-13T02:45:30.132 INFO:teuthology.orchestra.run.smithi089.stdout:/usr/bin/ceph: stderr
2024-09-13T02:45:29.275+0000 7fa02ffff640 1 --2- >> [v2:172.21.15.89:3300/0,v1:172.21.15.89:6789/0] conn(0x7fa030103550 0x7fa030103960 unknown :-1 s=HELLO_CONNECTING pgs=0 cs=0 l=0 rev1=1 crypto rx=0 tx=0 comp rx=0 tx=0).handle_hello peer v2:172.21.15.89:3300/0 says I am v2:172.21.15.89:49092/0 (socket says 172.21.15.89:49092)
2024-09-13T02:45:30.132 INFO:teuthology.orchestra.run.smithi089.stdout:/usr/bin/ceph: stderr
2024-09-13T02:45:29.275+0000 7fa02ffff640 1 -- 172.21.15.89:0/2931304699 learned_addr learned my addr 172.21.15.89:0/2931304699 (peer_addr_for_me v2:172.21.15.89:0/0)
2024-09-13T02:45:30.132 INFO:teuthology.orchestra.run.smithi089.stdout:/usr/bin/ceph: stderr
2024-09-13T02:45:29.275+0000 7fa02ffff640 1 -- 172.21.15.89:0/2931304699 --> [v2:172.21.15.89:3300/0,v1:172.21.15.89:6789/0] -- mon_subscribe({config=0+,monmap=0+}) v3 -- 0x7fa030103fe0 con 0x7fa030103550
2024-09-13T02:45:30.132 INFO:teuthology.orchestra.run.smithi089.stdout:/usr/bin/ceph: stderr
2024-09-13T02:45:29.276+0000 7fa02ffff640 1 --2- 172.21.15.89:0/2931304699 >> [v2:172.21.15.89:3300/0,v1:172.21.15.89:6789/0] conn(0x7fa030103550 0x7fa030103960 secure :-1 s=READY pgs=22 cs=0 l=1 rev1=1 crypto rx=0x7fa020009840 tx=0x7fa0200091d0 comp rx=0 tx=0).ready entity=mon.0 client_cookie=2f11cc4836ae9864 server_cookie=0 in_seq=0 out_seq=0
2024-09-13T02:45:30.132 INFO:teuthology.orchestra.run.smithi089.stdout:/usr/bin/ceph: stderr
2024-09-13T02:45:29.276+0000 7fa02f7fe640 1 -- 172.21.15.89:0/2931304699 <== mon.0 v2:172.21.15.89:3300/0 1 ==== mon_map magic: 0 v1 ==== 229+0+0 (secure 0 0 0) 0x7fa020032440 con 0x7fa030103550
2024-09-13T02:45:30.132 INFO:teuthology.orchestra.run.smithi089.stdout:/usr/bin/ceph: stderr
2024-09-13T02:45:29.276+0000 7fa02f7fe640 1 -- 172.21.15.89:0/2931304699 <== mon.0 v2:172.21.15.89:3300/0 2 ==== config(26 keys) v1 ==== 1005+0+0 (secure 0 0 0) 0x7fa020032a00 con 0x7fa030103550
2024-09-13T02:45:30.132 INFO:teuthology.orchestra.run.smithi089.stdout:/usr/bin/ceph: stderr
2024-09-13T02:45:29.276+0000 7fa02f7fe640 1 -- 172.21.15.89:0/2931304699 <== mon.0 v2:172.21.15.89:3300/0 3 ==== mon_map magic: 0 v1 ==== 229+0+0 (secure 0 0 0) 0x7fa0200319e0 con 0x7fa030103550
2024-09-13T02:45:30.132 INFO:teuthology.orchestra.run.smithi089.stdout:/usr/bin/ceph: stderr
2024-09-13T02:45:29.277+0000 7fa036291640 1 -- 172.21.15.89:0/2931304699 >> [v2:172.21.15.89:3300/0,v1:172.21.15.89:6789/0] conn(0x7fa030103550 msgr2=0x7fa030103960 secure :-1 s=STATE_CONNECTION_ESTABLISHED l=1).mark_down
2024-09-13T02:45:30.132 INFO:teuthology.orchestra.run.smithi089.stdout:/usr/bin/ceph: stderr
2024-09-13T02:45:29.277+0000 7fa036291640 1 --2- 172.21.15.89:0/2931304699 >> [v2:172.21.15.89:3300/0,v1:172.21.15.89:6789/0] conn(0x7fa030103550 0x7fa030103960 secure :-1 s=READY pgs=22 cs=0 l=1 rev1=1 crypto rx=0x7fa020009840 tx=0x7fa0200091d0 comp rx=0 tx=0).stop
2024-09-13T02:45:30.132 INFO:teuthology.orchestra.run.smithi089.stdout:/usr/bin/ceph: stderr
2024-09-13T02:45:29.277+0000 7fa036291640 1 -- 172.21.15.89:0/2931304699 shutdown_connections
2024-09-13T02:45:30.132 INFO:teuthology.orchestra.run.smithi089.stdout:/usr/bin/ceph: stderr
2024-09-13T02:45:29.277+0000 7fa036291640 1 --2- 172.21.15.89:0/2931304699 >> [v2:172.21.15.89:3300/0,v1:172.21.15.89:6789/0] conn(0x7fa030103550 0x7fa030103960 unknown :-1 s=CLOSED pgs=22 cs=0 l=1 rev1=1 crypto rx=0 tx=0 comp rx=0 tx=0).stop
2024-09-13T02:45:30.133 INFO:teuthology.orchestra.run.smithi089.stdout:/usr/bin/ceph: stderr
2024-09-13T02:45:29.277+0000 7fa036291640 1 -- 172.21.15.89:0/2931304699 >> 172.21.15.89:0/2931304699 conn(0x7fa0300fbd90 msgr2=0x7fa0300fe1a0 unknown :-1 s=STATE_NONE l=0).mark_down
2024-09-13T02:45:30.133 INFO:teuthology.orchestra.run.smithi089.stdout:/usr/bin/ceph: stderr
2024-09-13T02:45:29.277+0000 7fa036291640 1 -- 172.21.15.89:0/2931304699 shutdown_connections
2024-09-13T02:45:30.133 INFO:teuthology.orchestra.run.smithi089.stdout:/usr/bin/ceph: stderr
2024-09-13T02:45:29.277+0000 7fa036291640 1 -- 172.21.15.89:0/2931304699 wait complete.
2024-09-13T02:45:30.133 INFO:teuthology.orchestra.run.smithi089.stdout:/usr/bin/ceph: stderr
2024-09-13T02:45:29.277+0000 7fa036291640 1 Processor -- start
2024-09-13T02:45:30.133 INFO:teuthology.orchestra.run.smithi089.stdout:/usr/bin/ceph: stderr
2024-09-13T02:45:29.277+0000 7fa036291640 1 -- start start
2024-09-13T02:45:30.133 INFO:teuthology.orchestra.run.smithi089.stdout:/usr/bin/ceph: stderr
2024-09-13T02:45:29.278+0000 7fa036291640 1 --2- >> [v2:172.21.15.89:3300/0,v1:172.21.15.89:6789/0] conn(0x7fa030103550 0x7fa030102c60 unknown :-1 s=NONE pgs=0 cs=0 l=1 rev1=0 crypto rx=0 tx=0 comp rx=0 tx=0).connect
2024-09-13T02:45:30.133 INFO:teuthology.orchestra.run.smithi089.stdout:/usr/bin/ceph: stderr
2024-09-13T02:45:29.278+0000 7fa036291640 1 -- --> [v2:172.21.15.89:3300/0,v1:172.21.15.89:6789/0] -- mon_getmap magic: 0 v1 -- 0x7fa0301031a0 con 0x7fa030103550
2024-09-13T02:45:30.133 INFO:teuthology.orchestra.run.smithi089.stdout:/usr/bin/ceph: stderr
2024-09-13T02:45:29.278+0000 7fa02ffff640 1 --2- >> [v2:172.21.15.89:3300/0,v1:172.21.15.89:6789/0] conn(0x7fa030103550 0x7fa030102c60 unknown :-1 s=BANNER_CONNECTING pgs=0 cs=0 l=1 rev1=0 crypto rx=0 tx=0 comp rx=0 tx=0)._handle_peer_banner_payload supported=3 required=0
2024-09-13T02:45:30.133 INFO:teuthology.orchestra.run.smithi089.stdout:/usr/bin/ceph: stderr
2024-09-13T02:45:29.278+0000 7fa02ffff640 1 --2- >> [v2:172.21.15.89:3300/0,v1:172.21.15.89:6789/0] conn(0x7fa030103550 0x7fa030102c60 unknown :-1 s=HELLO_CONNECTING pgs=0 cs=0 l=1 rev1=1 crypto rx=0 tx=0 comp rx=0 tx=0).handle_hello peer v2:172.21.15.89:3300/0 says I am v2:172.21.15.89:49094/0 (socket says 172.21.15.89:49094)
2024-09-13T02:45:30.133 INFO:teuthology.orchestra.run.smithi089.stdout:/usr/bin/ceph: stderr
2024-09-13T02:45:29.278+0000 7fa02ffff640 1 -- 172.21.15.89:0/2685369547 learned_addr learned my addr 172.21.15.89:0/2685369547 (peer_addr_for_me v2:172.21.15.89:0/0)
2024-09-13T02:45:30.133 INFO:teuthology.orchestra.run.smithi089.stdout:/usr/bin/ceph: stderr
2024-09-13T02:45:29.278+0000 7fa02ffff640 1 -- 172.21.15.89:0/2685369547 --> [v2:172.21.15.89:3300/0,v1:172.21.15.89:6789/0] -- mon_subscribe({config=0+,monmap=0+}) v3 -- 0x7fa020009450 con 0x7fa030103550
2024-09-13T02:45:30.133 INFO:teuthology.orchestra.run.smithi089.stdout:/usr/bin/ceph: stderr
2024-09-13T02:45:29.278+0000 7fa02ffff640 1 --2- 172.21.15.89:0/2685369547 >> [v2:172.21.15.89:3300/0,v1:172.21.15.89:6789/0] conn(0x7fa030103550 0x7fa030102c60 secure :-1 s=READY pgs=23 cs=0 l=1 rev1=1 crypto rx=0x7fa0200098a0 tx=0x7fa020008040 comp rx=0 tx=0).ready entity=mon.0 client_cookie=0 server_cookie=0 in_seq=0 out_seq=0
2024-09-13T02:45:30.133 INFO:teuthology.orchestra.run.smithi089.stdout:/usr/bin/ceph: stderr
2024-09-13T02:45:29.278+0000 7fa02d7fa640 1 -- 172.21.15.89:0/2685369547 <== mon.0 v2:172.21.15.89:3300/0 1 ==== mon_map magic: 0 v1 ==== 229+0+0 (secure 0 0 0) 0x7fa020032880 con 0x7fa030103550
2024-09-13T02:45:30.134 INFO:teuthology.orchestra.run.smithi089.stdout:/usr/bin/ceph: stderr
2024-09-13T02:45:29.278+0000 7fa02d7fa640 1 -- 172.21.15.89:0/2685369547 <== mon.0 v2:172.21.15.89:3300/0 2 ==== config(26 keys) v1 ==== 1005+0+0 (secure 0 0 0) 0x7fa02003d8b0 con 0x7fa030103550
2024-09-13T02:45:30.134 INFO:teuthology.orchestra.run.smithi089.stdout:/usr/bin/ceph: stderr
2024-09-13T02:45:29.278+0000 7fa02d7fa640 1 -- 172.21.15.89:0/2685369547 <== mon.0 v2:172.21.15.89:3300/0 3 ==== mon_map magic: 0 v1 ==== 229+0+0 (secure 0 0 0) 0x7fa02003b910 con 0x7fa030103550
2024-09-13T02:45:30.134 INFO:teuthology.orchestra.run.smithi089.stdout:/usr/bin/ceph: stderr
2024-09-13T02:45:29.278+0000 7fa036291640 1 -- 172.21.15.89:0/2685369547 --> [v2:172.21.15.89:3300/0,v1:172.21.15.89:6789/0] -- mon_subscribe({mgrmap=0+}) v3 -- 0x7fa030101230 con 0x7fa030103550
2024-09-13T02:45:30.134 INFO:teuthology.orchestra.run.smithi089.stdout:/usr/bin/ceph: stderr
2024-09-13T02:45:29.278+0000 7fa036291640 1 -- 172.21.15.89:0/2685369547 --> [v2:172.21.15.89:3300/0,v1:172.21.15.89:6789/0] -- mon_subscribe({osdmap=0}) v3 -- 0x7fa0301016a0 con 0x7fa030103550
2024-09-13T02:45:30.134 INFO:teuthology.orchestra.run.smithi089.stdout:/usr/bin/ceph: stderr
2024-09-13T02:45:29.279+0000 7fa02d7fa640 1 -- 172.21.15.89:0/2685369547 <== mon.0 v2:172.21.15.89:3300/0 4 ==== mgrmap(e 5) v1 ==== 45507+0+0 (secure 0 0 0) 0x7fa020039070 con 0x7fa030103550
2024-09-13T02:45:30.134 INFO:teuthology.orchestra.run.smithi089.stdout:/usr/bin/ceph: stderr
2024-09-13T02:45:29.279+0000 7fa036291640 1 -- 172.21.15.89:0/2685369547 --> [v2:172.21.15.89:3300/0,v1:172.21.15.89:6789/0] -- mon_command({"prefix": "get_command_descriptions"} v 0) v1 -- 0x7fa03004b720 con 0x7fa030103550
2024-09-13T02:45:30.134 INFO:teuthology.orchestra.run.smithi089.stdout:/usr/bin/ceph: stderr
2024-09-13T02:45:29.280+0000 7fa02d7fa640 1 --2- 172.21.15.89:0/2685369547 >> [v2:172.21.15.89:6800/3982028315,v1:172.21.15.89:6801/3982028315] conn(0x7fa01c0394e0 0x7fa01c03b990 unknown :-1 s=NONE pgs=0 cs=0 l=1 rev1=0 crypto rx=0 tx=0 comp rx=0 tx=0).connect
2024-09-13T02:45:30.134 INFO:teuthology.orchestra.run.smithi089.stdout:/usr/bin/ceph: stderr
2024-09-13T02:45:29.280+0000 7fa02d7fa640 1 -- 172.21.15.89:0/2685369547 <== mon.0 v2:172.21.15.89:3300/0 5 ==== osd_map(1..1 src has 1..1) v4 ==== 721+0+0 (secure 0 0 0) 0x7fa02006d090 con 0x7fa030103550
2024-09-13T02:45:30.134 INFO:teuthology.orchestra.run.smithi089.stdout:/usr/bin/ceph: stderr
2024-09-13T02:45:29.280+0000 7fa027fff640 1 -- 172.21.15.89:0/2685369547 >> [v2:172.21.15.89:6800/3982028315,v1:172.21.15.89:6801/3982028315] conn(0x7fa01c0394e0 msgr2=0x7fa01c03b990 unknown :-1 s=STATE_CONNECTING_RE l=1).process reconnect failed to v2:172.21.15.89:6800/3982028315
2024-09-13T02:45:30.134 INFO:teuthology.orchestra.run.smithi089.stdout:/usr/bin/ceph: stderr
2024-09-13T02:45:29.280+0000 7fa027fff640 1 --2- 172.21.15.89:0/2685369547 >> [v2:172.21.15.89:6800/3982028315,v1:172.21.15.89:6801/3982028315] conn(0x7fa01c0394e0 0x7fa01c03b990 unknown :-1 s=START_CONNECT pgs=0 cs=0 l=1 rev1=0 crypto rx=0 tx=0 comp rx=0 tx=0)._fault waiting 0.200000
2024-09-13T02:45:30.134 INFO:teuthology.orchestra.run.smithi089.stdout:/usr/bin/ceph: stderr
2024-09-13T02:45:29.284+0000 7fa02d7fa640 1 -- 172.21.15.89:0/2685369547 <== mon.0 v2:172.21.15.89:3300/0 6 ==== mon_command_ack([{"prefix": "get_command_descriptions"}]=0 v0) v1 ==== 72+0+176781 (secure 0 0 0) 0x7fa02004e530 con 0x7fa030103550
2024-09-13T02:45:30.134 INFO:teuthology.orchestra.run.smithi089.stdout:/usr/bin/ceph: stderr
2024-09-13T02:45:29.481+0000 7fa027fff640 1 -- 172.21.15.89:0/2685369547 >> [v2:172.21.15.89:6800/3982028315,v1:172.21.15.89:6801/3982028315] conn(0x7fa01c0394e0 msgr2=0x7fa01c03b990 unknown :-1 s=STATE_CONNECTING_RE l=1).process reconnect failed to v2:172.21.15.89:6800/3982028315
2024-09-13T02:45:30.134 INFO:teuthology.orchestra.run.smithi089.stdout:/usr/bin/ceph: stderr
2024-09-13T02:45:29.481+0000 7fa027fff640 1 --2- 172.21.15.89:0/2685369547 >> [v2:172.21.15.89:6800/3982028315,v1:172.21.15.89:6801/3982028315] conn(0x7fa01c0394e0 0x7fa01c03b990 unknown :-1 s=START_CONNECT pgs=0 cs=0 l=1 rev1=0 crypto rx=0 tx=0 comp rx=0 tx=0)._fault waiting 0.400000
2024-09-13T02:45:30.134 INFO:teuthology.orchestra.run.smithi089.stdout:/usr/bin/ceph: stderr
2024-09-13T02:45:29.489+0000 7fa036291640 1 -- 172.21.15.89:0/2685369547 --> [v2:172.21.15.89:3300/0,v1:172.21.15.89:6789/0] -- mon_command({"prefix": "mgr stat"} v 0) v1 -- 0x7fa030101de0 con 0x7fa030103550
2024-09-13T02:45:30.135 INFO:teuthology.orchestra.run.smithi089.stdout:/usr/bin/ceph: stderr
2024-09-13T02:45:29.490+0000 7fa02d7fa640 1 -- 172.21.15.89:0/2685369547 <== mon.0 v2:172.21.15.89:3300/0 7 ==== mon_command_ack([{"prefix": "mgr stat"}]=0 v5) v1 ==== 56+0+103 (secure 0 0 0) 0x7fa020041020 con 0x7fa030103550
2024-09-13T02:45:30.135 INFO:teuthology.orchestra.run.smithi089.stdout:/usr/bin/ceph: stderr
2024-09-13T02:45:29.492+0000 7fa036291640 1 -- 172.21.15.89:0/2685369547 >> [v2:172.21.15.89:6800/3982028315,v1:172.21.15.89:6801/3982028315] conn(0x7fa01c0394e0 msgr2=0x7fa01c03b990 unknown :-1 s=STATE_CONNECTING l=1).mark_down
2024-09-13T02:45:30.135 INFO:teuthology.orchestra.run.smithi089.stdout:/usr/bin/ceph: stderr
2024-09-13T02:45:29.492+0000 7fa036291640 1 --2- 172.21.15.89:0/2685369547 >> [v2:172.21.15.89:6800/3982028315,v1:172.21.15.89:6801/3982028315] conn(0x7fa01c0394e0 0x7fa01c03b990 unknown :-1 s=START_CONNECT pgs=0 cs=0 l=1 rev1=0 crypto rx=0 tx=0 comp rx=0 tx=0).stop
2024-09-13T02:45:30.135 INFO:teuthology.orchestra.run.smithi089.stdout:/usr/bin/ceph: stderr
2024-09-13T02:45:29.492+0000 7fa036291640 1 -- 172.21.15.89:0/2685369547 >> [v2:172.21.15.89:3300/0,v1:172.21.15.89:6789/0] conn(0x7fa030103550 msgr2=0x7fa030102c60 secure :-1 s=STATE_CONNECTION_ESTABLISHED l=1).mark_down
2024-09-13T02:45:30.135 INFO:teuthology.orchestra.run.smithi089.stdout:/usr/bin/ceph: stderr
2024-09-13T02:45:29.492+0000 7fa036291640 1 --2- 172.21.15.89:0/2685369547 >> [v2:172.21.15.89:3300/0,v1:172.21.15.89:6789/0] conn(0x7fa030103550 0x7fa030102c60 secure :-1 s=READY pgs=23 cs=0 l=1 rev1=1 crypto rx=0x7fa0200098a0 tx=0x7fa020008040 comp rx=0 tx=0).stop
2024-09-13T02:45:30.135 INFO:teuthology.orchestra.run.smithi089.stdout:/usr/bin/ceph: stderr
2024-09-13T02:45:29.492+0000 7fa036291640 1 -- 172.21.15.89:0/2685369547 shutdown_connections
2024-09-13T02:45:30.135 INFO:teuthology.orchestra.run.smithi089.stdout:/usr/bin/ceph: stderr
2024-09-13T02:45:29.492+0000 7fa036291640 1 --2- 172.21.15.89:0/2685369547 >> [v2:172.21.15.89:6800/3982028315,v1:172.21.15.89:6801/3982028315] conn(0x7fa01c0394e0 0x7fa01c03b990 unknown :-1 s=CLOSED pgs=0 cs=0 l=1 rev1=0 crypto rx=0 tx=0 comp rx=0 tx=0).stop
2024-09-13T02:45:30.135 INFO:teuthology.orchestra.run.smithi089.stdout:/usr/bin/ceph: stderr
2024-09-13T02:45:29.492+0000 7fa036291640 1 --2- 172.21.15.89:0/2685369547 >> [v2:172.21.15.89:3300/0,v1:172.21.15.89:6789/0] conn(0x7fa030103550 0x7fa030102c60 unknown :-1 s=CLOSED pgs=23 cs=0 l=1 rev1=1 crypto rx=0 tx=0 comp rx=0 tx=0).stop
2024-09-13T02:45:30.135 INFO:teuthology.orchestra.run.smithi089.stdout:/usr/bin/ceph: stderr
2024-09-13T02:45:29.492+0000 7fa036291640 1 -- 172.21.15.89:0/2685369547 >> 172.21.15.89:0/2685369547 conn(0x7fa0300fbd90 msgr2=0x7fa0300fc8d0 unknown :-1 s=STATE_NONE l=0).mark_down
2024-09-13T02:45:30.135 INFO:teuthology.orchestra.run.smithi089.stdout:/usr/bin/ceph: stderr
2024-09-13T02:45:29.492+0000 7fa036291640 1 -- 172.21.15.89:0/2685369547 shutdown_connections
2024-09-13T02:45:30.135 INFO:teuthology.orchestra.run.smithi089.stdout:/usr/bin/ceph: stderr
2024-09-13T02:45:29.492+0000 7fa036291640 1 -- 172.21.15.89:0/2685369547 wait complete.
2024-09-13T02:45:30.135 INFO:teuthology.orchestra.run.smithi089.stdout:Waiting for the mgr to restart...
2024-09-13T02:45:30.135 INFO:teuthology.orchestra.run.smithi089.stdout:Waiting for mgr epoch 5...
2024-09-13T02:45:30.400 INFO:journalctl@ceph.mon.smithi089.smithi089.stdout:Sep 13 02:45:30 smithi089 ceph-mon[27639]: from='client.? 172.21.15.89:0/2685369547' entity='client.admin' cmd=[{"prefix": "mgr stat"}]: dispatch
2024-09-13T02:45:33.035 INFO:journalctl@ceph.mon.smithi089.smithi089.stdout:Sep 13 02:45:32 smithi089 ceph-mon[27639]: Active manager daemon smithi089.guohvs restarted
2024-09-13T02:45:33.035 INFO:journalctl@ceph.mon.smithi089.smithi089.stdout:Sep 13 02:45:32 smithi089 ceph-mon[27639]: Activating manager daemon smithi089.guohvs
2024-09-13T02:45:33.035 INFO:journalctl@ceph.mon.smithi089.smithi089.stdout:Sep 13 02:45:32 smithi089 ceph-mon[27639]: osdmap e2: 0 total, 0 up, 0 in
2024-09-13T02:45:33.035 INFO:journalctl@ceph.mon.smithi089.smithi089.stdout:Sep 13 02:45:32 smithi089 ceph-mon[27639]: mgrmap e6: smithi089.guohvs(active, starting, since 0.00414249s)
2024-09-13T02:45:33.035 INFO:journalctl@ceph.mon.smithi089.smithi089.stdout:Sep 13 02:45:32 smithi089 ceph-mon[27639]: from='mgr.14116 172.21.15.89:0/1844139609' entity='mgr.smithi089.guohvs' cmd=[{"prefix": "mon metadata", "id": "smithi089"}]: dispatch
2024-09-13T02:45:33.035 INFO:journalctl@ceph.mon.smithi089.smithi089.stdout:Sep 13 02:45:32 smithi089 ceph-mon[27639]: from='mgr.14116 172.21.15.89:0/1844139609' entity='mgr.smithi089.guohvs' cmd=[{"prefix": "mgr metadata", "who": "smithi089.guohvs", "id": "smithi089.guohvs"}]: dispatch
2024-09-13T02:45:33.035 INFO:journalctl@ceph.mon.smithi089.smithi089.stdout:Sep 13 02:45:32 smithi089 ceph-mon[27639]: from='mgr.14116 172.21.15.89:0/1844139609' entity='mgr.smithi089.guohvs' cmd=[{"prefix": "mds metadata"}]: dispatch
2024-09-13T02:45:33.035 INFO:journalctl@ceph.mon.smithi089.smithi089.stdout:Sep 13 02:45:32 smithi089 ceph-mon[27639]: from='mgr.14116 172.21.15.89:0/1844139609' entity='mgr.smithi089.guohvs' cmd=[{"prefix": "osd metadata"}]: dispatch
2024-09-13T02:45:33.036 INFO:journalctl@ceph.mon.smithi089.smithi089.stdout:Sep 13 02:45:32 smithi089 ceph-mon[27639]: from='mgr.14116 172.21.15.89:0/1844139609' entity='mgr.smithi089.guohvs' cmd=[{"prefix": "mon metadata"}]: dispatch
2024-09-13T02:45:33.036 INFO:journalctl@ceph.mon.smithi089.smithi089.stdout:Sep 13 02:45:32 smithi089 ceph-mon[27639]: Manager daemon smithi089.guohvs is now available
2024-09-13T02:45:33.036 INFO:journalctl@ceph.mon.smithi089.smithi089.stdout:Sep 13 02:45:32 smithi089 ceph-mon[27639]: from='mgr.14116 172.21.15.89:0/1844139609' entity='mgr.smithi089.guohvs'
2024-09-13T02:45:33.036 INFO:journalctl@ceph.mon.smithi089.smithi089.stdout:Sep 13 02:45:32 smithi089 ceph-mon[27639]: from='mgr.14116 172.21.15.89:0/1844139609' entity='mgr.smithi089.guohvs'
2024-09-13T02:45:33.036 INFO:journalctl@ceph.mon.smithi089.smithi089.stdout:Sep 13 02:45:32 smithi089 ceph-mon[27639]: from='mgr.14116 172.21.15.89:0/1844139609' entity='mgr.smithi089.guohvs' cmd=[{"prefix": "config dump", "format": "json"}]: dispatch
2024-09-13T02:45:33.036 INFO:journalctl@ceph.mon.smithi089.smithi089.stdout:Sep 13 02:45:32 smithi089 ceph-mon[27639]: from='mgr.14116 172.21.15.89:0/1844139609' entity='mgr.smithi089.guohvs' cmd=[{"prefix": "config dump", "format": "json"}]: dispatch
2024-09-13T02:45:33.036 INFO:journalctl@ceph.mon.smithi089.smithi089.stdout:Sep 13 02:45:32 smithi089 ceph-mon[27639]: from='mgr.14116 172.21.15.89:0/1844139609' entity='mgr.smithi089.guohvs' cmd=[{"prefix":"config rm","who":"mgr","name":"mgr/rbd_support/smithi089.guohvs/mirror_snapshot_schedule"}]: dispatch
2024-09-13T02:45:33.036 INFO:journalctl@ceph.mon.smithi089.smithi089.stdout:Sep 13 02:45:32 smithi089 ceph-mon[27639]: from='mgr.14116 172.21.15.89:0/1844139609' entity='mgr.smithi089.guohvs' cmd=[{"prefix":"config rm","who":"mgr","name":"mgr/rbd_support/smithi089.guohvs/trash_purge_schedule"}]: dispatch
2024-09-13T02:45:34.006 INFO:journalctl@ceph.mon.smithi089.smithi089.stdout:Sep 13 02:45:33 smithi089 ceph-mon[27639]: Found migration_current of "None". Setting to last migration.
2024-09-13T02:45:34.006 INFO:journalctl@ceph.mon.smithi089.smithi089.stdout:Sep 13 02:45:33 smithi089 ceph-mon[27639]: mgrmap e7: smithi089.guohvs(active, since 1.00558s)
2024-09-13T02:45:34.287 INFO:teuthology.orchestra.run.smithi089.stdout:/usr/bin/ceph: stdout {
2024-09-13T02:45:34.287 INFO:teuthology.orchestra.run.smithi089.stdout:/usr/bin/ceph: stdout "mgrmap_epoch": 7,
2024-09-13T02:45:34.287 INFO:teuthology.orchestra.run.smithi089.stdout:/usr/bin/ceph: stdout "initialized": true
2024-09-13T02:45:34.287 INFO:teuthology.orchestra.run.smithi089.stdout:/usr/bin/ceph: stdout }
2024-09-13T02:45:34.287 INFO:teuthology.orchestra.run.smithi089.stdout:/usr/bin/ceph: stderr
2024-09-13T02:45:30.579+0000 7ffa29087640 1 Processor -- start
2024-09-13T02:45:34.287 INFO:teuthology.orchestra.run.smithi089.stdout:/usr/bin/ceph: stderr
2024-09-13T02:45:30.579+0000 7ffa29087640 1 -- start start
2024-09-13T02:45:34.287 INFO:teuthology.orchestra.run.smithi089.stdout:/usr/bin/ceph: stderr
2024-09-13T02:45:30.579+0000 7ffa29087640 1 --2- >> [v2:172.21.15.89:3300/0,v1:172.21.15.89:6789/0] conn(0x7ffa24100e90 0x7ffa241012a0 unknown :-1 s=NONE pgs=0 cs=0 l=0 rev1=0 crypto rx=0 tx=0 comp rx=0 tx=0).connect
2024-09-13T02:45:34.287 INFO:teuthology.orchestra.run.smithi089.stdout:/usr/bin/ceph: stderr
2024-09-13T02:45:30.579+0000 7ffa29087640 1 -- --> [v2:172.21.15.89:3300/0,v1:172.21.15.89:6789/0] -- mon_getmap magic: 0 v1 -- 0x7ffa241017e0 con 0x7ffa24100e90
2024-09-13T02:45:34.287 INFO:teuthology.orchestra.run.smithi089.stdout:/usr/bin/ceph: stderr
2024-09-13T02:45:30.579+0000 7ffa22d9d640 1 --2- >> [v2:172.21.15.89:3300/0,v1:172.21.15.89:6789/0] conn(0x7ffa24100e90 0x7ffa241012a0 unknown :-1 s=BANNER_CONNECTING pgs=0 cs=0 l=0 rev1=0 crypto rx=0 tx=0 comp rx=0 tx=0)._handle_peer_banner_payload supported=3 required=0
2024-09-13T02:45:34.287 INFO:teuthology.orchestra.run.smithi089.stdout:/usr/bin/ceph: stderr
2024-09-13T02:45:30.579+0000 7ffa22d9d640 1 --2- >> [v2:172.21.15.89:3300/0,v1:172.21.15.89:6789/0] conn(0x7ffa24100e90 0x7ffa241012a0 unknown :-1 s=HELLO_CONNECTING pgs=0 cs=0 l=0 rev1=1 crypto rx=0 tx=0 comp rx=0 tx=0).handle_hello peer v2:172.21.15.89:3300/0 says I am v2:172.21.15.89:49096/0 (socket says 172.21.15.89:49096)
2024-09-13T02:45:34.287 INFO:teuthology.orchestra.run.smithi089.stdout:/usr/bin/ceph: stderr
2024-09-13T02:45:30.579+0000 7ffa22d9d640 1 -- 172.21.15.89:0/792836195 learned_addr learned my addr 172.21.15.89:0/792836195 (peer_addr_for_me v2:172.21.15.89:0/0)
2024-09-13T02:45:34.288 INFO:teuthology.orchestra.run.smithi089.stdout:/usr/bin/ceph: stderr
2024-09-13T02:45:30.579+0000 7ffa22d9d640 1 -- 172.21.15.89:0/792836195 --> [v2:172.21.15.89:3300/0,v1:172.21.15.89:6789/0] -- mon_subscribe({config=0+,monmap=0+}) v3 -- 0x7ffa24101920 con 0x7ffa24100e90
2024-09-13T02:45:34.288 INFO:teuthology.orchestra.run.smithi089.stdout:/usr/bin/ceph: stderr
2024-09-13T02:45:30.580+0000 7ffa22d9d640 1 --2- 172.21.15.89:0/792836195 >> [v2:172.21.15.89:3300/0,v1:172.21.15.89:6789/0] conn(0x7ffa24100e90 0x7ffa241012a0 secure :-1 s=READY pgs=24 cs=0 l=1 rev1=1 crypto rx=0x7ffa1400baf0 tx=0x7ffa1400b460 comp rx=0 tx=0).ready entity=mon.0 client_cookie=54e5ab57111269d4 server_cookie=0 in_seq=0 out_seq=0
2024-09-13T02:45:34.288 INFO:teuthology.orchestra.run.smithi089.stdout:/usr/bin/ceph: stderr
2024-09-13T02:45:30.580+0000 7ffa21d9b640 1 -- 172.21.15.89:0/792836195 <== mon.0 v2:172.21.15.89:3300/0 1 ==== mon_map magic: 0 v1 ==== 229+0+0 (secure 0 0 0) 0x7ffa14031790 con 0x7ffa24100e90
2024-09-13T02:45:34.288 INFO:teuthology.orchestra.run.smithi089.stdout:/usr/bin/ceph: stderr
2024-09-13T02:45:30.580+0000 7ffa21d9b640 1 -- 172.21.15.89:0/792836195 <== mon.0 v2:172.21.15.89:3300/0 2 ==== config(26 keys) v1 ==== 1005+0+0 (secure 0 0 0) 0x7ffa14031d50 con 0x7ffa24100e90
2024-09-13T02:45:34.288 INFO:teuthology.orchestra.run.smithi089.stdout:/usr/bin/ceph: stderr
2024-09-13T02:45:30.580+0000 7ffa21d9b640 1 -- 172.21.15.89:0/792836195 <== mon.0 v2:172.21.15.89:3300/0 3 ==== mon_map magic: 0 v1 ==== 229+0+0 (secure 0 0 0) 0x7ffa14039e10 con 0x7ffa24100e90
2024-09-13T02:45:34.288 INFO:teuthology.orchestra.run.smithi089.stdout:/usr/bin/ceph: stderr
2024-09-13T02:45:30.581+0000 7ffa29087640 1 -- 172.21.15.89:0/792836195 >> [v2:172.21.15.89:3300/0,v1:172.21.15.89:6789/0] conn(0x7ffa24100e90 msgr2=0x7ffa241012a0 secure :-1 s=STATE_CONNECTION_ESTABLISHED l=1).mark_down
2024-09-13T02:45:34.288 INFO:teuthology.orchestra.run.smithi089.stdout:/usr/bin/ceph: stderr
2024-09-13T02:45:30.581+0000 7ffa29087640 1 --2- 172.21.15.89:0/792836195 >> [v2:172.21.15.89:3300/0,v1:172.21.15.89:6789/0] conn(0x7ffa24100e90 0x7ffa241012a0 secure :-1 s=READY pgs=24 cs=0 l=1 rev1=1 crypto rx=0x7ffa1400baf0 tx=0x7ffa1400b460 comp rx=0 tx=0).stop
2024-09-13T02:45:34.288 INFO:teuthology.orchestra.run.smithi089.stdout:/usr/bin/ceph: stderr
2024-09-13T02:45:30.581+0000 7ffa29087640 1 -- 172.21.15.89:0/792836195 shutdown_connections
2024-09-13T02:45:34.288 INFO:teuthology.orchestra.run.smithi089.stdout:/usr/bin/ceph: stderr
2024-09-13T02:45:30.581+0000 7ffa29087640 1 --2- 172.21.15.89:0/792836195 >> [v2:172.21.15.89:3300/0,v1:172.21.15.89:6789/0] conn(0x7ffa24100e90 0x7ffa241012a0 unknown :-1 s=CLOSED pgs=24 cs=0 l=1 rev1=1 crypto rx=0 tx=0 comp rx=0 tx=0).stop
2024-09-13T02:45:34.288 INFO:teuthology.orchestra.run.smithi089.stdout:/usr/bin/ceph: stderr
2024-09-13T02:45:30.581+0000 7ffa29087640 1 -- 172.21.15.89:0/792836195 >> 172.21.15.89:0/792836195 conn(0x7ffa240fc6d0 msgr2=0x7ffa240feb20 unknown :-1 s=STATE_NONE l=0).mark_down
2024-09-13T02:45:34.288 INFO:teuthology.orchestra.run.smithi089.stdout:/usr/bin/ceph: stderr
2024-09-13T02:45:30.581+0000 7ffa29087640 1 -- 172.21.15.89:0/792836195 shutdown_connections
2024-09-13T02:45:34.288 INFO:teuthology.orchestra.run.smithi089.stdout:/usr/bin/ceph: stderr
2024-09-13T02:45:30.581+0000 7ffa29087640 1 -- 172.21.15.89:0/792836195 wait complete.
2024-09-13T02:45:34.289 INFO:teuthology.orchestra.run.smithi089.stdout:/usr/bin/ceph: stderr
2024-09-13T02:45:30.581+0000 7ffa29087640 1 Processor -- start
2024-09-13T02:45:34.289 INFO:teuthology.orchestra.run.smithi089.stdout:/usr/bin/ceph: stderr
2024-09-13T02:45:30.582+0000 7ffa29087640 1 -- start start
2024-09-13T02:45:34.289 INFO:teuthology.orchestra.run.smithi089.stdout:/usr/bin/ceph: stderr
2024-09-13T02:45:30.582+0000 7ffa29087640 1 --2- >> [v2:172.21.15.89:3300/0,v1:172.21.15.89:6789/0] conn(0x7ffa24100e90 0x7ffa2410eb70 unknown :-1 s=NONE pgs=0 cs=0 l=1 rev1=0 crypto rx=0 tx=0 comp rx=0 tx=0).connect
2024-09-13T02:45:34.289 INFO:teuthology.orchestra.run.smithi089.stdout:/usr/bin/ceph: stderr
2024-09-13T02:45:30.582+0000 7ffa29087640 1 -- --> [v2:172.21.15.89:3300/0,v1:172.21.15.89:6789/0] -- mon_getmap magic: 0 v1 -- 0x7ffa2410f0b0 con 0x7ffa24100e90
2024-09-13T02:45:34.289 INFO:teuthology.orchestra.run.smithi089.stdout:/usr/bin/ceph: stderr
2024-09-13T02:45:30.582+0000 7ffa22d9d640 1 --2- >> [v2:172.21.15.89:3300/0,v1:172.21.15.89:6789/0] conn(0x7ffa24100e90 0x7ffa2410eb70 unknown :-1 s=BANNER_CONNECTING pgs=0 cs=0 l=1 rev1=0 crypto rx=0 tx=0 comp rx=0 tx=0)._handle_peer_banner_payload supported=3 required=0
2024-09-13T02:45:34.289 INFO:teuthology.orchestra.run.smithi089.stdout:/usr/bin/ceph: stderr
2024-09-13T02:45:30.582+0000 7ffa22d9d640 1 --2- >> [v2:172.21.15.89:3300/0,v1:172.21.15.89:6789/0] conn(0x7ffa24100e90 0x7ffa2410eb70 unknown :-1 s=HELLO_CONNECTING pgs=0 cs=0 l=1 rev1=1 crypto rx=0 tx=0 comp rx=0 tx=0).handle_hello peer v2:172.21.15.89:3300/0 says I am v2:172.21.15.89:49098/0 (socket says 172.21.15.89:49098)
2024-09-13T02:45:34.289 INFO:teuthology.orchestra.run.smithi089.stdout:/usr/bin/ceph: stderr
2024-09-13T02:45:30.582+0000 7ffa22d9d640 1 -- 172.21.15.89:0/3297720462 learned_addr learned my addr 172.21.15.89:0/3297720462 (peer_addr_for_me v2:172.21.15.89:0/0)
2024-09-13T02:45:34.289 INFO:teuthology.orchestra.run.smithi089.stdout:/usr/bin/ceph: stderr
2024-09-13T02:45:30.582+0000 7ffa22d9d640 1 -- 172.21.15.89:0/3297720462 --> [v2:172.21.15.89:3300/0,v1:172.21.15.89:6789/0] -- mon_subscribe({config=0+,monmap=0+}) v3 -- 0x7ffa1400b700 con 0x7ffa24100e90
2024-09-13T02:45:34.289 INFO:teuthology.orchestra.run.smithi089.stdout:/usr/bin/ceph: stderr
2024-09-13T02:45:30.582+0000 7ffa22d9d640 1 --2- 172.21.15.89:0/3297720462 >> [v2:172.21.15.89:3300/0,v1:172.21.15.89:6789/0] conn(0x7ffa24100e90 0x7ffa2410eb70 secure :-1 s=READY pgs=25 cs=0 l=1 rev1=1 crypto rx=0x7ffa14003080 tx=0x7ffa1403c040 comp rx=0 tx=0).ready entity=mon.0 client_cookie=0 server_cookie=0 in_seq=0 out_seq=0
2024-09-13T02:45:34.289 INFO:teuthology.orchestra.run.smithi089.stdout:/usr/bin/ceph: stderr
2024-09-13T02:45:30.582+0000 7ffa0b7fe640 1 -- 172.21.15.89:0/3297720462 <== mon.0 v2:172.21.15.89:3300/0 1 ==== mon_map magic: 0 v1 ==== 229+0+0 (secure 0 0 0) 0x7ffa1403a5b0 con 0x7ffa24100e90
2024-09-13T02:45:34.289 INFO:teuthology.orchestra.run.smithi089.stdout:/usr/bin/ceph: stderr
2024-09-13T02:45:30.582+0000 7ffa0b7fe640 1 -- 172.21.15.89:0/3297720462 <== mon.0 v2:172.21.15.89:3300/0 2 ==== config(26 keys) v1 ==== 1005+0+0 (secure 0 0 0) 0x7ffa1403ab70 con 0x7ffa24100e90
2024-09-13T02:45:34.289 INFO:teuthology.orchestra.run.smithi089.stdout:/usr/bin/ceph: stderr
2024-09-13T02:45:30.582+0000 7ffa29087640 1 -- 172.21.15.89:0/3297720462 --> [v2:172.21.15.89:3300/0,v1:172.21.15.89:6789/0] -- mon_subscribe({mgrmap=0+}) v3 -- 0x7ffa2410f2b0 con 0x7ffa24100e90
2024-09-13T02:45:34.289 INFO:teuthology.orchestra.run.smithi089.stdout:/usr/bin/ceph: stderr
2024-09-13T02:45:30.582+0000 7ffa0b7fe640 1 -- 172.21.15.89:0/3297720462 <== mon.0 v2:172.21.15.89:3300/0 3 ==== mon_map magic: 0 v1 ==== 229+0+0 (secure 0 0 0) 0x7ffa14044b20 con 0x7ffa24100e90
2024-09-13T02:45:34.290 INFO:teuthology.orchestra.run.smithi089.stdout:/usr/bin/ceph: stderr
2024-09-13T02:45:30.583+0000 7ffa29087640 1 -- 172.21.15.89:0/3297720462 --> [v2:172.21.15.89:3300/0,v1:172.21.15.89:6789/0] -- mon_subscribe({osdmap=0}) v3 -- 0x7ffa2410f720 con 0x7ffa24100e90
2024-09-13T02:45:34.290 INFO:teuthology.orchestra.run.smithi089.stdout:/usr/bin/ceph: stderr
2024-09-13T02:45:30.584+0000 7ffa0b7fe640 1 -- 172.21.15.89:0/3297720462 <== mon.0 v2:172.21.15.89:3300/0 4 ==== mgrmap(e 5) v1 ==== 45507+0+0 (secure 0 0 0) 0x7ffa140443f0 con 0x7ffa24100e90
2024-09-13T02:45:34.290 INFO:teuthology.orchestra.run.smithi089.stdout:/usr/bin/ceph: stderr
2024-09-13T02:45:30.584+0000 7ffa0b7fe640 1 --2- 172.21.15.89:0/3297720462 >> [v2:172.21.15.89:6800/3982028315,v1:172.21.15.89:6801/3982028315] conn(0x7ffa0c0394e0 0x7ffa0c03b990 unknown :-1 s=NONE pgs=0 cs=0 l=1 rev1=0 crypto rx=0 tx=0 comp rx=0 tx=0).connect
2024-09-13T02:45:34.290 INFO:teuthology.orchestra.run.smithi089.stdout:/usr/bin/ceph: stderr
2024-09-13T02:45:30.584+0000 7ffa0b7fe640 1 -- 172.21.15.89:0/3297720462 --> [v2:172.21.15.89:6800/3982028315,v1:172.21.15.89:6801/3982028315] -- command(tid 0: {"prefix": "get_command_descriptions"}) v1 -- 0x7ffa0c03c0a0 con 0x7ffa0c0394e0
2024-09-13T02:45:34.290 INFO:teuthology.orchestra.run.smithi089.stdout:/usr/bin/ceph: stderr
2024-09-13T02:45:30.584+0000 7ffa0b7fe640 1 -- 172.21.15.89:0/3297720462 <== mon.0 v2:172.21.15.89:3300/0 5 ==== osd_map(1..1 src has 1..1) v4 ==== 721+0+0 (secure 0 0 0) 0x7ffa14070010 con 0x7ffa24100e90
2024-09-13T02:45:34.290 INFO:teuthology.orchestra.run.smithi089.stdout:/usr/bin/ceph: stderr
2024-09-13T02:45:30.584+0000 7ffa2259c640 1 -- 172.21.15.89:0/3297720462 >> [v2:172.21.15.89:6800/3982028315,v1:172.21.15.89:6801/3982028315] conn(0x7ffa0c0394e0 msgr2=0x7ffa0c03b990 unknown :-1 s=STATE_CONNECTING_RE l=1).process reconnect failed to v2:172.21.15.89:6800/3982028315
2024-09-13T02:45:34.290 INFO:teuthology.orchestra.run.smithi089.stdout:/usr/bin/ceph: stderr
2024-09-13T02:45:30.584+0000 7ffa2259c640 1 --2- 172.21.15.89:0/3297720462 >> [v2:172.21.15.89:6800/3982028315,v1:172.21.15.89:6801/3982028315] conn(0x7ffa0c0394e0 0x7ffa0c03b990 unknown :-1 s=START_CONNECT pgs=0 cs=0 l=1 rev1=0 crypto rx=0 tx=0 comp rx=0 tx=0)._fault waiting 0.200000
2024-09-13T02:45:34.290 INFO:teuthology.orchestra.run.smithi089.stdout:/usr/bin/ceph: stderr
2024-09-13T02:45:30.785+0000 7ffa2259c640 1 -- 172.21.15.89:0/3297720462 >> [v2:172.21.15.89:6800/3982028315,v1:172.21.15.89:6801/3982028315] conn(0x7ffa0c0394e0 msgr2=0x7ffa0c03b990 unknown :-1 s=STATE_CONNECTING_RE l=1).process reconnect failed to v2:172.21.15.89:6800/3982028315
2024-09-13T02:45:34.290 INFO:teuthology.orchestra.run.smithi089.stdout:/usr/bin/ceph: stderr
2024-09-13T02:45:30.785+0000 7ffa2259c640 1 --2- 172.21.15.89:0/3297720462 >> [v2:172.21.15.89:6800/3982028315,v1:172.21.15.89:6801/3982028315] conn(0x7ffa0c0394e0 0x7ffa0c03b990 unknown :-1 s=START_CONNECT pgs=0 cs=0 l=1 rev1=0 crypto rx=0 tx=0 comp rx=0 tx=0)._fault waiting 0.400000
2024-09-13T02:45:34.290 INFO:teuthology.orchestra.run.smithi089.stdout:/usr/bin/ceph: stderr
