2024-09-13T02:45:47.525+0000 7fb33d3da640 1 --2- >> [v2:172.21.15.89:3300/0,v1:172.21.15.89:6789/0] conn(0x7fb338078c30 0x7fb338112f90 unknown :-1 s=NONE pgs=0 cs=0 l=1 rev1=0 crypto rx=0 tx=0 comp rx=0 tx=0).connect
2024-09-13T02:45:48.355 INFO:teuthology.orchestra.run.smithi089.stdout:/usr/bin/ceph: stderr
2024-09-13T02:45:47.525+0000 7fb33d3da640 1 -- --> [v2:172.21.15.89:3300/0,v1:172.21.15.89:6789/0] -- mon_getmap magic: 0 v1 -- 0x7fb3381134d0 con 0x7fb338078c30
2024-09-13T02:45:48.356 INFO:teuthology.orchestra.run.smithi089.stdout:/usr/bin/ceph: stderr
2024-09-13T02:45:47.525+0000 7fb336ffd640 1 --2- >> [v2:172.21.15.89:3300/0,v1:172.21.15.89:6789/0] conn(0x7fb338078c30 0x7fb338112f90 unknown :-1 s=BANNER_CONNECTING pgs=0 cs=0 l=1 rev1=0 crypto rx=0 tx=0 comp rx=0 tx=0)._handle_peer_banner_payload supported=3 required=0
2024-09-13T02:45:48.356 INFO:teuthology.orchestra.run.smithi089.stdout:/usr/bin/ceph: stderr
2024-09-13T02:45:47.525+0000 7fb336ffd640 1 --2- >> [v2:172.21.15.89:3300/0,v1:172.21.15.89:6789/0] conn(0x7fb338078c30 0x7fb338112f90 unknown :-1 s=HELLO_CONNECTING pgs=0 cs=0 l=1 rev1=1 crypto rx=0 tx=0 comp rx=0 tx=0).handle_hello peer v2:172.21.15.89:3300/0 says I am v2:172.21.15.89:45212/0 (socket says 172.21.15.89:45212)
2024-09-13T02:45:48.356 INFO:teuthology.orchestra.run.smithi089.stdout:/usr/bin/ceph: stderr
2024-09-13T02:45:47.525+0000 7fb336ffd640 1 -- 172.21.15.89:0/1891460372 learned_addr learned my addr 172.21.15.89:0/1891460372 (peer_addr_for_me v2:172.21.15.89:0/0)
2024-09-13T02:45:48.356 INFO:teuthology.orchestra.run.smithi089.stdout:/usr/bin/ceph: stderr
2024-09-13T02:45:47.525+0000 7fb336ffd640 1 -- 172.21.15.89:0/1891460372 --> [v2:172.21.15.89:3300/0,v1:172.21.15.89:6789/0] -- mon_subscribe({config=0+,monmap=0+}) v3 -- 0x7fb328009ae0 con 0x7fb338078c30
2024-09-13T02:45:48.356 INFO:teuthology.orchestra.run.smithi089.stdout:/usr/bin/ceph: stderr
2024-09-13T02:45:47.525+0000 7fb336ffd640 1 --2- 172.21.15.89:0/1891460372 >> [v2:172.21.15.89:3300/0,v1:172.21.15.89:6789/0] conn(0x7fb338078c30 0x7fb338112f90 secure :-1 s=READY pgs=50 cs=0 l=1 rev1=1 crypto rx=0x7fb328009560 tx=0x7fb328009840 comp rx=0 tx=0).ready entity=mon.0 client_cookie=0 server_cookie=0 in_seq=0 out_seq=0
2024-09-13T02:45:48.356 INFO:teuthology.orchestra.run.smithi089.stdout:/usr/bin/ceph: stderr
2024-09-13T02:45:47.525+0000 7fb32f7fe640 1 -- 172.21.15.89:0/1891460372 <== mon.0 v2:172.21.15.89:3300/0 1 ==== mon_map magic: 0 v1 ==== 229+0+0 (secure 0 0 0) 0x7fb32803b410 con 0x7fb338078c30
2024-09-13T02:45:48.356 INFO:teuthology.orchestra.run.smithi089.stdout:/usr/bin/ceph: stderr
2024-09-13T02:45:47.525+0000 7fb32f7fe640 1 -- 172.21.15.89:0/1891460372 <== mon.0 v2:172.21.15.89:3300/0 2 ==== config(26 keys) v1 ==== 1070+0+0 (secure 0 0 0) 0x7fb32803ba10 con 0x7fb338078c30
2024-09-13T02:45:48.356 INFO:teuthology.orchestra.run.smithi089.stdout:/usr/bin/ceph: stderr
2024-09-13T02:45:47.525+0000 7fb33d3da640 1 -- 172.21.15.89:0/1891460372 --> [v2:172.21.15.89:3300/0,v1:172.21.15.89:6789/0] -- mon_subscribe({mgrmap=0+}) v3 -- 0x7fb3381136d0 con 0x7fb338078c30
2024-09-13T02:45:48.356 INFO:teuthology.orchestra.run.smithi089.stdout:/usr/bin/ceph: stderr
2024-09-13T02:45:47.525+0000 7fb32f7fe640 1 -- 172.21.15.89:0/1891460372 <== mon.0 v2:172.21.15.89:3300/0 3 ==== mon_map magic: 0 v1 ==== 229+0+0 (secure 0 0 0) 0x7fb3280456b0 con 0x7fb338078c30
2024-09-13T02:45:48.356 INFO:teuthology.orchestra.run.smithi089.stdout:/usr/bin/ceph: stderr
2024-09-13T02:45:47.525+0000 7fb33d3da640 1 -- 172.21.15.89:0/1891460372 --> [v2:172.21.15.89:3300/0,v1:172.21.15.89:6789/0] -- mon_subscribe({osdmap=0}) v3 -- 0x7fb338113b40 con 0x7fb338078c30
2024-09-13T02:45:48.356 INFO:teuthology.orchestra.run.smithi089.stdout:/usr/bin/ceph: stderr
2024-09-13T02:45:47.526+0000 7fb32f7fe640 1 -- 172.21.15.89:0/1891460372 <== mon.0 v2:172.21.15.89:3300/0 4 ==== mgrmap(e 8) v1 ==== 45507+0+0 (secure 0 0 0) 0x7fb328038050 con 0x7fb338078c30
2024-09-13T02:45:48.356 INFO:teuthology.orchestra.run.smithi089.stdout:/usr/bin/ceph: stderr
2024-09-13T02:45:47.526+0000 7fb32f7fe640 1 --2- 172.21.15.89:0/1891460372 >> [v2:172.21.15.89:6800/702640100,v1:172.21.15.89:6801/702640100] conn(0x7fb324039490 0x7fb32403b940 unknown :-1 s=NONE pgs=0 cs=0 l=1 rev1=0 crypto rx=0 tx=0 comp rx=0 tx=0).connect
2024-09-13T02:45:48.356 INFO:teuthology.orchestra.run.smithi089.stdout:/usr/bin/ceph: stderr
2024-09-13T02:45:47.526+0000 7fb32f7fe640 1 -- 172.21.15.89:0/1891460372 <== mon.0 v2:172.21.15.89:3300/0 5 ==== osd_map(2..2 src has 1..2) v4 ==== 936+0+0 (secure 0 0 0) 0x7fb32806cdf0 con 0x7fb338078c30
2024-09-13T02:45:48.356 INFO:teuthology.orchestra.run.smithi089.stdout:/usr/bin/ceph: stderr
2024-09-13T02:45:47.527+0000 7fb3367fc640 1 --2- 172.21.15.89:0/1891460372 >> [v2:172.21.15.89:6800/702640100,v1:172.21.15.89:6801/702640100] conn(0x7fb324039490 0x7fb32403b940 unknown :-1 s=BANNER_CONNECTING pgs=0 cs=0 l=1 rev1=0 crypto rx=0 tx=0 comp rx=0 tx=0)._handle_peer_banner_payload supported=3 required=0
2024-09-13T02:45:48.357 INFO:teuthology.orchestra.run.smithi089.stdout:/usr/bin/ceph: stderr
2024-09-13T02:45:47.527+0000 7fb33d3da640 1 -- 172.21.15.89:0/1891460372 --> [v2:172.21.15.89:3300/0,v1:172.21.15.89:6789/0] -- mon_command({"prefix": "get_command_descriptions"} v 0) v1 -- 0x7fb338101470 con 0x7fb338078c30
2024-09-13T02:45:48.357 INFO:teuthology.orchestra.run.smithi089.stdout:/usr/bin/ceph: stderr
2024-09-13T02:45:47.527+0000 7fb3367fc640 1 --2- 172.21.15.89:0/1891460372 >> [v2:172.21.15.89:6800/702640100,v1:172.21.15.89:6801/702640100] conn(0x7fb324039490 0x7fb32403b940 secure :-1 s=READY pgs=15 cs=0 l=1 rev1=1 crypto rx=0x7fb320006fd0 tx=0x7fb320006db0 comp rx=0 tx=0).ready entity=mgr.14116 client_cookie=0 server_cookie=0 in_seq=0 out_seq=0
2024-09-13T02:45:48.357 INFO:teuthology.orchestra.run.smithi089.stdout:/usr/bin/ceph: stderr
2024-09-13T02:45:47.531+0000 7fb32f7fe640 1 -- 172.21.15.89:0/1891460372 <== mon.0 v2:172.21.15.89:3300/0 6 ==== mon_command_ack([{"prefix": "get_command_descriptions"}]=0 v0) v1 ==== 72+0+176781 (secure 0 0 0) 0x7fb328041020 con 0x7fb338078c30
2024-09-13T02:45:48.357 INFO:teuthology.orchestra.run.smithi089.stdout:/usr/bin/ceph: stderr
2024-09-13T02:45:47.708+0000 7fb33d3da640 1 -- 172.21.15.89:0/1891460372 --> [v2:172.21.15.89:6800/702640100,v1:172.21.15.89:6801/702640100] -- mgr_command(tid 0: {"prefix": "orch apply", "service_type": "prometheus", "target": ["mon-mgr", ""]}) v1 -- 0x7fb3380feb70 con 0x7fb324039490
2024-09-13T02:45:48.357 INFO:teuthology.orchestra.run.smithi089.stdout:/usr/bin/ceph: stderr
2024-09-13T02:45:47.712+0000 7fb32f7fe640 1 -- 172.21.15.89:0/1891460372 <== mgr.14116 v2:172.21.15.89:6800/702640100 1 ==== mgr_command_reply(tid 0: 0 ) v1 ==== 8+0+31 (secure 0 0 0) 0x7fb3380feb70 con 0x7fb324039490
2024-09-13T02:45:48.357 INFO:teuthology.orchestra.run.smithi089.stdout:/usr/bin/ceph: stderr
2024-09-13T02:45:47.714+0000 7fb33d3da640 1 -- 172.21.15.89:0/1891460372 >> [v2:172.21.15.89:6800/702640100,v1:172.21.15.89:6801/702640100] conn(0x7fb324039490 msgr2=0x7fb32403b940 secure :-1 s=STATE_CONNECTION_ESTABLISHED l=1).mark_down
2024-09-13T02:45:48.357 INFO:teuthology.orchestra.run.smithi089.stdout:/usr/bin/ceph: stderr
2024-09-13T02:45:47.714+0000 7fb33d3da640 1 --2- 172.21.15.89:0/1891460372 >> [v2:172.21.15.89:6800/702640100,v1:172.21.15.89:6801/702640100] conn(0x7fb324039490 0x7fb32403b940 secure :-1 s=READY pgs=15 cs=0 l=1 rev1=1 crypto rx=0x7fb320006fd0 tx=0x7fb320006db0 comp rx=0 tx=0).stop
2024-09-13T02:45:48.357 INFO:teuthology.orchestra.run.smithi089.stdout:/usr/bin/ceph: stderr
2024-09-13T02:45:47.714+0000 7fb33d3da640 1 -- 172.21.15.89:0/1891460372 >> [v2:172.21.15.89:3300/0,v1:172.21.15.89:6789/0] conn(0x7fb338078c30 msgr2=0x7fb338112f90 secure :-1 s=STATE_CONNECTION_ESTABLISHED l=1).mark_down
2024-09-13T02:45:48.357 INFO:teuthology.orchestra.run.smithi089.stdout:/usr/bin/ceph: stderr
2024-09-13T02:45:47.714+0000 7fb33d3da640 1 --2- 172.21.15.89:0/1891460372 >> [v2:172.21.15.89:3300/0,v1:172.21.15.89:6789/0] conn(0x7fb338078c30 0x7fb338112f90 secure :-1 s=READY pgs=50 cs=0 l=1 rev1=1 crypto rx=0x7fb328009560 tx=0x7fb328009840 comp rx=0 tx=0).stop
2024-09-13T02:45:48.357 INFO:teuthology.orchestra.run.smithi089.stdout:/usr/bin/ceph: stderr
2024-09-13T02:45:47.714+0000 7fb33d3da640 1 -- 172.21.15.89:0/1891460372 shutdown_connections
2024-09-13T02:45:48.357 INFO:teuthology.orchestra.run.smithi089.stdout:/usr/bin/ceph: stderr
2024-09-13T02:45:47.714+0000 7fb33d3da640 1 --2- 172.21.15.89:0/1891460372 >> [v2:172.21.15.89:6800/702640100,v1:172.21.15.89:6801/702640100] conn(0x7fb324039490 0x7fb32403b940 unknown :-1 s=CLOSED pgs=15 cs=0 l=1 rev1=1 crypto rx=0 tx=0 comp rx=0 tx=0).stop
2024-09-13T02:45:48.357 INFO:teuthology.orchestra.run.smithi089.stdout:/usr/bin/ceph: stderr
2024-09-13T02:45:47.714+0000 7fb33d3da640 1 --2- 172.21.15.89:0/1891460372 >> [v2:172.21.15.89:3300/0,v1:172.21.15.89:6789/0] conn(0x7fb338078c30 0x7fb338112f90 unknown :-1 s=CLOSED pgs=50 cs=0 l=1 rev1=1 crypto rx=0 tx=0 comp rx=0 tx=0).stop
2024-09-13T02:45:48.358 INFO:teuthology.orchestra.run.smithi089.stdout:/usr/bin/ceph: stderr
2024-09-13T02:45:47.714+0000 7fb33d3da640 1 -- 172.21.15.89:0/1891460372 >> 172.21.15.89:0/1891460372 conn(0x7fb3380fd790 msgr2=0x7fb3380fe3a0 unknown :-1 s=STATE_NONE l=0).mark_down
2024-09-13T02:45:48.358 INFO:teuthology.orchestra.run.smithi089.stdout:/usr/bin/ceph: stderr
2024-09-13T02:45:47.714+0000 7fb33d3da640 1 -- 172.21.15.89:0/1891460372 shutdown_connections
2024-09-13T02:45:48.358 INFO:teuthology.orchestra.run.smithi089.stdout:/usr/bin/ceph: stderr
2024-09-13T02:45:47.714+0000 7fb33d3da640 1 -- 172.21.15.89:0/1891460372 wait complete.
2024-09-13T02:45:48.358 INFO:teuthology.orchestra.run.smithi089.stdout:Deploying grafana service with default placement...
2024-09-13T02:45:49.035 INFO:journalctl@ceph.mon.smithi089.smithi089.stdout:Sep 13 02:45:48 smithi089 ceph-mon[27639]: from='client.14144 -' entity='client.admin' cmd=[{"prefix": "orch apply", "service_type": "prometheus", "target": ["mon-mgr", ""]}]: dispatch
2024-09-13T02:45:49.035 INFO:journalctl@ceph.mon.smithi089.smithi089.stdout:Sep 13 02:45:48 smithi089 ceph-mon[27639]: Saving service prometheus spec with placement count:1
2024-09-13T02:45:49.035 INFO:journalctl@ceph.mon.smithi089.smithi089.stdout:Sep 13 02:45:48 smithi089 ceph-mon[27639]: from='mgr.14116 172.21.15.89:0/1844139609' entity='mgr.smithi089.guohvs'
2024-09-13T02:45:49.812 INFO:teuthology.orchestra.run.smithi089.stdout:/usr/bin/ceph: stdout Scheduled grafana update...
2024-09-13T02:45:49.812 INFO:teuthology.orchestra.run.smithi089.stdout:/usr/bin/ceph: stderr
2024-09-13T02:45:48.731+0000 7fac1dc22640 1 Processor -- start
2024-09-13T02:45:49.812 INFO:teuthology.orchestra.run.smithi089.stdout:/usr/bin/ceph: stderr
2024-09-13T02:45:48.731+0000 7fac1dc22640 1 -- start start
2024-09-13T02:45:49.812 INFO:teuthology.orchestra.run.smithi089.stdout:/usr/bin/ceph: stderr
2024-09-13T02:45:48.731+0000 7fac1dc22640 1 --2- >> [v2:172.21.15.89:3300/0,v1:172.21.15.89:6789/0] conn(0x7fac18101f90 0x7fac181023a0 unknown :-1 s=NONE pgs=0 cs=0 l=0 rev1=0 crypto rx=0 tx=0 comp rx=0 tx=0).connect
2024-09-13T02:45:49.812 INFO:teuthology.orchestra.run.smithi089.stdout:/usr/bin/ceph: stderr
2024-09-13T02:45:48.731+0000 7fac1dc22640 1 -- --> [v2:172.21.15.89:3300/0,v1:172.21.15.89:6789/0] -- mon_getmap magic: 0 v1 -- 0x7fac181028e0 con 0x7fac18101f90
2024-09-13T02:45:49.812 INFO:teuthology.orchestra.run.smithi089.stdout:/usr/bin/ceph: stderr
2024-09-13T02:45:48.731+0000 7fac177fe640 1 --2- >> [v2:172.21.15.89:3300/0,v1:172.21.15.89:6789/0] conn(0x7fac18101f90 0x7fac181023a0 unknown :-1 s=BANNER_CONNECTING pgs=0 cs=0 l=0 rev1=0 crypto rx=0 tx=0 comp rx=0 tx=0)._handle_peer_banner_payload supported=3 required=0
2024-09-13T02:45:49.813 INFO:teuthology.orchestra.run.smithi089.stdout:/usr/bin/ceph: stderr
2024-09-13T02:45:48.731+0000 7fac177fe640 1 --2- >> [v2:172.21.15.89:3300/0,v1:172.21.15.89:6789/0] conn(0x7fac18101f90 0x7fac181023a0 unknown :-1 s=HELLO_CONNECTING pgs=0 cs=0 l=0 rev1=1 crypto rx=0 tx=0 comp rx=0 tx=0).handle_hello peer v2:172.21.15.89:3300/0 says I am v2:172.21.15.89:45220/0 (socket says 172.21.15.89:45220)
2024-09-13T02:45:49.813 INFO:teuthology.orchestra.run.smithi089.stdout:/usr/bin/ceph: stderr
2024-09-13T02:45:48.731+0000 7fac177fe640 1 -- 172.21.15.89:0/2330085732 learned_addr learned my addr 172.21.15.89:0/2330085732 (peer_addr_for_me v2:172.21.15.89:0/0)
2024-09-13T02:45:49.813 INFO:teuthology.orchestra.run.smithi089.stdout:/usr/bin/ceph: stderr
2024-09-13T02:45:48.731+0000 7fac177fe640 1 -- 172.21.15.89:0/2330085732 --> [v2:172.21.15.89:3300/0,v1:172.21.15.89:6789/0] -- mon_subscribe({config=0+,monmap=0+}) v3 -- 0x7fac18102a20 con 0x7fac18101f90
2024-09-13T02:45:49.813 INFO:teuthology.orchestra.run.smithi089.stdout:/usr/bin/ceph: stderr
2024-09-13T02:45:48.732+0000 7fac177fe640 1 --2- 172.21.15.89:0/2330085732 >> [v2:172.21.15.89:3300/0,v1:172.21.15.89:6789/0] conn(0x7fac18101f90 0x7fac181023a0 secure :-1 s=READY pgs=51 cs=0 l=1 rev1=1 crypto rx=0x7fac08009840 tx=0x7fac080091d0 comp rx=0 tx=0).ready entity=mon.0 client_cookie=16acc00ff4380d89 server_cookie=0 in_seq=0 out_seq=0
2024-09-13T02:45:49.813 INFO:teuthology.orchestra.run.smithi089.stdout:/usr/bin/ceph: stderr
2024-09-13T02:45:48.732+0000 7fac16ffd640 1 -- 172.21.15.89:0/2330085732 <== mon.0 v2:172.21.15.89:3300/0 1 ==== mon_map magic: 0 v1 ==== 229+0+0 (secure 0 0 0) 0x7fac08032440 con 0x7fac18101f90
2024-09-13T02:45:49.813 INFO:teuthology.orchestra.run.smithi089.stdout:/usr/bin/ceph: stderr
2024-09-13T02:45:48.732+0000 7fac16ffd640 1 -- 172.21.15.89:0/2330085732 <== mon.0 v2:172.21.15.89:3300/0 2 ==== config(26 keys) v1 ==== 1070+0+0 (secure 0 0 0) 0x7fac08032a40 con 0x7fac18101f90
2024-09-13T02:45:49.813 INFO:teuthology.orchestra.run.smithi089.stdout:/usr/bin/ceph: stderr
2024-09-13T02:45:48.732+0000 7fac16ffd640 1 -- 172.21.15.89:0/2330085732 <== mon.0 v2:172.21.15.89:3300/0 3 ==== mon_map magic: 0 v1 ==== 229+0+0 (secure 0 0 0) 0x7fac08031a70 con 0x7fac18101f90
2024-09-13T02:45:49.813 INFO:teuthology.orchestra.run.smithi089.stdout:/usr/bin/ceph: stderr
2024-09-13T02:45:48.733+0000 7fac1dc22640 1 -- 172.21.15.89:0/2330085732 >> [v2:172.21.15.89:3300/0,v1:172.21.15.89:6789/0] conn(0x7fac18101f90 msgr2=0x7fac181023a0 secure :-1 s=STATE_CONNECTION_ESTABLISHED l=1).mark_down
2024-09-13T02:45:49.813 INFO:teuthology.orchestra.run.smithi089.stdout:/usr/bin/ceph: stderr
2024-09-13T02:45:48.733+0000 7fac1dc22640 1 --2- 172.21.15.89:0/2330085732 >> [v2:172.21.15.89:3300/0,v1:172.21.15.89:6789/0] conn(0x7fac18101f90 0x7fac181023a0 secure :-1 s=READY pgs=51 cs=0 l=1 rev1=1 crypto rx=0x7fac08009840 tx=0x7fac080091d0 comp rx=0 tx=0).stop
2024-09-13T02:45:49.813 INFO:teuthology.orchestra.run.smithi089.stdout:/usr/bin/ceph: stderr
2024-09-13T02:45:48.733+0000 7fac1dc22640 1 -- 172.21.15.89:0/2330085732 shutdown_connections
2024-09-13T02:45:49.813 INFO:teuthology.orchestra.run.smithi089.stdout:/usr/bin/ceph: stderr
2024-09-13T02:45:48.733+0000 7fac1dc22640 1 --2- 172.21.15.89:0/2330085732 >> [v2:172.21.15.89:3300/0,v1:172.21.15.89:6789/0] conn(0x7fac18101f90 0x7fac181023a0 unknown :-1 s=CLOSED pgs=51 cs=0 l=1 rev1=1 crypto rx=0 tx=0 comp rx=0 tx=0).stop
2024-09-13T02:45:49.813 INFO:teuthology.orchestra.run.smithi089.stdout:/usr/bin/ceph: stderr
2024-09-13T02:45:48.733+0000 7fac1dc22640 1 -- 172.21.15.89:0/2330085732 >> 172.21.15.89:0/2330085732 conn(0x7fac180fd710 msgr2=0x7fac180ffb40 unknown :-1 s=STATE_NONE l=0).mark_down
2024-09-13T02:45:49.814 INFO:teuthology.orchestra.run.smithi089.stdout:/usr/bin/ceph: stderr
2024-09-13T02:45:48.733+0000 7fac1dc22640 1 -- 172.21.15.89:0/2330085732 shutdown_connections
2024-09-13T02:45:49.814 INFO:teuthology.orchestra.run.smithi089.stdout:/usr/bin/ceph: stderr
2024-09-13T02:45:48.733+0000 7fac1dc22640 1 -- 172.21.15.89:0/2330085732 wait complete.
2024-09-13T02:45:49.814 INFO:teuthology.orchestra.run.smithi089.stdout:/usr/bin/ceph: stderr
2024-09-13T02:45:48.733+0000 7fac1dc22640 1 Processor -- start
2024-09-13T02:45:49.814 INFO:teuthology.orchestra.run.smithi089.stdout:/usr/bin/ceph: stderr
2024-09-13T02:45:48.733+0000 7fac1dc22640 1 -- start start
2024-09-13T02:45:49.814 INFO:teuthology.orchestra.run.smithi089.stdout:/usr/bin/ceph: stderr
2024-09-13T02:45:48.733+0000 7fac1dc22640 1 --2- >> [v2:172.21.15.89:3300/0,v1:172.21.15.89:6789/0] conn(0x7fac18101f90 0x7fac18110d20 unknown :-1 s=NONE pgs=0 cs=0 l=1 rev1=0 crypto rx=0 tx=0 comp rx=0 tx=0).connect
2024-09-13T02:45:49.814 INFO:teuthology.orchestra.run.smithi089.stdout:/usr/bin/ceph: stderr
2024-09-13T02:45:48.733+0000 7fac1dc22640 1 -- --> [v2:172.21.15.89:3300/0,v1:172.21.15.89:6789/0] -- mon_getmap magic: 0 v1 -- 0x7fac18111260 con 0x7fac18101f90
2024-09-13T02:45:49.814 INFO:teuthology.orchestra.run.smithi089.stdout:/usr/bin/ceph: stderr
2024-09-13T02:45:48.734+0000 7fac177fe640 1 --2- >> [v2:172.21.15.89:3300/0,v1:172.21.15.89:6789/0] conn(0x7fac18101f90 0x7fac18110d20 unknown :-1 s=BANNER_CONNECTING pgs=0 cs=0 l=1 rev1=0 crypto rx=0 tx=0 comp rx=0 tx=0)._handle_peer_banner_payload supported=3 required=0
2024-09-13T02:45:49.814 INFO:teuthology.orchestra.run.smithi089.stdout:/usr/bin/ceph: stderr
2024-09-13T02:45:48.734+0000 7fac177fe640 1 --2- >> [v2:172.21.15.89:3300/0,v1:172.21.15.89:6789/0] conn(0x7fac18101f90 0x7fac18110d20 unknown :-1 s=HELLO_CONNECTING pgs=0 cs=0 l=1 rev1=1 crypto rx=0 tx=0 comp rx=0 tx=0).handle_hello peer v2:172.21.15.89:3300/0 says I am v2:172.21.15.89:45222/0 (socket says 172.21.15.89:45222)
2024-09-13T02:45:49.814 INFO:teuthology.orchestra.run.smithi089.stdout:/usr/bin/ceph: stderr
2024-09-13T02:45:48.734+0000 7fac177fe640 1 -- 172.21.15.89:0/4253462010 learned_addr learned my addr 172.21.15.89:0/4253462010 (peer_addr_for_me v2:172.21.15.89:0/0)
2024-09-13T02:45:49.814 INFO:teuthology.orchestra.run.smithi089.stdout:/usr/bin/ceph: stderr
2024-09-13T02:45:48.734+0000 7fac177fe640 1 -- 172.21.15.89:0/4253462010 --> [v2:172.21.15.89:3300/0,v1:172.21.15.89:6789/0] -- mon_subscribe({config=0+,monmap=0+}) v3 -- 0x7fac08009450 con 0x7fac18101f90
2024-09-13T02:45:49.814 INFO:teuthology.orchestra.run.smithi089.stdout:/usr/bin/ceph: stderr
2024-09-13T02:45:48.734+0000 7fac177fe640 1 --2- 172.21.15.89:0/4253462010 >> [v2:172.21.15.89:3300/0,v1:172.21.15.89:6789/0] conn(0x7fac18101f90 0x7fac18110d20 secure :-1 s=READY pgs=52 cs=0 l=1 rev1=1 crypto rx=0x7fac08009810 tx=0x7fac080091d0 comp rx=0 tx=0).ready entity=mon.0 client_cookie=0 server_cookie=0 in_seq=0 out_seq=0
2024-09-13T02:45:49.814 INFO:teuthology.orchestra.run.smithi089.stdout:/usr/bin/ceph: stderr
2024-09-13T02:45:48.734+0000 7fac14ff9640 1 -- 172.21.15.89:0/4253462010 <== mon.0 v2:172.21.15.89:3300/0 1 ==== mon_map magic: 0 v1 ==== 229+0+0 (secure 0 0 0) 0x7fac0803c400 con 0x7fac18101f90
2024-09-13T02:45:49.814 INFO:teuthology.orchestra.run.smithi089.stdout:/usr/bin/ceph: stderr
2024-09-13T02:45:48.734+0000 7fac14ff9640 1 -- 172.21.15.89:0/4253462010 <== mon.0 v2:172.21.15.89:3300/0 2 ==== config(26 keys) v1 ==== 1070+0+0 (secure 0 0 0) 0x7fac0803ca00 con 0x7fac18101f90
2024-09-13T02:45:49.815 INFO:teuthology.orchestra.run.smithi089.stdout:/usr/bin/ceph: stderr
2024-09-13T02:45:48.734+0000 7fac1dc22640 1 -- 172.21.15.89:0/4253462010 --> [v2:172.21.15.89:3300/0,v1:172.21.15.89:6789/0] -- mon_subscribe({mgrmap=0+}) v3 -- 0x7fac18111460 con 0x7fac18101f90
2024-09-13T02:45:49.815 INFO:teuthology.orchestra.run.smithi089.stdout:/usr/bin/ceph: stderr
2024-09-13T02:45:48.734+0000 7fac14ff9640 1 -- 172.21.15.89:0/4253462010 <== mon.0 v2:172.21.15.89:3300/0 3 ==== mon_map magic: 0 v1 ==== 229+0+0 (secure 0 0 0) 0x7fac0803a870 con 0x7fac18101f90
2024-09-13T02:45:49.815 INFO:teuthology.orchestra.run.smithi089.stdout:/usr/bin/ceph: stderr
2024-09-13T02:45:48.734+0000 7fac1dc22640 1 -- 172.21.15.89:0/4253462010 --> [v2:172.21.15.89:3300/0,v1:172.21.15.89:6789/0] -- mon_subscribe({osdmap=0}) v3 -- 0x7fac181118d0 con 0x7fac18101f90
2024-09-13T02:45:49.815 INFO:teuthology.orchestra.run.smithi089.stdout:/usr/bin/ceph: stderr
2024-09-13T02:45:48.735+0000 7fac14ff9640 1 -- 172.21.15.89:0/4253462010 <== mon.0 v2:172.21.15.89:3300/0 4 ==== mgrmap(e 8) v1 ==== 45507+0+0 (secure 0 0 0) 0x7fac0803c560 con 0x7fac18101f90
2024-09-13T02:45:49.815 INFO:teuthology.orchestra.run.smithi089.stdout:/usr/bin/ceph: stderr
2024-09-13T02:45:48.735+0000 7fac1dc22640 1 -- 172.21.15.89:0/4253462010 --> [v2:172.21.15.89:3300/0,v1:172.21.15.89:6789/0] -- mon_command({"prefix": "get_command_descriptions"} v 0) v1 -- 0x7fac1804b720 con 0x7fac18101f90
2024-09-13T02:45:49.815 INFO:teuthology.orchestra.run.smithi089.stdout:/usr/bin/ceph: stderr
2024-09-13T02:45:48.735+0000 7fac14ff9640 1 --2- 172.21.15.89:0/4253462010 >> [v2:172.21.15.89:6800/702640100,v1:172.21.15.89:6801/702640100] conn(0x7fac040394e0 0x7fac0403b990 unknown :-1 s=NONE pgs=0 cs=0 l=1 rev1=0 crypto rx=0 tx=0 comp rx=0 tx=0).connect
2024-09-13T02:45:49.815 INFO:teuthology.orchestra.run.smithi089.stdout:/usr/bin/ceph: stderr
2024-09-13T02:45:48.735+0000 7fac14ff9640 1 -- 172.21.15.89:0/4253462010 <== mon.0 v2:172.21.15.89:3300/0 5 ==== osd_map(2..2 src has 1..2) v4 ==== 936+0+0 (secure 0 0 0) 0x7fac0806ccf0 con 0x7fac18101f90
2024-09-13T02:45:49.815 INFO:teuthology.orchestra.run.smithi089.stdout:/usr/bin/ceph: stderr
2024-09-13T02:45:48.735+0000 7fac0ffff640 1 --2- 172.21.15.89:0/4253462010 >> [v2:172.21.15.89:6800/702640100,v1:172.21.15.89:6801/702640100] conn(0x7fac040394e0 0x7fac0403b990 unknown :-1 s=BANNER_CONNECTING pgs=0 cs=0 l=1 rev1=0 crypto rx=0 tx=0 comp rx=0 tx=0)._handle_peer_banner_payload supported=3 required=0
2024-09-13T02:45:49.815 INFO:teuthology.orchestra.run.smithi089.stdout:/usr/bin/ceph: stderr
2024-09-13T02:45:48.736+0000 7fac0ffff640 1 --2- 172.21.15.89:0/4253462010 >> [v2:172.21.15.89:6800/702640100,v1:172.21.15.89:6801/702640100] conn(0x7fac040394e0 0x7fac0403b990 secure :-1 s=READY pgs=16 cs=0 l=1 rev1=1 crypto rx=0x7fac00006fd0 tx=0x7fac00006db0 comp rx=0 tx=0).ready entity=mgr.14116 client_cookie=0 server_cookie=0 in_seq=0 out_seq=0
2024-09-13T02:45:49.815 INFO:teuthology.orchestra.run.smithi089.stdout:/usr/bin/ceph: stderr
2024-09-13T02:45:48.739+0000 7fac14ff9640 1 -- 172.21.15.89:0/4253462010 <== mon.0 v2:172.21.15.89:3300/0 6 ==== mon_command_ack([{"prefix": "get_command_descriptions"}]=0 v0) v1 ==== 72+0+176781 (secure 0 0 0) 0x7fac0803cb70 con 0x7fac18101f90
2024-09-13T02:45:49.815 INFO:teuthology.orchestra.run.smithi089.stdout:/usr/bin/ceph: stderr
2024-09-13T02:45:48.908+0000 7fac1dc22640 1 -- 172.21.15.89:0/4253462010 --> [v2:172.21.15.89:6800/702640100,v1:172.21.15.89:6801/702640100] -- mgr_command(tid 0: {"prefix": "orch apply", "service_type": "grafana", "target": ["mon-mgr", ""]}) v1 -- 0x7fac181118d0 con 0x7fac040394e0
2024-09-13T02:45:49.815 INFO:teuthology.orchestra.run.smithi089.stdout:/usr/bin/ceph: stderr
2024-09-13T02:45:48.912+0000 7fac14ff9640 1 -- 172.21.15.89:0/4253462010 <== mgr.14116 v2:172.21.15.89:6800/702640100 1 ==== mgr_command_reply(tid 0: 0 ) v1 ==== 8+0+28 (secure 0 0 0) 0x7fac181118d0 con 0x7fac040394e0
2024-09-13T02:45:49.815 INFO:teuthology.orchestra.run.smithi089.stdout:/usr/bin/ceph: stderr
2024-09-13T02:45:48.914+0000 7fac1dc22640 1 -- 172.21.15.89:0/4253462010 >> [v2:172.21.15.89:6800/702640100,v1:172.21.15.89:6801/702640100] conn(0x7fac040394e0 msgr2=0x7fac0403b990 secure :-1 s=STATE_CONNECTION_ESTABLISHED l=1).mark_down
2024-09-13T02:45:49.816 INFO:teuthology.orchestra.run.smithi089.stdout:/usr/bin/ceph: stderr
2024-09-13T02:45:48.914+0000 7fac1dc22640 1 --2- 172.21.15.89:0/4253462010 >> [v2:172.21.15.89:6800/702640100,v1:172.21.15.89:6801/702640100] conn(0x7fac040394e0 0x7fac0403b990 secure :-1 s=READY pgs=16 cs=0 l=1 rev1=1 crypto rx=0x7fac00006fd0 tx=0x7fac00006db0 comp rx=0 tx=0).stop
2024-09-13T02:45:49.816 INFO:teuthology.orchestra.run.smithi089.stdout:/usr/bin/ceph: stderr
2024-09-13T02:45:48.914+0000 7fac1dc22640 1 -- 172.21.15.89:0/4253462010 >> [v2:172.21.15.89:3300/0,v1:172.21.15.89:6789/0] conn(0x7fac18101f90 msgr2=0x7fac18110d20 secure :-1 s=STATE_CONNECTION_ESTABLISHED l=1).mark_down
2024-09-13T02:45:49.816 INFO:teuthology.orchestra.run.smithi089.stdout:/usr/bin/ceph: stderr
2024-09-13T02:45:48.914+0000 7fac1dc22640 1 --2- 172.21.15.89:0/4253462010 >> [v2:172.21.15.89:3300/0,v1:172.21.15.89:6789/0] conn(0x7fac18101f90 0x7fac18110d20 secure :-1 s=READY pgs=52 cs=0 l=1 rev1=1 crypto rx=0x7fac08009810 tx=0x7fac080091d0 comp rx=0 tx=0).stop
2024-09-13T02:45:49.816 INFO:teuthology.orchestra.run.smithi089.stdout:/usr/bin/ceph: stderr
2024-09-13T02:45:48.914+0000 7fac1dc22640 1 -- 172.21.15.89:0/4253462010 shutdown_connections
2024-09-13T02:45:49.816 INFO:teuthology.orchestra.run.smithi089.stdout:/usr/bin/ceph: stderr
2024-09-13T02:45:48.914+0000 7fac1dc22640 1 --2- 172.21.15.89:0/4253462010 >> [v2:172.21.15.89:6800/702640100,v1:172.21.15.89:6801/702640100] conn(0x7fac040394e0 0x7fac0403b990 unknown :-1 s=CLOSED pgs=16 cs=0 l=1 rev1=1 crypto rx=0 tx=0 comp rx=0 tx=0).stop
2024-09-13T02:45:49.816 INFO:teuthology.orchestra.run.smithi089.stdout:/usr/bin/ceph: stderr
2024-09-13T02:45:48.914+0000 7fac1dc22640 1 --2- 172.21.15.89:0/4253462010 >> [v2:172.21.15.89:3300/0,v1:172.21.15.89:6789/0] conn(0x7fac18101f90 0x7fac18110d20 unknown :-1 s=CLOSED pgs=52 cs=0 l=1 rev1=1 crypto rx=0 tx=0 comp rx=0 tx=0).stop
2024-09-13T02:45:49.816 INFO:teuthology.orchestra.run.smithi089.stdout:/usr/bin/ceph: stderr
2024-09-13T02:45:48.914+0000 7fac1dc22640 1 -- 172.21.15.89:0/4253462010 >> 172.21.15.89:0/4253462010 conn(0x7fac180fd710 msgr2=0x7fac180fe260 unknown :-1 s=STATE_NONE l=0).mark_down
2024-09-13T02:45:49.816 INFO:teuthology.orchestra.run.smithi089.stdout:/usr/bin/ceph: stderr
2024-09-13T02:45:48.915+0000 7fac1dc22640 1 -- 172.21.15.89:0/4253462010 shutdown_connections
2024-09-13T02:45:49.816 INFO:teuthology.orchestra.run.smithi089.stdout:/usr/bin/ceph: stderr
2024-09-13T02:45:48.915+0000 7fac1dc22640 1 -- 172.21.15.89:0/4253462010 wait complete.
2024-09-13T02:45:49.816 INFO:teuthology.orchestra.run.smithi089.stdout:Deploying node-exporter service with default placement...
2024-09-13T02:45:50.107 INFO:journalctl@ceph.mon.smithi089.smithi089.stdout:Sep 13 02:45:49 smithi089 ceph-mon[27639]: from='client.14146 -' entity='client.admin' cmd=[{"prefix": "orch apply", "service_type": "grafana", "target": ["mon-mgr", ""]}]: dispatch
2024-09-13T02:45:50.108 INFO:journalctl@ceph.mon.smithi089.smithi089.stdout:Sep 13 02:45:49 smithi089 ceph-mon[27639]: Saving service grafana spec with placement count:1
2024-09-13T02:45:50.108 INFO:journalctl@ceph.mon.smithi089.smithi089.stdout:Sep 13 02:45:49 smithi089 ceph-mon[27639]: from='mgr.14116 172.21.15.89:0/1844139609' entity='mgr.smithi089.guohvs'
2024-09-13T02:45:50.108 INFO:journalctl@ceph.mon.smithi089.smithi089.stdout:Sep 13 02:45:49 smithi089 ceph-mon[27639]: from='mgr.14116 172.21.15.89:0/1844139609' entity='mgr.smithi089.guohvs'
2024-09-13T02:45:50.985 INFO:teuthology.orchestra.run.smithi089.stdout:/usr/bin/ceph: stdout Scheduled node-exporter update...
2024-09-13T02:45:50.985 INFO:teuthology.orchestra.run.smithi089.stdout:/usr/bin/ceph: stderr
2024-09-13T02:45:50.180+0000 7f9e88368640 1 Processor -- start
2024-09-13T02:45:50.985 INFO:teuthology.orchestra.run.smithi089.stdout:/usr/bin/ceph: stderr
2024-09-13T02:45:50.180+0000 7f9e88368640 1 -- start start
2024-09-13T02:45:50.986 INFO:teuthology.orchestra.run.smithi089.stdout:/usr/bin/ceph: stderr
2024-09-13T02:45:50.180+0000 7f9e88368640 1 --2- >> [v2:172.21.15.89:3300/0,v1:172.21.15.89:6789/0] conn(0x7f9e80101f90 0x7f9e801023a0 unknown :-1 s=NONE pgs=0 cs=0 l=0 rev1=0 crypto rx=0 tx=0 comp rx=0 tx=0).connect
2024-09-13T02:45:50.986 INFO:teuthology.orchestra.run.smithi089.stdout:/usr/bin/ceph: stderr
2024-09-13T02:45:50.180+0000 7f9e88368640 1 -- --> [v2:172.21.15.89:3300/0,v1:172.21.15.89:6789/0] -- mon_getmap magic: 0 v1 -- 0x7f9e801028e0 con 0x7f9e80101f90
2024-09-13T02:45:50.986 INFO:teuthology.orchestra.run.smithi089.stdout:/usr/bin/ceph: stderr
2024-09-13T02:45:50.180+0000 7f9e86104640 1 --2- >> [v2:172.21.15.89:3300/0,v1:172.21.15.89:6789/0] conn(0x7f9e80101f90 0x7f9e801023a0 unknown :-1 s=BANNER_CONNECTING pgs=0 cs=0 l=0 rev1=0 crypto rx=0 tx=0 comp rx=0 tx=0)._handle_peer_banner_payload supported=3 required=0
2024-09-13T02:45:50.986 INFO:teuthology.orchestra.run.smithi089.stdout:/usr/bin/ceph: stderr
2024-09-13T02:45:50.180+0000 7f9e86104640 1 --2- >> [v2:172.21.15.89:3300/0,v1:172.21.15.89:6789/0] conn(0x7f9e80101f90 0x7f9e801023a0 unknown :-1 s=HELLO_CONNECTING pgs=0 cs=0 l=0 rev1=1 crypto rx=0 tx=0 comp rx=0 tx=0).handle_hello peer v2:172.21.15.89:3300/0 says I am v2:172.21.15.89:45238/0 (socket says 172.21.15.89:45238)
2024-09-13T02:45:50.986 INFO:teuthology.orchestra.run.smithi089.stdout:/usr/bin/ceph: stderr
2024-09-13T02:45:50.180+0000 7f9e86104640 1 -- 172.21.15.89:0/2225073930 learned_addr learned my addr 172.21.15.89:0/2225073930 (peer_addr_for_me v2:172.21.15.89:0/0)
2024-09-13T02:45:50.986 INFO:teuthology.orchestra.run.smithi089.stdout:/usr/bin/ceph: stderr
2024-09-13T02:45:50.180+0000 7f9e86104640 1 -- 172.21.15.89:0/2225073930 --> [v2:172.21.15.89:3300/0,v1:172.21.15.89:6789/0] -- mon_subscribe({config=0+,monmap=0+}) v3 -- 0x7f9e80102a20 con 0x7f9e80101f90
2024-09-13T02:45:50.986 INFO:teuthology.orchestra.run.smithi089.stdout:/usr/bin/ceph: stderr
2024-09-13T02:45:50.181+0000 7f9e86104640 1 --2- 172.21.15.89:0/2225073930 >> [v2:172.21.15.89:3300/0,v1:172.21.15.89:6789/0] conn(0x7f9e80101f90 0x7f9e801023a0 secure :-1 s=READY pgs=53 cs=0 l=1 rev1=1 crypto rx=0x7f9e7c009840 tx=0x7f9e7c0091d0 comp rx=0 tx=0).ready entity=mon.0 client_cookie=e2f62a4792ce8a1c server_cookie=0 in_seq=0 out_seq=0
2024-09-13T02:45:50.986 INFO:teuthology.orchestra.run.smithi089.stdout:/usr/bin/ceph: stderr
2024-09-13T02:45:50.181+0000 7f9e85102640 1 -- 172.21.15.89:0/2225073930 <== mon.0 v2:172.21.15.89:3300/0 1 ==== mon_map magic: 0 v1 ==== 229+0+0 (secure 0 0 0) 0x7f9e7c032440 con 0x7f9e80101f90
2024-09-13T02:45:50.986 INFO:teuthology.orchestra.run.smithi089.stdout:/usr/bin/ceph: stderr
2024-09-13T02:45:50.181+0000 7f9e85102640 1 -- 172.21.15.89:0/2225073930 <== mon.0 v2:172.21.15.89:3300/0 2 ==== config(26 keys) v1 ==== 1070+0+0 (secure 0 0 0) 0x7f9e7c032a40 con 0x7f9e80101f90
2024-09-13T02:45:50.986 INFO:teuthology.orchestra.run.smithi089.stdout:/usr/bin/ceph: stderr
2024-09-13T02:45:50.181+0000 7f9e85102640 1 -- 172.21.15.89:0/2225073930 <== mon.0 v2:172.21.15.89:3300/0 3 ==== mon_map magic: 0 v1 ==== 229+0+0 (secure 0 0 0) 0x7f9e7c031a70 con 0x7f9e80101f90
2024-09-13T02:45:50.986 INFO:teuthology.orchestra.run.smithi089.stdout:/usr/bin/ceph: stderr
2024-09-13T02:45:50.182+0000 7f9e88368640 1 -- 172.21.15.89:0/2225073930 >> [v2:172.21.15.89:3300/0,v1:172.21.15.89:6789/0] conn(0x7f9e80101f90 msgr2=0x7f9e801023a0 secure :-1 s=STATE_CONNECTION_ESTABLISHED l=1).mark_down
2024-09-13T02:45:50.987 INFO:teuthology.orchestra.run.smithi089.stdout:/usr/bin/ceph: stderr
2024-09-13T02:45:50.182+0000 7f9e88368640 1 --2- 172.21.15.89:0/2225073930 >> [v2:172.21.15.89:3300/0,v1:172.21.15.89:6789/0] conn(0x7f9e80101f90 0x7f9e801023a0 secure :-1 s=READY pgs=53 cs=0 l=1 rev1=1 crypto rx=0x7f9e7c009840 tx=0x7f9e7c0091d0 comp rx=0 tx=0).stop
2024-09-13T02:45:50.987 INFO:teuthology.orchestra.run.smithi089.stdout:/usr/bin/ceph: stderr
2024-09-13T02:45:50.182+0000 7f9e88368640 1 -- 172.21.15.89:0/2225073930 shutdown_connections
2024-09-13T02:45:50.987 INFO:teuthology.orchestra.run.smithi089.stdout:/usr/bin/ceph: stderr
2024-09-13T02:45:50.182+0000 7f9e88368640 1 --2- 172.21.15.89:0/2225073930 >> [v2:172.21.15.89:3300/0,v1:172.21.15.89:6789/0] conn(0x7f9e80101f90 0x7f9e801023a0 unknown :-1 s=CLOSED pgs=53 cs=0 l=1 rev1=1 crypto rx=0 tx=0 comp rx=0 tx=0).stop
2024-09-13T02:45:50.987 INFO:teuthology.orchestra.run.smithi089.stdout:/usr/bin/ceph: stderr
2024-09-13T02:45:50.182+0000 7f9e88368640 1 -- 172.21.15.89:0/2225073930 >> 172.21.15.89:0/2225073930 conn(0x7f9e800fd710 msgr2=0x7f9e800ffb40 unknown :-1 s=STATE_NONE l=0).mark_down
2024-09-13T02:45:50.987 INFO:teuthology.orchestra.run.smithi089.stdout:/usr/bin/ceph: stderr
2024-09-13T02:45:50.182+0000 7f9e88368640 1 -- 172.21.15.89:0/2225073930 shutdown_connections
2024-09-13T02:45:50.987 INFO:teuthology.orchestra.run.smithi089.stdout:/usr/bin/ceph: stderr
2024-09-13T02:45:50.182+0000 7f9e88368640 1 -- 172.21.15.89:0/2225073930 wait complete.
2024-09-13T02:45:50.987 INFO:teuthology.orchestra.run.smithi089.stdout:/usr/bin/ceph: stderr
2024-09-13T02:45:50.182+0000 7f9e88368640 1 Processor -- start
2024-09-13T02:45:50.987 INFO:teuthology.orchestra.run.smithi089.stdout:/usr/bin/ceph: stderr
2024-09-13T02:45:50.182+0000 7f9e88368640 1 -- start start
2024-09-13T02:45:50.987 INFO:teuthology.orchestra.run.smithi089.stdout:/usr/bin/ceph: stderr
2024-09-13T02:45:50.183+0000 7f9e88368640 1 --2- >> [v2:172.21.15.89:3300/0,v1:172.21.15.89:6789/0] conn(0x7f9e80101f90 0x7f9e80110d20 unknown :-1 s=NONE pgs=0 cs=0 l=1 rev1=0 crypto rx=0 tx=0 comp rx=0 tx=0).connect
2024-09-13T02:45:50.987 INFO:teuthology.orchestra.run.smithi089.stdout:/usr/bin/ceph: stderr
2024-09-13T02:45:50.183+0000 7f9e88368640 1 -- --> [v2:172.21.15.89:3300/0,v1:172.21.15.89:6789/0] -- mon_getmap magic: 0 v1 -- 0x7f9e80111260 con 0x7f9e80101f90
2024-09-13T02:45:50.987 INFO:teuthology.orchestra.run.smithi089.stdout:/usr/bin/ceph: stderr
2024-09-13T02:45:50.183+0000 7f9e86104640 1 --2- >> [v2:172.21.15.89:3300/0,v1:172.21.15.89:6789/0] conn(0x7f9e80101f90 0x7f9e80110d20 unknown :-1 s=BANNER_CONNECTING pgs=0 cs=0 l=1 rev1=0 crypto rx=0 tx=0 comp rx=0 tx=0)._handle_peer_banner_payload supported=3 required=0
2024-09-13T02:45:50.987 INFO:teuthology.orchestra.run.smithi089.stdout:/usr/bin/ceph: stderr
2024-09-13T02:45:50.183+0000 7f9e86104640 1 --2- >> [v2:172.21.15.89:3300/0,v1:172.21.15.89:6789/0] conn(0x7f9e80101f90 0x7f9e80110d20 unknown :-1 s=HELLO_CONNECTING pgs=0 cs=0 l=1 rev1=1 crypto rx=0 tx=0 comp rx=0 tx=0).handle_hello peer v2:172.21.15.89:3300/0 says I am v2:172.21.15.89:45254/0 (socket says 172.21.15.89:45254)
2024-09-13T02:45:50.987 INFO:teuthology.orchestra.run.smithi089.stdout:/usr/bin/ceph: stderr
2024-09-13T02:45:50.183+0000 7f9e86104640 1 -- 172.21.15.89:0/1113691130 learned_addr learned my addr 172.21.15.89:0/1113691130 (peer_addr_for_me v2:172.21.15.89:0/0)
2024-09-13T02:45:50.987 INFO:teuthology.orchestra.run.smithi089.stdout:/usr/bin/ceph: stderr
2024-09-13T02:45:50.183+0000 7f9e86104640 1 -- 172.21.15.89:0/1113691130 --> [v2:172.21.15.89:3300/0,v1:172.21.15.89:6789/0] -- mon_subscribe({config=0+,monmap=0+}) v3 -- 0x7f9e7c009450 con 0x7f9e80101f90
2024-09-13T02:45:50.988 INFO:teuthology.orchestra.run.smithi089.stdout:/usr/bin/ceph: stderr
2024-09-13T02:45:50.183+0000 7f9e86104640 1 --2- 172.21.15.89:0/1113691130 >> [v2:172.21.15.89:3300/0,v1:172.21.15.89:6789/0] conn(0x7f9e80101f90 0x7f9e80110d20 secure :-1 s=READY pgs=54 cs=0 l=1 rev1=1 crypto rx=0x7f9e7c006a70 tx=0x7f9e7c0091d0 comp rx=0 tx=0).ready entity=mon.0 client_cookie=0 server_cookie=0 in_seq=0 out_seq=0
2024-09-13T02:45:50.988 INFO:teuthology.orchestra.run.smithi089.stdout:/usr/bin/ceph: stderr
2024-09-13T02:45:50.183+0000 7f9e72ffd640 1 -- 172.21.15.89:0/1113691130 <== mon.0 v2:172.21.15.89:3300/0 1 ==== mon_map magic: 0 v1 ==== 229+0+0 (secure 0 0 0) 0x7f9e7c03c400 con 0x7f9e80101f90
2024-09-13T02:45:50.988 INFO:teuthology.orchestra.run.smithi089.stdout:/usr/bin/ceph: stderr
2024-09-13T02:45:50.183+0000 7f9e72ffd640 1 -- 172.21.15.89:0/1113691130 <== mon.0 v2:172.21.15.89:3300/0 2 ==== config(26 keys) v1 ==== 1070+0+0 (secure 0 0 0) 0x7f9e7c03ca00 con 0x7f9e80101f90
2024-09-13T02:45:50.988 INFO:teuthology.orchestra.run.smithi089.stdout:/usr/bin/ceph: stderr
2024-09-13T02:45:50.183+0000 7f9e88368640 1 -- 172.21.15.89:0/1113691130 --> [v2:172.21.15.89:3300/0,v1:172.21.15.89:6789/0] -- mon_subscribe({mgrmap=0+}) v3 -- 0x7f9e80111460 con 0x7f9e80101f90
2024-09-13T02:45:50.988 INFO:teuthology.orchestra.run.smithi089.stdout:/usr/bin/ceph: stderr
2024-09-13T02:45:50.183+0000 7f9e72ffd640 1 -- 172.21.15.89:0/1113691130 <== mon.0 v2:172.21.15.89:3300/0 3 ==== mon_map magic: 0 v1 ==== 229+0+0 (secure 0 0 0) 0x7f9e7c03a9a0 con 0x7f9e80101f90
2024-09-13T02:45:50.988 INFO:teuthology.orchestra.run.smithi089.stdout:/usr/bin/ceph: stderr
2024-09-13T02:45:50.183+0000 7f9e88368640 1 -- 172.21.15.89:0/1113691130 --> [v2:172.21.15.89:3300/0,v1:172.21.15.89:6789/0] -- mon_subscribe({osdmap=0}) v3 -- 0x7f9e801118d0 con 0x7f9e80101f90
2024-09-13T02:45:50.988 INFO:teuthology.orchestra.run.smithi089.stdout:/usr/bin/ceph: stderr
2024-09-13T02:45:50.184+0000 7f9e72ffd640 1 -- 172.21.15.89:0/1113691130 <== mon.0 v2:172.21.15.89:3300/0 4 ==== mgrmap(e 8) v1 ==== 45507+0+0 (secure 0 0 0) 0x7f9e7c03ac20 con 0x7f9e80101f90
2024-09-13T02:45:50.988 INFO:teuthology.orchestra.run.smithi089.stdout:/usr/bin/ceph: stderr
2024-09-13T02:45:50.184+0000 7f9e88368640 1 -- 172.21.15.89:0/1113691130 --> [v2:172.21.15.89:3300/0,v1:172.21.15.89:6789/0] -- mon_command({"prefix": "get_command_descriptions"} v 0) v1 -- 0x7f9e8004b720 con 0x7f9e80101f90
2024-09-13T02:45:50.988 INFO:teuthology.orchestra.run.smithi089.stdout:/usr/bin/ceph: stderr
2024-09-13T02:45:50.184+0000 7f9e72ffd640 1 --2- 172.21.15.89:0/1113691130 >> [v2:172.21.15.89:6800/702640100,v1:172.21.15.89:6801/702640100] conn(0x7f9e6c039490 0x7f9e6c03b940 unknown :-1 s=NONE pgs=0 cs=0 l=1 rev1=0 crypto rx=0 tx=0 comp rx=0 tx=0).connect
2024-09-13T02:45:50.988 INFO:teuthology.orchestra.run.smithi089.stdout:/usr/bin/ceph: stderr
2024-09-13T02:45:50.184+0000 7f9e72ffd640 1 -- 172.21.15.89:0/1113691130 <== mon.0 v2:172.21.15.89:3300/0 5 ==== osd_map(2..2 src has 1..2) v4 ==== 936+0+0 (secure 0 0 0) 0x7f9e7c06ccc0 con 0x7f9e80101f90
2024-09-13T02:45:50.988 INFO:teuthology.orchestra.run.smithi089.stdout:/usr/bin/ceph: stderr
2024-09-13T02:45:50.184+0000 7f9e85903640 1 --2- 172.21.15.89:0/1113691130 >> [v2:172.21.15.89:6800/702640100,v1:172.21.15.89:6801/702640100] conn(0x7f9e6c039490 0x7f9e6c03b940 unknown :-1 s=BANNER_CONNECTING pgs=0 cs=0 l=1 rev1=0 crypto rx=0 tx=0 comp rx=0 tx=0)._handle_peer_banner_payload supported=3 required=0
2024-09-13T02:45:50.988 INFO:teuthology.orchestra.run.smithi089.stdout:/usr/bin/ceph: stderr
2024-09-13T02:45:50.185+0000 7f9e85903640 1 --2- 172.21.15.89:0/1113691130 >> [v2:172.21.15.89:6800/702640100,v1:172.21.15.89:6801/702640100] conn(0x7f9e6c039490 0x7f9e6c03b940 secure :-1 s=READY pgs=17 cs=0 l=1 rev1=1 crypto rx=0x7f9e74006fd0 tx=0x7f9e74006db0 comp rx=0 tx=0).ready entity=mgr.14116 client_cookie=0 server_cookie=0 in_seq=0 out_seq=0
2024-09-13T02:45:50.988 INFO:teuthology.orchestra.run.smithi089.stdout:/usr/bin/ceph: stderr
2024-09-13T02:45:50.189+0000 7f9e72ffd640 1 -- 172.21.15.89:0/1113691130 <== mon.0 v2:172.21.15.89:3300/0 6 ==== mon_command_ack([{"prefix": "get_command_descriptions"}]=0 v0) v1 ==== 72+0+176781 (secure 0 0 0) 0x7f9e7c03cb70 con 0x7f9e80101f90
2024-09-13T02:45:50.989 INFO:teuthology.orchestra.run.smithi089.stdout:/usr/bin/ceph: stderr
2024-09-13T02:45:50.355+0000 7f9e88368640 1 -- 172.21.15.89:0/1113691130 --> [v2:172.21.15.89:6800/702640100,v1:172.21.15.89:6801/702640100] -- mgr_command(tid 0: {"prefix": "orch apply", "service_type": "node-exporter", "target": ["mon-mgr", ""]}) v1 -- 0x7f9e801118d0 con 0x7f9e6c039490
2024-09-13T02:45:50.989 INFO:teuthology.orchestra.run.smithi089.stdout:/usr/bin/ceph: stderr
2024-09-13T02:45:50.362+0000 7f9e72ffd640 1 -- 172.21.15.89:0/1113691130 <== mgr.14116 v2:172.21.15.89:6800/702640100 1 ==== mgr_command_reply(tid 0: 0 ) v1 ==== 8+0+34 (secure 0 0 0) 0x7f9e801118d0 con 0x7f9e6c039490
2024-09-13T02:45:50.989 INFO:teuthology.orchestra.run.smithi089.stdout:/usr/bin/ceph: stderr
2024-09-13T02:45:50.364+0000 7f9e88368640 1 -- 172.21.15.89:0/1113691130 >> [v2:172.21.15.89:6800/702640100,v1:172.21.15.89:6801/702640100] conn(0x7f9e6c039490 msgr2=0x7f9e6c03b940 secure :-1 s=STATE_CONNECTION_ESTABLISHED l=1).mark_down
2024-09-13T02:45:50.989 INFO:teuthology.orchestra.run.smithi089.stdout:/usr/bin/ceph: stderr
2024-09-13T02:45:50.364+0000 7f9e88368640 1 --2- 172.21.15.89:0/1113691130 >> [v2:172.21.15.89:6800/702640100,v1:172.21.15.89:6801/702640100] conn(0x7f9e6c039490 0x7f9e6c03b940 secure :-1 s=READY pgs=17 cs=0 l=1 rev1=1 crypto rx=0x7f9e74006fd0 tx=0x7f9e74006db0 comp rx=0 tx=0).stop
2024-09-13T02:45:50.989 INFO:teuthology.orchestra.run.smithi089.stdout:/usr/bin/ceph: stderr
2024-09-13T02:45:50.364+0000 7f9e88368640 1 -- 172.21.15.89:0/1113691130 >> [v2:172.21.15.89:3300/0,v1:172.21.15.89:6789/0] conn(0x7f9e80101f90 msgr2=0x7f9e80110d20 secure :-1 s=STATE_CONNECTION_ESTABLISHED l=1).mark_down
2024-09-13T02:45:50.989 INFO:teuthology.orchestra.run.smithi089.stdout:/usr/bin/ceph: stderr
2024-09-13T02:45:50.364+0000 7f9e88368640 1 --2- 172.21.15.89:0/1113691130 >> [v2:172.21.15.89:3300/0,v1:172.21.15.89:6789/0] conn(0x7f9e80101f90 0x7f9e80110d20 secure :-1 s=READY pgs=54 cs=0 l=1 rev1=1 crypto rx=0x7f9e7c006a70 tx=0x7f9e7c0091d0 comp rx=0 tx=0).stop
2024-09-13T02:45:50.989 INFO:teuthology.orchestra.run.smithi089.stdout:/usr/bin/ceph: stderr
2024-09-13T02:45:50.364+0000 7f9e88368640 1 -- 172.21.15.89:0/1113691130 shutdown_connections
2024-09-13T02:45:50.989 INFO:teuthology.orchestra.run.smithi089.stdout:/usr/bin/ceph: stderr
2024-09-13T02:45:50.364+0000 7f9e88368640 1 --2- 172.21.15.89:0/1113691130 >> [v2:172.21.15.89:6800/702640100,v1:172.21.15.89:6801/702640100] conn(0x7f9e6c039490 0x7f9e6c03b940 unknown :-1 s=CLOSED pgs=17 cs=0 l=1 rev1=1 crypto rx=0 tx=0 comp rx=0 tx=0).stop
2024-09-13T02:45:50.989 INFO:teuthology.orchestra.run.smithi089.stdout:/usr/bin/ceph: stderr
2024-09-13T02:45:50.364+0000 7f9e88368640 1 --2- 172.21.15.89:0/1113691130 >> [v2:172.21.15.89:3300/0,v1:172.21.15.89:6789/0] conn(0x7f9e80101f90 0x7f9e80110d20 unknown :-1 s=CLOSED pgs=54 cs=0 l=1 rev1=1 crypto rx=0 tx=0 comp rx=0 tx=0).stop
2024-09-13T02:45:50.989 INFO:teuthology.orchestra.run.smithi089.stdout:/usr/bin/ceph: stderr
2024-09-13T02:45:50.364+0000 7f9e88368640 1 -- 172.21.15.89:0/1113691130 >> 172.21.15.89:0/1113691130 conn(0x7f9e800fd710 msgr2=0x7f9e800fe260 unknown :-1 s=STATE_NONE l=0).mark_down
2024-09-13T02:45:50.989 INFO:teuthology.orchestra.run.smithi089.stdout:/usr/bin/ceph: stderr
2024-09-13T02:45:50.364+0000 7f9e88368640 1 -- 172.21.15.89:0/1113691130 shutdown_connections
2024-09-13T02:45:50.989 INFO:teuthology.orchestra.run.smithi089.stdout:/usr/bin/ceph: stderr
2024-09-13T02:45:50.364+0000 7f9e88368640 1 -- 172.21.15.89:0/1113691130 wait complete.
2024-09-13T02:45:50.989 INFO:teuthology.orchestra.run.smithi089.stdout:Deploying alertmanager service with default placement...
2024-09-13T02:45:51.535 INFO:journalctl@ceph.mon.smithi089.smithi089.stdout:Sep 13 02:45:51 smithi089 ceph-mon[27639]: from='client.14148 -' entity='client.admin' cmd=[{"prefix": "orch apply", "service_type": "node-exporter", "target": ["mon-mgr", ""]}]: dispatch
2024-09-13T02:45:51.535 INFO:journalctl@ceph.mon.smithi089.smithi089.stdout:Sep 13 02:45:51 smithi089 ceph-mon[27639]: Saving service node-exporter spec with placement *
2024-09-13T02:45:51.535 INFO:journalctl@ceph.mon.smithi089.smithi089.stdout:Sep 13 02:45:51 smithi089 ceph-mon[27639]: from='mgr.14116 172.21.15.89:0/1844139609' entity='mgr.smithi089.guohvs'
2024-09-13T02:45:51.535 INFO:journalctl@ceph.mon.smithi089.smithi089.stdout:Sep 13 02:45:51 smithi089 ceph-mon[27639]: from='mgr.14116 172.21.15.89:0/1844139609' entity='mgr.smithi089.guohvs'
2024-09-13T02:45:52.916 INFO:journalctl@ceph.mon.smithi089.smithi089.stdout:Sep 13 02:45:52 smithi089 ceph-mon[27639]: from='client.14150 -' entity='client.admin' cmd=[{"prefix": "orch apply", "service_type": "alertmanager", "target": ["mon-mgr", ""]}]: dispatch
2024-09-13T02:45:52.916 INFO:journalctl@ceph.mon.smithi089.smithi089.stdout:Sep 13 02:45:52 smithi089 ceph-mon[27639]: Saving service alertmanager spec with placement count:1
2024-09-13T02:45:52.916 INFO:journalctl@ceph.mon.smithi089.smithi089.stdout:Sep 13 02:45:52 smithi089 ceph-mon[27639]: from='mgr.14116 172.21.15.89:0/1844139609' entity='mgr.smithi089.guohvs'
2024-09-13T02:45:52.923 INFO:teuthology.orchestra.run.smithi089.stdout:/usr/bin/ceph: stdout Scheduled alertmanager update...
2024-09-13T02:45:52.923 INFO:teuthology.orchestra.run.smithi089.stdout:/usr/bin/ceph: stderr
2024-09-13T02:45:51.421+0000 7f0a6b9b4640 1 Processor -- start
2024-09-13T02:45:52.923 INFO:teuthology.orchestra.run.smithi089.stdout:/usr/bin/ceph: stderr
2024-09-13T02:45:51.421+0000 7f0a6b9b4640 1 -- start start
2024-09-13T02:45:52.923 INFO:teuthology.orchestra.run.smithi089.stdout:/usr/bin/ceph: stderr
2024-09-13T02:45:51.421+0000 7f0a6b9b4640 1 --2- >> [v2:172.21.15.89:3300/0,v1:172.21.15.89:6789/0] conn(0x7f0a64076b30 0x7f0a64107040 unknown :-1 s=NONE pgs=0 cs=0 l=0 rev1=0 crypto rx=0 tx=0 comp rx=0 tx=0).connect
2024-09-13T02:45:52.923 INFO:teuthology.orchestra.run.smithi089.stdout:/usr/bin/ceph: stderr
2024-09-13T02:45:51.421+0000 7f0a6b9b4640 1 -- --> [v2:172.21.15.89:3300/0,v1:172.21.15.89:6789/0] -- mon_getmap magic: 0 v1 -- 0x7f0a64076f40 con 0x7f0a64076b30
2024-09-13T02:45:52.924 INFO:teuthology.orchestra.run.smithi089.stdout:/usr/bin/ceph: stderr
2024-09-13T02:45:51.421+0000 7f0a69750640 1 --2- >> [v2:172.21.15.89:3300/0,v1:172.21.15.89:6789/0] conn(0x7f0a64076b30 0x7f0a64107040 unknown :-1 s=BANNER_CONNECTING pgs=0 cs=0 l=0 rev1=0 crypto rx=0 tx=0 comp rx=0 tx=0)._handle_peer_banner_payload supported=3 required=0
2024-09-13T02:45:52.924 INFO:teuthology.orchestra.run.smithi089.stdout:/usr/bin/ceph: stderr
2024-09-13T02:45:51.421+0000 7f0a69750640 1 --2- >> [v2:172.21.15.89:3300/0,v1:172.21.15.89:6789/0] conn(0x7f0a64076b30 0x7f0a64107040 unknown :-1 s=HELLO_CONNECTING pgs=0 cs=0 l=0 rev1=1 crypto rx=0 tx=0 comp rx=0 tx=0).handle_hello peer v2:172.21.15.89:3300/0 says I am v2:172.21.15.89:53294/0 (socket says 172.21.15.89:53294)
2024-09-13T02:45:52.924 INFO:teuthology.orchestra.run.smithi089.stdout:/usr/bin/ceph: stderr
2024-09-13T02:45:51.421+0000 7f0a69750640 1 -- 172.21.15.89:0/3150774989 learned_addr learned my addr 172.21.15.89:0/3150774989 (peer_addr_for_me v2:172.21.15.89:0/0)
2024-09-13T02:45:52.924 INFO:teuthology.orchestra.run.smithi089.stdout:/usr/bin/ceph: stderr
2024-09-13T02:45:51.422+0000 7f0a69750640 1 -- 172.21.15.89:0/3150774989 --> [v2:172.21.15.89:3300/0,v1:172.21.15.89:6789/0] -- mon_subscribe({config=0+,monmap=0+}) v3 -- 0x7f0a64102a30 con 0x7f0a64076b30
2024-09-13T02:45:52.924 INFO:teuthology.orchestra.run.smithi089.stdout:/usr/bin/ceph: stderr
2024-09-13T02:45:51.422+0000 7f0a69750640 1 --2- 172.21.15.89:0/3150774989 >> [v2:172.21.15.89:3300/0,v1:172.21.15.89:6789/0] conn(0x7f0a64076b30 0x7f0a64107040 secure :-1 s=READY pgs=55 cs=0 l=1 rev1=1 crypto rx=0x7f0a54009e50 tx=0x7f0a54009840 comp rx=0 tx=0).ready entity=mon.0 client_cookie=c3ab38162d34d18e server_cookie=0 in_seq=0 out_seq=0
2024-09-13T02:45:52.924 INFO:teuthology.orchestra.run.smithi089.stdout:/usr/bin/ceph: stderr
2024-09-13T02:45:51.423+0000 7f0a63fff640 1 -- 172.21.15.89:0/3150774989 <== mon.0 v2:172.21.15.89:3300/0 1 ==== mon_map magic: 0 v1 ==== 229+0+0 (secure 0 0 0) 0x7f0a54031560 con 0x7f0a64076b30
2024-09-13T02:45:52.924 INFO:teuthology.orchestra.run.smithi089.stdout:/usr/bin/ceph: stderr
2024-09-13T02:45:51.423+0000 7f0a63fff640 1 -- 172.21.15.89:0/3150774989 <== mon.0 v2:172.21.15.89:3300/0 2 ==== config(26 keys) v1 ==== 1070+0+0 (secure 0 0 0) 0x7f0a5402d050 con 0x7f0a64076b30
2024-09-13T02:45:52.924 INFO:teuthology.orchestra.run.smithi089.stdout:/usr/bin/ceph: stderr
2024-09-13T02:45:51.423+0000 7f0a63fff640 1 -- 172.21.15.89:0/3150774989 <== mon.0 v2:172.21.15.89:3300/0 3 ==== mon_map magic: 0 v1 ==== 229+0+0 (secure 0 0 0) 0x7f0a54007a60 con 0x7f0a64076b30
2024-09-13T02:45:52.924 INFO:teuthology.orchestra.run.smithi089.stdout:/usr/bin/ceph: stderr
2024-09-13T02:45:51.423+0000 7f0a6b9b4640 1 -- 172.21.15.89:0/3150774989 >> [v2:172.21.15.89:3300/0,v1:172.21.15.89:6789/0] conn(0x7f0a64076b30 msgr2=0x7f0a64107040 secure :-1 s=STATE_CONNECTION_ESTABLISHED l=1).mark_down
2024-09-13T02:45:52.924 INFO:teuthology.orchestra.run.smithi089.stdout:/usr/bin/ceph: stderr
2024-09-13T02:45:51.423+0000 7f0a6b9b4640 1 --2- 172.21.15.89:0/3150774989 >> [v2:172.21.15.89:3300/0,v1:172.21.15.89:6789/0] conn(0x7f0a64076b30 0x7f0a64107040 secure :-1 s=READY pgs=55 cs=0 l=1 rev1=1 crypto rx=0x7f0a54009e50 tx=0x7f0a54009840 comp rx=0 tx=0).stop
2024-09-13T02:45:52.924 INFO:teuthology.orchestra.run.smithi089.stdout:/usr/bin/ceph: stderr
2024-09-13T02:45:51.423+0000 7f0a6b9b4640 1 -- 172.21.15.89:0/3150774989 shutdown_connections
2024-09-13T02:45:52.924 INFO:teuthology.orchestra.run.smithi089.stdout:/usr/bin/ceph: stderr
2024-09-13T02:45:51.423+0000 7f0a6b9b4640 1 --2- 172.21.15.89:0/3150774989 >> [v2:172.21.15.89:3300/0,v1:172.21.15.89:6789/0] conn(0x7f0a64076b30 0x7f0a64107040 unknown :-1 s=CLOSED pgs=55 cs=0 l=1 rev1=1 crypto rx=0 tx=0 comp rx=0 tx=0).stop
2024-09-13T02:45:52.924 INFO:teuthology.orchestra.run.smithi089.stdout:/usr/bin/ceph: stderr
2024-09-13T02:45:51.423+0000 7f0a6b9b4640 1 -- 172.21.15.89:0/3150774989 >> 172.21.15.89:0/3150774989 conn(0x7f0a640fc710 msgr2=0x7f0a640feb20 unknown :-1 s=STATE_NONE l=0).mark_down
2024-09-13T02:45:52.925 INFO:teuthology.orchestra.run.smithi089.stdout:/usr/bin/ceph: stderr
2024-09-13T02:45:51.423+0000 7f0a6b9b4640 1 -- 172.21.15.89:0/3150774989 shutdown_connections
2024-09-13T02:45:52.925 INFO:teuthology.orchestra.run.smithi089.stdout:/usr/bin/ceph: stderr
2024-09-13T02:45:51.423+0000 7f0a6b9b4640 1 -- 172.21.15.89:0/3150774989 wait complete.
2024-09-13T02:45:52.925 INFO:teuthology.orchestra.run.smithi089.stdout:/usr/bin/ceph: stderr
2024-09-13T02:45:51.424+0000 7f0a6b9b4640 1 Processor -- start
2024-09-13T02:45:52.925 INFO:teuthology.orchestra.run.smithi089.stdout:/usr/bin/ceph: stderr
2024-09-13T02:45:51.424+0000 7f0a6b9b4640 1 -- start start
