2024-09-13T02:45:13.200 INFO:teuthology.orchestra.run.smithi089.stdout:/usr/bin/ceph: stderr
2024-09-13T02:45:12.579+0000 7f12b7fff640 1 -- 172.21.15.89:0/3099719592 --> [v2:172.21.15.89:3300/0,v1:172.21.15.89:6789/0] -- mon_subscribe({config=0+,monmap=0+}) v3 -- 0x7f12a8009450 con 0x7f12b8101fa0
2024-09-13T02:45:13.200 INFO:teuthology.orchestra.run.smithi089.stdout:/usr/bin/ceph: stderr
2024-09-13T02:45:12.579+0000 7f12b7fff640 1 --2- 172.21.15.89:0/3099719592 >> [v2:172.21.15.89:3300/0,v1:172.21.15.89:6789/0] conn(0x7f12b8101fa0 0x7f12b8110df0 secure :-1 s=READY pgs=6 cs=0 l=1 rev1=1 crypto rx=0x7f12a8000c00 tx=0x7f12a8008040 comp rx=0 tx=0).ready entity=mon.0 client_cookie=0 server_cookie=0 in_seq=0 out_seq=0
2024-09-13T02:45:13.200 INFO:teuthology.orchestra.run.smithi089.stdout:/usr/bin/ceph: stderr
2024-09-13T02:45:12.579+0000 7f12b4ff9640 1 -- 172.21.15.89:0/3099719592 <== mon.0 v2:172.21.15.89:3300/0 1 ==== mon_map magic: 0 v1 ==== 229+0+0 (secure 0 0 0) 0x7f12a803d450 con 0x7f12b8101fa0
2024-09-13T02:45:13.201 INFO:teuthology.orchestra.run.smithi089.stdout:/usr/bin/ceph: stderr
2024-09-13T02:45:12.579+0000 7f12b4ff9640 1 -- 172.21.15.89:0/3099719592 <== mon.0 v2:172.21.15.89:3300/0 2 ==== config(26 keys) v1 ==== 1005+0+0 (secure 0 0 0) 0x7f12a803da10 con 0x7f12b8101fa0
2024-09-13T02:45:13.201 INFO:teuthology.orchestra.run.smithi089.stdout:/usr/bin/ceph: stderr
2024-09-13T02:45:12.579+0000 7f12be67a640 1 -- 172.21.15.89:0/3099719592 --> [v2:172.21.15.89:3300/0,v1:172.21.15.89:6789/0] -- mon_subscribe({mgrmap=0+}) v3 -- 0x7f12b8111530 con 0x7f12b8101fa0
2024-09-13T02:45:13.201 INFO:teuthology.orchestra.run.smithi089.stdout:/usr/bin/ceph: stderr
2024-09-13T02:45:12.579+0000 7f12b4ff9640 1 -- 172.21.15.89:0/3099719592 <== mon.0 v2:172.21.15.89:3300/0 3 ==== mon_map magic: 0 v1 ==== 229+0+0 (secure 0 0 0) 0x7f12a803b8e0 con 0x7f12b8101fa0
2024-09-13T02:45:13.201 INFO:teuthology.orchestra.run.smithi089.stdout:/usr/bin/ceph: stderr
2024-09-13T02:45:12.579+0000 7f12be67a640 1 -- 172.21.15.89:0/3099719592 --> [v2:172.21.15.89:3300/0,v1:172.21.15.89:6789/0] -- mon_subscribe({osdmap=0}) v3 -- 0x7f12b8111f80 con 0x7f12b8101fa0
2024-09-13T02:45:13.201 INFO:teuthology.orchestra.run.smithi089.stdout:/usr/bin/ceph: stderr
2024-09-13T02:45:12.579+0000 7f12b4ff9640 1 -- 172.21.15.89:0/3099719592 <== mon.0 v2:172.21.15.89:3300/0 4 ==== mgrmap(e 1) v1 ==== 529+0+0 (secure 0 0 0) 0x7f12a8039070 con 0x7f12b8101fa0
2024-09-13T02:45:13.201 INFO:teuthology.orchestra.run.smithi089.stdout:/usr/bin/ceph: stderr
2024-09-13T02:45:12.580+0000 7f12b4ff9640 1 -- 172.21.15.89:0/3099719592 <== mon.0 v2:172.21.15.89:3300/0 5 ==== osd_map(1..1 src has 1..1) v4 ==== 721+0+0 (secure 0 0 0) 0x7f12a8046760 con 0x7f12b8101fa0
2024-09-13T02:45:13.201 INFO:teuthology.orchestra.run.smithi089.stdout:/usr/bin/ceph: stderr
2024-09-13T02:45:12.580+0000 7f12be67a640 1 -- 172.21.15.89:0/3099719592 --> [v2:172.21.15.89:3300/0,v1:172.21.15.89:6789/0] -- mon_command({"prefix": "get_command_descriptions"} v 0) v1 -- 0x7f12b8101400 con 0x7f12b8101fa0
2024-09-13T02:45:13.201 INFO:teuthology.orchestra.run.smithi089.stdout:/usr/bin/ceph: stderr
2024-09-13T02:45:12.582+0000 7f12b4ff9640 1 -- 172.21.15.89:0/3099719592 <== mon.0 v2:172.21.15.89:3300/0 6 ==== mon_command_ack([{"prefix": "get_command_descriptions"}]=0 v0) v1 ==== 72+0+71553 (secure 0 0 0) 0x7f12a80657a0 con 0x7f12b8101fa0
2024-09-13T02:45:13.201 INFO:teuthology.orchestra.run.smithi089.stdout:/usr/bin/ceph: stderr
2024-09-13T02:45:12.641+0000 7f12be67a640 1 -- 172.21.15.89:0/3099719592 --> [v2:172.21.15.89:3300/0,v1:172.21.15.89:6789/0] -- mon_command({"prefix": "status", "format": "json-pretty"} v 0) v1 -- 0x7f12b8103d50 con 0x7f12b8101fa0
2024-09-13T02:45:13.201 INFO:teuthology.orchestra.run.smithi089.stdout:/usr/bin/ceph: stderr
2024-09-13T02:45:12.642+0000 7f12b4ff9640 1 -- 172.21.15.89:0/3099719592 <== mon.0 v2:172.21.15.89:3300/0 7 ==== mon_command_ack([{"prefix": "status", "format": "json-pretty"}]=0 v0) v1 ==== 79+0+1248 (secure 0 0 0) 0x7f12a8054020 con 0x7f12b8101fa0
2024-09-13T02:45:13.202 INFO:teuthology.orchestra.run.smithi089.stdout:/usr/bin/ceph: stderr
2024-09-13T02:45:12.642+0000 7f12be67a640 1 -- 172.21.15.89:0/3099719592 >> [v2:172.21.15.89:3300/0,v1:172.21.15.89:6789/0] conn(0x7f12b8101fa0 msgr2=0x7f12b8110df0 secure :-1 s=STATE_CONNECTION_ESTABLISHED l=1).mark_down
2024-09-13T02:45:13.202 INFO:teuthology.orchestra.run.smithi089.stdout:/usr/bin/ceph: stderr
2024-09-13T02:45:12.642+0000 7f12be67a640 1 --2- 172.21.15.89:0/3099719592 >> [v2:172.21.15.89:3300/0,v1:172.21.15.89:6789/0] conn(0x7f12b8101fa0 0x7f12b8110df0 secure :-1 s=READY pgs=6 cs=0 l=1 rev1=1 crypto rx=0x7f12a8000c00 tx=0x7f12a8008040 comp rx=0 tx=0).stop
2024-09-13T02:45:13.202 INFO:teuthology.orchestra.run.smithi089.stdout:/usr/bin/ceph: stderr
2024-09-13T02:45:12.642+0000 7f12be67a640 1 -- 172.21.15.89:0/3099719592 shutdown_connections
2024-09-13T02:45:13.202 INFO:teuthology.orchestra.run.smithi089.stdout:/usr/bin/ceph: stderr
2024-09-13T02:45:12.642+0000 7f12be67a640 1 --2- 172.21.15.89:0/3099719592 >> [v2:172.21.15.89:3300/0,v1:172.21.15.89:6789/0] conn(0x7f12b8101fa0 0x7f12b8110df0 unknown :-1 s=CLOSED pgs=6 cs=0 l=1 rev1=1 crypto rx=0 tx=0 comp rx=0 tx=0).stop
2024-09-13T02:45:13.202 INFO:teuthology.orchestra.run.smithi089.stdout:/usr/bin/ceph: stderr
2024-09-13T02:45:12.642+0000 7f12be67a640 1 -- 172.21.15.89:0/3099719592 >> 172.21.15.89:0/3099719592 conn(0x7f12b80fd740 msgr2=0x7f12b80fe260 unknown :-1 s=STATE_NONE l=0).mark_down
2024-09-13T02:45:13.202 INFO:teuthology.orchestra.run.smithi089.stdout:/usr/bin/ceph: stderr
2024-09-13T02:45:12.643+0000 7f12be67a640 1 -- 172.21.15.89:0/3099719592 shutdown_connections
2024-09-13T02:45:13.202 INFO:teuthology.orchestra.run.smithi089.stdout:/usr/bin/ceph: stderr
2024-09-13T02:45:12.643+0000 7f12be67a640 1 -- 172.21.15.89:0/3099719592 wait complete.
2024-09-13T02:45:13.202 INFO:teuthology.orchestra.run.smithi089.stdout:mgr not available, waiting (1/15)...
2024-09-13T02:45:16.785 INFO:journalctl@ceph.mon.smithi089.smithi089.stdout:Sep 13 02:45:16 smithi089 ceph-mon[27639]: Activating manager daemon smithi089.guohvs
2024-09-13T02:45:16.785 INFO:journalctl@ceph.mon.smithi089.smithi089.stdout:Sep 13 02:45:16 smithi089 ceph-mon[27639]: mgrmap e2: smithi089.guohvs(active, starting, since 0.00305924s)
2024-09-13T02:45:16.785 INFO:journalctl@ceph.mon.smithi089.smithi089.stdout:Sep 13 02:45:16 smithi089 ceph-mon[27639]: from='mgr.14100 172.21.15.89:0/1929555316' entity='mgr.smithi089.guohvs' cmd=[{"prefix": "mds metadata"}]: dispatch
2024-09-13T02:45:16.785 INFO:journalctl@ceph.mon.smithi089.smithi089.stdout:Sep 13 02:45:16 smithi089 ceph-mon[27639]: from='mgr.14100 172.21.15.89:0/1929555316' entity='mgr.smithi089.guohvs' cmd=[{"prefix": "osd metadata"}]: dispatch
2024-09-13T02:45:16.785 INFO:journalctl@ceph.mon.smithi089.smithi089.stdout:Sep 13 02:45:16 smithi089 ceph-mon[27639]: from='mgr.14100 172.21.15.89:0/1929555316' entity='mgr.smithi089.guohvs' cmd=[{"prefix": "mon metadata"}]: dispatch
2024-09-13T02:45:16.785 INFO:journalctl@ceph.mon.smithi089.smithi089.stdout:Sep 13 02:45:16 smithi089 ceph-mon[27639]: from='mgr.14100 172.21.15.89:0/1929555316' entity='mgr.smithi089.guohvs' cmd=[{"prefix": "mon metadata", "id": "smithi089"}]: dispatch
2024-09-13T02:45:16.786 INFO:journalctl@ceph.mon.smithi089.smithi089.stdout:Sep 13 02:45:16 smithi089 ceph-mon[27639]: from='mgr.14100 172.21.15.89:0/1929555316' entity='mgr.smithi089.guohvs' cmd=[{"prefix": "mgr metadata", "who": "smithi089.guohvs", "id": "smithi089.guohvs"}]: dispatch
2024-09-13T02:45:16.786 INFO:journalctl@ceph.mon.smithi089.smithi089.stdout:Sep 13 02:45:16 smithi089 ceph-mon[27639]: Manager daemon smithi089.guohvs is now available
2024-09-13T02:45:16.786 INFO:journalctl@ceph.mon.smithi089.smithi089.stdout:Sep 13 02:45:16 smithi089 ceph-mon[27639]: from='mgr.14100 172.21.15.89:0/1929555316' entity='mgr.smithi089.guohvs' cmd=[{"prefix":"config rm","who":"mgr","name":"mgr/rbd_support/smithi089.guohvs/mirror_snapshot_schedule"}]: dispatch
2024-09-13T02:45:16.786 INFO:journalctl@ceph.mon.smithi089.smithi089.stdout:Sep 13 02:45:16 smithi089 ceph-mon[27639]: from='mgr.14100 172.21.15.89:0/1929555316' entity='mgr.smithi089.guohvs' cmd=[{"prefix":"config rm","who":"mgr","name":"mgr/rbd_support/smithi089.guohvs/trash_purge_schedule"}]: dispatch
2024-09-13T02:45:16.786 INFO:journalctl@ceph.mon.smithi089.smithi089.stdout:Sep 13 02:45:16 smithi089 ceph-mon[27639]: from='mgr.14100 172.21.15.89:0/1929555316' entity='mgr.smithi089.guohvs'
2024-09-13T02:45:16.786 INFO:journalctl@ceph.mon.smithi089.smithi089.stdout:Sep 13 02:45:16 smithi089 ceph-mon[27639]: from='mgr.14100 172.21.15.89:0/1929555316' entity='mgr.smithi089.guohvs'
2024-09-13T02:45:16.786 INFO:journalctl@ceph.mon.smithi089.smithi089.stdout:Sep 13 02:45:16 smithi089 ceph-mon[27639]: from='mgr.14100 172.21.15.89:0/1929555316' entity='mgr.smithi089.guohvs'
2024-09-13T02:45:18.785 INFO:journalctl@ceph.mon.smithi089.smithi089.stdout:Sep 13 02:45:18 smithi089 ceph-mon[27639]: mgrmap e3: smithi089.guohvs(active, since 1.00633s)
2024-09-13T02:45:18.785 INFO:journalctl@ceph.mon.smithi089.smithi089.stdout:Sep 13 02:45:18 smithi089 ceph-mon[27639]: from='client.? 172.21.15.89:0/3492185816' entity='client.admin' cmd=[{"prefix": "status", "format": "json-pretty"}]: dispatch
2024-09-13T02:45:19.785 INFO:journalctl@ceph.mon.smithi089.smithi089.stdout:Sep 13 02:45:19 smithi089 ceph-mon[27639]: mgrmap e4: smithi089.guohvs(active, since 2s)
2024-09-13T02:45:24.089 INFO:teuthology.orchestra.run.smithi089.stdout:/usr/bin/ceph: stdout
2024-09-13T02:45:24.089 INFO:teuthology.orchestra.run.smithi089.stdout:/usr/bin/ceph: stdout {
2024-09-13T02:45:24.089 INFO:teuthology.orchestra.run.smithi089.stdout:/usr/bin/ceph: stdout "fsid": "12cdb164-717a-11ef-bceb-c7b262605968",
2024-09-13T02:45:24.089 INFO:teuthology.orchestra.run.smithi089.stdout:/usr/bin/ceph: stdout "health": {
2024-09-13T02:45:24.089 INFO:teuthology.orchestra.run.smithi089.stdout:/usr/bin/ceph: stdout "status": "HEALTH_OK",
2024-09-13T02:45:24.089 INFO:teuthology.orchestra.run.smithi089.stdout:/usr/bin/ceph: stdout "checks": {},
2024-09-13T02:45:24.089 INFO:teuthology.orchestra.run.smithi089.stdout:/usr/bin/ceph: stdout "mutes": []
2024-09-13T02:45:24.090 INFO:teuthology.orchestra.run.smithi089.stdout:/usr/bin/ceph: stdout },
2024-09-13T02:45:24.090 INFO:teuthology.orchestra.run.smithi089.stdout:/usr/bin/ceph: stdout "election_epoch": 5,
2024-09-13T02:45:24.090 INFO:teuthology.orchestra.run.smithi089.stdout:/usr/bin/ceph: stdout "quorum": [
2024-09-13T02:45:24.090 INFO:teuthology.orchestra.run.smithi089.stdout:/usr/bin/ceph: stdout 0
2024-09-13T02:45:24.090 INFO:teuthology.orchestra.run.smithi089.stdout:/usr/bin/ceph: stdout ],
2024-09-13T02:45:24.090 INFO:teuthology.orchestra.run.smithi089.stdout:/usr/bin/ceph: stdout "quorum_names": [
2024-09-13T02:45:24.090 INFO:teuthology.orchestra.run.smithi089.stdout:/usr/bin/ceph: stdout "smithi089"
2024-09-13T02:45:24.090 INFO:teuthology.orchestra.run.smithi089.stdout:/usr/bin/ceph: stdout ],
2024-09-13T02:45:24.090 INFO:teuthology.orchestra.run.smithi089.stdout:/usr/bin/ceph: stdout "quorum_age": 7,
2024-09-13T02:45:24.090 INFO:teuthology.orchestra.run.smithi089.stdout:/usr/bin/ceph: stdout "monmap": {
2024-09-13T02:45:24.090 INFO:teuthology.orchestra.run.smithi089.stdout:/usr/bin/ceph: stdout "epoch": 1,
2024-09-13T02:45:24.090 INFO:teuthology.orchestra.run.smithi089.stdout:/usr/bin/ceph: stdout "min_mon_release_name": "quincy",
2024-09-13T02:45:24.090 INFO:teuthology.orchestra.run.smithi089.stdout:/usr/bin/ceph: stdout "num_mons": 1
2024-09-13T02:45:24.091 INFO:teuthology.orchestra.run.smithi089.stdout:/usr/bin/ceph: stdout },
2024-09-13T02:45:24.091 INFO:teuthology.orchestra.run.smithi089.stdout:/usr/bin/ceph: stdout "osdmap": {
2024-09-13T02:45:24.091 INFO:teuthology.orchestra.run.smithi089.stdout:/usr/bin/ceph: stdout "epoch": 1,
2024-09-13T02:45:24.091 INFO:teuthology.orchestra.run.smithi089.stdout:/usr/bin/ceph: stdout "num_osds": 0,
2024-09-13T02:45:24.091 INFO:teuthology.orchestra.run.smithi089.stdout:/usr/bin/ceph: stdout "num_up_osds": 0,
2024-09-13T02:45:24.091 INFO:teuthology.orchestra.run.smithi089.stdout:/usr/bin/ceph: stdout "osd_up_since": 0,
2024-09-13T02:45:24.091 INFO:teuthology.orchestra.run.smithi089.stdout:/usr/bin/ceph: stdout "num_in_osds": 0,
2024-09-13T02:45:24.091 INFO:teuthology.orchestra.run.smithi089.stdout:/usr/bin/ceph: stdout "osd_in_since": 0,
2024-09-13T02:45:24.091 INFO:teuthology.orchestra.run.smithi089.stdout:/usr/bin/ceph: stdout "num_remapped_pgs": 0
2024-09-13T02:45:24.091 INFO:teuthology.orchestra.run.smithi089.stdout:/usr/bin/ceph: stdout },
2024-09-13T02:45:24.091 INFO:teuthology.orchestra.run.smithi089.stdout:/usr/bin/ceph: stdout "pgmap": {
2024-09-13T02:45:24.091 INFO:teuthology.orchestra.run.smithi089.stdout:/usr/bin/ceph: stdout "pgs_by_state": [],
2024-09-13T02:45:24.091 INFO:teuthology.orchestra.run.smithi089.stdout:/usr/bin/ceph: stdout "num_pgs": 0,
2024-09-13T02:45:24.091 INFO:teuthology.orchestra.run.smithi089.stdout:/usr/bin/ceph: stdout "num_pools": 0,
2024-09-13T02:45:24.092 INFO:teuthology.orchestra.run.smithi089.stdout:/usr/bin/ceph: stdout "num_objects": 0,
2024-09-13T02:45:24.092 INFO:teuthology.orchestra.run.smithi089.stdout:/usr/bin/ceph: stdout "data_bytes": 0,
2024-09-13T02:45:24.092 INFO:teuthology.orchestra.run.smithi089.stdout:/usr/bin/ceph: stdout "bytes_used": 0,
2024-09-13T02:45:24.092 INFO:teuthology.orchestra.run.smithi089.stdout:/usr/bin/ceph: stdout "bytes_avail": 0,
2024-09-13T02:45:24.092 INFO:teuthology.orchestra.run.smithi089.stdout:/usr/bin/ceph: stdout "bytes_total": 0
2024-09-13T02:45:24.092 INFO:teuthology.orchestra.run.smithi089.stdout:/usr/bin/ceph: stdout },
2024-09-13T02:45:24.092 INFO:teuthology.orchestra.run.smithi089.stdout:/usr/bin/ceph: stdout "fsmap": {
2024-09-13T02:45:24.092 INFO:teuthology.orchestra.run.smithi089.stdout:/usr/bin/ceph: stdout "epoch": 1,
2024-09-13T02:45:24.092 INFO:teuthology.orchestra.run.smithi089.stdout:/usr/bin/ceph: stdout "by_rank": [],
2024-09-13T02:45:24.092 INFO:teuthology.orchestra.run.smithi089.stdout:/usr/bin/ceph: stdout "up:standby": 0
2024-09-13T02:45:24.092 INFO:teuthology.orchestra.run.smithi089.stdout:/usr/bin/ceph: stdout },
2024-09-13T02:45:24.092 INFO:teuthology.orchestra.run.smithi089.stdout:/usr/bin/ceph: stdout "mgrmap": {
2024-09-13T02:45:24.092 INFO:teuthology.orchestra.run.smithi089.stdout:/usr/bin/ceph: stdout "available": true,
2024-09-13T02:45:24.093 INFO:teuthology.orchestra.run.smithi089.stdout:/usr/bin/ceph: stdout "num_standbys": 0,
2024-09-13T02:45:24.093 INFO:teuthology.orchestra.run.smithi089.stdout:/usr/bin/ceph: stdout "modules": [
2024-09-13T02:45:24.093 INFO:teuthology.orchestra.run.smithi089.stdout:/usr/bin/ceph: stdout "iostat",
2024-09-13T02:45:24.093 INFO:teuthology.orchestra.run.smithi089.stdout:/usr/bin/ceph: stdout "nfs",
2024-09-13T02:45:24.093 INFO:teuthology.orchestra.run.smithi089.stdout:/usr/bin/ceph: stdout "restful"
2024-09-13T02:45:24.093 INFO:teuthology.orchestra.run.smithi089.stdout:/usr/bin/ceph: stdout ],
2024-09-13T02:45:24.093 INFO:teuthology.orchestra.run.smithi089.stdout:/usr/bin/ceph: stdout "services": {}
2024-09-13T02:45:24.093 INFO:teuthology.orchestra.run.smithi089.stdout:/usr/bin/ceph: stdout },
2024-09-13T02:45:24.093 INFO:teuthology.orchestra.run.smithi089.stdout:/usr/bin/ceph: stdout "servicemap": {
2024-09-13T02:45:24.093 INFO:teuthology.orchestra.run.smithi089.stdout:/usr/bin/ceph: stdout "epoch": 1,
2024-09-13T02:45:24.093 INFO:teuthology.orchestra.run.smithi089.stdout:/usr/bin/ceph: stdout "modified": "2024-09-13T02:45:05.519855+0000",
2024-09-13T02:45:24.093 INFO:teuthology.orchestra.run.smithi089.stdout:/usr/bin/ceph: stdout "services": {}
2024-09-13T02:45:24.093 INFO:teuthology.orchestra.run.smithi089.stdout:/usr/bin/ceph: stdout },
2024-09-13T02:45:24.094 INFO:teuthology.orchestra.run.smithi089.stdout:/usr/bin/ceph: stdout "progress_events": {}
2024-09-13T02:45:24.094 INFO:teuthology.orchestra.run.smithi089.stdout:/usr/bin/ceph: stdout }
2024-09-13T02:45:24.094 INFO:teuthology.orchestra.run.smithi089.stdout:/usr/bin/ceph: stderr
2024-09-13T02:45:17.413+0000 7f22e226d640 1 Processor -- start
2024-09-13T02:45:24.094 INFO:teuthology.orchestra.run.smithi089.stdout:/usr/bin/ceph: stderr
2024-09-13T02:45:17.414+0000 7f22e226d640 1 -- start start
2024-09-13T02:45:24.094 INFO:teuthology.orchestra.run.smithi089.stdout:/usr/bin/ceph: stderr
2024-09-13T02:45:17.414+0000 7f22e226d640 1 --2- >> [v2:172.21.15.89:3300/0,v1:172.21.15.89:6789/0] conn(0x7f22dc100e90 0x7f22dc1012a0 unknown :-1 s=NONE pgs=0 cs=0 l=0 rev1=0 crypto rx=0 tx=0 comp rx=0 tx=0).connect
2024-09-13T02:45:24.094 INFO:teuthology.orchestra.run.smithi089.stdout:/usr/bin/ceph: stderr
2024-09-13T02:45:17.414+0000 7f22e226d640 1 -- --> [v2:172.21.15.89:3300/0,v1:172.21.15.89:6789/0] -- mon_getmap magic: 0 v1 -- 0x7f22dc1017e0 con 0x7f22dc100e90
2024-09-13T02:45:24.094 INFO:teuthology.orchestra.run.smithi089.stdout:/usr/bin/ceph: stderr
2024-09-13T02:45:17.414+0000 7f22dbfff640 1 --2- >> [v2:172.21.15.89:3300/0,v1:172.21.15.89:6789/0] conn(0x7f22dc100e90 0x7f22dc1012a0 unknown :-1 s=BANNER_CONNECTING pgs=0 cs=0 l=0 rev1=0 crypto rx=0 tx=0 comp rx=0 tx=0)._handle_peer_banner_payload supported=3 required=0
2024-09-13T02:45:24.094 INFO:teuthology.orchestra.run.smithi089.stdout:/usr/bin/ceph: stderr
2024-09-13T02:45:17.414+0000 7f22dbfff640 1 --2- >> [v2:172.21.15.89:3300/0,v1:172.21.15.89:6789/0] conn(0x7f22dc100e90 0x7f22dc1012a0 unknown :-1 s=HELLO_CONNECTING pgs=0 cs=0 l=0 rev1=1 crypto rx=0 tx=0 comp rx=0 tx=0).handle_hello peer v2:172.21.15.89:3300/0 says I am v2:172.21.15.89:40388/0 (socket says 172.21.15.89:40388)
2024-09-13T02:45:24.094 INFO:teuthology.orchestra.run.smithi089.stdout:/usr/bin/ceph: stderr
2024-09-13T02:45:17.414+0000 7f22dbfff640 1 -- 172.21.15.89:0/3698287882 learned_addr learned my addr 172.21.15.89:0/3698287882 (peer_addr_for_me v2:172.21.15.89:0/0)
2024-09-13T02:45:24.094 INFO:teuthology.orchestra.run.smithi089.stdout:/usr/bin/ceph: stderr
2024-09-13T02:45:17.414+0000 7f22dbfff640 1 -- 172.21.15.89:0/3698287882 --> [v2:172.21.15.89:3300/0,v1:172.21.15.89:6789/0] -- mon_subscribe({config=0+,monmap=0+}) v3 -- 0x7f22dc101920 con 0x7f22dc100e90
2024-09-13T02:45:24.094 INFO:teuthology.orchestra.run.smithi089.stdout:/usr/bin/ceph: stderr
2024-09-13T02:45:17.415+0000 7f22dbfff640 1 --2- 172.21.15.89:0/3698287882 >> [v2:172.21.15.89:3300/0,v1:172.21.15.89:6789/0] conn(0x7f22dc100e90 0x7f22dc1012a0 secure :-1 s=READY pgs=14 cs=0 l=1 rev1=1 crypto rx=0x7f22cc009840 tx=0x7f22cc0091d0 comp rx=0 tx=0).ready entity=mon.0 client_cookie=71d91c1302219384 server_cookie=0 in_seq=0 out_seq=0
2024-09-13T02:45:24.094 INFO:teuthology.orchestra.run.smithi089.stdout:/usr/bin/ceph: stderr
2024-09-13T02:45:17.415+0000 7f22daffd640 1 -- 172.21.15.89:0/3698287882 <== mon.0 v2:172.21.15.89:3300/0 1 ==== mon_map magic: 0 v1 ==== 229+0+0 (secure 0 0 0) 0x7f22cc032440 con 0x7f22dc100e90
2024-09-13T02:45:24.094 INFO:teuthology.orchestra.run.smithi089.stdout:/usr/bin/ceph: stderr
2024-09-13T02:45:17.415+0000 7f22daffd640 1 -- 172.21.15.89:0/3698287882 <== mon.0 v2:172.21.15.89:3300/0 2 ==== config(26 keys) v1 ==== 1005+0+0 (secure 0 0 0) 0x7f22cc032a00 con 0x7f22dc100e90
2024-09-13T02:45:24.095 INFO:teuthology.orchestra.run.smithi089.stdout:/usr/bin/ceph: stderr
2024-09-13T02:45:17.415+0000 7f22daffd640 1 -- 172.21.15.89:0/3698287882 <== mon.0 v2:172.21.15.89:3300/0 3 ==== mon_map magic: 0 v1 ==== 229+0+0 (secure 0 0 0) 0x7f22cc031a10 con 0x7f22dc100e90
2024-09-13T02:45:24.095 INFO:teuthology.orchestra.run.smithi089.stdout:/usr/bin/ceph: stderr
2024-09-13T02:45:17.416+0000 7f22e226d640 1 -- 172.21.15.89:0/3698287882 >> [v2:172.21.15.89:3300/0,v1:172.21.15.89:6789/0] conn(0x7f22dc100e90 msgr2=0x7f22dc1012a0 secure :-1 s=STATE_CONNECTION_ESTABLISHED l=1).mark_down
2024-09-13T02:45:24.095 INFO:teuthology.orchestra.run.smithi089.stdout:/usr/bin/ceph: stderr
2024-09-13T02:45:17.416+0000 7f22e226d640 1 --2- 172.21.15.89:0/3698287882 >> [v2:172.21.15.89:3300/0,v1:172.21.15.89:6789/0] conn(0x7f22dc100e90 0x7f22dc1012a0 secure :-1 s=READY pgs=14 cs=0 l=1 rev1=1 crypto rx=0x7f22cc009840 tx=0x7f22cc0091d0 comp rx=0 tx=0).stop
2024-09-13T02:45:24.095 INFO:teuthology.orchestra.run.smithi089.stdout:/usr/bin/ceph: stderr
2024-09-13T02:45:17.416+0000 7f22e226d640 1 -- 172.21.15.89:0/3698287882 shutdown_connections
2024-09-13T02:45:24.095 INFO:teuthology.orchestra.run.smithi089.stdout:/usr/bin/ceph: stderr
2024-09-13T02:45:17.416+0000 7f22e226d640 1 --2- 172.21.15.89:0/3698287882 >> [v2:172.21.15.89:3300/0,v1:172.21.15.89:6789/0] conn(0x7f22dc100e90 0x7f22dc1012a0 unknown :-1 s=CLOSED pgs=14 cs=0 l=1 rev1=1 crypto rx=0 tx=0 comp rx=0 tx=0).stop
2024-09-13T02:45:24.095 INFO:teuthology.orchestra.run.smithi089.stdout:/usr/bin/ceph: stderr
2024-09-13T02:45:17.416+0000 7f22e226d640 1 -- 172.21.15.89:0/3698287882 >> 172.21.15.89:0/3698287882 conn(0x7f22dc0fc6d0 msgr2=0x7f22dc0feb20 unknown :-1 s=STATE_NONE l=0).mark_down
2024-09-13T02:45:24.095 INFO:teuthology.orchestra.run.smithi089.stdout:/usr/bin/ceph: stderr
2024-09-13T02:45:17.416+0000 7f22e226d640 1 -- 172.21.15.89:0/3698287882 shutdown_connections
2024-09-13T02:45:24.095 INFO:teuthology.orchestra.run.smithi089.stdout:/usr/bin/ceph: stderr
2024-09-13T02:45:17.416+0000 7f22e226d640 1 -- 172.21.15.89:0/3698287882 wait complete.
2024-09-13T02:45:24.095 INFO:teuthology.orchestra.run.smithi089.stdout:/usr/bin/ceph: stderr
2024-09-13T02:45:17.416+0000 7f22e226d640 1 Processor -- start
2024-09-13T02:45:24.095 INFO:teuthology.orchestra.run.smithi089.stdout:/usr/bin/ceph: stderr
2024-09-13T02:45:17.416+0000 7f22e226d640 1 -- start start
2024-09-13T02:45:24.095 INFO:teuthology.orchestra.run.smithi089.stdout:/usr/bin/ceph: stderr
2024-09-13T02:45:17.417+0000 7f22e226d640 1 --2- >> [v2:172.21.15.89:3300/0,v1:172.21.15.89:6789/0] conn(0x7f22dc100e90 0x7f22dc076ae0 unknown :-1 s=NONE pgs=0 cs=0 l=1 rev1=0 crypto rx=0 tx=0 comp rx=0 tx=0).connect
2024-09-13T02:45:24.095 INFO:teuthology.orchestra.run.smithi089.stdout:/usr/bin/ceph: stderr
2024-09-13T02:45:17.417+0000 7f22e226d640 1 -- --> [v2:172.21.15.89:3300/0,v1:172.21.15.89:6789/0] -- mon_getmap magic: 0 v1 -- 0x7f22dc113a80 con 0x7f22dc100e90
2024-09-13T02:45:24.095 INFO:teuthology.orchestra.run.smithi089.stdout:/usr/bin/ceph: stderr
2024-09-13T02:45:17.417+0000 7f22dbfff640 1 --2- >> [v2:172.21.15.89:3300/0,v1:172.21.15.89:6789/0] conn(0x7f22dc100e90 0x7f22dc076ae0 unknown :-1 s=BANNER_CONNECTING pgs=0 cs=0 l=1 rev1=0 crypto rx=0 tx=0 comp rx=0 tx=0)._handle_peer_banner_payload supported=3 required=0
2024-09-13T02:45:24.096 INFO:teuthology.orchestra.run.smithi089.stdout:/usr/bin/ceph: stderr
2024-09-13T02:45:17.417+0000 7f22dbfff640 1 --2- >> [v2:172.21.15.89:3300/0,v1:172.21.15.89:6789/0] conn(0x7f22dc100e90 0x7f22dc076ae0 unknown :-1 s=HELLO_CONNECTING pgs=0 cs=0 l=1 rev1=1 crypto rx=0 tx=0 comp rx=0 tx=0).handle_hello peer v2:172.21.15.89:3300/0 says I am v2:172.21.15.89:40396/0 (socket says 172.21.15.89:40396)
2024-09-13T02:45:24.096 INFO:teuthology.orchestra.run.smithi089.stdout:/usr/bin/ceph: stderr
2024-09-13T02:45:17.417+0000 7f22dbfff640 1 -- 172.21.15.89:0/3492185816 learned_addr learned my addr 172.21.15.89:0/3492185816 (peer_addr_for_me v2:172.21.15.89:0/0)
2024-09-13T02:45:24.096 INFO:teuthology.orchestra.run.smithi089.stdout:/usr/bin/ceph: stderr
2024-09-13T02:45:17.417+0000 7f22dbfff640 1 -- 172.21.15.89:0/3492185816 --> [v2:172.21.15.89:3300/0,v1:172.21.15.89:6789/0] -- mon_subscribe({config=0+,monmap=0+}) v3 -- 0x7f22cc009450 con 0x7f22dc100e90
2024-09-13T02:45:24.096 INFO:teuthology.orchestra.run.smithi089.stdout:/usr/bin/ceph: stderr
2024-09-13T02:45:17.417+0000 7f22dbfff640 1 --2- 172.21.15.89:0/3492185816 >> [v2:172.21.15.89:3300/0,v1:172.21.15.89:6789/0] conn(0x7f22dc100e90 0x7f22dc076ae0 secure :-1 s=READY pgs=15 cs=0 l=1 rev1=1 crypto rx=0x7f22cc0098a0 tx=0x7f22cc02c040 comp rx=0 tx=0).ready entity=mon.0 client_cookie=0 server_cookie=0 in_seq=0 out_seq=0
2024-09-13T02:45:24.096 INFO:teuthology.orchestra.run.smithi089.stdout:/usr/bin/ceph: stderr
2024-09-13T02:45:17.417+0000 7f22d8ff9640 1 -- 172.21.15.89:0/3492185816 <== mon.0 v2:172.21.15.89:3300/0 1 ==== mon_map magic: 0 v1 ==== 229+0+0 (secure 0 0 0) 0x7f22cc0327b0 con 0x7f22dc100e90
2024-09-13T02:45:24.096 INFO:teuthology.orchestra.run.smithi089.stdout:/usr/bin/ceph: stderr
2024-09-13T02:45:17.417+0000 7f22d8ff9640 1 -- 172.21.15.89:0/3492185816 <== mon.0 v2:172.21.15.89:3300/0 2 ==== config(26 keys) v1 ==== 1005+0+0 (secure 0 0 0) 0x7f22cc03b870 con 0x7f22dc100e90
2024-09-13T02:45:24.096 INFO:teuthology.orchestra.run.smithi089.stdout:/usr/bin/ceph: stderr
2024-09-13T02:45:17.417+0000 7f22e226d640 1 -- 172.21.15.89:0/3492185816 --> [v2:172.21.15.89:3300/0,v1:172.21.15.89:6789/0] -- mon_subscribe({mgrmap=0+}) v3 -- 0x7f22dc113bc0 con 0x7f22dc100e90
2024-09-13T02:45:24.096 INFO:teuthology.orchestra.run.smithi089.stdout:/usr/bin/ceph: stderr
2024-09-13T02:45:17.417+0000 7f22d8ff9640 1 -- 172.21.15.89:0/3492185816 <== mon.0 v2:172.21.15.89:3300/0 3 ==== mon_map magic: 0 v1 ==== 229+0+0 (secure 0 0 0) 0x7f22cc03a550 con 0x7f22dc100e90
2024-09-13T02:45:24.096 INFO:teuthology.orchestra.run.smithi089.stdout:/usr/bin/ceph: stderr
2024-09-13T02:45:17.417+0000 7f22e226d640 1 -- 172.21.15.89:0/3492185816 --> [v2:172.21.15.89:3300/0,v1:172.21.15.89:6789/0] -- mon_subscribe({osdmap=0}) v3 -- 0x7f22dc113fd0 con 0x7f22dc100e90
2024-09-13T02:45:24.096 INFO:teuthology.orchestra.run.smithi089.stdout:/usr/bin/ceph: stderr
2024-09-13T02:45:17.418+0000 7f22d8ff9640 1 -- 172.21.15.89:0/3492185816 <== mon.0 v2:172.21.15.89:3300/0 4 ==== mgrmap(e 3) v1 ==== 45390+0+0 (secure 0 0 0) 0x7f22cc039040 con 0x7f22dc100e90
2024-09-13T02:45:24.096 INFO:teuthology.orchestra.run.smithi089.stdout:/usr/bin/ceph: stderr
2024-09-13T02:45:17.418+0000 7f22d8ff9640 1 --2- 172.21.15.89:0/3492185816 >> [v2:172.21.15.89:6800/3982028315,v1:172.21.15.89:6801/3982028315] conn(0x7f22c4039330 0x7f22c403b7e0 unknown :-1 s=NONE pgs=0 cs=0 l=1 rev1=0 crypto rx=0 tx=0 comp rx=0 tx=0).connect
2024-09-13T02:45:24.096 INFO:teuthology.orchestra.run.smithi089.stdout:/usr/bin/ceph: stderr
2024-09-13T02:45:17.418+0000 7f22e226d640 1 -- 172.21.15.89:0/3492185816 --> [v2:172.21.15.89:3300/0,v1:172.21.15.89:6789/0] -- mon_command({"prefix": "get_command_descriptions"} v 0) v1 -- 0x7f22dc04b720 con 0x7f22dc100e90
2024-09-13T02:45:24.096 INFO:teuthology.orchestra.run.smithi089.stdout:/usr/bin/ceph: stderr
2024-09-13T02:45:17.419+0000 7f22d8ff9640 1 -- 172.21.15.89:0/3492185816 <== mon.0 v2:172.21.15.89:3300/0 5 ==== osd_map(1..1 src has 1..1) v4 ==== 721+0+0 (secure 0 0 0) 0x7f22cc06c6d0 con 0x7f22dc100e90
2024-09-13T02:45:24.097 INFO:teuthology.orchestra.run.smithi089.stdout:/usr/bin/ceph: stderr
2024-09-13T02:45:17.419+0000 7f22db7fe640 1 --2- 172.21.15.89:0/3492185816 >> [v2:172.21.15.89:6800/3982028315,v1:172.21.15.89:6801/3982028315] conn(0x7f22c4039330 0x7f22c403b7e0 unknown :-1 s=BANNER_CONNECTING pgs=0 cs=0 l=1 rev1=0 crypto rx=0 tx=0 comp rx=0 tx=0)._handle_peer_banner_payload supported=3 required=0
2024-09-13T02:45:24.097 INFO:teuthology.orchestra.run.smithi089.stdout:/usr/bin/ceph: stderr
2024-09-13T02:45:17.419+0000 7f22db7fe640 1 --2- 172.21.15.89:0/3492185816 >> [v2:172.21.15.89:6800/3982028315,v1:172.21.15.89:6801/3982028315] conn(0x7f22c4039330 0x7f22c403b7e0 secure :-1 s=READY pgs=6 cs=0 l=1 rev1=1 crypto rx=0x7f22d0006fd0 tx=0x7f22d0006db0 comp rx=0 tx=0).ready entity=mgr.14100 client_cookie=0 server_cookie=0 in_seq=0 out_seq=0
2024-09-13T02:45:24.097 INFO:teuthology.orchestra.run.smithi089.stdout:/usr/bin/ceph: stderr
2024-09-13T02:45:17.423+0000 7f22d8ff9640 1 -- 172.21.15.89:0/3492185816 <== mon.0 v2:172.21.15.89:3300/0 6 ==== mon_command_ack([{"prefix": "get_command_descriptions"}]=0 v0) v1 ==== 72+0+176781 (secure 0 0 0) 0x7f22cc04c350 con 0x7f22dc100e90
2024-09-13T02:45:24.097 INFO:teuthology.orchestra.run.smithi089.stdout:/usr/bin/ceph: stderr
2024-09-13T02:45:17.641+0000 7f22e226d640 1 -- 172.21.15.89:0/3492185816 --> [v2:172.21.15.89:3300/0,v1:172.21.15.89:6789/0] -- mon_command({"prefix": "status", "format": "json-pretty"} v 0) v1 -- 0x7f22dc114220 con 0x7f22dc100e90
2024-09-13T02:45:24.097 INFO:teuthology.orchestra.run.smithi089.stdout:/usr/bin/ceph: stderr
2024-09-13T02:45:17.641+0000 7f22d8ff9640 1 -- 172.21.15.89:0/3492185816 <== mon.0 v2:172.21.15.89:3300/0 7 ==== mon_command_ack([{"prefix": "status", "format": "json-pretty"}]=0 v0) v1 ==== 79+0+1247 (secure 0 0 0) 0x7f22cc03f020 con 0x7f22dc100e90
2024-09-13T02:45:24.097 INFO:teuthology.orchestra.run.smithi089.stdout:/usr/bin/ceph: stderr
2024-09-13T02:45:17.643+0000 7f22e226d640 1 -- 172.21.15.89:0/3492185816 >> [v2:172.21.15.89:6800/3982028315,v1:172.21.15.89:6801/3982028315] conn(0x7f22c4039330 msgr2=0x7f22c403b7e0 secure :-1 s=STATE_CONNECTION_ESTABLISHED l=1).mark_down
2024-09-13T02:45:24.097 INFO:teuthology.orchestra.run.smithi089.stdout:/usr/bin/ceph: stderr
2024-09-13T02:45:17.643+0000 7f22e226d640 1 --2- 172.21.15.89:0/3492185816 >> [v2:172.21.15.89:6800/3982028315,v1:172.21.15.89:6801/3982028315] conn(0x7f22c4039330 0x7f22c403b7e0 secure :-1 s=READY pgs=6 cs=0 l=1 rev1=1 crypto rx=0x7f22d0006fd0 tx=0x7f22d0006db0 comp rx=0 tx=0).stop
2024-09-13T02:45:24.097 INFO:teuthology.orchestra.run.smithi089.stdout:/usr/bin/ceph: stderr
2024-09-13T02:45:17.643+0000 7f22e226d640 1 -- 172.21.15.89:0/3492185816 >> [v2:172.21.15.89:3300/0,v1:172.21.15.89:6789/0] conn(0x7f22dc100e90 msgr2=0x7f22dc076ae0 secure :-1 s=STATE_CONNECTION_ESTABLISHED l=1).mark_down
2024-09-13T02:45:24.097 INFO:teuthology.orchestra.run.smithi089.stdout:/usr/bin/ceph: stderr
2024-09-13T02:45:17.643+0000 7f22e226d640 1 --2- 172.21.15.89:0/3492185816 >> [v2:172.21.15.89:3300/0,v1:172.21.15.89:6789/0] conn(0x7f22dc100e90 0x7f22dc076ae0 secure :-1 s=READY pgs=15 cs=0 l=1 rev1=1 crypto rx=0x7f22cc0098a0 tx=0x7f22cc02c040 comp rx=0 tx=0).stop
2024-09-13T02:45:24.097 INFO:teuthology.orchestra.run.smithi089.stdout:/usr/bin/ceph: stderr
2024-09-13T02:45:17.643+0000 7f22e226d640 1 -- 172.21.15.89:0/3492185816 shutdown_connections
2024-09-13T02:45:24.097 INFO:teuthology.orchestra.run.smithi089.stdout:/usr/bin/ceph: stderr
2024-09-13T02:45:17.643+0000 7f22e226d640 1 --2- 172.21.15.89:0/3492185816 >> [v2:172.21.15.89:6800/3982028315,v1:172.21.15.89:6801/3982028315] conn(0x7f22c4039330 0x7f22c403b7e0 unknown :-1 s=CLOSED pgs=6 cs=0 l=1 rev1=1 crypto rx=0 tx=0 comp rx=0 tx=0).stop
2024-09-13T02:45:24.097 INFO:teuthology.orchestra.run.smithi089.stdout:/usr/bin/ceph: stderr
2024-09-13T02:45:17.643+0000 7f22e226d640 1 --2- 172.21.15.89:0/3492185816 >> [v2:172.21.15.89:3300/0,v1:172.21.15.89:6789/0] conn(0x7f22dc100e90 0x7f22dc076ae0 unknown :-1 s=CLOSED pgs=15 cs=0 l=1 rev1=1 crypto rx=0 tx=0 comp rx=0 tx=0).stop
2024-09-13T02:45:24.097 INFO:teuthology.orchestra.run.smithi089.stdout:/usr/bin/ceph: stderr
2024-09-13T02:45:17.643+0000 7f22e226d640 1 -- 172.21.15.89:0/3492185816 >> 172.21.15.89:0/3492185816 conn(0x7f22dc0fc6d0 msgr2=0x7f22dc0fd2f0 unknown :-1 s=STATE_NONE l=0).mark_down
2024-09-13T02:45:24.098 INFO:teuthology.orchestra.run.smithi089.stdout:/usr/bin/ceph: stderr
2024-09-13T02:45:17.643+0000 7f22e226d640 1 -- 172.21.15.89:0/3492185816 shutdown_connections
2024-09-13T02:45:24.098 INFO:teuthology.orchestra.run.smithi089.stdout:/usr/bin/ceph: stderr
2024-09-13T02:45:17.643+0000 7f22e226d640 1 -- 172.21.15.89:0/3492185816 wait complete.
2024-09-13T02:45:24.098 INFO:teuthology.orchestra.run.smithi089.stdout:mgr is available
2024-09-13T02:45:27.400 INFO:journalctl@ceph.mon.smithi089.smithi089.stdout:Sep 13 02:45:27 smithi089 ceph-mon[27639]: from='client.? 172.21.15.89:0/3604903205' entity='client.admin' cmd=[{"prefix": "config assimilate-conf"}]: dispatch
2024-09-13T02:45:27.660 INFO:teuthology.orchestra.run.smithi089.stdout:/usr/bin/ceph: stdout
2024-09-13T02:45:27.660 INFO:teuthology.orchestra.run.smithi089.stdout:/usr/bin/ceph: stdout [global]
2024-09-13T02:45:27.660 INFO:teuthology.orchestra.run.smithi089.stdout:/usr/bin/ceph: stdout fsid = 12cdb164-717a-11ef-bceb-c7b262605968
2024-09-13T02:45:27.660 INFO:teuthology.orchestra.run.smithi089.stdout:/usr/bin/ceph: stdout mon_cluster_log_file_level = debug
2024-09-13T02:45:27.660 INFO:teuthology.orchestra.run.smithi089.stdout:/usr/bin/ceph: stdout mon_osd_allow_pg_remap = true
2024-09-13T02:45:27.660 INFO:teuthology.orchestra.run.smithi089.stdout:/usr/bin/ceph: stdout mon_osd_allow_primary_affinity = true
2024-09-13T02:45:27.660 INFO:teuthology.orchestra.run.smithi089.stdout:/usr/bin/ceph: stdout mon_warn_on_no_sortbitwise = false
2024-09-13T02:45:27.660 INFO:teuthology.orchestra.run.smithi089.stdout:/usr/bin/ceph: stdout osd_crush_chooseleaf_type = 0
2024-09-13T02:45:27.660 INFO:teuthology.orchestra.run.smithi089.stdout:/usr/bin/ceph: stdout
2024-09-13T02:45:27.661 INFO:teuthology.orchestra.run.smithi089.stdout:/usr/bin/ceph: stdout [mgr]
2024-09-13T02:45:27.661 INFO:teuthology.orchestra.run.smithi089.stdout:/usr/bin/ceph: stdout mgr/telemetry/nag = false
2024-09-13T02:45:27.661 INFO:teuthology.orchestra.run.smithi089.stdout:/usr/bin/ceph: stdout
2024-09-13T02:45:27.661 INFO:teuthology.orchestra.run.smithi089.stdout:/usr/bin/ceph: stdout [osd]
2024-09-13T02:45:27.661 INFO:teuthology.orchestra.run.smithi089.stdout:/usr/bin/ceph: stdout mon_osd_backfillfull_ratio = 0.85
2024-09-13T02:45:27.661 INFO:teuthology.orchestra.run.smithi089.stdout:/usr/bin/ceph: stdout mon_osd_full_ratio = 0.9
2024-09-13T02:45:27.661 INFO:teuthology.orchestra.run.smithi089.stdout:/usr/bin/ceph: stdout mon_osd_nearfull_ratio = 0.8
2024-09-13T02:45:27.661 INFO:teuthology.orchestra.run.smithi089.stdout:/usr/bin/ceph: stdout osd_map_max_advance = 10
2024-09-13T02:45:27.661 INFO:teuthology.orchestra.run.smithi089.stdout:/usr/bin/ceph: stdout osd_sloppy_crc = true
2024-09-13T02:45:27.661 INFO:teuthology.orchestra.run.smithi089.stdout:/usr/bin/ceph: stderr
2024-09-13T02:45:26.929+0000 7f2d73510640 1 Processor -- start
2024-09-13T02:45:27.661 INFO:teuthology.orchestra.run.smithi089.stdout:/usr/bin/ceph: stderr
2024-09-13T02:45:26.930+0000 7f2d73510640 1 -- start start
2024-09-13T02:45:27.661 INFO:teuthology.orchestra.run.smithi089.stdout:/usr/bin/ceph: stderr
2024-09-13T02:45:26.930+0000 7f2d73510640 1 --2- >> [v2:172.21.15.89:3300/0,v1:172.21.15.89:6789/0] conn(0x7f2d6c100f30 0x7f2d6c101340 unknown :-1 s=NONE pgs=0 cs=0 l=0 rev1=0 crypto rx=0 tx=0 comp rx=0 tx=0).connect
2024-09-13T02:45:27.661 INFO:teuthology.orchestra.run.smithi089.stdout:/usr/bin/ceph: stderr
2024-09-13T02:45:26.930+0000 7f2d73510640 1 -- --> [v2:172.21.15.89:3300/0,v1:172.21.15.89:6789/0] -- mon_getmap magic: 0 v1 -- 0x7f2d6c101880 con 0x7f2d6c100f30
2024-09-13T02:45:27.662 INFO:teuthology.orchestra.run.smithi089.stdout:/usr/bin/ceph: stderr
2024-09-13T02:45:26.930+0000 7f2d712ac640 1 --2- >> [v2:172.21.15.89:3300/0,v1:172.21.15.89:6789/0] conn(0x7f2d6c100f30 0x7f2d6c101340 unknown :-1 s=BANNER_CONNECTING pgs=0 cs=0 l=0 rev1=0 crypto rx=0 tx=0 comp rx=0 tx=0)._handle_peer_banner_payload supported=3 required=0
2024-09-13T02:45:27.662 INFO:teuthology.orchestra.run.smithi089.stdout:/usr/bin/ceph: stderr
2024-09-13T02:45:26.930+0000 7f2d712ac640 1 --2- >> [v2:172.21.15.89:3300/0,v1:172.21.15.89:6789/0] conn(0x7f2d6c100f30 0x7f2d6c101340 unknown :-1 s=HELLO_CONNECTING pgs=0 cs=0 l=0 rev1=1 crypto rx=0 tx=0 comp rx=0 tx=0).handle_hello peer v2:172.21.15.89:3300/0 says I am v2:172.21.15.89:49042/0 (socket says 172.21.15.89:49042)
2024-09-13T02:45:27.662 INFO:teuthology.orchestra.run.smithi089.stdout:/usr/bin/ceph: stderr
2024-09-13T02:45:26.930+0000 7f2d712ac640 1 -- 172.21.15.89:0/1148294691 learned_addr learned my addr 172.21.15.89:0/1148294691 (peer_addr_for_me v2:172.21.15.89:0/0)
2024-09-13T02:45:27.662 INFO:teuthology.orchestra.run.smithi089.stdout:/usr/bin/ceph: stderr
2024-09-13T02:45:26.931+0000 7f2d712ac640 1 -- 172.21.15.89:0/1148294691 --> [v2:172.21.15.89:3300/0,v1:172.21.15.89:6789/0] -- mon_subscribe({config=0+,monmap=0+}) v3 -- 0x7f2d6c1019c0 con 0x7f2d6c100f30
2024-09-13T02:45:27.662 INFO:teuthology.orchestra.run.smithi089.stdout:/usr/bin/ceph: stderr
2024-09-13T02:45:26.931+0000 7f2d712ac640 1 --2- 172.21.15.89:0/1148294691 >> [v2:172.21.15.89:3300/0,v1:172.21.15.89:6789/0] conn(0x7f2d6c100f30 0x7f2d6c101340 secure :-1 s=READY pgs=16 cs=0 l=1 rev1=1 crypto rx=0x7f2d68009840 tx=0x7f2d680091d0 comp rx=0 tx=0).ready entity=mon.0 client_cookie=4ec999176f9e9eb5 server_cookie=0 in_seq=0 out_seq=0
2024-09-13T02:45:27.662 INFO:teuthology.orchestra.run.smithi089.stdout:/usr/bin/ceph: stderr
2024-09-13T02:45:26.932+0000 7f2d63fff640 1 -- 172.21.15.89:0/1148294691 <== mon.0 v2:172.21.15.89:3300/0 1 ==== mon_map magic: 0 v1 ==== 229+0+0 (secure 0 0 0) 0x7f2d68032440 con 0x7f2d6c100f30
2024-09-13T02:45:27.662 INFO:teuthology.orchestra.run.smithi089.stdout:/usr/bin/ceph: stderr
2024-09-13T02:45:26.932+0000 7f2d63fff640 1 -- 172.21.15.89:0/1148294691 <== mon.0 v2:172.21.15.89:3300/0 2 ==== config(26 keys) v1 ==== 1005+0+0 (secure 0 0 0) 0x7f2d68032a00 con 0x7f2d6c100f30
2024-09-13T02:45:27.662 INFO:teuthology.orchestra.run.smithi089.stdout:/usr/bin/ceph: stderr
2024-09-13T02:45:26.932+0000 7f2d63fff640 1 -- 172.21.15.89:0/1148294691 <== mon.0 v2:172.21.15.89:3300/0 3 ==== mon_map magic: 0 v1 ==== 229+0+0 (secure 0 0 0) 0x7f2d680319e0 con 0x7f2d6c100f30
2024-09-13T02:45:27.662 INFO:teuthology.orchestra.run.smithi089.stdout:/usr/bin/ceph: stderr
2024-09-13T02:45:26.932+0000 7f2d73510640 1 -- 172.21.15.89:0/1148294691 >> [v2:172.21.15.89:3300/0,v1:172.21.15.89:6789/0] conn(0x7f2d6c100f30 msgr2=0x7f2d6c101340 secure :-1 s=STATE_CONNECTION_ESTABLISHED l=1).mark_down
2024-09-13T02:45:27.662 INFO:teuthology.orchestra.run.smithi089.stdout:/usr/bin/ceph: stderr
2024-09-13T02:45:26.932+0000 7f2d73510640 1 --2- 172.21.15.89:0/1148294691 >> [v2:172.21.15.89:3300/0,v1:172.21.15.89:6789/0] conn(0x7f2d6c100f30 0x7f2d6c101340 secure :-1 s=READY pgs=16 cs=0 l=1 rev1=1 crypto rx=0x7f2d68009840 tx=0x7f2d680091d0 comp rx=0 tx=0).stop
2024-09-13T02:45:27.662 INFO:teuthology.orchestra.run.smithi089.stdout:/usr/bin/ceph: stderr
2024-09-13T02:45:26.932+0000 7f2d73510640 1 -- 172.21.15.89:0/1148294691 shutdown_connections
2024-09-13T02:45:27.662 INFO:teuthology.orchestra.run.smithi089.stdout:/usr/bin/ceph: stderr
2024-09-13T02:45:26.932+0000 7f2d73510640 1 --2- 172.21.15.89:0/1148294691 >> [v2:172.21.15.89:3300/0,v1:172.21.15.89:6789/0] conn(0x7f2d6c100f30 0x7f2d6c101340 unknown :-1 s=CLOSED pgs=16 cs=0 l=1 rev1=1 crypto rx=0 tx=0 comp rx=0 tx=0).stop
2024-09-13T02:45:27.662 INFO:teuthology.orchestra.run.smithi089.stdout:/usr/bin/ceph: stderr
2024-09-13T02:45:26.932+0000 7f2d73510640 1 -- 172.21.15.89:0/1148294691 >> 172.21.15.89:0/1148294691 conn(0x7f2d6c0fc730 msgr2=0x7f2d6c0feb40 unknown :-1 s=STATE_NONE l=0).mark_down
2024-09-13T02:45:27.663 INFO:teuthology.orchestra.run.smithi089.stdout:/usr/bin/ceph: stderr
2024-09-13T02:45:26.932+0000 7f2d73510640 1 -- 172.21.15.89:0/1148294691 shutdown_connections
2024-09-13T02:45:27.663 INFO:teuthology.orchestra.run.smithi089.stdout:/usr/bin/ceph: stderr
2024-09-13T02:45:26.932+0000 7f2d73510640 1 -- 172.21.15.89:0/1148294691 wait complete.
2024-09-13T02:45:27.663 INFO:teuthology.orchestra.run.smithi089.stdout:/usr/bin/ceph: stderr
2024-09-13T02:45:26.933+0000 7f2d73510640 1 Processor -- start
2024-09-13T02:45:27.663 INFO:teuthology.orchestra.run.smithi089.stdout:/usr/bin/ceph: stderr
2024-09-13T02:45:26.933+0000 7f2d73510640 1 -- start start
2024-09-13T02:45:27.663 INFO:teuthology.orchestra.run.smithi089.stdout:/usr/bin/ceph: stderr
2024-09-13T02:45:26.933+0000 7f2d73510640 1 --2- >> [v2:172.21.15.89:3300/0,v1:172.21.15.89:6789/0] conn(0x7f2d6c100f30 0x7f2d6c1070a0 unknown :-1 s=NONE pgs=0 cs=0 l=1 rev1=0 crypto rx=0 tx=0 comp rx=0 tx=0).connect
2024-09-13T02:45:27.663 INFO:teuthology.orchestra.run.smithi089.stdout:/usr/bin/ceph: stderr
2024-09-13T02:45:26.933+0000 7f2d73510640 1 -- --> [v2:172.21.15.89:3300/0,v1:172.21.15.89:6789/0] -- mon_getmap magic: 0 v1 -- 0x7f2d6c1075e0 con 0x7f2d6c100f30
2024-09-13T02:45:27.663 INFO:teuthology.orchestra.run.smithi089.stdout:/usr/bin/ceph: stderr
2024-09-13T02:45:26.933+0000 7f2d712ac640 1 --2- >> [v2:172.21.15.89:3300/0,v1:172.21.15.89:6789/0] conn(0x7f2d6c100f30 0x7f2d6c1070a0 unknown :-1 s=BANNER_CONNECTING pgs=0 cs=0 l=1 rev1=0 crypto rx=0 tx=0 comp rx=0 tx=0)._handle_peer_banner_payload supported=3 required=0
2024-09-13T02:45:27.663 INFO:teuthology.orchestra.run.smithi089.stdout:/usr/bin/ceph: stderr
2024-09-13T02:45:26.933+0000 7f2d712ac640 1 --2- >> [v2:172.21.15.89:3300/0,v1:172.21.15.89:6789/0] conn(0x7f2d6c100f30 0x7f2d6c1070a0 unknown :-1 s=HELLO_CONNECTING pgs=0 cs=0 l=1 rev1=1 crypto rx=0 tx=0 comp rx=0 tx=0).handle_hello peer v2:172.21.15.89:3300/0 says I am v2:172.21.15.89:49044/0 (socket says 172.21.15.89:49044)
2024-09-13T02:45:27.663 INFO:teuthology.orchestra.run.smithi089.stdout:/usr/bin/ceph: stderr
2024-09-13T02:45:26.933+0000 7f2d712ac640 1 -- 172.21.15.89:0/3604903205 learned_addr learned my addr 172.21.15.89:0/3604903205 (peer_addr_for_me v2:172.21.15.89:0/0)
2024-09-13T02:45:27.663 INFO:teuthology.orchestra.run.smithi089.stdout:/usr/bin/ceph: stderr
2024-09-13T02:45:26.933+0000 7f2d712ac640 1 -- 172.21.15.89:0/3604903205 --> [v2:172.21.15.89:3300/0,v1:172.21.15.89:6789/0] -- mon_subscribe({config=0+,monmap=0+}) v3 -- 0x7f2d68009450 con 0x7f2d6c100f30
2024-09-13T02:45:27.663 INFO:teuthology.orchestra.run.smithi089.stdout:/usr/bin/ceph: stderr
2024-09-13T02:45:26.934+0000 7f2d712ac640 1 --2- 172.21.15.89:0/3604903205 >> [v2:172.21.15.89:3300/0,v1:172.21.15.89:6789/0] conn(0x7f2d6c100f30 0x7f2d6c1070a0 secure :-1 s=READY pgs=17 cs=0 l=1 rev1=1 crypto rx=0x7f2d680098a0 tx=0x7f2d68008040 comp rx=0 tx=0).ready entity=mon.0 client_cookie=0 server_cookie=0 in_seq=0 out_seq=0
2024-09-13T02:45:27.663 INFO:teuthology.orchestra.run.smithi089.stdout:/usr/bin/ceph: stderr
2024-09-13T02:45:26.934+0000 7f2d61ffb640 1 -- 172.21.15.89:0/3604903205 <== mon.0 v2:172.21.15.89:3300/0 1 ==== mon_map magic: 0 v1 ==== 229+0+0 (secure 0 0 0) 0x7f2d68032880 con 0x7f2d6c100f30
2024-09-13T02:45:27.663 INFO:teuthology.orchestra.run.smithi089.stdout:/usr/bin/ceph: stderr
2024-09-13T02:45:26.934+0000 7f2d61ffb640 1 -- 172.21.15.89:0/3604903205 <== mon.0 v2:172.21.15.89:3300/0 2 ==== config(26 keys) v1 ==== 1005+0+0 (secure 0 0 0) 0x7f2d6803d8b0 con 0x7f2d6c100f30
2024-09-13T02:45:27.664 INFO:teuthology.orchestra.run.smithi089.stdout:/usr/bin/ceph: stderr
2024-09-13T02:45:26.934+0000 7f2d73510640 1 -- 172.21.15.89:0/3604903205 --> [v2:172.21.15.89:3300/0,v1:172.21.15.89:6789/0] -- mon_subscribe({mgrmap=0+}) v3 -- 0x7f2d6c105670 con 0x7f2d6c100f30
2024-09-13T02:45:27.664 INFO:teuthology.orchestra.run.smithi089.stdout:/usr/bin/ceph: stderr
2024-09-13T02:45:26.934+0000 7f2d61ffb640 1 -- 172.21.15.89:0/3604903205 <== mon.0 v2:172.21.15.89:3300/0 3 ==== mon_map magic: 0 v1 ==== 229+0+0 (secure 0 0 0) 0x7f2d6803b910 con 0x7f2d6c100f30
2024-09-13T02:45:27.664 INFO:teuthology.orchestra.run.smithi089.stdout:/usr/bin/ceph: stderr
2024-09-13T02:45:26.934+0000 7f2d73510640 1 -- 172.21.15.89:0/3604903205 --> [v2:172.21.15.89:3300/0,v1:172.21.15.89:6789/0] -- mon_subscribe({osdmap=0}) v3 -- 0x7f2d6c105ae0 con 0x7f2d6c100f30
2024-09-13T02:45:27.664 INFO:teuthology.orchestra.run.smithi089.stdout:/usr/bin/ceph: stderr
2024-09-13T02:45:26.935+0000 7f2d61ffb640 1 -- 172.21.15.89:0/3604903205 <== mon.0 v2:172.21.15.89:3300/0 4 ==== mgrmap(e 4) v1 ==== 45496+0+0 (secure 0 0 0) 0x7f2d68039070 con 0x7f2d6c100f30
2024-09-13T02:45:27.664 INFO:teuthology.orchestra.run.smithi089.stdout:/usr/bin/ceph: stderr
2024-09-13T02:45:26.935+0000 7f2d61ffb640 1 --2- 172.21.15.89:0/3604903205 >> [v2:172.21.15.89:6800/3982028315,v1:172.21.15.89:6801/3982028315] conn(0x7f2d58039490 0x7f2d5803b940 unknown :-1 s=NONE pgs=0 cs=0 l=1 rev1=0 crypto rx=0 tx=0 comp rx=0 tx=0).connect
2024-09-13T02:45:27.664 INFO:teuthology.orchestra.run.smithi089.stdout:/usr/bin/ceph: stderr
2024-09-13T02:45:26.935+0000 7f2d61ffb640 1 -- 172.21.15.89:0/3604903205 <== mon.0 v2:172.21.15.89:3300/0 5 ==== osd_map(1..1 src has 1..1) v4 ==== 721+0+0 (secure 0 0 0) 0x7f2d6806d070 con 0x7f2d6c100f30
2024-09-13T02:45:27.664 INFO:teuthology.orchestra.run.smithi089.stdout:/usr/bin/ceph: stderr
2024-09-13T02:45:26.935+0000 7f2d73510640 1 -- 172.21.15.89:0/3604903205 --> [v2:172.21.15.89:3300/0,v1:172.21.15.89:6789/0] -- mon_command({"prefix": "get_command_descriptions"} v 0) v1 -- 0x7f2d6c04b720 con 0x7f2d6c100f30
2024-09-13T02:45:27.664 INFO:teuthology.orchestra.run.smithi089.stdout:/usr/bin/ceph: stderr
2024-09-13T02:45:26.935+0000 7f2d70aab640 1 --2- 172.21.15.89:0/3604903205 >> [v2:172.21.15.89:6800/3982028315,v1:172.21.15.89:6801/3982028315] conn(0x7f2d58039490 0x7f2d5803b940 unknown :-1 s=BANNER_CONNECTING pgs=0 cs=0 l=1 rev1=0 crypto rx=0 tx=0 comp rx=0 tx=0)._handle_peer_banner_payload supported=3 required=0
2024-09-13T02:45:27.664 INFO:teuthology.orchestra.run.smithi089.stdout:/usr/bin/ceph: stderr
2024-09-13T02:45:26.936+0000 7f2d70aab640 1 --2- 172.21.15.89:0/3604903205 >> [v2:172.21.15.89:6800/3982028315,v1:172.21.15.89:6801/3982028315] conn(0x7f2d58039490 0x7f2d5803b940 secure :-1 s=READY pgs=7 cs=0 l=1 rev1=1 crypto rx=0x7f2d5c006fd0 tx=0x7f2d5c006db0 comp rx=0 tx=0).ready entity=mgr.14100 client_cookie=0 server_cookie=0 in_seq=0 out_seq=0
2024-09-13T02:45:27.664 INFO:teuthology.orchestra.run.smithi089.stdout:/usr/bin/ceph: stderr
2024-09-13T02:45:26.940+0000 7f2d61ffb640 1 -- 172.21.15.89:0/3604903205 <== mon.0 v2:172.21.15.89:3300/0 6 ==== mon_command_ack([{"prefix": "get_command_descriptions"}]=0 v0) v1 ==== 72+0+176781 (secure 0 0 0) 0x7f2d68041070 con 0x7f2d6c100f30
2024-09-13T02:45:27.664 INFO:teuthology.orchestra.run.smithi089.stdout:/usr/bin/ceph: stderr
2024-09-13T02:45:27.095+0000 7f2d73510640 1 -- 172.21.15.89:0/3604903205 --> [v2:172.21.15.89:3300/0,v1:172.21.15.89:6789/0] -- mon_command({"prefix": "config assimilate-conf"} v 0) v1 -- 0x7f2d6c102bf0 con 0x7f2d6c100f30
2024-09-13T02:45:27.664 INFO:teuthology.orchestra.run.smithi089.stdout:/usr/bin/ceph: stderr
2024-09-13T02:45:27.096+0000 7f2d61ffb640 1 -- 172.21.15.89:0/3604903205 <== mon.0 v2:172.21.15.89:3300/0 7 ==== mon_command_ack([{"prefix": "config assimilate-conf"}]=0 v3) v1 ==== 70+0+409 (secure 0 0 0) 0x7f2d68037030 con 0x7f2d6c100f30
2024-09-13T02:45:27.665 INFO:teuthology.orchestra.run.smithi089.stdout:/usr/bin/ceph: stderr
2024-09-13T02:45:27.098+0000 7f2d73510640 1 -- 172.21.15.89:0/3604903205 >> [v2:172.21.15.89:6800/3982028315,v1:172.21.15.89:6801/3982028315] conn(0x7f2d58039490 msgr2=0x7f2d5803b940 secure :-1 s=STATE_CONNECTION_ESTABLISHED l=1).mark_down
2024-09-13T02:45:27.665 INFO:teuthology.orchestra.run.smithi089.stdout:/usr/bin/ceph: stderr
2024-09-13T02:45:27.098+0000 7f2d73510640 1 --2- 172.21.15.89:0/3604903205 >> [v2:172.21.15.89:6800/3982028315,v1:172.21.15.89:6801/3982028315] conn(0x7f2d58039490 0x7f2d5803b940 secure :-1 s=READY pgs=7 cs=0 l=1 rev1=1 crypto rx=0x7f2d5c006fd0 tx=0x7f2d5c006db0 comp rx=0 tx=0).stop
2024-09-13T02:45:27.665 INFO:teuthology.orchestra.run.smithi089.stdout:/usr/bin/ceph: stderr
2024-09-13T02:45:27.098+0000 7f2d73510640 1 -- 172.21.15.89:0/3604903205 >> [v2:172.21.15.89:3300/0,v1:172.21.15.89:6789/0] conn(0x7f2d6c100f30 msgr2=0x7f2d6c1070a0 secure :-1 s=STATE_CONNECTION_ESTABLISHED l=1).mark_down
2024-09-13T02:45:27.665 INFO:teuthology.orchestra.run.smithi089.stdout:/usr/bin/ceph: stderr
2024-09-13T02:45:27.098+0000 7f2d73510640 1 --2- 172.21.15.89:0/3604903205 >> [v2:172.21.15.89:3300/0,v1:172.21.15.89:6789/0] conn(0x7f2d6c100f30 0x7f2d6c1070a0 secure :-1 s=READY pgs=17 cs=0 l=1 rev1=1 crypto rx=0x7f2d680098a0 tx=0x7f2d68008040 comp rx=0 tx=0).stop
2024-09-13T02:45:27.665 INFO:teuthology.orchestra.run.smithi089.stdout:/usr/bin/ceph: stderr
2024-09-13T02:45:27.098+0000 7f2d73510640 1 -- 172.21.15.89:0/3604903205 shutdown_connections
2024-09-13T02:45:27.665 INFO:teuthology.orchestra.run.smithi089.stdout:/usr/bin/ceph: stderr
2024-09-13T02:45:27.098+0000 7f2d73510640 1 --2- 172.21.15.89:0/3604903205 >> [v2:172.21.15.89:6800/3982028315,v1:172.21.15.89:6801/3982028315] conn(0x7f2d58039490 0x7f2d5803b940 unknown :-1 s=CLOSED pgs=7 cs=0 l=1 rev1=1 crypto rx=0 tx=0 comp rx=0 tx=0).stop
2024-09-13T02:45:27.665 INFO:teuthology.orchestra.run.smithi089.stdout:/usr/bin/ceph: stderr
2024-09-13T02:45:27.098+0000 7f2d73510640 1 --2- 172.21.15.89:0/3604903205 >> [v2:172.21.15.89:3300/0,v1:172.21.15.89:6789/0] conn(0x7f2d6c100f30 0x7f2d6c1070a0 unknown :-1 s=CLOSED pgs=17 cs=0 l=1 rev1=1 crypto rx=0 tx=0 comp rx=0 tx=0).stop
2024-09-13T02:45:27.665 INFO:teuthology.orchestra.run.smithi089.stdout:/usr/bin/ceph: stderr
2024-09-13T02:45:27.098+0000 7f2d73510640 1 -- 172.21.15.89:0/3604903205 >> 172.21.15.89:0/3604903205 conn(0x7f2d6c0fc730 msgr2=0x7f2d6c0fd310 unknown :-1 s=STATE_NONE l=0).mark_down
2024-09-13T02:45:27.665 INFO:teuthology.orchestra.run.smithi089.stdout:/usr/bin/ceph: stderr
2024-09-13T02:45:27.098+0000 7f2d73510640 1 -- 172.21.15.89:0/3604903205 shutdown_connections
2024-09-13T02:45:27.665 INFO:teuthology.orchestra.run.smithi089.stdout:/usr/bin/ceph: stderr
2024-09-13T02:45:27.098+0000 7f2d73510640 1 -- 172.21.15.89:0/3604903205 wait complete.
2024-09-13T02:45:27.665 INFO:teuthology.orchestra.run.smithi089.stdout:Enabling cephadm module...
2024-09-13T02:45:28.534 INFO:journalctl@ceph.mon.smithi089.smithi089.stdout:Sep 13 02:45:28 smithi089 ceph-mon[27639]: from='client.? 172.21.15.89:0/1597049412' entity='client.admin' cmd=[{"prefix": "mgr module enable", "module": "cephadm"}]: dispatch
2024-09-13T02:45:28.899 INFO:teuthology.orchestra.run.smithi089.stdout:/usr/bin/ceph: stderr
2024-09-13T02:45:28.025+0000 7fda7bea8640 1 Processor -- start
