2024-09-13T21:31:34.372 INFO:teuthology.orchestra.run.smithi088.stdout:/usr/bin/ceph: stderr
2024-09-13T21:31:33.703+0000 7f1972199700 1 -- 172.21.15.88:0/1881135934 >> [v2:172.21.15.88:6800/2,v1:172.21.15.88:6801/2] conn(0x7f1954038320 msgr2=0x7f195403a7d0 secure :-1 s=STATE_CONNECTION_ESTABLISHED l=1).mark_down
2024-09-13T21:31:34.372 INFO:teuthology.orchestra.run.smithi088.stdout:/usr/bin/ceph: stderr
2024-09-13T21:31:33.703+0000 7f1972199700 1 --2- 172.21.15.88:0/1881135934 >> [v2:172.21.15.88:6800/2,v1:172.21.15.88:6801/2] conn(0x7f1954038320 0x7f195403a7d0 secure :-1 s=READY pgs=7 cs=0 l=1 rev1=1 crypto rx=0x7f1960006fd0 tx=0x7f1960006e40 comp rx=0 tx=0).stop
2024-09-13T21:31:34.372 INFO:teuthology.orchestra.run.smithi088.stdout:/usr/bin/ceph: stderr
2024-09-13T21:31:33.703+0000 7f1972199700 1 -- 172.21.15.88:0/1881135934 >> [v2:172.21.15.88:3300/0,v1:172.21.15.88:6789/0] conn(0x7f196c19bab0 msgr2=0x7f196c19bec0 secure :-1 s=STATE_CONNECTION_ESTABLISHED l=1).mark_down
2024-09-13T21:31:34.372 INFO:teuthology.orchestra.run.smithi088.stdout:/usr/bin/ceph: stderr
2024-09-13T21:31:33.703+0000 7f1972199700 1 --2- 172.21.15.88:0/1881135934 >> [v2:172.21.15.88:3300/0,v1:172.21.15.88:6789/0] conn(0x7f196c19bab0 0x7f196c19bec0 secure :-1 s=READY pgs=36 cs=0 l=1 rev1=1 crypto rx=0x7f195c000c00 tx=0x7f195c011ab0 comp rx=0 tx=0).stop
2024-09-13T21:31:34.372 INFO:teuthology.orchestra.run.smithi088.stdout:/usr/bin/ceph: stderr
2024-09-13T21:31:33.703+0000 7f1972199700 1 -- 172.21.15.88:0/1881135934 shutdown_connections
2024-09-13T21:31:34.373 INFO:teuthology.orchestra.run.smithi088.stdout:/usr/bin/ceph: stderr
2024-09-13T21:31:33.703+0000 7f1972199700 1 --2- 172.21.15.88:0/1881135934 >> [v2:172.21.15.88:6800/2,v1:172.21.15.88:6801/2] conn(0x7f1954038320 0x7f195403a7d0 unknown :-1 s=CLOSED pgs=7 cs=0 l=1 rev1=1 crypto rx=0 tx=0 comp rx=0 tx=0).stop
2024-09-13T21:31:34.373 INFO:teuthology.orchestra.run.smithi088.stdout:/usr/bin/ceph: stderr
2024-09-13T21:31:33.703+0000 7f1972199700 1 --2- 172.21.15.88:0/1881135934 >> [v2:172.21.15.88:3300/0,v1:172.21.15.88:6789/0] conn(0x7f196c19bab0 0x7f196c19bec0 unknown :-1 s=CLOSED pgs=36 cs=0 l=1 rev1=1 crypto rx=0 tx=0 comp rx=0 tx=0).stop
2024-09-13T21:31:34.373 INFO:teuthology.orchestra.run.smithi088.stdout:/usr/bin/ceph: stderr
2024-09-13T21:31:33.703+0000 7f1972199700 1 -- 172.21.15.88:0/1881135934 >> 172.21.15.88:0/1881135934 conn(0x7f196c100130 msgr2=0x7f196c100f10 unknown :-1 s=STATE_NONE l=0).mark_down
2024-09-13T21:31:34.373 INFO:teuthology.orchestra.run.smithi088.stdout:/usr/bin/ceph: stderr
2024-09-13T21:31:33.703+0000 7f1972199700 1 -- 172.21.15.88:0/1881135934 shutdown_connections
2024-09-13T21:31:34.373 INFO:teuthology.orchestra.run.smithi088.stdout:/usr/bin/ceph: stderr
2024-09-13T21:31:33.703+0000 7f1972199700 1 -- 172.21.15.88:0/1881135934 wait complete.
2024-09-13T21:31:34.983 INFO:journalctl@ceph.mon.smithi088.smithi088.stdout:Sep 13 21:31:34 smithi088 ceph-mon[27963]: from='client.14130 -' entity='client.admin' cmd=[{"prefix": "orch set backend", "module_name": "cephadm", "target": ["mon-mgr", ""]}]: dispatch
2024-09-13T21:31:34.983 INFO:journalctl@ceph.mon.smithi088.smithi088.stdout:Sep 13 21:31:34 smithi088 ceph-mon[27963]: mgrmap e8: smithi088.scyrwy(active, since 2s)
2024-09-13T21:31:34.983 INFO:journalctl@ceph.mon.smithi088.smithi088.stdout:Sep 13 21:31:34 smithi088 ceph-mon[27963]: from='mgr.14118 172.21.15.88:0/2' entity='mgr.smithi088.scyrwy' cmd=[{"prefix": "config dump", "format": "json"}]: dispatch
2024-09-13T21:31:35.608 INFO:teuthology.orchestra.run.smithi088.stdout:/usr/bin/ceph: stdout value unchanged
2024-09-13T21:31:35.608 INFO:teuthology.orchestra.run.smithi088.stdout:/usr/bin/ceph: stderr
2024-09-13T21:31:34.803+0000 7f7fa573d700 1 Processor -- start
2024-09-13T21:31:35.608 INFO:teuthology.orchestra.run.smithi088.stdout:/usr/bin/ceph: stderr
2024-09-13T21:31:34.803+0000 7f7fa573d700 1 -- start start
2024-09-13T21:31:35.608 INFO:teuthology.orchestra.run.smithi088.stdout:/usr/bin/ceph: stderr
2024-09-13T21:31:34.803+0000 7f7fa573d700 1 --2- >> [v2:172.21.15.88:3300/0,v1:172.21.15.88:6789/0] conn(0x7f7fa0106730 0x7f7fa0108b10 unknown :-1 s=NONE pgs=0 cs=0 l=0 rev1=0 crypto rx=0 tx=0 comp rx=0 tx=0).connect
2024-09-13T21:31:35.608 INFO:teuthology.orchestra.run.smithi088.stdout:/usr/bin/ceph: stderr
2024-09-13T21:31:34.803+0000 7f7fa573d700 1 -- --> [v2:172.21.15.88:3300/0,v1:172.21.15.88:6789/0] -- mon_getmap magic: 0 v1 -- 0x7f7fa0079d60 con 0x7f7fa0106730
2024-09-13T21:31:35.608 INFO:teuthology.orchestra.run.smithi088.stdout:/usr/bin/ceph: stderr
2024-09-13T21:31:34.803+0000 7f7f9effd700 1 --2- >> [v2:172.21.15.88:3300/0,v1:172.21.15.88:6789/0] conn(0x7f7fa0106730 0x7f7fa0108b10 unknown :-1 s=BANNER_CONNECTING pgs=0 cs=0 l=0 rev1=0 crypto rx=0 tx=0 comp rx=0 tx=0)._handle_peer_banner_payload supported=3 required=0
2024-09-13T21:31:35.608 INFO:teuthology.orchestra.run.smithi088.stdout:/usr/bin/ceph: stderr
2024-09-13T21:31:34.803+0000 7f7f9effd700 1 --2- >> [v2:172.21.15.88:3300/0,v1:172.21.15.88:6789/0] conn(0x7f7fa0106730 0x7f7fa0108b10 unknown :-1 s=HELLO_CONNECTING pgs=0 cs=0 l=0 rev1=1 crypto rx=0 tx=0 comp rx=0 tx=0).handle_hello peer v2:172.21.15.88:3300/0 says I am v2:172.21.15.88:47554/0 (socket says 172.21.15.88:47554)
2024-09-13T21:31:35.608 INFO:teuthology.orchestra.run.smithi088.stdout:/usr/bin/ceph: stderr
2024-09-13T21:31:34.803+0000 7f7f9effd700 1 -- 172.21.15.88:0/2369945074 learned_addr learned my addr 172.21.15.88:0/2369945074 (peer_addr_for_me v2:172.21.15.88:0/0)
2024-09-13T21:31:35.608 INFO:teuthology.orchestra.run.smithi088.stdout:/usr/bin/ceph: stderr
2024-09-13T21:31:34.804+0000 7f7f9effd700 1 -- 172.21.15.88:0/2369945074 --> [v2:172.21.15.88:3300/0,v1:172.21.15.88:6789/0] -- mon_subscribe({config=0+,monmap=0+}) v3 -- 0x7f7fa0079ea0 con 0x7f7fa0106730
2024-09-13T21:31:35.608 INFO:teuthology.orchestra.run.smithi088.stdout:/usr/bin/ceph: stderr
2024-09-13T21:31:34.804+0000 7f7f9effd700 1 --2- 172.21.15.88:0/2369945074 >> [v2:172.21.15.88:3300/0,v1:172.21.15.88:6789/0] conn(0x7f7fa0106730 0x7f7fa0108b10 secure :-1 s=READY pgs=37 cs=0 l=1 rev1=1 crypto rx=0x7f7f900098a0 tx=0x7f7f90009bb0 comp rx=0 tx=0).ready entity=mon.0 client_cookie=9bee948e28fe482f server_cookie=0 in_seq=0 out_seq=0
2024-09-13T21:31:35.609 INFO:teuthology.orchestra.run.smithi088.stdout:/usr/bin/ceph: stderr
2024-09-13T21:31:34.805+0000 7f7f9dffb700 1 -- 172.21.15.88:0/2369945074 <== mon.0 v2:172.21.15.88:3300/0 1 ==== mon_map magic: 0 v1 ==== 229+0+0 (secure 0 0 0) 0x7f7f90004180 con 0x7f7fa0106730
2024-09-13T21:31:35.609 INFO:teuthology.orchestra.run.smithi088.stdout:/usr/bin/ceph: stderr
2024-09-13T21:31:34.805+0000 7f7f9dffb700 1 -- 172.21.15.88:0/2369945074 <== mon.0 v2:172.21.15.88:3300/0 2 ==== config(27 keys) v1 ==== 1037+0+0 (secure 0 0 0) 0x7f7f900042e0 con 0x7f7fa0106730
2024-09-13T21:31:35.609 INFO:teuthology.orchestra.run.smithi088.stdout:/usr/bin/ceph: stderr
2024-09-13T21:31:34.805+0000 7f7f9dffb700 1 -- 172.21.15.88:0/2369945074 <== mon.0 v2:172.21.15.88:3300/0 3 ==== mon_map magic: 0 v1 ==== 229+0+0 (secure 0 0 0) 0x7f7f90011a50 con 0x7f7fa0106730
2024-09-13T21:31:35.609 INFO:teuthology.orchestra.run.smithi088.stdout:/usr/bin/ceph: stderr
2024-09-13T21:31:34.806+0000 7f7fa573d700 1 -- 172.21.15.88:0/2369945074 >> [v2:172.21.15.88:3300/0,v1:172.21.15.88:6789/0] conn(0x7f7fa0106730 msgr2=0x7f7fa0108b10 secure :-1 s=STATE_CONNECTION_ESTABLISHED l=1).mark_down
2024-09-13T21:31:35.609 INFO:teuthology.orchestra.run.smithi088.stdout:/usr/bin/ceph: stderr
2024-09-13T21:31:34.806+0000 7f7fa573d700 1 --2- 172.21.15.88:0/2369945074 >> [v2:172.21.15.88:3300/0,v1:172.21.15.88:6789/0] conn(0x7f7fa0106730 0x7f7fa0108b10 secure :-1 s=READY pgs=37 cs=0 l=1 rev1=1 crypto rx=0x7f7f900098a0 tx=0x7f7f90009bb0 comp rx=0 tx=0).stop
2024-09-13T21:31:35.609 INFO:teuthology.orchestra.run.smithi088.stdout:/usr/bin/ceph: stderr
2024-09-13T21:31:34.806+0000 7f7fa573d700 1 -- 172.21.15.88:0/2369945074 shutdown_connections
2024-09-13T21:31:35.609 INFO:teuthology.orchestra.run.smithi088.stdout:/usr/bin/ceph: stderr
2024-09-13T21:31:34.806+0000 7f7fa573d700 1 --2- 172.21.15.88:0/2369945074 >> [v2:172.21.15.88:3300/0,v1:172.21.15.88:6789/0] conn(0x7f7fa0106730 0x7f7fa0108b10 unknown :-1 s=CLOSED pgs=37 cs=0 l=1 rev1=1 crypto rx=0 tx=0 comp rx=0 tx=0).stop
2024-09-13T21:31:35.609 INFO:teuthology.orchestra.run.smithi088.stdout:/usr/bin/ceph: stderr
2024-09-13T21:31:34.806+0000 7f7fa573d700 1 -- 172.21.15.88:0/2369945074 >> 172.21.15.88:0/2369945074 conn(0x7f7fa0100130 msgr2=0x7f7fa0102560 unknown :-1 s=STATE_NONE l=0).mark_down
2024-09-13T21:31:35.609 INFO:teuthology.orchestra.run.smithi088.stdout:/usr/bin/ceph: stderr
2024-09-13T21:31:34.806+0000 7f7fa573d700 1 -- 172.21.15.88:0/2369945074 shutdown_connections
2024-09-13T21:31:35.609 INFO:teuthology.orchestra.run.smithi088.stdout:/usr/bin/ceph: stderr
2024-09-13T21:31:34.806+0000 7f7fa573d700 1 -- 172.21.15.88:0/2369945074 wait complete.
2024-09-13T21:31:35.610 INFO:teuthology.orchestra.run.smithi088.stdout:/usr/bin/ceph: stderr
2024-09-13T21:31:34.806+0000 7f7fa573d700 1 Processor -- start
2024-09-13T21:31:35.610 INFO:teuthology.orchestra.run.smithi088.stdout:/usr/bin/ceph: stderr
2024-09-13T21:31:34.807+0000 7f7fa573d700 1 -- start start
2024-09-13T21:31:35.610 INFO:teuthology.orchestra.run.smithi088.stdout:/usr/bin/ceph: stderr
2024-09-13T21:31:34.807+0000 7f7fa573d700 1 --2- >> [v2:172.21.15.88:3300/0,v1:172.21.15.88:6789/0] conn(0x7f7fa0106730 0x7f7fa0106090 unknown :-1 s=NONE pgs=0 cs=0 l=1 rev1=0 crypto rx=0 tx=0 comp rx=0 tx=0).connect
2024-09-13T21:31:35.610 INFO:teuthology.orchestra.run.smithi088.stdout:/usr/bin/ceph: stderr
2024-09-13T21:31:34.807+0000 7f7fa573d700 1 -- --> [v2:172.21.15.88:3300/0,v1:172.21.15.88:6789/0] -- mon_getmap magic: 0 v1 -- 0x7f7fa01065d0 con 0x7f7fa0106730
2024-09-13T21:31:35.610 INFO:teuthology.orchestra.run.smithi088.stdout:/usr/bin/ceph: stderr
2024-09-13T21:31:34.807+0000 7f7f9effd700 1 --2- >> [v2:172.21.15.88:3300/0,v1:172.21.15.88:6789/0] conn(0x7f7fa0106730 0x7f7fa0106090 unknown :-1 s=BANNER_CONNECTING pgs=0 cs=0 l=1 rev1=0 crypto rx=0 tx=0 comp rx=0 tx=0)._handle_peer_banner_payload supported=3 required=0
2024-09-13T21:31:35.610 INFO:teuthology.orchestra.run.smithi088.stdout:/usr/bin/ceph: stderr
2024-09-13T21:31:34.807+0000 7f7f9effd700 1 --2- >> [v2:172.21.15.88:3300/0,v1:172.21.15.88:6789/0] conn(0x7f7fa0106730 0x7f7fa0106090 unknown :-1 s=HELLO_CONNECTING pgs=0 cs=0 l=1 rev1=1 crypto rx=0 tx=0 comp rx=0 tx=0).handle_hello peer v2:172.21.15.88:3300/0 says I am v2:172.21.15.88:47560/0 (socket says 172.21.15.88:47560)
2024-09-13T21:31:35.610 INFO:teuthology.orchestra.run.smithi088.stdout:/usr/bin/ceph: stderr
2024-09-13T21:31:34.807+0000 7f7f9effd700 1 -- 172.21.15.88:0/2008035963 learned_addr learned my addr 172.21.15.88:0/2008035963 (peer_addr_for_me v2:172.21.15.88:0/0)
2024-09-13T21:31:35.610 INFO:teuthology.orchestra.run.smithi088.stdout:/usr/bin/ceph: stderr
2024-09-13T21:31:34.807+0000 7f7f9effd700 1 -- 172.21.15.88:0/2008035963 --> [v2:172.21.15.88:3300/0,v1:172.21.15.88:6789/0] -- mon_subscribe({config=0+,monmap=0+}) v3 -- 0x7f7f90009550 con 0x7f7fa0106730
2024-09-13T21:31:35.610 INFO:teuthology.orchestra.run.smithi088.stdout:/usr/bin/ceph: stderr
2024-09-13T21:31:34.807+0000 7f7f9effd700 1 --2- 172.21.15.88:0/2008035963 >> [v2:172.21.15.88:3300/0,v1:172.21.15.88:6789/0] conn(0x7f7fa0106730 0x7f7fa0106090 secure :-1 s=READY pgs=38 cs=0 l=1 rev1=1 crypto rx=0x7f7f90006af0 tx=0x7f7f90011a90 comp rx=0 tx=0).ready entity=mon.0 client_cookie=0 server_cookie=0 in_seq=0 out_seq=0
2024-09-13T21:31:35.610 INFO:teuthology.orchestra.run.smithi088.stdout:/usr/bin/ceph: stderr
2024-09-13T21:31:34.807+0000 7f7f87fff700 1 -- 172.21.15.88:0/2008035963 <== mon.0 v2:172.21.15.88:3300/0 1 ==== mon_map magic: 0 v1 ==== 229+0+0 (secure 0 0 0) 0x7f7f90003b90 con 0x7f7fa0106730
2024-09-13T21:31:35.610 INFO:teuthology.orchestra.run.smithi088.stdout:/usr/bin/ceph: stderr
2024-09-13T21:31:34.807+0000 7f7fa573d700 1 -- 172.21.15.88:0/2008035963 --> [v2:172.21.15.88:3300/0,v1:172.21.15.88:6789/0] -- mon_subscribe({mgrmap=0+}) v3 -- 0x7f7fa0104740 con 0x7f7fa0106730
2024-09-13T21:31:35.610 INFO:teuthology.orchestra.run.smithi088.stdout:/usr/bin/ceph: stderr
2024-09-13T21:31:34.807+0000 7f7f87fff700 1 -- 172.21.15.88:0/2008035963 <== mon.0 v2:172.21.15.88:3300/0 2 ==== config(27 keys) v1 ==== 1037+0+0 (secure 0 0 0) 0x7f7f9001a8a0 con 0x7f7fa0106730
2024-09-13T21:31:35.611 INFO:teuthology.orchestra.run.smithi088.stdout:/usr/bin/ceph: stderr
2024-09-13T21:31:34.807+0000 7f7f87fff700 1 -- 172.21.15.88:0/2008035963 <== mon.0 v2:172.21.15.88:3300/0 3 ==== mon_map magic: 0 v1 ==== 229+0+0 (secure 0 0 0) 0x7f7f90019880 con 0x7f7fa0106730
2024-09-13T21:31:35.611 INFO:teuthology.orchestra.run.smithi088.stdout:/usr/bin/ceph: stderr
2024-09-13T21:31:34.808+0000 7f7fa573d700 1 -- 172.21.15.88:0/2008035963 --> [v2:172.21.15.88:3300/0,v1:172.21.15.88:6789/0] -- mon_subscribe({osdmap=0}) v3 -- 0x7f7fa0104bc0 con 0x7f7fa0106730
2024-09-13T21:31:35.611 INFO:teuthology.orchestra.run.smithi088.stdout:/usr/bin/ceph: stderr
2024-09-13T21:31:34.808+0000 7f7f87fff700 1 -- 172.21.15.88:0/2008035963 <== mon.0 v2:172.21.15.88:3300/0 4 ==== mgrmap(e 8) v1 ==== 45084+0+0 (secure 0 0 0) 0x7f7f90019b40 con 0x7f7fa0106730
2024-09-13T21:31:35.611 INFO:teuthology.orchestra.run.smithi088.stdout:/usr/bin/ceph: stderr
2024-09-13T21:31:34.808+0000 7f7fa573d700 1 -- 172.21.15.88:0/2008035963 --> [v2:172.21.15.88:3300/0,v1:172.21.15.88:6789/0] -- mon_command({"prefix": "get_command_descriptions"} v 0) v1 -- 0x7f7fa0109c70 con 0x7f7fa0106730
2024-09-13T21:31:35.611 INFO:teuthology.orchestra.run.smithi088.stdout:/usr/bin/ceph: stderr
2024-09-13T21:31:34.808+0000 7f7f87fff700 1 --2- 172.21.15.88:0/2008035963 >> [v2:172.21.15.88:6800/2,v1:172.21.15.88:6801/2] conn(0x7f7f880383b0 0x7f7f8803a860 unknown :-1 s=NONE pgs=0 cs=0 l=1 rev1=0 crypto rx=0 tx=0 comp rx=0 tx=0).connect
2024-09-13T21:31:35.611 INFO:teuthology.orchestra.run.smithi088.stdout:/usr/bin/ceph: stderr
2024-09-13T21:31:34.809+0000 7f7f87fff700 1 -- 172.21.15.88:0/2008035963 <== mon.0 v2:172.21.15.88:3300/0 5 ==== osd_map(2..2 src has 1..2) v4 ==== 940+0+0 (secure 0 0 0) 0x7f7f9004c660 con 0x7f7fa0106730
2024-09-13T21:31:35.611 INFO:teuthology.orchestra.run.smithi088.stdout:/usr/bin/ceph: stderr
2024-09-13T21:31:34.809+0000 7f7f9e7fc700 1 --2- 172.21.15.88:0/2008035963 >> [v2:172.21.15.88:6800/2,v1:172.21.15.88:6801/2] conn(0x7f7f880383b0 0x7f7f8803a860 unknown :-1 s=BANNER_CONNECTING pgs=0 cs=0 l=1 rev1=0 crypto rx=0 tx=0 comp rx=0 tx=0)._handle_peer_banner_payload supported=3 required=0
2024-09-13T21:31:35.611 INFO:teuthology.orchestra.run.smithi088.stdout:/usr/bin/ceph: stderr
2024-09-13T21:31:34.809+0000 7f7f9e7fc700 1 --2- 172.21.15.88:0/2008035963 >> [v2:172.21.15.88:6800/2,v1:172.21.15.88:6801/2] conn(0x7f7f880383b0 0x7f7f8803a860 secure :-1 s=READY pgs=8 cs=0 l=1 rev1=1 crypto rx=0x7f7f94006fd0 tx=0x7f7f94006e40 comp rx=0 tx=0).ready entity=mgr.14118 client_cookie=0 server_cookie=0 in_seq=0 out_seq=0
2024-09-13T21:31:35.611 INFO:teuthology.orchestra.run.smithi088.stdout:/usr/bin/ceph: stderr
2024-09-13T21:31:34.813+0000 7f7f87fff700 1 -- 172.21.15.88:0/2008035963 <== mon.0 v2:172.21.15.88:3300/0 6 ==== mon_command_ack([{"prefix": "get_command_descriptions"}]=0 v0) v1 ==== 72+0+177933 (secure 0 0 0) 0x7f7f9002b750 con 0x7f7fa0106730
2024-09-13T21:31:35.611 INFO:teuthology.orchestra.run.smithi088.stdout:/usr/bin/ceph: stderr
2024-09-13T21:31:35.003+0000 7f7fa573d700 1 -- 172.21.15.88:0/2008035963 --> [v2:172.21.15.88:6800/2,v1:172.21.15.88:6801/2] -- mgr_command(tid 0: {"prefix": "cephadm set-user", "user": "root", "target": ["mon-mgr", ""]}) v1 -- 0x7f7fa0101640 con 0x7f7f880383b0
2024-09-13T21:31:35.611 INFO:teuthology.orchestra.run.smithi088.stdout:/usr/bin/ceph: stderr
2024-09-13T21:31:35.004+0000 7f7f87fff700 1 -- 172.21.15.88:0/2008035963 <== mgr.14118 v2:172.21.15.88:6800/2 1 ==== mgr_command_reply(tid 0: 0 ) v1 ==== 8+0+16 (secure 0 0 0) 0x7f7fa0101640 con 0x7f7f880383b0
2024-09-13T21:31:35.611 INFO:teuthology.orchestra.run.smithi088.stdout:/usr/bin/ceph: stderr
2024-09-13T21:31:35.006+0000 7f7fa573d700 1 -- 172.21.15.88:0/2008035963 >> [v2:172.21.15.88:6800/2,v1:172.21.15.88:6801/2] conn(0x7f7f880383b0 msgr2=0x7f7f8803a860 secure :-1 s=STATE_CONNECTION_ESTABLISHED l=1).mark_down
2024-09-13T21:31:35.612 INFO:teuthology.orchestra.run.smithi088.stdout:/usr/bin/ceph: stderr
2024-09-13T21:31:35.006+0000 7f7fa573d700 1 --2- 172.21.15.88:0/2008035963 >> [v2:172.21.15.88:6800/2,v1:172.21.15.88:6801/2] conn(0x7f7f880383b0 0x7f7f8803a860 secure :-1 s=READY pgs=8 cs=0 l=1 rev1=1 crypto rx=0x7f7f94006fd0 tx=0x7f7f94006e40 comp rx=0 tx=0).stop
2024-09-13T21:31:35.612 INFO:teuthology.orchestra.run.smithi088.stdout:/usr/bin/ceph: stderr
2024-09-13T21:31:35.006+0000 7f7fa573d700 1 -- 172.21.15.88:0/2008035963 >> [v2:172.21.15.88:3300/0,v1:172.21.15.88:6789/0] conn(0x7f7fa0106730 msgr2=0x7f7fa0106090 secure :-1 s=STATE_CONNECTION_ESTABLISHED l=1).mark_down
2024-09-13T21:31:35.612 INFO:teuthology.orchestra.run.smithi088.stdout:/usr/bin/ceph: stderr
2024-09-13T21:31:35.006+0000 7f7fa573d700 1 --2- 172.21.15.88:0/2008035963 >> [v2:172.21.15.88:3300/0,v1:172.21.15.88:6789/0] conn(0x7f7fa0106730 0x7f7fa0106090 secure :-1 s=READY pgs=38 cs=0 l=1 rev1=1 crypto rx=0x7f7f90006af0 tx=0x7f7f90011a90 comp rx=0 tx=0).stop
2024-09-13T21:31:35.612 INFO:teuthology.orchestra.run.smithi088.stdout:/usr/bin/ceph: stderr
2024-09-13T21:31:35.006+0000 7f7fa573d700 1 -- 172.21.15.88:0/2008035963 shutdown_connections
2024-09-13T21:31:35.612 INFO:teuthology.orchestra.run.smithi088.stdout:/usr/bin/ceph: stderr
2024-09-13T21:31:35.006+0000 7f7fa573d700 1 --2- 172.21.15.88:0/2008035963 >> [v2:172.21.15.88:6800/2,v1:172.21.15.88:6801/2] conn(0x7f7f880383b0 0x7f7f8803a860 unknown :-1 s=CLOSED pgs=8 cs=0 l=1 rev1=1 crypto rx=0 tx=0 comp rx=0 tx=0).stop
2024-09-13T21:31:35.612 INFO:teuthology.orchestra.run.smithi088.stdout:/usr/bin/ceph: stderr
2024-09-13T21:31:35.006+0000 7f7fa573d700 1 --2- 172.21.15.88:0/2008035963 >> [v2:172.21.15.88:3300/0,v1:172.21.15.88:6789/0] conn(0x7f7fa0106730 0x7f7fa0106090 unknown :-1 s=CLOSED pgs=38 cs=0 l=1 rev1=1 crypto rx=0 tx=0 comp rx=0 tx=0).stop
2024-09-13T21:31:35.612 INFO:teuthology.orchestra.run.smithi088.stdout:/usr/bin/ceph: stderr
2024-09-13T21:31:35.006+0000 7f7fa573d700 1 -- 172.21.15.88:0/2008035963 >> 172.21.15.88:0/2008035963 conn(0x7f7fa0100130 msgr2=0x7f7fa0100f30 unknown :-1 s=STATE_NONE l=0).mark_down
2024-09-13T21:31:35.612 INFO:teuthology.orchestra.run.smithi088.stdout:/usr/bin/ceph: stderr
2024-09-13T21:31:35.006+0000 7f7fa573d700 1 -- 172.21.15.88:0/2008035963 shutdown_connections
2024-09-13T21:31:35.612 INFO:teuthology.orchestra.run.smithi088.stdout:/usr/bin/ceph: stderr
2024-09-13T21:31:35.006+0000 7f7fa573d700 1 -- 172.21.15.88:0/2008035963 wait complete.
2024-09-13T21:31:35.612 INFO:teuthology.orchestra.run.smithi088.stdout:Generating ssh key...
2024-09-13T21:31:35.953 INFO:journalctl@ceph.mon.smithi088.smithi088.stdout:Sep 13 21:31:35 smithi088 ceph-mon[27963]: [13/Sep/2024:21:31:33] ENGINE Bus STARTING
2024-09-13T21:31:35.953 INFO:journalctl@ceph.mon.smithi088.smithi088.stdout:Sep 13 21:31:35 smithi088 ceph-mon[27963]: [13/Sep/2024:21:31:34] ENGINE Serving on https://172.21.15.88:7150
2024-09-13T21:31:35.953 INFO:journalctl@ceph.mon.smithi088.smithi088.stdout:Sep 13 21:31:35 smithi088 ceph-mon[27963]: [13/Sep/2024:21:31:34] ENGINE Serving on http://172.21.15.88:8765
2024-09-13T21:31:35.953 INFO:journalctl@ceph.mon.smithi088.smithi088.stdout:Sep 13 21:31:35 smithi088 ceph-mon[27963]: [13/Sep/2024:21:31:34] ENGINE Bus STARTED
2024-09-13T21:31:37.048 INFO:journalctl@ceph.mon.smithi088.smithi088.stdout:Sep 13 21:31:36 smithi088 ceph-mon[27963]: from='client.14132 -' entity='client.admin' cmd=[{"prefix": "cephadm set-user", "user": "root", "target": ["mon-mgr", ""]}]: dispatch
2024-09-13T21:31:37.049 INFO:journalctl@ceph.mon.smithi088.smithi088.stdout:Sep 13 21:31:36 smithi088 ceph-mon[27963]: from='mgr.14118 172.21.15.88:0/2' entity='mgr.smithi088.scyrwy'
2024-09-13T21:31:37.049 INFO:journalctl@ceph.mon.smithi088.smithi088.stdout:Sep 13 21:31:36 smithi088 ceph-mon[27963]: from='mgr.14118 172.21.15.88:0/2' entity='mgr.smithi088.scyrwy'
2024-09-13T21:31:37.056 INFO:teuthology.orchestra.run.smithi088.stdout:/usr/bin/ceph: stderr
2024-09-13T21:31:36.051+0000 7f7e62881700 1 Processor -- start
2024-09-13T21:31:37.056 INFO:teuthology.orchestra.run.smithi088.stdout:/usr/bin/ceph: stderr
2024-09-13T21:31:36.051+0000 7f7e62881700 1 -- start start
2024-09-13T21:31:37.056 INFO:teuthology.orchestra.run.smithi088.stdout:/usr/bin/ceph: stderr
2024-09-13T21:31:36.051+0000 7f7e62881700 1 --2- >> [v2:172.21.15.88:3300/0,v1:172.21.15.88:6789/0] conn(0x7f7e5c1066f0 0x7f7e5c108ad0 unknown :-1 s=NONE pgs=0 cs=0 l=0 rev1=0 crypto rx=0 tx=0 comp rx=0 tx=0).connect
2024-09-13T21:31:37.056 INFO:teuthology.orchestra.run.smithi088.stdout:/usr/bin/ceph: stderr
2024-09-13T21:31:36.051+0000 7f7e62881700 1 -- --> [v2:172.21.15.88:3300/0,v1:172.21.15.88:6789/0] -- mon_getmap magic: 0 v1 -- 0x7f7e5c079d40 con 0x7f7e5c1066f0
2024-09-13T21:31:37.056 INFO:teuthology.orchestra.run.smithi088.stdout:/usr/bin/ceph: stderr
2024-09-13T21:31:36.051+0000 7f7e5bfff700 1 --2- >> [v2:172.21.15.88:3300/0,v1:172.21.15.88:6789/0] conn(0x7f7e5c1066f0 0x7f7e5c108ad0 unknown :-1 s=BANNER_CONNECTING pgs=0 cs=0 l=0 rev1=0 crypto rx=0 tx=0 comp rx=0 tx=0)._handle_peer_banner_payload supported=3 required=0
2024-09-13T21:31:37.056 INFO:teuthology.orchestra.run.smithi088.stdout:/usr/bin/ceph: stderr
2024-09-13T21:31:36.051+0000 7f7e5bfff700 1 --2- >> [v2:172.21.15.88:3300/0,v1:172.21.15.88:6789/0] conn(0x7f7e5c1066f0 0x7f7e5c108ad0 unknown :-1 s=HELLO_CONNECTING pgs=0 cs=0 l=0 rev1=1 crypto rx=0 tx=0 comp rx=0 tx=0).handle_hello peer v2:172.21.15.88:3300/0 says I am v2:172.21.15.88:47572/0 (socket says 172.21.15.88:47572)
2024-09-13T21:31:37.056 INFO:teuthology.orchestra.run.smithi088.stdout:/usr/bin/ceph: stderr
2024-09-13T21:31:36.051+0000 7f7e5bfff700 1 -- 172.21.15.88:0/1271119241 learned_addr learned my addr 172.21.15.88:0/1271119241 (peer_addr_for_me v2:172.21.15.88:0/0)
2024-09-13T21:31:37.056 INFO:teuthology.orchestra.run.smithi088.stdout:/usr/bin/ceph: stderr
2024-09-13T21:31:36.051+0000 7f7e5bfff700 1 -- 172.21.15.88:0/1271119241 --> [v2:172.21.15.88:3300/0,v1:172.21.15.88:6789/0] -- mon_subscribe({config=0+,monmap=0+}) v3 -- 0x7f7e5c079e80 con 0x7f7e5c1066f0
2024-09-13T21:31:37.056 INFO:teuthology.orchestra.run.smithi088.stdout:/usr/bin/ceph: stderr
2024-09-13T21:31:36.051+0000 7f7e5bfff700 1 --2- 172.21.15.88:0/1271119241 >> [v2:172.21.15.88:3300/0,v1:172.21.15.88:6789/0] conn(0x7f7e5c1066f0 0x7f7e5c108ad0 secure :-1 s=READY pgs=39 cs=0 l=1 rev1=1 crypto rx=0x7f7e4c0098a0 tx=0x7f7e4c009bb0 comp rx=0 tx=0).ready entity=mon.0 client_cookie=ff7a068bcaa360a9 server_cookie=0 in_seq=0 out_seq=0
2024-09-13T21:31:37.057 INFO:teuthology.orchestra.run.smithi088.stdout:/usr/bin/ceph: stderr
2024-09-13T21:31:36.052+0000 7f7e5affd700 1 -- 172.21.15.88:0/1271119241 <== mon.0 v2:172.21.15.88:3300/0 1 ==== mon_map magic: 0 v1 ==== 229+0+0 (secure 0 0 0) 0x7f7e4c004180 con 0x7f7e5c1066f0
2024-09-13T21:31:37.057 INFO:teuthology.orchestra.run.smithi088.stdout:/usr/bin/ceph: stderr
2024-09-13T21:31:36.052+0000 7f7e5affd700 1 -- 172.21.15.88:0/1271119241 <== mon.0 v2:172.21.15.88:3300/0 2 ==== config(27 keys) v1 ==== 1037+0+0 (secure 0 0 0) 0x7f7e4c0042e0 con 0x7f7e5c1066f0
2024-09-13T21:31:37.057 INFO:teuthology.orchestra.run.smithi088.stdout:/usr/bin/ceph: stderr
2024-09-13T21:31:36.052+0000 7f7e5affd700 1 -- 172.21.15.88:0/1271119241 <== mon.0 v2:172.21.15.88:3300/0 3 ==== mon_map magic: 0 v1 ==== 229+0+0 (secure 0 0 0) 0x7f7e4c011a50 con 0x7f7e5c1066f0
2024-09-13T21:31:37.057 INFO:teuthology.orchestra.run.smithi088.stdout:/usr/bin/ceph: stderr
2024-09-13T21:31:36.052+0000 7f7e62881700 1 -- 172.21.15.88:0/1271119241 >> [v2:172.21.15.88:3300/0,v1:172.21.15.88:6789/0] conn(0x7f7e5c1066f0 msgr2=0x7f7e5c108ad0 secure :-1 s=STATE_CONNECTION_ESTABLISHED l=1).mark_down
2024-09-13T21:31:37.057 INFO:teuthology.orchestra.run.smithi088.stdout:/usr/bin/ceph: stderr
2024-09-13T21:31:36.052+0000 7f7e62881700 1 --2- 172.21.15.88:0/1271119241 >> [v2:172.21.15.88:3300/0,v1:172.21.15.88:6789/0] conn(0x7f7e5c1066f0 0x7f7e5c108ad0 secure :-1 s=READY pgs=39 cs=0 l=1 rev1=1 crypto rx=0x7f7e4c0098a0 tx=0x7f7e4c009bb0 comp rx=0 tx=0).stop
2024-09-13T21:31:37.057 INFO:teuthology.orchestra.run.smithi088.stdout:/usr/bin/ceph: stderr
2024-09-13T21:31:36.052+0000 7f7e62881700 1 -- 172.21.15.88:0/1271119241 shutdown_connections
2024-09-13T21:31:37.057 INFO:teuthology.orchestra.run.smithi088.stdout:/usr/bin/ceph: stderr
2024-09-13T21:31:36.052+0000 7f7e62881700 1 --2- 172.21.15.88:0/1271119241 >> [v2:172.21.15.88:3300/0,v1:172.21.15.88:6789/0] conn(0x7f7e5c1066f0 0x7f7e5c108ad0 unknown :-1 s=CLOSED pgs=39 cs=0 l=1 rev1=1 crypto rx=0 tx=0 comp rx=0 tx=0).stop
2024-09-13T21:31:37.057 INFO:teuthology.orchestra.run.smithi088.stdout:/usr/bin/ceph: stderr
2024-09-13T21:31:36.052+0000 7f7e62881700 1 -- 172.21.15.88:0/1271119241 >> 172.21.15.88:0/1271119241 conn(0x7f7e5c1000f0 msgr2=0x7f7e5c102500 unknown :-1 s=STATE_NONE l=0).mark_down
2024-09-13T21:31:37.057 INFO:teuthology.orchestra.run.smithi088.stdout:/usr/bin/ceph: stderr
2024-09-13T21:31:36.052+0000 7f7e62881700 1 -- 172.21.15.88:0/1271119241 shutdown_connections
2024-09-13T21:31:37.057 INFO:teuthology.orchestra.run.smithi088.stdout:/usr/bin/ceph: stderr
2024-09-13T21:31:36.052+0000 7f7e62881700 1 -- 172.21.15.88:0/1271119241 wait complete.
2024-09-13T21:31:37.057 INFO:teuthology.orchestra.run.smithi088.stdout:/usr/bin/ceph: stderr
2024-09-13T21:31:36.053+0000 7f7e62881700 1 Processor -- start
2024-09-13T21:31:37.057 INFO:teuthology.orchestra.run.smithi088.stdout:/usr/bin/ceph: stderr
2024-09-13T21:31:36.053+0000 7f7e62881700 1 -- start start
2024-09-13T21:31:37.057 INFO:teuthology.orchestra.run.smithi088.stdout:/usr/bin/ceph: stderr
2024-09-13T21:31:36.053+0000 7f7e62881700 1 --2- >> [v2:172.21.15.88:3300/0,v1:172.21.15.88:6789/0] conn(0x7f7e5c1066f0 0x7f7e5c1998e0 unknown :-1 s=NONE pgs=0 cs=0 l=1 rev1=0 crypto rx=0 tx=0 comp rx=0 tx=0).connect
2024-09-13T21:31:37.058 INFO:teuthology.orchestra.run.smithi088.stdout:/usr/bin/ceph: stderr
2024-09-13T21:31:36.053+0000 7f7e62881700 1 -- --> [v2:172.21.15.88:3300/0,v1:172.21.15.88:6789/0] -- mon_getmap magic: 0 v1 -- 0x7f7e5c199e20 con 0x7f7e5c1066f0
2024-09-13T21:31:37.058 INFO:teuthology.orchestra.run.smithi088.stdout:/usr/bin/ceph: stderr
2024-09-13T21:31:36.053+0000 7f7e5bfff700 1 --2- >> [v2:172.21.15.88:3300/0,v1:172.21.15.88:6789/0] conn(0x7f7e5c1066f0 0x7f7e5c1998e0 unknown :-1 s=BANNER_CONNECTING pgs=0 cs=0 l=1 rev1=0 crypto rx=0 tx=0 comp rx=0 tx=0)._handle_peer_banner_payload supported=3 required=0
2024-09-13T21:31:37.058 INFO:teuthology.orchestra.run.smithi088.stdout:/usr/bin/ceph: stderr
2024-09-13T21:31:36.053+0000 7f7e5bfff700 1 --2- >> [v2:172.21.15.88:3300/0,v1:172.21.15.88:6789/0] conn(0x7f7e5c1066f0 0x7f7e5c1998e0 unknown :-1 s=HELLO_CONNECTING pgs=0 cs=0 l=1 rev1=1 crypto rx=0 tx=0 comp rx=0 tx=0).handle_hello peer v2:172.21.15.88:3300/0 says I am v2:172.21.15.88:47578/0 (socket says 172.21.15.88:47578)
2024-09-13T21:31:37.058 INFO:teuthology.orchestra.run.smithi088.stdout:/usr/bin/ceph: stderr
2024-09-13T21:31:36.053+0000 7f7e5bfff700 1 -- 172.21.15.88:0/2288437142 learned_addr learned my addr 172.21.15.88:0/2288437142 (peer_addr_for_me v2:172.21.15.88:0/0)
2024-09-13T21:31:37.058 INFO:teuthology.orchestra.run.smithi088.stdout:/usr/bin/ceph: stderr
2024-09-13T21:31:36.053+0000 7f7e5bfff700 1 -- 172.21.15.88:0/2288437142 --> [v2:172.21.15.88:3300/0,v1:172.21.15.88:6789/0] -- mon_subscribe({config=0+,monmap=0+}) v3 -- 0x7f7e4c009550 con 0x7f7e5c1066f0
2024-09-13T21:31:37.058 INFO:teuthology.orchestra.run.smithi088.stdout:/usr/bin/ceph: stderr
2024-09-13T21:31:36.053+0000 7f7e5bfff700 1 --2- 172.21.15.88:0/2288437142 >> [v2:172.21.15.88:3300/0,v1:172.21.15.88:6789/0] conn(0x7f7e5c1066f0 0x7f7e5c1998e0 secure :-1 s=READY pgs=40 cs=0 l=1 rev1=1 crypto rx=0x7f7e4c000c00 tx=0x7f7e4c011ab0 comp rx=0 tx=0).ready entity=mon.0 client_cookie=0 server_cookie=0 in_seq=0 out_seq=0
2024-09-13T21:31:37.058 INFO:teuthology.orchestra.run.smithi088.stdout:/usr/bin/ceph: stderr
2024-09-13T21:31:36.054+0000 7f7e597fa700 1 -- 172.21.15.88:0/2288437142 <== mon.0 v2:172.21.15.88:3300/0 1 ==== mon_map magic: 0 v1 ==== 229+0+0 (secure 0 0 0) 0x7f7e4c003b90 con 0x7f7e5c1066f0
2024-09-13T21:31:37.058 INFO:teuthology.orchestra.run.smithi088.stdout:/usr/bin/ceph: stderr
2024-09-13T21:31:36.054+0000 7f7e597fa700 1 -- 172.21.15.88:0/2288437142 <== mon.0 v2:172.21.15.88:3300/0 2 ==== config(27 keys) v1 ==== 1037+0+0 (secure 0 0 0) 0x7f7e4c0248b0 con 0x7f7e5c1066f0
2024-09-13T21:31:37.058 INFO:teuthology.orchestra.run.smithi088.stdout:/usr/bin/ceph: stderr
2024-09-13T21:31:36.054+0000 7f7e62881700 1 -- 172.21.15.88:0/2288437142 --> [v2:172.21.15.88:3300/0,v1:172.21.15.88:6789/0] -- mon_subscribe({mgrmap=0+}) v3 -- 0x7f7e5c19a020 con 0x7f7e5c1066f0
2024-09-13T21:31:37.058 INFO:teuthology.orchestra.run.smithi088.stdout:/usr/bin/ceph: stderr
2024-09-13T21:31:36.054+0000 7f7e597fa700 1 -- 172.21.15.88:0/2288437142 <== mon.0 v2:172.21.15.88:3300/0 3 ==== mon_map magic: 0 v1 ==== 229+0+0 (secure 0 0 0) 0x7f7e4c01a8e0 con 0x7f7e5c1066f0
2024-09-13T21:31:37.058 INFO:teuthology.orchestra.run.smithi088.stdout:/usr/bin/ceph: stderr
2024-09-13T21:31:36.054+0000 7f7e62881700 1 -- 172.21.15.88:0/2288437142 --> [v2:172.21.15.88:3300/0,v1:172.21.15.88:6789/0] -- mon_subscribe({osdmap=0}) v3 -- 0x7f7e5c19a440 con 0x7f7e5c1066f0
2024-09-13T21:31:37.058 INFO:teuthology.orchestra.run.smithi088.stdout:/usr/bin/ceph: stderr
2024-09-13T21:31:36.054+0000 7f7e597fa700 1 -- 172.21.15.88:0/2288437142 <== mon.0 v2:172.21.15.88:3300/0 4 ==== mgrmap(e 8) v1 ==== 45084+0+0 (secure 0 0 0) 0x7f7e4c01ab50 con 0x7f7e5c1066f0
2024-09-13T21:31:37.058 INFO:teuthology.orchestra.run.smithi088.stdout:/usr/bin/ceph: stderr
2024-09-13T21:31:36.055+0000 7f7e62881700 1 -- 172.21.15.88:0/2288437142 --> [v2:172.21.15.88:3300/0,v1:172.21.15.88:6789/0] -- mon_command({"prefix": "get_command_descriptions"} v 0) v1 -- 0x7f7e5c062380 con 0x7f7e5c1066f0
2024-09-13T21:31:37.059 INFO:teuthology.orchestra.run.smithi088.stdout:/usr/bin/ceph: stderr
2024-09-13T21:31:36.055+0000 7f7e597fa700 1 --2- 172.21.15.88:0/2288437142 >> [v2:172.21.15.88:6800/2,v1:172.21.15.88:6801/2] conn(0x7f7e48038440 0x7f7e4803a8f0 unknown :-1 s=NONE pgs=0 cs=0 l=1 rev1=0 crypto rx=0 tx=0 comp rx=0 tx=0).connect
2024-09-13T21:31:37.059 INFO:teuthology.orchestra.run.smithi088.stdout:/usr/bin/ceph: stderr
2024-09-13T21:31:36.055+0000 7f7e597fa700 1 -- 172.21.15.88:0/2288437142 <== mon.0 v2:172.21.15.88:3300/0 5 ==== osd_map(2..2 src has 1..2) v4 ==== 940+0+0 (secure 0 0 0) 0x7f7e4c04c380 con 0x7f7e5c1066f0
2024-09-13T21:31:37.059 INFO:teuthology.orchestra.run.smithi088.stdout:/usr/bin/ceph: stderr
2024-09-13T21:31:36.055+0000 7f7e5b7fe700 1 --2- 172.21.15.88:0/2288437142 >> [v2:172.21.15.88:6800/2,v1:172.21.15.88:6801/2] conn(0x7f7e48038440 0x7f7e4803a8f0 unknown :-1 s=BANNER_CONNECTING pgs=0 cs=0 l=1 rev1=0 crypto rx=0 tx=0 comp rx=0 tx=0)._handle_peer_banner_payload supported=3 required=0
2024-09-13T21:31:37.059 INFO:teuthology.orchestra.run.smithi088.stdout:/usr/bin/ceph: stderr
2024-09-13T21:31:36.055+0000 7f7e5b7fe700 1 --2- 172.21.15.88:0/2288437142 >> [v2:172.21.15.88:6800/2,v1:172.21.15.88:6801/2] conn(0x7f7e48038440 0x7f7e4803a8f0 secure :-1 s=READY pgs=9 cs=0 l=1 rev1=1 crypto rx=0x7f7e44006fd0 tx=0x7f7e44006e40 comp rx=0 tx=0).ready entity=mgr.14118 client_cookie=0 server_cookie=0 in_seq=0 out_seq=0
2024-09-13T21:31:37.059 INFO:teuthology.orchestra.run.smithi088.stdout:/usr/bin/ceph: stderr
2024-09-13T21:31:36.059+0000 7f7e597fa700 1 -- 172.21.15.88:0/2288437142 <== mon.0 v2:172.21.15.88:3300/0 6 ==== mon_command_ack([{"prefix": "get_command_descriptions"}]=0 v0) v1 ==== 72+0+177933 (secure 0 0 0) 0x7f7e4c0233a0 con 0x7f7e5c1066f0
2024-09-13T21:31:37.059 INFO:teuthology.orchestra.run.smithi088.stdout:/usr/bin/ceph: stderr
2024-09-13T21:31:36.248+0000 7f7e62881700 1 -- 172.21.15.88:0/2288437142 --> [v2:172.21.15.88:6800/2,v1:172.21.15.88:6801/2] -- mgr_command(tid 0: {"prefix": "cephadm generate-key", "target": ["mon-mgr", ""]}) v1 -- 0x7f7e5c1023b0 con 0x7f7e48038440
2024-09-13T21:31:37.059 INFO:teuthology.orchestra.run.smithi088.stdout:/usr/bin/ceph: stderr
2024-09-13T21:31:36.411+0000 7f7e597fa700 1 -- 172.21.15.88:0/2288437142 <== mgr.14118 v2:172.21.15.88:6800/2 1 ==== mgr_command_reply(tid 0: 0 ) v1 ==== 8+0+0 (secure 0 0 0) 0x7f7e5c1023b0 con 0x7f7e48038440
2024-09-13T21:31:37.059 INFO:teuthology.orchestra.run.smithi088.stdout:/usr/bin/ceph: stderr
2024-09-13T21:31:36.413+0000 7f7e62881700 1 -- 172.21.15.88:0/2288437142 >> [v2:172.21.15.88:6800/2,v1:172.21.15.88:6801/2] conn(0x7f7e48038440 msgr2=0x7f7e4803a8f0 secure :-1 s=STATE_CONNECTION_ESTABLISHED l=1).mark_down
2024-09-13T21:31:37.059 INFO:teuthology.orchestra.run.smithi088.stdout:/usr/bin/ceph: stderr
2024-09-13T21:31:36.413+0000 7f7e62881700 1 --2- 172.21.15.88:0/2288437142 >> [v2:172.21.15.88:6800/2,v1:172.21.15.88:6801/2] conn(0x7f7e48038440 0x7f7e4803a8f0 secure :-1 s=READY pgs=9 cs=0 l=1 rev1=1 crypto rx=0x7f7e44006fd0 tx=0x7f7e44006e40 comp rx=0 tx=0).stop
2024-09-13T21:31:37.059 INFO:teuthology.orchestra.run.smithi088.stdout:/usr/bin/ceph: stderr
2024-09-13T21:31:36.413+0000 7f7e62881700 1 -- 172.21.15.88:0/2288437142 >> [v2:172.21.15.88:3300/0,v1:172.21.15.88:6789/0] conn(0x7f7e5c1066f0 msgr2=0x7f7e5c1998e0 secure :-1 s=STATE_CONNECTION_ESTABLISHED l=1).mark_down
2024-09-13T21:31:37.059 INFO:teuthology.orchestra.run.smithi088.stdout:/usr/bin/ceph: stderr
2024-09-13T21:31:36.413+0000 7f7e62881700 1 --2- 172.21.15.88:0/2288437142 >> [v2:172.21.15.88:3300/0,v1:172.21.15.88:6789/0] conn(0x7f7e5c1066f0 0x7f7e5c1998e0 secure :-1 s=READY pgs=40 cs=0 l=1 rev1=1 crypto rx=0x7f7e4c000c00 tx=0x7f7e4c011ab0 comp rx=0 tx=0).stop
2024-09-13T21:31:37.059 INFO:teuthology.orchestra.run.smithi088.stdout:/usr/bin/ceph: stderr
2024-09-13T21:31:36.414+0000 7f7e62881700 1 -- 172.21.15.88:0/2288437142 shutdown_connections
2024-09-13T21:31:37.060 INFO:teuthology.orchestra.run.smithi088.stdout:/usr/bin/ceph: stderr
2024-09-13T21:31:36.414+0000 7f7e62881700 1 --2- 172.21.15.88:0/2288437142 >> [v2:172.21.15.88:6800/2,v1:172.21.15.88:6801/2] conn(0x7f7e48038440 0x7f7e4803a8f0 unknown :-1 s=CLOSED pgs=9 cs=0 l=1 rev1=1 crypto rx=0 tx=0 comp rx=0 tx=0).stop
2024-09-13T21:31:37.060 INFO:teuthology.orchestra.run.smithi088.stdout:/usr/bin/ceph: stderr
2024-09-13T21:31:36.414+0000 7f7e62881700 1 --2- 172.21.15.88:0/2288437142 >> [v2:172.21.15.88:3300/0,v1:172.21.15.88:6789/0] conn(0x7f7e5c1066f0 0x7f7e5c1998e0 unknown :-1 s=CLOSED pgs=40 cs=0 l=1 rev1=1 crypto rx=0 tx=0 comp rx=0 tx=0).stop
2024-09-13T21:31:37.060 INFO:teuthology.orchestra.run.smithi088.stdout:/usr/bin/ceph: stderr
2024-09-13T21:31:36.414+0000 7f7e62881700 1 -- 172.21.15.88:0/2288437142 >> 172.21.15.88:0/2288437142 conn(0x7f7e5c1000f0 msgr2=0x7f7e5c101750 unknown :-1 s=STATE_NONE l=0).mark_down
2024-09-13T21:31:37.060 INFO:teuthology.orchestra.run.smithi088.stdout:/usr/bin/ceph: stderr
2024-09-13T21:31:36.414+0000 7f7e62881700 1 -- 172.21.15.88:0/2288437142 shutdown_connections
2024-09-13T21:31:37.060 INFO:teuthology.orchestra.run.smithi088.stdout:/usr/bin/ceph: stderr
2024-09-13T21:31:36.414+0000 7f7e62881700 1 -- 172.21.15.88:0/2288437142 wait complete.
2024-09-13T21:31:37.982 INFO:journalctl@ceph.mon.smithi088.smithi088.stdout:Sep 13 21:31:37 smithi088 ceph-mon[27963]: from='client.14134 -' entity='client.admin' cmd=[{"prefix": "cephadm generate-key", "target": ["mon-mgr", ""]}]: dispatch
2024-09-13T21:31:37.983 INFO:journalctl@ceph.mon.smithi088.smithi088.stdout:Sep 13 21:31:37 smithi088 ceph-mon[27963]: Generating ssh key...
2024-09-13T21:31:38.349 INFO:teuthology.orchestra.run.smithi088.stdout:/usr/bin/ceph: stdout ssh-rsa AAAAB3NzaC1yc2EAAAADAQABAAABgQDcMZxxpCyHyxx8jjEnVf7O6IgGa1QHzvT2w1V+MVZJdJ2kP0BFdkNpxiy5R6rz8VYwRjf4FgDm3/ForXH23y59cW1UVYnDWwFxsXPgCiLHawXZ0oyxO0Qc8Hstrtl8qRL8SbWomoWUBRHQ+ERSrMfMnnNm+DSiUp8VqMOTNVC+Av8UeU6g4kGts+SZkZDRcKp8QzYz+rzYSxWgt8/0DVf4jksQgBGY2s+9Z+PVQebXQ/ZqoGcLwmEJ3Z6p2KiIv4bki7+XYkMOQ6aYIobJw6GHCt/M5fELgNlBHkZjeJvIGkrTjXLAqKsjyxhzCNODPMD9i6ga5dxdwAAApdvTII8TWST1elEENl/mw6/wBrW25Fz104dbAEFxl0fbN/91U98GuKBuFPKYEEjDJzoQNPnJmaaQo3sTbf8euQHDc6aGamKyObS2gorqr5VNU62d1NRAR4jWVSU6QEdePehidTGRaG+ZoSUpfT8bZx9phSIfQpvxQxkGT1EabRQZa2BFC+8= ceph-67511300-7217-11ef-bceb-c7b262605968
2024-09-13T21:31:38.349 INFO:teuthology.orchestra.run.smithi088.stdout:/usr/bin/ceph: stderr
2024-09-13T21:31:37.499+0000 7f9c6130c700 1 Processor -- start
2024-09-13T21:31:38.349 INFO:teuthology.orchestra.run.smithi088.stdout:/usr/bin/ceph: stderr
2024-09-13T21:31:37.499+0000 7f9c6130c700 1 -- start start
2024-09-13T21:31:38.349 INFO:teuthology.orchestra.run.smithi088.stdout:/usr/bin/ceph: stderr
2024-09-13T21:31:37.499+0000 7f9c6130c700 1 --2- >> [v2:172.21.15.88:3300/0,v1:172.21.15.88:6789/0] conn(0x7f9c5c104ae0 0x7f9c5c104ef0 unknown :-1 s=NONE pgs=0 cs=0 l=0 rev1=0 crypto rx=0 tx=0 comp rx=0 tx=0).connect
2024-09-13T21:31:38.349 INFO:teuthology.orchestra.run.smithi088.stdout:/usr/bin/ceph: stderr
2024-09-13T21:31:37.499+0000 7f9c6130c700 1 -- --> [v2:172.21.15.88:3300/0,v1:172.21.15.88:6789/0] -- mon_getmap magic: 0 v1 -- 0x7f9c5c105430 con 0x7f9c5c104ae0
2024-09-13T21:31:38.349 INFO:teuthology.orchestra.run.smithi088.stdout:/usr/bin/ceph: stderr
2024-09-13T21:31:37.499+0000 7f9c5affd700 1 --2- >> [v2:172.21.15.88:3300/0,v1:172.21.15.88:6789/0] conn(0x7f9c5c104ae0 0x7f9c5c104ef0 unknown :-1 s=BANNER_CONNECTING pgs=0 cs=0 l=0 rev1=0 crypto rx=0 tx=0 comp rx=0 tx=0)._handle_peer_banner_payload supported=3 required=0
2024-09-13T21:31:38.349 INFO:teuthology.orchestra.run.smithi088.stdout:/usr/bin/ceph: stderr
2024-09-13T21:31:37.499+0000 7f9c5affd700 1 --2- >> [v2:172.21.15.88:3300/0,v1:172.21.15.88:6789/0] conn(0x7f9c5c104ae0 0x7f9c5c104ef0 unknown :-1 s=HELLO_CONNECTING pgs=0 cs=0 l=0 rev1=1 crypto rx=0 tx=0 comp rx=0 tx=0).handle_hello peer v2:172.21.15.88:3300/0 says I am v2:172.21.15.88:47588/0 (socket says 172.21.15.88:47588)
2024-09-13T21:31:38.350 INFO:teuthology.orchestra.run.smithi088.stdout:/usr/bin/ceph: stderr
2024-09-13T21:31:37.499+0000 7f9c5affd700 1 -- 172.21.15.88:0/3920022311 learned_addr learned my addr 172.21.15.88:0/3920022311 (peer_addr_for_me v2:172.21.15.88:0/0)
2024-09-13T21:31:38.350 INFO:teuthology.orchestra.run.smithi088.stdout:/usr/bin/ceph: stderr
2024-09-13T21:31:37.499+0000 7f9c5affd700 1 -- 172.21.15.88:0/3920022311 --> [v2:172.21.15.88:3300/0,v1:172.21.15.88:6789/0] -- mon_subscribe({config=0+,monmap=0+}) v3 -- 0x7f9c5c105570 con 0x7f9c5c104ae0
2024-09-13T21:31:38.350 INFO:teuthology.orchestra.run.smithi088.stdout:/usr/bin/ceph: stderr
2024-09-13T21:31:37.500+0000 7f9c5affd700 1 --2- 172.21.15.88:0/3920022311 >> [v2:172.21.15.88:3300/0,v1:172.21.15.88:6789/0] conn(0x7f9c5c104ae0 0x7f9c5c104ef0 secure :-1 s=READY pgs=41 cs=0 l=1 rev1=1 crypto rx=0x7f9c4c0098a0 tx=0x7f9c4c009bb0 comp rx=0 tx=0).ready entity=mon.0 client_cookie=19b56a41c3d0d91a server_cookie=0 in_seq=0 out_seq=0
2024-09-13T21:31:38.350 INFO:teuthology.orchestra.run.smithi088.stdout:/usr/bin/ceph: stderr
2024-09-13T21:31:37.500+0000 7f9c59ffb700 1 -- 172.21.15.88:0/3920022311 <== mon.0 v2:172.21.15.88:3300/0 1 ==== mon_map magic: 0 v1 ==== 229+0+0 (secure 0 0 0) 0x7f9c4c004180 con 0x7f9c5c104ae0
2024-09-13T21:31:38.350 INFO:teuthology.orchestra.run.smithi088.stdout:/usr/bin/ceph: stderr
2024-09-13T21:31:37.500+0000 7f9c59ffb700 1 -- 172.21.15.88:0/3920022311 <== mon.0 v2:172.21.15.88:3300/0 2 ==== config(27 keys) v1 ==== 1037+0+0 (secure 0 0 0) 0x7f9c4c0042e0 con 0x7f9c5c104ae0
2024-09-13T21:31:38.350 INFO:teuthology.orchestra.run.smithi088.stdout:/usr/bin/ceph: stderr
2024-09-13T21:31:37.500+0000 7f9c59ffb700 1 -- 172.21.15.88:0/3920022311 <== mon.0 v2:172.21.15.88:3300/0 3 ==== mon_map magic: 0 v1 ==== 229+0+0 (secure 0 0 0) 0x7f9c4c011a50 con 0x7f9c5c104ae0
2024-09-13T21:31:38.350 INFO:teuthology.orchestra.run.smithi088.stdout:/usr/bin/ceph: stderr
2024-09-13T21:31:37.500+0000 7f9c6130c700 1 -- 172.21.15.88:0/3920022311 >> [v2:172.21.15.88:3300/0,v1:172.21.15.88:6789/0] conn(0x7f9c5c104ae0 msgr2=0x7f9c5c104ef0 secure :-1 s=STATE_CONNECTION_ESTABLISHED l=1).mark_down
2024-09-13T21:31:38.350 INFO:teuthology.orchestra.run.smithi088.stdout:/usr/bin/ceph: stderr
2024-09-13T21:31:37.500+0000 7f9c6130c700 1 --2- 172.21.15.88:0/3920022311 >> [v2:172.21.15.88:3300/0,v1:172.21.15.88:6789/0] conn(0x7f9c5c104ae0 0x7f9c5c104ef0 secure :-1 s=READY pgs=41 cs=0 l=1 rev1=1 crypto rx=0x7f9c4c0098a0 tx=0x7f9c4c009bb0 comp rx=0 tx=0).stop
2024-09-13T21:31:38.350 INFO:teuthology.orchestra.run.smithi088.stdout:/usr/bin/ceph: stderr
2024-09-13T21:31:37.500+0000 7f9c6130c700 1 -- 172.21.15.88:0/3920022311 shutdown_connections
2024-09-13T21:31:38.350 INFO:teuthology.orchestra.run.smithi088.stdout:/usr/bin/ceph: stderr
2024-09-13T21:31:37.500+0000 7f9c6130c700 1 --2- 172.21.15.88:0/3920022311 >> [v2:172.21.15.88:3300/0,v1:172.21.15.88:6789/0] conn(0x7f9c5c104ae0 0x7f9c5c104ef0 unknown :-1 s=CLOSED pgs=41 cs=0 l=1 rev1=1 crypto rx=0 tx=0 comp rx=0 tx=0).stop
2024-09-13T21:31:38.350 INFO:teuthology.orchestra.run.smithi088.stdout:/usr/bin/ceph: stderr
2024-09-13T21:31:37.500+0000 7f9c6130c700 1 -- 172.21.15.88:0/3920022311 >> 172.21.15.88:0/3920022311 conn(0x7f9c5c100130 msgr2=0x7f9c5c102560 unknown :-1 s=STATE_NONE l=0).mark_down
2024-09-13T21:31:38.351 INFO:teuthology.orchestra.run.smithi088.stdout:/usr/bin/ceph: stderr
2024-09-13T21:31:37.500+0000 7f9c6130c700 1 -- 172.21.15.88:0/3920022311 shutdown_connections
2024-09-13T21:31:38.351 INFO:teuthology.orchestra.run.smithi088.stdout:/usr/bin/ceph: stderr
2024-09-13T21:31:37.500+0000 7f9c6130c700 1 -- 172.21.15.88:0/3920022311 wait complete.
2024-09-13T21:31:38.351 INFO:teuthology.orchestra.run.smithi088.stdout:/usr/bin/ceph: stderr
2024-09-13T21:31:37.501+0000 7f9c6130c700 1 Processor -- start
2024-09-13T21:31:38.351 INFO:teuthology.orchestra.run.smithi088.stdout:/usr/bin/ceph: stderr
2024-09-13T21:31:37.501+0000 7f9c6130c700 1 -- start start
2024-09-13T21:31:38.351 INFO:teuthology.orchestra.run.smithi088.stdout:/usr/bin/ceph: stderr
2024-09-13T21:31:37.501+0000 7f9c6130c700 1 --2- >> [v2:172.21.15.88:3300/0,v1:172.21.15.88:6789/0] conn(0x7f9c5c104ae0 0x7f9c5c199900 unknown :-1 s=NONE pgs=0 cs=0 l=1 rev1=0 crypto rx=0 tx=0 comp rx=0 tx=0).connect
2024-09-13T21:31:38.351 INFO:teuthology.orchestra.run.smithi088.stdout:/usr/bin/ceph: stderr
2024-09-13T21:31:37.501+0000 7f9c6130c700 1 -- --> [v2:172.21.15.88:3300/0,v1:172.21.15.88:6789/0] -- mon_getmap magic: 0 v1 -- 0x7f9c5c199e40 con 0x7f9c5c104ae0
2024-09-13T21:31:38.351 INFO:teuthology.orchestra.run.smithi088.stdout:/usr/bin/ceph: stderr
2024-09-13T21:31:37.501+0000 7f9c5affd700 1 --2- >> [v2:172.21.15.88:3300/0,v1:172.21.15.88:6789/0] conn(0x7f9c5c104ae0 0x7f9c5c199900 unknown :-1 s=BANNER_CONNECTING pgs=0 cs=0 l=1 rev1=0 crypto rx=0 tx=0 comp rx=0 tx=0)._handle_peer_banner_payload supported=3 required=0
2024-09-13T21:31:38.351 INFO:teuthology.orchestra.run.smithi088.stdout:/usr/bin/ceph: stderr
2024-09-13T21:31:37.502+0000 7f9c5affd700 1 --2- >> [v2:172.21.15.88:3300/0,v1:172.21.15.88:6789/0] conn(0x7f9c5c104ae0 0x7f9c5c199900 unknown :-1 s=HELLO_CONNECTING pgs=0 cs=0 l=1 rev1=1 crypto rx=0 tx=0 comp rx=0 tx=0).handle_hello peer v2:172.21.15.88:3300/0 says I am v2:172.21.15.88:47596/0 (socket says 172.21.15.88:47596)
2024-09-13T21:31:38.352 INFO:teuthology.orchestra.run.smithi088.stdout:/usr/bin/ceph: stderr
2024-09-13T21:31:37.502+0000 7f9c5affd700 1 -- 172.21.15.88:0/103203301 learned_addr learned my addr 172.21.15.88:0/103203301 (peer_addr_for_me v2:172.21.15.88:0/0)
2024-09-13T21:31:38.352 INFO:teuthology.orchestra.run.smithi088.stdout:/usr/bin/ceph: stderr
2024-09-13T21:31:37.502+0000 7f9c5affd700 1 -- 172.21.15.88:0/103203301 --> [v2:172.21.15.88:3300/0,v1:172.21.15.88:6789/0] -- mon_subscribe({config=0+,monmap=0+}) v3 -- 0x7f9c4c009550 con 0x7f9c5c104ae0
2024-09-13T21:31:38.352 INFO:teuthology.orchestra.run.smithi088.stdout:/usr/bin/ceph: stderr
2024-09-13T21:31:37.502+0000 7f9c5affd700 1 --2- 172.21.15.88:0/103203301 >> [v2:172.21.15.88:3300/0,v1:172.21.15.88:6789/0] conn(0x7f9c5c104ae0 0x7f9c5c199900 secure :-1 s=READY pgs=42 cs=0 l=1 rev1=1 crypto rx=0x7f9c4c000c00 tx=0x7f9c4c011ab0 comp rx=0 tx=0).ready entity=mon.0 client_cookie=0 server_cookie=0 in_seq=0 out_seq=0
2024-09-13T21:31:38.352 INFO:teuthology.orchestra.run.smithi088.stdout:/usr/bin/ceph: stderr
2024-09-13T21:31:37.502+0000 7f9c43fff700 1 -- 172.21.15.88:0/103203301 <== mon.0 v2:172.21.15.88:3300/0 1 ==== mon_map magic: 0 v1 ==== 229+0+0 (secure 0 0 0) 0x7f9c4c003b90 con 0x7f9c5c104ae0
2024-09-13T21:31:38.352 INFO:teuthology.orchestra.run.smithi088.stdout:/usr/bin/ceph: stderr
2024-09-13T21:31:37.502+0000 7f9c43fff700 1 -- 172.21.15.88:0/103203301 <== mon.0 v2:172.21.15.88:3300/0 2 ==== config(27 keys) v1 ==== 1037+0+0 (secure 0 0 0) 0x7f9c4c0248b0 con 0x7f9c5c104ae0
2024-09-13T21:31:38.352 INFO:teuthology.orchestra.run.smithi088.stdout:/usr/bin/ceph: stderr
2024-09-13T21:31:37.502+0000 7f9c6130c700 1 -- 172.21.15.88:0/103203301 --> [v2:172.21.15.88:3300/0,v1:172.21.15.88:6789/0] -- mon_subscribe({mgrmap=0+}) v3 -- 0x7f9c5c19a040 con 0x7f9c5c104ae0
2024-09-13T21:31:38.352 INFO:teuthology.orchestra.run.smithi088.stdout:/usr/bin/ceph: stderr
2024-09-13T21:31:37.502+0000 7f9c43fff700 1 -- 172.21.15.88:0/103203301 <== mon.0 v2:172.21.15.88:3300/0 3 ==== mon_map magic: 0 v1 ==== 229+0+0 (secure 0 0 0) 0x7f9c4c01a8e0 con 0x7f9c5c104ae0
2024-09-13T21:31:38.352 INFO:teuthology.orchestra.run.smithi088.stdout:/usr/bin/ceph: stderr
2024-09-13T21:31:37.502+0000 7f9c6130c700 1 -- 172.21.15.88:0/103203301 --> [v2:172.21.15.88:3300/0,v1:172.21.15.88:6789/0] -- mon_subscribe({osdmap=0}) v3 -- 0x7f9c5c19a460 con 0x7f9c5c104ae0
2024-09-13T21:31:38.353 INFO:teuthology.orchestra.run.smithi088.stdout:/usr/bin/ceph: stderr
2024-09-13T21:31:37.503+0000 7f9c43fff700 1 -- 172.21.15.88:0/103203301 <== mon.0 v2:172.21.15.88:3300/0 4 ==== mgrmap(e 8) v1 ==== 45084+0+0 (secure 0 0 0) 0x7f9c4c01aba0 con 0x7f9c5c104ae0
2024-09-13T21:31:38.353 INFO:teuthology.orchestra.run.smithi088.stdout:/usr/bin/ceph: stderr
2024-09-13T21:31:37.503+0000 7f9c43fff700 1 --2- 172.21.15.88:0/103203301 >> [v2:172.21.15.88:6800/2,v1:172.21.15.88:6801/2] conn(0x7f9c440383f0 0x7f9c4403a8a0 unknown :-1 s=NONE pgs=0 cs=0 l=1 rev1=0 crypto rx=0 tx=0 comp rx=0 tx=0).connect
2024-09-13T21:31:38.353 INFO:teuthology.orchestra.run.smithi088.stdout:/usr/bin/ceph: stderr
2024-09-13T21:31:37.503+0000 7f9c43fff700 1 -- 172.21.15.88:0/103203301 <== mon.0 v2:172.21.15.88:3300/0 5 ==== osd_map(2..2 src has 1..2) v4 ==== 940+0+0 (secure 0 0 0) 0x7f9c4c04c420 con 0x7f9c5c104ae0
2024-09-13T21:31:38.353 INFO:teuthology.orchestra.run.smithi088.stdout:/usr/bin/ceph: stderr
2024-09-13T21:31:37.503+0000 7f9c6130c700 1 -- 172.21.15.88:0/103203301 --> [v2:172.21.15.88:3300/0,v1:172.21.15.88:6789/0] -- mon_command({"prefix": "get_command_descriptions"} v 0) v1 -- 0x7f9c5c062380 con 0x7f9c5c104ae0
2024-09-13T21:31:38.353 INFO:teuthology.orchestra.run.smithi088.stdout:/usr/bin/ceph: stderr
2024-09-13T21:31:37.503+0000 7f9c5a7fc700 1 --2- 172.21.15.88:0/103203301 >> [v2:172.21.15.88:6800/2,v1:172.21.15.88:6801/2] conn(0x7f9c440383f0 0x7f9c4403a8a0 unknown :-1 s=BANNER_CONNECTING pgs=0 cs=0 l=1 rev1=0 crypto rx=0 tx=0 comp rx=0 tx=0)._handle_peer_banner_payload supported=3 required=0
2024-09-13T21:31:38.353 INFO:teuthology.orchestra.run.smithi088.stdout:/usr/bin/ceph: stderr
2024-09-13T21:31:37.504+0000 7f9c5a7fc700 1 --2- 172.21.15.88:0/103203301 >> [v2:172.21.15.88:6800/2,v1:172.21.15.88:6801/2] conn(0x7f9c440383f0 0x7f9c4403a8a0 secure :-1 s=READY pgs=10 cs=0 l=1 rev1=1 crypto rx=0x7f9c50006fd0 tx=0x7f9c50006e40 comp rx=0 tx=0).ready entity=mgr.14118 client_cookie=0 server_cookie=0 in_seq=0 out_seq=0
2024-09-13T21:31:38.354 INFO:teuthology.orchestra.run.smithi088.stdout:/usr/bin/ceph: stderr
2024-09-13T21:31:37.508+0000 7f9c43fff700 1 -- 172.21.15.88:0/103203301 <== mon.0 v2:172.21.15.88:3300/0 6 ==== mon_command_ack([{"prefix": "get_command_descriptions"}]=0 v0) v1 ==== 72+0+177933 (secure 0 0 0) 0x7f9c4c048080 con 0x7f9c5c104ae0
2024-09-13T21:31:38.354 INFO:teuthology.orchestra.run.smithi088.stdout:/usr/bin/ceph: stderr
2024-09-13T21:31:37.698+0000 7f9c6130c700 1 -- 172.21.15.88:0/103203301 --> [v2:172.21.15.88:6800/2,v1:172.21.15.88:6801/2] -- mgr_command(tid 0: {"prefix": "cephadm get-pub-key", "target": ["mon-mgr", ""]}) v1 -- 0x7f9c5c1022c0 con 0x7f9c440383f0
2024-09-13T21:31:38.354 INFO:teuthology.orchestra.run.smithi088.stdout:/usr/bin/ceph: stderr
2024-09-13T21:31:37.699+0000 7f9c43fff700 1 -- 172.21.15.88:0/103203301 <== mgr.14118 v2:172.21.15.88:6800/2 1 ==== mgr_command_reply(tid 0: 0 ) v1 ==== 8+0+595 (secure 0 0 0) 0x7f9c5c1022c0 con 0x7f9c440383f0
2024-09-13T21:31:38.354 INFO:teuthology.orchestra.run.smithi088.stdout:/usr/bin/ceph: stderr
2024-09-13T21:31:37.701+0000 7f9c6130c700 1 -- 172.21.15.88:0/103203301 >> [v2:172.21.15.88:6800/2,v1:172.21.15.88:6801/2] conn(0x7f9c440383f0 msgr2=0x7f9c4403a8a0 secure :-1 s=STATE_CONNECTION_ESTABLISHED l=1).mark_down
2024-09-13T21:31:38.354 INFO:teuthology.orchestra.run.smithi088.stdout:/usr/bin/ceph: stderr
2024-09-13T21:31:37.701+0000 7f9c6130c700 1 --2- 172.21.15.88:0/103203301 >> [v2:172.21.15.88:6800/2,v1:172.21.15.88:6801/2] conn(0x7f9c440383f0 0x7f9c4403a8a0 secure :-1 s=READY pgs=10 cs=0 l=1 rev1=1 crypto rx=0x7f9c50006fd0 tx=0x7f9c50006e40 comp rx=0 tx=0).stop
