2024-09-13T21:35:24.034+0000 7fc14167e640 1 -- 172.21.15.196:0/1263924151 >> [v2:172.21.15.196:3300/0,v1:172.21.15.196:6789/0] conn(0x7fc13c107580 msgr2=0x7fc13c106e00 secure :-1 s=STATE_CONNECTION_ESTABLISHED l=1).mark_down
2024-09-13T21:35:25.123 INFO:teuthology.orchestra.run.smithi196.stdout:/usr/bin/ceph: stderr
2024-09-13T21:35:24.034+0000 7fc14167e640 1 --2- 172.21.15.196:0/1263924151 >> [v2:172.21.15.196:3300/0,v1:172.21.15.196:6789/0] conn(0x7fc13c107580 0x7fc13c106e00 secure :-1 s=READY pgs=71 cs=0 l=1 rev1=1 crypto rx=0x7fc12c031cc0 tx=0x7fc12c031cf0 comp rx=0 tx=0).stop
2024-09-13T21:35:25.124 INFO:teuthology.orchestra.run.smithi196.stdout:/usr/bin/ceph: stderr
2024-09-13T21:35:24.034+0000 7fc14167e640 1 -- 172.21.15.196:0/1263924151 shutdown_connections
2024-09-13T21:35:25.124 INFO:teuthology.orchestra.run.smithi196.stdout:/usr/bin/ceph: stderr
2024-09-13T21:35:24.034+0000 7fc14167e640 1 --2- 172.21.15.196:0/1263924151 >> [v2:172.21.15.196:6800/2242674544,v1:172.21.15.196:6801/2242674544] conn(0x7fc128039200 0x7fc12803b6c0 unknown :-1 s=CLOSED pgs=8 cs=0 l=1 rev1=1 crypto rx=0 tx=0 comp rx=0 tx=0).stop
2024-09-13T21:35:25.124 INFO:teuthology.orchestra.run.smithi196.stdout:/usr/bin/ceph: stderr
2024-09-13T21:35:24.034+0000 7fc14167e640 1 --2- 172.21.15.196:0/1263924151 >> [v2:172.21.15.196:3300/0,v1:172.21.15.196:6789/0] conn(0x7fc13c107580 0x7fc13c106e00 unknown :-1 s=CLOSED pgs=71 cs=0 l=1 rev1=1 crypto rx=0 tx=0 comp rx=0 tx=0).stop
2024-09-13T21:35:25.124 INFO:teuthology.orchestra.run.smithi196.stdout:/usr/bin/ceph: stderr
2024-09-13T21:35:24.034+0000 7fc14167e640 1 -- 172.21.15.196:0/1263924151 >> 172.21.15.196:0/1263924151 conn(0x7fc13c101100 msgr2=0x7fc13c101d90 unknown :-1 s=STATE_NONE l=0).mark_down
2024-09-13T21:35:25.124 INFO:teuthology.orchestra.run.smithi196.stdout:/usr/bin/ceph: stderr
2024-09-13T21:35:24.035+0000 7fc14167e640 1 -- 172.21.15.196:0/1263924151 shutdown_connections
2024-09-13T21:35:25.124 INFO:teuthology.orchestra.run.smithi196.stdout:/usr/bin/ceph: stderr
2024-09-13T21:35:24.035+0000 7fc14167e640 1 -- 172.21.15.196:0/1263924151 wait complete.
2024-09-13T21:35:25.124 INFO:teuthology.orchestra.run.smithi196.stdout:Fetching dashboard port number...
2024-09-13T21:35:25.544 INFO:journalctl@ceph.mon.a.smithi196.stdout:Sep 13 21:35:25 smithi196 ceph-mon[27944]: from='client.14164 -' entity='client.admin' cmd=[{"prefix": "dashboard ac-user-create", "username": "admin", "rolename": "administrator", "force_password": true, "pwd_update_required": true, "target": ["mon-mgr", ""]}]: dispatch
2024-09-13T21:35:26.225 INFO:teuthology.orchestra.run.smithi196.stdout:/usr/bin/ceph: stdout 8443
2024-09-13T21:35:26.225 INFO:teuthology.orchestra.run.smithi196.stdout:/usr/bin/ceph: stderr
2024-09-13T21:35:25.542+0000 7f2b0e495640 1 Processor -- start
2024-09-13T21:35:26.225 INFO:teuthology.orchestra.run.smithi196.stdout:/usr/bin/ceph: stderr
2024-09-13T21:35:25.542+0000 7f2b0e495640 1 -- start start
2024-09-13T21:35:26.225 INFO:teuthology.orchestra.run.smithi196.stdout:/usr/bin/ceph: stderr
2024-09-13T21:35:25.542+0000 7f2b0e495640 1 --2- >> [v2:172.21.15.196:3300/0,v1:172.21.15.196:6789/0] conn(0x7f2b081075e0 0x7f2b081099d0 unknown :-1 s=NONE pgs=0 cs=0 l=0 rev1=0 crypto rx=0 tx=0 comp rx=0 tx=0).connect
2024-09-13T21:35:26.225 INFO:teuthology.orchestra.run.smithi196.stdout:/usr/bin/ceph: stderr
2024-09-13T21:35:25.542+0000 7f2b0e495640 1 -- --> [v2:172.21.15.196:3300/0,v1:172.21.15.196:6789/0] -- mon_getmap magic: 0 -- 0x7f2b08079df0 con 0x7f2b081075e0
2024-09-13T21:35:26.226 INFO:teuthology.orchestra.run.smithi196.stdout:/usr/bin/ceph: stderr
2024-09-13T21:35:25.542+0000 7f2b07fff640 1 --2- >> [v2:172.21.15.196:3300/0,v1:172.21.15.196:6789/0] conn(0x7f2b081075e0 0x7f2b081099d0 unknown :-1 s=BANNER_CONNECTING pgs=0 cs=0 l=0 rev1=0 crypto rx=0 tx=0 comp rx=0 tx=0)._handle_peer_banner_payload supported=3 required=0
2024-09-13T21:35:26.226 INFO:teuthology.orchestra.run.smithi196.stdout:/usr/bin/ceph: stderr
2024-09-13T21:35:25.542+0000 7f2b07fff640 1 --2- >> [v2:172.21.15.196:3300/0,v1:172.21.15.196:6789/0] conn(0x7f2b081075e0 0x7f2b081099d0 unknown :-1 s=HELLO_CONNECTING pgs=0 cs=0 l=0 rev1=1 crypto rx=0 tx=0 comp rx=0 tx=0).handle_hello peer v2:172.21.15.196:3300/0 says I am v2:172.21.15.196:40584/0 (socket says 172.21.15.196:40584)
2024-09-13T21:35:26.226 INFO:teuthology.orchestra.run.smithi196.stdout:/usr/bin/ceph: stderr
2024-09-13T21:35:25.542+0000 7f2b07fff640 1 -- 172.21.15.196:0/438781940 learned_addr learned my addr 172.21.15.196:0/438781940 (peer_addr_for_me v2:172.21.15.196:0/0)
2024-09-13T21:35:26.226 INFO:teuthology.orchestra.run.smithi196.stdout:/usr/bin/ceph: stderr
2024-09-13T21:35:25.542+0000 7f2b07fff640 1 -- 172.21.15.196:0/438781940 --> [v2:172.21.15.196:3300/0,v1:172.21.15.196:6789/0] -- mon_subscribe({config=0+,monmap=0+}) -- 0x7f2b08109f10 con 0x7f2b081075e0
2024-09-13T21:35:26.226 INFO:teuthology.orchestra.run.smithi196.stdout:/usr/bin/ceph: stderr
2024-09-13T21:35:25.543+0000 7f2b07fff640 1 --2- 172.21.15.196:0/438781940 >> [v2:172.21.15.196:3300/0,v1:172.21.15.196:6789/0] conn(0x7f2b081075e0 0x7f2b081099d0 secure :-1 s=READY pgs=72 cs=0 l=1 rev1=1 crypto rx=0x7f2af8009820 tx=0x7f2af802a270 comp rx=0 tx=0).ready entity=mon.0 client_cookie=4946588c2da68e3a server_cookie=0 in_seq=0 out_seq=0
2024-09-13T21:35:26.226 INFO:teuthology.orchestra.run.smithi196.stdout:/usr/bin/ceph: stderr
2024-09-13T21:35:25.543+0000 7f2b06ffd640 1 -- 172.21.15.196:0/438781940 <== mon.0 v2:172.21.15.196:3300/0 1 ==== mon_map magic: 0 ==== 205+0+0 (secure 0 0 0) 0x7f2af8037070 con 0x7f2b081075e0
2024-09-13T21:35:26.226 INFO:teuthology.orchestra.run.smithi196.stdout:/usr/bin/ceph: stderr
2024-09-13T21:35:25.543+0000 7f2b06ffd640 1 -- 172.21.15.196:0/438781940 <== mon.0 v2:172.21.15.196:3300/0 2 ==== config(26 keys) ==== 1102+0+0 (secure 0 0 0) 0x7f2af80328f0 con 0x7f2b081075e0
2024-09-13T21:35:26.226 INFO:teuthology.orchestra.run.smithi196.stdout:/usr/bin/ceph: stderr
2024-09-13T21:35:25.543+0000 7f2b06ffd640 1 -- 172.21.15.196:0/438781940 <== mon.0 v2:172.21.15.196:3300/0 3 ==== mon_map magic: 0 ==== 205+0+0 (secure 0 0 0) 0x7f2af8030740 con 0x7f2b081075e0
2024-09-13T21:35:26.226 INFO:teuthology.orchestra.run.smithi196.stdout:/usr/bin/ceph: stderr
2024-09-13T21:35:25.544+0000 7f2b0e495640 1 -- 172.21.15.196:0/438781940 >> [v2:172.21.15.196:3300/0,v1:172.21.15.196:6789/0] conn(0x7f2b081075e0 msgr2=0x7f2b081099d0 secure :-1 s=STATE_CONNECTION_ESTABLISHED l=1).mark_down
2024-09-13T21:35:26.226 INFO:teuthology.orchestra.run.smithi196.stdout:/usr/bin/ceph: stderr
2024-09-13T21:35:25.544+0000 7f2b0e495640 1 --2- 172.21.15.196:0/438781940 >> [v2:172.21.15.196:3300/0,v1:172.21.15.196:6789/0] conn(0x7f2b081075e0 0x7f2b081099d0 secure :-1 s=READY pgs=72 cs=0 l=1 rev1=1 crypto rx=0x7f2af8009820 tx=0x7f2af802a270 comp rx=0 tx=0).stop
2024-09-13T21:35:26.226 INFO:teuthology.orchestra.run.smithi196.stdout:/usr/bin/ceph: stderr
2024-09-13T21:35:25.544+0000 7f2b0e495640 1 -- 172.21.15.196:0/438781940 shutdown_connections
2024-09-13T21:35:26.226 INFO:teuthology.orchestra.run.smithi196.stdout:/usr/bin/ceph: stderr
2024-09-13T21:35:25.544+0000 7f2b0e495640 1 --2- 172.21.15.196:0/438781940 >> [v2:172.21.15.196:3300/0,v1:172.21.15.196:6789/0] conn(0x7f2b081075e0 0x7f2b081099d0 unknown :-1 s=CLOSED pgs=72 cs=0 l=1 rev1=1 crypto rx=0 tx=0 comp rx=0 tx=0).stop
2024-09-13T21:35:26.227 INFO:teuthology.orchestra.run.smithi196.stdout:/usr/bin/ceph: stderr
2024-09-13T21:35:25.544+0000 7f2b0e495640 1 -- 172.21.15.196:0/438781940 >> 172.21.15.196:0/438781940 conn(0x7f2b08101100 msgr2=0x7f2b08103580 unknown :-1 s=STATE_NONE l=0).mark_down
2024-09-13T21:35:26.227 INFO:teuthology.orchestra.run.smithi196.stdout:/usr/bin/ceph: stderr
2024-09-13T21:35:25.544+0000 7f2b0e495640 1 -- 172.21.15.196:0/438781940 shutdown_connections
2024-09-13T21:35:26.227 INFO:teuthology.orchestra.run.smithi196.stdout:/usr/bin/ceph: stderr
2024-09-13T21:35:25.544+0000 7f2b0e495640 1 -- 172.21.15.196:0/438781940 wait complete.
2024-09-13T21:35:26.227 INFO:teuthology.orchestra.run.smithi196.stdout:/usr/bin/ceph: stderr
2024-09-13T21:35:25.545+0000 7f2b0e495640 1 Processor -- start
2024-09-13T21:35:26.227 INFO:teuthology.orchestra.run.smithi196.stdout:/usr/bin/ceph: stderr
2024-09-13T21:35:25.545+0000 7f2b0e495640 1 -- start start
2024-09-13T21:35:26.227 INFO:teuthology.orchestra.run.smithi196.stdout:/usr/bin/ceph: stderr
2024-09-13T21:35:25.545+0000 7f2b0e495640 1 --2- >> [v2:172.21.15.196:3300/0,v1:172.21.15.196:6789/0] conn(0x7f2b081075e0 0x7f2b08106e60 unknown :-1 s=NONE pgs=0 cs=0 l=1 rev1=0 crypto rx=0 tx=0 comp rx=0 tx=0).connect
2024-09-13T21:35:26.227 INFO:teuthology.orchestra.run.smithi196.stdout:/usr/bin/ceph: stderr
2024-09-13T21:35:25.545+0000 7f2b0e495640 1 -- --> [v2:172.21.15.196:3300/0,v1:172.21.15.196:6789/0] -- mon_getmap magic: 0 -- 0x7f2b0810aed0 con 0x7f2b081075e0
2024-09-13T21:35:26.227 INFO:teuthology.orchestra.run.smithi196.stdout:/usr/bin/ceph: stderr
2024-09-13T21:35:25.545+0000 7f2b07fff640 1 --2- >> [v2:172.21.15.196:3300/0,v1:172.21.15.196:6789/0] conn(0x7f2b081075e0 0x7f2b08106e60 unknown :-1 s=BANNER_CONNECTING pgs=0 cs=0 l=1 rev1=0 crypto rx=0 tx=0 comp rx=0 tx=0)._handle_peer_banner_payload supported=3 required=0
2024-09-13T21:35:26.227 INFO:teuthology.orchestra.run.smithi196.stdout:/usr/bin/ceph: stderr
2024-09-13T21:35:25.545+0000 7f2b07fff640 1 --2- >> [v2:172.21.15.196:3300/0,v1:172.21.15.196:6789/0] conn(0x7f2b081075e0 0x7f2b08106e60 unknown :-1 s=HELLO_CONNECTING pgs=0 cs=0 l=1 rev1=1 crypto rx=0 tx=0 comp rx=0 tx=0).handle_hello peer v2:172.21.15.196:3300/0 says I am v2:172.21.15.196:40588/0 (socket says 172.21.15.196:40588)
2024-09-13T21:35:26.227 INFO:teuthology.orchestra.run.smithi196.stdout:/usr/bin/ceph: stderr
2024-09-13T21:35:25.545+0000 7f2b07fff640 1 -- 172.21.15.196:0/4037797057 learned_addr learned my addr 172.21.15.196:0/4037797057 (peer_addr_for_me v2:172.21.15.196:0/0)
2024-09-13T21:35:26.227 INFO:teuthology.orchestra.run.smithi196.stdout:/usr/bin/ceph: stderr
2024-09-13T21:35:25.546+0000 7f2b07fff640 1 -- 172.21.15.196:0/4037797057 --> [v2:172.21.15.196:3300/0,v1:172.21.15.196:6789/0] -- mon_subscribe({config=0+,monmap=0+}) -- 0x7f2b081073a0 con 0x7f2b081075e0
2024-09-13T21:35:26.227 INFO:teuthology.orchestra.run.smithi196.stdout:/usr/bin/ceph: stderr
2024-09-13T21:35:25.546+0000 7f2b07fff640 1 --2- 172.21.15.196:0/4037797057 >> [v2:172.21.15.196:3300/0,v1:172.21.15.196:6789/0] conn(0x7f2b081075e0 0x7f2b08106e60 secure :-1 s=READY pgs=73 cs=0 l=1 rev1=1 crypto rx=0x7f2af80327b0 tx=0x7f2af80327e0 comp rx=0 tx=0).ready entity=mon.0 client_cookie=0 server_cookie=0 in_seq=0 out_seq=0
2024-09-13T21:35:26.227 INFO:teuthology.orchestra.run.smithi196.stdout:/usr/bin/ceph: stderr
2024-09-13T21:35:25.546+0000 7f2b057fa640 1 -- 172.21.15.196:0/4037797057 <== mon.0 v2:172.21.15.196:3300/0 1 ==== mon_map magic: 0 ==== 205+0+0 (secure 0 0 0) 0x7f2af8042070 con 0x7f2b081075e0
2024-09-13T21:35:26.227 INFO:teuthology.orchestra.run.smithi196.stdout:/usr/bin/ceph: stderr
2024-09-13T21:35:25.546+0000 7f2b0e495640 1 -- 172.21.15.196:0/4037797057 --> [v2:172.21.15.196:3300/0,v1:172.21.15.196:6789/0] -- mon_subscribe({mgrmap=0+}) -- 0x7f2b08105590 con 0x7f2b081075e0
2024-09-13T21:35:26.228 INFO:teuthology.orchestra.run.smithi196.stdout:/usr/bin/ceph: stderr
2024-09-13T21:35:25.546+0000 7f2b057fa640 1 -- 172.21.15.196:0/4037797057 <== mon.0 v2:172.21.15.196:3300/0 2 ==== config(26 keys) ==== 1102+0+0 (secure 0 0 0) 0x7f2af8030d50 con 0x7f2b081075e0
2024-09-13T21:35:26.228 INFO:teuthology.orchestra.run.smithi196.stdout:/usr/bin/ceph: stderr
2024-09-13T21:35:25.546+0000 7f2b057fa640 1 -- 172.21.15.196:0/4037797057 <== mon.0 v2:172.21.15.196:3300/0 3 ==== mon_map magic: 0 ==== 205+0+0 (secure 0 0 0) 0x7f2af8037040 con 0x7f2b081075e0
2024-09-13T21:35:26.228 INFO:teuthology.orchestra.run.smithi196.stdout:/usr/bin/ceph: stderr
2024-09-13T21:35:25.546+0000 7f2b0e495640 1 -- 172.21.15.196:0/4037797057 --> [v2:172.21.15.196:3300/0,v1:172.21.15.196:6789/0] -- mon_subscribe({osdmap=0}) -- 0x7f2b08105ad0 con 0x7f2b081075e0
2024-09-13T21:35:26.228 INFO:teuthology.orchestra.run.smithi196.stdout:/usr/bin/ceph: stderr
2024-09-13T21:35:25.547+0000 7f2b057fa640 1 -- 172.21.15.196:0/4037797057 <== mon.0 v2:172.21.15.196:3300/0 4 ==== mgrmap(e 12) ==== 46474+0+0 (secure 0 0 0) 0x7f2af8045070 con 0x7f2b081075e0
2024-09-13T21:35:26.228 INFO:teuthology.orchestra.run.smithi196.stdout:/usr/bin/ceph: stderr
2024-09-13T21:35:25.547+0000 7f2b0e495640 1 -- 172.21.15.196:0/4037797057 --> [v2:172.21.15.196:3300/0,v1:172.21.15.196:6789/0] -- mon_command({"prefix": "get_command_descriptions"} v 0) -- 0x7f2b08107a40 con 0x7f2b081075e0
2024-09-13T21:35:26.228 INFO:teuthology.orchestra.run.smithi196.stdout:/usr/bin/ceph: stderr
2024-09-13T21:35:25.547+0000 7f2b057fa640 1 --2- 172.21.15.196:0/4037797057 >> [v2:172.21.15.196:6800/2242674544,v1:172.21.15.196:6801/2242674544] conn(0x7f2af00391b0 0x7f2af003b670 unknown :-1 s=NONE pgs=0 cs=0 l=1 rev1=0 crypto rx=0 tx=0 comp rx=0 tx=0).connect
2024-09-13T21:35:26.228 INFO:teuthology.orchestra.run.smithi196.stdout:/usr/bin/ceph: stderr
2024-09-13T21:35:25.547+0000 7f2b057fa640 1 -- 172.21.15.196:0/4037797057 <== mon.0 v2:172.21.15.196:3300/0 5 ==== osd_map(3..3 src has 1..3) ==== 1155+0+0 (secure 0 0 0) 0x7f2af806d360 con 0x7f2b081075e0
2024-09-13T21:35:26.228 INFO:teuthology.orchestra.run.smithi196.stdout:/usr/bin/ceph: stderr
2024-09-13T21:35:25.547+0000 7f2b077fe640 1 --2- 172.21.15.196:0/4037797057 >> [v2:172.21.15.196:6800/2242674544,v1:172.21.15.196:6801/2242674544] conn(0x7f2af00391b0 0x7f2af003b670 unknown :-1 s=BANNER_CONNECTING pgs=0 cs=0 l=1 rev1=0 crypto rx=0 tx=0 comp rx=0 tx=0)._handle_peer_banner_payload supported=3 required=0
2024-09-13T21:35:26.228 INFO:teuthology.orchestra.run.smithi196.stdout:/usr/bin/ceph: stderr
2024-09-13T21:35:25.548+0000 7f2b077fe640 1 --2- 172.21.15.196:0/4037797057 >> [v2:172.21.15.196:6800/2242674544,v1:172.21.15.196:6801/2242674544] conn(0x7f2af00391b0 0x7f2af003b670 secure :-1 s=READY pgs=9 cs=0 l=1 rev1=1 crypto rx=0x7f2afc0098c0 tx=0x7f2afc006db0 comp rx=0 tx=0).ready entity=mgr.14150 client_cookie=0 server_cookie=0 in_seq=0 out_seq=0
2024-09-13T21:35:26.228 INFO:teuthology.orchestra.run.smithi196.stdout:/usr/bin/ceph: stderr
2024-09-13T21:35:25.552+0000 7f2b057fa640 1 -- 172.21.15.196:0/4037797057 <== mon.0 v2:172.21.15.196:3300/0 6 ==== mon_command_ack([{"prefix": "get_command_descriptions"}]=0 v0) ==== 72+0+188821 (secure 0 0 0) 0x7f2af8045360 con 0x7f2b081075e0
2024-09-13T21:35:26.228 INFO:teuthology.orchestra.run.smithi196.stdout:/usr/bin/ceph: stderr
2024-09-13T21:35:25.720+0000 7f2b0e495640 1 -- 172.21.15.196:0/4037797057 --> [v2:172.21.15.196:3300/0,v1:172.21.15.196:6789/0] -- mon_command({"prefix": "config get", "who": "mgr", "key": "mgr/dashboard/ssl_server_port"} v 0) -- 0x7f2b08105d50 con 0x7f2b081075e0
2024-09-13T21:35:26.228 INFO:teuthology.orchestra.run.smithi196.stdout:/usr/bin/ceph: stderr
2024-09-13T21:35:25.720+0000 7f2b057fa640 1 -- 172.21.15.196:0/4037797057 <== mon.0 v2:172.21.15.196:3300/0 7 ==== mon_command_ack([{"prefix": "config get", "who": "mgr", "key": "mgr/dashboard/ssl_server_port"}]=0 v8) ==== 112+0+5 (secure 0 0 0) 0x7f2af802ed90 con 0x7f2b081075e0
2024-09-13T21:35:26.228 INFO:teuthology.orchestra.run.smithi196.stdout:/usr/bin/ceph: stderr
2024-09-13T21:35:25.722+0000 7f2b0e495640 1 -- 172.21.15.196:0/4037797057 >> [v2:172.21.15.196:6800/2242674544,v1:172.21.15.196:6801/2242674544] conn(0x7f2af00391b0 msgr2=0x7f2af003b670 secure :-1 s=STATE_CONNECTION_ESTABLISHED l=1).mark_down
2024-09-13T21:35:26.229 INFO:teuthology.orchestra.run.smithi196.stdout:/usr/bin/ceph: stderr
2024-09-13T21:35:25.722+0000 7f2b0e495640 1 --2- 172.21.15.196:0/4037797057 >> [v2:172.21.15.196:6800/2242674544,v1:172.21.15.196:6801/2242674544] conn(0x7f2af00391b0 0x7f2af003b670 secure :-1 s=READY pgs=9 cs=0 l=1 rev1=1 crypto rx=0x7f2afc0098c0 tx=0x7f2afc006db0 comp rx=0 tx=0).stop
2024-09-13T21:35:26.229 INFO:teuthology.orchestra.run.smithi196.stdout:/usr/bin/ceph: stderr
2024-09-13T21:35:25.722+0000 7f2b0e495640 1 -- 172.21.15.196:0/4037797057 >> [v2:172.21.15.196:3300/0,v1:172.21.15.196:6789/0] conn(0x7f2b081075e0 msgr2=0x7f2b08106e60 secure :-1 s=STATE_CONNECTION_ESTABLISHED l=1).mark_down
2024-09-13T21:35:26.229 INFO:teuthology.orchestra.run.smithi196.stdout:/usr/bin/ceph: stderr
2024-09-13T21:35:25.722+0000 7f2b0e495640 1 --2- 172.21.15.196:0/4037797057 >> [v2:172.21.15.196:3300/0,v1:172.21.15.196:6789/0] conn(0x7f2b081075e0 0x7f2b08106e60 secure :-1 s=READY pgs=73 cs=0 l=1 rev1=1 crypto rx=0x7f2af80327b0 tx=0x7f2af80327e0 comp rx=0 tx=0).stop
2024-09-13T21:35:26.229 INFO:teuthology.orchestra.run.smithi196.stdout:/usr/bin/ceph: stderr
2024-09-13T21:35:25.722+0000 7f2b0e495640 1 -- 172.21.15.196:0/4037797057 shutdown_connections
2024-09-13T21:35:26.229 INFO:teuthology.orchestra.run.smithi196.stdout:/usr/bin/ceph: stderr
2024-09-13T21:35:25.722+0000 7f2b0e495640 1 --2- 172.21.15.196:0/4037797057 >> [v2:172.21.15.196:6800/2242674544,v1:172.21.15.196:6801/2242674544] conn(0x7f2af00391b0 0x7f2af003b670 unknown :-1 s=CLOSED pgs=9 cs=0 l=1 rev1=1 crypto rx=0 tx=0 comp rx=0 tx=0).stop
2024-09-13T21:35:26.229 INFO:teuthology.orchestra.run.smithi196.stdout:/usr/bin/ceph: stderr
2024-09-13T21:35:25.722+0000 7f2b0e495640 1 --2- 172.21.15.196:0/4037797057 >> [v2:172.21.15.196:3300/0,v1:172.21.15.196:6789/0] conn(0x7f2b081075e0 0x7f2b08106e60 unknown :-1 s=CLOSED pgs=73 cs=0 l=1 rev1=1 crypto rx=0 tx=0 comp rx=0 tx=0).stop
2024-09-13T21:35:26.229 INFO:teuthology.orchestra.run.smithi196.stdout:/usr/bin/ceph: stderr
2024-09-13T21:35:25.722+0000 7f2b0e495640 1 -- 172.21.15.196:0/4037797057 >> 172.21.15.196:0/4037797057 conn(0x7f2b08101100 msgr2=0x7f2b08101de0 unknown :-1 s=STATE_NONE l=0).mark_down
2024-09-13T21:35:26.229 INFO:teuthology.orchestra.run.smithi196.stdout:/usr/bin/ceph: stderr
2024-09-13T21:35:25.722+0000 7f2b0e495640 1 -- 172.21.15.196:0/4037797057 shutdown_connections
2024-09-13T21:35:26.229 INFO:teuthology.orchestra.run.smithi196.stdout:/usr/bin/ceph: stderr
2024-09-13T21:35:25.722+0000 7f2b0e495640 1 -- 172.21.15.196:0/4037797057 wait complete.
2024-09-13T21:35:26.232 INFO:teuthology.orchestra.run.smithi196.stdout:Non-zero exit code 1 from systemctl is-enabled firewalld.service
2024-09-13T21:35:26.232 INFO:teuthology.orchestra.run.smithi196.stdout:systemctl: stdout disabled
2024-09-13T21:35:26.239 INFO:teuthology.orchestra.run.smithi196.stdout:Non-zero exit code 3 from systemctl is-active firewalld.service
2024-09-13T21:35:26.240 INFO:teuthology.orchestra.run.smithi196.stdout:systemctl: stdout inactive
2024-09-13T21:35:26.240 INFO:teuthology.orchestra.run.smithi196.stdout:firewalld.service is not enabled
2024-09-13T21:35:26.240 INFO:teuthology.orchestra.run.smithi196.stdout:Not possible to open ports <[8443]>. firewalld.service is not available
2024-09-13T21:35:26.241 INFO:teuthology.orchestra.run.smithi196.stdout:Ceph Dashboard is now available at:
2024-09-13T21:35:26.241 INFO:teuthology.orchestra.run.smithi196.stdout:
2024-09-13T21:35:26.241 INFO:teuthology.orchestra.run.smithi196.stdout: URL: https://smithi196.front.sepia.ceph.com:8443/
2024-09-13T21:35:26.241 INFO:teuthology.orchestra.run.smithi196.stdout: User: admin
2024-09-13T21:35:26.241 INFO:teuthology.orchestra.run.smithi196.stdout: Password: 15s5b6cd09
2024-09-13T21:35:26.241 INFO:teuthology.orchestra.run.smithi196.stdout:
2024-09-13T21:35:26.242 INFO:teuthology.orchestra.run.smithi196.stdout:Saving cluster configuration to /var/lib/ceph/de3027f4-7217-11ef-bceb-c7b262605968/config directory
2024-09-13T21:35:26.480 INFO:journalctl@ceph.mon.a.smithi196.stdout:Sep 13 21:35:26 smithi196 ceph-mon[27944]: from='client.? 172.21.15.196:0/4037797057' entity='client.admin' cmd=[{"prefix": "config get", "who": "mgr", "key": "mgr/dashboard/ssl_server_port"}]: dispatch
2024-09-13T21:35:27.515 INFO:journalctl@ceph.mon.a.smithi196.stdout:Sep 13 21:35:27 smithi196 ceph-mon[27944]: mgrmap e13: x(active, since 6s)
2024-09-13T21:35:27.516 INFO:journalctl@ceph.mon.a.smithi196.stdout:Sep 13 21:35:27 smithi196 ceph-mon[27944]: from='client.? 172.21.15.196:0/1858645111' entity='client.admin'
2024-09-13T21:35:27.523 INFO:teuthology.orchestra.run.smithi196.stdout:/usr/bin/ceph: stderr
2024-09-13T21:35:26.632+0000 7feebf9dc640 1 Processor -- start
2024-09-13T21:35:27.523 INFO:teuthology.orchestra.run.smithi196.stdout:/usr/bin/ceph: stderr
2024-09-13T21:35:26.632+0000 7feebf9dc640 1 -- start start
2024-09-13T21:35:27.523 INFO:teuthology.orchestra.run.smithi196.stdout:/usr/bin/ceph: stderr
2024-09-13T21:35:26.632+0000 7feebf9dc640 1 --2- >> [v2:172.21.15.196:3300/0,v1:172.21.15.196:6789/0] conn(0x7feeb8106aa0 0x7feeb8106ea0 unknown :-1 s=NONE pgs=0 cs=0 l=0 rev1=0 crypto rx=0 tx=0 comp rx=0 tx=0).connect
2024-09-13T21:35:27.523 INFO:teuthology.orchestra.run.smithi196.stdout:/usr/bin/ceph: stderr
2024-09-13T21:35:26.633+0000 7feebf9dc640 1 -- --> [v2:172.21.15.196:3300/0,v1:172.21.15.196:6789/0] -- mon_getmap magic: 0 -- 0x7feeb8107470 con 0x7feeb8106aa0
2024-09-13T21:35:27.523 INFO:teuthology.orchestra.run.smithi196.stdout:/usr/bin/ceph: stderr
2024-09-13T21:35:26.633+0000 7feebd778640 1 --2- >> [v2:172.21.15.196:3300/0,v1:172.21.15.196:6789/0] conn(0x7feeb8106aa0 0x7feeb8106ea0 unknown :-1 s=BANNER_CONNECTING pgs=0 cs=0 l=0 rev1=0 crypto rx=0 tx=0 comp rx=0 tx=0)._handle_peer_banner_payload supported=3 required=0
2024-09-13T21:35:27.523 INFO:teuthology.orchestra.run.smithi196.stdout:/usr/bin/ceph: stderr
2024-09-13T21:35:26.633+0000 7feebd778640 1 --2- >> [v2:172.21.15.196:3300/0,v1:172.21.15.196:6789/0] conn(0x7feeb8106aa0 0x7feeb8106ea0 unknown :-1 s=HELLO_CONNECTING pgs=0 cs=0 l=0 rev1=1 crypto rx=0 tx=0 comp rx=0 tx=0).handle_hello peer v2:172.21.15.196:3300/0 says I am v2:172.21.15.196:40600/0 (socket says 172.21.15.196:40600)
2024-09-13T21:35:27.523 INFO:teuthology.orchestra.run.smithi196.stdout:/usr/bin/ceph: stderr
2024-09-13T21:35:26.633+0000 7feebd778640 1 -- 172.21.15.196:0/2864572848 learned_addr learned my addr 172.21.15.196:0/2864572848 (peer_addr_for_me v2:172.21.15.196:0/0)
2024-09-13T21:35:27.524 INFO:teuthology.orchestra.run.smithi196.stdout:/usr/bin/ceph: stderr
2024-09-13T21:35:26.633+0000 7feebd778640 1 -- 172.21.15.196:0/2864572848 --> [v2:172.21.15.196:3300/0,v1:172.21.15.196:6789/0] -- mon_subscribe({config=0+,monmap=0+}) -- 0x7feeb8107ca0 con 0x7feeb8106aa0
2024-09-13T21:35:27.524 INFO:teuthology.orchestra.run.smithi196.stdout:/usr/bin/ceph: stderr
2024-09-13T21:35:26.634+0000 7feebd778640 1 --2- 172.21.15.196:0/2864572848 >> [v2:172.21.15.196:3300/0,v1:172.21.15.196:6789/0] conn(0x7feeb8106aa0 0x7feeb8106ea0 secure :-1 s=READY pgs=74 cs=0 l=1 rev1=1 crypto rx=0x7feea8009e80 tx=0x7feea802a7a0 comp rx=0 tx=0).ready entity=mon.0 client_cookie=23b484c3b21f12ef server_cookie=0 in_seq=0 out_seq=0
2024-09-13T21:35:27.524 INFO:teuthology.orchestra.run.smithi196.stdout:/usr/bin/ceph: stderr
2024-09-13T21:35:26.634+0000 7feeb7fff640 1 -- 172.21.15.196:0/2864572848 <== mon.0 v2:172.21.15.196:3300/0 1 ==== mon_map magic: 0 ==== 205+0+0 (secure 0 0 0) 0x7feea8036070 con 0x7feeb8106aa0
2024-09-13T21:35:27.524 INFO:teuthology.orchestra.run.smithi196.stdout:/usr/bin/ceph: stderr
2024-09-13T21:35:26.634+0000 7feeb7fff640 1 -- 172.21.15.196:0/2864572848 <== mon.0 v2:172.21.15.196:3300/0 2 ==== config(26 keys) ==== 1102+0+0 (secure 0 0 0) 0x7feea80318b0 con 0x7feeb8106aa0
2024-09-13T21:35:27.524 INFO:teuthology.orchestra.run.smithi196.stdout:/usr/bin/ceph: stderr
2024-09-13T21:35:26.634+0000 7feeb7fff640 1 -- 172.21.15.196:0/2864572848 <== mon.0 v2:172.21.15.196:3300/0 3 ==== mon_map magic: 0 ==== 205+0+0 (secure 0 0 0) 0x7feea8007930 con 0x7feeb8106aa0
2024-09-13T21:35:27.524 INFO:teuthology.orchestra.run.smithi196.stdout:/usr/bin/ceph: stderr
2024-09-13T21:35:26.634+0000 7feebf9dc640 1 -- 172.21.15.196:0/2864572848 >> [v2:172.21.15.196:3300/0,v1:172.21.15.196:6789/0] conn(0x7feeb8106aa0 msgr2=0x7feeb8106ea0 secure :-1 s=STATE_CONNECTION_ESTABLISHED l=1).mark_down
2024-09-13T21:35:27.524 INFO:teuthology.orchestra.run.smithi196.stdout:/usr/bin/ceph: stderr
2024-09-13T21:35:26.634+0000 7feebf9dc640 1 --2- 172.21.15.196:0/2864572848 >> [v2:172.21.15.196:3300/0,v1:172.21.15.196:6789/0] conn(0x7feeb8106aa0 0x7feeb8106ea0 secure :-1 s=READY pgs=74 cs=0 l=1 rev1=1 crypto rx=0x7feea8009e80 tx=0x7feea802a7a0 comp rx=0 tx=0).stop
2024-09-13T21:35:27.524 INFO:teuthology.orchestra.run.smithi196.stdout:/usr/bin/ceph: stderr
2024-09-13T21:35:26.635+0000 7feebf9dc640 1 -- 172.21.15.196:0/2864572848 shutdown_connections
2024-09-13T21:35:27.524 INFO:teuthology.orchestra.run.smithi196.stdout:/usr/bin/ceph: stderr
2024-09-13T21:35:26.635+0000 7feebf9dc640 1 --2- 172.21.15.196:0/2864572848 >> [v2:172.21.15.196:3300/0,v1:172.21.15.196:6789/0] conn(0x7feeb8106aa0 0x7feeb8106ea0 unknown :-1 s=CLOSED pgs=74 cs=0 l=1 rev1=1 crypto rx=0 tx=0 comp rx=0 tx=0).stop
2024-09-13T21:35:27.524 INFO:teuthology.orchestra.run.smithi196.stdout:/usr/bin/ceph: stderr
2024-09-13T21:35:26.635+0000 7feebf9dc640 1 -- 172.21.15.196:0/2864572848 >> 172.21.15.196:0/2864572848 conn(0x7feeb81021f0 msgr2=0x7feeb8104670 unknown :-1 s=STATE_NONE l=0).mark_down
2024-09-13T21:35:27.524 INFO:teuthology.orchestra.run.smithi196.stdout:/usr/bin/ceph: stderr
2024-09-13T21:35:26.635+0000 7feebf9dc640 1 -- 172.21.15.196:0/2864572848 shutdown_connections
2024-09-13T21:35:27.524 INFO:teuthology.orchestra.run.smithi196.stdout:/usr/bin/ceph: stderr
2024-09-13T21:35:26.635+0000 7feebf9dc640 1 -- 172.21.15.196:0/2864572848 wait complete.
2024-09-13T21:35:27.524 INFO:teuthology.orchestra.run.smithi196.stdout:/usr/bin/ceph: stderr
2024-09-13T21:35:26.635+0000 7feebf9dc640 1 Processor -- start
2024-09-13T21:35:27.525 INFO:teuthology.orchestra.run.smithi196.stdout:/usr/bin/ceph: stderr
2024-09-13T21:35:26.635+0000 7feebf9dc640 1 -- start start
2024-09-13T21:35:27.525 INFO:teuthology.orchestra.run.smithi196.stdout:/usr/bin/ceph: stderr
2024-09-13T21:35:26.635+0000 7feebf9dc640 1 --2- >> [v2:172.21.15.196:3300/0,v1:172.21.15.196:6789/0] conn(0x7feeb8106aa0 0x7feeb807bb70 unknown :-1 s=NONE pgs=0 cs=0 l=1 rev1=0 crypto rx=0 tx=0 comp rx=0 tx=0).connect
2024-09-13T21:35:27.525 INFO:teuthology.orchestra.run.smithi196.stdout:/usr/bin/ceph: stderr
2024-09-13T21:35:26.635+0000 7feebf9dc640 1 -- --> [v2:172.21.15.196:3300/0,v1:172.21.15.196:6789/0] -- mon_getmap magic: 0 -- 0x7feeb810b050 con 0x7feeb8106aa0
2024-09-13T21:35:27.525 INFO:teuthology.orchestra.run.smithi196.stdout:/usr/bin/ceph: stderr
2024-09-13T21:35:26.635+0000 7feebd778640 1 --2- >> [v2:172.21.15.196:3300/0,v1:172.21.15.196:6789/0] conn(0x7feeb8106aa0 0x7feeb807bb70 unknown :-1 s=BANNER_CONNECTING pgs=0 cs=0 l=1 rev1=0 crypto rx=0 tx=0 comp rx=0 tx=0)._handle_peer_banner_payload supported=3 required=0
2024-09-13T21:35:27.525 INFO:teuthology.orchestra.run.smithi196.stdout:/usr/bin/ceph: stderr
2024-09-13T21:35:26.636+0000 7feebd778640 1 --2- >> [v2:172.21.15.196:3300/0,v1:172.21.15.196:6789/0] conn(0x7feeb8106aa0 0x7feeb807bb70 unknown :-1 s=HELLO_CONNECTING pgs=0 cs=0 l=1 rev1=1 crypto rx=0 tx=0 comp rx=0 tx=0).handle_hello peer v2:172.21.15.196:3300/0 says I am v2:172.21.15.196:40604/0 (socket says 172.21.15.196:40604)
2024-09-13T21:35:27.525 INFO:teuthology.orchestra.run.smithi196.stdout:/usr/bin/ceph: stderr
2024-09-13T21:35:26.636+0000 7feebd778640 1 -- 172.21.15.196:0/1858645111 learned_addr learned my addr 172.21.15.196:0/1858645111 (peer_addr_for_me v2:172.21.15.196:0/0)
2024-09-13T21:35:27.525 INFO:teuthology.orchestra.run.smithi196.stdout:/usr/bin/ceph: stderr
2024-09-13T21:35:26.636+0000 7feebd778640 1 -- 172.21.15.196:0/1858645111 --> [v2:172.21.15.196:3300/0,v1:172.21.15.196:6789/0] -- mon_subscribe({config=0+,monmap=0+}) -- 0x7feeb807c0b0 con 0x7feeb8106aa0
2024-09-13T21:35:27.525 INFO:teuthology.orchestra.run.smithi196.stdout:/usr/bin/ceph: stderr
2024-09-13T21:35:26.636+0000 7feebd778640 1 --2- 172.21.15.196:0/1858645111 >> [v2:172.21.15.196:3300/0,v1:172.21.15.196:6789/0] conn(0x7feeb8106aa0 0x7feeb807bb70 secure :-1 s=READY pgs=75 cs=0 l=1 rev1=1 crypto rx=0x7feea8007b60 tx=0x7feea8031c90 comp rx=0 tx=0).ready entity=mon.0 client_cookie=0 server_cookie=0 in_seq=0 out_seq=0
2024-09-13T21:35:27.525 INFO:teuthology.orchestra.run.smithi196.stdout:/usr/bin/ceph: stderr
2024-09-13T21:35:26.636+0000 7feeb67fc640 1 -- 172.21.15.196:0/1858645111 <== mon.0 v2:172.21.15.196:3300/0 1 ==== mon_map magic: 0 ==== 205+0+0 (secure 0 0 0) 0x7feea8036050 con 0x7feeb8106aa0
2024-09-13T21:35:27.525 INFO:teuthology.orchestra.run.smithi196.stdout:/usr/bin/ceph: stderr
2024-09-13T21:35:26.636+0000 7feeb67fc640 1 -- 172.21.15.196:0/1858645111 <== mon.0 v2:172.21.15.196:3300/0 2 ==== config(26 keys) ==== 1102+0+0 (secure 0 0 0) 0x7feea8042070 con 0x7feeb8106aa0
2024-09-13T21:35:27.525 INFO:teuthology.orchestra.run.smithi196.stdout:/usr/bin/ceph: stderr
2024-09-13T21:35:26.636+0000 7feebf9dc640 1 -- 172.21.15.196:0/1858645111 --> [v2:172.21.15.196:3300/0,v1:172.21.15.196:6789/0] -- mon_subscribe({mgrmap=0+}) -- 0x7feeb807a2a0 con 0x7feeb8106aa0
2024-09-13T21:35:27.525 INFO:teuthology.orchestra.run.smithi196.stdout:/usr/bin/ceph: stderr
2024-09-13T21:35:26.636+0000 7feeb67fc640 1 -- 172.21.15.196:0/1858645111 <== mon.0 v2:172.21.15.196:3300/0 3 ==== mon_map magic: 0 ==== 205+0+0 (secure 0 0 0) 0x7feea803da30 con 0x7feeb8106aa0
2024-09-13T21:35:27.525 INFO:teuthology.orchestra.run.smithi196.stdout:/usr/bin/ceph: stderr
2024-09-13T21:35:26.636+0000 7feebf9dc640 1 -- 172.21.15.196:0/1858645111 --> [v2:172.21.15.196:3300/0,v1:172.21.15.196:6789/0] -- mon_subscribe({osdmap=0}) -- 0x7feeb807a7e0 con 0x7feeb8106aa0
2024-09-13T21:35:27.526 INFO:teuthology.orchestra.run.smithi196.stdout:/usr/bin/ceph: stderr
2024-09-13T21:35:26.637+0000 7feeb67fc640 1 -- 172.21.15.196:0/1858645111 <== mon.0 v2:172.21.15.196:3300/0 4 ==== mgrmap(e 13) ==== 46518+0+0 (secure 0 0 0) 0x7feea803b610 con 0x7feeb8106aa0
2024-09-13T21:35:27.526 INFO:teuthology.orchestra.run.smithi196.stdout:/usr/bin/ceph: stderr
2024-09-13T21:35:26.637+0000 7feebf9dc640 1 -- 172.21.15.196:0/1858645111 --> [v2:172.21.15.196:3300/0,v1:172.21.15.196:6789/0] -- mon_command({"prefix": "get_command_descriptions"} v 0) -- 0x7feeb8106f20 con 0x7feeb8106aa0
2024-09-13T21:35:27.526 INFO:teuthology.orchestra.run.smithi196.stdout:/usr/bin/ceph: stderr
2024-09-13T21:35:26.637+0000 7feeb67fc640 1 --2- 172.21.15.196:0/1858645111 >> [v2:172.21.15.196:6800/2242674544,v1:172.21.15.196:6801/2242674544] conn(0x7feea00392a0 0x7feea003b760 unknown :-1 s=NONE pgs=0 cs=0 l=1 rev1=0 crypto rx=0 tx=0 comp rx=0 tx=0).connect
2024-09-13T21:35:27.526 INFO:teuthology.orchestra.run.smithi196.stdout:/usr/bin/ceph: stderr
2024-09-13T21:35:26.637+0000 7feeb67fc640 1 -- 172.21.15.196:0/1858645111 <== mon.0 v2:172.21.15.196:3300/0 5 ==== osd_map(3..3 src has 1..3) ==== 1155+0+0 (secure 0 0 0) 0x7feea806da90 con 0x7feeb8106aa0
2024-09-13T21:35:27.526 INFO:teuthology.orchestra.run.smithi196.stdout:/usr/bin/ceph: stderr
2024-09-13T21:35:26.637+0000 7feebcf77640 1 --2- 172.21.15.196:0/1858645111 >> [v2:172.21.15.196:6800/2242674544,v1:172.21.15.196:6801/2242674544] conn(0x7feea00392a0 0x7feea003b760 unknown :-1 s=BANNER_CONNECTING pgs=0 cs=0 l=1 rev1=0 crypto rx=0 tx=0 comp rx=0 tx=0)._handle_peer_banner_payload supported=3 required=0
2024-09-13T21:35:27.526 INFO:teuthology.orchestra.run.smithi196.stdout:/usr/bin/ceph: stderr
2024-09-13T21:35:26.638+0000 7feebcf77640 1 --2- 172.21.15.196:0/1858645111 >> [v2:172.21.15.196:6800/2242674544,v1:172.21.15.196:6801/2242674544] conn(0x7feea00392a0 0x7feea003b760 secure :-1 s=READY pgs=10 cs=0 l=1 rev1=1 crypto rx=0x7feeac0098c0 tx=0x7feeac006db0 comp rx=0 tx=0).ready entity=mgr.14150 client_cookie=0 server_cookie=0 in_seq=0 out_seq=0
2024-09-13T21:35:27.526 INFO:teuthology.orchestra.run.smithi196.stdout:/usr/bin/ceph: stderr
2024-09-13T21:35:26.642+0000 7feeb67fc640 1 -- 172.21.15.196:0/1858645111 <== mon.0 v2:172.21.15.196:3300/0 6 ==== mon_command_ack([{"prefix": "get_command_descriptions"}]=0 v0) ==== 72+0+188821 (secure 0 0 0) 0x7feea8037d50 con 0x7feeb8106aa0
2024-09-13T21:35:27.526 INFO:teuthology.orchestra.run.smithi196.stdout:/usr/bin/ceph: stderr
2024-09-13T21:35:26.893+0000 7feebf9dc640 1 -- 172.21.15.196:0/1858645111 --> [v2:172.21.15.196:3300/0,v1:172.21.15.196:6789/0] -- mon_command([{prefix=config-key set, key=mgr/dashboard/cluster/status}] v 0) -- 0x7feeb807aa60 con 0x7feeb8106aa0
2024-09-13T21:35:27.526 INFO:teuthology.orchestra.run.smithi196.stdout:/usr/bin/ceph: stderr
2024-09-13T21:35:26.895+0000 7feeb67fc640 1 -- 172.21.15.196:0/1858645111 <== mon.0 v2:172.21.15.196:3300/0 7 ==== mon_command_ack([{prefix=config-key set, key=mgr/dashboard/cluster/status}]=0 set mgr/dashboard/cluster/status v28)=0 set mgr/dashboard/cluster/status v28) ==== 153+0+0 (secure 0 0 0) 0x7feea803b900 con 0x7feeb8106aa0
2024-09-13T21:35:27.526 INFO:teuthology.orchestra.run.smithi196.stdout:/usr/bin/ceph: stderr set mgr/dashboard/cluster/status
2024-09-13T21:35:27.526 INFO:teuthology.orchestra.run.smithi196.stdout:/usr/bin/ceph: stderr
2024-09-13T21:35:26.898+0000 7feebf9dc640 1 -- 172.21.15.196:0/1858645111 >> [v2:172.21.15.196:6800/2242674544,v1:172.21.15.196:6801/2242674544] conn(0x7feea00392a0 msgr2=0x7feea003b760 secure :-1 s=STATE_CONNECTION_ESTABLISHED l=1).mark_down
2024-09-13T21:35:27.526 INFO:teuthology.orchestra.run.smithi196.stdout:/usr/bin/ceph: stderr
2024-09-13T21:35:26.898+0000 7feebf9dc640 1 --2- 172.21.15.196:0/1858645111 >> [v2:172.21.15.196:6800/2242674544,v1:172.21.15.196:6801/2242674544] conn(0x7feea00392a0 0x7feea003b760 secure :-1 s=READY pgs=10 cs=0 l=1 rev1=1 crypto rx=0x7feeac0098c0 tx=0x7feeac006db0 comp rx=0 tx=0).stop
2024-09-13T21:35:27.526 INFO:teuthology.orchestra.run.smithi196.stdout:/usr/bin/ceph: stderr
2024-09-13T21:35:26.898+0000 7feebf9dc640 1 -- 172.21.15.196:0/1858645111 >> [v2:172.21.15.196:3300/0,v1:172.21.15.196:6789/0] conn(0x7feeb8106aa0 msgr2=0x7feeb807bb70 secure :-1 s=STATE_CONNECTION_ESTABLISHED l=1).mark_down
2024-09-13T21:35:27.526 INFO:teuthology.orchestra.run.smithi196.stdout:/usr/bin/ceph: stderr
2024-09-13T21:35:26.898+0000 7feebf9dc640 1 --2- 172.21.15.196:0/1858645111 >> [v2:172.21.15.196:3300/0,v1:172.21.15.196:6789/0] conn(0x7feeb8106aa0 0x7feeb807bb70 secure :-1 s=READY pgs=75 cs=0 l=1 rev1=1 crypto rx=0x7feea8007b60 tx=0x7feea8031c90 comp rx=0 tx=0).stop
2024-09-13T21:35:27.527 INFO:teuthology.orchestra.run.smithi196.stdout:/usr/bin/ceph: stderr
2024-09-13T21:35:26.898+0000 7feebf9dc640 1 -- 172.21.15.196:0/1858645111 shutdown_connections
2024-09-13T21:35:27.527 INFO:teuthology.orchestra.run.smithi196.stdout:/usr/bin/ceph: stderr
2024-09-13T21:35:26.898+0000 7feebf9dc640 1 --2- 172.21.15.196:0/1858645111 >> [v2:172.21.15.196:6800/2242674544,v1:172.21.15.196:6801/2242674544] conn(0x7feea00392a0 0x7feea003b760 unknown :-1 s=CLOSED pgs=10 cs=0 l=1 rev1=1 crypto rx=0 tx=0 comp rx=0 tx=0).stop
2024-09-13T21:35:27.527 INFO:teuthology.orchestra.run.smithi196.stdout:/usr/bin/ceph: stderr
2024-09-13T21:35:26.898+0000 7feebf9dc640 1 --2- 172.21.15.196:0/1858645111 >> [v2:172.21.15.196:3300/0,v1:172.21.15.196:6789/0] conn(0x7feeb8106aa0 0x7feeb807bb70 unknown :-1 s=CLOSED pgs=75 cs=0 l=1 rev1=1 crypto rx=0 tx=0 comp rx=0 tx=0).stop
2024-09-13T21:35:27.527 INFO:teuthology.orchestra.run.smithi196.stdout:/usr/bin/ceph: stderr
2024-09-13T21:35:26.898+0000 7feebf9dc640 1 -- 172.21.15.196:0/1858645111 >> 172.21.15.196:0/1858645111 conn(0x7feeb81021f0 msgr2=0x7feeb8102db0 unknown :-1 s=STATE_NONE l=0).mark_down
2024-09-13T21:35:27.527 INFO:teuthology.orchestra.run.smithi196.stdout:/usr/bin/ceph: stderr
2024-09-13T21:35:26.898+0000 7feebf9dc640 1 -- 172.21.15.196:0/1858645111 shutdown_connections
2024-09-13T21:35:27.527 INFO:teuthology.orchestra.run.smithi196.stdout:/usr/bin/ceph: stderr
2024-09-13T21:35:26.898+0000 7feebf9dc640 1 -- 172.21.15.196:0/1858645111 wait complete.
2024-09-13T21:35:27.527 INFO:teuthology.orchestra.run.smithi196.stdout:You can access the Ceph CLI as following in case of multi-cluster or non-default config:
2024-09-13T21:35:27.527 INFO:teuthology.orchestra.run.smithi196.stdout:
2024-09-13T21:35:27.527 INFO:teuthology.orchestra.run.smithi196.stdout: sudo /home/ubuntu/cephtest/cephadm shell --fsid de3027f4-7217-11ef-bceb-c7b262605968 -c /etc/ceph/ceph.conf -k /etc/ceph/ceph.client.admin.keyring
2024-09-13T21:35:27.527 INFO:teuthology.orchestra.run.smithi196.stdout:
2024-09-13T21:35:27.527 INFO:teuthology.orchestra.run.smithi196.stdout:Or, if you are only running a single cluster on this host:
2024-09-13T21:35:27.527 INFO:teuthology.orchestra.run.smithi196.stdout:
2024-09-13T21:35:27.527 INFO:teuthology.orchestra.run.smithi196.stdout: sudo /home/ubuntu/cephtest/cephadm shell
2024-09-13T21:35:27.527 INFO:teuthology.orchestra.run.smithi196.stdout:
2024-09-13T21:35:27.528 INFO:teuthology.orchestra.run.smithi196.stdout:Please consider enabling telemetry to help improve Ceph:
2024-09-13T21:35:27.528 INFO:teuthology.orchestra.run.smithi196.stdout:
2024-09-13T21:35:27.528 INFO:teuthology.orchestra.run.smithi196.stdout: ceph telemetry on
2024-09-13T21:35:27.528 INFO:teuthology.orchestra.run.smithi196.stdout:
2024-09-13T21:35:27.528 INFO:teuthology.orchestra.run.smithi196.stdout:For more information see:
2024-09-13T21:35:27.528 INFO:teuthology.orchestra.run.smithi196.stdout:
2024-09-13T21:35:27.528 INFO:teuthology.orchestra.run.smithi196.stdout: https://docs.ceph.com/en/latest/mgr/telemetry/
2024-09-13T21:35:27.528 INFO:teuthology.orchestra.run.smithi196.stdout:
2024-09-13T21:35:27.528 INFO:teuthology.orchestra.run.smithi196.stdout:Bootstrap complete.
2024-09-13T21:35:27.559 INFO:tasks.cephadm:Fetching config...
2024-09-13T21:35:27.559 DEBUG:teuthology.orchestra.run.smithi196:> set -ex
2024-09-13T21:35:27.559 DEBUG:teuthology.orchestra.run.smithi196:> dd if=/etc/ceph/ceph.conf of=/dev/stdout
2024-09-13T21:35:27.575 INFO:tasks.cephadm:Fetching client.admin keyring...
2024-09-13T21:35:27.575 DEBUG:teuthology.orchestra.run.smithi196:> set -ex
2024-09-13T21:35:27.575 DEBUG:teuthology.orchestra.run.smithi196:> dd if=/etc/ceph/ceph.client.admin.keyring of=/dev/stdout
2024-09-13T21:35:27.631 INFO:tasks.cephadm:Fetching mon keyring...
2024-09-13T21:35:27.632 DEBUG:teuthology.orchestra.run.smithi196:> set -ex
2024-09-13T21:35:27.632 DEBUG:teuthology.orchestra.run.smithi196:> sudo dd if=/var/lib/ceph/de3027f4-7217-11ef-bceb-c7b262605968/mon.a/keyring of=/dev/stdout
2024-09-13T21:35:27.697 INFO:tasks.cephadm:Fetching pub ssh key...
2024-09-13T21:35:27.697 DEBUG:teuthology.orchestra.run.smithi196:> set -ex
2024-09-13T21:35:27.697 DEBUG:teuthology.orchestra.run.smithi196:> dd if=/home/ubuntu/cephtest/ceph.pub of=/dev/stdout
2024-09-13T21:35:27.754 INFO:tasks.cephadm:Installing pub ssh key for root users...
2024-09-13T21:35:27.754 DEBUG:teuthology.orchestra.run.smithi196:> sudo install -d -m 0700 /root/.ssh && echo 'ssh-rsa AAAAB3NzaC1yc2EAAAADAQABAAABgQDCV09RO4uXsms0mwxsVxBUwkKd3FlEZQEK4igLNghKDHC8CUQXTTw8kdrsQbuxmTy+v+YxPYv3AEyhzyWDHHnj1MqJr3CKY7M+klqlwezW+Y781l5EhDd7WnQc4KWtiHOLLWyCj+/4WFpVCmszdGUw5Fz32H81FDzjKASu7nNLF4SqNE7lDNZIXvskOyuznYk1NAbDyvTvrzG7aNHaGlQcsw6ViVB0ppxlLnYDDd3bx894gKo5DrrRIVmqBuDyud+1rstelenHYFfnEa/co1eW3CqjOPR0hyciRzj7S20KeWQf+FImZpgFF0pAzrRu7kdjXMmNSkoY64SdJ55Tpu1g6Uf7ZUwVjmZk9MAzDqq9JZ1KwA0GaKd1ko4X7rbcetIbDGBF1dK2VrA7zeA95aExVnybGg5DAr4vAeojtPvFBmupNH3/kfay9/vq5q3kI98ox0tlLnB6YJ9mqPsL6EUzwSiddawk6h2HVn3ORx9HXBL+zn4s8wqgpkdnRDBClWE= ceph-de3027f4-7217-11ef-bceb-c7b262605968' | sudo tee -a /root/.ssh/authorized_keys && sudo chmod 0600 /root/.ssh/authorized_keys
2024-09-13T21:35:27.827 INFO:teuthology.orchestra.run.smithi196.stdout:ssh-rsa AAAAB3NzaC1yc2EAAAADAQABAAABgQDCV09RO4uXsms0mwxsVxBUwkKd3FlEZQEK4igLNghKDHC8CUQXTTw8kdrsQbuxmTy+v+YxPYv3AEyhzyWDHHnj1MqJr3CKY7M+klqlwezW+Y781l5EhDd7WnQc4KWtiHOLLWyCj+/4WFpVCmszdGUw5Fz32H81FDzjKASu7nNLF4SqNE7lDNZIXvskOyuznYk1NAbDyvTvrzG7aNHaGlQcsw6ViVB0ppxlLnYDDd3bx894gKo5DrrRIVmqBuDyud+1rstelenHYFfnEa/co1eW3CqjOPR0hyciRzj7S20KeWQf+FImZpgFF0pAzrRu7kdjXMmNSkoY64SdJ55Tpu1g6Uf7ZUwVjmZk9MAzDqq9JZ1KwA0GaKd1ko4X7rbcetIbDGBF1dK2VrA7zeA95aExVnybGg5DAr4vAeojtPvFBmupNH3/kfay9/vq5q3kI98ox0tlLnB6YJ9mqPsL6EUzwSiddawk6h2HVn3ORx9HXBL+zn4s8wqgpkdnRDBClWE= ceph-de3027f4-7217-11ef-bceb-c7b262605968
2024-09-13T21:35:27.840 DEBUG:teuthology.orchestra.run.smithi196:> sudo /home/ubuntu/cephtest/cephadm --image quay-quay-quay.apps.os.sepia.ceph.com/ceph-ci/ceph:ecab7be58963a5bd03910cd73eef66405d7fdd50 shell -c /etc/ceph/ceph.conf -k /etc/ceph/ceph.client.admin.keyring --fsid de3027f4-7217-11ef-bceb-c7b262605968 -- ceph config set mgr mgr/cephadm/allow_ptrace true
2024-09-13T21:35:28.126 INFO:teuthology.orchestra.run.smithi196.stderr:Inferring config /var/lib/ceph/de3027f4-7217-11ef-bceb-c7b262605968/mon.a/config
2024-09-13T21:35:28.623 INFO:teuthology.orchestra.run.smithi196.stderr:2024-09-13T21:35:28.617+0000 7fc92e531640 1 -- 172.21.15.196:0/3601426586 >> [v2:172.21.15.196:3300/0,v1:172.21.15.196:6789/0] conn(0x7fc9281020c0 msgr2=0x7fc9281044b0 secure :-1 s=STATE_CONNECTION_ESTABLISHED l=1).mark_down
2024-09-13T21:35:28.623 INFO:teuthology.orchestra.run.smithi196.stderr:2024-09-13T21:35:28.617+0000 7fc92e531640 1 --2- 172.21.15.196:0/3601426586 >> [v2:172.21.15.196:3300/0,v1:172.21.15.196:6789/0] conn(0x7fc9281020c0 0x7fc9281044b0 secure :-1 s=READY pgs=76 cs=0 l=1 rev1=1 crypto rx=0x7fc918009880 tx=0x7fc91802a5d0 comp rx=0 tx=0).stop
2024-09-13T21:35:28.623 INFO:teuthology.orchestra.run.smithi196.stderr:2024-09-13T21:35:28.617+0000 7fc92e531640 1 -- 172.21.15.196:0/3601426586 shutdown_connections
2024-09-13T21:35:28.623 INFO:teuthology.orchestra.run.smithi196.stderr:2024-09-13T21:35:28.617+0000 7fc92e531640 1 --2- 172.21.15.196:0/3601426586 >> [v2:172.21.15.196:3300/0,v1:172.21.15.196:6789/0] conn(0x7fc9281020c0 0x7fc9281044b0 unknown :-1 s=CLOSED pgs=76 cs=0 l=1 rev1=1 crypto rx=0 tx=0 comp rx=0 tx=0).stop
2024-09-13T21:35:28.623 INFO:teuthology.orchestra.run.smithi196.stderr:2024-09-13T21:35:28.617+0000 7fc92e531640 1 -- 172.21.15.196:0/3601426586 >> 172.21.15.196:0/3601426586 conn(0x7fc9280fbca0 msgr2=0x7fc9280fe100 unknown :-1 s=STATE_NONE l=0).mark_down
2024-09-13T21:35:28.623 INFO:teuthology.orchestra.run.smithi196.stderr:2024-09-13T21:35:28.617+0000 7fc92e531640 1 -- 172.21.15.196:0/3601426586 shutdown_connections
2024-09-13T21:35:28.624 INFO:teuthology.orchestra.run.smithi196.stderr:2024-09-13T21:35:28.617+0000 7fc92e531640 1 -- 172.21.15.196:0/3601426586 wait complete.
2024-09-13T21:35:28.624 INFO:teuthology.orchestra.run.smithi196.stderr:2024-09-13T21:35:28.617+0000 7fc92e531640 1 Processor -- start
2024-09-13T21:35:28.624 INFO:teuthology.orchestra.run.smithi196.stderr:2024-09-13T21:35:28.617+0000 7fc92e531640 1 -- start start
2024-09-13T21:35:28.624 INFO:teuthology.orchestra.run.smithi196.stderr:2024-09-13T21:35:28.618+0000 7fc92e531640 1 --2- >> [v2:172.21.15.196:3300/0,v1:172.21.15.196:6789/0] conn(0x7fc9281020c0 0x7fc928196c80 unknown :-1 s=NONE pgs=0 cs=0 l=1 rev1=0 crypto rx=0 tx=0 comp rx=0 tx=0).connect
2024-09-13T21:35:28.624 INFO:teuthology.orchestra.run.smithi196.stderr:2024-09-13T21:35:28.618+0000 7fc92e531640 1 -- --> [v2:172.21.15.196:3300/0,v1:172.21.15.196:6789/0] -- mon_getmap magic: 0 -- 0x7fc928107580 con 0x7fc9281020c0
2024-09-13T21:35:28.624 INFO:teuthology.orchestra.run.smithi196.stderr:2024-09-13T21:35:28.618+0000 7fc927fff640 1 --2- >> [v2:172.21.15.196:3300/0,v1:172.21.15.196:6789/0] conn(0x7fc9281020c0 0x7fc928196c80 unknown :-1 s=BANNER_CONNECTING pgs=0 cs=0 l=1 rev1=0 crypto rx=0 tx=0 comp rx=0 tx=0)._handle_peer_banner_payload supported=3 required=0
2024-09-13T21:35:28.624 INFO:teuthology.orchestra.run.smithi196.stderr:2024-09-13T21:35:28.618+0000 7fc927fff640 1 --2- >> [v2:172.21.15.196:3300/0,v1:172.21.15.196:6789/0] conn(0x7fc9281020c0 0x7fc928196c80 unknown :-1 s=HELLO_CONNECTING pgs=0 cs=0 l=1 rev1=1 crypto rx=0 tx=0 comp rx=0 tx=0).handle_hello peer v2:172.21.15.196:3300/0 says I am v2:172.21.15.196:40628/0 (socket says 172.21.15.196:40628)
2024-09-13T21:35:28.624 INFO:teuthology.orchestra.run.smithi196.stderr:2024-09-13T21:35:28.618+0000 7fc927fff640 1 -- 172.21.15.196:0/3456316037 learned_addr learned my addr 172.21.15.196:0/3456316037 (peer_addr_for_me v2:172.21.15.196:0/0)
2024-09-13T21:35:28.624 INFO:teuthology.orchestra.run.smithi196.stderr:2024-09-13T21:35:28.618+0000 7fc927fff640 1 -- 172.21.15.196:0/3456316037 --> [v2:172.21.15.196:3300/0,v1:172.21.15.196:6789/0] -- mon_subscribe({config=0+,monmap=0+}) -- 0x7fc9281971c0 con 0x7fc9281020c0
2024-09-13T21:35:28.624 INFO:teuthology.orchestra.run.smithi196.stderr:2024-09-13T21:35:28.618+0000 7fc927fff640 1 --2- 172.21.15.196:0/3456316037 >> [v2:172.21.15.196:3300/0,v1:172.21.15.196:6789/0] conn(0x7fc9281020c0 0x7fc928196c80 secure :-1 s=READY pgs=77 cs=0 l=1 rev1=1 crypto rx=0x7fc918009230 tx=0x7fc9180048f0 comp rx=0 tx=0).ready entity=mon.0 client_cookie=0 server_cookie=0 in_seq=0 out_seq=0
2024-09-13T21:35:28.624 INFO:teuthology.orchestra.run.smithi196.stderr:2024-09-13T21:35:28.618+0000 7fc9257fa640 1 -- 172.21.15.196:0/3456316037 <== mon.0 v2:172.21.15.196:3300/0 1 ==== mon_map magic: 0 ==== 205+0+0 (secure 0 0 0) 0x7fc91803f070 con 0x7fc9281020c0
2024-09-13T21:35:28.624 INFO:teuthology.orchestra.run.smithi196.stderr:2024-09-13T21:35:28.618+0000 7fc9257fa640 1 -- 172.21.15.196:0/3456316037 <== mon.0 v2:172.21.15.196:3300/0 2 ==== config(26 keys) ==== 1102+0+0 (secure 0 0 0) 0x7fc918003aa0 con 0x7fc9281020c0
2024-09-13T21:35:28.624 INFO:teuthology.orchestra.run.smithi196.stderr:2024-09-13T21:35:28.618+0000 7fc92e531640 1 -- 172.21.15.196:0/3456316037 --> [v2:172.21.15.196:3300/0,v1:172.21.15.196:6789/0] -- mon_subscribe({mgrmap=0+}) -- 0x7fc9281974b0 con 0x7fc9281020c0
2024-09-13T21:35:28.625 INFO:teuthology.orchestra.run.smithi196.stderr:2024-09-13T21:35:28.618+0000 7fc9257fa640 1 -- 172.21.15.196:0/3456316037 <== mon.0 v2:172.21.15.196:3300/0 3 ==== mon_map magic: 0 ==== 205+0+0 (secure 0 0 0) 0x7fc918035030 con 0x7fc9281020c0
2024-09-13T21:35:28.625 INFO:teuthology.orchestra.run.smithi196.stderr:2024-09-13T21:35:28.618+0000 7fc92e531640 1 -- 172.21.15.196:0/3456316037 --> [v2:172.21.15.196:3300/0,v1:172.21.15.196:6789/0] -- mon_subscribe({osdmap=0}) -- 0x7fc92819a140 con 0x7fc9281020c0
2024-09-13T21:35:28.625 INFO:teuthology.orchestra.run.smithi196.stderr:2024-09-13T21:35:28.619+0000 7fc9257fa640 1 -- 172.21.15.196:0/3456316037 <== mon.0 v2:172.21.15.196:3300/0 4 ==== mgrmap(e 13) ==== 46518+0+0 (secure 0 0 0) 0x7fc918042070 con 0x7fc9281020c0
2024-09-13T21:35:28.625 INFO:teuthology.orchestra.run.smithi196.stderr:2024-09-13T21:35:28.619+0000 7fc9257fa640 1 --2- 172.21.15.196:0/3456316037 >> [v2:172.21.15.196:6800/2242674544,v1:172.21.15.196:6801/2242674544] conn(0x7fc9100392a0 0x7fc91003b760 unknown :-1 s=NONE pgs=0 cs=0 l=1 rev1=0 crypto rx=0 tx=0 comp rx=0 tx=0).connect
2024-09-13T21:35:28.625 INFO:teuthology.orchestra.run.smithi196.stderr:2024-09-13T21:35:28.619+0000 7fc9257fa640 1 -- 172.21.15.196:0/3456316037 <== mon.0 v2:172.21.15.196:3300/0 5 ==== osd_map(3..3 src has 1..3) ==== 1155+0+0 (secure 0 0 0) 0x7fc918003c50 con 0x7fc9281020c0
2024-09-13T21:35:28.625 INFO:teuthology.orchestra.run.smithi196.stderr:2024-09-13T21:35:28.619+0000 7fc9277fe640 1 --2- 172.21.15.196:0/3456316037 >> [v2:172.21.15.196:6800/2242674544,v1:172.21.15.196:6801/2242674544] conn(0x7fc9100392a0 0x7fc91003b760 unknown :-1 s=BANNER_CONNECTING pgs=0 cs=0 l=1 rev1=0 crypto rx=0 tx=0 comp rx=0 tx=0)._handle_peer_banner_payload supported=3 required=0
2024-09-13T21:35:28.625 INFO:teuthology.orchestra.run.smithi196.stderr:2024-09-13T21:35:28.619+0000 7fc92e531640 1 -- 172.21.15.196:0/3456316037 --> [v2:172.21.15.196:3300/0,v1:172.21.15.196:6789/0] -- mon_command({"prefix": "get_command_descriptions"} v 0) -- 0x7fc928107d00 con 0x7fc9281020c0
2024-09-13T21:35:28.625 INFO:teuthology.orchestra.run.smithi196.stderr:2024-09-13T21:35:28.620+0000 7fc9277fe640 1 --2- 172.21.15.196:0/3456316037 >> [v2:172.21.15.196:6800/2242674544,v1:172.21.15.196:6801/2242674544] conn(0x7fc9100392a0 0x7fc91003b760 secure :-1 s=READY pgs=11 cs=0 l=1 rev1=1 crypto rx=0x7fc91c0098c0 tx=0x7fc91c006db0 comp rx=0 tx=0).ready entity=mgr.14150 client_cookie=0 server_cookie=0 in_seq=0 out_seq=0
2024-09-13T21:35:28.626 INFO:teuthology.orchestra.run.smithi196.stderr:2024-09-13T21:35:28.624+0000 7fc9257fa640 1 -- 172.21.15.196:0/3456316037 <== mon.0 v2:172.21.15.196:3300/0 6 ==== mon_command_ack([{"prefix": "get_command_descriptions"}]=0 v0) ==== 72+0+188821 (secure 0 0 0) 0x7fc918039350 con 0x7fc9281020c0
2024-09-13T21:35:28.798 INFO:teuthology.orchestra.run.smithi196.stderr:2024-09-13T21:35:28.796+0000 7fc92e531640 1 -- 172.21.15.196:0/3456316037 --> [v2:172.21.15.196:3300/0,v1:172.21.15.196:6789/0] -- mon_command([{prefix=config set, name=mgr/cephadm/allow_ptrace}] v 0) -- 0x7fc92802d860 con 0x7fc9281020c0
2024-09-13T21:35:28.800 INFO:teuthology.orchestra.run.smithi196.stderr:2024-09-13T21:35:28.799+0000 7fc9257fa640 1 -- 172.21.15.196:0/3456316037 <== mon.0 v2:172.21.15.196:3300/0 7 ==== mon_command_ack([{prefix=config set, name=mgr/cephadm/allow_ptrace}]=0 v9)=0 v9) ==== 125+0+0 (secure 0 0 0) 0x7fc91802f300 con 0x7fc9281020c0
2024-09-13T21:35:28.803 INFO:teuthology.orchestra.run.smithi196.stderr:2024-09-13T21:35:28.801+0000 7fc92e531640 1 -- 172.21.15.196:0/3456316037 >> [v2:172.21.15.196:6800/2242674544,v1:172.21.15.196:6801/2242674544] conn(0x7fc9100392a0 msgr2=0x7fc91003b760 secure :-1 s=STATE_CONNECTION_ESTABLISHED l=1).mark_down
2024-09-13T21:35:28.803 INFO:teuthology.orchestra.run.smithi196.stderr:2024-09-13T21:35:28.801+0000 7fc92e531640 1 --2- 172.21.15.196:0/3456316037 >> [v2:172.21.15.196:6800/2242674544,v1:172.21.15.196:6801/2242674544] conn(0x7fc9100392a0 0x7fc91003b760 secure :-1 s=READY pgs=11 cs=0 l=1 rev1=1 crypto rx=0x7fc91c0098c0 tx=0x7fc91c006db0 comp rx=0 tx=0).stop
