2024-09-13T22:05:41.138+0000 7f737e3fc640 1 --2- 172.21.15.150:0/292456818 >> [v2:172.21.15.150:3300/0,v1:172.21.15.150:6789/0] conn(0x7f7378101f90 0x7f7378110e10 unknown :-1 s=CLOSED pgs=60 cs=0 l=1 rev1=1 crypto rx=0 tx=0 comp rx=0 tx=0).stop
2024-09-13T22:05:41.743 INFO:teuthology.orchestra.run.smithi150.stdout:/usr/bin/ceph: stderr
2024-09-13T22:05:41.138+0000 7f737e3fc640 1 -- 172.21.15.150:0/292456818 >> 172.21.15.150:0/292456818 conn(0x7f73780fd730 msgr2=0x7f73780fe2c0 unknown :-1 s=STATE_NONE l=0).mark_down
2024-09-13T22:05:41.743 INFO:teuthology.orchestra.run.smithi150.stdout:/usr/bin/ceph: stderr
2024-09-13T22:05:41.138+0000 7f737e3fc640 1 -- 172.21.15.150:0/292456818 shutdown_connections
2024-09-13T22:05:41.743 INFO:teuthology.orchestra.run.smithi150.stdout:/usr/bin/ceph: stderr
2024-09-13T22:05:41.138+0000 7f737e3fc640 1 -- 172.21.15.150:0/292456818 wait complete.
2024-09-13T22:05:43.027 INFO:teuthology.orchestra.run.smithi150.stdout:/usr/bin/ceph: stderr
2024-09-13T22:05:42.175+0000 7f0f442b3640 1 Processor -- start
2024-09-13T22:05:43.027 INFO:teuthology.orchestra.run.smithi150.stdout:/usr/bin/ceph: stderr
2024-09-13T22:05:42.175+0000 7f0f442b3640 1 -- start start
2024-09-13T22:05:43.027 INFO:teuthology.orchestra.run.smithi150.stdout:/usr/bin/ceph: stderr
2024-09-13T22:05:42.175+0000 7f0f442b3640 1 --2- >> [v2:172.21.15.150:3300/0,v1:172.21.15.150:6789/0] conn(0x7f0f3c100f30 0x7f0f3c101340 unknown :-1 s=NONE pgs=0 cs=0 l=0 rev1=0 crypto rx=0 tx=0 comp rx=0 tx=0).connect
2024-09-13T22:05:43.027 INFO:teuthology.orchestra.run.smithi150.stdout:/usr/bin/ceph: stderr
2024-09-13T22:05:42.175+0000 7f0f442b3640 1 -- --> [v2:172.21.15.150:3300/0,v1:172.21.15.150:6789/0] -- mon_getmap magic: 0 v1 -- 0x7f0f3c101880 con 0x7f0f3c100f30
2024-09-13T22:05:43.027 INFO:teuthology.orchestra.run.smithi150.stdout:/usr/bin/ceph: stderr
2024-09-13T22:05:42.175+0000 7f0f4204f640 1 --2- >> [v2:172.21.15.150:3300/0,v1:172.21.15.150:6789/0] conn(0x7f0f3c100f30 0x7f0f3c101340 unknown :-1 s=BANNER_CONNECTING pgs=0 cs=0 l=0 rev1=0 crypto rx=0 tx=0 comp rx=0 tx=0)._handle_peer_banner_payload supported=3 required=0
2024-09-13T22:05:43.027 INFO:teuthology.orchestra.run.smithi150.stdout:/usr/bin/ceph: stderr
2024-09-13T22:05:42.175+0000 7f0f4204f640 1 --2- >> [v2:172.21.15.150:3300/0,v1:172.21.15.150:6789/0] conn(0x7f0f3c100f30 0x7f0f3c101340 unknown :-1 s=HELLO_CONNECTING pgs=0 cs=0 l=0 rev1=1 crypto rx=0 tx=0 comp rx=0 tx=0).handle_hello peer v2:172.21.15.150:3300/0 says I am v2:172.21.15.150:53062/0 (socket says 172.21.15.150:53062)
2024-09-13T22:05:43.027 INFO:teuthology.orchestra.run.smithi150.stdout:/usr/bin/ceph: stderr
2024-09-13T22:05:42.175+0000 7f0f4204f640 1 -- 172.21.15.150:0/3885672703 learned_addr learned my addr 172.21.15.150:0/3885672703 (peer_addr_for_me v2:172.21.15.150:0/0)
2024-09-13T22:05:43.027 INFO:teuthology.orchestra.run.smithi150.stdout:/usr/bin/ceph: stderr
2024-09-13T22:05:42.176+0000 7f0f4204f640 1 -- 172.21.15.150:0/3885672703 --> [v2:172.21.15.150:3300/0,v1:172.21.15.150:6789/0] -- mon_subscribe({config=0+,monmap=0+}) v3 -- 0x7f0f3c1019c0 con 0x7f0f3c100f30
2024-09-13T22:05:43.027 INFO:teuthology.orchestra.run.smithi150.stdout:/usr/bin/ceph: stderr
2024-09-13T22:05:42.176+0000 7f0f4204f640 1 --2- 172.21.15.150:0/3885672703 >> [v2:172.21.15.150:3300/0,v1:172.21.15.150:6789/0] conn(0x7f0f3c100f30 0x7f0f3c101340 secure :-1 s=READY pgs=61 cs=0 l=1 rev1=1 crypto rx=0x7f0f38009840 tx=0x7f0f380091d0 comp rx=0 tx=0).ready entity=mon.0 client_cookie=e66ec83d4c83a95 server_cookie=0 in_seq=0 out_seq=0
2024-09-13T22:05:43.027 INFO:teuthology.orchestra.run.smithi150.stdout:/usr/bin/ceph: stderr
2024-09-13T22:05:42.176+0000 7f0f4104d640 1 -- 172.21.15.150:0/3885672703 <== mon.0 v2:172.21.15.150:3300/0 1 ==== mon_map magic: 0 v1 ==== 229+0+0 (secure 0 0 0) 0x7f0f38032440 con 0x7f0f3c100f30
2024-09-13T22:05:43.028 INFO:teuthology.orchestra.run.smithi150.stdout:/usr/bin/ceph: stderr
2024-09-13T22:05:42.176+0000 7f0f4104d640 1 -- 172.21.15.150:0/3885672703 <== mon.0 v2:172.21.15.150:3300/0 2 ==== config(26 keys) v1 ==== 1070+0+0 (secure 0 0 0) 0x7f0f38032a40 con 0x7f0f3c100f30
2024-09-13T22:05:43.028 INFO:teuthology.orchestra.run.smithi150.stdout:/usr/bin/ceph: stderr
2024-09-13T22:05:42.176+0000 7f0f4104d640 1 -- 172.21.15.150:0/3885672703 <== mon.0 v2:172.21.15.150:3300/0 3 ==== mon_map magic: 0 v1 ==== 229+0+0 (secure 0 0 0) 0x7f0f38031a70 con 0x7f0f3c100f30
2024-09-13T22:05:43.028 INFO:teuthology.orchestra.run.smithi150.stdout:/usr/bin/ceph: stderr
2024-09-13T22:05:42.177+0000 7f0f442b3640 1 -- 172.21.15.150:0/3885672703 >> [v2:172.21.15.150:3300/0,v1:172.21.15.150:6789/0] conn(0x7f0f3c100f30 msgr2=0x7f0f3c101340 secure :-1 s=STATE_CONNECTION_ESTABLISHED l=1).mark_down
2024-09-13T22:05:43.028 INFO:teuthology.orchestra.run.smithi150.stdout:/usr/bin/ceph: stderr
2024-09-13T22:05:42.177+0000 7f0f442b3640 1 --2- 172.21.15.150:0/3885672703 >> [v2:172.21.15.150:3300/0,v1:172.21.15.150:6789/0] conn(0x7f0f3c100f30 0x7f0f3c101340 secure :-1 s=READY pgs=61 cs=0 l=1 rev1=1 crypto rx=0x7f0f38009840 tx=0x7f0f380091d0 comp rx=0 tx=0).stop
2024-09-13T22:05:43.028 INFO:teuthology.orchestra.run.smithi150.stdout:/usr/bin/ceph: stderr
2024-09-13T22:05:42.177+0000 7f0f442b3640 1 -- 172.21.15.150:0/3885672703 shutdown_connections
2024-09-13T22:05:43.028 INFO:teuthology.orchestra.run.smithi150.stdout:/usr/bin/ceph: stderr
2024-09-13T22:05:42.177+0000 7f0f442b3640 1 --2- 172.21.15.150:0/3885672703 >> [v2:172.21.15.150:3300/0,v1:172.21.15.150:6789/0] conn(0x7f0f3c100f30 0x7f0f3c101340 unknown :-1 s=CLOSED pgs=61 cs=0 l=1 rev1=1 crypto rx=0 tx=0 comp rx=0 tx=0).stop
2024-09-13T22:05:43.028 INFO:teuthology.orchestra.run.smithi150.stdout:/usr/bin/ceph: stderr
2024-09-13T22:05:42.177+0000 7f0f442b3640 1 -- 172.21.15.150:0/3885672703 >> 172.21.15.150:0/3885672703 conn(0x7f0f3c0fc730 msgr2=0x7f0f3c0feb40 unknown :-1 s=STATE_NONE l=0).mark_down
2024-09-13T22:05:43.028 INFO:teuthology.orchestra.run.smithi150.stdout:/usr/bin/ceph: stderr
2024-09-13T22:05:42.177+0000 7f0f442b3640 1 -- 172.21.15.150:0/3885672703 shutdown_connections
2024-09-13T22:05:43.028 INFO:teuthology.orchestra.run.smithi150.stdout:/usr/bin/ceph: stderr
2024-09-13T22:05:42.177+0000 7f0f442b3640 1 -- 172.21.15.150:0/3885672703 wait complete.
2024-09-13T22:05:43.028 INFO:teuthology.orchestra.run.smithi150.stdout:/usr/bin/ceph: stderr
2024-09-13T22:05:42.177+0000 7f0f442b3640 1 Processor -- start
2024-09-13T22:05:43.028 INFO:teuthology.orchestra.run.smithi150.stdout:/usr/bin/ceph: stderr
2024-09-13T22:05:42.178+0000 7f0f442b3640 1 -- start start
2024-09-13T22:05:43.029 INFO:teuthology.orchestra.run.smithi150.stdout:/usr/bin/ceph: stderr
2024-09-13T22:05:42.178+0000 7f0f442b3640 1 --2- >> [v2:172.21.15.150:3300/0,v1:172.21.15.150:6789/0] conn(0x7f0f3c100f30 0x7f0f3c110e20 unknown :-1 s=NONE pgs=0 cs=0 l=1 rev1=0 crypto rx=0 tx=0 comp rx=0 tx=0).connect
2024-09-13T22:05:43.029 INFO:teuthology.orchestra.run.smithi150.stdout:/usr/bin/ceph: stderr
2024-09-13T22:05:42.178+0000 7f0f442b3640 1 -- --> [v2:172.21.15.150:3300/0,v1:172.21.15.150:6789/0] -- mon_getmap magic: 0 v1 -- 0x7f0f3c111360 con 0x7f0f3c100f30
2024-09-13T22:05:43.029 INFO:teuthology.orchestra.run.smithi150.stdout:/usr/bin/ceph: stderr
2024-09-13T22:05:42.178+0000 7f0f4204f640 1 --2- >> [v2:172.21.15.150:3300/0,v1:172.21.15.150:6789/0] conn(0x7f0f3c100f30 0x7f0f3c110e20 unknown :-1 s=BANNER_CONNECTING pgs=0 cs=0 l=1 rev1=0 crypto rx=0 tx=0 comp rx=0 tx=0)._handle_peer_banner_payload supported=3 required=0
2024-09-13T22:05:43.029 INFO:teuthology.orchestra.run.smithi150.stdout:/usr/bin/ceph: stderr
2024-09-13T22:05:42.178+0000 7f0f4204f640 1 --2- >> [v2:172.21.15.150:3300/0,v1:172.21.15.150:6789/0] conn(0x7f0f3c100f30 0x7f0f3c110e20 unknown :-1 s=HELLO_CONNECTING pgs=0 cs=0 l=1 rev1=1 crypto rx=0 tx=0 comp rx=0 tx=0).handle_hello peer v2:172.21.15.150:3300/0 says I am v2:172.21.15.150:53074/0 (socket says 172.21.15.150:53074)
2024-09-13T22:05:43.029 INFO:teuthology.orchestra.run.smithi150.stdout:/usr/bin/ceph: stderr
2024-09-13T22:05:42.178+0000 7f0f4204f640 1 -- 172.21.15.150:0/3164698853 learned_addr learned my addr 172.21.15.150:0/3164698853 (peer_addr_for_me v2:172.21.15.150:0/0)
2024-09-13T22:05:43.029 INFO:teuthology.orchestra.run.smithi150.stdout:/usr/bin/ceph: stderr
2024-09-13T22:05:42.178+0000 7f0f4204f640 1 -- 172.21.15.150:0/3164698853 --> [v2:172.21.15.150:3300/0,v1:172.21.15.150:6789/0] -- mon_subscribe({config=0+,monmap=0+}) v3 -- 0x7f0f38009450 con 0x7f0f3c100f30
2024-09-13T22:05:43.029 INFO:teuthology.orchestra.run.smithi150.stdout:/usr/bin/ceph: stderr
2024-09-13T22:05:42.178+0000 7f0f4204f640 1 --2- 172.21.15.150:0/3164698853 >> [v2:172.21.15.150:3300/0,v1:172.21.15.150:6789/0] conn(0x7f0f3c100f30 0x7f0f3c110e20 secure :-1 s=READY pgs=62 cs=0 l=1 rev1=1 crypto rx=0x7f0f38006a70 tx=0x7f0f380091d0 comp rx=0 tx=0).ready entity=mon.0 client_cookie=0 server_cookie=0 in_seq=0 out_seq=0
2024-09-13T22:05:43.029 INFO:teuthology.orchestra.run.smithi150.stdout:/usr/bin/ceph: stderr
2024-09-13T22:05:42.178+0000 7f0f32ffd640 1 -- 172.21.15.150:0/3164698853 <== mon.0 v2:172.21.15.150:3300/0 1 ==== mon_map magic: 0 v1 ==== 229+0+0 (secure 0 0 0) 0x7f0f3803c400 con 0x7f0f3c100f30
2024-09-13T22:05:43.029 INFO:teuthology.orchestra.run.smithi150.stdout:/usr/bin/ceph: stderr
2024-09-13T22:05:42.178+0000 7f0f442b3640 1 -- 172.21.15.150:0/3164698853 --> [v2:172.21.15.150:3300/0,v1:172.21.15.150:6789/0] -- mon_subscribe({mgrmap=0+}) v3 -- 0x7f0f3c111560 con 0x7f0f3c100f30
2024-09-13T22:05:43.029 INFO:teuthology.orchestra.run.smithi150.stdout:/usr/bin/ceph: stderr
2024-09-13T22:05:42.178+0000 7f0f32ffd640 1 -- 172.21.15.150:0/3164698853 <== mon.0 v2:172.21.15.150:3300/0 2 ==== config(26 keys) v1 ==== 1070+0+0 (secure 0 0 0) 0x7f0f3803ca00 con 0x7f0f3c100f30
2024-09-13T22:05:43.029 INFO:teuthology.orchestra.run.smithi150.stdout:/usr/bin/ceph: stderr
2024-09-13T22:05:42.178+0000 7f0f32ffd640 1 -- 172.21.15.150:0/3164698853 <== mon.0 v2:172.21.15.150:3300/0 3 ==== mon_map magic: 0 v1 ==== 229+0+0 (secure 0 0 0) 0x7f0f3803a9a0 con 0x7f0f3c100f30
2024-09-13T22:05:43.029 INFO:teuthology.orchestra.run.smithi150.stdout:/usr/bin/ceph: stderr
2024-09-13T22:05:42.178+0000 7f0f442b3640 1 -- 172.21.15.150:0/3164698853 --> [v2:172.21.15.150:3300/0,v1:172.21.15.150:6789/0] -- mon_subscribe({osdmap=0}) v3 -- 0x7f0f3c112040 con 0x7f0f3c100f30
2024-09-13T22:05:43.029 INFO:teuthology.orchestra.run.smithi150.stdout:/usr/bin/ceph: stderr
2024-09-13T22:05:42.179+0000 7f0f32ffd640 1 -- 172.21.15.150:0/3164698853 <== mon.0 v2:172.21.15.150:3300/0 4 ==== mgrmap(e 8) v1 ==== 45507+0+0 (secure 0 0 0) 0x7f0f3803ac20 con 0x7f0f3c100f30
2024-09-13T22:05:43.029 INFO:teuthology.orchestra.run.smithi150.stdout:/usr/bin/ceph: stderr
2024-09-13T22:05:42.179+0000 7f0f442b3640 1 -- 172.21.15.150:0/3164698853 --> [v2:172.21.15.150:3300/0,v1:172.21.15.150:6789/0] -- mon_command({"prefix": "get_command_descriptions"} v 0) v1 -- 0x7f0f3c100390 con 0x7f0f3c100f30
2024-09-13T22:05:43.030 INFO:teuthology.orchestra.run.smithi150.stdout:/usr/bin/ceph: stderr
2024-09-13T22:05:42.179+0000 7f0f32ffd640 1 --2- 172.21.15.150:0/3164698853 >> [v2:172.21.15.150:6800/2543034791,v1:172.21.15.150:6801/2543034791] conn(0x7f0f28039490 0x7f0f2803b940 unknown :-1 s=NONE pgs=0 cs=0 l=1 rev1=0 crypto rx=0 tx=0 comp rx=0 tx=0).connect
2024-09-13T22:05:43.030 INFO:teuthology.orchestra.run.smithi150.stdout:/usr/bin/ceph: stderr
2024-09-13T22:05:42.180+0000 7f0f32ffd640 1 -- 172.21.15.150:0/3164698853 <== mon.0 v2:172.21.15.150:3300/0 5 ==== osd_map(2..2 src has 1..2) v4 ==== 936+0+0 (secure 0 0 0) 0x7f0f3806cf70 con 0x7f0f3c100f30
2024-09-13T22:05:43.030 INFO:teuthology.orchestra.run.smithi150.stdout:/usr/bin/ceph: stderr
2024-09-13T22:05:42.180+0000 7f0f4184e640 1 --2- 172.21.15.150:0/3164698853 >> [v2:172.21.15.150:6800/2543034791,v1:172.21.15.150:6801/2543034791] conn(0x7f0f28039490 0x7f0f2803b940 unknown :-1 s=BANNER_CONNECTING pgs=0 cs=0 l=1 rev1=0 crypto rx=0 tx=0 comp rx=0 tx=0)._handle_peer_banner_payload supported=3 required=0
2024-09-13T22:05:43.030 INFO:teuthology.orchestra.run.smithi150.stdout:/usr/bin/ceph: stderr
2024-09-13T22:05:42.180+0000 7f0f4184e640 1 --2- 172.21.15.150:0/3164698853 >> [v2:172.21.15.150:6800/2543034791,v1:172.21.15.150:6801/2543034791] conn(0x7f0f28039490 0x7f0f2803b940 secure :-1 s=READY pgs=20 cs=0 l=1 rev1=1 crypto rx=0x7f0f2c006fd0 tx=0x7f0f2c006db0 comp rx=0 tx=0).ready entity=mgr.14118 client_cookie=0 server_cookie=0 in_seq=0 out_seq=0
2024-09-13T22:05:43.030 INFO:teuthology.orchestra.run.smithi150.stdout:/usr/bin/ceph: stderr
2024-09-13T22:05:42.184+0000 7f0f32ffd640 1 -- 172.21.15.150:0/3164698853 <== mon.0 v2:172.21.15.150:3300/0 6 ==== mon_command_ack([{"prefix": "get_command_descriptions"}]=0 v0) v1 ==== 72+0+176781 (secure 0 0 0) 0x7f0f3809f2a0 con 0x7f0f3c100f30
2024-09-13T22:05:43.030 INFO:teuthology.orchestra.run.smithi150.stdout:/usr/bin/ceph: stderr
2024-09-13T22:05:42.341+0000 7f0f442b3640 1 -- 172.21.15.150:0/3164698853 --> [v2:172.21.15.150:3300/0,v1:172.21.15.150:6789/0] -- mon_command([{prefix=config set, name=mgr/dashboard/ssl_server_port}] v 0) v1 -- 0x7f0f3c04b720 con 0x7f0f3c100f30
2024-09-13T22:05:43.030 INFO:teuthology.orchestra.run.smithi150.stdout:/usr/bin/ceph: stderr
2024-09-13T22:05:42.345+0000 7f0f32ffd640 1 -- 172.21.15.150:0/3164698853 <== mon.0 v2:172.21.15.150:3300/0 7 ==== mon_command_ack([{prefix=config set, name=mgr/dashboard/ssl_server_port}]=0 v8)=0 v8) v1 ==== 130+0+0 (secure 0 0 0) 0x7f0f38037030 con 0x7f0f3c100f30
2024-09-13T22:05:43.030 INFO:teuthology.orchestra.run.smithi150.stdout:/usr/bin/ceph: stderr
2024-09-13T22:05:42.347+0000 7f0f442b3640 1 -- 172.21.15.150:0/3164698853 >> [v2:172.21.15.150:6800/2543034791,v1:172.21.15.150:6801/2543034791] conn(0x7f0f28039490 msgr2=0x7f0f2803b940 secure :-1 s=STATE_CONNECTION_ESTABLISHED l=1).mark_down
2024-09-13T22:05:43.030 INFO:teuthology.orchestra.run.smithi150.stdout:/usr/bin/ceph: stderr
2024-09-13T22:05:42.347+0000 7f0f442b3640 1 --2- 172.21.15.150:0/3164698853 >> [v2:172.21.15.150:6800/2543034791,v1:172.21.15.150:6801/2543034791] conn(0x7f0f28039490 0x7f0f2803b940 secure :-1 s=READY pgs=20 cs=0 l=1 rev1=1 crypto rx=0x7f0f2c006fd0 tx=0x7f0f2c006db0 comp rx=0 tx=0).stop
2024-09-13T22:05:43.030 INFO:teuthology.orchestra.run.smithi150.stdout:/usr/bin/ceph: stderr
2024-09-13T22:05:42.347+0000 7f0f442b3640 1 -- 172.21.15.150:0/3164698853 >> [v2:172.21.15.150:3300/0,v1:172.21.15.150:6789/0] conn(0x7f0f3c100f30 msgr2=0x7f0f3c110e20 secure :-1 s=STATE_CONNECTION_ESTABLISHED l=1).mark_down
2024-09-13T22:05:43.030 INFO:teuthology.orchestra.run.smithi150.stdout:/usr/bin/ceph: stderr
2024-09-13T22:05:42.347+0000 7f0f442b3640 1 --2- 172.21.15.150:0/3164698853 >> [v2:172.21.15.150:3300/0,v1:172.21.15.150:6789/0] conn(0x7f0f3c100f30 0x7f0f3c110e20 secure :-1 s=READY pgs=62 cs=0 l=1 rev1=1 crypto rx=0x7f0f38006a70 tx=0x7f0f380091d0 comp rx=0 tx=0).stop
2024-09-13T22:05:43.030 INFO:teuthology.orchestra.run.smithi150.stdout:/usr/bin/ceph: stderr
2024-09-13T22:05:42.348+0000 7f0f442b3640 1 -- 172.21.15.150:0/3164698853 shutdown_connections
2024-09-13T22:05:43.031 INFO:teuthology.orchestra.run.smithi150.stdout:/usr/bin/ceph: stderr
2024-09-13T22:05:42.348+0000 7f0f442b3640 1 --2- 172.21.15.150:0/3164698853 >> [v2:172.21.15.150:6800/2543034791,v1:172.21.15.150:6801/2543034791] conn(0x7f0f28039490 0x7f0f2803b940 unknown :-1 s=CLOSED pgs=20 cs=0 l=1 rev1=1 crypto rx=0 tx=0 comp rx=0 tx=0).stop
2024-09-13T22:05:43.031 INFO:teuthology.orchestra.run.smithi150.stdout:/usr/bin/ceph: stderr
2024-09-13T22:05:42.348+0000 7f0f442b3640 1 --2- 172.21.15.150:0/3164698853 >> [v2:172.21.15.150:3300/0,v1:172.21.15.150:6789/0] conn(0x7f0f3c100f30 0x7f0f3c110e20 unknown :-1 s=CLOSED pgs=62 cs=0 l=1 rev1=1 crypto rx=0 tx=0 comp rx=0 tx=0).stop
2024-09-13T22:05:43.031 INFO:teuthology.orchestra.run.smithi150.stdout:/usr/bin/ceph: stderr
2024-09-13T22:05:42.348+0000 7f0f442b3640 1 -- 172.21.15.150:0/3164698853 >> 172.21.15.150:0/3164698853 conn(0x7f0f3c0fc730 msgr2=0x7f0f3c0fd680 unknown :-1 s=STATE_NONE l=0).mark_down
2024-09-13T22:05:43.031 INFO:teuthology.orchestra.run.smithi150.stdout:/usr/bin/ceph: stderr
2024-09-13T22:05:42.348+0000 7f0f442b3640 1 -- 172.21.15.150:0/3164698853 shutdown_connections
2024-09-13T22:05:43.031 INFO:teuthology.orchestra.run.smithi150.stdout:/usr/bin/ceph: stderr
2024-09-13T22:05:42.348+0000 7f0f442b3640 1 -- 172.21.15.150:0/3164698853 wait complete.
2024-09-13T22:05:43.031 INFO:teuthology.orchestra.run.smithi150.stdout:Enabling the dashboard module...
2024-09-13T22:05:43.380 INFO:journalctl@ceph.mon.smithi150.smithi150.stdout:Sep 13 22:05:43 smithi150 ceph-mon[27902]: pgmap v4: 0 pgs: ; 0 B data, 0 B used, 0 B / 0 B avail
2024-09-13T22:05:43.380 INFO:journalctl@ceph.mon.smithi150.smithi150.stdout:Sep 13 22:05:43 smithi150 ceph-mon[27902]: from='client.? 172.21.15.150:0/3164698853' entity='client.admin'
2024-09-13T22:05:44.505 INFO:journalctl@ceph.mon.smithi150.smithi150.stdout:Sep 13 22:05:44 smithi150 ceph-mon[27902]: from='client.? 172.21.15.150:0/54573078' entity='client.admin' cmd=[{"prefix": "mgr module enable", "module": "dashboard"}]: dispatch
2024-09-13T22:05:44.825 INFO:teuthology.orchestra.run.smithi150.stdout:/usr/bin/ceph: stderr
2024-09-13T22:05:43.458+0000 7fd9a714e640 1 Processor -- start
2024-09-13T22:05:44.825 INFO:teuthology.orchestra.run.smithi150.stdout:/usr/bin/ceph: stderr
2024-09-13T22:05:43.458+0000 7fd9a714e640 1 -- start start
2024-09-13T22:05:44.825 INFO:teuthology.orchestra.run.smithi150.stdout:/usr/bin/ceph: stderr
2024-09-13T22:05:43.458+0000 7fd9a714e640 1 --2- >> [v2:172.21.15.150:3300/0,v1:172.21.15.150:6789/0] conn(0x7fd9a0100f90 0x7fd9a01013a0 unknown :-1 s=NONE pgs=0 cs=0 l=0 rev1=0 crypto rx=0 tx=0 comp rx=0 tx=0).connect
2024-09-13T22:05:44.825 INFO:teuthology.orchestra.run.smithi150.stdout:/usr/bin/ceph: stderr
2024-09-13T22:05:43.458+0000 7fd9a714e640 1 -- --> [v2:172.21.15.150:3300/0,v1:172.21.15.150:6789/0] -- mon_getmap magic: 0 v1 -- 0x7fd9a01018e0 con 0x7fd9a0100f90
2024-09-13T22:05:44.825 INFO:teuthology.orchestra.run.smithi150.stdout:/usr/bin/ceph: stderr
2024-09-13T22:05:43.458+0000 7fd9a4eea640 1 --2- >> [v2:172.21.15.150:3300/0,v1:172.21.15.150:6789/0] conn(0x7fd9a0100f90 0x7fd9a01013a0 unknown :-1 s=BANNER_CONNECTING pgs=0 cs=0 l=0 rev1=0 crypto rx=0 tx=0 comp rx=0 tx=0)._handle_peer_banner_payload supported=3 required=0
2024-09-13T22:05:44.825 INFO:teuthology.orchestra.run.smithi150.stdout:/usr/bin/ceph: stderr
2024-09-13T22:05:43.458+0000 7fd9a4eea640 1 --2- >> [v2:172.21.15.150:3300/0,v1:172.21.15.150:6789/0] conn(0x7fd9a0100f90 0x7fd9a01013a0 unknown :-1 s=HELLO_CONNECTING pgs=0 cs=0 l=0 rev1=1 crypto rx=0 tx=0 comp rx=0 tx=0).handle_hello peer v2:172.21.15.150:3300/0 says I am v2:172.21.15.150:46674/0 (socket says 172.21.15.150:46674)
2024-09-13T22:05:44.826 INFO:teuthology.orchestra.run.smithi150.stdout:/usr/bin/ceph: stderr
2024-09-13T22:05:43.458+0000 7fd9a4eea640 1 -- 172.21.15.150:0/2063785980 learned_addr learned my addr 172.21.15.150:0/2063785980 (peer_addr_for_me v2:172.21.15.150:0/0)
2024-09-13T22:05:44.826 INFO:teuthology.orchestra.run.smithi150.stdout:/usr/bin/ceph: stderr
2024-09-13T22:05:43.459+0000 7fd9a4eea640 1 -- 172.21.15.150:0/2063785980 --> [v2:172.21.15.150:3300/0,v1:172.21.15.150:6789/0] -- mon_subscribe({config=0+,monmap=0+}) v3 -- 0x7fd9a0101a20 con 0x7fd9a0100f90
2024-09-13T22:05:44.826 INFO:teuthology.orchestra.run.smithi150.stdout:/usr/bin/ceph: stderr
2024-09-13T22:05:43.459+0000 7fd9a4eea640 1 --2- 172.21.15.150:0/2063785980 >> [v2:172.21.15.150:3300/0,v1:172.21.15.150:6789/0] conn(0x7fd9a0100f90 0x7fd9a01013a0 secure :-1 s=READY pgs=63 cs=0 l=1 rev1=1 crypto rx=0x7fd994009840 tx=0x7fd9940091d0 comp rx=0 tx=0).ready entity=mon.0 client_cookie=8b3995383603248a server_cookie=0 in_seq=0 out_seq=0
2024-09-13T22:05:44.826 INFO:teuthology.orchestra.run.smithi150.stdout:/usr/bin/ceph: stderr
2024-09-13T22:05:43.460+0000 7fd99f7fe640 1 -- 172.21.15.150:0/2063785980 <== mon.0 v2:172.21.15.150:3300/0 1 ==== mon_map magic: 0 v1 ==== 229+0+0 (secure 0 0 0) 0x7fd994032440 con 0x7fd9a0100f90
2024-09-13T22:05:44.826 INFO:teuthology.orchestra.run.smithi150.stdout:/usr/bin/ceph: stderr
2024-09-13T22:05:43.460+0000 7fd99f7fe640 1 -- 172.21.15.150:0/2063785980 <== mon.0 v2:172.21.15.150:3300/0 2 ==== config(26 keys) v1 ==== 1070+0+0 (secure 0 0 0) 0x7fd994032a40 con 0x7fd9a0100f90
2024-09-13T22:05:44.826 INFO:teuthology.orchestra.run.smithi150.stdout:/usr/bin/ceph: stderr
2024-09-13T22:05:43.460+0000 7fd99f7fe640 1 -- 172.21.15.150:0/2063785980 <== mon.0 v2:172.21.15.150:3300/0 3 ==== mon_map magic: 0 v1 ==== 229+0+0 (secure 0 0 0) 0x7fd994031aa0 con 0x7fd9a0100f90
2024-09-13T22:05:44.826 INFO:teuthology.orchestra.run.smithi150.stdout:/usr/bin/ceph: stderr
2024-09-13T22:05:43.460+0000 7fd9a714e640 1 -- 172.21.15.150:0/2063785980 >> [v2:172.21.15.150:3300/0,v1:172.21.15.150:6789/0] conn(0x7fd9a0100f90 msgr2=0x7fd9a01013a0 secure :-1 s=STATE_CONNECTION_ESTABLISHED l=1).mark_down
2024-09-13T22:05:44.826 INFO:teuthology.orchestra.run.smithi150.stdout:/usr/bin/ceph: stderr
2024-09-13T22:05:43.460+0000 7fd9a714e640 1 --2- 172.21.15.150:0/2063785980 >> [v2:172.21.15.150:3300/0,v1:172.21.15.150:6789/0] conn(0x7fd9a0100f90 0x7fd9a01013a0 secure :-1 s=READY pgs=63 cs=0 l=1 rev1=1 crypto rx=0x7fd994009840 tx=0x7fd9940091d0 comp rx=0 tx=0).stop
2024-09-13T22:05:44.826 INFO:teuthology.orchestra.run.smithi150.stdout:/usr/bin/ceph: stderr
2024-09-13T22:05:43.460+0000 7fd9a714e640 1 -- 172.21.15.150:0/2063785980 shutdown_connections
2024-09-13T22:05:44.826 INFO:teuthology.orchestra.run.smithi150.stdout:/usr/bin/ceph: stderr
2024-09-13T22:05:43.460+0000 7fd9a714e640 1 --2- 172.21.15.150:0/2063785980 >> [v2:172.21.15.150:3300/0,v1:172.21.15.150:6789/0] conn(0x7fd9a0100f90 0x7fd9a01013a0 unknown :-1 s=CLOSED pgs=63 cs=0 l=1 rev1=1 crypto rx=0 tx=0 comp rx=0 tx=0).stop
2024-09-13T22:05:44.826 INFO:teuthology.orchestra.run.smithi150.stdout:/usr/bin/ceph: stderr
2024-09-13T22:05:43.460+0000 7fd9a714e640 1 -- 172.21.15.150:0/2063785980 >> 172.21.15.150:0/2063785980 conn(0x7fd9a00fc750 msgr2=0x7fd9a00feb80 unknown :-1 s=STATE_NONE l=0).mark_down
2024-09-13T22:05:44.827 INFO:teuthology.orchestra.run.smithi150.stdout:/usr/bin/ceph: stderr
2024-09-13T22:05:43.460+0000 7fd9a714e640 1 -- 172.21.15.150:0/2063785980 shutdown_connections
2024-09-13T22:05:44.827 INFO:teuthology.orchestra.run.smithi150.stdout:/usr/bin/ceph: stderr
2024-09-13T22:05:43.460+0000 7fd9a714e640 1 -- 172.21.15.150:0/2063785980 wait complete.
2024-09-13T22:05:44.827 INFO:teuthology.orchestra.run.smithi150.stdout:/usr/bin/ceph: stderr
2024-09-13T22:05:43.461+0000 7fd9a714e640 1 Processor -- start
2024-09-13T22:05:44.827 INFO:teuthology.orchestra.run.smithi150.stdout:/usr/bin/ceph: stderr
2024-09-13T22:05:43.461+0000 7fd9a714e640 1 -- start start
2024-09-13T22:05:44.827 INFO:teuthology.orchestra.run.smithi150.stdout:/usr/bin/ceph: stderr
2024-09-13T22:05:43.461+0000 7fd9a714e640 1 --2- >> [v2:172.21.15.150:3300/0,v1:172.21.15.150:6789/0] conn(0x7fd9a0100f90 0x7fd9a010ebe0 unknown :-1 s=NONE pgs=0 cs=0 l=1 rev1=0 crypto rx=0 tx=0 comp rx=0 tx=0).connect
2024-09-13T22:05:44.827 INFO:teuthology.orchestra.run.smithi150.stdout:/usr/bin/ceph: stderr
2024-09-13T22:05:43.461+0000 7fd9a714e640 1 -- --> [v2:172.21.15.150:3300/0,v1:172.21.15.150:6789/0] -- mon_getmap magic: 0 v1 -- 0x7fd9a010f120 con 0x7fd9a0100f90
2024-09-13T22:05:44.827 INFO:teuthology.orchestra.run.smithi150.stdout:/usr/bin/ceph: stderr
2024-09-13T22:05:43.461+0000 7fd9a4eea640 1 --2- >> [v2:172.21.15.150:3300/0,v1:172.21.15.150:6789/0] conn(0x7fd9a0100f90 0x7fd9a010ebe0 unknown :-1 s=BANNER_CONNECTING pgs=0 cs=0 l=1 rev1=0 crypto rx=0 tx=0 comp rx=0 tx=0)._handle_peer_banner_payload supported=3 required=0
2024-09-13T22:05:44.827 INFO:teuthology.orchestra.run.smithi150.stdout:/usr/bin/ceph: stderr
2024-09-13T22:05:43.461+0000 7fd9a4eea640 1 --2- >> [v2:172.21.15.150:3300/0,v1:172.21.15.150:6789/0] conn(0x7fd9a0100f90 0x7fd9a010ebe0 unknown :-1 s=HELLO_CONNECTING pgs=0 cs=0 l=1 rev1=1 crypto rx=0 tx=0 comp rx=0 tx=0).handle_hello peer v2:172.21.15.150:3300/0 says I am v2:172.21.15.150:46680/0 (socket says 172.21.15.150:46680)
2024-09-13T22:05:44.827 INFO:teuthology.orchestra.run.smithi150.stdout:/usr/bin/ceph: stderr
2024-09-13T22:05:43.461+0000 7fd9a4eea640 1 -- 172.21.15.150:0/54573078 learned_addr learned my addr 172.21.15.150:0/54573078 (peer_addr_for_me v2:172.21.15.150:0/0)
2024-09-13T22:05:44.827 INFO:teuthology.orchestra.run.smithi150.stdout:/usr/bin/ceph: stderr
2024-09-13T22:05:43.461+0000 7fd9a4eea640 1 -- 172.21.15.150:0/54573078 --> [v2:172.21.15.150:3300/0,v1:172.21.15.150:6789/0] -- mon_subscribe({config=0+,monmap=0+}) v3 -- 0x7fd994009450 con 0x7fd9a0100f90
2024-09-13T22:05:44.827 INFO:teuthology.orchestra.run.smithi150.stdout:/usr/bin/ceph: stderr
2024-09-13T22:05:43.462+0000 7fd9a4eea640 1 --2- 172.21.15.150:0/54573078 >> [v2:172.21.15.150:3300/0,v1:172.21.15.150:6789/0] conn(0x7fd9a0100f90 0x7fd9a010ebe0 secure :-1 s=READY pgs=64 cs=0 l=1 rev1=1 crypto rx=0x7fd994009810 tx=0x7fd9940091d0 comp rx=0 tx=0).ready entity=mon.0 client_cookie=0 server_cookie=0 in_seq=0 out_seq=0
2024-09-13T22:05:44.827 INFO:teuthology.orchestra.run.smithi150.stdout:/usr/bin/ceph: stderr
2024-09-13T22:05:43.462+0000 7fd99d7fa640 1 -- 172.21.15.150:0/54573078 <== mon.0 v2:172.21.15.150:3300/0 1 ==== mon_map magic: 0 v1 ==== 229+0+0 (secure 0 0 0) 0x7fd9940327b0 con 0x7fd9a0100f90
2024-09-13T22:05:44.827 INFO:teuthology.orchestra.run.smithi150.stdout:/usr/bin/ceph: stderr
2024-09-13T22:05:43.462+0000 7fd99d7fa640 1 -- 172.21.15.150:0/54573078 <== mon.0 v2:172.21.15.150:3300/0 2 ==== config(26 keys) v1 ==== 1070+0+0 (secure 0 0 0) 0x7fd99403b8d0 con 0x7fd9a0100f90
2024-09-13T22:05:44.828 INFO:teuthology.orchestra.run.smithi150.stdout:/usr/bin/ceph: stderr
2024-09-13T22:05:43.462+0000 7fd9a714e640 1 -- 172.21.15.150:0/54573078 --> [v2:172.21.15.150:3300/0,v1:172.21.15.150:6789/0] -- mon_subscribe({mgrmap=0+}) v3 -- 0x7fd9a010f320 con 0x7fd9a0100f90
2024-09-13T22:05:44.828 INFO:teuthology.orchestra.run.smithi150.stdout:/usr/bin/ceph: stderr
2024-09-13T22:05:43.462+0000 7fd99d7fa640 1 -- 172.21.15.150:0/54573078 <== mon.0 v2:172.21.15.150:3300/0 3 ==== mon_map magic: 0 v1 ==== 229+0+0 (secure 0 0 0) 0x7fd99403a6f0 con 0x7fd9a0100f90
2024-09-13T22:05:44.828 INFO:teuthology.orchestra.run.smithi150.stdout:/usr/bin/ceph: stderr
2024-09-13T22:05:43.462+0000 7fd9a714e640 1 -- 172.21.15.150:0/54573078 --> [v2:172.21.15.150:3300/0,v1:172.21.15.150:6789/0] -- mon_subscribe({osdmap=0}) v3 -- 0x7fd9a010f790 con 0x7fd9a0100f90
2024-09-13T22:05:44.828 INFO:teuthology.orchestra.run.smithi150.stdout:/usr/bin/ceph: stderr
2024-09-13T22:05:43.463+0000 7fd99d7fa640 1 -- 172.21.15.150:0/54573078 <== mon.0 v2:172.21.15.150:3300/0 4 ==== mgrmap(e 8) v1 ==== 45507+0+0 (secure 0 0 0) 0x7fd994039040 con 0x7fd9a0100f90
2024-09-13T22:05:44.828 INFO:teuthology.orchestra.run.smithi150.stdout:/usr/bin/ceph: stderr
2024-09-13T22:05:43.463+0000 7fd9a714e640 1 -- 172.21.15.150:0/54573078 --> [v2:172.21.15.150:3300/0,v1:172.21.15.150:6789/0] -- mon_command({"prefix": "get_command_descriptions"} v 0) v1 -- 0x7fd9a004b720 con 0x7fd9a0100f90
2024-09-13T22:05:44.828 INFO:teuthology.orchestra.run.smithi150.stdout:/usr/bin/ceph: stderr
2024-09-13T22:05:43.463+0000 7fd99d7fa640 1 --2- 172.21.15.150:0/54573078 >> [v2:172.21.15.150:6800/2543034791,v1:172.21.15.150:6801/2543034791] conn(0x7fd99003b730 0x7fd99003dbe0 unknown :-1 s=NONE pgs=0 cs=0 l=1 rev1=0 crypto rx=0 tx=0 comp rx=0 tx=0).connect
2024-09-13T22:05:44.828 INFO:teuthology.orchestra.run.smithi150.stdout:/usr/bin/ceph: stderr
2024-09-13T22:05:43.463+0000 7fd99d7fa640 1 -- 172.21.15.150:0/54573078 <== mon.0 v2:172.21.15.150:3300/0 5 ==== osd_map(2..2 src has 1..2) v4 ==== 936+0+0 (secure 0 0 0) 0x7fd99406ca70 con 0x7fd9a0100f90
2024-09-13T22:05:44.828 INFO:teuthology.orchestra.run.smithi150.stdout:/usr/bin/ceph: stderr
2024-09-13T22:05:43.463+0000 7fd99ffff640 1 --2- 172.21.15.150:0/54573078 >> [v2:172.21.15.150:6800/2543034791,v1:172.21.15.150:6801/2543034791] conn(0x7fd99003b730 0x7fd99003dbe0 unknown :-1 s=BANNER_CONNECTING pgs=0 cs=0 l=1 rev1=0 crypto rx=0 tx=0 comp rx=0 tx=0)._handle_peer_banner_payload supported=3 required=0
2024-09-13T22:05:44.828 INFO:teuthology.orchestra.run.smithi150.stdout:/usr/bin/ceph: stderr
2024-09-13T22:05:43.463+0000 7fd99ffff640 1 --2- 172.21.15.150:0/54573078 >> [v2:172.21.15.150:6800/2543034791,v1:172.21.15.150:6801/2543034791] conn(0x7fd99003b730 0x7fd99003dbe0 secure :-1 s=READY pgs=21 cs=0 l=1 rev1=1 crypto rx=0x7fd98c006fd0 tx=0x7fd98c006db0 comp rx=0 tx=0).ready entity=mgr.14118 client_cookie=0 server_cookie=0 in_seq=0 out_seq=0
2024-09-13T22:05:44.828 INFO:teuthology.orchestra.run.smithi150.stdout:/usr/bin/ceph: stderr
2024-09-13T22:05:43.467+0000 7fd99d7fa640 1 -- 172.21.15.150:0/54573078 <== mon.0 v2:172.21.15.150:3300/0 6 ==== mon_command_ack([{"prefix": "get_command_descriptions"}]=0 v0) v1 ==== 72+0+176781 (secure 0 0 0) 0x7fd99404b900 con 0x7fd9a0100f90
2024-09-13T22:05:44.828 INFO:teuthology.orchestra.run.smithi150.stdout:/usr/bin/ceph: stderr
2024-09-13T22:05:43.666+0000 7fd9a714e640 1 -- 172.21.15.150:0/54573078 --> [v2:172.21.15.150:3300/0,v1:172.21.15.150:6789/0] -- mon_command({"prefix": "mgr module enable", "module": "dashboard"} v 0) v1 -- 0x7fd9a010f790 con 0x7fd9a0100f90
2024-09-13T22:05:44.828 INFO:teuthology.orchestra.run.smithi150.stdout:/usr/bin/ceph: stderr
2024-09-13T22:05:44.240+0000 7fd99d7fa640 1 -- 172.21.15.150:0/54573078 <== mon.0 v2:172.21.15.150:3300/0 7 ==== mgrmap(e 9) v1 ==== 45520+0+0 (secure 0 0 0) 0x7fd99403acc0 con 0x7fd9a0100f90
2024-09-13T22:05:44.828 INFO:teuthology.orchestra.run.smithi150.stdout:/usr/bin/ceph: stderr
2024-09-13T22:05:44.241+0000 7fd99d7fa640 1 -- 172.21.15.150:0/54573078 <== mon.0 v2:172.21.15.150:3300/0 8 ==== mon_command_ack([{"prefix": "mgr module enable", "module": "dashboard"}]=0 v9) v1 ==== 88+0+0 (secure 0 0 0) 0x7fd99403a850 con 0x7fd9a0100f90
2024-09-13T22:05:44.829 INFO:teuthology.orchestra.run.smithi150.stdout:/usr/bin/ceph: stderr
2024-09-13T22:05:44.243+0000 7fd9a714e640 1 -- 172.21.15.150:0/54573078 >> [v2:172.21.15.150:6800/2543034791,v1:172.21.15.150:6801/2543034791] conn(0x7fd99003b730 msgr2=0x7fd99003dbe0 secure :-1 s=STATE_CONNECTION_ESTABLISHED l=1).mark_down
2024-09-13T22:05:44.829 INFO:teuthology.orchestra.run.smithi150.stdout:/usr/bin/ceph: stderr
2024-09-13T22:05:44.243+0000 7fd9a714e640 1 --2- 172.21.15.150:0/54573078 >> [v2:172.21.15.150:6800/2543034791,v1:172.21.15.150:6801/2543034791] conn(0x7fd99003b730 0x7fd99003dbe0 secure :-1 s=READY pgs=21 cs=0 l=1 rev1=1 crypto rx=0x7fd98c006fd0 tx=0x7fd98c006db0 comp rx=0 tx=0).stop
2024-09-13T22:05:44.829 INFO:teuthology.orchestra.run.smithi150.stdout:/usr/bin/ceph: stderr
2024-09-13T22:05:44.243+0000 7fd9a714e640 1 -- 172.21.15.150:0/54573078 >> [v2:172.21.15.150:3300/0,v1:172.21.15.150:6789/0] conn(0x7fd9a0100f90 msgr2=0x7fd9a010ebe0 secure :-1 s=STATE_CONNECTION_ESTABLISHED l=1).mark_down
2024-09-13T22:05:44.829 INFO:teuthology.orchestra.run.smithi150.stdout:/usr/bin/ceph: stderr
2024-09-13T22:05:44.243+0000 7fd9a714e640 1 --2- 172.21.15.150:0/54573078 >> [v2:172.21.15.150:3300/0,v1:172.21.15.150:6789/0] conn(0x7fd9a0100f90 0x7fd9a010ebe0 secure :-1 s=READY pgs=64 cs=0 l=1 rev1=1 crypto rx=0x7fd994009810 tx=0x7fd9940091d0 comp rx=0 tx=0).stop
2024-09-13T22:05:44.829 INFO:teuthology.orchestra.run.smithi150.stdout:/usr/bin/ceph: stderr
2024-09-13T22:05:44.244+0000 7fd9a714e640 1 -- 172.21.15.150:0/54573078 shutdown_connections
2024-09-13T22:05:44.829 INFO:teuthology.orchestra.run.smithi150.stdout:/usr/bin/ceph: stderr
2024-09-13T22:05:44.244+0000 7fd9a714e640 1 --2- 172.21.15.150:0/54573078 >> [v2:172.21.15.150:6800/2543034791,v1:172.21.15.150:6801/2543034791] conn(0x7fd99003b730 0x7fd99003dbe0 unknown :-1 s=CLOSED pgs=21 cs=0 l=1 rev1=1 crypto rx=0 tx=0 comp rx=0 tx=0).stop
2024-09-13T22:05:44.829 INFO:teuthology.orchestra.run.smithi150.stdout:/usr/bin/ceph: stderr
2024-09-13T22:05:44.244+0000 7fd9a714e640 1 --2- 172.21.15.150:0/54573078 >> [v2:172.21.15.150:3300/0,v1:172.21.15.150:6789/0] conn(0x7fd9a0100f90 0x7fd9a010ebe0 unknown :-1 s=CLOSED pgs=64 cs=0 l=1 rev1=1 crypto rx=0 tx=0 comp rx=0 tx=0).stop
2024-09-13T22:05:44.829 INFO:teuthology.orchestra.run.smithi150.stdout:/usr/bin/ceph: stderr
2024-09-13T22:05:44.244+0000 7fd9a714e640 1 -- 172.21.15.150:0/54573078 >> 172.21.15.150:0/54573078 conn(0x7fd9a00fc750 msgr2=0x7fd9a0105440 unknown :-1 s=STATE_NONE l=0).mark_down
2024-09-13T22:05:44.829 INFO:teuthology.orchestra.run.smithi150.stdout:/usr/bin/ceph: stderr
2024-09-13T22:05:44.244+0000 7fd9a714e640 1 -- 172.21.15.150:0/54573078 shutdown_connections
2024-09-13T22:05:44.829 INFO:teuthology.orchestra.run.smithi150.stdout:/usr/bin/ceph: stderr
2024-09-13T22:05:44.244+0000 7fd9a714e640 1 -- 172.21.15.150:0/54573078 wait complete.
2024-09-13T22:05:45.314 INFO:journalctl@ceph.mon.smithi150.smithi150.stdout:Sep 13 22:05:45 smithi150 ceph-mon[27902]: from='client.? 172.21.15.150:0/54573078' entity='client.admin' cmd='[{"prefix": "mgr module enable", "module": "dashboard"}]': finished
2024-09-13T22:05:45.314 INFO:journalctl@ceph.mon.smithi150.smithi150.stdout:Sep 13 22:05:45 smithi150 ceph-mon[27902]: mgrmap e9: smithi150.xpbuwn(active, since 24s)
2024-09-13T22:05:46.141 INFO:teuthology.orchestra.run.smithi150.stdout:/usr/bin/ceph: stdout {
2024-09-13T22:05:46.141 INFO:teuthology.orchestra.run.smithi150.stdout:/usr/bin/ceph: stdout "epoch": 9,
2024-09-13T22:05:46.141 INFO:teuthology.orchestra.run.smithi150.stdout:/usr/bin/ceph: stdout "available": true,
2024-09-13T22:05:46.141 INFO:teuthology.orchestra.run.smithi150.stdout:/usr/bin/ceph: stdout "active_name": "smithi150.xpbuwn",
2024-09-13T22:05:46.141 INFO:teuthology.orchestra.run.smithi150.stdout:/usr/bin/ceph: stdout "num_standby": 0
2024-09-13T22:05:46.141 INFO:teuthology.orchestra.run.smithi150.stdout:/usr/bin/ceph: stdout }
2024-09-13T22:05:46.141 INFO:teuthology.orchestra.run.smithi150.stdout:/usr/bin/ceph: stderr
2024-09-13T22:05:45.312+0000 7fc9dfd43640 1 Processor -- start
2024-09-13T22:05:46.142 INFO:teuthology.orchestra.run.smithi150.stdout:/usr/bin/ceph: stderr
2024-09-13T22:05:45.312+0000 7fc9dfd43640 1 -- start start
2024-09-13T22:05:46.142 INFO:teuthology.orchestra.run.smithi150.stdout:/usr/bin/ceph: stderr
2024-09-13T22:05:45.312+0000 7fc9dfd43640 1 --2- >> [v2:172.21.15.150:3300/0,v1:172.21.15.150:6789/0] conn(0x7fc9d8076b10 0x7fc9d8104be0 unknown :-1 s=NONE pgs=0 cs=0 l=0 rev1=0 crypto rx=0 tx=0 comp rx=0 tx=0).connect
2024-09-13T22:05:46.142 INFO:teuthology.orchestra.run.smithi150.stdout:/usr/bin/ceph: stderr
2024-09-13T22:05:45.312+0000 7fc9dfd43640 1 -- --> [v2:172.21.15.150:3300/0,v1:172.21.15.150:6789/0] -- mon_getmap magic: 0 v1 -- 0x7fc9d8076f20 con 0x7fc9d8076b10
2024-09-13T22:05:46.142 INFO:teuthology.orchestra.run.smithi150.stdout:/usr/bin/ceph: stderr
2024-09-13T22:05:45.312+0000 7fc9ddadf640 1 --2- >> [v2:172.21.15.150:3300/0,v1:172.21.15.150:6789/0] conn(0x7fc9d8076b10 0x7fc9d8104be0 unknown :-1 s=BANNER_CONNECTING pgs=0 cs=0 l=0 rev1=0 crypto rx=0 tx=0 comp rx=0 tx=0)._handle_peer_banner_payload supported=3 required=0
2024-09-13T22:05:46.142 INFO:teuthology.orchestra.run.smithi150.stdout:/usr/bin/ceph: stderr
2024-09-13T22:05:45.312+0000 7fc9ddadf640 1 --2- >> [v2:172.21.15.150:3300/0,v1:172.21.15.150:6789/0] conn(0x7fc9d8076b10 0x7fc9d8104be0 unknown :-1 s=HELLO_CONNECTING pgs=0 cs=0 l=0 rev1=1 crypto rx=0 tx=0 comp rx=0 tx=0).handle_hello peer v2:172.21.15.150:3300/0 says I am v2:172.21.15.150:46706/0 (socket says 172.21.15.150:46706)
2024-09-13T22:05:46.142 INFO:teuthology.orchestra.run.smithi150.stdout:/usr/bin/ceph: stderr
2024-09-13T22:05:45.312+0000 7fc9ddadf640 1 -- 172.21.15.150:0/2071793834 learned_addr learned my addr 172.21.15.150:0/2071793834 (peer_addr_for_me v2:172.21.15.150:0/0)
2024-09-13T22:05:46.142 INFO:teuthology.orchestra.run.smithi150.stdout:/usr/bin/ceph: stderr
2024-09-13T22:05:45.312+0000 7fc9ddadf640 1 -- 172.21.15.150:0/2071793834 --> [v2:172.21.15.150:3300/0,v1:172.21.15.150:6789/0] -- mon_subscribe({config=0+,monmap=0+}) v3 -- 0x7fc9d8105120 con 0x7fc9d8076b10
2024-09-13T22:05:46.142 INFO:teuthology.orchestra.run.smithi150.stdout:/usr/bin/ceph: stderr
2024-09-13T22:05:45.313+0000 7fc9ddadf640 1 --2- 172.21.15.150:0/2071793834 >> [v2:172.21.15.150:3300/0,v1:172.21.15.150:6789/0] conn(0x7fc9d8076b10 0x7fc9d8104be0 secure :-1 s=READY pgs=67 cs=0 l=1 rev1=1 crypto rx=0x7fc9d4009840 tx=0x7fc9d40091d0 comp rx=0 tx=0).ready entity=mon.0 client_cookie=b63e5bcd17033862 server_cookie=0 in_seq=0 out_seq=0
2024-09-13T22:05:46.142 INFO:teuthology.orchestra.run.smithi150.stdout:/usr/bin/ceph: stderr
2024-09-13T22:05:45.313+0000 7fc9dcadd640 1 -- 172.21.15.150:0/2071793834 <== mon.0 v2:172.21.15.150:3300/0 1 ==== mon_map magic: 0 v1 ==== 229+0+0 (secure 0 0 0) 0x7fc9d4032440 con 0x7fc9d8076b10
2024-09-13T22:05:46.142 INFO:teuthology.orchestra.run.smithi150.stdout:/usr/bin/ceph: stderr
2024-09-13T22:05:45.313+0000 7fc9dcadd640 1 -- 172.21.15.150:0/2071793834 <== mon.0 v2:172.21.15.150:3300/0 2 ==== config(26 keys) v1 ==== 1070+0+0 (secure 0 0 0) 0x7fc9d4032a40 con 0x7fc9d8076b10
2024-09-13T22:05:46.142 INFO:teuthology.orchestra.run.smithi150.stdout:/usr/bin/ceph: stderr
2024-09-13T22:05:45.313+0000 7fc9dcadd640 1 -- 172.21.15.150:0/2071793834 <== mon.0 v2:172.21.15.150:3300/0 3 ==== mon_map magic: 0 v1 ==== 229+0+0 (secure 0 0 0) 0x7fc9d4031aa0 con 0x7fc9d8076b10
2024-09-13T22:05:46.142 INFO:teuthology.orchestra.run.smithi150.stdout:/usr/bin/ceph: stderr
2024-09-13T22:05:45.314+0000 7fc9dfd43640 1 -- 172.21.15.150:0/2071793834 >> [v2:172.21.15.150:3300/0,v1:172.21.15.150:6789/0] conn(0x7fc9d8076b10 msgr2=0x7fc9d8104be0 secure :-1 s=STATE_CONNECTION_ESTABLISHED l=1).mark_down
2024-09-13T22:05:46.142 INFO:teuthology.orchestra.run.smithi150.stdout:/usr/bin/ceph: stderr
2024-09-13T22:05:45.314+0000 7fc9dfd43640 1 --2- 172.21.15.150:0/2071793834 >> [v2:172.21.15.150:3300/0,v1:172.21.15.150:6789/0] conn(0x7fc9d8076b10 0x7fc9d8104be0 secure :-1 s=READY pgs=67 cs=0 l=1 rev1=1 crypto rx=0x7fc9d4009840 tx=0x7fc9d40091d0 comp rx=0 tx=0).stop
2024-09-13T22:05:46.143 INFO:teuthology.orchestra.run.smithi150.stdout:/usr/bin/ceph: stderr
2024-09-13T22:05:45.314+0000 7fc9dfd43640 1 -- 172.21.15.150:0/2071793834 shutdown_connections
2024-09-13T22:05:46.143 INFO:teuthology.orchestra.run.smithi150.stdout:/usr/bin/ceph: stderr
2024-09-13T22:05:45.314+0000 7fc9dfd43640 1 --2- 172.21.15.150:0/2071793834 >> [v2:172.21.15.150:3300/0,v1:172.21.15.150:6789/0] conn(0x7fc9d8076b10 0x7fc9d8104be0 unknown :-1 s=CLOSED pgs=67 cs=0 l=1 rev1=1 crypto rx=0 tx=0 comp rx=0 tx=0).stop
2024-09-13T22:05:46.143 INFO:teuthology.orchestra.run.smithi150.stdout:/usr/bin/ceph: stderr
2024-09-13T22:05:45.314+0000 7fc9dfd43640 1 -- 172.21.15.150:0/2071793834 >> 172.21.15.150:0/2071793834 conn(0x7fc9d80fc6d0 msgr2=0x7fc9d80feb20 unknown :-1 s=STATE_NONE l=0).mark_down
2024-09-13T22:05:46.143 INFO:teuthology.orchestra.run.smithi150.stdout:/usr/bin/ceph: stderr
2024-09-13T22:05:45.314+0000 7fc9dfd43640 1 -- 172.21.15.150:0/2071793834 shutdown_connections
2024-09-13T22:05:46.143 INFO:teuthology.orchestra.run.smithi150.stdout:/usr/bin/ceph: stderr
2024-09-13T22:05:45.314+0000 7fc9dfd43640 1 -- 172.21.15.150:0/2071793834 wait complete.
2024-09-13T22:05:46.143 INFO:teuthology.orchestra.run.smithi150.stdout:/usr/bin/ceph: stderr
2024-09-13T22:05:45.315+0000 7fc9dfd43640 1 Processor -- start
2024-09-13T22:05:46.143 INFO:teuthology.orchestra.run.smithi150.stdout:/usr/bin/ceph: stderr
2024-09-13T22:05:45.315+0000 7fc9dfd43640 1 -- start start
2024-09-13T22:05:46.143 INFO:teuthology.orchestra.run.smithi150.stdout:/usr/bin/ceph: stderr
2024-09-13T22:05:45.315+0000 7fc9dfd43640 1 --2- >> [v2:172.21.15.150:3300/0,v1:172.21.15.150:6789/0] conn(0x7fc9d8076b10 0x7fc9d8110e30 unknown :-1 s=NONE pgs=0 cs=0 l=1 rev1=0 crypto rx=0 tx=0 comp rx=0 tx=0).connect
2024-09-13T22:05:46.143 INFO:teuthology.orchestra.run.smithi150.stdout:/usr/bin/ceph: stderr
2024-09-13T22:05:45.315+0000 7fc9dfd43640 1 -- --> [v2:172.21.15.150:3300/0,v1:172.21.15.150:6789/0] -- mon_getmap magic: 0 v1 -- 0x7fc9d8111370 con 0x7fc9d8076b10
2024-09-13T22:05:46.143 INFO:teuthology.orchestra.run.smithi150.stdout:/usr/bin/ceph: stderr
2024-09-13T22:05:45.315+0000 7fc9ddadf640 1 --2- >> [v2:172.21.15.150:3300/0,v1:172.21.15.150:6789/0] conn(0x7fc9d8076b10 0x7fc9d8110e30 unknown :-1 s=BANNER_CONNECTING pgs=0 cs=0 l=1 rev1=0 crypto rx=0 tx=0 comp rx=0 tx=0)._handle_peer_banner_payload supported=3 required=0
2024-09-13T22:05:46.143 INFO:teuthology.orchestra.run.smithi150.stdout:/usr/bin/ceph: stderr
2024-09-13T22:05:45.315+0000 7fc9ddadf640 1 --2- >> [v2:172.21.15.150:3300/0,v1:172.21.15.150:6789/0] conn(0x7fc9d8076b10 0x7fc9d8110e30 unknown :-1 s=HELLO_CONNECTING pgs=0 cs=0 l=1 rev1=1 crypto rx=0 tx=0 comp rx=0 tx=0).handle_hello peer v2:172.21.15.150:3300/0 says I am v2:172.21.15.150:46716/0 (socket says 172.21.15.150:46716)
2024-09-13T22:05:46.143 INFO:teuthology.orchestra.run.smithi150.stdout:/usr/bin/ceph: stderr
2024-09-13T22:05:45.315+0000 7fc9ddadf640 1 -- 172.21.15.150:0/2468735695 learned_addr learned my addr 172.21.15.150:0/2468735695 (peer_addr_for_me v2:172.21.15.150:0/0)
2024-09-13T22:05:46.143 INFO:teuthology.orchestra.run.smithi150.stdout:/usr/bin/ceph: stderr
2024-09-13T22:05:45.316+0000 7fc9ddadf640 1 -- 172.21.15.150:0/2468735695 --> [v2:172.21.15.150:3300/0,v1:172.21.15.150:6789/0] -- mon_subscribe({config=0+,monmap=0+}) v3 -- 0x7fc9d4009450 con 0x7fc9d8076b10
2024-09-13T22:05:46.143 INFO:teuthology.orchestra.run.smithi150.stdout:/usr/bin/ceph: stderr
2024-09-13T22:05:45.316+0000 7fc9ddadf640 1 --2- 172.21.15.150:0/2468735695 >> [v2:172.21.15.150:3300/0,v1:172.21.15.150:6789/0] conn(0x7fc9d8076b10 0x7fc9d8110e30 secure :-1 s=READY pgs=68 cs=0 l=1 rev1=1 crypto rx=0x7fc9d4006a70 tx=0x7fc9d40091d0 comp rx=0 tx=0).ready entity=mon.0 client_cookie=0 server_cookie=0 in_seq=0 out_seq=0
2024-09-13T22:05:46.144 INFO:teuthology.orchestra.run.smithi150.stdout:/usr/bin/ceph: stderr
2024-09-13T22:05:45.316+0000 7fc9ce7fc640 1 -- 172.21.15.150:0/2468735695 <== mon.0 v2:172.21.15.150:3300/0 1 ==== mon_map magic: 0 v1 ==== 229+0+0 (secure 0 0 0) 0x7fc9d4031d20 con 0x7fc9d8076b10
2024-09-13T22:05:46.144 INFO:teuthology.orchestra.run.smithi150.stdout:/usr/bin/ceph: stderr
2024-09-13T22:05:45.316+0000 7fc9ce7fc640 1 -- 172.21.15.150:0/2468735695 <== mon.0 v2:172.21.15.150:3300/0 2 ==== config(26 keys) v1 ==== 1070+0+0 (secure 0 0 0) 0x7fc9d4031e80 con 0x7fc9d8076b10
2024-09-13T22:05:46.144 INFO:teuthology.orchestra.run.smithi150.stdout:/usr/bin/ceph: stderr
2024-09-13T22:05:45.316+0000 7fc9ce7fc640 1 -- 172.21.15.150:0/2468735695 <== mon.0 v2:172.21.15.150:3300/0 3 ==== mon_map magic: 0 v1 ==== 229+0+0 (secure 0 0 0) 0x7fc9d403a750 con 0x7fc9d8076b10
2024-09-13T22:05:46.144 INFO:teuthology.orchestra.run.smithi150.stdout:/usr/bin/ceph: stderr
2024-09-13T22:05:45.316+0000 7fc9dfd43640 1 -- 172.21.15.150:0/2468735695 --> [v2:172.21.15.150:3300/0,v1:172.21.15.150:6789/0] -- mon_subscribe({mgrmap=0+}) v3 -- 0x7fc9d8111570 con 0x7fc9d8076b10
2024-09-13T22:05:46.144 INFO:teuthology.orchestra.run.smithi150.stdout:/usr/bin/ceph: stderr
2024-09-13T22:05:45.316+0000 7fc9dfd43640 1 -- 172.21.15.150:0/2468735695 --> [v2:172.21.15.150:3300/0,v1:172.21.15.150:6789/0] -- mon_subscribe({osdmap=0}) v3 -- 0x7fc9d8111fc0 con 0x7fc9d8076b10
2024-09-13T22:05:46.144 INFO:teuthology.orchestra.run.smithi150.stdout:/usr/bin/ceph: stderr
2024-09-13T22:05:45.317+0000 7fc9ce7fc640 1 -- 172.21.15.150:0/2468735695 <== mon.0 v2:172.21.15.150:3300/0 4 ==== mgrmap(e 9) v1 ==== 45520+0+0 (secure 0 0 0) 0x7fc9d4039040 con 0x7fc9d8076b10
2024-09-13T22:05:46.144 INFO:teuthology.orchestra.run.smithi150.stdout:/usr/bin/ceph: stderr
2024-09-13T22:05:45.317+0000 7fc9ce7fc640 1 --2- 172.21.15.150:0/2468735695 >> [v2:172.21.15.150:6800/2543034791,v1:172.21.15.150:6801/2543034791] conn(0x7fc9c40394e0 0x7fc9c403b990 unknown :-1 s=NONE pgs=0 cs=0 l=1 rev1=0 crypto rx=0 tx=0 comp rx=0 tx=0).connect
2024-09-13T22:05:46.144 INFO:teuthology.orchestra.run.smithi150.stdout:/usr/bin/ceph: stderr
2024-09-13T22:05:45.317+0000 7fc9dfd43640 1 -- 172.21.15.150:0/2468735695 --> [v2:172.21.15.150:3300/0,v1:172.21.15.150:6789/0] -- mon_command({"prefix": "get_command_descriptions"} v 0) v1 -- 0x7fc9d81002f0 con 0x7fc9d8076b10
2024-09-13T22:05:46.144 INFO:teuthology.orchestra.run.smithi150.stdout:/usr/bin/ceph: stderr
2024-09-13T22:05:45.317+0000 7fc9ce7fc640 1 -- 172.21.15.150:0/2468735695 <== mon.0 v2:172.21.15.150:3300/0 5 ==== osd_map(2..2 src has 1..2) v4 ==== 936+0+0 (secure 0 0 0) 0x7fc9d406cb50 con 0x7fc9d8076b10
2024-09-13T22:05:46.144 INFO:teuthology.orchestra.run.smithi150.stdout:/usr/bin/ceph: stderr
2024-09-13T22:05:45.317+0000 7fc9dd2de640 1 -- 172.21.15.150:0/2468735695 >> [v2:172.21.15.150:6800/2543034791,v1:172.21.15.150:6801/2543034791] conn(0x7fc9c40394e0 msgr2=0x7fc9c403b990 unknown :-1 s=STATE_CONNECTING_RE l=1).process reconnect failed to v2:172.21.15.150:6800/2543034791
2024-09-13T22:05:46.144 INFO:teuthology.orchestra.run.smithi150.stdout:/usr/bin/ceph: stderr
2024-09-13T22:05:45.317+0000 7fc9dd2de640 1 --2- 172.21.15.150:0/2468735695 >> [v2:172.21.15.150:6800/2543034791,v1:172.21.15.150:6801/2543034791] conn(0x7fc9c40394e0 0x7fc9c403b990 unknown :-1 s=START_CONNECT pgs=0 cs=0 l=1 rev1=0 crypto rx=0 tx=0 comp rx=0 tx=0)._fault waiting 0.200000
2024-09-13T22:05:46.144 INFO:teuthology.orchestra.run.smithi150.stdout:/usr/bin/ceph: stderr
2024-09-13T22:05:45.326+0000 7fc9ce7fc640 1 -- 172.21.15.150:0/2468735695 <== mon.0 v2:172.21.15.150:3300/0 6 ==== mon_command_ack([{"prefix": "get_command_descriptions"}]=0 v0) v1 ==== 72+0+176781 (secure 0 0 0) 0x7fc9d403f020 con 0x7fc9d8076b10
2024-09-13T22:05:46.144 INFO:teuthology.orchestra.run.smithi150.stdout:/usr/bin/ceph: stderr
2024-09-13T22:05:45.518+0000 7fc9dd2de640 1 -- 172.21.15.150:0/2468735695 >> [v2:172.21.15.150:6800/2543034791,v1:172.21.15.150:6801/2543034791] conn(0x7fc9c40394e0 msgr2=0x7fc9c403b990 unknown :-1 s=STATE_CONNECTING_RE l=1).process reconnect failed to v2:172.21.15.150:6800/2543034791
2024-09-13T22:05:46.145 INFO:teuthology.orchestra.run.smithi150.stdout:/usr/bin/ceph: stderr
2024-09-13T22:05:45.518+0000 7fc9dd2de640 1 --2- 172.21.15.150:0/2468735695 >> [v2:172.21.15.150:6800/2543034791,v1:172.21.15.150:6801/2543034791] conn(0x7fc9c40394e0 0x7fc9c403b990 unknown :-1 s=START_CONNECT pgs=0 cs=0 l=1 rev1=0 crypto rx=0 tx=0 comp rx=0 tx=0)._fault waiting 0.400000
2024-09-13T22:05:46.145 INFO:teuthology.orchestra.run.smithi150.stdout:/usr/bin/ceph: stderr
2024-09-13T22:05:45.531+0000 7fc9dfd43640 1 -- 172.21.15.150:0/2468735695 --> [v2:172.21.15.150:3300/0,v1:172.21.15.150:6789/0] -- mon_command({"prefix": "mgr stat"} v 0) v1 -- 0x7fc9d8112380 con 0x7fc9d8076b10
2024-09-13T22:05:46.145 INFO:teuthology.orchestra.run.smithi150.stdout:/usr/bin/ceph: stderr
2024-09-13T22:05:45.532+0000 7fc9ce7fc640 1 -- 172.21.15.150:0/2468735695 <== mon.0 v2:172.21.15.150:3300/0 7 ==== mon_command_ack([{"prefix": "mgr stat"}]=0 v9) v1 ==== 56+0+103 (secure 0 0 0) 0x7fc9d406a070 con 0x7fc9d8076b10
2024-09-13T22:05:46.145 INFO:teuthology.orchestra.run.smithi150.stdout:/usr/bin/ceph: stderr
2024-09-13T22:05:45.534+0000 7fc9dfd43640 1 -- 172.21.15.150:0/2468735695 >> [v2:172.21.15.150:6800/2543034791,v1:172.21.15.150:6801/2543034791] conn(0x7fc9c40394e0 msgr2=0x7fc9c403b990 unknown :-1 s=STATE_CONNECTING l=1).mark_down
2024-09-13T22:05:46.145 INFO:teuthology.orchestra.run.smithi150.stdout:/usr/bin/ceph: stderr
2024-09-13T22:05:45.534+0000 7fc9dfd43640 1 --2- 172.21.15.150:0/2468735695 >> [v2:172.21.15.150:6800/2543034791,v1:172.21.15.150:6801/2543034791] conn(0x7fc9c40394e0 0x7fc9c403b990 unknown :-1 s=START_CONNECT pgs=0 cs=0 l=1 rev1=0 crypto rx=0 tx=0 comp rx=0 tx=0).stop
2024-09-13T22:05:46.145 INFO:teuthology.orchestra.run.smithi150.stdout:/usr/bin/ceph: stderr
2024-09-13T22:05:45.534+0000 7fc9dfd43640 1 -- 172.21.15.150:0/2468735695 >> [v2:172.21.15.150:3300/0,v1:172.21.15.150:6789/0] conn(0x7fc9d8076b10 msgr2=0x7fc9d8110e30 secure :-1 s=STATE_CONNECTION_ESTABLISHED l=1).mark_down
2024-09-13T22:05:46.145 INFO:teuthology.orchestra.run.smithi150.stdout:/usr/bin/ceph: stderr
2024-09-13T22:05:45.534+0000 7fc9dfd43640 1 --2- 172.21.15.150:0/2468735695 >> [v2:172.21.15.150:3300/0,v1:172.21.15.150:6789/0] conn(0x7fc9d8076b10 0x7fc9d8110e30 secure :-1 s=READY pgs=68 cs=0 l=1 rev1=1 crypto rx=0x7fc9d4006a70 tx=0x7fc9d40091d0 comp rx=0 tx=0).stop
2024-09-13T22:05:46.145 INFO:teuthology.orchestra.run.smithi150.stdout:/usr/bin/ceph: stderr
2024-09-13T22:05:45.534+0000 7fc9dfd43640 1 -- 172.21.15.150:0/2468735695 shutdown_connections
2024-09-13T22:05:46.145 INFO:teuthology.orchestra.run.smithi150.stdout:/usr/bin/ceph: stderr
2024-09-13T22:05:45.534+0000 7fc9dfd43640 1 --2- 172.21.15.150:0/2468735695 >> [v2:172.21.15.150:6800/2543034791,v1:172.21.15.150:6801/2543034791] conn(0x7fc9c40394e0 0x7fc9c403b990 unknown :-1 s=CLOSED pgs=0 cs=0 l=1 rev1=0 crypto rx=0 tx=0 comp rx=0 tx=0).stop
2024-09-13T22:05:46.145 INFO:teuthology.orchestra.run.smithi150.stdout:/usr/bin/ceph: stderr
2024-09-13T22:05:45.534+0000 7fc9dfd43640 1 --2- 172.21.15.150:0/2468735695 >> [v2:172.21.15.150:3300/0,v1:172.21.15.150:6789/0] conn(0x7fc9d8076b10 0x7fc9d8110e30 unknown :-1 s=CLOSED pgs=68 cs=0 l=1 rev1=1 crypto rx=0 tx=0 comp rx=0 tx=0).stop
2024-09-13T22:05:46.145 INFO:teuthology.orchestra.run.smithi150.stdout:/usr/bin/ceph: stderr
2024-09-13T22:05:45.534+0000 7fc9dfd43640 1 -- 172.21.15.150:0/2468735695 >> 172.21.15.150:0/2468735695 conn(0x7fc9d80fc6d0 msgr2=0x7fc9d80fd410 unknown :-1 s=STATE_NONE l=0).mark_down
