2024-09-13T22:05:52.107+0000 7fc309a91640 1 --2- 172.21.15.150:0/652535612 >> [v2:172.21.15.150:3300/0,v1:172.21.15.150:6789/0] conn(0x7fc304076a10 0x7fc304104d60 secure :-1 s=READY pgs=80 cs=0 l=1 rev1=1 crypto rx=0x7fc2f4009840 tx=0x7fc2f40091d0 comp rx=0 tx=0).stop
2024-09-13T22:05:53.443 INFO:teuthology.orchestra.run.smithi150.stdout:/usr/bin/ceph: stderr
2024-09-13T22:05:52.107+0000 7fc309a91640 1 -- 172.21.15.150:0/652535612 shutdown_connections
2024-09-13T22:05:53.443 INFO:teuthology.orchestra.run.smithi150.stdout:/usr/bin/ceph: stderr
2024-09-13T22:05:52.107+0000 7fc309a91640 1 --2- 172.21.15.150:0/652535612 >> [v2:172.21.15.150:3300/0,v1:172.21.15.150:6789/0] conn(0x7fc304076a10 0x7fc304104d60 unknown :-1 s=CLOSED pgs=80 cs=0 l=1 rev1=1 crypto rx=0 tx=0 comp rx=0 tx=0).stop
2024-09-13T22:05:53.443 INFO:teuthology.orchestra.run.smithi150.stdout:/usr/bin/ceph: stderr
2024-09-13T22:05:52.107+0000 7fc309a91640 1 -- 172.21.15.150:0/652535612 >> 172.21.15.150:0/652535612 conn(0x7fc3040fc790 msgr2=0x7fc3040feba0 unknown :-1 s=STATE_NONE l=0).mark_down
2024-09-13T22:05:53.444 INFO:teuthology.orchestra.run.smithi150.stdout:/usr/bin/ceph: stderr
2024-09-13T22:05:52.107+0000 7fc309a91640 1 -- 172.21.15.150:0/652535612 shutdown_connections
2024-09-13T22:05:53.444 INFO:teuthology.orchestra.run.smithi150.stdout:/usr/bin/ceph: stderr
2024-09-13T22:05:52.107+0000 7fc309a91640 1 -- 172.21.15.150:0/652535612 wait complete.
2024-09-13T22:05:53.444 INFO:teuthology.orchestra.run.smithi150.stdout:/usr/bin/ceph: stderr
2024-09-13T22:05:52.108+0000 7fc309a91640 1 Processor -- start
2024-09-13T22:05:53.444 INFO:teuthology.orchestra.run.smithi150.stdout:/usr/bin/ceph: stderr
2024-09-13T22:05:52.108+0000 7fc309a91640 1 -- start start
2024-09-13T22:05:53.444 INFO:teuthology.orchestra.run.smithi150.stdout:/usr/bin/ceph: stderr
2024-09-13T22:05:52.108+0000 7fc309a91640 1 --2- >> [v2:172.21.15.150:3300/0,v1:172.21.15.150:6789/0] conn(0x7fc304076a10 0x7fc304102690 unknown :-1 s=NONE pgs=0 cs=0 l=1 rev1=0 crypto rx=0 tx=0 comp rx=0 tx=0).connect
2024-09-13T22:05:53.444 INFO:teuthology.orchestra.run.smithi150.stdout:/usr/bin/ceph: stderr
2024-09-13T22:05:52.108+0000 7fc309a91640 1 -- --> [v2:172.21.15.150:3300/0,v1:172.21.15.150:6789/0] -- mon_getmap magic: 0 v1 -- 0x7fc304102bd0 con 0x7fc304076a10
2024-09-13T22:05:53.444 INFO:teuthology.orchestra.run.smithi150.stdout:/usr/bin/ceph: stderr
2024-09-13T22:05:52.108+0000 7fc3037fe640 1 --2- >> [v2:172.21.15.150:3300/0,v1:172.21.15.150:6789/0] conn(0x7fc304076a10 0x7fc304102690 unknown :-1 s=BANNER_CONNECTING pgs=0 cs=0 l=1 rev1=0 crypto rx=0 tx=0 comp rx=0 tx=0)._handle_peer_banner_payload supported=3 required=0
2024-09-13T22:05:53.444 INFO:teuthology.orchestra.run.smithi150.stdout:/usr/bin/ceph: stderr
2024-09-13T22:05:52.108+0000 7fc3037fe640 1 --2- >> [v2:172.21.15.150:3300/0,v1:172.21.15.150:6789/0] conn(0x7fc304076a10 0x7fc304102690 unknown :-1 s=HELLO_CONNECTING pgs=0 cs=0 l=1 rev1=1 crypto rx=0 tx=0 comp rx=0 tx=0).handle_hello peer v2:172.21.15.150:3300/0 says I am v2:172.21.15.150:46808/0 (socket says 172.21.15.150:46808)
2024-09-13T22:05:53.444 INFO:teuthology.orchestra.run.smithi150.stdout:/usr/bin/ceph: stderr
2024-09-13T22:05:52.108+0000 7fc3037fe640 1 -- 172.21.15.150:0/1702825621 learned_addr learned my addr 172.21.15.150:0/1702825621 (peer_addr_for_me v2:172.21.15.150:0/0)
2024-09-13T22:05:53.444 INFO:teuthology.orchestra.run.smithi150.stdout:/usr/bin/ceph: stderr
2024-09-13T22:05:52.108+0000 7fc3037fe640 1 -- 172.21.15.150:0/1702825621 --> [v2:172.21.15.150:3300/0,v1:172.21.15.150:6789/0] -- mon_subscribe({config=0+,monmap=0+}) v3 -- 0x7fc2f4009450 con 0x7fc304076a10
2024-09-13T22:05:53.444 INFO:teuthology.orchestra.run.smithi150.stdout:/usr/bin/ceph: stderr
2024-09-13T22:05:52.109+0000 7fc3037fe640 1 --2- 172.21.15.150:0/1702825621 >> [v2:172.21.15.150:3300/0,v1:172.21.15.150:6789/0] conn(0x7fc304076a10 0x7fc304102690 secure :-1 s=READY pgs=81 cs=0 l=1 rev1=1 crypto rx=0x7fc2f4031780 tx=0x7fc2f40091d0 comp rx=0 tx=0).ready entity=mon.0 client_cookie=0 server_cookie=0 in_seq=0 out_seq=0
2024-09-13T22:05:53.444 INFO:teuthology.orchestra.run.smithi150.stdout:/usr/bin/ceph: stderr
2024-09-13T22:05:52.109+0000 7fc300ff9640 1 -- 172.21.15.150:0/1702825621 <== mon.0 v2:172.21.15.150:3300/0 1 ==== mon_map magic: 0 v1 ==== 229+0+0 (secure 0 0 0) 0x7fc2f40327b0 con 0x7fc304076a10
2024-09-13T22:05:53.444 INFO:teuthology.orchestra.run.smithi150.stdout:/usr/bin/ceph: stderr
2024-09-13T22:05:52.109+0000 7fc309a91640 1 -- 172.21.15.150:0/1702825621 --> [v2:172.21.15.150:3300/0,v1:172.21.15.150:6789/0] -- mon_subscribe({mgrmap=0+}) v3 -- 0x7fc304100c60 con 0x7fc304076a10
2024-09-13T22:05:53.445 INFO:teuthology.orchestra.run.smithi150.stdout:/usr/bin/ceph: stderr
2024-09-13T22:05:52.109+0000 7fc300ff9640 1 -- 172.21.15.150:0/1702825621 <== mon.0 v2:172.21.15.150:3300/0 2 ==== config(26 keys) v1 ==== 1070+0+0 (secure 0 0 0) 0x7fc2f403b8d0 con 0x7fc304076a10
2024-09-13T22:05:53.445 INFO:teuthology.orchestra.run.smithi150.stdout:/usr/bin/ceph: stderr
2024-09-13T22:05:52.109+0000 7fc300ff9640 1 -- 172.21.15.150:0/1702825621 <== mon.0 v2:172.21.15.150:3300/0 3 ==== mon_map magic: 0 v1 ==== 229+0+0 (secure 0 0 0) 0x7fc2f403a790 con 0x7fc304076a10
2024-09-13T22:05:53.445 INFO:teuthology.orchestra.run.smithi150.stdout:/usr/bin/ceph: stderr
2024-09-13T22:05:52.109+0000 7fc309a91640 1 -- 172.21.15.150:0/1702825621 --> [v2:172.21.15.150:3300/0,v1:172.21.15.150:6789/0] -- mon_subscribe({osdmap=0}) v3 -- 0x7fc3041010d0 con 0x7fc304076a10
2024-09-13T22:05:53.445 INFO:teuthology.orchestra.run.smithi150.stdout:/usr/bin/ceph: stderr
2024-09-13T22:05:52.110+0000 7fc300ff9640 1 -- 172.21.15.150:0/1702825621 <== mon.0 v2:172.21.15.150:3300/0 4 ==== mgrmap(e 12) v1 ==== 45520+0+0 (secure 0 0 0) 0x7fc2f4039040 con 0x7fc304076a10
2024-09-13T22:05:53.445 INFO:teuthology.orchestra.run.smithi150.stdout:/usr/bin/ceph: stderr
2024-09-13T22:05:52.110+0000 7fc300ff9640 1 --2- 172.21.15.150:0/1702825621 >> [v2:172.21.15.150:6800/3943796002,v1:172.21.15.150:6801/3943796002] conn(0x7fc2f00394e0 0x7fc2f003b990 unknown :-1 s=NONE pgs=0 cs=0 l=1 rev1=0 crypto rx=0 tx=0 comp rx=0 tx=0).connect
2024-09-13T22:05:53.445 INFO:teuthology.orchestra.run.smithi150.stdout:/usr/bin/ceph: stderr
2024-09-13T22:05:52.110+0000 7fc300ff9640 1 -- 172.21.15.150:0/1702825621 <== mon.0 v2:172.21.15.150:3300/0 5 ==== osd_map(3..3 src has 1..3) v4 ==== 1151+0+0 (secure 0 0 0) 0x7fc2f406ce20 con 0x7fc304076a10
2024-09-13T22:05:53.445 INFO:teuthology.orchestra.run.smithi150.stdout:/usr/bin/ceph: stderr
2024-09-13T22:05:52.110+0000 7fc309a91640 1 -- 172.21.15.150:0/1702825621 --> [v2:172.21.15.150:3300/0,v1:172.21.15.150:6789/0] -- mon_command({"prefix": "get_command_descriptions"} v 0) v1 -- 0x7fc30404b720 con 0x7fc304076a10
2024-09-13T22:05:53.445 INFO:teuthology.orchestra.run.smithi150.stdout:/usr/bin/ceph: stderr
2024-09-13T22:05:52.110+0000 7fc2faffd640 1 --2- 172.21.15.150:0/1702825621 >> [v2:172.21.15.150:6800/3943796002,v1:172.21.15.150:6801/3943796002] conn(0x7fc2f00394e0 0x7fc2f003b990 unknown :-1 s=BANNER_CONNECTING pgs=0 cs=0 l=1 rev1=0 crypto rx=0 tx=0 comp rx=0 tx=0)._handle_peer_banner_payload supported=3 required=0
2024-09-13T22:05:53.445 INFO:teuthology.orchestra.run.smithi150.stdout:/usr/bin/ceph: stderr
2024-09-13T22:05:52.110+0000 7fc2faffd640 1 --2- 172.21.15.150:0/1702825621 >> [v2:172.21.15.150:6800/3943796002,v1:172.21.15.150:6801/3943796002] conn(0x7fc2f00394e0 0x7fc2f003b990 secure :-1 s=READY pgs=8 cs=0 l=1 rev1=1 crypto rx=0x7fc2ec006fd0 tx=0x7fc2ec006db0 comp rx=0 tx=0).ready entity=mgr.14160 client_cookie=0 server_cookie=0 in_seq=0 out_seq=0
2024-09-13T22:05:53.445 INFO:teuthology.orchestra.run.smithi150.stdout:/usr/bin/ceph: stderr
2024-09-13T22:05:52.114+0000 7fc300ff9640 1 -- 172.21.15.150:0/1702825621 <== mon.0 v2:172.21.15.150:3300/0 6 ==== mon_command_ack([{"prefix": "get_command_descriptions"}]=0 v0) v1 ==== 72+0+176781 (secure 0 0 0) 0x7fc2f403f070 con 0x7fc304076a10
2024-09-13T22:05:53.445 INFO:teuthology.orchestra.run.smithi150.stdout:/usr/bin/ceph: stderr
2024-09-13T22:05:52.292+0000 7fc309a91640 1 -- 172.21.15.150:0/1702825621 --> [v2:172.21.15.150:6800/3943796002,v1:172.21.15.150:6801/3943796002] -- mgr_command(tid 0: {"prefix": "dashboard ac-user-create", "username": "admin", "rolename": "administrator", "force_password": true, "pwd_update_required": true, "target": ["mon-mgr", ""]}) v1 -- 0x7fc30405eb60 con 0x7fc2f00394e0
2024-09-13T22:05:53.445 INFO:teuthology.orchestra.run.smithi150.stdout:/usr/bin/ceph: stderr
2024-09-13T22:05:52.515+0000 7fc300ff9640 1 -- 172.21.15.150:0/1702825621 <== mgr.14160 v2:172.21.15.150:6800/3943796002 1 ==== mgr_command_reply(tid 0: 0 ) v1 ==== 8+0+252 (secure 0 0 0) 0x7fc30405eb60 con 0x7fc2f00394e0
2024-09-13T22:05:53.445 INFO:teuthology.orchestra.run.smithi150.stdout:/usr/bin/ceph: stderr
2024-09-13T22:05:52.517+0000 7fc309a91640 1 -- 172.21.15.150:0/1702825621 >> [v2:172.21.15.150:6800/3943796002,v1:172.21.15.150:6801/3943796002] conn(0x7fc2f00394e0 msgr2=0x7fc2f003b990 secure :-1 s=STATE_CONNECTION_ESTABLISHED l=1).mark_down
2024-09-13T22:05:53.446 INFO:teuthology.orchestra.run.smithi150.stdout:/usr/bin/ceph: stderr
2024-09-13T22:05:52.517+0000 7fc309a91640 1 --2- 172.21.15.150:0/1702825621 >> [v2:172.21.15.150:6800/3943796002,v1:172.21.15.150:6801/3943796002] conn(0x7fc2f00394e0 0x7fc2f003b990 secure :-1 s=READY pgs=8 cs=0 l=1 rev1=1 crypto rx=0x7fc2ec006fd0 tx=0x7fc2ec006db0 comp rx=0 tx=0).stop
2024-09-13T22:05:53.446 INFO:teuthology.orchestra.run.smithi150.stdout:/usr/bin/ceph: stderr
2024-09-13T22:05:52.517+0000 7fc309a91640 1 -- 172.21.15.150:0/1702825621 >> [v2:172.21.15.150:3300/0,v1:172.21.15.150:6789/0] conn(0x7fc304076a10 msgr2=0x7fc304102690 secure :-1 s=STATE_CONNECTION_ESTABLISHED l=1).mark_down
2024-09-13T22:05:53.446 INFO:teuthology.orchestra.run.smithi150.stdout:/usr/bin/ceph: stderr
2024-09-13T22:05:52.517+0000 7fc309a91640 1 --2- 172.21.15.150:0/1702825621 >> [v2:172.21.15.150:3300/0,v1:172.21.15.150:6789/0] conn(0x7fc304076a10 0x7fc304102690 secure :-1 s=READY pgs=81 cs=0 l=1 rev1=1 crypto rx=0x7fc2f4031780 tx=0x7fc2f40091d0 comp rx=0 tx=0).stop
2024-09-13T22:05:53.446 INFO:teuthology.orchestra.run.smithi150.stdout:/usr/bin/ceph: stderr
2024-09-13T22:05:52.517+0000 7fc309a91640 1 -- 172.21.15.150:0/1702825621 shutdown_connections
2024-09-13T22:05:53.446 INFO:teuthology.orchestra.run.smithi150.stdout:/usr/bin/ceph: stderr
2024-09-13T22:05:52.517+0000 7fc309a91640 1 --2- 172.21.15.150:0/1702825621 >> [v2:172.21.15.150:6800/3943796002,v1:172.21.15.150:6801/3943796002] conn(0x7fc2f00394e0 0x7fc2f003b990 unknown :-1 s=CLOSED pgs=8 cs=0 l=1 rev1=1 crypto rx=0 tx=0 comp rx=0 tx=0).stop
2024-09-13T22:05:53.446 INFO:teuthology.orchestra.run.smithi150.stdout:/usr/bin/ceph: stderr
2024-09-13T22:05:52.517+0000 7fc309a91640 1 --2- 172.21.15.150:0/1702825621 >> [v2:172.21.15.150:3300/0,v1:172.21.15.150:6789/0] conn(0x7fc304076a10 0x7fc304102690 unknown :-1 s=CLOSED pgs=81 cs=0 l=1 rev1=1 crypto rx=0 tx=0 comp rx=0 tx=0).stop
2024-09-13T22:05:53.446 INFO:teuthology.orchestra.run.smithi150.stdout:/usr/bin/ceph: stderr
2024-09-13T22:05:52.517+0000 7fc309a91640 1 -- 172.21.15.150:0/1702825621 >> 172.21.15.150:0/1702825621 conn(0x7fc3040fc790 msgr2=0x7fc3040fd310 unknown :-1 s=STATE_NONE l=0).mark_down
2024-09-13T22:05:53.446 INFO:teuthology.orchestra.run.smithi150.stdout:/usr/bin/ceph: stderr
2024-09-13T22:05:52.517+0000 7fc309a91640 1 -- 172.21.15.150:0/1702825621 shutdown_connections
2024-09-13T22:05:53.446 INFO:teuthology.orchestra.run.smithi150.stdout:/usr/bin/ceph: stderr
2024-09-13T22:05:52.517+0000 7fc309a91640 1 -- 172.21.15.150:0/1702825621 wait complete.
2024-09-13T22:05:53.446 INFO:teuthology.orchestra.run.smithi150.stdout:Fetching dashboard port number...
2024-09-13T22:05:53.734 INFO:journalctl@ceph.mon.smithi150.smithi150.stdout:Sep 13 22:05:53 smithi150 ceph-mon[27902]: from='client.14174 -' entity='client.admin' cmd=[{"prefix": "dashboard ac-user-create", "username": "admin", "rolename": "administrator", "force_password": true, "pwd_update_required": true, "target": ["mon-mgr", ""]}]: dispatch
2024-09-13T22:05:53.734 INFO:journalctl@ceph.mon.smithi150.smithi150.stdout:Sep 13 22:05:53 smithi150 ceph-mon[27902]: from='mgr.14160 172.21.15.150:0/2389082452' entity='mgr.smithi150.xpbuwn'
2024-09-13T22:05:54.734 INFO:journalctl@ceph.mon.smithi150.smithi150.stdout:Sep 13 22:05:54 smithi150 ceph-mon[27902]: from='client.? 172.21.15.150:0/1970278449' entity='client.admin' cmd=[{"prefix": "config get", "who": "mgr", "key": "mgr/dashboard/ssl_server_port"}]: dispatch
2024-09-13T22:05:54.885 INFO:teuthology.orchestra.run.smithi150.stdout:/usr/bin/ceph: stdout 8443
2024-09-13T22:05:54.885 INFO:teuthology.orchestra.run.smithi150.stdout:/usr/bin/ceph: stderr
2024-09-13T22:05:53.854+0000 7fb448b56640 1 Processor -- start
2024-09-13T22:05:54.885 INFO:teuthology.orchestra.run.smithi150.stdout:/usr/bin/ceph: stderr
2024-09-13T22:05:53.854+0000 7fb448b56640 1 -- start start
2024-09-13T22:05:54.885 INFO:teuthology.orchestra.run.smithi150.stdout:/usr/bin/ceph: stderr
2024-09-13T22:05:53.854+0000 7fb448b56640 1 --2- >> [v2:172.21.15.150:3300/0,v1:172.21.15.150:6789/0] conn(0x7fb444076af0 0x7fb444104c10 unknown :-1 s=NONE pgs=0 cs=0 l=0 rev1=0 crypto rx=0 tx=0 comp rx=0 tx=0).connect
2024-09-13T22:05:54.885 INFO:teuthology.orchestra.run.smithi150.stdout:/usr/bin/ceph: stderr
2024-09-13T22:05:53.854+0000 7fb448b56640 1 -- --> [v2:172.21.15.150:3300/0,v1:172.21.15.150:6789/0] -- mon_getmap magic: 0 v1 -- 0x7fb444076f00 con 0x7fb444076af0
2024-09-13T22:05:54.885 INFO:teuthology.orchestra.run.smithi150.stdout:/usr/bin/ceph: stderr
2024-09-13T22:05:53.854+0000 7fb44259c640 1 --2- >> [v2:172.21.15.150:3300/0,v1:172.21.15.150:6789/0] conn(0x7fb444076af0 0x7fb444104c10 unknown :-1 s=BANNER_CONNECTING pgs=0 cs=0 l=0 rev1=0 crypto rx=0 tx=0 comp rx=0 tx=0)._handle_peer_banner_payload supported=3 required=0
2024-09-13T22:05:54.886 INFO:teuthology.orchestra.run.smithi150.stdout:/usr/bin/ceph: stderr
2024-09-13T22:05:53.854+0000 7fb44259c640 1 --2- >> [v2:172.21.15.150:3300/0,v1:172.21.15.150:6789/0] conn(0x7fb444076af0 0x7fb444104c10 unknown :-1 s=HELLO_CONNECTING pgs=0 cs=0 l=0 rev1=1 crypto rx=0 tx=0 comp rx=0 tx=0).handle_hello peer v2:172.21.15.150:3300/0 says I am v2:172.21.15.150:57270/0 (socket says 172.21.15.150:57270)
2024-09-13T22:05:54.886 INFO:teuthology.orchestra.run.smithi150.stdout:/usr/bin/ceph: stderr
2024-09-13T22:05:53.854+0000 7fb44259c640 1 -- 172.21.15.150:0/3815268181 learned_addr learned my addr 172.21.15.150:0/3815268181 (peer_addr_for_me v2:172.21.15.150:0/0)
2024-09-13T22:05:54.886 INFO:teuthology.orchestra.run.smithi150.stdout:/usr/bin/ceph: stderr
2024-09-13T22:05:53.855+0000 7fb44259c640 1 -- 172.21.15.150:0/3815268181 --> [v2:172.21.15.150:3300/0,v1:172.21.15.150:6789/0] -- mon_subscribe({config=0+,monmap=0+}) v3 -- 0x7fb444105150 con 0x7fb444076af0
2024-09-13T22:05:54.886 INFO:teuthology.orchestra.run.smithi150.stdout:/usr/bin/ceph: stderr
2024-09-13T22:05:53.856+0000 7fb44259c640 1 --2- 172.21.15.150:0/3815268181 >> [v2:172.21.15.150:3300/0,v1:172.21.15.150:6789/0] conn(0x7fb444076af0 0x7fb444104c10 secure :-1 s=READY pgs=82 cs=0 l=1 rev1=1 crypto rx=0x7fb434009840 tx=0x7fb4340091d0 comp rx=0 tx=0).ready entity=mon.0 client_cookie=abdda77f1acb2531 server_cookie=0 in_seq=0 out_seq=0
2024-09-13T22:05:54.886 INFO:teuthology.orchestra.run.smithi150.stdout:/usr/bin/ceph: stderr
2024-09-13T22:05:53.856+0000 7fb44159a640 1 -- 172.21.15.150:0/3815268181 <== mon.0 v2:172.21.15.150:3300/0 1 ==== mon_map magic: 0 v1 ==== 229+0+0 (secure 0 0 0) 0x7fb434032440 con 0x7fb444076af0
2024-09-13T22:05:54.886 INFO:teuthology.orchestra.run.smithi150.stdout:/usr/bin/ceph: stderr
2024-09-13T22:05:53.856+0000 7fb44159a640 1 -- 172.21.15.150:0/3815268181 <== mon.0 v2:172.21.15.150:3300/0 2 ==== config(26 keys) v1 ==== 1070+0+0 (secure 0 0 0) 0x7fb434032a40 con 0x7fb444076af0
2024-09-13T22:05:54.886 INFO:teuthology.orchestra.run.smithi150.stdout:/usr/bin/ceph: stderr
2024-09-13T22:05:53.856+0000 7fb44159a640 1 -- 172.21.15.150:0/3815268181 <== mon.0 v2:172.21.15.150:3300/0 3 ==== mon_map magic: 0 v1 ==== 229+0+0 (secure 0 0 0) 0x7fb434031aa0 con 0x7fb444076af0
2024-09-13T22:05:54.886 INFO:teuthology.orchestra.run.smithi150.stdout:/usr/bin/ceph: stderr
2024-09-13T22:05:53.857+0000 7fb448b56640 1 -- 172.21.15.150:0/3815268181 >> [v2:172.21.15.150:3300/0,v1:172.21.15.150:6789/0] conn(0x7fb444076af0 msgr2=0x7fb444104c10 secure :-1 s=STATE_CONNECTION_ESTABLISHED l=1).mark_down
2024-09-13T22:05:54.886 INFO:teuthology.orchestra.run.smithi150.stdout:/usr/bin/ceph: stderr
2024-09-13T22:05:53.857+0000 7fb448b56640 1 --2- 172.21.15.150:0/3815268181 >> [v2:172.21.15.150:3300/0,v1:172.21.15.150:6789/0] conn(0x7fb444076af0 0x7fb444104c10 secure :-1 s=READY pgs=82 cs=0 l=1 rev1=1 crypto rx=0x7fb434009840 tx=0x7fb4340091d0 comp rx=0 tx=0).stop
2024-09-13T22:05:54.886 INFO:teuthology.orchestra.run.smithi150.stdout:/usr/bin/ceph: stderr
2024-09-13T22:05:53.857+0000 7fb448b56640 1 -- 172.21.15.150:0/3815268181 shutdown_connections
2024-09-13T22:05:54.886 INFO:teuthology.orchestra.run.smithi150.stdout:/usr/bin/ceph: stderr
2024-09-13T22:05:53.857+0000 7fb448b56640 1 --2- 172.21.15.150:0/3815268181 >> [v2:172.21.15.150:3300/0,v1:172.21.15.150:6789/0] conn(0x7fb444076af0 0x7fb444104c10 unknown :-1 s=CLOSED pgs=82 cs=0 l=1 rev1=1 crypto rx=0 tx=0 comp rx=0 tx=0).stop
2024-09-13T22:05:54.886 INFO:teuthology.orchestra.run.smithi150.stdout:/usr/bin/ceph: stderr
2024-09-13T22:05:53.857+0000 7fb448b56640 1 -- 172.21.15.150:0/3815268181 >> 172.21.15.150:0/3815268181 conn(0x7fb4440fc700 msgr2=0x7fb4440feb30 unknown :-1 s=STATE_NONE l=0).mark_down
2024-09-13T22:05:54.886 INFO:teuthology.orchestra.run.smithi150.stdout:/usr/bin/ceph: stderr
2024-09-13T22:05:53.857+0000 7fb448b56640 1 -- 172.21.15.150:0/3815268181 shutdown_connections
2024-09-13T22:05:54.887 INFO:teuthology.orchestra.run.smithi150.stdout:/usr/bin/ceph: stderr
2024-09-13T22:05:53.857+0000 7fb448b56640 1 -- 172.21.15.150:0/3815268181 wait complete.
2024-09-13T22:05:54.887 INFO:teuthology.orchestra.run.smithi150.stdout:/usr/bin/ceph: stderr
2024-09-13T22:05:53.857+0000 7fb448b56640 1 Processor -- start
2024-09-13T22:05:54.887 INFO:teuthology.orchestra.run.smithi150.stdout:/usr/bin/ceph: stderr
2024-09-13T22:05:53.857+0000 7fb448b56640 1 -- start start
2024-09-13T22:05:54.887 INFO:teuthology.orchestra.run.smithi150.stdout:/usr/bin/ceph: stderr
2024-09-13T22:05:53.858+0000 7fb448b56640 1 --2- >> [v2:172.21.15.150:3300/0,v1:172.21.15.150:6789/0] conn(0x7fb444076af0 0x7fb444110e90 unknown :-1 s=NONE pgs=0 cs=0 l=1 rev1=0 crypto rx=0 tx=0 comp rx=0 tx=0).connect
2024-09-13T22:05:54.887 INFO:teuthology.orchestra.run.smithi150.stdout:/usr/bin/ceph: stderr
2024-09-13T22:05:53.858+0000 7fb448b56640 1 -- --> [v2:172.21.15.150:3300/0,v1:172.21.15.150:6789/0] -- mon_getmap magic: 0 v1 -- 0x7fb4441113d0 con 0x7fb444076af0
2024-09-13T22:05:54.887 INFO:teuthology.orchestra.run.smithi150.stdout:/usr/bin/ceph: stderr
2024-09-13T22:05:53.858+0000 7fb44259c640 1 --2- >> [v2:172.21.15.150:3300/0,v1:172.21.15.150:6789/0] conn(0x7fb444076af0 0x7fb444110e90 unknown :-1 s=BANNER_CONNECTING pgs=0 cs=0 l=1 rev1=0 crypto rx=0 tx=0 comp rx=0 tx=0)._handle_peer_banner_payload supported=3 required=0
2024-09-13T22:05:54.887 INFO:teuthology.orchestra.run.smithi150.stdout:/usr/bin/ceph: stderr
2024-09-13T22:05:53.858+0000 7fb44259c640 1 --2- >> [v2:172.21.15.150:3300/0,v1:172.21.15.150:6789/0] conn(0x7fb444076af0 0x7fb444110e90 unknown :-1 s=HELLO_CONNECTING pgs=0 cs=0 l=1 rev1=1 crypto rx=0 tx=0 comp rx=0 tx=0).handle_hello peer v2:172.21.15.150:3300/0 says I am v2:172.21.15.150:57284/0 (socket says 172.21.15.150:57284)
2024-09-13T22:05:54.887 INFO:teuthology.orchestra.run.smithi150.stdout:/usr/bin/ceph: stderr
2024-09-13T22:05:53.858+0000 7fb44259c640 1 -- 172.21.15.150:0/1970278449 learned_addr learned my addr 172.21.15.150:0/1970278449 (peer_addr_for_me v2:172.21.15.150:0/0)
2024-09-13T22:05:54.887 INFO:teuthology.orchestra.run.smithi150.stdout:/usr/bin/ceph: stderr
2024-09-13T22:05:53.858+0000 7fb44259c640 1 -- 172.21.15.150:0/1970278449 --> [v2:172.21.15.150:3300/0,v1:172.21.15.150:6789/0] -- mon_subscribe({config=0+,monmap=0+}) v3 -- 0x7fb434009450 con 0x7fb444076af0
2024-09-13T22:05:54.887 INFO:teuthology.orchestra.run.smithi150.stdout:/usr/bin/ceph: stderr
2024-09-13T22:05:53.858+0000 7fb44259c640 1 --2- 172.21.15.150:0/1970278449 >> [v2:172.21.15.150:3300/0,v1:172.21.15.150:6789/0] conn(0x7fb444076af0 0x7fb444110e90 secure :-1 s=READY pgs=83 cs=0 l=1 rev1=1 crypto rx=0x7fb4340316a0 tx=0x7fb4340091d0 comp rx=0 tx=0).ready entity=mon.0 client_cookie=0 server_cookie=0 in_seq=0 out_seq=0
2024-09-13T22:05:54.887 INFO:teuthology.orchestra.run.smithi150.stdout:/usr/bin/ceph: stderr
2024-09-13T22:05:53.858+0000 7fb432ffd640 1 -- 172.21.15.150:0/1970278449 <== mon.0 v2:172.21.15.150:3300/0 1 ==== mon_map magic: 0 v1 ==== 229+0+0 (secure 0 0 0) 0x7fb4340327b0 con 0x7fb444076af0
2024-09-13T22:05:54.887 INFO:teuthology.orchestra.run.smithi150.stdout:/usr/bin/ceph: stderr
2024-09-13T22:05:53.858+0000 7fb432ffd640 1 -- 172.21.15.150:0/1970278449 <== mon.0 v2:172.21.15.150:3300/0 2 ==== config(26 keys) v1 ==== 1070+0+0 (secure 0 0 0) 0x7fb43403b8d0 con 0x7fb444076af0
2024-09-13T22:05:54.887 INFO:teuthology.orchestra.run.smithi150.stdout:/usr/bin/ceph: stderr
2024-09-13T22:05:53.858+0000 7fb432ffd640 1 -- 172.21.15.150:0/1970278449 <== mon.0 v2:172.21.15.150:3300/0 3 ==== mon_map magic: 0 v1 ==== 229+0+0 (secure 0 0 0) 0x7fb43403a780 con 0x7fb444076af0
2024-09-13T22:05:54.888 INFO:teuthology.orchestra.run.smithi150.stdout:/usr/bin/ceph: stderr
2024-09-13T22:05:53.858+0000 7fb448b56640 1 -- 172.21.15.150:0/1970278449 --> [v2:172.21.15.150:3300/0,v1:172.21.15.150:6789/0] -- mon_subscribe({mgrmap=0+}) v3 -- 0x7fb444111630 con 0x7fb444076af0
2024-09-13T22:05:54.888 INFO:teuthology.orchestra.run.smithi150.stdout:/usr/bin/ceph: stderr
2024-09-13T22:05:53.858+0000 7fb448b56640 1 -- 172.21.15.150:0/1970278449 --> [v2:172.21.15.150:3300/0,v1:172.21.15.150:6789/0] -- mon_subscribe({osdmap=0}) v3 -- 0x7fb444111fd0 con 0x7fb444076af0
2024-09-13T22:05:54.888 INFO:teuthology.orchestra.run.smithi150.stdout:/usr/bin/ceph: stderr
2024-09-13T22:05:53.859+0000 7fb448b56640 1 -- 172.21.15.150:0/1970278449 --> [v2:172.21.15.150:3300/0,v1:172.21.15.150:6789/0] -- mon_command({"prefix": "get_command_descriptions"} v 0) v1 -- 0x7fb44404b720 con 0x7fb444076af0
2024-09-13T22:05:54.888 INFO:teuthology.orchestra.run.smithi150.stdout:/usr/bin/ceph: stderr
2024-09-13T22:05:53.860+0000 7fb432ffd640 1 -- 172.21.15.150:0/1970278449 <== mon.0 v2:172.21.15.150:3300/0 4 ==== mgrmap(e 12) v1 ==== 45520+0+0 (secure 0 0 0) 0x7fb434039040 con 0x7fb444076af0
2024-09-13T22:05:54.888 INFO:teuthology.orchestra.run.smithi150.stdout:/usr/bin/ceph: stderr
2024-09-13T22:05:53.860+0000 7fb432ffd640 1 --2- 172.21.15.150:0/1970278449 >> [v2:172.21.15.150:6800/3943796002,v1:172.21.15.150:6801/3943796002] conn(0x7fb42c0394e0 0x7fb42c03b990 unknown :-1 s=NONE pgs=0 cs=0 l=1 rev1=0 crypto rx=0 tx=0 comp rx=0 tx=0).connect
2024-09-13T22:05:54.888 INFO:teuthology.orchestra.run.smithi150.stdout:/usr/bin/ceph: stderr
2024-09-13T22:05:53.860+0000 7fb432ffd640 1 -- 172.21.15.150:0/1970278449 <== mon.0 v2:172.21.15.150:3300/0 5 ==== osd_map(3..3 src has 1..3) v4 ==== 1151+0+0 (secure 0 0 0) 0x7fb43406cbd0 con 0x7fb444076af0
2024-09-13T22:05:54.888 INFO:teuthology.orchestra.run.smithi150.stdout:/usr/bin/ceph: stderr
2024-09-13T22:05:53.860+0000 7fb441d9b640 1 --2- 172.21.15.150:0/1970278449 >> [v2:172.21.15.150:6800/3943796002,v1:172.21.15.150:6801/3943796002] conn(0x7fb42c0394e0 0x7fb42c03b990 unknown :-1 s=BANNER_CONNECTING pgs=0 cs=0 l=1 rev1=0 crypto rx=0 tx=0 comp rx=0 tx=0)._handle_peer_banner_payload supported=3 required=0
2024-09-13T22:05:54.888 INFO:teuthology.orchestra.run.smithi150.stdout:/usr/bin/ceph: stderr
2024-09-13T22:05:53.860+0000 7fb441d9b640 1 --2- 172.21.15.150:0/1970278449 >> [v2:172.21.15.150:6800/3943796002,v1:172.21.15.150:6801/3943796002] conn(0x7fb42c0394e0 0x7fb42c03b990 secure :-1 s=READY pgs=9 cs=0 l=1 rev1=1 crypto rx=0x7fb438006fd0 tx=0x7fb438006db0 comp rx=0 tx=0).ready entity=mgr.14160 client_cookie=0 server_cookie=0 in_seq=0 out_seq=0
2024-09-13T22:05:54.888 INFO:teuthology.orchestra.run.smithi150.stdout:/usr/bin/ceph: stderr
2024-09-13T22:05:53.864+0000 7fb432ffd640 1 -- 172.21.15.150:0/1970278449 <== mon.0 v2:172.21.15.150:3300/0 6 ==== mon_command_ack([{"prefix": "get_command_descriptions"}]=0 v0) v1 ==== 72+0+176781 (secure 0 0 0) 0x7fb43403a8e0 con 0x7fb444076af0
2024-09-13T22:05:54.888 INFO:teuthology.orchestra.run.smithi150.stdout:/usr/bin/ceph: stderr
2024-09-13T22:05:54.030+0000 7fb448b56640 1 -- 172.21.15.150:0/1970278449 --> [v2:172.21.15.150:3300/0,v1:172.21.15.150:6789/0] -- mon_command({"prefix": "config get", "who": "mgr", "key": "mgr/dashboard/ssl_server_port"} v 0) v1 -- 0x7fb444112e40 con 0x7fb444076af0
2024-09-13T22:05:54.888 INFO:teuthology.orchestra.run.smithi150.stdout:/usr/bin/ceph: stderr
2024-09-13T22:05:54.030+0000 7fb432ffd640 1 -- 172.21.15.150:0/1970278449 <== mon.0 v2:172.21.15.150:3300/0 7 ==== mon_command_ack([{"prefix": "config get", "who": "mgr", "key": "mgr/dashboard/ssl_server_port"}]=0 v8) v1 ==== 112+0+5 (secure 0 0 0) 0x7fb444112e40 con 0x7fb444076af0
2024-09-13T22:05:54.888 INFO:teuthology.orchestra.run.smithi150.stdout:/usr/bin/ceph: stderr
2024-09-13T22:05:54.032+0000 7fb448b56640 1 -- 172.21.15.150:0/1970278449 >> [v2:172.21.15.150:6800/3943796002,v1:172.21.15.150:6801/3943796002] conn(0x7fb42c0394e0 msgr2=0x7fb42c03b990 secure :-1 s=STATE_CONNECTION_ESTABLISHED l=1).mark_down
2024-09-13T22:05:54.888 INFO:teuthology.orchestra.run.smithi150.stdout:/usr/bin/ceph: stderr
2024-09-13T22:05:54.032+0000 7fb448b56640 1 --2- 172.21.15.150:0/1970278449 >> [v2:172.21.15.150:6800/3943796002,v1:172.21.15.150:6801/3943796002] conn(0x7fb42c0394e0 0x7fb42c03b990 secure :-1 s=READY pgs=9 cs=0 l=1 rev1=1 crypto rx=0x7fb438006fd0 tx=0x7fb438006db0 comp rx=0 tx=0).stop
2024-09-13T22:05:54.889 INFO:teuthology.orchestra.run.smithi150.stdout:/usr/bin/ceph: stderr
2024-09-13T22:05:54.032+0000 7fb448b56640 1 -- 172.21.15.150:0/1970278449 >> [v2:172.21.15.150:3300/0,v1:172.21.15.150:6789/0] conn(0x7fb444076af0 msgr2=0x7fb444110e90 secure :-1 s=STATE_CONNECTION_ESTABLISHED l=1).mark_down
2024-09-13T22:05:54.889 INFO:teuthology.orchestra.run.smithi150.stdout:/usr/bin/ceph: stderr
2024-09-13T22:05:54.032+0000 7fb448b56640 1 --2- 172.21.15.150:0/1970278449 >> [v2:172.21.15.150:3300/0,v1:172.21.15.150:6789/0] conn(0x7fb444076af0 0x7fb444110e90 secure :-1 s=READY pgs=83 cs=0 l=1 rev1=1 crypto rx=0x7fb4340316a0 tx=0x7fb4340091d0 comp rx=0 tx=0).stop
2024-09-13T22:05:54.889 INFO:teuthology.orchestra.run.smithi150.stdout:/usr/bin/ceph: stderr
2024-09-13T22:05:54.032+0000 7fb448b56640 1 -- 172.21.15.150:0/1970278449 shutdown_connections
2024-09-13T22:05:54.889 INFO:teuthology.orchestra.run.smithi150.stdout:/usr/bin/ceph: stderr
2024-09-13T22:05:54.032+0000 7fb448b56640 1 --2- 172.21.15.150:0/1970278449 >> [v2:172.21.15.150:6800/3943796002,v1:172.21.15.150:6801/3943796002] conn(0x7fb42c0394e0 0x7fb42c03b990 unknown :-1 s=CLOSED pgs=9 cs=0 l=1 rev1=1 crypto rx=0 tx=0 comp rx=0 tx=0).stop
2024-09-13T22:05:54.889 INFO:teuthology.orchestra.run.smithi150.stdout:/usr/bin/ceph: stderr
2024-09-13T22:05:54.032+0000 7fb448b56640 1 --2- 172.21.15.150:0/1970278449 >> [v2:172.21.15.150:3300/0,v1:172.21.15.150:6789/0] conn(0x7fb444076af0 0x7fb444110e90 unknown :-1 s=CLOSED pgs=83 cs=0 l=1 rev1=1 crypto rx=0 tx=0 comp rx=0 tx=0).stop
2024-09-13T22:05:54.889 INFO:teuthology.orchestra.run.smithi150.stdout:/usr/bin/ceph: stderr
2024-09-13T22:05:54.032+0000 7fb448b56640 1 -- 172.21.15.150:0/1970278449 >> 172.21.15.150:0/1970278449 conn(0x7fb4440fc700 msgr2=0x7fb4440fd4c0 unknown :-1 s=STATE_NONE l=0).mark_down
2024-09-13T22:05:54.889 INFO:teuthology.orchestra.run.smithi150.stdout:/usr/bin/ceph: stderr
2024-09-13T22:05:54.032+0000 7fb448b56640 1 -- 172.21.15.150:0/1970278449 shutdown_connections
2024-09-13T22:05:54.889 INFO:teuthology.orchestra.run.smithi150.stdout:/usr/bin/ceph: stderr
2024-09-13T22:05:54.032+0000 7fb448b56640 1 -- 172.21.15.150:0/1970278449 wait complete.
2024-09-13T22:05:54.892 INFO:teuthology.orchestra.run.smithi150.stdout:Non-zero exit code 1 from systemctl is-enabled firewalld.service
2024-09-13T22:05:54.892 INFO:teuthology.orchestra.run.smithi150.stdout:systemctl: stdout disabled
2024-09-13T22:05:54.899 INFO:teuthology.orchestra.run.smithi150.stdout:Non-zero exit code 3 from systemctl is-active firewalld.service
2024-09-13T22:05:54.900 INFO:teuthology.orchestra.run.smithi150.stdout:systemctl: stdout inactive
2024-09-13T22:05:54.901 INFO:teuthology.orchestra.run.smithi150.stdout:firewalld.service is not enabled
2024-09-13T22:05:54.901 INFO:teuthology.orchestra.run.smithi150.stdout:Not possible to open ports <[8443]>. firewalld.service is not available
2024-09-13T22:05:54.901 INFO:teuthology.orchestra.run.smithi150.stdout:Ceph Dashboard is now available at:
2024-09-13T22:05:54.902 INFO:teuthology.orchestra.run.smithi150.stdout:
2024-09-13T22:05:54.902 INFO:teuthology.orchestra.run.smithi150.stdout: URL: https://smithi150.front.sepia.ceph.com:8443/
2024-09-13T22:05:54.902 INFO:teuthology.orchestra.run.smithi150.stdout: User: admin
2024-09-13T22:05:54.902 INFO:teuthology.orchestra.run.smithi150.stdout: Password: zkn3quk37d
2024-09-13T22:05:54.902 INFO:teuthology.orchestra.run.smithi150.stdout:
2024-09-13T22:05:54.903 INFO:teuthology.orchestra.run.smithi150.stdout:Saving cluster configuration to /var/lib/ceph/11650118-721c-11ef-bceb-c7b262605968/config directory
2024-09-13T22:05:54.903 INFO:teuthology.orchestra.run.smithi150.stdout:Enabling autotune for osd_memory_target
2024-09-13T22:05:56.083 INFO:teuthology.orchestra.run.smithi150.stdout:/usr/bin/ceph: stderr
2024-09-13T22:05:55.323+0000 7fd403c0a640 1 Processor -- start
2024-09-13T22:05:56.083 INFO:teuthology.orchestra.run.smithi150.stdout:/usr/bin/ceph: stderr
2024-09-13T22:05:55.323+0000 7fd403c0a640 1 -- start start
2024-09-13T22:05:56.083 INFO:teuthology.orchestra.run.smithi150.stdout:/usr/bin/ceph: stderr
2024-09-13T22:05:55.323+0000 7fd403c0a640 1 --2- >> [v2:172.21.15.150:3300/0,v1:172.21.15.150:6789/0] conn(0x7fd3fc078af0 0x7fd3fc077250 unknown :-1 s=NONE pgs=0 cs=0 l=0 rev1=0 crypto rx=0 tx=0 comp rx=0 tx=0).connect
2024-09-13T22:05:56.083 INFO:teuthology.orchestra.run.smithi150.stdout:/usr/bin/ceph: stderr
2024-09-13T22:05:55.323+0000 7fd403c0a640 1 -- --> [v2:172.21.15.150:3300/0,v1:172.21.15.150:6789/0] -- mon_getmap magic: 0 v1 -- 0x7fd3fc078f90 con 0x7fd3fc078af0
2024-09-13T22:05:56.084 INFO:teuthology.orchestra.run.smithi150.stdout:/usr/bin/ceph: stderr
2024-09-13T22:05:55.323+0000 7fd4019a6640 1 --2- >> [v2:172.21.15.150:3300/0,v1:172.21.15.150:6789/0] conn(0x7fd3fc078af0 0x7fd3fc077250 unknown :-1 s=BANNER_CONNECTING pgs=0 cs=0 l=0 rev1=0 crypto rx=0 tx=0 comp rx=0 tx=0)._handle_peer_banner_payload supported=3 required=0
2024-09-13T22:05:56.084 INFO:teuthology.orchestra.run.smithi150.stdout:/usr/bin/ceph: stderr
2024-09-13T22:05:55.323+0000 7fd4019a6640 1 --2- >> [v2:172.21.15.150:3300/0,v1:172.21.15.150:6789/0] conn(0x7fd3fc078af0 0x7fd3fc077250 unknown :-1 s=HELLO_CONNECTING pgs=0 cs=0 l=0 rev1=1 crypto rx=0 tx=0 comp rx=0 tx=0).handle_hello peer v2:172.21.15.150:3300/0 says I am v2:172.21.15.150:57290/0 (socket says 172.21.15.150:57290)
2024-09-13T22:05:56.084 INFO:teuthology.orchestra.run.smithi150.stdout:/usr/bin/ceph: stderr
2024-09-13T22:05:55.323+0000 7fd4019a6640 1 -- 172.21.15.150:0/336013196 learned_addr learned my addr 172.21.15.150:0/336013196 (peer_addr_for_me v2:172.21.15.150:0/0)
2024-09-13T22:05:56.084 INFO:teuthology.orchestra.run.smithi150.stdout:/usr/bin/ceph: stderr
2024-09-13T22:05:55.324+0000 7fd4019a6640 1 -- 172.21.15.150:0/336013196 --> [v2:172.21.15.150:3300/0,v1:172.21.15.150:6789/0] -- mon_subscribe({config=0+,monmap=0+}) v3 -- 0x7fd3fc0790d0 con 0x7fd3fc078af0
2024-09-13T22:05:56.084 INFO:teuthology.orchestra.run.smithi150.stdout:/usr/bin/ceph: stderr
2024-09-13T22:05:55.324+0000 7fd4019a6640 1 --2- 172.21.15.150:0/336013196 >> [v2:172.21.15.150:3300/0,v1:172.21.15.150:6789/0] conn(0x7fd3fc078af0 0x7fd3fc077250 secure :-1 s=READY pgs=84 cs=0 l=1 rev1=1 crypto rx=0x7fd3f8009840 tx=0x7fd3f80091d0 comp rx=0 tx=0).ready entity=mon.0 client_cookie=64d9c30495bf5c7e server_cookie=0 in_seq=0 out_seq=0
2024-09-13T22:05:56.084 INFO:teuthology.orchestra.run.smithi150.stdout:/usr/bin/ceph: stderr
2024-09-13T22:05:55.324+0000 7fd4009a4640 1 -- 172.21.15.150:0/336013196 <== mon.0 v2:172.21.15.150:3300/0 1 ==== mon_map magic: 0 v1 ==== 229+0+0 (secure 0 0 0) 0x7fd3f8032440 con 0x7fd3fc078af0
2024-09-13T22:05:56.084 INFO:teuthology.orchestra.run.smithi150.stdout:/usr/bin/ceph: stderr
2024-09-13T22:05:55.324+0000 7fd4009a4640 1 -- 172.21.15.150:0/336013196 <== mon.0 v2:172.21.15.150:3300/0 2 ==== config(26 keys) v1 ==== 1070+0+0 (secure 0 0 0) 0x7fd3f8032a40 con 0x7fd3fc078af0
2024-09-13T22:05:56.084 INFO:teuthology.orchestra.run.smithi150.stdout:/usr/bin/ceph: stderr
2024-09-13T22:05:55.324+0000 7fd4009a4640 1 -- 172.21.15.150:0/336013196 <== mon.0 v2:172.21.15.150:3300/0 3 ==== mon_map magic: 0 v1 ==== 229+0+0 (secure 0 0 0) 0x7fd3f8031a70 con 0x7fd3fc078af0
2024-09-13T22:05:56.084 INFO:teuthology.orchestra.run.smithi150.stdout:/usr/bin/ceph: stderr
2024-09-13T22:05:55.325+0000 7fd403c0a640 1 -- 172.21.15.150:0/336013196 >> [v2:172.21.15.150:3300/0,v1:172.21.15.150:6789/0] conn(0x7fd3fc078af0 msgr2=0x7fd3fc077250 secure :-1 s=STATE_CONNECTION_ESTABLISHED l=1).mark_down
2024-09-13T22:05:56.084 INFO:teuthology.orchestra.run.smithi150.stdout:/usr/bin/ceph: stderr
2024-09-13T22:05:55.325+0000 7fd403c0a640 1 --2- 172.21.15.150:0/336013196 >> [v2:172.21.15.150:3300/0,v1:172.21.15.150:6789/0] conn(0x7fd3fc078af0 0x7fd3fc077250 secure :-1 s=READY pgs=84 cs=0 l=1 rev1=1 crypto rx=0x7fd3f8009840 tx=0x7fd3f80091d0 comp rx=0 tx=0).stop
2024-09-13T22:05:56.084 INFO:teuthology.orchestra.run.smithi150.stdout:/usr/bin/ceph: stderr
2024-09-13T22:05:55.325+0000 7fd403c0a640 1 -- 172.21.15.150:0/336013196 shutdown_connections
2024-09-13T22:05:56.084 INFO:teuthology.orchestra.run.smithi150.stdout:/usr/bin/ceph: stderr
2024-09-13T22:05:55.325+0000 7fd403c0a640 1 --2- 172.21.15.150:0/336013196 >> [v2:172.21.15.150:3300/0,v1:172.21.15.150:6789/0] conn(0x7fd3fc078af0 0x7fd3fc077250 unknown :-1 s=CLOSED pgs=84 cs=0 l=1 rev1=1 crypto rx=0 tx=0 comp rx=0 tx=0).stop
2024-09-13T22:05:56.084 INFO:teuthology.orchestra.run.smithi150.stdout:/usr/bin/ceph: stderr
2024-09-13T22:05:55.325+0000 7fd403c0a640 1 -- 172.21.15.150:0/336013196 >> 172.21.15.150:0/336013196 conn(0x7fd3fc0fd8b0 msgr2=0x7fd3fc0ffd00 unknown :-1 s=STATE_NONE l=0).mark_down
2024-09-13T22:05:56.085 INFO:teuthology.orchestra.run.smithi150.stdout:/usr/bin/ceph: stderr
2024-09-13T22:05:55.325+0000 7fd403c0a640 1 -- 172.21.15.150:0/336013196 shutdown_connections
2024-09-13T22:05:56.085 INFO:teuthology.orchestra.run.smithi150.stdout:/usr/bin/ceph: stderr
2024-09-13T22:05:55.325+0000 7fd403c0a640 1 -- 172.21.15.150:0/336013196 wait complete.
2024-09-13T22:05:56.085 INFO:teuthology.orchestra.run.smithi150.stdout:/usr/bin/ceph: stderr
2024-09-13T22:05:55.326+0000 7fd403c0a640 1 Processor -- start
2024-09-13T22:05:56.085 INFO:teuthology.orchestra.run.smithi150.stdout:/usr/bin/ceph: stderr
2024-09-13T22:05:55.326+0000 7fd403c0a640 1 -- start start
2024-09-13T22:05:56.085 INFO:teuthology.orchestra.run.smithi150.stdout:/usr/bin/ceph: stderr
2024-09-13T22:05:55.326+0000 7fd403c0a640 1 --2- >> [v2:172.21.15.150:3300/0,v1:172.21.15.150:6789/0] conn(0x7fd3fc078af0 0x7fd3fc112fc0 unknown :-1 s=NONE pgs=0 cs=0 l=1 rev1=0 crypto rx=0 tx=0 comp rx=0 tx=0).connect
2024-09-13T22:05:56.085 INFO:teuthology.orchestra.run.smithi150.stdout:/usr/bin/ceph: stderr
2024-09-13T22:05:55.326+0000 7fd403c0a640 1 -- --> [v2:172.21.15.150:3300/0,v1:172.21.15.150:6789/0] -- mon_getmap magic: 0 v1 -- 0x7fd3fc113500 con 0x7fd3fc078af0
2024-09-13T22:05:56.085 INFO:teuthology.orchestra.run.smithi150.stdout:/usr/bin/ceph: stderr
2024-09-13T22:05:55.326+0000 7fd4019a6640 1 --2- >> [v2:172.21.15.150:3300/0,v1:172.21.15.150:6789/0] conn(0x7fd3fc078af0 0x7fd3fc112fc0 unknown :-1 s=BANNER_CONNECTING pgs=0 cs=0 l=1 rev1=0 crypto rx=0 tx=0 comp rx=0 tx=0)._handle_peer_banner_payload supported=3 required=0
2024-09-13T22:05:56.085 INFO:teuthology.orchestra.run.smithi150.stdout:/usr/bin/ceph: stderr
2024-09-13T22:05:55.326+0000 7fd4019a6640 1 --2- >> [v2:172.21.15.150:3300/0,v1:172.21.15.150:6789/0] conn(0x7fd3fc078af0 0x7fd3fc112fc0 unknown :-1 s=HELLO_CONNECTING pgs=0 cs=0 l=1 rev1=1 crypto rx=0 tx=0 comp rx=0 tx=0).handle_hello peer v2:172.21.15.150:3300/0 says I am v2:172.21.15.150:57302/0 (socket says 172.21.15.150:57302)
2024-09-13T22:05:56.085 INFO:teuthology.orchestra.run.smithi150.stdout:/usr/bin/ceph: stderr
2024-09-13T22:05:55.326+0000 7fd4019a6640 1 -- 172.21.15.150:0/4231295103 learned_addr learned my addr 172.21.15.150:0/4231295103 (peer_addr_for_me v2:172.21.15.150:0/0)
2024-09-13T22:05:56.085 INFO:teuthology.orchestra.run.smithi150.stdout:/usr/bin/ceph: stderr
2024-09-13T22:05:55.326+0000 7fd4019a6640 1 -- 172.21.15.150:0/4231295103 --> [v2:172.21.15.150:3300/0,v1:172.21.15.150:6789/0] -- mon_subscribe({config=0+,monmap=0+}) v3 -- 0x7fd3f8009450 con 0x7fd3fc078af0
2024-09-13T22:05:56.085 INFO:teuthology.orchestra.run.smithi150.stdout:/usr/bin/ceph: stderr
2024-09-13T22:05:55.326+0000 7fd4019a6640 1 --2- 172.21.15.150:0/4231295103 >> [v2:172.21.15.150:3300/0,v1:172.21.15.150:6789/0] conn(0x7fd3fc078af0 0x7fd3fc112fc0 secure :-1 s=READY pgs=85 cs=0 l=1 rev1=1 crypto rx=0x7fd3f8035040 tx=0x7fd3f80091d0 comp rx=0 tx=0).ready entity=mon.0 client_cookie=0 server_cookie=0 in_seq=0 out_seq=0
2024-09-13T22:05:56.085 INFO:teuthology.orchestra.run.smithi150.stdout:/usr/bin/ceph: stderr
2024-09-13T22:05:55.326+0000 7fd3f27fc640 1 -- 172.21.15.150:0/4231295103 <== mon.0 v2:172.21.15.150:3300/0 1 ==== mon_map magic: 0 v1 ==== 229+0+0 (secure 0 0 0) 0x7fd3f803b470 con 0x7fd3fc078af0
2024-09-13T22:05:56.086 INFO:teuthology.orchestra.run.smithi150.stdout:/usr/bin/ceph: stderr
2024-09-13T22:05:55.327+0000 7fd3f27fc640 1 -- 172.21.15.150:0/4231295103 <== mon.0 v2:172.21.15.150:3300/0 2 ==== config(26 keys) v1 ==== 1070+0+0 (secure 0 0 0) 0x7fd3f803ba70 con 0x7fd3fc078af0
2024-09-13T22:05:56.086 INFO:teuthology.orchestra.run.smithi150.stdout:/usr/bin/ceph: stderr
2024-09-13T22:05:55.327+0000 7fd403c0a640 1 -- 172.21.15.150:0/4231295103 --> [v2:172.21.15.150:3300/0,v1:172.21.15.150:6789/0] -- mon_subscribe({mgrmap=0+}) v3 -- 0x7fd3fc113700 con 0x7fd3fc078af0
2024-09-13T22:05:56.086 INFO:teuthology.orchestra.run.smithi150.stdout:/usr/bin/ceph: stderr
2024-09-13T22:05:55.327+0000 7fd3f27fc640 1 -- 172.21.15.150:0/4231295103 <== mon.0 v2:172.21.15.150:3300/0 3 ==== mon_map magic: 0 v1 ==== 229+0+0 (secure 0 0 0) 0x7fd3f803a970 con 0x7fd3fc078af0
2024-09-13T22:05:56.086 INFO:teuthology.orchestra.run.smithi150.stdout:/usr/bin/ceph: stderr
2024-09-13T22:05:55.327+0000 7fd403c0a640 1 -- 172.21.15.150:0/4231295103 --> [v2:172.21.15.150:3300/0,v1:172.21.15.150:6789/0] -- mon_subscribe({osdmap=0}) v3 -- 0x7fd3fc113b10 con 0x7fd3fc078af0
2024-09-13T22:05:56.086 INFO:teuthology.orchestra.run.smithi150.stdout:/usr/bin/ceph: stderr
2024-09-13T22:05:55.327+0000 7fd3f27fc640 1 -- 172.21.15.150:0/4231295103 <== mon.0 v2:172.21.15.150:3300/0 4 ==== mgrmap(e 12) v1 ==== 45520+0+0 (secure 0 0 0) 0x7fd3f803bbe0 con 0x7fd3fc078af0
2024-09-13T22:05:56.086 INFO:teuthology.orchestra.run.smithi150.stdout:/usr/bin/ceph: stderr
2024-09-13T22:05:55.328+0000 7fd3f27fc640 1 --2- 172.21.15.150:0/4231295103 >> [v2:172.21.15.150:6800/3943796002,v1:172.21.15.150:6801/3943796002] conn(0x7fd3e80394e0 0x7fd3e803b990 unknown :-1 s=NONE pgs=0 cs=0 l=1 rev1=0 crypto rx=0 tx=0 comp rx=0 tx=0).connect
2024-09-13T22:05:56.086 INFO:teuthology.orchestra.run.smithi150.stdout:/usr/bin/ceph: stderr
2024-09-13T22:05:55.328+0000 7fd3f27fc640 1 -- 172.21.15.150:0/4231295103 <== mon.0 v2:172.21.15.150:3300/0 5 ==== osd_map(3..3 src has 1..3) v4 ==== 1151+0+0 (secure 0 0 0) 0x7fd3f806d1c0 con 0x7fd3fc078af0
2024-09-13T22:05:56.086 INFO:teuthology.orchestra.run.smithi150.stdout:/usr/bin/ceph: stderr
2024-09-13T22:05:55.328+0000 7fd403c0a640 1 -- 172.21.15.150:0/4231295103 --> [v2:172.21.15.150:3300/0,v1:172.21.15.150:6789/0] -- mon_command({"prefix": "get_command_descriptions"} v 0) v1 -- 0x7fd3fc04b720 con 0x7fd3fc078af0
2024-09-13T22:05:56.086 INFO:teuthology.orchestra.run.smithi150.stdout:/usr/bin/ceph: stderr
2024-09-13T22:05:55.328+0000 7fd4011a5640 1 --2- 172.21.15.150:0/4231295103 >> [v2:172.21.15.150:6800/3943796002,v1:172.21.15.150:6801/3943796002] conn(0x7fd3e80394e0 0x7fd3e803b990 unknown :-1 s=BANNER_CONNECTING pgs=0 cs=0 l=1 rev1=0 crypto rx=0 tx=0 comp rx=0 tx=0)._handle_peer_banner_payload supported=3 required=0
2024-09-13T22:05:56.086 INFO:teuthology.orchestra.run.smithi150.stdout:/usr/bin/ceph: stderr
2024-09-13T22:05:55.328+0000 7fd4011a5640 1 --2- 172.21.15.150:0/4231295103 >> [v2:172.21.15.150:6800/3943796002,v1:172.21.15.150:6801/3943796002] conn(0x7fd3e80394e0 0x7fd3e803b990 secure :-1 s=READY pgs=10 cs=0 l=1 rev1=1 crypto rx=0x7fd3ec006fd0 tx=0x7fd3ec006db0 comp rx=0 tx=0).ready entity=mgr.14160 client_cookie=0 server_cookie=0 in_seq=0 out_seq=0
2024-09-13T22:05:56.086 INFO:teuthology.orchestra.run.smithi150.stdout:/usr/bin/ceph: stderr
2024-09-13T22:05:55.332+0000 7fd3f27fc640 1 -- 172.21.15.150:0/4231295103 <== mon.0 v2:172.21.15.150:3300/0 6 ==== mon_command_ack([{"prefix": "get_command_descriptions"}]=0 v0) v1 ==== 72+0+176781 (secure 0 0 0) 0x7fd3f8037070 con 0x7fd3fc078af0
2024-09-13T22:05:56.086 INFO:teuthology.orchestra.run.smithi150.stdout:/usr/bin/ceph: stderr
2024-09-13T22:05:55.486+0000 7fd403c0a640 1 -- 172.21.15.150:0/4231295103 --> [v2:172.21.15.150:3300/0,v1:172.21.15.150:6789/0] -- mon_command([{prefix=config set, name=osd_memory_target_autotune}] v 0) v1 -- 0x7fd3fc108200 con 0x7fd3fc078af0
2024-09-13T22:05:56.086 INFO:teuthology.orchestra.run.smithi150.stdout:/usr/bin/ceph: stderr
2024-09-13T22:05:55.486+0000 7fd3f27fc640 1 -- 172.21.15.150:0/4231295103 <== mon.0 v2:172.21.15.150:3300/0 7 ==== mon_command_ack([{prefix=config set, name=osd_memory_target_autotune}]=0 v8)=0 v8) v1 ==== 127+0+0 (secure 0 0 0) 0x7fd3f803f030 con 0x7fd3fc078af0
2024-09-13T22:05:56.086 INFO:teuthology.orchestra.run.smithi150.stdout:/usr/bin/ceph: stderr
2024-09-13T22:05:55.488+0000 7fd403c0a640 1 -- 172.21.15.150:0/4231295103 >> [v2:172.21.15.150:6800/3943796002,v1:172.21.15.150:6801/3943796002] conn(0x7fd3e80394e0 msgr2=0x7fd3e803b990 secure :-1 s=STATE_CONNECTION_ESTABLISHED l=1).mark_down
2024-09-13T22:05:56.087 INFO:teuthology.orchestra.run.smithi150.stdout:/usr/bin/ceph: stderr
2024-09-13T22:05:55.488+0000 7fd403c0a640 1 --2- 172.21.15.150:0/4231295103 >> [v2:172.21.15.150:6800/3943796002,v1:172.21.15.150:6801/3943796002] conn(0x7fd3e80394e0 0x7fd3e803b990 secure :-1 s=READY pgs=10 cs=0 l=1 rev1=1 crypto rx=0x7fd3ec006fd0 tx=0x7fd3ec006db0 comp rx=0 tx=0).stop
2024-09-13T22:05:56.087 INFO:teuthology.orchestra.run.smithi150.stdout:/usr/bin/ceph: stderr
2024-09-13T22:05:55.488+0000 7fd403c0a640 1 -- 172.21.15.150:0/4231295103 >> [v2:172.21.15.150:3300/0,v1:172.21.15.150:6789/0] conn(0x7fd3fc078af0 msgr2=0x7fd3fc112fc0 secure :-1 s=STATE_CONNECTION_ESTABLISHED l=1).mark_down
2024-09-13T22:05:56.087 INFO:teuthology.orchestra.run.smithi150.stdout:/usr/bin/ceph: stderr
2024-09-13T22:05:55.488+0000 7fd403c0a640 1 --2- 172.21.15.150:0/4231295103 >> [v2:172.21.15.150:3300/0,v1:172.21.15.150:6789/0] conn(0x7fd3fc078af0 0x7fd3fc112fc0 secure :-1 s=READY pgs=85 cs=0 l=1 rev1=1 crypto rx=0x7fd3f8035040 tx=0x7fd3f80091d0 comp rx=0 tx=0).stop
2024-09-13T22:05:56.087 INFO:teuthology.orchestra.run.smithi150.stdout:/usr/bin/ceph: stderr
2024-09-13T22:05:55.488+0000 7fd403c0a640 1 -- 172.21.15.150:0/4231295103 shutdown_connections
2024-09-13T22:05:56.087 INFO:teuthology.orchestra.run.smithi150.stdout:/usr/bin/ceph: stderr
2024-09-13T22:05:55.488+0000 7fd403c0a640 1 --2- 172.21.15.150:0/4231295103 >> [v2:172.21.15.150:6800/3943796002,v1:172.21.15.150:6801/3943796002] conn(0x7fd3e80394e0 0x7fd3e803b990 unknown :-1 s=CLOSED pgs=10 cs=0 l=1 rev1=1 crypto rx=0 tx=0 comp rx=0 tx=0).stop
2024-09-13T22:05:56.087 INFO:teuthology.orchestra.run.smithi150.stdout:/usr/bin/ceph: stderr
2024-09-13T22:05:55.488+0000 7fd403c0a640 1 --2- 172.21.15.150:0/4231295103 >> [v2:172.21.15.150:3300/0,v1:172.21.15.150:6789/0] conn(0x7fd3fc078af0 0x7fd3fc112fc0 unknown :-1 s=CLOSED pgs=85 cs=0 l=1 rev1=1 crypto rx=0 tx=0 comp rx=0 tx=0).stop
2024-09-13T22:05:56.087 INFO:teuthology.orchestra.run.smithi150.stdout:/usr/bin/ceph: stderr
2024-09-13T22:05:55.488+0000 7fd403c0a640 1 -- 172.21.15.150:0/4231295103 >> 172.21.15.150:0/4231295103 conn(0x7fd3fc0fd8b0 msgr2=0x7fd3fc0fe470 unknown :-1 s=STATE_NONE l=0).mark_down
2024-09-13T22:05:56.087 INFO:teuthology.orchestra.run.smithi150.stdout:/usr/bin/ceph: stderr
2024-09-13T22:05:55.488+0000 7fd403c0a640 1 -- 172.21.15.150:0/4231295103 shutdown_connections
2024-09-13T22:05:56.087 INFO:teuthology.orchestra.run.smithi150.stdout:/usr/bin/ceph: stderr
2024-09-13T22:05:55.488+0000 7fd403c0a640 1 -- 172.21.15.150:0/4231295103 wait complete.
2024-09-13T22:05:56.734 INFO:journalctl@ceph.mon.smithi150.smithi150.stdout:Sep 13 22:05:56 smithi150 ceph-mon[27902]: mgrmap e13: smithi150.xpbuwn(active, since 6s)
2024-09-13T22:05:57.441 INFO:teuthology.orchestra.run.smithi150.stdout:/usr/bin/ceph: stderr
2024-09-13T22:05:56.486+0000 7facc5662640 1 Processor -- start
2024-09-13T22:05:57.441 INFO:teuthology.orchestra.run.smithi150.stdout:/usr/bin/ceph: stderr
2024-09-13T22:05:56.486+0000 7facc5662640 1 -- start start
2024-09-13T22:05:57.441 INFO:teuthology.orchestra.run.smithi150.stdout:/usr/bin/ceph: stderr
2024-09-13T22:05:56.486+0000 7facc5662640 1 --2- >> [v2:172.21.15.150:3300/0,v1:172.21.15.150:6789/0] conn(0x7facc0100f90 0x7facc01013a0 unknown :-1 s=NONE pgs=0 cs=0 l=0 rev1=0 crypto rx=0 tx=0 comp rx=0 tx=0).connect
2024-09-13T22:05:57.441 INFO:teuthology.orchestra.run.smithi150.stdout:/usr/bin/ceph: stderr
2024-09-13T22:05:56.486+0000 7facc5662640 1 -- --> [v2:172.21.15.150:3300/0,v1:172.21.15.150:6789/0] -- mon_getmap magic: 0 v1 -- 0x7facc01018e0 con 0x7facc0100f90
2024-09-13T22:05:57.441 INFO:teuthology.orchestra.run.smithi150.stdout:/usr/bin/ceph: stderr
2024-09-13T22:05:56.486+0000 7facbeffd640 1 --2- >> [v2:172.21.15.150:3300/0,v1:172.21.15.150:6789/0] conn(0x7facc0100f90 0x7facc01013a0 unknown :-1 s=BANNER_CONNECTING pgs=0 cs=0 l=0 rev1=0 crypto rx=0 tx=0 comp rx=0 tx=0)._handle_peer_banner_payload supported=3 required=0
2024-09-13T22:05:57.441 INFO:teuthology.orchestra.run.smithi150.stdout:/usr/bin/ceph: stderr
2024-09-13T22:05:56.486+0000 7facbeffd640 1 --2- >> [v2:172.21.15.150:3300/0,v1:172.21.15.150:6789/0] conn(0x7facc0100f90 0x7facc01013a0 unknown :-1 s=HELLO_CONNECTING pgs=0 cs=0 l=0 rev1=1 crypto rx=0 tx=0 comp rx=0 tx=0).handle_hello peer v2:172.21.15.150:3300/0 says I am v2:172.21.15.150:57308/0 (socket says 172.21.15.150:57308)
2024-09-13T22:05:57.441 INFO:teuthology.orchestra.run.smithi150.stdout:/usr/bin/ceph: stderr
2024-09-13T22:05:56.486+0000 7facbeffd640 1 -- 172.21.15.150:0/4062603975 learned_addr learned my addr 172.21.15.150:0/4062603975 (peer_addr_for_me v2:172.21.15.150:0/0)
2024-09-13T22:05:57.441 INFO:teuthology.orchestra.run.smithi150.stdout:/usr/bin/ceph: stderr
2024-09-13T22:05:56.486+0000 7facbeffd640 1 -- 172.21.15.150:0/4062603975 --> [v2:172.21.15.150:3300/0,v1:172.21.15.150:6789/0] -- mon_subscribe({config=0+,monmap=0+}) v3 -- 0x7facc0101a20 con 0x7facc0100f90
2024-09-13T22:05:57.441 INFO:teuthology.orchestra.run.smithi150.stdout:/usr/bin/ceph: stderr
2024-09-13T22:05:56.487+0000 7facbeffd640 1 --2- 172.21.15.150:0/4062603975 >> [v2:172.21.15.150:3300/0,v1:172.21.15.150:6789/0] conn(0x7facc0100f90 0x7facc01013a0 secure :-1 s=READY pgs=86 cs=0 l=1 rev1=1 crypto rx=0x7facb0009840 tx=0x7facb00091d0 comp rx=0 tx=0).ready entity=mon.0 client_cookie=6d585c8352e3c0eb server_cookie=0 in_seq=0 out_seq=0
2024-09-13T22:05:57.441 INFO:teuthology.orchestra.run.smithi150.stdout:/usr/bin/ceph: stderr
2024-09-13T22:05:56.487+0000 7facbe7fc640 1 -- 172.21.15.150:0/4062603975 <== mon.0 v2:172.21.15.150:3300/0 1 ==== mon_map magic: 0 v1 ==== 229+0+0 (secure 0 0 0) 0x7facb0032440 con 0x7facc0100f90
2024-09-13T22:05:57.441 INFO:teuthology.orchestra.run.smithi150.stdout:/usr/bin/ceph: stderr
2024-09-13T22:05:56.487+0000 7facbe7fc640 1 -- 172.21.15.150:0/4062603975 <== mon.0 v2:172.21.15.150:3300/0 2 ==== config(26 keys) v1 ==== 1070+0+0 (secure 0 0 0) 0x7facb0032a40 con 0x7facc0100f90
2024-09-13T22:05:57.442 INFO:teuthology.orchestra.run.smithi150.stdout:/usr/bin/ceph: stderr
2024-09-13T22:05:56.487+0000 7facbe7fc640 1 -- 172.21.15.150:0/4062603975 <== mon.0 v2:172.21.15.150:3300/0 3 ==== mon_map magic: 0 v1 ==== 229+0+0 (secure 0 0 0) 0x7facb0031aa0 con 0x7facc0100f90
2024-09-13T22:05:57.442 INFO:teuthology.orchestra.run.smithi150.stdout:/usr/bin/ceph: stderr
2024-09-13T22:05:56.488+0000 7facc5662640 1 -- 172.21.15.150:0/4062603975 >> [v2:172.21.15.150:3300/0,v1:172.21.15.150:6789/0] conn(0x7facc0100f90 msgr2=0x7facc01013a0 secure :-1 s=STATE_CONNECTION_ESTABLISHED l=1).mark_down
2024-09-13T22:05:57.442 INFO:teuthology.orchestra.run.smithi150.stdout:/usr/bin/ceph: stderr
2024-09-13T22:05:56.488+0000 7facc5662640 1 --2- 172.21.15.150:0/4062603975 >> [v2:172.21.15.150:3300/0,v1:172.21.15.150:6789/0] conn(0x7facc0100f90 0x7facc01013a0 secure :-1 s=READY pgs=86 cs=0 l=1 rev1=1 crypto rx=0x7facb0009840 tx=0x7facb00091d0 comp rx=0 tx=0).stop
