2024-09-13T22:47:05.031 INFO:teuthology.orchestra.run.smithi002.stdout:/usr/bin/ceph: stderr
2024-09-13T22:47:03.436+0000 7f8d49d9e700 1 -- 172.21.15.2:0/2412249268 wait complete.
2024-09-13T22:47:05.031 INFO:teuthology.orchestra.run.smithi002.stdout:/usr/bin/ceph: stderr
2024-09-13T22:47:03.436+0000 7f8d49d9e700 1 Processor -- start
2024-09-13T22:47:05.031 INFO:teuthology.orchestra.run.smithi002.stdout:/usr/bin/ceph: stderr
2024-09-13T22:47:03.436+0000 7f8d49d9e700 1 -- start start
2024-09-13T22:47:05.031 INFO:teuthology.orchestra.run.smithi002.stdout:/usr/bin/ceph: stderr
2024-09-13T22:47:03.437+0000 7f8d49d9e700 1 --2- >> [v2:172.21.15.2:3300/0,v1:172.21.15.2:6789/0] conn(0x7f8d44106610 0x7f8d4407bc60 unknown :-1 s=NONE pgs=0 cs=0 l=1 rev1=0 crypto rx=0 tx=0 comp rx=0 tx=0).connect
2024-09-13T22:47:05.031 INFO:teuthology.orchestra.run.smithi002.stdout:/usr/bin/ceph: stderr
2024-09-13T22:47:03.437+0000 7f8d49d9e700 1 -- --> [v2:172.21.15.2:3300/0,v1:172.21.15.2:6789/0] -- mon_getmap magic: 0 v1 -- 0x7f8d4407c1a0 con 0x7f8d44106610
2024-09-13T22:47:05.031 INFO:teuthology.orchestra.run.smithi002.stdout:/usr/bin/ceph: stderr
2024-09-13T22:47:03.437+0000 7f8d437fe700 1 --2- >> [v2:172.21.15.2:3300/0,v1:172.21.15.2:6789/0] conn(0x7f8d44106610 0x7f8d4407bc60 unknown :-1 s=BANNER_CONNECTING pgs=0 cs=0 l=1 rev1=0 crypto rx=0 tx=0 comp rx=0 tx=0)._handle_peer_banner_payload supported=3 required=0
2024-09-13T22:47:05.031 INFO:teuthology.orchestra.run.smithi002.stdout:/usr/bin/ceph: stderr
2024-09-13T22:47:03.437+0000 7f8d437fe700 1 --2- >> [v2:172.21.15.2:3300/0,v1:172.21.15.2:6789/0] conn(0x7f8d44106610 0x7f8d4407bc60 unknown :-1 s=HELLO_CONNECTING pgs=0 cs=0 l=1 rev1=1 crypto rx=0 tx=0 comp rx=0 tx=0).handle_hello peer v2:172.21.15.2:3300/0 says I am v2:172.21.15.2:49256/0 (socket says 172.21.15.2:49256)
2024-09-13T22:47:05.031 INFO:teuthology.orchestra.run.smithi002.stdout:/usr/bin/ceph: stderr
2024-09-13T22:47:03.437+0000 7f8d437fe700 1 -- 172.21.15.2:0/204133557 learned_addr learned my addr 172.21.15.2:0/204133557 (peer_addr_for_me v2:172.21.15.2:0/0)
2024-09-13T22:47:05.031 INFO:teuthology.orchestra.run.smithi002.stdout:/usr/bin/ceph: stderr
2024-09-13T22:47:03.437+0000 7f8d437fe700 1 -- 172.21.15.2:0/204133557 --> [v2:172.21.15.2:3300/0,v1:172.21.15.2:6789/0] -- mon_subscribe({config=0+,monmap=0+}) v3 -- 0x7f8d34009550 con 0x7f8d44106610
2024-09-13T22:47:05.031 INFO:teuthology.orchestra.run.smithi002.stdout:/usr/bin/ceph: stderr
2024-09-13T22:47:03.437+0000 7f8d437fe700 1 --2- 172.21.15.2:0/204133557 >> [v2:172.21.15.2:3300/0,v1:172.21.15.2:6789/0] conn(0x7f8d44106610 0x7f8d4407bc60 secure :-1 s=READY pgs=68 cs=0 l=1 rev1=1 crypto rx=0x7f8d34006ba0 tx=0x7f8d34011b50 comp rx=0 tx=0).ready entity=mon.0 client_cookie=0 server_cookie=0 in_seq=0 out_seq=0
2024-09-13T22:47:05.031 INFO:teuthology.orchestra.run.smithi002.stdout:/usr/bin/ceph: stderr
2024-09-13T22:47:03.437+0000 7f8d417fa700 1 -- 172.21.15.2:0/204133557 <== mon.0 v2:172.21.15.2:3300/0 1 ==== mon_map magic: 0 v1 ==== 229+0+0 (secure 0 0 0) 0x7f8d34003b00 con 0x7f8d44106610
2024-09-13T22:47:05.031 INFO:teuthology.orchestra.run.smithi002.stdout:/usr/bin/ceph: stderr
2024-09-13T22:47:03.437+0000 7f8d417fa700 1 -- 172.21.15.2:0/204133557 <== mon.0 v2:172.21.15.2:3300/0 2 ==== config(27 keys) v1 ==== 1101+0+0 (secure 0 0 0) 0x7f8d3401a8e0 con 0x7f8d44106610
2024-09-13T22:47:05.031 INFO:teuthology.orchestra.run.smithi002.stdout:/usr/bin/ceph: stderr
2024-09-13T22:47:03.437+0000 7f8d49d9e700 1 -- 172.21.15.2:0/204133557 --> [v2:172.21.15.2:3300/0,v1:172.21.15.2:6789/0] -- mon_subscribe({mgrmap=0+}) v3 -- 0x7f8d4407a2b0 con 0x7f8d44106610
2024-09-13T22:47:05.032 INFO:teuthology.orchestra.run.smithi002.stdout:/usr/bin/ceph: stderr
2024-09-13T22:47:03.437+0000 7f8d417fa700 1 -- 172.21.15.2:0/204133557 <== mon.0 v2:172.21.15.2:3300/0 3 ==== mon_map magic: 0 v1 ==== 229+0+0 (secure 0 0 0) 0x7f8d34019990 con 0x7f8d44106610
2024-09-13T22:47:05.032 INFO:teuthology.orchestra.run.smithi002.stdout:/usr/bin/ceph: stderr
2024-09-13T22:47:03.437+0000 7f8d49d9e700 1 -- 172.21.15.2:0/204133557 --> [v2:172.21.15.2:3300/0,v1:172.21.15.2:6789/0] -- mon_subscribe({osdmap=0}) v3 -- 0x7f8d4407a6d0 con 0x7f8d44106610
2024-09-13T22:47:05.032 INFO:teuthology.orchestra.run.smithi002.stdout:/usr/bin/ceph: stderr
2024-09-13T22:47:03.438+0000 7f8d417fa700 1 -- 172.21.15.2:0/204133557 <== mon.0 v2:172.21.15.2:3300/0 4 ==== mgrmap(e 8) v1 ==== 45283+0+0 (secure 0 0 0) 0x7f8d34019c00 con 0x7f8d44106610
2024-09-13T22:47:05.032 INFO:teuthology.orchestra.run.smithi002.stdout:/usr/bin/ceph: stderr
2024-09-13T22:47:03.439+0000 7f8d49d9e700 1 -- 172.21.15.2:0/204133557 --> [v2:172.21.15.2:3300/0,v1:172.21.15.2:6789/0] -- mon_command({"prefix": "get_command_descriptions"} v 0) v1 -- 0x7f8d440623c0 con 0x7f8d44106610
2024-09-13T22:47:05.032 INFO:teuthology.orchestra.run.smithi002.stdout:/usr/bin/ceph: stderr
2024-09-13T22:47:03.439+0000 7f8d417fa700 1 --2- 172.21.15.2:0/204133557 >> [v2:172.21.15.2:6800/2,v1:172.21.15.2:6801/2] conn(0x7f8d30038320 0x7f8d3003a7e0 unknown :-1 s=NONE pgs=0 cs=0 l=1 rev1=0 crypto rx=0 tx=0 comp rx=0 tx=0).connect
2024-09-13T22:47:05.032 INFO:teuthology.orchestra.run.smithi002.stdout:/usr/bin/ceph: stderr
2024-09-13T22:47:03.439+0000 7f8d417fa700 1 -- 172.21.15.2:0/204133557 <== mon.0 v2:172.21.15.2:3300/0 5 ==== osd_map(2..2 src has 1..2) v4 ==== 940+0+0 (secure 0 0 0) 0x7f8d3404c6c0 con 0x7f8d44106610
2024-09-13T22:47:05.032 INFO:teuthology.orchestra.run.smithi002.stdout:/usr/bin/ceph: stderr
2024-09-13T22:47:03.439+0000 7f8d3affd700 1 --2- 172.21.15.2:0/204133557 >> [v2:172.21.15.2:6800/2,v1:172.21.15.2:6801/2] conn(0x7f8d30038320 0x7f8d3003a7e0 unknown :-1 s=BANNER_CONNECTING pgs=0 cs=0 l=1 rev1=0 crypto rx=0 tx=0 comp rx=0 tx=0)._handle_peer_banner_payload supported=3 required=0
2024-09-13T22:47:05.032 INFO:teuthology.orchestra.run.smithi002.stdout:/usr/bin/ceph: stderr
2024-09-13T22:47:03.439+0000 7f8d3affd700 1 --2- 172.21.15.2:0/204133557 >> [v2:172.21.15.2:6800/2,v1:172.21.15.2:6801/2] conn(0x7f8d30038320 0x7f8d3003a7e0 secure :-1 s=READY pgs=22 cs=0 l=1 rev1=1 crypto rx=0x7f8d2c006fd0 tx=0x7f8d2c006e40 comp rx=0 tx=0).ready entity=mgr.14120 client_cookie=0 server_cookie=0 in_seq=0 out_seq=0
2024-09-13T22:47:05.032 INFO:teuthology.orchestra.run.smithi002.stdout:/usr/bin/ceph: stderr
2024-09-13T22:47:03.444+0000 7f8d417fa700 1 -- 172.21.15.2:0/204133557 <== mon.0 v2:172.21.15.2:3300/0 6 ==== mon_command_ack([{"prefix": "get_command_descriptions"}]=0 v0) v1 ==== 72+0+180422 (secure 0 0 0) 0x7f8d3402d440 con 0x7f8d44106610
2024-09-13T22:47:05.032 INFO:teuthology.orchestra.run.smithi002.stdout:/usr/bin/ceph: stderr
2024-09-13T22:47:03.703+0000 7f8d49d9e700 1 -- 172.21.15.2:0/204133557 --> [v2:172.21.15.2:3300/0,v1:172.21.15.2:6789/0] -- mon_command({"prefix": "mgr module enable", "module": "dashboard"} v 0) v1 -- 0x7f8d4410aa40 con 0x7f8d44106610
2024-09-13T22:47:05.032 INFO:teuthology.orchestra.run.smithi002.stdout:/usr/bin/ceph: stderr
2024-09-13T22:47:04.437+0000 7f8d417fa700 1 -- 172.21.15.2:0/204133557 <== mon.0 v2:172.21.15.2:3300/0 7 ==== mgrmap(e 9) v1 ==== 45296+0+0 (secure 0 0 0) 0x7f8d3402c3a0 con 0x7f8d44106610
2024-09-13T22:47:05.032 INFO:teuthology.orchestra.run.smithi002.stdout:/usr/bin/ceph: stderr
2024-09-13T22:47:04.439+0000 7f8d417fa700 1 -- 172.21.15.2:0/204133557 <== mon.0 v2:172.21.15.2:3300/0 8 ==== mon_command_ack([{"prefix": "mgr module enable", "module": "dashboard"}]=0 v9) v1 ==== 88+0+0 (secure 0 0 0) 0x7f8d3402d440 con 0x7f8d44106610
2024-09-13T22:47:05.032 INFO:teuthology.orchestra.run.smithi002.stdout:/usr/bin/ceph: stderr
2024-09-13T22:47:04.442+0000 7f8d49d9e700 1 -- 172.21.15.2:0/204133557 >> [v2:172.21.15.2:6800/2,v1:172.21.15.2:6801/2] conn(0x7f8d30038320 msgr2=0x7f8d3003a7e0 secure :-1 s=STATE_CONNECTION_ESTABLISHED l=1).mark_down
2024-09-13T22:47:05.033 INFO:teuthology.orchestra.run.smithi002.stdout:/usr/bin/ceph: stderr
2024-09-13T22:47:04.442+0000 7f8d49d9e700 1 --2- 172.21.15.2:0/204133557 >> [v2:172.21.15.2:6800/2,v1:172.21.15.2:6801/2] conn(0x7f8d30038320 0x7f8d3003a7e0 secure :-1 s=READY pgs=22 cs=0 l=1 rev1=1 crypto rx=0x7f8d2c006fd0 tx=0x7f8d2c006e40 comp rx=0 tx=0).stop
2024-09-13T22:47:05.033 INFO:teuthology.orchestra.run.smithi002.stdout:/usr/bin/ceph: stderr
2024-09-13T22:47:04.442+0000 7f8d49d9e700 1 -- 172.21.15.2:0/204133557 >> [v2:172.21.15.2:3300/0,v1:172.21.15.2:6789/0] conn(0x7f8d44106610 msgr2=0x7f8d4407bc60 secure :-1 s=STATE_CONNECTION_ESTABLISHED l=1).mark_down
2024-09-13T22:47:05.033 INFO:teuthology.orchestra.run.smithi002.stdout:/usr/bin/ceph: stderr
2024-09-13T22:47:04.442+0000 7f8d49d9e700 1 --2- 172.21.15.2:0/204133557 >> [v2:172.21.15.2:3300/0,v1:172.21.15.2:6789/0] conn(0x7f8d44106610 0x7f8d4407bc60 secure :-1 s=READY pgs=68 cs=0 l=1 rev1=1 crypto rx=0x7f8d34006ba0 tx=0x7f8d34011b50 comp rx=0 tx=0).stop
2024-09-13T22:47:05.033 INFO:teuthology.orchestra.run.smithi002.stdout:/usr/bin/ceph: stderr
2024-09-13T22:47:04.442+0000 7f8d49d9e700 1 -- 172.21.15.2:0/204133557 shutdown_connections
2024-09-13T22:47:05.033 INFO:teuthology.orchestra.run.smithi002.stdout:/usr/bin/ceph: stderr
2024-09-13T22:47:04.442+0000 7f8d49d9e700 1 --2- 172.21.15.2:0/204133557 >> [v2:172.21.15.2:6800/2,v1:172.21.15.2:6801/2] conn(0x7f8d30038320 0x7f8d3003a7e0 unknown :-1 s=CLOSED pgs=22 cs=0 l=1 rev1=1 crypto rx=0 tx=0 comp rx=0 tx=0).stop
2024-09-13T22:47:05.033 INFO:teuthology.orchestra.run.smithi002.stdout:/usr/bin/ceph: stderr
2024-09-13T22:47:04.442+0000 7f8d49d9e700 1 --2- 172.21.15.2:0/204133557 >> [v2:172.21.15.2:3300/0,v1:172.21.15.2:6789/0] conn(0x7f8d44106610 0x7f8d4407bc60 unknown :-1 s=CLOSED pgs=68 cs=0 l=1 rev1=1 crypto rx=0 tx=0 comp rx=0 tx=0).stop
2024-09-13T22:47:05.033 INFO:teuthology.orchestra.run.smithi002.stdout:/usr/bin/ceph: stderr
2024-09-13T22:47:04.442+0000 7f8d49d9e700 1 -- 172.21.15.2:0/204133557 >> 172.21.15.2:0/204133557 conn(0x7f8d44101bd0 msgr2=0x7f8d44103220 unknown :-1 s=STATE_NONE l=0).mark_down
2024-09-13T22:47:05.033 INFO:teuthology.orchestra.run.smithi002.stdout:/usr/bin/ceph: stderr
2024-09-13T22:47:04.442+0000 7f8d49d9e700 1 -- 172.21.15.2:0/204133557 shutdown_connections
2024-09-13T22:47:05.033 INFO:teuthology.orchestra.run.smithi002.stdout:/usr/bin/ceph: stderr
2024-09-13T22:47:04.442+0000 7f8d49d9e700 1 -- 172.21.15.2:0/204133557 wait complete.
2024-09-13T22:47:05.711 INFO:journalctl@ceph.mon.smithi002.smithi002.stdout:Sep 13 22:47:05 smithi002 ceph-mon[27637]: from='client.? 172.21.15.2:0/204133557' entity='client.admin' cmd='[{"prefix": "mgr module enable", "module": "dashboard"}]': finished
2024-09-13T22:47:05.711 INFO:journalctl@ceph.mon.smithi002.smithi002.stdout:Sep 13 22:47:05 smithi002 ceph-mon[27637]: mgrmap e9: smithi002.yumtzz(active, since 25s)
2024-09-13T22:47:06.385 INFO:teuthology.orchestra.run.smithi002.stdout:/usr/bin/ceph: stdout {
2024-09-13T22:47:06.385 INFO:teuthology.orchestra.run.smithi002.stdout:/usr/bin/ceph: stdout "epoch": 9,
2024-09-13T22:47:06.385 INFO:teuthology.orchestra.run.smithi002.stdout:/usr/bin/ceph: stdout "available": true,
2024-09-13T22:47:06.385 INFO:teuthology.orchestra.run.smithi002.stdout:/usr/bin/ceph: stdout "active_name": "smithi002.yumtzz",
2024-09-13T22:47:06.385 INFO:teuthology.orchestra.run.smithi002.stdout:/usr/bin/ceph: stdout "num_standby": 0
2024-09-13T22:47:06.386 INFO:teuthology.orchestra.run.smithi002.stdout:/usr/bin/ceph: stdout }
2024-09-13T22:47:06.386 INFO:teuthology.orchestra.run.smithi002.stdout:/usr/bin/ceph: stderr
2024-09-13T22:47:05.503+0000 7f998c388700 1 Processor -- start
2024-09-13T22:47:06.386 INFO:teuthology.orchestra.run.smithi002.stdout:/usr/bin/ceph: stderr
2024-09-13T22:47:05.503+0000 7f998c388700 1 -- start start
2024-09-13T22:47:06.386 INFO:teuthology.orchestra.run.smithi002.stdout:/usr/bin/ceph: stderr
2024-09-13T22:47:05.504+0000 7f998c388700 1 --2- >> [v2:172.21.15.2:3300/0,v1:172.21.15.2:6789/0] conn(0x7f99841070d0 0x7f99841094c0 unknown :-1 s=NONE pgs=0 cs=0 l=0 rev1=0 crypto rx=0 tx=0 comp rx=0 tx=0).connect
2024-09-13T22:47:06.386 INFO:teuthology.orchestra.run.smithi002.stdout:/usr/bin/ceph: stderr
2024-09-13T22:47:05.504+0000 7f998c388700 1 -- --> [v2:172.21.15.2:3300/0,v1:172.21.15.2:6789/0] -- mon_getmap magic: 0 v1 -- 0x7f9984079e80 con 0x7f99841070d0
2024-09-13T22:47:06.386 INFO:teuthology.orchestra.run.smithi002.stdout:/usr/bin/ceph: stderr
2024-09-13T22:47:05.504+0000 7f998a124700 1 --2- >> [v2:172.21.15.2:3300/0,v1:172.21.15.2:6789/0] conn(0x7f99841070d0 0x7f99841094c0 unknown :-1 s=BANNER_CONNECTING pgs=0 cs=0 l=0 rev1=0 crypto rx=0 tx=0 comp rx=0 tx=0)._handle_peer_banner_payload supported=3 required=0
2024-09-13T22:47:06.386 INFO:teuthology.orchestra.run.smithi002.stdout:/usr/bin/ceph: stderr
2024-09-13T22:47:05.504+0000 7f998a124700 1 --2- >> [v2:172.21.15.2:3300/0,v1:172.21.15.2:6789/0] conn(0x7f99841070d0 0x7f99841094c0 unknown :-1 s=HELLO_CONNECTING pgs=0 cs=0 l=0 rev1=1 crypto rx=0 tx=0 comp rx=0 tx=0).handle_hello peer v2:172.21.15.2:3300/0 says I am v2:172.21.15.2:49278/0 (socket says 172.21.15.2:49278)
2024-09-13T22:47:06.386 INFO:teuthology.orchestra.run.smithi002.stdout:/usr/bin/ceph: stderr
2024-09-13T22:47:05.504+0000 7f998a124700 1 -- 172.21.15.2:0/1830469823 learned_addr learned my addr 172.21.15.2:0/1830469823 (peer_addr_for_me v2:172.21.15.2:0/0)
2024-09-13T22:47:06.386 INFO:teuthology.orchestra.run.smithi002.stdout:/usr/bin/ceph: stderr
2024-09-13T22:47:05.504+0000 7f998a124700 1 -- 172.21.15.2:0/1830469823 --> [v2:172.21.15.2:3300/0,v1:172.21.15.2:6789/0] -- mon_subscribe({config=0+,monmap=0+}) v3 -- 0x7f9984109a00 con 0x7f99841070d0
2024-09-13T22:47:06.386 INFO:teuthology.orchestra.run.smithi002.stdout:/usr/bin/ceph: stderr
2024-09-13T22:47:05.504+0000 7f998a124700 1 --2- 172.21.15.2:0/1830469823 >> [v2:172.21.15.2:3300/0,v1:172.21.15.2:6789/0] conn(0x7f99841070d0 0x7f99841094c0 secure :-1 s=READY pgs=71 cs=0 l=1 rev1=1 crypto rx=0x7f99800098a0 tx=0x7f9980009bb0 comp rx=0 tx=0).ready entity=mon.0 client_cookie=84b3561ca0e9cd66 server_cookie=0 in_seq=0 out_seq=0
2024-09-13T22:47:06.386 INFO:teuthology.orchestra.run.smithi002.stdout:/usr/bin/ceph: stderr
2024-09-13T22:47:05.505+0000 7f9989122700 1 -- 172.21.15.2:0/1830469823 <== mon.0 v2:172.21.15.2:3300/0 1 ==== mon_map magic: 0 v1 ==== 229+0+0 (secure 0 0 0) 0x7f9980004180 con 0x7f99841070d0
2024-09-13T22:47:06.386 INFO:teuthology.orchestra.run.smithi002.stdout:/usr/bin/ceph: stderr
2024-09-13T22:47:05.505+0000 7f9989122700 1 -- 172.21.15.2:0/1830469823 <== mon.0 v2:172.21.15.2:3300/0 2 ==== config(27 keys) v1 ==== 1101+0+0 (secure 0 0 0) 0x7f99800042e0 con 0x7f99841070d0
2024-09-13T22:47:06.387 INFO:teuthology.orchestra.run.smithi002.stdout:/usr/bin/ceph: stderr
2024-09-13T22:47:05.505+0000 7f9989122700 1 -- 172.21.15.2:0/1830469823 <== mon.0 v2:172.21.15.2:3300/0 3 ==== mon_map magic: 0 v1 ==== 229+0+0 (secure 0 0 0) 0x7f9980011af0 con 0x7f99841070d0
2024-09-13T22:47:06.387 INFO:teuthology.orchestra.run.smithi002.stdout:/usr/bin/ceph: stderr
2024-09-13T22:47:05.505+0000 7f998c388700 1 -- 172.21.15.2:0/1830469823 >> [v2:172.21.15.2:3300/0,v1:172.21.15.2:6789/0] conn(0x7f99841070d0 msgr2=0x7f99841094c0 secure :-1 s=STATE_CONNECTION_ESTABLISHED l=1).mark_down
2024-09-13T22:47:06.387 INFO:teuthology.orchestra.run.smithi002.stdout:/usr/bin/ceph: stderr
2024-09-13T22:47:05.505+0000 7f998c388700 1 --2- 172.21.15.2:0/1830469823 >> [v2:172.21.15.2:3300/0,v1:172.21.15.2:6789/0] conn(0x7f99841070d0 0x7f99841094c0 secure :-1 s=READY pgs=71 cs=0 l=1 rev1=1 crypto rx=0x7f99800098a0 tx=0x7f9980009bb0 comp rx=0 tx=0).stop
2024-09-13T22:47:06.387 INFO:teuthology.orchestra.run.smithi002.stdout:/usr/bin/ceph: stderr
2024-09-13T22:47:05.505+0000 7f998c388700 1 -- 172.21.15.2:0/1830469823 shutdown_connections
2024-09-13T22:47:06.387 INFO:teuthology.orchestra.run.smithi002.stdout:/usr/bin/ceph: stderr
2024-09-13T22:47:05.505+0000 7f998c388700 1 --2- 172.21.15.2:0/1830469823 >> [v2:172.21.15.2:3300/0,v1:172.21.15.2:6789/0] conn(0x7f99841070d0 0x7f99841094c0 unknown :-1 s=CLOSED pgs=71 cs=0 l=1 rev1=1 crypto rx=0 tx=0 comp rx=0 tx=0).stop
2024-09-13T22:47:06.387 INFO:teuthology.orchestra.run.smithi002.stdout:/usr/bin/ceph: stderr
2024-09-13T22:47:05.505+0000 7f998c388700 1 -- 172.21.15.2:0/1830469823 >> 172.21.15.2:0/1830469823 conn(0x7f9984100ac0 msgr2=0x7f9984102f00 unknown :-1 s=STATE_NONE l=0).mark_down
2024-09-13T22:47:06.387 INFO:teuthology.orchestra.run.smithi002.stdout:/usr/bin/ceph: stderr
2024-09-13T22:47:05.506+0000 7f998c388700 1 -- 172.21.15.2:0/1830469823 shutdown_connections
2024-09-13T22:47:06.387 INFO:teuthology.orchestra.run.smithi002.stdout:/usr/bin/ceph: stderr
2024-09-13T22:47:05.506+0000 7f998c388700 1 -- 172.21.15.2:0/1830469823 wait complete.
2024-09-13T22:47:06.387 INFO:teuthology.orchestra.run.smithi002.stdout:/usr/bin/ceph: stderr
2024-09-13T22:47:05.506+0000 7f998c388700 1 Processor -- start
2024-09-13T22:47:06.387 INFO:teuthology.orchestra.run.smithi002.stdout:/usr/bin/ceph: stderr
2024-09-13T22:47:05.506+0000 7f998c388700 1 -- start start
2024-09-13T22:47:06.387 INFO:teuthology.orchestra.run.smithi002.stdout:/usr/bin/ceph: stderr
2024-09-13T22:47:05.506+0000 7f998c388700 1 --2- >> [v2:172.21.15.2:3300/0,v1:172.21.15.2:6789/0] conn(0x7f99841070d0 0x7f998419a2e0 unknown :-1 s=NONE pgs=0 cs=0 l=1 rev1=0 crypto rx=0 tx=0 comp rx=0 tx=0).connect
2024-09-13T22:47:06.387 INFO:teuthology.orchestra.run.smithi002.stdout:/usr/bin/ceph: stderr
2024-09-13T22:47:05.506+0000 7f998c388700 1 -- --> [v2:172.21.15.2:3300/0,v1:172.21.15.2:6789/0] -- mon_getmap magic: 0 v1 -- 0x7f998419a820 con 0x7f99841070d0
2024-09-13T22:47:06.387 INFO:teuthology.orchestra.run.smithi002.stdout:/usr/bin/ceph: stderr
2024-09-13T22:47:05.506+0000 7f998a124700 1 --2- >> [v2:172.21.15.2:3300/0,v1:172.21.15.2:6789/0] conn(0x7f99841070d0 0x7f998419a2e0 unknown :-1 s=BANNER_CONNECTING pgs=0 cs=0 l=1 rev1=0 crypto rx=0 tx=0 comp rx=0 tx=0)._handle_peer_banner_payload supported=3 required=0
2024-09-13T22:47:06.388 INFO:teuthology.orchestra.run.smithi002.stdout:/usr/bin/ceph: stderr
2024-09-13T22:47:05.507+0000 7f998a124700 1 --2- >> [v2:172.21.15.2:3300/0,v1:172.21.15.2:6789/0] conn(0x7f99841070d0 0x7f998419a2e0 unknown :-1 s=HELLO_CONNECTING pgs=0 cs=0 l=1 rev1=1 crypto rx=0 tx=0 comp rx=0 tx=0).handle_hello peer v2:172.21.15.2:3300/0 says I am v2:172.21.15.2:49284/0 (socket says 172.21.15.2:49284)
2024-09-13T22:47:06.388 INFO:teuthology.orchestra.run.smithi002.stdout:/usr/bin/ceph: stderr
2024-09-13T22:47:05.507+0000 7f998a124700 1 -- 172.21.15.2:0/1857551458 learned_addr learned my addr 172.21.15.2:0/1857551458 (peer_addr_for_me v2:172.21.15.2:0/0)
2024-09-13T22:47:06.388 INFO:teuthology.orchestra.run.smithi002.stdout:/usr/bin/ceph: stderr
2024-09-13T22:47:05.507+0000 7f998a124700 1 -- 172.21.15.2:0/1857551458 --> [v2:172.21.15.2:3300/0,v1:172.21.15.2:6789/0] -- mon_subscribe({config=0+,monmap=0+}) v3 -- 0x7f9980009550 con 0x7f99841070d0
2024-09-13T22:47:06.388 INFO:teuthology.orchestra.run.smithi002.stdout:/usr/bin/ceph: stderr
2024-09-13T22:47:05.507+0000 7f998a124700 1 --2- 172.21.15.2:0/1857551458 >> [v2:172.21.15.2:3300/0,v1:172.21.15.2:6789/0] conn(0x7f99841070d0 0x7f998419a2e0 secure :-1 s=READY pgs=72 cs=0 l=1 rev1=1 crypto rx=0x7f9980006ba0 tx=0x7f9980011b50 comp rx=0 tx=0).ready entity=mon.0 client_cookie=0 server_cookie=0 in_seq=0 out_seq=0
2024-09-13T22:47:06.388 INFO:teuthology.orchestra.run.smithi002.stdout:/usr/bin/ceph: stderr
2024-09-13T22:47:05.507+0000 7f997b7fe700 1 -- 172.21.15.2:0/1857551458 <== mon.0 v2:172.21.15.2:3300/0 1 ==== mon_map magic: 0 v1 ==== 229+0+0 (secure 0 0 0) 0x7f9980003b00 con 0x7f99841070d0
2024-09-13T22:47:06.388 INFO:teuthology.orchestra.run.smithi002.stdout:/usr/bin/ceph: stderr
2024-09-13T22:47:05.507+0000 7f998c388700 1 -- 172.21.15.2:0/1857551458 --> [v2:172.21.15.2:3300/0,v1:172.21.15.2:6789/0] -- mon_subscribe({mgrmap=0+}) v3 -- 0x7f998419aa20 con 0x7f99841070d0
2024-09-13T22:47:06.388 INFO:teuthology.orchestra.run.smithi002.stdout:/usr/bin/ceph: stderr
2024-09-13T22:47:05.507+0000 7f997b7fe700 1 -- 172.21.15.2:0/1857551458 <== mon.0 v2:172.21.15.2:3300/0 2 ==== config(27 keys) v1 ==== 1101+0+0 (secure 0 0 0) 0x7f998001a8e0 con 0x7f99841070d0
2024-09-13T22:47:06.388 INFO:teuthology.orchestra.run.smithi002.stdout:/usr/bin/ceph: stderr
2024-09-13T22:47:05.507+0000 7f997b7fe700 1 -- 172.21.15.2:0/1857551458 <== mon.0 v2:172.21.15.2:3300/0 3 ==== mon_map magic: 0 v1 ==== 229+0+0 (secure 0 0 0) 0x7f99800199c0 con 0x7f99841070d0
2024-09-13T22:47:06.388 INFO:teuthology.orchestra.run.smithi002.stdout:/usr/bin/ceph: stderr
2024-09-13T22:47:05.507+0000 7f998c388700 1 -- 172.21.15.2:0/1857551458 --> [v2:172.21.15.2:3300/0,v1:172.21.15.2:6789/0] -- mon_subscribe({osdmap=0}) v3 -- 0x7f998419ae40 con 0x7f99841070d0
2024-09-13T22:47:06.388 INFO:teuthology.orchestra.run.smithi002.stdout:/usr/bin/ceph: stderr
2024-09-13T22:47:05.508+0000 7f997b7fe700 1 -- 172.21.15.2:0/1857551458 <== mon.0 v2:172.21.15.2:3300/0 4 ==== mgrmap(e 9) v1 ==== 45296+0+0 (secure 0 0 0) 0x7f9980019c80 con 0x7f99841070d0
2024-09-13T22:47:06.388 INFO:teuthology.orchestra.run.smithi002.stdout:/usr/bin/ceph: stderr
2024-09-13T22:47:05.508+0000 7f998c388700 1 -- 172.21.15.2:0/1857551458 --> [v2:172.21.15.2:3300/0,v1:172.21.15.2:6789/0] -- mon_command({"prefix": "get_command_descriptions"} v 0) v1 -- 0x7f99840623c0 con 0x7f99841070d0
2024-09-13T22:47:06.388 INFO:teuthology.orchestra.run.smithi002.stdout:/usr/bin/ceph: stderr
2024-09-13T22:47:05.509+0000 7f997b7fe700 1 --2- 172.21.15.2:0/1857551458 >> [v2:172.21.15.2:6800/2,v1:172.21.15.2:6801/2] conn(0x7f9970038320 0x7f997003a7e0 unknown :-1 s=NONE pgs=0 cs=0 l=1 rev1=0 crypto rx=0 tx=0 comp rx=0 tx=0).connect
2024-09-13T22:47:06.388 INFO:teuthology.orchestra.run.smithi002.stdout:/usr/bin/ceph: stderr
2024-09-13T22:47:05.509+0000 7f997b7fe700 1 -- 172.21.15.2:0/1857551458 <== mon.0 v2:172.21.15.2:3300/0 5 ==== osd_map(2..2 src has 1..2) v4 ==== 940+0+0 (secure 0 0 0) 0x7f998004c5f0 con 0x7f99841070d0
2024-09-13T22:47:06.389 INFO:teuthology.orchestra.run.smithi002.stdout:/usr/bin/ceph: stderr
2024-09-13T22:47:05.509+0000 7f9989923700 1 -- 172.21.15.2:0/1857551458 >> [v2:172.21.15.2:6800/2,v1:172.21.15.2:6801/2] conn(0x7f9970038320 msgr2=0x7f997003a7e0 unknown :-1 s=STATE_CONNECTING_RE l=1).process reconnect failed to v2:172.21.15.2:6800/2
2024-09-13T22:47:06.389 INFO:teuthology.orchestra.run.smithi002.stdout:/usr/bin/ceph: stderr
2024-09-13T22:47:05.509+0000 7f9989923700 1 --2- 172.21.15.2:0/1857551458 >> [v2:172.21.15.2:6800/2,v1:172.21.15.2:6801/2] conn(0x7f9970038320 0x7f997003a7e0 unknown :-1 s=START_CONNECT pgs=0 cs=0 l=1 rev1=0 crypto rx=0 tx=0 comp rx=0 tx=0)._fault waiting 0.200000
2024-09-13T22:47:06.389 INFO:teuthology.orchestra.run.smithi002.stdout:/usr/bin/ceph: stderr
2024-09-13T22:47:05.513+0000 7f997b7fe700 1 -- 172.21.15.2:0/1857551458 <== mon.0 v2:172.21.15.2:3300/0 6 ==== mon_command_ack([{"prefix": "get_command_descriptions"}]=0 v0) v1 ==== 72+0+180422 (secure 0 0 0) 0x7f9980018530 con 0x7f99841070d0
2024-09-13T22:47:06.389 INFO:teuthology.orchestra.run.smithi002.stdout:/usr/bin/ceph: stderr
2024-09-13T22:47:05.710+0000 7f9989923700 1 -- 172.21.15.2:0/1857551458 >> [v2:172.21.15.2:6800/2,v1:172.21.15.2:6801/2] conn(0x7f9970038320 msgr2=0x7f997003a7e0 unknown :-1 s=STATE_CONNECTING_RE l=1).process reconnect failed to v2:172.21.15.2:6800/2
2024-09-13T22:47:06.389 INFO:teuthology.orchestra.run.smithi002.stdout:/usr/bin/ceph: stderr
2024-09-13T22:47:05.710+0000 7f9989923700 1 --2- 172.21.15.2:0/1857551458 >> [v2:172.21.15.2:6800/2,v1:172.21.15.2:6801/2] conn(0x7f9970038320 0x7f997003a7e0 unknown :-1 s=START_CONNECT pgs=0 cs=0 l=1 rev1=0 crypto rx=0 tx=0 comp rx=0 tx=0)._fault waiting 0.400000
2024-09-13T22:47:06.389 INFO:teuthology.orchestra.run.smithi002.stdout:/usr/bin/ceph: stderr
2024-09-13T22:47:05.770+0000 7f998c388700 1 -- 172.21.15.2:0/1857551458 --> [v2:172.21.15.2:3300/0,v1:172.21.15.2:6789/0] -- mon_command({"prefix": "mgr stat"} v 0) v1 -- 0x7f998419dfc0 con 0x7f99841070d0
2024-09-13T22:47:06.389 INFO:teuthology.orchestra.run.smithi002.stdout:/usr/bin/ceph: stderr
2024-09-13T22:47:05.771+0000 7f997b7fe700 1 -- 172.21.15.2:0/1857551458 <== mon.0 v2:172.21.15.2:3300/0 7 ==== mon_command_ack([{"prefix": "mgr stat"}]=0 v9) v1 ==== 56+0+103 (secure 0 0 0) 0x7f9980018350 con 0x7f99841070d0
2024-09-13T22:47:06.389 INFO:teuthology.orchestra.run.smithi002.stdout:/usr/bin/ceph: stderr
2024-09-13T22:47:05.773+0000 7f998c388700 1 -- 172.21.15.2:0/1857551458 >> [v2:172.21.15.2:6800/2,v1:172.21.15.2:6801/2] conn(0x7f9970038320 msgr2=0x7f997003a7e0 unknown :-1 s=STATE_CONNECTING l=1).mark_down
2024-09-13T22:47:06.389 INFO:teuthology.orchestra.run.smithi002.stdout:/usr/bin/ceph: stderr
2024-09-13T22:47:05.773+0000 7f998c388700 1 --2- 172.21.15.2:0/1857551458 >> [v2:172.21.15.2:6800/2,v1:172.21.15.2:6801/2] conn(0x7f9970038320 0x7f997003a7e0 unknown :-1 s=START_CONNECT pgs=0 cs=0 l=1 rev1=0 crypto rx=0 tx=0 comp rx=0 tx=0).stop
2024-09-13T22:47:06.389 INFO:teuthology.orchestra.run.smithi002.stdout:/usr/bin/ceph: stderr
2024-09-13T22:47:05.773+0000 7f998c388700 1 -- 172.21.15.2:0/1857551458 >> [v2:172.21.15.2:3300/0,v1:172.21.15.2:6789/0] conn(0x7f99841070d0 msgr2=0x7f998419a2e0 secure :-1 s=STATE_CONNECTION_ESTABLISHED l=1).mark_down
2024-09-13T22:47:06.390 INFO:teuthology.orchestra.run.smithi002.stdout:/usr/bin/ceph: stderr
2024-09-13T22:47:05.773+0000 7f998c388700 1 --2- 172.21.15.2:0/1857551458 >> [v2:172.21.15.2:3300/0,v1:172.21.15.2:6789/0] conn(0x7f99841070d0 0x7f998419a2e0 secure :-1 s=READY pgs=72 cs=0 l=1 rev1=1 crypto rx=0x7f9980006ba0 tx=0x7f9980011b50 comp rx=0 tx=0).stop
2024-09-13T22:47:06.390 INFO:teuthology.orchestra.run.smithi002.stdout:/usr/bin/ceph: stderr
2024-09-13T22:47:05.773+0000 7f998c388700 1 -- 172.21.15.2:0/1857551458 shutdown_connections
2024-09-13T22:47:06.390 INFO:teuthology.orchestra.run.smithi002.stdout:/usr/bin/ceph: stderr
2024-09-13T22:47:05.773+0000 7f998c388700 1 --2- 172.21.15.2:0/1857551458 >> [v2:172.21.15.2:6800/2,v1:172.21.15.2:6801/2] conn(0x7f9970038320 0x7f997003a7e0 unknown :-1 s=CLOSED pgs=0 cs=0 l=1 rev1=0 crypto rx=0 tx=0 comp rx=0 tx=0).stop
2024-09-13T22:47:06.390 INFO:teuthology.orchestra.run.smithi002.stdout:/usr/bin/ceph: stderr
2024-09-13T22:47:05.773+0000 7f998c388700 1 --2- 172.21.15.2:0/1857551458 >> [v2:172.21.15.2:3300/0,v1:172.21.15.2:6789/0] conn(0x7f99841070d0 0x7f998419a2e0 unknown :-1 s=CLOSED pgs=72 cs=0 l=1 rev1=1 crypto rx=0 tx=0 comp rx=0 tx=0).stop
2024-09-13T22:47:06.390 INFO:teuthology.orchestra.run.smithi002.stdout:/usr/bin/ceph: stderr
2024-09-13T22:47:05.773+0000 7f998c388700 1 -- 172.21.15.2:0/1857551458 >> 172.21.15.2:0/1857551458 conn(0x7f9984100ac0 msgr2=0x7f9984101860 unknown :-1 s=STATE_NONE l=0).mark_down
2024-09-13T22:47:06.390 INFO:teuthology.orchestra.run.smithi002.stdout:/usr/bin/ceph: stderr
2024-09-13T22:47:05.773+0000 7f998c388700 1 -- 172.21.15.2:0/1857551458 shutdown_connections
2024-09-13T22:47:06.390 INFO:teuthology.orchestra.run.smithi002.stdout:/usr/bin/ceph: stderr
2024-09-13T22:47:05.773+0000 7f998c388700 1 -- 172.21.15.2:0/1857551458 wait complete.
2024-09-13T22:47:06.390 INFO:teuthology.orchestra.run.smithi002.stdout:Waiting for the mgr to restart...
2024-09-13T22:47:06.390 INFO:teuthology.orchestra.run.smithi002.stdout:Waiting for mgr epoch 9...
2024-09-13T22:47:06.713 INFO:journalctl@ceph.mon.smithi002.smithi002.stdout:Sep 13 22:47:06 smithi002 ceph-mon[27637]: from='client.? 172.21.15.2:0/1857551458' entity='client.admin' cmd=[{"prefix": "mgr stat"}]: dispatch
2024-09-13T22:47:12.250 INFO:journalctl@ceph.mon.smithi002.smithi002.stdout:Sep 13 22:47:11 smithi002 ceph-mon[27637]: Active manager daemon smithi002.yumtzz restarted
2024-09-13T22:47:12.250 INFO:journalctl@ceph.mon.smithi002.smithi002.stdout:Sep 13 22:47:11 smithi002 ceph-mon[27637]: Activating manager daemon smithi002.yumtzz
2024-09-13T22:47:12.251 INFO:journalctl@ceph.mon.smithi002.smithi002.stdout:Sep 13 22:47:11 smithi002 ceph-mon[27637]: osdmap e3: 0 total, 0 up, 0 in
2024-09-13T22:47:12.251 INFO:journalctl@ceph.mon.smithi002.smithi002.stdout:Sep 13 22:47:11 smithi002 ceph-mon[27637]: mgrmap e10: smithi002.yumtzz(active, starting, since 0.00319089s)
2024-09-13T22:47:12.251 INFO:journalctl@ceph.mon.smithi002.smithi002.stdout:Sep 13 22:47:11 smithi002 ceph-mon[27637]: from='mgr.14164 172.21.15.2:0/2' entity='mgr.smithi002.yumtzz' cmd=[{"prefix": "mon metadata", "id": "smithi002"}]: dispatch
2024-09-13T22:47:12.251 INFO:journalctl@ceph.mon.smithi002.smithi002.stdout:Sep 13 22:47:11 smithi002 ceph-mon[27637]: from='mgr.14164 172.21.15.2:0/2' entity='mgr.smithi002.yumtzz' cmd=[{"prefix": "mgr metadata", "who": "smithi002.yumtzz", "id": "smithi002.yumtzz"}]: dispatch
2024-09-13T22:47:12.251 INFO:journalctl@ceph.mon.smithi002.smithi002.stdout:Sep 13 22:47:11 smithi002 ceph-mon[27637]: from='mgr.14164 172.21.15.2:0/2' entity='mgr.smithi002.yumtzz' cmd=[{"prefix": "mds metadata"}]: dispatch
2024-09-13T22:47:12.251 INFO:journalctl@ceph.mon.smithi002.smithi002.stdout:Sep 13 22:47:11 smithi002 ceph-mon[27637]: from='mgr.14164 172.21.15.2:0/2' entity='mgr.smithi002.yumtzz' cmd=[{"prefix": "osd metadata"}]: dispatch
2024-09-13T22:47:12.251 INFO:journalctl@ceph.mon.smithi002.smithi002.stdout:Sep 13 22:47:11 smithi002 ceph-mon[27637]: from='mgr.14164 172.21.15.2:0/2' entity='mgr.smithi002.yumtzz' cmd=[{"prefix": "mon metadata"}]: dispatch
2024-09-13T22:47:12.251 INFO:journalctl@ceph.mon.smithi002.smithi002.stdout:Sep 13 22:47:11 smithi002 ceph-mon[27637]: Manager daemon smithi002.yumtzz is now available
2024-09-13T22:47:12.251 INFO:journalctl@ceph.mon.smithi002.smithi002.stdout:Sep 13 22:47:11 smithi002 ceph-mon[27637]: from='mgr.14164 172.21.15.2:0/2' entity='mgr.smithi002.yumtzz' cmd=[{"prefix": "config dump", "format": "json"}]: dispatch
2024-09-13T22:47:12.251 INFO:journalctl@ceph.mon.smithi002.smithi002.stdout:Sep 13 22:47:11 smithi002 ceph-mon[27637]: from='mgr.14164 172.21.15.2:0/2' entity='mgr.smithi002.yumtzz' cmd=[{"prefix": "config dump", "format": "json"}]: dispatch
2024-09-13T22:47:12.251 INFO:journalctl@ceph.mon.smithi002.smithi002.stdout:Sep 13 22:47:11 smithi002 ceph-mon[27637]: from='mgr.14164 172.21.15.2:0/2' entity='mgr.smithi002.yumtzz' cmd=[{"prefix":"config rm","who":"mgr","name":"mgr/rbd_support/smithi002.yumtzz/mirror_snapshot_schedule"}]: dispatch
2024-09-13T22:47:12.252 INFO:journalctl@ceph.mon.smithi002.smithi002.stdout:Sep 13 22:47:11 smithi002 ceph-mon[27637]: from='mgr.14164 172.21.15.2:0/2' entity='mgr.smithi002.yumtzz' cmd=[{"prefix":"config rm","who":"mgr","name":"mgr/rbd_support/smithi002.yumtzz/trash_purge_schedule"}]: dispatch
2024-09-13T22:47:13.435 INFO:teuthology.orchestra.run.smithi002.stdout:/usr/bin/ceph: stdout {
2024-09-13T22:47:13.436 INFO:teuthology.orchestra.run.smithi002.stdout:/usr/bin/ceph: stdout "mgrmap_epoch": 11,
2024-09-13T22:47:13.436 INFO:teuthology.orchestra.run.smithi002.stdout:/usr/bin/ceph: stdout "initialized": true
2024-09-13T22:47:13.436 INFO:teuthology.orchestra.run.smithi002.stdout:/usr/bin/ceph: stdout }
2024-09-13T22:47:13.436 INFO:teuthology.orchestra.run.smithi002.stdout:/usr/bin/ceph: stderr
2024-09-13T22:47:06.819+0000 7f30c72bc700 1 Processor -- start
2024-09-13T22:47:13.436 INFO:teuthology.orchestra.run.smithi002.stdout:/usr/bin/ceph: stderr
2024-09-13T22:47:06.819+0000 7f30c72bc700 1 -- start start
2024-09-13T22:47:13.436 INFO:teuthology.orchestra.run.smithi002.stdout:/usr/bin/ceph: stderr
2024-09-13T22:47:06.819+0000 7f30c72bc700 1 --2- >> [v2:172.21.15.2:3300/0,v1:172.21.15.2:6789/0] conn(0x7f30c007bef0 0x7f30c007a350 unknown :-1 s=NONE pgs=0 cs=0 l=0 rev1=0 crypto rx=0 tx=0 comp rx=0 tx=0).connect
2024-09-13T22:47:13.436 INFO:teuthology.orchestra.run.smithi002.stdout:/usr/bin/ceph: stderr
2024-09-13T22:47:06.819+0000 7f30c72bc700 1 -- --> [v2:172.21.15.2:3300/0,v1:172.21.15.2:6789/0] -- mon_getmap magic: 0 v1 -- 0x7f30c007a920 con 0x7f30c007bef0
2024-09-13T22:47:13.436 INFO:teuthology.orchestra.run.smithi002.stdout:/usr/bin/ceph: stderr
2024-09-13T22:47:06.820+0000 7f30c5058700 1 --2- >> [v2:172.21.15.2:3300/0,v1:172.21.15.2:6789/0] conn(0x7f30c007bef0 0x7f30c007a350 unknown :-1 s=BANNER_CONNECTING pgs=0 cs=0 l=0 rev1=0 crypto rx=0 tx=0 comp rx=0 tx=0)._handle_peer_banner_payload supported=3 required=0
2024-09-13T22:47:13.436 INFO:teuthology.orchestra.run.smithi002.stdout:/usr/bin/ceph: stderr
2024-09-13T22:47:06.820+0000 7f30c5058700 1 --2- >> [v2:172.21.15.2:3300/0,v1:172.21.15.2:6789/0] conn(0x7f30c007bef0 0x7f30c007a350 unknown :-1 s=HELLO_CONNECTING pgs=0 cs=0 l=0 rev1=1 crypto rx=0 tx=0 comp rx=0 tx=0).handle_hello peer v2:172.21.15.2:3300/0 says I am v2:172.21.15.2:49300/0 (socket says 172.21.15.2:49300)
2024-09-13T22:47:13.436 INFO:teuthology.orchestra.run.smithi002.stdout:/usr/bin/ceph: stderr
2024-09-13T22:47:06.820+0000 7f30c5058700 1 -- 172.21.15.2:0/255217219 learned_addr learned my addr 172.21.15.2:0/255217219 (peer_addr_for_me v2:172.21.15.2:0/0)
2024-09-13T22:47:13.437 INFO:teuthology.orchestra.run.smithi002.stdout:/usr/bin/ceph: stderr
2024-09-13T22:47:06.820+0000 7f30c5058700 1 -- 172.21.15.2:0/255217219 --> [v2:172.21.15.2:3300/0,v1:172.21.15.2:6789/0] -- mon_subscribe({config=0+,monmap=0+}) v3 -- 0x7f30c007aa60 con 0x7f30c007bef0
2024-09-13T22:47:13.437 INFO:teuthology.orchestra.run.smithi002.stdout:/usr/bin/ceph: stderr
2024-09-13T22:47:06.820+0000 7f30c5058700 1 --2- 172.21.15.2:0/255217219 >> [v2:172.21.15.2:3300/0,v1:172.21.15.2:6789/0] conn(0x7f30c007bef0 0x7f30c007a350 secure :-1 s=READY pgs=73 cs=0 l=1 rev1=1 crypto rx=0x7f30bc0098a0 tx=0x7f30bc009bb0 comp rx=0 tx=0).ready entity=mon.0 client_cookie=9dc9c263dacdca4d server_cookie=0 in_seq=0 out_seq=0
2024-09-13T22:47:13.437 INFO:teuthology.orchestra.run.smithi002.stdout:/usr/bin/ceph: stderr
2024-09-13T22:47:06.820+0000 7f30b7fff700 1 -- 172.21.15.2:0/255217219 <== mon.0 v2:172.21.15.2:3300/0 1 ==== mon_map magic: 0 v1 ==== 229+0+0 (secure 0 0 0) 0x7f30bc004180 con 0x7f30c007bef0
2024-09-13T22:47:13.437 INFO:teuthology.orchestra.run.smithi002.stdout:/usr/bin/ceph: stderr
2024-09-13T22:47:06.820+0000 7f30b7fff700 1 -- 172.21.15.2:0/255217219 <== mon.0 v2:172.21.15.2:3300/0 2 ==== config(27 keys) v1 ==== 1101+0+0 (secure 0 0 0) 0x7f30bc0042e0 con 0x7f30c007bef0
2024-09-13T22:47:13.437 INFO:teuthology.orchestra.run.smithi002.stdout:/usr/bin/ceph: stderr
2024-09-13T22:47:06.820+0000 7f30b7fff700 1 -- 172.21.15.2:0/255217219 <== mon.0 v2:172.21.15.2:3300/0 3 ==== mon_map magic: 0 v1 ==== 229+0+0 (secure 0 0 0) 0x7f30bc011af0 con 0x7f30c007bef0
2024-09-13T22:47:13.437 INFO:teuthology.orchestra.run.smithi002.stdout:/usr/bin/ceph: stderr
2024-09-13T22:47:06.821+0000 7f30c72bc700 1 -- 172.21.15.2:0/255217219 >> [v2:172.21.15.2:3300/0,v1:172.21.15.2:6789/0] conn(0x7f30c007bef0 msgr2=0x7f30c007a350 secure :-1 s=STATE_CONNECTION_ESTABLISHED l=1).mark_down
2024-09-13T22:47:13.437 INFO:teuthology.orchestra.run.smithi002.stdout:/usr/bin/ceph: stderr
2024-09-13T22:47:06.821+0000 7f30c72bc700 1 --2- 172.21.15.2:0/255217219 >> [v2:172.21.15.2:3300/0,v1:172.21.15.2:6789/0] conn(0x7f30c007bef0 0x7f30c007a350 secure :-1 s=READY pgs=73 cs=0 l=1 rev1=1 crypto rx=0x7f30bc0098a0 tx=0x7f30bc009bb0 comp rx=0 tx=0).stop
2024-09-13T22:47:13.437 INFO:teuthology.orchestra.run.smithi002.stdout:/usr/bin/ceph: stderr
2024-09-13T22:47:06.821+0000 7f30c72bc700 1 -- 172.21.15.2:0/255217219 shutdown_connections
2024-09-13T22:47:13.437 INFO:teuthology.orchestra.run.smithi002.stdout:/usr/bin/ceph: stderr
2024-09-13T22:47:06.821+0000 7f30c72bc700 1 --2- 172.21.15.2:0/255217219 >> [v2:172.21.15.2:3300/0,v1:172.21.15.2:6789/0] conn(0x7f30c007bef0 0x7f30c007a350 unknown :-1 s=CLOSED pgs=73 cs=0 l=1 rev1=1 crypto rx=0 tx=0 comp rx=0 tx=0).stop
2024-09-13T22:47:13.437 INFO:teuthology.orchestra.run.smithi002.stdout:/usr/bin/ceph: stderr
2024-09-13T22:47:06.821+0000 7f30c72bc700 1 -- 172.21.15.2:0/255217219 >> 172.21.15.2:0/255217219 conn(0x7f30c0101bd0 msgr2=0x7f30c0103ff0 unknown :-1 s=STATE_NONE l=0).mark_down
2024-09-13T22:47:13.437 INFO:teuthology.orchestra.run.smithi002.stdout:/usr/bin/ceph: stderr
2024-09-13T22:47:06.821+0000 7f30c72bc700 1 -- 172.21.15.2:0/255217219 shutdown_connections
2024-09-13T22:47:13.437 INFO:teuthology.orchestra.run.smithi002.stdout:/usr/bin/ceph: stderr
2024-09-13T22:47:06.821+0000 7f30c72bc700 1 -- 172.21.15.2:0/255217219 wait complete.
2024-09-13T22:47:13.437 INFO:teuthology.orchestra.run.smithi002.stdout:/usr/bin/ceph: stderr
2024-09-13T22:47:06.822+0000 7f30c72bc700 1 Processor -- start
2024-09-13T22:47:13.438 INFO:teuthology.orchestra.run.smithi002.stdout:/usr/bin/ceph: stderr
2024-09-13T22:47:06.822+0000 7f30c72bc700 1 -- start start
2024-09-13T22:47:13.438 INFO:teuthology.orchestra.run.smithi002.stdout:/usr/bin/ceph: stderr
2024-09-13T22:47:06.822+0000 7f30c72bc700 1 --2- >> [v2:172.21.15.2:3300/0,v1:172.21.15.2:6789/0] conn(0x7f30c007bef0 0x7f30c019c520 unknown :-1 s=NONE pgs=0 cs=0 l=1 rev1=0 crypto rx=0 tx=0 comp rx=0 tx=0).connect
2024-09-13T22:47:13.438 INFO:teuthology.orchestra.run.smithi002.stdout:/usr/bin/ceph: stderr
2024-09-13T22:47:06.822+0000 7f30c72bc700 1 -- --> [v2:172.21.15.2:3300/0,v1:172.21.15.2:6789/0] -- mon_getmap magic: 0 v1 -- 0x7f30c019ca60 con 0x7f30c007bef0
2024-09-13T22:47:13.438 INFO:teuthology.orchestra.run.smithi002.stdout:/usr/bin/ceph: stderr
2024-09-13T22:47:06.822+0000 7f30c5058700 1 --2- >> [v2:172.21.15.2:3300/0,v1:172.21.15.2:6789/0] conn(0x7f30c007bef0 0x7f30c019c520 unknown :-1 s=BANNER_CONNECTING pgs=0 cs=0 l=1 rev1=0 crypto rx=0 tx=0 comp rx=0 tx=0)._handle_peer_banner_payload supported=3 required=0
2024-09-13T22:47:13.438 INFO:teuthology.orchestra.run.smithi002.stdout:/usr/bin/ceph: stderr
2024-09-13T22:47:06.822+0000 7f30c5058700 1 --2- >> [v2:172.21.15.2:3300/0,v1:172.21.15.2:6789/0] conn(0x7f30c007bef0 0x7f30c019c520 unknown :-1 s=HELLO_CONNECTING pgs=0 cs=0 l=1 rev1=1 crypto rx=0 tx=0 comp rx=0 tx=0).handle_hello peer v2:172.21.15.2:3300/0 says I am v2:172.21.15.2:49308/0 (socket says 172.21.15.2:49308)
2024-09-13T22:47:13.438 INFO:teuthology.orchestra.run.smithi002.stdout:/usr/bin/ceph: stderr
2024-09-13T22:47:06.822+0000 7f30c5058700 1 -- 172.21.15.2:0/508116183 learned_addr learned my addr 172.21.15.2:0/508116183 (peer_addr_for_me v2:172.21.15.2:0/0)
2024-09-13T22:47:13.438 INFO:teuthology.orchestra.run.smithi002.stdout:/usr/bin/ceph: stderr
2024-09-13T22:47:06.823+0000 7f30c5058700 1 -- 172.21.15.2:0/508116183 --> [v2:172.21.15.2:3300/0,v1:172.21.15.2:6789/0] -- mon_subscribe({config=0+,monmap=0+}) v3 -- 0x7f30bc009550 con 0x7f30c007bef0
2024-09-13T22:47:13.438 INFO:teuthology.orchestra.run.smithi002.stdout:/usr/bin/ceph: stderr
2024-09-13T22:47:06.823+0000 7f30c5058700 1 --2- 172.21.15.2:0/508116183 >> [v2:172.21.15.2:3300/0,v1:172.21.15.2:6789/0] conn(0x7f30c007bef0 0x7f30c019c520 secure :-1 s=READY pgs=74 cs=0 l=1 rev1=1 crypto rx=0x7f30bc000c00 tx=0x7f30bc011b50 comp rx=0 tx=0).ready entity=mon.0 client_cookie=0 server_cookie=0 in_seq=0 out_seq=0
2024-09-13T22:47:13.438 INFO:teuthology.orchestra.run.smithi002.stdout:/usr/bin/ceph: stderr
2024-09-13T22:47:06.823+0000 7f30b67fc700 1 -- 172.21.15.2:0/508116183 <== mon.0 v2:172.21.15.2:3300/0 1 ==== mon_map magic: 0 v1 ==== 229+0+0 (secure 0 0 0) 0x7f30bc003a70 con 0x7f30c007bef0
2024-09-13T22:47:13.438 INFO:teuthology.orchestra.run.smithi002.stdout:/usr/bin/ceph: stderr
2024-09-13T22:47:06.823+0000 7f30b67fc700 1 -- 172.21.15.2:0/508116183 <== mon.0 v2:172.21.15.2:3300/0 2 ==== config(27 keys) v1 ==== 1101+0+0 (secure 0 0 0) 0x7f30bc003bd0 con 0x7f30c007bef0
2024-09-13T22:47:13.438 INFO:teuthology.orchestra.run.smithi002.stdout:/usr/bin/ceph: stderr
2024-09-13T22:47:06.823+0000 7f30b67fc700 1 -- 172.21.15.2:0/508116183 <== mon.0 v2:172.21.15.2:3300/0 3 ==== mon_map magic: 0 v1 ==== 229+0+0 (secure 0 0 0) 0x7f30bc0238c0 con 0x7f30c007bef0
2024-09-13T22:47:13.438 INFO:teuthology.orchestra.run.smithi002.stdout:/usr/bin/ceph: stderr
2024-09-13T22:47:06.823+0000 7f30c72bc700 1 -- 172.21.15.2:0/508116183 --> [v2:172.21.15.2:3300/0,v1:172.21.15.2:6789/0] -- mon_subscribe({mgrmap=0+}) v3 -- 0x7f30c019cc60 con 0x7f30c007bef0
2024-09-13T22:47:13.438 INFO:teuthology.orchestra.run.smithi002.stdout:/usr/bin/ceph: stderr
2024-09-13T22:47:06.823+0000 7f30c72bc700 1 -- 172.21.15.2:0/508116183 --> [v2:172.21.15.2:3300/0,v1:172.21.15.2:6789/0] -- mon_subscribe({osdmap=0}) v3 -- 0x7f30c019d080 con 0x7f30c007bef0
2024-09-13T22:47:13.439 INFO:teuthology.orchestra.run.smithi002.stdout:/usr/bin/ceph: stderr
2024-09-13T22:47:06.824+0000 7f30b67fc700 1 -- 172.21.15.2:0/508116183 <== mon.0 v2:172.21.15.2:3300/0 4 ==== mgrmap(e 9) v1 ==== 45296+0+0 (secure 0 0 0) 0x7f30bc01a430 con 0x7f30c007bef0
2024-09-13T22:47:13.439 INFO:teuthology.orchestra.run.smithi002.stdout:/usr/bin/ceph: stderr
2024-09-13T22:47:06.825+0000 7f30b67fc700 1 --2- 172.21.15.2:0/508116183 >> [v2:172.21.15.2:6800/2,v1:172.21.15.2:6801/2] conn(0x7f30ac0383c0 0x7f30ac03a880 unknown :-1 s=NONE pgs=0 cs=0 l=1 rev1=0 crypto rx=0 tx=0 comp rx=0 tx=0).connect
2024-09-13T22:47:13.439 INFO:teuthology.orchestra.run.smithi002.stdout:/usr/bin/ceph: stderr
2024-09-13T22:47:06.825+0000 7f30b67fc700 1 -- 172.21.15.2:0/508116183 --> [v2:172.21.15.2:6800/2,v1:172.21.15.2:6801/2] -- command(tid 0: {"prefix": "get_command_descriptions"}) v1 -- 0x7f30ac03af90 con 0x7f30ac0383c0
2024-09-13T22:47:13.439 INFO:teuthology.orchestra.run.smithi002.stdout:/usr/bin/ceph: stderr
2024-09-13T22:47:06.825+0000 7f30c4857700 1 -- 172.21.15.2:0/508116183 >> [v2:172.21.15.2:6800/2,v1:172.21.15.2:6801/2] conn(0x7f30ac0383c0 msgr2=0x7f30ac03a880 unknown :-1 s=STATE_CONNECTING_RE l=1).process reconnect failed to v2:172.21.15.2:6800/2
2024-09-13T22:47:13.439 INFO:teuthology.orchestra.run.smithi002.stdout:/usr/bin/ceph: stderr
2024-09-13T22:47:06.825+0000 7f30b67fc700 1 -- 172.21.15.2:0/508116183 <== mon.0 v2:172.21.15.2:3300/0 5 ==== osd_map(2..2 src has 1..2) v4 ==== 940+0+0 (secure 0 0 0) 0x7f30bc04c170 con 0x7f30c007bef0
2024-09-13T22:47:13.439 INFO:teuthology.orchestra.run.smithi002.stdout:/usr/bin/ceph: stderr
2024-09-13T22:47:06.825+0000 7f30c4857700 1 --2- 172.21.15.2:0/508116183 >> [v2:172.21.15.2:6800/2,v1:172.21.15.2:6801/2] conn(0x7f30ac0383c0 0x7f30ac03a880 unknown :-1 s=START_CONNECT pgs=0 cs=0 l=1 rev1=0 crypto rx=0 tx=0 comp rx=0 tx=0)._fault waiting 0.200000
2024-09-13T22:47:13.439 INFO:teuthology.orchestra.run.smithi002.stdout:/usr/bin/ceph: stderr
2024-09-13T22:47:07.026+0000 7f30c4857700 1 -- 172.21.15.2:0/508116183 >> [v2:172.21.15.2:6800/2,v1:172.21.15.2:6801/2] conn(0x7f30ac0383c0 msgr2=0x7f30ac03a880 unknown :-1 s=STATE_CONNECTING_RE l=1).process reconnect failed to v2:172.21.15.2:6800/2
2024-09-13T22:47:13.439 INFO:teuthology.orchestra.run.smithi002.stdout:/usr/bin/ceph: stderr
2024-09-13T22:47:07.026+0000 7f30c4857700 1 --2- 172.21.15.2:0/508116183 >> [v2:172.21.15.2:6800/2,v1:172.21.15.2:6801/2] conn(0x7f30ac0383c0 0x7f30ac03a880 unknown :-1 s=START_CONNECT pgs=0 cs=0 l=1 rev1=0 crypto rx=0 tx=0 comp rx=0 tx=0)._fault waiting 0.400000
2024-09-13T22:47:13.439 INFO:teuthology.orchestra.run.smithi002.stdout:/usr/bin/ceph: stderr
2024-09-13T22:47:07.427+0000 7f30c4857700 1 -- 172.21.15.2:0/508116183 >> [v2:172.21.15.2:6800/2,v1:172.21.15.2:6801/2] conn(0x7f30ac0383c0 msgr2=0x7f30ac03a880 unknown :-1 s=STATE_CONNECTING_RE l=1).process reconnect failed to v2:172.21.15.2:6800/2
2024-09-13T22:47:13.439 INFO:teuthology.orchestra.run.smithi002.stdout:/usr/bin/ceph: stderr
2024-09-13T22:47:07.427+0000 7f30c4857700 1 --2- 172.21.15.2:0/508116183 >> [v2:172.21.15.2:6800/2,v1:172.21.15.2:6801/2] conn(0x7f30ac0383c0 0x7f30ac03a880 unknown :-1 s=START_CONNECT pgs=0 cs=0 l=1 rev1=0 crypto rx=0 tx=0 comp rx=0 tx=0)._fault waiting 0.800000
2024-09-13T22:47:13.439 INFO:teuthology.orchestra.run.smithi002.stdout:/usr/bin/ceph: stderr
2024-09-13T22:47:08.228+0000 7f30c4857700 1 -- 172.21.15.2:0/508116183 >> [v2:172.21.15.2:6800/2,v1:172.21.15.2:6801/2] conn(0x7f30ac0383c0 msgr2=0x7f30ac03a880 unknown :-1 s=STATE_CONNECTING_RE l=1).process reconnect failed to v2:172.21.15.2:6800/2
2024-09-13T22:47:13.439 INFO:teuthology.orchestra.run.smithi002.stdout:/usr/bin/ceph: stderr
2024-09-13T22:47:08.228+0000 7f30c4857700 1 --2- 172.21.15.2:0/508116183 >> [v2:172.21.15.2:6800/2,v1:172.21.15.2:6801/2] conn(0x7f30ac0383c0 0x7f30ac03a880 unknown :-1 s=START_CONNECT pgs=0 cs=0 l=1 rev1=0 crypto rx=0 tx=0 comp rx=0 tx=0)._fault waiting 1.600000
2024-09-13T22:47:13.439 INFO:teuthology.orchestra.run.smithi002.stdout:/usr/bin/ceph: stderr
2024-09-13T22:47:09.829+0000 7f30c4857700 1 -- 172.21.15.2:0/508116183 >> [v2:172.21.15.2:6800/2,v1:172.21.15.2:6801/2] conn(0x7f30ac0383c0 msgr2=0x7f30ac03a880 unknown :-1 s=STATE_CONNECTING_RE l=1).process reconnect failed to v2:172.21.15.2:6800/2
2024-09-13T22:47:13.439 INFO:teuthology.orchestra.run.smithi002.stdout:/usr/bin/ceph: stderr
2024-09-13T22:47:09.829+0000 7f30c4857700 1 --2- 172.21.15.2:0/508116183 >> [v2:172.21.15.2:6800/2,v1:172.21.15.2:6801/2] conn(0x7f30ac0383c0 0x7f30ac03a880 unknown :-1 s=START_CONNECT pgs=0 cs=0 l=1 rev1=0 crypto rx=0 tx=0 comp rx=0 tx=0)._fault waiting 3.200000
2024-09-13T22:47:13.440 INFO:teuthology.orchestra.run.smithi002.stdout:/usr/bin/ceph: stderr
2024-09-13T22:47:11.477+0000 7f30b67fc700 1 -- 172.21.15.2:0/508116183 <== mon.0 v2:172.21.15.2:3300/0 6 ==== mgrmap(e 10) v1 ==== 45063+0+0 (secure 0 0 0) 0x7f30bc02c350 con 0x7f30c007bef0
2024-09-13T22:47:13.440 INFO:teuthology.orchestra.run.smithi002.stdout:/usr/bin/ceph: stderr
2024-09-13T22:47:11.477+0000 7f30b67fc700 1 -- 172.21.15.2:0/508116183 >> [v2:172.21.15.2:6800/2,v1:172.21.15.2:6801/2] conn(0x7f30ac0383c0 msgr2=0x7f30ac03a880 unknown :-1 s=STATE_CONNECTING l=1).mark_down
2024-09-13T22:47:13.440 INFO:teuthology.orchestra.run.smithi002.stdout:/usr/bin/ceph: stderr
2024-09-13T22:47:11.477+0000 7f30b67fc700 1 --2- 172.21.15.2:0/508116183 >> [v2:172.21.15.2:6800/2,v1:172.21.15.2:6801/2] conn(0x7f30ac0383c0 0x7f30ac03a880 unknown :-1 s=START_CONNECT pgs=0 cs=0 l=1 rev1=0 crypto rx=0 tx=0 comp rx=0 tx=0).stop
2024-09-13T22:47:13.440 INFO:teuthology.orchestra.run.smithi002.stdout:/usr/bin/ceph: stderr
2024-09-13T22:47:12.479+0000 7f30b67fc700 1 -- 172.21.15.2:0/508116183 <== mon.0 v2:172.21.15.2:3300/0 7 ==== mgrmap(e 11) v1 ==== 45190+0+0 (secure 0 0 0) 0x7f30bc04db20 con 0x7f30c007bef0
2024-09-13T22:47:13.440 INFO:teuthology.orchestra.run.smithi002.stdout:/usr/bin/ceph: stderr
2024-09-13T22:47:12.479+0000 7f30b67fc700 1 --2- 172.21.15.2:0/508116183 >> [v2:172.21.15.2:6800/2,v1:172.21.15.2:6801/2] conn(0x7f30ac0383c0 0x7f30ac03a880 unknown :-1 s=NONE pgs=0 cs=0 l=1 rev1=0 crypto rx=0 tx=0 comp rx=0 tx=0).connect
2024-09-13T22:47:13.440 INFO:teuthology.orchestra.run.smithi002.stdout:/usr/bin/ceph: stderr
2024-09-13T22:47:12.479+0000 7f30b67fc700 1 -- 172.21.15.2:0/508116183 --> [v2:172.21.15.2:6800/2,v1:172.21.15.2:6801/2] -- command(tid 0: {"prefix": "get_command_descriptions"}) v1 -- 0x7f30ac03af90 con 0x7f30ac0383c0
2024-09-13T22:47:13.440 INFO:teuthology.orchestra.run.smithi002.stdout:/usr/bin/ceph: stderr
2024-09-13T22:47:12.479+0000 7f30c4857700 1 --2- 172.21.15.2:0/508116183 >> [v2:172.21.15.2:6800/2,v1:172.21.15.2:6801/2] conn(0x7f30ac0383c0 0x7f30ac03a880 unknown :-1 s=BANNER_CONNECTING pgs=0 cs=0 l=1 rev1=0 crypto rx=0 tx=0 comp rx=0 tx=0)._handle_peer_banner_payload supported=3 required=0
2024-09-13T22:47:13.440 INFO:teuthology.orchestra.run.smithi002.stdout:/usr/bin/ceph: stderr
2024-09-13T22:47:12.480+0000 7f30c4857700 1 --2- 172.21.15.2:0/508116183 >> [v2:172.21.15.2:6800/2,v1:172.21.15.2:6801/2] conn(0x7f30ac0383c0 0x7f30ac03a880 secure :-1 s=READY pgs=1 cs=0 l=1 rev1=1 crypto rx=0x7f30b0003a10 tx=0x7f30b0009270 comp rx=0 tx=0).ready entity=mgr.14164 client_cookie=0 server_cookie=0 in_seq=0 out_seq=0
2024-09-13T22:47:13.440 INFO:teuthology.orchestra.run.smithi002.stdout:/usr/bin/ceph: stderr
2024-09-13T22:47:12.480+0000 7f30b67fc700 1 -- 172.21.15.2:0/508116183 <== mgr.14164 v2:172.21.15.2:6800/2 1 ==== command_reply(tid 0: 0 ) v1 ==== 8+0+6910 (secure 0 0 0) 0x7f30ac03af90 con 0x7f30ac0383c0
2024-09-13T22:47:13.440 INFO:teuthology.orchestra.run.smithi002.stdout:/usr/bin/ceph: stderr
2024-09-13T22:47:12.487+0000 7f30c72bc700 1 -- 172.21.15.2:0/508116183 --> [v2:172.21.15.2:6800/2,v1:172.21.15.2:6801/2] -- command(tid 1: {"prefix": "mgr_status"}) v1 -- 0x7f30c019d860 con 0x7f30ac0383c0
2024-09-13T22:47:13.440 INFO:teuthology.orchestra.run.smithi002.stdout:/usr/bin/ceph: stderr
2024-09-13T22:47:12.487+0000 7f30b67fc700 1 -- 172.21.15.2:0/508116183 <== mgr.14164 v2:172.21.15.2:6800/2 2 ==== command_reply(tid 1: 0 ) v1 ==== 8+0+52 (secure 0 0 0) 0x7f30c019d860 con 0x7f30ac0383c0
2024-09-13T22:47:13.440 INFO:teuthology.orchestra.run.smithi002.stdout:/usr/bin/ceph: stderr
2024-09-13T22:47:12.487+0000 7f30c72bc700 1 -- 172.21.15.2:0/508116183 >> [v2:172.21.15.2:6800/2,v1:172.21.15.2:6801/2] conn(0x7f30ac0383c0 msgr2=0x7f30ac03a880 secure :-1 s=STATE_CONNECTION_ESTABLISHED l=1).mark_down
2024-09-13T22:47:13.440 INFO:teuthology.orchestra.run.smithi002.stdout:/usr/bin/ceph: stderr
2024-09-13T22:47:12.487+0000 7f30c72bc700 1 --2- 172.21.15.2:0/508116183 >> [v2:172.21.15.2:6800/2,v1:172.21.15.2:6801/2] conn(0x7f30ac0383c0 0x7f30ac03a880 secure :-1 s=READY pgs=1 cs=0 l=1 rev1=1 crypto rx=0x7f30b0003a10 tx=0x7f30b0009270 comp rx=0 tx=0).stop
2024-09-13T22:47:13.441 INFO:teuthology.orchestra.run.smithi002.stdout:/usr/bin/ceph: stderr
2024-09-13T22:47:12.487+0000 7f30c72bc700 1 -- 172.21.15.2:0/508116183 >> [v2:172.21.15.2:3300/0,v1:172.21.15.2:6789/0] conn(0x7f30c007bef0 msgr2=0x7f30c019c520 secure :-1 s=STATE_CONNECTION_ESTABLISHED l=1).mark_down
2024-09-13T22:47:13.441 INFO:teuthology.orchestra.run.smithi002.stdout:/usr/bin/ceph: stderr
