2024-09-13T22:46:55.491+0000 7fbaf2ffd700 1 --2- >> [v2:172.21.15.2:3300/0,v1:172.21.15.2:6789/0] conn(0x7fbaf4106600 0x7fbaf4106a20 unknown :-1 s=HELLO_CONNECTING pgs=0 cs=0 l=0 rev1=1 crypto rx=0 tx=0 comp rx=0 tx=0).handle_hello peer v2:172.21.15.2:3300/0 says I am v2:172.21.15.2:58190/0 (socket says 172.21.15.2:58190)
2024-09-13T22:46:56.220 INFO:teuthology.orchestra.run.smithi002.stdout:/usr/bin/ceph: stderr
2024-09-13T22:46:55.491+0000 7fbaf2ffd700 1 -- 172.21.15.2:0/2873791362 learned_addr learned my addr 172.21.15.2:0/2873791362 (peer_addr_for_me v2:172.21.15.2:0/0)
2024-09-13T22:46:56.220 INFO:teuthology.orchestra.run.smithi002.stdout:/usr/bin/ceph: stderr
2024-09-13T22:46:55.492+0000 7fbaf2ffd700 1 -- 172.21.15.2:0/2873791362 --> [v2:172.21.15.2:3300/0,v1:172.21.15.2:6789/0] -- mon_subscribe({config=0+,monmap=0+}) v3 -- 0x7fbaf4107800 con 0x7fbaf4106600
2024-09-13T22:46:56.220 INFO:teuthology.orchestra.run.smithi002.stdout:/usr/bin/ceph: stderr
2024-09-13T22:46:55.492+0000 7fbaf2ffd700 1 --2- 172.21.15.2:0/2873791362 >> [v2:172.21.15.2:3300/0,v1:172.21.15.2:6789/0] conn(0x7fbaf4106600 0x7fbaf4106a20 secure :-1 s=READY pgs=55 cs=0 l=1 rev1=1 crypto rx=0x7fbae40098a0 tx=0x7fbae4009bb0 comp rx=0 tx=0).ready entity=mon.0 client_cookie=8bd5f417e7c331eb server_cookie=0 in_seq=0 out_seq=0
2024-09-13T22:46:56.220 INFO:teuthology.orchestra.run.smithi002.stdout:/usr/bin/ceph: stderr
2024-09-13T22:46:55.492+0000 7fbaf1ffb700 1 -- 172.21.15.2:0/2873791362 <== mon.0 v2:172.21.15.2:3300/0 1 ==== mon_map magic: 0 v1 ==== 229+0+0 (secure 0 0 0) 0x7fbae4004180 con 0x7fbaf4106600
2024-09-13T22:46:56.221 INFO:teuthology.orchestra.run.smithi002.stdout:/usr/bin/ceph: stderr
2024-09-13T22:46:55.492+0000 7fbaf1ffb700 1 -- 172.21.15.2:0/2873791362 <== mon.0 v2:172.21.15.2:3300/0 2 ==== config(27 keys) v1 ==== 1101+0+0 (secure 0 0 0) 0x7fbae40042e0 con 0x7fbaf4106600
2024-09-13T22:46:56.221 INFO:teuthology.orchestra.run.smithi002.stdout:/usr/bin/ceph: stderr
2024-09-13T22:46:55.492+0000 7fbaf1ffb700 1 -- 172.21.15.2:0/2873791362 <== mon.0 v2:172.21.15.2:3300/0 3 ==== mon_map magic: 0 v1 ==== 229+0+0 (secure 0 0 0) 0x7fbae4011af0 con 0x7fbaf4106600
2024-09-13T22:46:56.221 INFO:teuthology.orchestra.run.smithi002.stdout:/usr/bin/ceph: stderr
2024-09-13T22:46:55.493+0000 7fbaf9a5b700 1 -- 172.21.15.2:0/2873791362 >> [v2:172.21.15.2:3300/0,v1:172.21.15.2:6789/0] conn(0x7fbaf4106600 msgr2=0x7fbaf4106a20 secure :-1 s=STATE_CONNECTION_ESTABLISHED l=1).mark_down
2024-09-13T22:46:56.221 INFO:teuthology.orchestra.run.smithi002.stdout:/usr/bin/ceph: stderr
2024-09-13T22:46:55.493+0000 7fbaf9a5b700 1 --2- 172.21.15.2:0/2873791362 >> [v2:172.21.15.2:3300/0,v1:172.21.15.2:6789/0] conn(0x7fbaf4106600 0x7fbaf4106a20 secure :-1 s=READY pgs=55 cs=0 l=1 rev1=1 crypto rx=0x7fbae40098a0 tx=0x7fbae4009bb0 comp rx=0 tx=0).stop
2024-09-13T22:46:56.221 INFO:teuthology.orchestra.run.smithi002.stdout:/usr/bin/ceph: stderr
2024-09-13T22:46:55.493+0000 7fbaf9a5b700 1 -- 172.21.15.2:0/2873791362 shutdown_connections
2024-09-13T22:46:56.221 INFO:teuthology.orchestra.run.smithi002.stdout:/usr/bin/ceph: stderr
2024-09-13T22:46:55.493+0000 7fbaf9a5b700 1 --2- 172.21.15.2:0/2873791362 >> [v2:172.21.15.2:3300/0,v1:172.21.15.2:6789/0] conn(0x7fbaf4106600 0x7fbaf4106a20 unknown :-1 s=CLOSED pgs=55 cs=0 l=1 rev1=1 crypto rx=0 tx=0 comp rx=0 tx=0).stop
2024-09-13T22:46:56.221 INFO:teuthology.orchestra.run.smithi002.stdout:/usr/bin/ceph: stderr
2024-09-13T22:46:55.493+0000 7fbaf9a5b700 1 -- 172.21.15.2:0/2873791362 >> 172.21.15.2:0/2873791362 conn(0x7fbaf4101bc0 msgr2=0x7fbaf4103fe0 unknown :-1 s=STATE_NONE l=0).mark_down
2024-09-13T22:46:56.221 INFO:teuthology.orchestra.run.smithi002.stdout:/usr/bin/ceph: stderr
2024-09-13T22:46:55.493+0000 7fbaf9a5b700 1 -- 172.21.15.2:0/2873791362 shutdown_connections
2024-09-13T22:46:56.221 INFO:teuthology.orchestra.run.smithi002.stdout:/usr/bin/ceph: stderr
2024-09-13T22:46:55.493+0000 7fbaf9a5b700 1 -- 172.21.15.2:0/2873791362 wait complete.
2024-09-13T22:46:56.221 INFO:teuthology.orchestra.run.smithi002.stdout:/usr/bin/ceph: stderr
2024-09-13T22:46:55.493+0000 7fbaf9a5b700 1 Processor -- start
2024-09-13T22:46:56.222 INFO:teuthology.orchestra.run.smithi002.stdout:/usr/bin/ceph: stderr
2024-09-13T22:46:55.494+0000 7fbaf9a5b700 1 -- start start
2024-09-13T22:46:56.222 INFO:teuthology.orchestra.run.smithi002.stdout:/usr/bin/ceph: stderr
2024-09-13T22:46:55.494+0000 7fbaf9a5b700 1 --2- >> [v2:172.21.15.2:3300/0,v1:172.21.15.2:6789/0] conn(0x7fbaf4106600 0x7fbaf407ab50 unknown :-1 s=NONE pgs=0 cs=0 l=1 rev1=0 crypto rx=0 tx=0 comp rx=0 tx=0).connect
2024-09-13T22:46:56.222 INFO:teuthology.orchestra.run.smithi002.stdout:/usr/bin/ceph: stderr
2024-09-13T22:46:55.494+0000 7fbaf9a5b700 1 -- --> [v2:172.21.15.2:3300/0,v1:172.21.15.2:6789/0] -- mon_getmap magic: 0 v1 -- 0x7fbaf407b090 con 0x7fbaf4106600
2024-09-13T22:46:56.222 INFO:teuthology.orchestra.run.smithi002.stdout:/usr/bin/ceph: stderr
2024-09-13T22:46:55.494+0000 7fbaf2ffd700 1 --2- >> [v2:172.21.15.2:3300/0,v1:172.21.15.2:6789/0] conn(0x7fbaf4106600 0x7fbaf407ab50 unknown :-1 s=BANNER_CONNECTING pgs=0 cs=0 l=1 rev1=0 crypto rx=0 tx=0 comp rx=0 tx=0)._handle_peer_banner_payload supported=3 required=0
2024-09-13T22:46:56.222 INFO:teuthology.orchestra.run.smithi002.stdout:/usr/bin/ceph: stderr
2024-09-13T22:46:55.494+0000 7fbaf2ffd700 1 --2- >> [v2:172.21.15.2:3300/0,v1:172.21.15.2:6789/0] conn(0x7fbaf4106600 0x7fbaf407ab50 unknown :-1 s=HELLO_CONNECTING pgs=0 cs=0 l=1 rev1=1 crypto rx=0 tx=0 comp rx=0 tx=0).handle_hello peer v2:172.21.15.2:3300/0 says I am v2:172.21.15.2:58206/0 (socket says 172.21.15.2:58206)
2024-09-13T22:46:56.222 INFO:teuthology.orchestra.run.smithi002.stdout:/usr/bin/ceph: stderr
2024-09-13T22:46:55.494+0000 7fbaf2ffd700 1 -- 172.21.15.2:0/3064113118 learned_addr learned my addr 172.21.15.2:0/3064113118 (peer_addr_for_me v2:172.21.15.2:0/0)
2024-09-13T22:46:56.222 INFO:teuthology.orchestra.run.smithi002.stdout:/usr/bin/ceph: stderr
2024-09-13T22:46:55.494+0000 7fbaf2ffd700 1 -- 172.21.15.2:0/3064113118 --> [v2:172.21.15.2:3300/0,v1:172.21.15.2:6789/0] -- mon_subscribe({config=0+,monmap=0+}) v3 -- 0x7fbae4009550 con 0x7fbaf4106600
2024-09-13T22:46:56.222 INFO:teuthology.orchestra.run.smithi002.stdout:/usr/bin/ceph: stderr
2024-09-13T22:46:55.494+0000 7fbaf2ffd700 1 --2- 172.21.15.2:0/3064113118 >> [v2:172.21.15.2:3300/0,v1:172.21.15.2:6789/0] conn(0x7fbaf4106600 0x7fbaf407ab50 secure :-1 s=READY pgs=56 cs=0 l=1 rev1=1 crypto rx=0x7fbae4006ba0 tx=0x7fbae4011b50 comp rx=0 tx=0).ready entity=mon.0 client_cookie=0 server_cookie=0 in_seq=0 out_seq=0
2024-09-13T22:46:56.222 INFO:teuthology.orchestra.run.smithi002.stdout:/usr/bin/ceph: stderr
2024-09-13T22:46:55.495+0000 7fbaf8a59700 1 -- 172.21.15.2:0/3064113118 <== mon.0 v2:172.21.15.2:3300/0 1 ==== mon_map magic: 0 v1 ==== 229+0+0 (secure 0 0 0) 0x7fbae4003b00 con 0x7fbaf4106600
2024-09-13T22:46:56.222 INFO:teuthology.orchestra.run.smithi002.stdout:/usr/bin/ceph: stderr
2024-09-13T22:46:55.495+0000 7fbaf9a5b700 1 -- 172.21.15.2:0/3064113118 --> [v2:172.21.15.2:3300/0,v1:172.21.15.2:6789/0] -- mon_subscribe({mgrmap=0+}) v3 -- 0x7fbaf40791a0 con 0x7fbaf4106600
2024-09-13T22:46:56.222 INFO:teuthology.orchestra.run.smithi002.stdout:/usr/bin/ceph: stderr
2024-09-13T22:46:55.495+0000 7fbaf8a59700 1 -- 172.21.15.2:0/3064113118 <== mon.0 v2:172.21.15.2:3300/0 2 ==== config(27 keys) v1 ==== 1101+0+0 (secure 0 0 0) 0x7fbae401a8e0 con 0x7fbaf4106600
2024-09-13T22:46:56.222 INFO:teuthology.orchestra.run.smithi002.stdout:/usr/bin/ceph: stderr
2024-09-13T22:46:55.495+0000 7fbaf8a59700 1 -- 172.21.15.2:0/3064113118 <== mon.0 v2:172.21.15.2:3300/0 3 ==== mon_map magic: 0 v1 ==== 229+0+0 (secure 0 0 0) 0x7fbae4019990 con 0x7fbaf4106600
2024-09-13T22:46:56.222 INFO:teuthology.orchestra.run.smithi002.stdout:/usr/bin/ceph: stderr
2024-09-13T22:46:55.495+0000 7fbaf9a5b700 1 -- 172.21.15.2:0/3064113118 --> [v2:172.21.15.2:3300/0,v1:172.21.15.2:6789/0] -- mon_subscribe({osdmap=0}) v3 -- 0x7fbaf40795c0 con 0x7fbaf4106600
2024-09-13T22:46:56.222 INFO:teuthology.orchestra.run.smithi002.stdout:/usr/bin/ceph: stderr
2024-09-13T22:46:55.496+0000 7fbaf8a59700 1 -- 172.21.15.2:0/3064113118 <== mon.0 v2:172.21.15.2:3300/0 4 ==== mgrmap(e 8) v1 ==== 45283+0+0 (secure 0 0 0) 0x7fbae4019c50 con 0x7fbaf4106600
2024-09-13T22:46:56.223 INFO:teuthology.orchestra.run.smithi002.stdout:/usr/bin/ceph: stderr
2024-09-13T22:46:55.496+0000 7fbaf9a5b700 1 -- 172.21.15.2:0/3064113118 --> [v2:172.21.15.2:3300/0,v1:172.21.15.2:6789/0] -- mon_command({"prefix": "get_command_descriptions"} v 0) v1 -- 0x7fbaf40623c0 con 0x7fbaf4106600
2024-09-13T22:46:56.223 INFO:teuthology.orchestra.run.smithi002.stdout:/usr/bin/ceph: stderr
2024-09-13T22:46:55.496+0000 7fbaf8a59700 1 --2- 172.21.15.2:0/3064113118 >> [v2:172.21.15.2:6800/2,v1:172.21.15.2:6801/2] conn(0x7fbadc0382d0 0x7fbadc03a790 unknown :-1 s=NONE pgs=0 cs=0 l=1 rev1=0 crypto rx=0 tx=0 comp rx=0 tx=0).connect
2024-09-13T22:46:56.223 INFO:teuthology.orchestra.run.smithi002.stdout:/usr/bin/ceph: stderr
2024-09-13T22:46:55.496+0000 7fbaf8a59700 1 -- 172.21.15.2:0/3064113118 <== mon.0 v2:172.21.15.2:3300/0 5 ==== osd_map(2..2 src has 1..2) v4 ==== 940+0+0 (secure 0 0 0) 0x7fbae404c5f0 con 0x7fbaf4106600
2024-09-13T22:46:56.223 INFO:teuthology.orchestra.run.smithi002.stdout:/usr/bin/ceph: stderr
2024-09-13T22:46:55.496+0000 7fbaf27fc700 1 --2- 172.21.15.2:0/3064113118 >> [v2:172.21.15.2:6800/2,v1:172.21.15.2:6801/2] conn(0x7fbadc0382d0 0x7fbadc03a790 unknown :-1 s=BANNER_CONNECTING pgs=0 cs=0 l=1 rev1=0 crypto rx=0 tx=0 comp rx=0 tx=0)._handle_peer_banner_payload supported=3 required=0
2024-09-13T22:46:56.223 INFO:teuthology.orchestra.run.smithi002.stdout:/usr/bin/ceph: stderr
2024-09-13T22:46:55.496+0000 7fbaf27fc700 1 --2- 172.21.15.2:0/3064113118 >> [v2:172.21.15.2:6800/2,v1:172.21.15.2:6801/2] conn(0x7fbadc0382d0 0x7fbadc03a790 secure :-1 s=READY pgs=16 cs=0 l=1 rev1=1 crypto rx=0x7fbae8006fd0 tx=0x7fbae8006e40 comp rx=0 tx=0).ready entity=mgr.14120 client_cookie=0 server_cookie=0 in_seq=0 out_seq=0
2024-09-13T22:46:56.223 INFO:teuthology.orchestra.run.smithi002.stdout:/usr/bin/ceph: stderr
2024-09-13T22:46:55.501+0000 7fbaf8a59700 1 -- 172.21.15.2:0/3064113118 <== mon.0 v2:172.21.15.2:3300/0 6 ==== mon_command_ack([{"prefix": "get_command_descriptions"}]=0 v0) v1 ==== 72+0+180422 (secure 0 0 0) 0x7fbae402b520 con 0x7fbaf4106600
2024-09-13T22:46:56.223 INFO:teuthology.orchestra.run.smithi002.stdout:/usr/bin/ceph: stderr
2024-09-13T22:46:55.714+0000 7fbaf9a5b700 1 -- 172.21.15.2:0/3064113118 --> [v2:172.21.15.2:6800/2,v1:172.21.15.2:6801/2] -- mgr_command(tid 0: {"prefix": "orch apply", "service_type": "prometheus", "target": ["mon-mgr", ""]}) v1 -- 0x7fbaf410aa00 con 0x7fbadc0382d0
2024-09-13T22:46:56.223 INFO:teuthology.orchestra.run.smithi002.stdout:/usr/bin/ceph: stderr
2024-09-13T22:46:55.718+0000 7fbaf8a59700 1 -- 172.21.15.2:0/3064113118 <== mgr.14120 v2:172.21.15.2:6800/2 1 ==== mgr_command_reply(tid 0: 0 ) v1 ==== 8+0+31 (secure 0 0 0) 0x7fbaf410aa00 con 0x7fbadc0382d0
2024-09-13T22:46:56.223 INFO:teuthology.orchestra.run.smithi002.stdout:/usr/bin/ceph: stderr
2024-09-13T22:46:55.720+0000 7fbaf9a5b700 1 -- 172.21.15.2:0/3064113118 >> [v2:172.21.15.2:6800/2,v1:172.21.15.2:6801/2] conn(0x7fbadc0382d0 msgr2=0x7fbadc03a790 secure :-1 s=STATE_CONNECTION_ESTABLISHED l=1).mark_down
2024-09-13T22:46:56.223 INFO:teuthology.orchestra.run.smithi002.stdout:/usr/bin/ceph: stderr
2024-09-13T22:46:55.720+0000 7fbaf9a5b700 1 --2- 172.21.15.2:0/3064113118 >> [v2:172.21.15.2:6800/2,v1:172.21.15.2:6801/2] conn(0x7fbadc0382d0 0x7fbadc03a790 secure :-1 s=READY pgs=16 cs=0 l=1 rev1=1 crypto rx=0x7fbae8006fd0 tx=0x7fbae8006e40 comp rx=0 tx=0).stop
2024-09-13T22:46:56.223 INFO:teuthology.orchestra.run.smithi002.stdout:/usr/bin/ceph: stderr
2024-09-13T22:46:55.720+0000 7fbaf9a5b700 1 -- 172.21.15.2:0/3064113118 >> [v2:172.21.15.2:3300/0,v1:172.21.15.2:6789/0] conn(0x7fbaf4106600 msgr2=0x7fbaf407ab50 secure :-1 s=STATE_CONNECTION_ESTABLISHED l=1).mark_down
2024-09-13T22:46:56.223 INFO:teuthology.orchestra.run.smithi002.stdout:/usr/bin/ceph: stderr
2024-09-13T22:46:55.720+0000 7fbaf9a5b700 1 --2- 172.21.15.2:0/3064113118 >> [v2:172.21.15.2:3300/0,v1:172.21.15.2:6789/0] conn(0x7fbaf4106600 0x7fbaf407ab50 secure :-1 s=READY pgs=56 cs=0 l=1 rev1=1 crypto rx=0x7fbae4006ba0 tx=0x7fbae4011b50 comp rx=0 tx=0).stop
2024-09-13T22:46:56.223 INFO:teuthology.orchestra.run.smithi002.stdout:/usr/bin/ceph: stderr
2024-09-13T22:46:55.721+0000 7fbaf9a5b700 1 -- 172.21.15.2:0/3064113118 shutdown_connections
2024-09-13T22:46:56.223 INFO:teuthology.orchestra.run.smithi002.stdout:/usr/bin/ceph: stderr
2024-09-13T22:46:55.721+0000 7fbaf9a5b700 1 --2- 172.21.15.2:0/3064113118 >> [v2:172.21.15.2:6800/2,v1:172.21.15.2:6801/2] conn(0x7fbadc0382d0 0x7fbadc03a790 unknown :-1 s=CLOSED pgs=16 cs=0 l=1 rev1=1 crypto rx=0 tx=0 comp rx=0 tx=0).stop
2024-09-13T22:46:56.224 INFO:teuthology.orchestra.run.smithi002.stdout:/usr/bin/ceph: stderr
2024-09-13T22:46:55.721+0000 7fbaf9a5b700 1 --2- 172.21.15.2:0/3064113118 >> [v2:172.21.15.2:3300/0,v1:172.21.15.2:6789/0] conn(0x7fbaf4106600 0x7fbaf407ab50 unknown :-1 s=CLOSED pgs=56 cs=0 l=1 rev1=1 crypto rx=0 tx=0 comp rx=0 tx=0).stop
2024-09-13T22:46:56.224 INFO:teuthology.orchestra.run.smithi002.stdout:/usr/bin/ceph: stderr
2024-09-13T22:46:55.721+0000 7fbaf9a5b700 1 -- 172.21.15.2:0/3064113118 >> 172.21.15.2:0/3064113118 conn(0x7fbaf4101bc0 msgr2=0x7fbaf41032a0 unknown :-1 s=STATE_NONE l=0).mark_down
2024-09-13T22:46:56.224 INFO:teuthology.orchestra.run.smithi002.stdout:/usr/bin/ceph: stderr
2024-09-13T22:46:55.721+0000 7fbaf9a5b700 1 -- 172.21.15.2:0/3064113118 shutdown_connections
2024-09-13T22:46:56.224 INFO:teuthology.orchestra.run.smithi002.stdout:/usr/bin/ceph: stderr
2024-09-13T22:46:55.721+0000 7fbaf9a5b700 1 -- 172.21.15.2:0/3064113118 wait complete.
2024-09-13T22:46:56.224 INFO:teuthology.orchestra.run.smithi002.stdout:Deploying grafana service with default placement...
2024-09-13T22:46:56.750 INFO:journalctl@ceph.mon.smithi002.smithi002.stdout:Sep 13 22:46:56 smithi002 ceph-mon[27637]: from='mgr.14120 172.21.15.2:0/2' entity='mgr.smithi002.yumtzz'
2024-09-13T22:46:56.750 INFO:journalctl@ceph.mon.smithi002.smithi002.stdout:Sep 13 22:46:56 smithi002 ceph-mon[27637]: from='client.14150 -' entity='client.admin' cmd=[{"prefix": "orch apply", "service_type": "prometheus", "target": ["mon-mgr", ""]}]: dispatch
2024-09-13T22:46:56.750 INFO:journalctl@ceph.mon.smithi002.smithi002.stdout:Sep 13 22:46:56 smithi002 ceph-mon[27637]: Saving service prometheus spec with placement count:1
2024-09-13T22:46:56.750 INFO:journalctl@ceph.mon.smithi002.smithi002.stdout:Sep 13 22:46:56 smithi002 ceph-mon[27637]: from='mgr.14120 172.21.15.2:0/2' entity='mgr.smithi002.yumtzz'
2024-09-13T22:46:57.512 INFO:teuthology.orchestra.run.smithi002.stdout:/usr/bin/ceph: stdout Scheduled grafana update...
2024-09-13T22:46:57.512 INFO:teuthology.orchestra.run.smithi002.stdout:/usr/bin/ceph: stderr
2024-09-13T22:46:56.712+0000 7f1b2463e700 1 Processor -- start
2024-09-13T22:46:57.512 INFO:teuthology.orchestra.run.smithi002.stdout:/usr/bin/ceph: stderr
2024-09-13T22:46:56.712+0000 7f1b2463e700 1 -- start start
2024-09-13T22:46:57.512 INFO:teuthology.orchestra.run.smithi002.stdout:/usr/bin/ceph: stderr
2024-09-13T22:46:56.713+0000 7f1b2463e700 1 --2- >> [v2:172.21.15.2:3300/0,v1:172.21.15.2:6789/0] conn(0x7f1b1c106610 0x7f1b1c106a30 unknown :-1 s=NONE pgs=0 cs=0 l=0 rev1=0 crypto rx=0 tx=0 comp rx=0 tx=0).connect
2024-09-13T22:46:57.512 INFO:teuthology.orchestra.run.smithi002.stdout:/usr/bin/ceph: stderr
2024-09-13T22:46:56.713+0000 7f1b2463e700 1 -- --> [v2:172.21.15.2:3300/0,v1:172.21.15.2:6789/0] -- mon_getmap magic: 0 v1 -- 0x7f1b1c107000 con 0x7f1b1c106610
2024-09-13T22:46:57.512 INFO:teuthology.orchestra.run.smithi002.stdout:/usr/bin/ceph: stderr
2024-09-13T22:46:56.713+0000 7f1b223da700 1 --2- >> [v2:172.21.15.2:3300/0,v1:172.21.15.2:6789/0] conn(0x7f1b1c106610 0x7f1b1c106a30 unknown :-1 s=BANNER_CONNECTING pgs=0 cs=0 l=0 rev1=0 crypto rx=0 tx=0 comp rx=0 tx=0)._handle_peer_banner_payload supported=3 required=0
2024-09-13T22:46:57.513 INFO:teuthology.orchestra.run.smithi002.stdout:/usr/bin/ceph: stderr
2024-09-13T22:46:56.713+0000 7f1b223da700 1 --2- >> [v2:172.21.15.2:3300/0,v1:172.21.15.2:6789/0] conn(0x7f1b1c106610 0x7f1b1c106a30 unknown :-1 s=HELLO_CONNECTING pgs=0 cs=0 l=0 rev1=1 crypto rx=0 tx=0 comp rx=0 tx=0).handle_hello peer v2:172.21.15.2:3300/0 says I am v2:172.21.15.2:58220/0 (socket says 172.21.15.2:58220)
2024-09-13T22:46:57.513 INFO:teuthology.orchestra.run.smithi002.stdout:/usr/bin/ceph: stderr
2024-09-13T22:46:56.713+0000 7f1b223da700 1 -- 172.21.15.2:0/3972522394 learned_addr learned my addr 172.21.15.2:0/3972522394 (peer_addr_for_me v2:172.21.15.2:0/0)
2024-09-13T22:46:57.513 INFO:teuthology.orchestra.run.smithi002.stdout:/usr/bin/ceph: stderr
2024-09-13T22:46:56.713+0000 7f1b223da700 1 -- 172.21.15.2:0/3972522394 --> [v2:172.21.15.2:3300/0,v1:172.21.15.2:6789/0] -- mon_subscribe({config=0+,monmap=0+}) v3 -- 0x7f1b1c107810 con 0x7f1b1c106610
2024-09-13T22:46:57.513 INFO:teuthology.orchestra.run.smithi002.stdout:/usr/bin/ceph: stderr
2024-09-13T22:46:56.713+0000 7f1b223da700 1 --2- 172.21.15.2:0/3972522394 >> [v2:172.21.15.2:3300/0,v1:172.21.15.2:6789/0] conn(0x7f1b1c106610 0x7f1b1c106a30 secure :-1 s=READY pgs=57 cs=0 l=1 rev1=1 crypto rx=0x7f1b180098a0 tx=0x7f1b18009bb0 comp rx=0 tx=0).ready entity=mon.0 client_cookie=dff875c3e218cce2 server_cookie=0 in_seq=0 out_seq=0
2024-09-13T22:46:57.513 INFO:teuthology.orchestra.run.smithi002.stdout:/usr/bin/ceph: stderr
2024-09-13T22:46:56.714+0000 7f1b213d8700 1 -- 172.21.15.2:0/3972522394 <== mon.0 v2:172.21.15.2:3300/0 1 ==== mon_map magic: 0 v1 ==== 229+0+0 (secure 0 0 0) 0x7f1b18004180 con 0x7f1b1c106610
2024-09-13T22:46:57.513 INFO:teuthology.orchestra.run.smithi002.stdout:/usr/bin/ceph: stderr
2024-09-13T22:46:56.714+0000 7f1b213d8700 1 -- 172.21.15.2:0/3972522394 <== mon.0 v2:172.21.15.2:3300/0 2 ==== config(27 keys) v1 ==== 1101+0+0 (secure 0 0 0) 0x7f1b180042e0 con 0x7f1b1c106610
2024-09-13T22:46:57.513 INFO:teuthology.orchestra.run.smithi002.stdout:/usr/bin/ceph: stderr
2024-09-13T22:46:56.714+0000 7f1b213d8700 1 -- 172.21.15.2:0/3972522394 <== mon.0 v2:172.21.15.2:3300/0 3 ==== mon_map magic: 0 v1 ==== 229+0+0 (secure 0 0 0) 0x7f1b18011af0 con 0x7f1b1c106610
2024-09-13T22:46:57.513 INFO:teuthology.orchestra.run.smithi002.stdout:/usr/bin/ceph: stderr
2024-09-13T22:46:56.714+0000 7f1b2463e700 1 -- 172.21.15.2:0/3972522394 >> [v2:172.21.15.2:3300/0,v1:172.21.15.2:6789/0] conn(0x7f1b1c106610 msgr2=0x7f1b1c106a30 secure :-1 s=STATE_CONNECTION_ESTABLISHED l=1).mark_down
2024-09-13T22:46:57.513 INFO:teuthology.orchestra.run.smithi002.stdout:/usr/bin/ceph: stderr
2024-09-13T22:46:56.714+0000 7f1b2463e700 1 --2- 172.21.15.2:0/3972522394 >> [v2:172.21.15.2:3300/0,v1:172.21.15.2:6789/0] conn(0x7f1b1c106610 0x7f1b1c106a30 secure :-1 s=READY pgs=57 cs=0 l=1 rev1=1 crypto rx=0x7f1b180098a0 tx=0x7f1b18009bb0 comp rx=0 tx=0).stop
2024-09-13T22:46:57.513 INFO:teuthology.orchestra.run.smithi002.stdout:/usr/bin/ceph: stderr
2024-09-13T22:46:56.715+0000 7f1b2463e700 1 -- 172.21.15.2:0/3972522394 shutdown_connections
2024-09-13T22:46:57.513 INFO:teuthology.orchestra.run.smithi002.stdout:/usr/bin/ceph: stderr
2024-09-13T22:46:56.715+0000 7f1b2463e700 1 --2- 172.21.15.2:0/3972522394 >> [v2:172.21.15.2:3300/0,v1:172.21.15.2:6789/0] conn(0x7f1b1c106610 0x7f1b1c106a30 unknown :-1 s=CLOSED pgs=57 cs=0 l=1 rev1=1 crypto rx=0 tx=0 comp rx=0 tx=0).stop
2024-09-13T22:46:57.513 INFO:teuthology.orchestra.run.smithi002.stdout:/usr/bin/ceph: stderr
2024-09-13T22:46:56.715+0000 7f1b2463e700 1 -- 172.21.15.2:0/3972522394 >> 172.21.15.2:0/3972522394 conn(0x7f1b1c101bd0 msgr2=0x7f1b1c103ff0 unknown :-1 s=STATE_NONE l=0).mark_down
2024-09-13T22:46:57.513 INFO:teuthology.orchestra.run.smithi002.stdout:/usr/bin/ceph: stderr
2024-09-13T22:46:56.715+0000 7f1b2463e700 1 -- 172.21.15.2:0/3972522394 shutdown_connections
2024-09-13T22:46:57.514 INFO:teuthology.orchestra.run.smithi002.stdout:/usr/bin/ceph: stderr
2024-09-13T22:46:56.715+0000 7f1b2463e700 1 -- 172.21.15.2:0/3972522394 wait complete.
2024-09-13T22:46:57.514 INFO:teuthology.orchestra.run.smithi002.stdout:/usr/bin/ceph: stderr
2024-09-13T22:46:56.715+0000 7f1b2463e700 1 Processor -- start
2024-09-13T22:46:57.514 INFO:teuthology.orchestra.run.smithi002.stdout:/usr/bin/ceph: stderr
2024-09-13T22:46:56.715+0000 7f1b2463e700 1 -- start start
2024-09-13T22:46:57.514 INFO:teuthology.orchestra.run.smithi002.stdout:/usr/bin/ceph: stderr
2024-09-13T22:46:56.715+0000 7f1b2463e700 1 --2- >> [v2:172.21.15.2:3300/0,v1:172.21.15.2:6789/0] conn(0x7f1b1c106610 0x7f1b1c07bc60 unknown :-1 s=NONE pgs=0 cs=0 l=1 rev1=0 crypto rx=0 tx=0 comp rx=0 tx=0).connect
2024-09-13T22:46:57.514 INFO:teuthology.orchestra.run.smithi002.stdout:/usr/bin/ceph: stderr
2024-09-13T22:46:56.715+0000 7f1b2463e700 1 -- --> [v2:172.21.15.2:3300/0,v1:172.21.15.2:6789/0] -- mon_getmap magic: 0 v1 -- 0x7f1b1c07c1a0 con 0x7f1b1c106610
2024-09-13T22:46:57.514 INFO:teuthology.orchestra.run.smithi002.stdout:/usr/bin/ceph: stderr
2024-09-13T22:46:56.716+0000 7f1b223da700 1 --2- >> [v2:172.21.15.2:3300/0,v1:172.21.15.2:6789/0] conn(0x7f1b1c106610 0x7f1b1c07bc60 unknown :-1 s=BANNER_CONNECTING pgs=0 cs=0 l=1 rev1=0 crypto rx=0 tx=0 comp rx=0 tx=0)._handle_peer_banner_payload supported=3 required=0
2024-09-13T22:46:57.514 INFO:teuthology.orchestra.run.smithi002.stdout:/usr/bin/ceph: stderr
2024-09-13T22:46:56.716+0000 7f1b223da700 1 --2- >> [v2:172.21.15.2:3300/0,v1:172.21.15.2:6789/0] conn(0x7f1b1c106610 0x7f1b1c07bc60 unknown :-1 s=HELLO_CONNECTING pgs=0 cs=0 l=1 rev1=1 crypto rx=0 tx=0 comp rx=0 tx=0).handle_hello peer v2:172.21.15.2:3300/0 says I am v2:172.21.15.2:58232/0 (socket says 172.21.15.2:58232)
2024-09-13T22:46:57.514 INFO:teuthology.orchestra.run.smithi002.stdout:/usr/bin/ceph: stderr
2024-09-13T22:46:56.716+0000 7f1b223da700 1 -- 172.21.15.2:0/2434594032 learned_addr learned my addr 172.21.15.2:0/2434594032 (peer_addr_for_me v2:172.21.15.2:0/0)
2024-09-13T22:46:57.514 INFO:teuthology.orchestra.run.smithi002.stdout:/usr/bin/ceph: stderr
2024-09-13T22:46:56.716+0000 7f1b223da700 1 -- 172.21.15.2:0/2434594032 --> [v2:172.21.15.2:3300/0,v1:172.21.15.2:6789/0] -- mon_subscribe({config=0+,monmap=0+}) v3 -- 0x7f1b18009550 con 0x7f1b1c106610
2024-09-13T22:46:57.514 INFO:teuthology.orchestra.run.smithi002.stdout:/usr/bin/ceph: stderr
2024-09-13T22:46:56.716+0000 7f1b223da700 1 --2- 172.21.15.2:0/2434594032 >> [v2:172.21.15.2:3300/0,v1:172.21.15.2:6789/0] conn(0x7f1b1c106610 0x7f1b1c07bc60 secure :-1 s=READY pgs=58 cs=0 l=1 rev1=1 crypto rx=0x7f1b18000c00 tx=0x7f1b18011b50 comp rx=0 tx=0).ready entity=mon.0 client_cookie=0 server_cookie=0 in_seq=0 out_seq=0
2024-09-13T22:46:57.514 INFO:teuthology.orchestra.run.smithi002.stdout:/usr/bin/ceph: stderr
2024-09-13T22:46:56.716+0000 7f1b137fe700 1 -- 172.21.15.2:0/2434594032 <== mon.0 v2:172.21.15.2:3300/0 1 ==== mon_map magic: 0 v1 ==== 229+0+0 (secure 0 0 0) 0x7f1b18003a70 con 0x7f1b1c106610
2024-09-13T22:46:57.514 INFO:teuthology.orchestra.run.smithi002.stdout:/usr/bin/ceph: stderr
2024-09-13T22:46:56.716+0000 7f1b137fe700 1 -- 172.21.15.2:0/2434594032 <== mon.0 v2:172.21.15.2:3300/0 2 ==== config(27 keys) v1 ==== 1101+0+0 (secure 0 0 0) 0x7f1b18003bd0 con 0x7f1b1c106610
2024-09-13T22:46:57.514 INFO:teuthology.orchestra.run.smithi002.stdout:/usr/bin/ceph: stderr
2024-09-13T22:46:56.716+0000 7f1b2463e700 1 -- 172.21.15.2:0/2434594032 --> [v2:172.21.15.2:3300/0,v1:172.21.15.2:6789/0] -- mon_subscribe({mgrmap=0+}) v3 -- 0x7f1b1c07a2b0 con 0x7f1b1c106610
2024-09-13T22:46:57.515 INFO:teuthology.orchestra.run.smithi002.stdout:/usr/bin/ceph: stderr
2024-09-13T22:46:56.716+0000 7f1b137fe700 1 -- 172.21.15.2:0/2434594032 <== mon.0 v2:172.21.15.2:3300/0 3 ==== mon_map magic: 0 v1 ==== 229+0+0 (secure 0 0 0) 0x7f1b180238c0 con 0x7f1b1c106610
2024-09-13T22:46:57.515 INFO:teuthology.orchestra.run.smithi002.stdout:/usr/bin/ceph: stderr
2024-09-13T22:46:56.716+0000 7f1b2463e700 1 -- 172.21.15.2:0/2434594032 --> [v2:172.21.15.2:3300/0,v1:172.21.15.2:6789/0] -- mon_subscribe({osdmap=0}) v3 -- 0x7f1b1c07a6d0 con 0x7f1b1c106610
2024-09-13T22:46:57.515 INFO:teuthology.orchestra.run.smithi002.stdout:/usr/bin/ceph: stderr
2024-09-13T22:46:56.717+0000 7f1b137fe700 1 -- 172.21.15.2:0/2434594032 <== mon.0 v2:172.21.15.2:3300/0 4 ==== mgrmap(e 8) v1 ==== 45283+0+0 (secure 0 0 0) 0x7f1b18023b80 con 0x7f1b1c106610
2024-09-13T22:46:57.515 INFO:teuthology.orchestra.run.smithi002.stdout:/usr/bin/ceph: stderr
2024-09-13T22:46:56.717+0000 7f1b2463e700 1 -- 172.21.15.2:0/2434594032 --> [v2:172.21.15.2:3300/0,v1:172.21.15.2:6789/0] -- mon_command({"prefix": "get_command_descriptions"} v 0) v1 -- 0x7f1b1c0623c0 con 0x7f1b1c106610
2024-09-13T22:46:57.515 INFO:teuthology.orchestra.run.smithi002.stdout:/usr/bin/ceph: stderr
2024-09-13T22:46:56.717+0000 7f1b137fe700 1 --2- 172.21.15.2:0/2434594032 >> [v2:172.21.15.2:6800/2,v1:172.21.15.2:6801/2] conn(0x7f1b08038320 0x7f1b0803a7e0 unknown :-1 s=NONE pgs=0 cs=0 l=1 rev1=0 crypto rx=0 tx=0 comp rx=0 tx=0).connect
2024-09-13T22:46:57.515 INFO:teuthology.orchestra.run.smithi002.stdout:/usr/bin/ceph: stderr
2024-09-13T22:46:56.718+0000 7f1b137fe700 1 -- 172.21.15.2:0/2434594032 <== mon.0 v2:172.21.15.2:3300/0 5 ==== osd_map(2..2 src has 1..2) v4 ==== 940+0+0 (secure 0 0 0) 0x7f1b1804d200 con 0x7f1b1c106610
2024-09-13T22:46:57.515 INFO:teuthology.orchestra.run.smithi002.stdout:/usr/bin/ceph: stderr
2024-09-13T22:46:56.718+0000 7f1b21bd9700 1 --2- 172.21.15.2:0/2434594032 >> [v2:172.21.15.2:6800/2,v1:172.21.15.2:6801/2] conn(0x7f1b08038320 0x7f1b0803a7e0 unknown :-1 s=BANNER_CONNECTING pgs=0 cs=0 l=1 rev1=0 crypto rx=0 tx=0 comp rx=0 tx=0)._handle_peer_banner_payload supported=3 required=0
2024-09-13T22:46:57.515 INFO:teuthology.orchestra.run.smithi002.stdout:/usr/bin/ceph: stderr
2024-09-13T22:46:56.718+0000 7f1b21bd9700 1 --2- 172.21.15.2:0/2434594032 >> [v2:172.21.15.2:6800/2,v1:172.21.15.2:6801/2] conn(0x7f1b08038320 0x7f1b0803a7e0 secure :-1 s=READY pgs=17 cs=0 l=1 rev1=1 crypto rx=0x7f1b0c006fd0 tx=0x7f1b0c006e40 comp rx=0 tx=0).ready entity=mgr.14120 client_cookie=0 server_cookie=0 in_seq=0 out_seq=0
2024-09-13T22:46:57.515 INFO:teuthology.orchestra.run.smithi002.stdout:/usr/bin/ceph: stderr
2024-09-13T22:46:56.723+0000 7f1b137fe700 1 -- 172.21.15.2:0/2434594032 <== mon.0 v2:172.21.15.2:3300/0 6 ==== mon_command_ack([{"prefix": "get_command_descriptions"}]=0 v0) v1 ==== 72+0+180422 (secure 0 0 0) 0x7f1b1802b300 con 0x7f1b1c106610
2024-09-13T22:46:57.515 INFO:teuthology.orchestra.run.smithi002.stdout:/usr/bin/ceph: stderr
2024-09-13T22:46:56.936+0000 7f1b2463e700 1 -- 172.21.15.2:0/2434594032 --> [v2:172.21.15.2:6800/2,v1:172.21.15.2:6801/2] -- mgr_command(tid 0: {"prefix": "orch apply", "service_type": "grafana", "target": ["mon-mgr", ""]}) v1 -- 0x7f1b1c103e80 con 0x7f1b08038320
2024-09-13T22:46:57.515 INFO:teuthology.orchestra.run.smithi002.stdout:/usr/bin/ceph: stderr
2024-09-13T22:46:56.940+0000 7f1b137fe700 1 -- 172.21.15.2:0/2434594032 <== mgr.14120 v2:172.21.15.2:6800/2 1 ==== mgr_command_reply(tid 0: 0 ) v1 ==== 8+0+28 (secure 0 0 0) 0x7f1b1c103e80 con 0x7f1b08038320
2024-09-13T22:46:57.515 INFO:teuthology.orchestra.run.smithi002.stdout:/usr/bin/ceph: stderr
2024-09-13T22:46:56.942+0000 7f1b2463e700 1 -- 172.21.15.2:0/2434594032 >> [v2:172.21.15.2:6800/2,v1:172.21.15.2:6801/2] conn(0x7f1b08038320 msgr2=0x7f1b0803a7e0 secure :-1 s=STATE_CONNECTION_ESTABLISHED l=1).mark_down
2024-09-13T22:46:57.515 INFO:teuthology.orchestra.run.smithi002.stdout:/usr/bin/ceph: stderr
2024-09-13T22:46:56.942+0000 7f1b2463e700 1 --2- 172.21.15.2:0/2434594032 >> [v2:172.21.15.2:6800/2,v1:172.21.15.2:6801/2] conn(0x7f1b08038320 0x7f1b0803a7e0 secure :-1 s=READY pgs=17 cs=0 l=1 rev1=1 crypto rx=0x7f1b0c006fd0 tx=0x7f1b0c006e40 comp rx=0 tx=0).stop
2024-09-13T22:46:57.515 INFO:teuthology.orchestra.run.smithi002.stdout:/usr/bin/ceph: stderr
2024-09-13T22:46:56.942+0000 7f1b2463e700 1 -- 172.21.15.2:0/2434594032 >> [v2:172.21.15.2:3300/0,v1:172.21.15.2:6789/0] conn(0x7f1b1c106610 msgr2=0x7f1b1c07bc60 secure :-1 s=STATE_CONNECTION_ESTABLISHED l=1).mark_down
2024-09-13T22:46:57.516 INFO:teuthology.orchestra.run.smithi002.stdout:/usr/bin/ceph: stderr
2024-09-13T22:46:56.942+0000 7f1b2463e700 1 --2- 172.21.15.2:0/2434594032 >> [v2:172.21.15.2:3300/0,v1:172.21.15.2:6789/0] conn(0x7f1b1c106610 0x7f1b1c07bc60 secure :-1 s=READY pgs=58 cs=0 l=1 rev1=1 crypto rx=0x7f1b18000c00 tx=0x7f1b18011b50 comp rx=0 tx=0).stop
2024-09-13T22:46:57.516 INFO:teuthology.orchestra.run.smithi002.stdout:/usr/bin/ceph: stderr
2024-09-13T22:46:56.942+0000 7f1b2463e700 1 -- 172.21.15.2:0/2434594032 shutdown_connections
2024-09-13T22:46:57.516 INFO:teuthology.orchestra.run.smithi002.stdout:/usr/bin/ceph: stderr
2024-09-13T22:46:56.942+0000 7f1b2463e700 1 --2- 172.21.15.2:0/2434594032 >> [v2:172.21.15.2:6800/2,v1:172.21.15.2:6801/2] conn(0x7f1b08038320 0x7f1b0803a7e0 unknown :-1 s=CLOSED pgs=17 cs=0 l=1 rev1=1 crypto rx=0 tx=0 comp rx=0 tx=0).stop
2024-09-13T22:46:57.516 INFO:teuthology.orchestra.run.smithi002.stdout:/usr/bin/ceph: stderr
2024-09-13T22:46:56.942+0000 7f1b2463e700 1 --2- 172.21.15.2:0/2434594032 >> [v2:172.21.15.2:3300/0,v1:172.21.15.2:6789/0] conn(0x7f1b1c106610 0x7f1b1c07bc60 unknown :-1 s=CLOSED pgs=58 cs=0 l=1 rev1=1 crypto rx=0 tx=0 comp rx=0 tx=0).stop
2024-09-13T22:46:57.516 INFO:teuthology.orchestra.run.smithi002.stdout:/usr/bin/ceph: stderr
2024-09-13T22:46:56.942+0000 7f1b2463e700 1 -- 172.21.15.2:0/2434594032 >> 172.21.15.2:0/2434594032 conn(0x7f1b1c101bd0 msgr2=0x7f1b1c103220 unknown :-1 s=STATE_NONE l=0).mark_down
2024-09-13T22:46:57.516 INFO:teuthology.orchestra.run.smithi002.stdout:/usr/bin/ceph: stderr
2024-09-13T22:46:56.942+0000 7f1b2463e700 1 -- 172.21.15.2:0/2434594032 shutdown_connections
2024-09-13T22:46:57.516 INFO:teuthology.orchestra.run.smithi002.stdout:/usr/bin/ceph: stderr
2024-09-13T22:46:56.942+0000 7f1b2463e700 1 -- 172.21.15.2:0/2434594032 wait complete.
2024-09-13T22:46:57.516 INFO:teuthology.orchestra.run.smithi002.stdout:Deploying node-exporter service with default placement...
2024-09-13T22:46:58.191 INFO:journalctl@ceph.mon.smithi002.smithi002.stdout:Sep 13 22:46:57 smithi002 ceph-mon[27637]: from='client.14152 -' entity='client.admin' cmd=[{"prefix": "orch apply", "service_type": "grafana", "target": ["mon-mgr", ""]}]: dispatch
2024-09-13T22:46:58.191 INFO:journalctl@ceph.mon.smithi002.smithi002.stdout:Sep 13 22:46:57 smithi002 ceph-mon[27637]: Saving service grafana spec with placement count:1
2024-09-13T22:46:58.191 INFO:journalctl@ceph.mon.smithi002.smithi002.stdout:Sep 13 22:46:57 smithi002 ceph-mon[27637]: from='mgr.14120 172.21.15.2:0/2' entity='mgr.smithi002.yumtzz'
2024-09-13T22:46:59.404 INFO:teuthology.orchestra.run.smithi002.stdout:/usr/bin/ceph: stdout Scheduled node-exporter update...
2024-09-13T22:46:59.405 INFO:teuthology.orchestra.run.smithi002.stdout:/usr/bin/ceph: stderr
2024-09-13T22:46:58.699+0000 7f9f02b01700 1 Processor -- start
2024-09-13T22:46:59.405 INFO:teuthology.orchestra.run.smithi002.stdout:/usr/bin/ceph: stderr
2024-09-13T22:46:58.699+0000 7f9f02b01700 1 -- start start
2024-09-13T22:46:59.405 INFO:teuthology.orchestra.run.smithi002.stdout:/usr/bin/ceph: stderr
2024-09-13T22:46:58.699+0000 7f9f02b01700 1 --2- >> [v2:172.21.15.2:3300/0,v1:172.21.15.2:6789/0] conn(0x7f9efc07be90 0x7f9efc07a2f0 unknown :-1 s=NONE pgs=0 cs=0 l=0 rev1=0 crypto rx=0 tx=0 comp rx=0 tx=0).connect
2024-09-13T22:46:59.405 INFO:teuthology.orchestra.run.smithi002.stdout:/usr/bin/ceph: stderr
2024-09-13T22:46:58.699+0000 7f9f02b01700 1 -- --> [v2:172.21.15.2:3300/0,v1:172.21.15.2:6789/0] -- mon_getmap magic: 0 v1 -- 0x7f9efc07a8c0 con 0x7f9efc07be90
2024-09-13T22:46:59.405 INFO:teuthology.orchestra.run.smithi002.stdout:/usr/bin/ceph: stderr
2024-09-13T22:46:58.699+0000 7f9f0089d700 1 --2- >> [v2:172.21.15.2:3300/0,v1:172.21.15.2:6789/0] conn(0x7f9efc07be90 0x7f9efc07a2f0 unknown :-1 s=BANNER_CONNECTING pgs=0 cs=0 l=0 rev1=0 crypto rx=0 tx=0 comp rx=0 tx=0)._handle_peer_banner_payload supported=3 required=0
2024-09-13T22:46:59.405 INFO:teuthology.orchestra.run.smithi002.stdout:/usr/bin/ceph: stderr
2024-09-13T22:46:58.699+0000 7f9f0089d700 1 --2- >> [v2:172.21.15.2:3300/0,v1:172.21.15.2:6789/0] conn(0x7f9efc07be90 0x7f9efc07a2f0 unknown :-1 s=HELLO_CONNECTING pgs=0 cs=0 l=0 rev1=1 crypto rx=0 tx=0 comp rx=0 tx=0).handle_hello peer v2:172.21.15.2:3300/0 says I am v2:172.21.15.2:58242/0 (socket says 172.21.15.2:58242)
2024-09-13T22:46:59.405 INFO:teuthology.orchestra.run.smithi002.stdout:/usr/bin/ceph: stderr
2024-09-13T22:46:58.699+0000 7f9f0089d700 1 -- 172.21.15.2:0/3479857588 learned_addr learned my addr 172.21.15.2:0/3479857588 (peer_addr_for_me v2:172.21.15.2:0/0)
2024-09-13T22:46:59.405 INFO:teuthology.orchestra.run.smithi002.stdout:/usr/bin/ceph: stderr
2024-09-13T22:46:58.700+0000 7f9f0089d700 1 -- 172.21.15.2:0/3479857588 --> [v2:172.21.15.2:3300/0,v1:172.21.15.2:6789/0] -- mon_subscribe({config=0+,monmap=0+}) v3 -- 0x7f9efc07aa00 con 0x7f9efc07be90
2024-09-13T22:46:59.405 INFO:teuthology.orchestra.run.smithi002.stdout:/usr/bin/ceph: stderr
2024-09-13T22:46:58.700+0000 7f9f0089d700 1 --2- 172.21.15.2:0/3479857588 >> [v2:172.21.15.2:3300/0,v1:172.21.15.2:6789/0] conn(0x7f9efc07be90 0x7f9efc07a2f0 secure :-1 s=READY pgs=59 cs=0 l=1 rev1=1 crypto rx=0x7f9ef8009e80 tx=0x7f9ef800b330 comp rx=0 tx=0).ready entity=mon.0 client_cookie=f4172e90eb8b756d server_cookie=0 in_seq=0 out_seq=0
2024-09-13T22:46:59.405 INFO:teuthology.orchestra.run.smithi002.stdout:/usr/bin/ceph: stderr
2024-09-13T22:46:58.700+0000 7f9ef37fe700 1 -- 172.21.15.2:0/3479857588 <== mon.0 v2:172.21.15.2:3300/0 1 ==== mon_map magic: 0 v1 ==== 229+0+0 (secure 0 0 0) 0x7f9ef800e070 con 0x7f9efc07be90
2024-09-13T22:46:59.405 INFO:teuthology.orchestra.run.smithi002.stdout:/usr/bin/ceph: stderr
2024-09-13T22:46:58.700+0000 7f9ef37fe700 1 -- 172.21.15.2:0/3479857588 <== mon.0 v2:172.21.15.2:3300/0 2 ==== config(27 keys) v1 ==== 1101+0+0 (secure 0 0 0) 0x7f9ef800b8c0 con 0x7f9efc07be90
2024-09-13T22:46:59.406 INFO:teuthology.orchestra.run.smithi002.stdout:/usr/bin/ceph: stderr
2024-09-13T22:46:58.700+0000 7f9ef37fe700 1 -- 172.21.15.2:0/3479857588 <== mon.0 v2:172.21.15.2:3300/0 3 ==== mon_map magic: 0 v1 ==== 229+0+0 (secure 0 0 0) 0x7f9ef80044d0 con 0x7f9efc07be90
2024-09-13T22:46:59.406 INFO:teuthology.orchestra.run.smithi002.stdout:/usr/bin/ceph: stderr
2024-09-13T22:46:58.701+0000 7f9f02b01700 1 -- 172.21.15.2:0/3479857588 >> [v2:172.21.15.2:3300/0,v1:172.21.15.2:6789/0] conn(0x7f9efc07be90 msgr2=0x7f9efc07a2f0 secure :-1 s=STATE_CONNECTION_ESTABLISHED l=1).mark_down
2024-09-13T22:46:59.406 INFO:teuthology.orchestra.run.smithi002.stdout:/usr/bin/ceph: stderr
2024-09-13T22:46:58.701+0000 7f9f02b01700 1 --2- 172.21.15.2:0/3479857588 >> [v2:172.21.15.2:3300/0,v1:172.21.15.2:6789/0] conn(0x7f9efc07be90 0x7f9efc07a2f0 secure :-1 s=READY pgs=59 cs=0 l=1 rev1=1 crypto rx=0x7f9ef8009e80 tx=0x7f9ef800b330 comp rx=0 tx=0).stop
2024-09-13T22:46:59.406 INFO:teuthology.orchestra.run.smithi002.stdout:/usr/bin/ceph: stderr
2024-09-13T22:46:58.701+0000 7f9f02b01700 1 -- 172.21.15.2:0/3479857588 shutdown_connections
2024-09-13T22:46:59.406 INFO:teuthology.orchestra.run.smithi002.stdout:/usr/bin/ceph: stderr
2024-09-13T22:46:58.701+0000 7f9f02b01700 1 --2- 172.21.15.2:0/3479857588 >> [v2:172.21.15.2:3300/0,v1:172.21.15.2:6789/0] conn(0x7f9efc07be90 0x7f9efc07a2f0 unknown :-1 s=CLOSED pgs=59 cs=0 l=1 rev1=1 crypto rx=0 tx=0 comp rx=0 tx=0).stop
2024-09-13T22:46:59.406 INFO:teuthology.orchestra.run.smithi002.stdout:/usr/bin/ceph: stderr
2024-09-13T22:46:58.701+0000 7f9f02b01700 1 -- 172.21.15.2:0/3479857588 >> 172.21.15.2:0/3479857588 conn(0x7f9efc101bd0 msgr2=0x7f9efc103ff0 unknown :-1 s=STATE_NONE l=0).mark_down
2024-09-13T22:46:59.406 INFO:teuthology.orchestra.run.smithi002.stdout:/usr/bin/ceph: stderr
2024-09-13T22:46:58.701+0000 7f9f02b01700 1 -- 172.21.15.2:0/3479857588 shutdown_connections
2024-09-13T22:46:59.406 INFO:teuthology.orchestra.run.smithi002.stdout:/usr/bin/ceph: stderr
2024-09-13T22:46:58.701+0000 7f9f02b01700 1 -- 172.21.15.2:0/3479857588 wait complete.
2024-09-13T22:46:59.406 INFO:teuthology.orchestra.run.smithi002.stdout:/usr/bin/ceph: stderr
2024-09-13T22:46:58.701+0000 7f9f02b01700 1 Processor -- start
2024-09-13T22:46:59.406 INFO:teuthology.orchestra.run.smithi002.stdout:/usr/bin/ceph: stderr
2024-09-13T22:46:58.701+0000 7f9f02b01700 1 -- start start
2024-09-13T22:46:59.406 INFO:teuthology.orchestra.run.smithi002.stdout:/usr/bin/ceph: stderr
2024-09-13T22:46:58.702+0000 7f9f02b01700 1 --2- >> [v2:172.21.15.2:3300/0,v1:172.21.15.2:6789/0] conn(0x7f9efc07be90 0x7f9efc19c470 unknown :-1 s=NONE pgs=0 cs=0 l=1 rev1=0 crypto rx=0 tx=0 comp rx=0 tx=0).connect
2024-09-13T22:46:59.406 INFO:teuthology.orchestra.run.smithi002.stdout:/usr/bin/ceph: stderr
2024-09-13T22:46:58.702+0000 7f9f02b01700 1 -- --> [v2:172.21.15.2:3300/0,v1:172.21.15.2:6789/0] -- mon_getmap magic: 0 v1 -- 0x7f9efc19c9b0 con 0x7f9efc07be90
2024-09-13T22:46:59.406 INFO:teuthology.orchestra.run.smithi002.stdout:/usr/bin/ceph: stderr
2024-09-13T22:46:58.702+0000 7f9f0089d700 1 --2- >> [v2:172.21.15.2:3300/0,v1:172.21.15.2:6789/0] conn(0x7f9efc07be90 0x7f9efc19c470 unknown :-1 s=BANNER_CONNECTING pgs=0 cs=0 l=1 rev1=0 crypto rx=0 tx=0 comp rx=0 tx=0)._handle_peer_banner_payload supported=3 required=0
2024-09-13T22:46:59.406 INFO:teuthology.orchestra.run.smithi002.stdout:/usr/bin/ceph: stderr
2024-09-13T22:46:58.702+0000 7f9f0089d700 1 --2- >> [v2:172.21.15.2:3300/0,v1:172.21.15.2:6789/0] conn(0x7f9efc07be90 0x7f9efc19c470 unknown :-1 s=HELLO_CONNECTING pgs=0 cs=0 l=1 rev1=1 crypto rx=0 tx=0 comp rx=0 tx=0).handle_hello peer v2:172.21.15.2:3300/0 says I am v2:172.21.15.2:58254/0 (socket says 172.21.15.2:58254)
2024-09-13T22:46:59.406 INFO:teuthology.orchestra.run.smithi002.stdout:/usr/bin/ceph: stderr
2024-09-13T22:46:58.702+0000 7f9f0089d700 1 -- 172.21.15.2:0/3568930249 learned_addr learned my addr 172.21.15.2:0/3568930249 (peer_addr_for_me v2:172.21.15.2:0/0)
2024-09-13T22:46:59.407 INFO:teuthology.orchestra.run.smithi002.stdout:/usr/bin/ceph: stderr
2024-09-13T22:46:58.702+0000 7f9f0089d700 1 -- 172.21.15.2:0/3568930249 --> [v2:172.21.15.2:3300/0,v1:172.21.15.2:6789/0] -- mon_subscribe({config=0+,monmap=0+}) v3 -- 0x7f9ef8009b30 con 0x7f9efc07be90
2024-09-13T22:46:59.407 INFO:teuthology.orchestra.run.smithi002.stdout:/usr/bin/ceph: stderr
2024-09-13T22:46:58.702+0000 7f9f0089d700 1 --2- 172.21.15.2:0/3568930249 >> [v2:172.21.15.2:3300/0,v1:172.21.15.2:6789/0] conn(0x7f9efc07be90 0x7f9efc19c470 secure :-1 s=READY pgs=60 cs=0 l=1 rev1=1 crypto rx=0x7f9ef8004070 tx=0x7f9ef80049f0 comp rx=0 tx=0).ready entity=mon.0 client_cookie=0 server_cookie=0 in_seq=0 out_seq=0
2024-09-13T22:46:59.407 INFO:teuthology.orchestra.run.smithi002.stdout:/usr/bin/ceph: stderr
2024-09-13T22:46:58.702+0000 7f9ef1ffb700 1 -- 172.21.15.2:0/3568930249 <== mon.0 v2:172.21.15.2:3300/0 1 ==== mon_map magic: 0 v1 ==== 229+0+0 (secure 0 0 0) 0x7f9ef800e040 con 0x7f9efc07be90
2024-09-13T22:46:59.407 INFO:teuthology.orchestra.run.smithi002.stdout:/usr/bin/ceph: stderr
2024-09-13T22:46:58.702+0000 7f9ef1ffb700 1 -- 172.21.15.2:0/3568930249 <== mon.0 v2:172.21.15.2:3300/0 2 ==== config(27 keys) v1 ==== 1101+0+0 (secure 0 0 0) 0x7f9ef800be00 con 0x7f9efc07be90
2024-09-13T22:46:59.407 INFO:teuthology.orchestra.run.smithi002.stdout:/usr/bin/ceph: stderr
2024-09-13T22:46:58.702+0000 7f9f02b01700 1 -- 172.21.15.2:0/3568930249 --> [v2:172.21.15.2:3300/0,v1:172.21.15.2:6789/0] -- mon_subscribe({mgrmap=0+}) v3 -- 0x7f9efc19cbb0 con 0x7f9efc07be90
2024-09-13T22:46:59.407 INFO:teuthology.orchestra.run.smithi002.stdout:/usr/bin/ceph: stderr
2024-09-13T22:46:58.702+0000 7f9ef1ffb700 1 -- 172.21.15.2:0/3568930249 <== mon.0 v2:172.21.15.2:3300/0 3 ==== mon_map magic: 0 v1 ==== 229+0+0 (secure 0 0 0) 0x7f9ef8012770 con 0x7f9efc07be90
2024-09-13T22:46:59.407 INFO:teuthology.orchestra.run.smithi002.stdout:/usr/bin/ceph: stderr
2024-09-13T22:46:58.703+0000 7f9f02b01700 1 -- 172.21.15.2:0/3568930249 --> [v2:172.21.15.2:3300/0,v1:172.21.15.2:6789/0] -- mon_subscribe({osdmap=0}) v3 -- 0x7f9efc19d030 con 0x7f9efc07be90
2024-09-13T22:46:59.407 INFO:teuthology.orchestra.run.smithi002.stdout:/usr/bin/ceph: stderr
2024-09-13T22:46:58.703+0000 7f9ef1ffb700 1 -- 172.21.15.2:0/3568930249 <== mon.0 v2:172.21.15.2:3300/0 4 ==== mgrmap(e 8) v1 ==== 45283+0+0 (secure 0 0 0) 0x7f9ef8019040 con 0x7f9efc07be90
2024-09-13T22:46:59.407 INFO:teuthology.orchestra.run.smithi002.stdout:/usr/bin/ceph: stderr
2024-09-13T22:46:58.704+0000 7f9f02b01700 1 -- 172.21.15.2:0/3568930249 --> [v2:172.21.15.2:3300/0,v1:172.21.15.2:6789/0] -- mon_command({"prefix": "get_command_descriptions"} v 0) v1 -- 0x7f9efc062430 con 0x7f9efc07be90
2024-09-13T22:46:59.407 INFO:teuthology.orchestra.run.smithi002.stdout:/usr/bin/ceph: stderr
2024-09-13T22:46:58.704+0000 7f9ef1ffb700 1 --2- 172.21.15.2:0/3568930249 >> [v2:172.21.15.2:6800/2,v1:172.21.15.2:6801/2] conn(0x7f9ee4038370 0x7f9ee403a830 unknown :-1 s=NONE pgs=0 cs=0 l=1 rev1=0 crypto rx=0 tx=0 comp rx=0 tx=0).connect
2024-09-13T22:46:59.407 INFO:teuthology.orchestra.run.smithi002.stdout:/usr/bin/ceph: stderr
2024-09-13T22:46:58.704+0000 7f9ef1ffb700 1 -- 172.21.15.2:0/3568930249 <== mon.0 v2:172.21.15.2:3300/0 5 ==== osd_map(2..2 src has 1..2) v4 ==== 940+0+0 (secure 0 0 0) 0x7f9ef804be80 con 0x7f9efc07be90
2024-09-13T22:46:59.407 INFO:teuthology.orchestra.run.smithi002.stdout:/usr/bin/ceph: stderr
2024-09-13T22:46:58.704+0000 7f9ef3fff700 1 --2- 172.21.15.2:0/3568930249 >> [v2:172.21.15.2:6800/2,v1:172.21.15.2:6801/2] conn(0x7f9ee4038370 0x7f9ee403a830 unknown :-1 s=BANNER_CONNECTING pgs=0 cs=0 l=1 rev1=0 crypto rx=0 tx=0 comp rx=0 tx=0)._handle_peer_banner_payload supported=3 required=0
2024-09-13T22:46:59.407 INFO:teuthology.orchestra.run.smithi002.stdout:/usr/bin/ceph: stderr
2024-09-13T22:46:58.704+0000 7f9ef3fff700 1 --2- 172.21.15.2:0/3568930249 >> [v2:172.21.15.2:6800/2,v1:172.21.15.2:6801/2] conn(0x7f9ee4038370 0x7f9ee403a830 secure :-1 s=READY pgs=18 cs=0 l=1 rev1=1 crypto rx=0x7f9eec006fd0 tx=0x7f9eec006e40 comp rx=0 tx=0).ready entity=mgr.14120 client_cookie=0 server_cookie=0 in_seq=0 out_seq=0
2024-09-13T22:46:59.407 INFO:teuthology.orchestra.run.smithi002.stdout:/usr/bin/ceph: stderr
2024-09-13T22:46:58.709+0000 7f9ef1ffb700 1 -- 172.21.15.2:0/3568930249 <== mon.0 v2:172.21.15.2:3300/0 6 ==== mon_command_ack([{"prefix": "get_command_descriptions"}]=0 v0) v1 ==== 72+0+180422 (secure 0 0 0) 0x7f9efc062430 con 0x7f9efc07be90
2024-09-13T22:46:59.407 INFO:teuthology.orchestra.run.smithi002.stdout:/usr/bin/ceph: stderr
2024-09-13T22:46:58.922+0000 7f9f02b01700 1 -- 172.21.15.2:0/3568930249 --> [v2:172.21.15.2:6800/2,v1:172.21.15.2:6801/2] -- mgr_command(tid 0: {"prefix": "orch apply", "service_type": "node-exporter", "target": ["mon-mgr", ""]}) v1 -- 0x7f9efc062430 con 0x7f9ee4038370
2024-09-13T22:46:59.408 INFO:teuthology.orchestra.run.smithi002.stdout:/usr/bin/ceph: stderr
2024-09-13T22:46:58.926+0000 7f9ef1ffb700 1 -- 172.21.15.2:0/3568930249 <== mgr.14120 v2:172.21.15.2:6800/2 1 ==== mgr_command_reply(tid 0: 0 ) v1 ==== 8+0+34 (secure 0 0 0) 0x7f9efc062430 con 0x7f9ee4038370
2024-09-13T22:46:59.408 INFO:teuthology.orchestra.run.smithi002.stdout:/usr/bin/ceph: stderr
2024-09-13T22:46:58.928+0000 7f9f02b01700 1 -- 172.21.15.2:0/3568930249 >> [v2:172.21.15.2:6800/2,v1:172.21.15.2:6801/2] conn(0x7f9ee4038370 msgr2=0x7f9ee403a830 secure :-1 s=STATE_CONNECTION_ESTABLISHED l=1).mark_down
2024-09-13T22:46:59.408 INFO:teuthology.orchestra.run.smithi002.stdout:/usr/bin/ceph: stderr
2024-09-13T22:46:58.928+0000 7f9f02b01700 1 --2- 172.21.15.2:0/3568930249 >> [v2:172.21.15.2:6800/2,v1:172.21.15.2:6801/2] conn(0x7f9ee4038370 0x7f9ee403a830 secure :-1 s=READY pgs=18 cs=0 l=1 rev1=1 crypto rx=0x7f9eec006fd0 tx=0x7f9eec006e40 comp rx=0 tx=0).stop
2024-09-13T22:46:59.408 INFO:teuthology.orchestra.run.smithi002.stdout:/usr/bin/ceph: stderr
2024-09-13T22:46:58.928+0000 7f9f02b01700 1 -- 172.21.15.2:0/3568930249 >> [v2:172.21.15.2:3300/0,v1:172.21.15.2:6789/0] conn(0x7f9efc07be90 msgr2=0x7f9efc19c470 secure :-1 s=STATE_CONNECTION_ESTABLISHED l=1).mark_down
2024-09-13T22:46:59.408 INFO:teuthology.orchestra.run.smithi002.stdout:/usr/bin/ceph: stderr
2024-09-13T22:46:58.928+0000 7f9f02b01700 1 --2- 172.21.15.2:0/3568930249 >> [v2:172.21.15.2:3300/0,v1:172.21.15.2:6789/0] conn(0x7f9efc07be90 0x7f9efc19c470 secure :-1 s=READY pgs=60 cs=0 l=1 rev1=1 crypto rx=0x7f9ef8004070 tx=0x7f9ef80049f0 comp rx=0 tx=0).stop
2024-09-13T22:46:59.408 INFO:teuthology.orchestra.run.smithi002.stdout:/usr/bin/ceph: stderr
2024-09-13T22:46:58.928+0000 7f9f02b01700 1 -- 172.21.15.2:0/3568930249 shutdown_connections
2024-09-13T22:46:59.408 INFO:teuthology.orchestra.run.smithi002.stdout:/usr/bin/ceph: stderr
2024-09-13T22:46:58.928+0000 7f9f02b01700 1 --2- 172.21.15.2:0/3568930249 >> [v2:172.21.15.2:6800/2,v1:172.21.15.2:6801/2] conn(0x7f9ee4038370 0x7f9ee403a830 unknown :-1 s=CLOSED pgs=18 cs=0 l=1 rev1=1 crypto rx=0 tx=0 comp rx=0 tx=0).stop
2024-09-13T22:46:59.408 INFO:teuthology.orchestra.run.smithi002.stdout:/usr/bin/ceph: stderr
2024-09-13T22:46:58.928+0000 7f9f02b01700 1 --2- 172.21.15.2:0/3568930249 >> [v2:172.21.15.2:3300/0,v1:172.21.15.2:6789/0] conn(0x7f9efc07be90 0x7f9efc19c470 unknown :-1 s=CLOSED pgs=60 cs=0 l=1 rev1=1 crypto rx=0 tx=0 comp rx=0 tx=0).stop
2024-09-13T22:46:59.408 INFO:teuthology.orchestra.run.smithi002.stdout:/usr/bin/ceph: stderr
2024-09-13T22:46:58.928+0000 7f9f02b01700 1 -- 172.21.15.2:0/3568930249 >> 172.21.15.2:0/3568930249 conn(0x7f9efc101bd0 msgr2=0x7f9efc103290 unknown :-1 s=STATE_NONE l=0).mark_down
2024-09-13T22:46:59.408 INFO:teuthology.orchestra.run.smithi002.stdout:/usr/bin/ceph: stderr
2024-09-13T22:46:58.928+0000 7f9f02b01700 1 -- 172.21.15.2:0/3568930249 shutdown_connections
2024-09-13T22:46:59.408 INFO:teuthology.orchestra.run.smithi002.stdout:/usr/bin/ceph: stderr
2024-09-13T22:46:58.928+0000 7f9f02b01700 1 -- 172.21.15.2:0/3568930249 wait complete.
2024-09-13T22:46:59.408 INFO:teuthology.orchestra.run.smithi002.stdout:Deploying alertmanager service with default placement...
2024-09-13T22:47:00.034 INFO:journalctl@ceph.mon.smithi002.smithi002.stdout:Sep 13 22:46:59 smithi002 ceph-mon[27637]: pgmap v3: 0 pgs: ; 0 B data, 0 B used, 0 B / 0 B avail
2024-09-13T22:47:00.034 INFO:journalctl@ceph.mon.smithi002.smithi002.stdout:Sep 13 22:46:59 smithi002 ceph-mon[27637]: from='client.14154 -' entity='client.admin' cmd=[{"prefix": "orch apply", "service_type": "node-exporter", "target": ["mon-mgr", ""]}]: dispatch
2024-09-13T22:47:00.035 INFO:journalctl@ceph.mon.smithi002.smithi002.stdout:Sep 13 22:46:59 smithi002 ceph-mon[27637]: Saving service node-exporter spec with placement *
2024-09-13T22:47:00.035 INFO:journalctl@ceph.mon.smithi002.smithi002.stdout:Sep 13 22:46:59 smithi002 ceph-mon[27637]: from='mgr.14120 172.21.15.2:0/2' entity='mgr.smithi002.yumtzz'
2024-09-13T22:47:00.552 INFO:teuthology.orchestra.run.smithi002.stdout:/usr/bin/ceph: stdout Scheduled alertmanager update...
2024-09-13T22:47:00.552 INFO:teuthology.orchestra.run.smithi002.stdout:/usr/bin/ceph: stderr
2024-09-13T22:46:59.805+0000 7f822e97e700 1 Processor -- start
2024-09-13T22:47:00.552 INFO:teuthology.orchestra.run.smithi002.stdout:/usr/bin/ceph: stderr
2024-09-13T22:46:59.806+0000 7f822e97e700 1 -- start start
2024-09-13T22:47:00.552 INFO:teuthology.orchestra.run.smithi002.stdout:/usr/bin/ceph: stderr
2024-09-13T22:46:59.806+0000 7f822e97e700 1 --2- >> [v2:172.21.15.2:3300/0,v1:172.21.15.2:6789/0] conn(0x7f82281070d0 0x7f82281094c0 unknown :-1 s=NONE pgs=0 cs=0 l=0 rev1=0 crypto rx=0 tx=0 comp rx=0 tx=0).connect
2024-09-13T22:47:00.552 INFO:teuthology.orchestra.run.smithi002.stdout:/usr/bin/ceph: stderr
2024-09-13T22:46:59.806+0000 7f822e97e700 1 -- --> [v2:172.21.15.2:3300/0,v1:172.21.15.2:6789/0] -- mon_getmap magic: 0 v1 -- 0x7f82280745d0 con 0x7f82281070d0
2024-09-13T22:47:00.552 INFO:teuthology.orchestra.run.smithi002.stdout:/usr/bin/ceph: stderr
2024-09-13T22:46:59.806+0000 7f8227fff700 1 --2- >> [v2:172.21.15.2:3300/0,v1:172.21.15.2:6789/0] conn(0x7f82281070d0 0x7f82281094c0 unknown :-1 s=BANNER_CONNECTING pgs=0 cs=0 l=0 rev1=0 crypto rx=0 tx=0 comp rx=0 tx=0)._handle_peer_banner_payload supported=3 required=0
2024-09-13T22:47:00.552 INFO:teuthology.orchestra.run.smithi002.stdout:/usr/bin/ceph: stderr
2024-09-13T22:46:59.806+0000 7f8227fff700 1 --2- >> [v2:172.21.15.2:3300/0,v1:172.21.15.2:6789/0] conn(0x7f82281070d0 0x7f82281094c0 unknown :-1 s=HELLO_CONNECTING pgs=0 cs=0 l=0 rev1=1 crypto rx=0 tx=0 comp rx=0 tx=0).handle_hello peer v2:172.21.15.2:3300/0 says I am v2:172.21.15.2:58270/0 (socket says 172.21.15.2:58270)
2024-09-13T22:47:00.552 INFO:teuthology.orchestra.run.smithi002.stdout:/usr/bin/ceph: stderr
2024-09-13T22:46:59.806+0000 7f8227fff700 1 -- 172.21.15.2:0/1353695249 learned_addr learned my addr 172.21.15.2:0/1353695249 (peer_addr_for_me v2:172.21.15.2:0/0)
2024-09-13T22:47:00.552 INFO:teuthology.orchestra.run.smithi002.stdout:/usr/bin/ceph: stderr
2024-09-13T22:46:59.806+0000 7f8227fff700 1 -- 172.21.15.2:0/1353695249 --> [v2:172.21.15.2:3300/0,v1:172.21.15.2:6789/0] -- mon_subscribe({config=0+,monmap=0+}) v3 -- 0x7f8228109a00 con 0x7f82281070d0
2024-09-13T22:47:00.552 INFO:teuthology.orchestra.run.smithi002.stdout:/usr/bin/ceph: stderr
2024-09-13T22:46:59.806+0000 7f8227fff700 1 --2- 172.21.15.2:0/1353695249 >> [v2:172.21.15.2:3300/0,v1:172.21.15.2:6789/0] conn(0x7f82281070d0 0x7f82281094c0 secure :-1 s=READY pgs=61 cs=0 l=1 rev1=1 crypto rx=0x7f82180098a0 tx=0x7f8218009bb0 comp rx=0 tx=0).ready entity=mon.0 client_cookie=3a3fcf077d636db7 server_cookie=0 in_seq=0 out_seq=0
