2024-09-15T21:59:23.065+0000 7f52c60aa640 1 -- --> [v2:172.21.15.5:3300/0,v1:172.21.15.5:6789/0] -- mon_getmap magic: 0 -- 0x7f52c01080b0 con 0x7f52c01076e0
2024-09-15T21:59:24.010 INFO:teuthology.orchestra.run.smithi005.stdout:/usr/bin/ceph: stderr
2024-09-15T21:59:23.065+0000 7f52bf7fe640 1 --2- >> [v2:172.21.15.5:3300/0,v1:172.21.15.5:6789/0] conn(0x7f52c01076e0 0x7f52c0107ae0 unknown :-1 s=BANNER_CONNECTING pgs=0 cs=0 l=0 rev1=0 crypto rx=0 tx=0 comp rx=0 tx=0)._handle_peer_banner_payload supported=3 required=0
2024-09-15T21:59:24.011 INFO:teuthology.orchestra.run.smithi005.stdout:/usr/bin/ceph: stderr
2024-09-15T21:59:23.065+0000 7f52bf7fe640 1 --2- >> [v2:172.21.15.5:3300/0,v1:172.21.15.5:6789/0] conn(0x7f52c01076e0 0x7f52c0107ae0 unknown :-1 s=HELLO_CONNECTING pgs=0 cs=0 l=0 rev1=1 crypto rx=0 tx=0 comp rx=0 tx=0).handle_hello peer v2:172.21.15.5:3300/0 says I am v2:172.21.15.5:51302/0 (socket says 172.21.15.5:51302)
2024-09-15T21:59:24.011 INFO:teuthology.orchestra.run.smithi005.stdout:/usr/bin/ceph: stderr
2024-09-15T21:59:23.065+0000 7f52bf7fe640 1 -- 172.21.15.5:0/1413968211 learned_addr learned my addr 172.21.15.5:0/1413968211 (peer_addr_for_me v2:172.21.15.5:0/0)
2024-09-15T21:59:24.011 INFO:teuthology.orchestra.run.smithi005.stdout:/usr/bin/ceph: stderr
2024-09-15T21:59:23.066+0000 7f52bf7fe640 1 -- 172.21.15.5:0/1413968211 --> [v2:172.21.15.5:3300/0,v1:172.21.15.5:6789/0] -- mon_subscribe({config=0+,monmap=0+}) -- 0x7f52c0108890 con 0x7f52c01076e0
2024-09-15T21:59:24.011 INFO:teuthology.orchestra.run.smithi005.stdout:/usr/bin/ceph: stderr
2024-09-15T21:59:23.066+0000 7f52bf7fe640 1 --2- 172.21.15.5:0/1413968211 >> [v2:172.21.15.5:3300/0,v1:172.21.15.5:6789/0] conn(0x7f52c01076e0 0x7f52c0107ae0 secure :-1 s=READY pgs=39 cs=0 l=1 rev1=1 crypto rx=0x7f52b0009e80 tx=0x7f52b002a7a0 comp rx=0 tx=0).ready entity=mon.0 client_cookie=fcb5d3d917fb5eba server_cookie=0 in_seq=0 out_seq=0
2024-09-15T21:59:24.011 INFO:teuthology.orchestra.run.smithi005.stdout:/usr/bin/ceph: stderr
2024-09-15T21:59:23.067+0000 7f52be7fc640 1 -- 172.21.15.5:0/1413968211 <== mon.0 v2:172.21.15.5:3300/0 1 ==== mon_map magic: 0 ==== 205+0+0 (secure 0 0 0) 0x7f52b0036070 con 0x7f52c01076e0
2024-09-15T21:59:24.011 INFO:teuthology.orchestra.run.smithi005.stdout:/usr/bin/ceph: stderr
2024-09-15T21:59:23.067+0000 7f52be7fc640 1 -- 172.21.15.5:0/1413968211 <== mon.0 v2:172.21.15.5:3300/0 2 ==== config(27 keys) ==== 1109+0+0 (secure 0 0 0) 0x7f52b00318c0 con 0x7f52c01076e0
2024-09-15T21:59:24.011 INFO:teuthology.orchestra.run.smithi005.stdout:/usr/bin/ceph: stderr
2024-09-15T21:59:23.067+0000 7f52be7fc640 1 -- 172.21.15.5:0/1413968211 <== mon.0 v2:172.21.15.5:3300/0 3 ==== mon_map magic: 0 ==== 205+0+0 (secure 0 0 0) 0x7f52b0007ab0 con 0x7f52c01076e0
2024-09-15T21:59:24.011 INFO:teuthology.orchestra.run.smithi005.stdout:/usr/bin/ceph: stderr
2024-09-15T21:59:23.067+0000 7f52c60aa640 1 -- 172.21.15.5:0/1413968211 >> [v2:172.21.15.5:3300/0,v1:172.21.15.5:6789/0] conn(0x7f52c01076e0 msgr2=0x7f52c0107ae0 secure :-1 s=STATE_CONNECTION_ESTABLISHED l=1).mark_down
2024-09-15T21:59:24.011 INFO:teuthology.orchestra.run.smithi005.stdout:/usr/bin/ceph: stderr
2024-09-15T21:59:23.067+0000 7f52c60aa640 1 --2- 172.21.15.5:0/1413968211 >> [v2:172.21.15.5:3300/0,v1:172.21.15.5:6789/0] conn(0x7f52c01076e0 0x7f52c0107ae0 secure :-1 s=READY pgs=39 cs=0 l=1 rev1=1 crypto rx=0x7f52b0009e80 tx=0x7f52b002a7a0 comp rx=0 tx=0).stop
2024-09-15T21:59:24.011 INFO:teuthology.orchestra.run.smithi005.stdout:/usr/bin/ceph: stderr
2024-09-15T21:59:23.067+0000 7f52c60aa640 1 -- 172.21.15.5:0/1413968211 shutdown_connections
2024-09-15T21:59:24.011 INFO:teuthology.orchestra.run.smithi005.stdout:/usr/bin/ceph: stderr
2024-09-15T21:59:23.067+0000 7f52c60aa640 1 --2- 172.21.15.5:0/1413968211 >> [v2:172.21.15.5:3300/0,v1:172.21.15.5:6789/0] conn(0x7f52c01076e0 0x7f52c0107ae0 unknown :-1 s=CLOSED pgs=39 cs=0 l=1 rev1=1 crypto rx=0 tx=0 comp rx=0 tx=0).stop
2024-09-15T21:59:24.011 INFO:teuthology.orchestra.run.smithi005.stdout:/usr/bin/ceph: stderr
2024-09-15T21:59:23.067+0000 7f52c60aa640 1 -- 172.21.15.5:0/1413968211 >> 172.21.15.5:0/1413968211 conn(0x7f52c0102e90 msgr2=0x7f52c01052b0 unknown :-1 s=STATE_NONE l=0).mark_down
2024-09-15T21:59:24.011 INFO:teuthology.orchestra.run.smithi005.stdout:/usr/bin/ceph: stderr
2024-09-15T21:59:23.067+0000 7f52c60aa640 1 -- 172.21.15.5:0/1413968211 shutdown_connections
2024-09-15T21:59:24.011 INFO:teuthology.orchestra.run.smithi005.stdout:/usr/bin/ceph: stderr
2024-09-15T21:59:23.067+0000 7f52c60aa640 1 -- 172.21.15.5:0/1413968211 wait complete.
2024-09-15T21:59:24.012 INFO:teuthology.orchestra.run.smithi005.stdout:/usr/bin/ceph: stderr
2024-09-15T21:59:23.068+0000 7f52c60aa640 1 Processor -- start
2024-09-15T21:59:24.012 INFO:teuthology.orchestra.run.smithi005.stdout:/usr/bin/ceph: stderr
2024-09-15T21:59:23.068+0000 7f52c60aa640 1 -- start start
2024-09-15T21:59:24.012 INFO:teuthology.orchestra.run.smithi005.stdout:/usr/bin/ceph: stderr
2024-09-15T21:59:23.068+0000 7f52c60aa640 1 --2- >> [v2:172.21.15.5:3300/0,v1:172.21.15.5:6789/0] conn(0x7f52c01076e0 0x7f52c007e380 unknown :-1 s=NONE pgs=0 cs=0 l=1 rev1=0 crypto rx=0 tx=0 comp rx=0 tx=0).connect
2024-09-15T21:59:24.012 INFO:teuthology.orchestra.run.smithi005.stdout:/usr/bin/ceph: stderr
2024-09-15T21:59:23.068+0000 7f52c60aa640 1 -- --> [v2:172.21.15.5:3300/0,v1:172.21.15.5:6789/0] -- mon_getmap magic: 0 -- 0x7f52c010bc40 con 0x7f52c01076e0
2024-09-15T21:59:24.012 INFO:teuthology.orchestra.run.smithi005.stdout:/usr/bin/ceph: stderr
2024-09-15T21:59:23.068+0000 7f52bf7fe640 1 --2- >> [v2:172.21.15.5:3300/0,v1:172.21.15.5:6789/0] conn(0x7f52c01076e0 0x7f52c007e380 unknown :-1 s=BANNER_CONNECTING pgs=0 cs=0 l=1 rev1=0 crypto rx=0 tx=0 comp rx=0 tx=0)._handle_peer_banner_payload supported=3 required=0
2024-09-15T21:59:24.012 INFO:teuthology.orchestra.run.smithi005.stdout:/usr/bin/ceph: stderr
2024-09-15T21:59:23.068+0000 7f52bf7fe640 1 --2- >> [v2:172.21.15.5:3300/0,v1:172.21.15.5:6789/0] conn(0x7f52c01076e0 0x7f52c007e380 unknown :-1 s=HELLO_CONNECTING pgs=0 cs=0 l=1 rev1=1 crypto rx=0 tx=0 comp rx=0 tx=0).handle_hello peer v2:172.21.15.5:3300/0 says I am v2:172.21.15.5:51314/0 (socket says 172.21.15.5:51314)
2024-09-15T21:59:24.012 INFO:teuthology.orchestra.run.smithi005.stdout:/usr/bin/ceph: stderr
2024-09-15T21:59:23.069+0000 7f52bf7fe640 1 -- 172.21.15.5:0/1864366106 learned_addr learned my addr 172.21.15.5:0/1864366106 (peer_addr_for_me v2:172.21.15.5:0/0)
2024-09-15T21:59:24.012 INFO:teuthology.orchestra.run.smithi005.stdout:/usr/bin/ceph: stderr
2024-09-15T21:59:23.069+0000 7f52bf7fe640 1 -- 172.21.15.5:0/1864366106 --> [v2:172.21.15.5:3300/0,v1:172.21.15.5:6789/0] -- mon_subscribe({config=0+,monmap=0+}) -- 0x7f52c007e8c0 con 0x7f52c01076e0
2024-09-15T21:59:24.012 INFO:teuthology.orchestra.run.smithi005.stdout:/usr/bin/ceph: stderr
2024-09-15T21:59:23.069+0000 7f52bf7fe640 1 --2- 172.21.15.5:0/1864366106 >> [v2:172.21.15.5:3300/0,v1:172.21.15.5:6789/0] conn(0x7f52c01076e0 0x7f52c007e380 secure :-1 s=READY pgs=40 cs=0 l=1 rev1=1 crypto rx=0x7f52b002ad90 tx=0x7f52b0031ca0 comp rx=0 tx=0).ready entity=mon.0 client_cookie=0 server_cookie=0 in_seq=0 out_seq=0
2024-09-15T21:59:24.012 INFO:teuthology.orchestra.run.smithi005.stdout:/usr/bin/ceph: stderr
2024-09-15T21:59:23.069+0000 7f52bcff9640 1 -- 172.21.15.5:0/1864366106 <== mon.0 v2:172.21.15.5:3300/0 1 ==== mon_map magic: 0 ==== 205+0+0 (secure 0 0 0) 0x7f52b0036050 con 0x7f52c01076e0
2024-09-15T21:59:24.012 INFO:teuthology.orchestra.run.smithi005.stdout:/usr/bin/ceph: stderr
2024-09-15T21:59:23.069+0000 7f52bcff9640 1 -- 172.21.15.5:0/1864366106 <== mon.0 v2:172.21.15.5:3300/0 2 ==== config(27 keys) ==== 1109+0+0 (secure 0 0 0) 0x7f52b0042070 con 0x7f52c01076e0
2024-09-15T21:59:24.012 INFO:teuthology.orchestra.run.smithi005.stdout:/usr/bin/ceph: stderr
2024-09-15T21:59:23.069+0000 7f52c60aa640 1 -- 172.21.15.5:0/1864366106 --> [v2:172.21.15.5:3300/0,v1:172.21.15.5:6789/0] -- mon_subscribe({mgrmap=0+}) -- 0x7f52c007cab0 con 0x7f52c01076e0
2024-09-15T21:59:24.012 INFO:teuthology.orchestra.run.smithi005.stdout:/usr/bin/ceph: stderr
2024-09-15T21:59:23.069+0000 7f52bcff9640 1 -- 172.21.15.5:0/1864366106 <== mon.0 v2:172.21.15.5:3300/0 3 ==== mon_map magic: 0 ==== 205+0+0 (secure 0 0 0) 0x7f52b003d7e0 con 0x7f52c01076e0
2024-09-15T21:59:24.013 INFO:teuthology.orchestra.run.smithi005.stdout:/usr/bin/ceph: stderr
2024-09-15T21:59:23.069+0000 7f52c60aa640 1 -- 172.21.15.5:0/1864366106 --> [v2:172.21.15.5:3300/0,v1:172.21.15.5:6789/0] -- mon_subscribe({osdmap=0}) -- 0x7f52c007cff0 con 0x7f52c01076e0
2024-09-15T21:59:24.013 INFO:teuthology.orchestra.run.smithi005.stdout:/usr/bin/ceph: stderr
2024-09-15T21:59:23.070+0000 7f52bcff9640 1 -- 172.21.15.5:0/1864366106 <== mon.0 v2:172.21.15.5:3300/0 4 ==== mgrmap(e 8) ==== 46461+0+0 (secure 0 0 0) 0x7f52b003da90 con 0x7f52c01076e0
2024-09-15T21:59:24.013 INFO:teuthology.orchestra.run.smithi005.stdout:/usr/bin/ceph: stderr
2024-09-15T21:59:23.070+0000 7f52c60aa640 1 -- 172.21.15.5:0/1864366106 --> [v2:172.21.15.5:3300/0,v1:172.21.15.5:6789/0] -- mon_command({"prefix": "get_command_descriptions"} v 0) -- 0x7f52c0107b60 con 0x7f52c01076e0
2024-09-15T21:59:24.013 INFO:teuthology.orchestra.run.smithi005.stdout:/usr/bin/ceph: stderr
2024-09-15T21:59:23.070+0000 7f52bcff9640 1 --2- 172.21.15.5:0/1864366106 >> [v2:172.21.15.5:6800/3785442724,v1:172.21.15.5:6801/3785442724] conn(0x7f52ac039200 0x7f52ac03b6c0 unknown :-1 s=NONE pgs=0 cs=0 l=1 rev1=0 crypto rx=0 tx=0 comp rx=0 tx=0).connect
2024-09-15T21:59:24.013 INFO:teuthology.orchestra.run.smithi005.stdout:/usr/bin/ceph: stderr
2024-09-15T21:59:23.070+0000 7f52bcff9640 1 -- 172.21.15.5:0/1864366106 <== mon.0 v2:172.21.15.5:3300/0 5 ==== osd_map(2..2 src has 1..2) ==== 940+0+0 (secure 0 0 0) 0x7f52b0007e00 con 0x7f52c01076e0
2024-09-15T21:59:24.013 INFO:teuthology.orchestra.run.smithi005.stdout:/usr/bin/ceph: stderr
2024-09-15T21:59:23.071+0000 7f52beffd640 1 --2- 172.21.15.5:0/1864366106 >> [v2:172.21.15.5:6800/3785442724,v1:172.21.15.5:6801/3785442724] conn(0x7f52ac039200 0x7f52ac03b6c0 unknown :-1 s=BANNER_CONNECTING pgs=0 cs=0 l=1 rev1=0 crypto rx=0 tx=0 comp rx=0 tx=0)._handle_peer_banner_payload supported=3 required=0
2024-09-15T21:59:24.013 INFO:teuthology.orchestra.run.smithi005.stdout:/usr/bin/ceph: stderr
2024-09-15T21:59:23.071+0000 7f52beffd640 1 --2- 172.21.15.5:0/1864366106 >> [v2:172.21.15.5:6800/3785442724,v1:172.21.15.5:6801/3785442724] conn(0x7f52ac039200 0x7f52ac03b6c0 secure :-1 s=READY pgs=9 cs=0 l=1 rev1=1 crypto rx=0x7f52a80098c0 tx=0x7f52a8006db0 comp rx=0 tx=0).ready entity=mgr.14118 client_cookie=0 server_cookie=0 in_seq=0 out_seq=0
2024-09-15T21:59:24.013 INFO:teuthology.orchestra.run.smithi005.stdout:/usr/bin/ceph: stderr
2024-09-15T21:59:23.075+0000 7f52bcff9640 1 -- 172.21.15.5:0/1864366106 <== mon.0 v2:172.21.15.5:3300/0 6 ==== mon_command_ack([{"prefix": "get_command_descriptions"}]=0 v0) ==== 72+0+188821 (secure 0 0 0) 0x7f52b0039de0 con 0x7f52c01076e0
2024-09-15T21:59:24.013 INFO:teuthology.orchestra.run.smithi005.stdout:/usr/bin/ceph: stderr
2024-09-15T21:59:23.257+0000 7f52c60aa640 1 -- 172.21.15.5:0/1864366106 --> [v2:172.21.15.5:6800/3785442724,v1:172.21.15.5:6801/3785442724] -- mgr_command(tid 0: {"prefix": "cephadm generate-key", "target": ["mon-mgr", ""]}) -- 0x7f52c0104120 con 0x7f52ac039200
2024-09-15T21:59:24.013 INFO:teuthology.orchestra.run.smithi005.stdout:/usr/bin/ceph: stderr
2024-09-15T21:59:23.436+0000 7f52bcff9640 1 -- 172.21.15.5:0/1864366106 <== mgr.14118 v2:172.21.15.5:6800/3785442724 1 ==== mgr_command_reply(tid 0: 0 ) ==== 8+0+0 (secure 0 0 0) 0x7f52c0104120 con 0x7f52ac039200
2024-09-15T21:59:24.013 INFO:teuthology.orchestra.run.smithi005.stdout:/usr/bin/ceph: stderr
2024-09-15T21:59:23.439+0000 7f52c60aa640 1 -- 172.21.15.5:0/1864366106 >> [v2:172.21.15.5:6800/3785442724,v1:172.21.15.5:6801/3785442724] conn(0x7f52ac039200 msgr2=0x7f52ac03b6c0 secure :-1 s=STATE_CONNECTION_ESTABLISHED l=1).mark_down
2024-09-15T21:59:24.013 INFO:teuthology.orchestra.run.smithi005.stdout:/usr/bin/ceph: stderr
2024-09-15T21:59:23.439+0000 7f52c60aa640 1 --2- 172.21.15.5:0/1864366106 >> [v2:172.21.15.5:6800/3785442724,v1:172.21.15.5:6801/3785442724] conn(0x7f52ac039200 0x7f52ac03b6c0 secure :-1 s=READY pgs=9 cs=0 l=1 rev1=1 crypto rx=0x7f52a80098c0 tx=0x7f52a8006db0 comp rx=0 tx=0).stop
2024-09-15T21:59:24.013 INFO:teuthology.orchestra.run.smithi005.stdout:/usr/bin/ceph: stderr
2024-09-15T21:59:23.439+0000 7f52c60aa640 1 -- 172.21.15.5:0/1864366106 >> [v2:172.21.15.5:3300/0,v1:172.21.15.5:6789/0] conn(0x7f52c01076e0 msgr2=0x7f52c007e380 secure :-1 s=STATE_CONNECTION_ESTABLISHED l=1).mark_down
2024-09-15T21:59:24.014 INFO:teuthology.orchestra.run.smithi005.stdout:/usr/bin/ceph: stderr
2024-09-15T21:59:23.439+0000 7f52c60aa640 1 --2- 172.21.15.5:0/1864366106 >> [v2:172.21.15.5:3300/0,v1:172.21.15.5:6789/0] conn(0x7f52c01076e0 0x7f52c007e380 secure :-1 s=READY pgs=40 cs=0 l=1 rev1=1 crypto rx=0x7f52b002ad90 tx=0x7f52b0031ca0 comp rx=0 tx=0).stop
2024-09-15T21:59:24.014 INFO:teuthology.orchestra.run.smithi005.stdout:/usr/bin/ceph: stderr
2024-09-15T21:59:23.439+0000 7f52c60aa640 1 -- 172.21.15.5:0/1864366106 shutdown_connections
2024-09-15T21:59:24.014 INFO:teuthology.orchestra.run.smithi005.stdout:/usr/bin/ceph: stderr
2024-09-15T21:59:23.439+0000 7f52c60aa640 1 --2- 172.21.15.5:0/1864366106 >> [v2:172.21.15.5:6800/3785442724,v1:172.21.15.5:6801/3785442724] conn(0x7f52ac039200 0x7f52ac03b6c0 unknown :-1 s=CLOSED pgs=9 cs=0 l=1 rev1=1 crypto rx=0 tx=0 comp rx=0 tx=0).stop
2024-09-15T21:59:24.014 INFO:teuthology.orchestra.run.smithi005.stdout:/usr/bin/ceph: stderr
2024-09-15T21:59:23.439+0000 7f52c60aa640 1 --2- 172.21.15.5:0/1864366106 >> [v2:172.21.15.5:3300/0,v1:172.21.15.5:6789/0] conn(0x7f52c01076e0 0x7f52c007e380 unknown :-1 s=CLOSED pgs=40 cs=0 l=1 rev1=1 crypto rx=0 tx=0 comp rx=0 tx=0).stop
2024-09-15T21:59:24.014 INFO:teuthology.orchestra.run.smithi005.stdout:/usr/bin/ceph: stderr
2024-09-15T21:59:23.439+0000 7f52c60aa640 1 -- 172.21.15.5:0/1864366106 >> 172.21.15.5:0/1864366106 conn(0x7f52c0102e90 msgr2=0x7f52c0103a10 unknown :-1 s=STATE_NONE l=0).mark_down
2024-09-15T21:59:24.014 INFO:teuthology.orchestra.run.smithi005.stdout:/usr/bin/ceph: stderr
2024-09-15T21:59:23.439+0000 7f52c60aa640 1 -- 172.21.15.5:0/1864366106 shutdown_connections
2024-09-15T21:59:24.014 INFO:teuthology.orchestra.run.smithi005.stdout:/usr/bin/ceph: stderr
2024-09-15T21:59:23.439+0000 7f52c60aa640 1 -- 172.21.15.5:0/1864366106 wait complete.
2024-09-15T21:59:24.586 INFO:journalctl@ceph.mon.a.smithi005.stdout:Sep 15 21:59:24 smithi005 ceph-mon[30944]: from='client.14134 -' entity='client.admin' cmd=[{"prefix": "cephadm generate-key", "target": ["mon-mgr", ""]}]: dispatch
2024-09-15T21:59:24.587 INFO:journalctl@ceph.mon.a.smithi005.stdout:Sep 15 21:59:24 smithi005 ceph-mon[30944]: Generating ssh key...
2024-09-15T21:59:25.135 INFO:teuthology.orchestra.run.smithi005.stdout:/usr/bin/ceph: stdout ssh-rsa AAAAB3NzaC1yc2EAAAADAQABAAABgQDCbXIQVxatulaq6+BiIjbdCEKZUtHM1QP5Q2CegsUvrPFP5HKmxTmWJn4Dlab3IWDKrNM+j/H6mx1dD832gLkKb9m/PcftCgNfJIPEALrZSgQbF/hpFF9K/eXTzpBzYU7Rv0eCLVtztVapKL444GHVyh/DIeq1ZARPszP/wKgelylEdqveGkpYvcOAwdlcMuVo8oOCvcOv7jR0PX6M/eIiWOqjWsfZ/XHm6qInPro8ZDFxQ7sxZiaKiPFWdLVoOT1Sgj06bjOnL42REokOnL/m1JAXb4t0LUKLulMpthqGkCRSmydbbXmkP6107cIJpq0Lp1Ir6mZYQe+tGfObvrgSUyP4dUv5cpoRKpp20072UcZ2edw/5XjOljspa2vm7RkqIlvxrQgnb5oqJDKdQUkR4zhr3BiYbi7ZKdu4Z9Sj3zX1DAOPIJ/8fb/ntwbbim5aAddjFad76fpms8D+N6juYKnmda4V1bzSYiUKtVwTCjBWuJAUcsLzEyel7Hj2/q0= ceph-962891f2-73ad-11ef-bceb-c7b262605968
2024-09-15T21:59:25.135 INFO:teuthology.orchestra.run.smithi005.stdout:/usr/bin/ceph: stderr
2024-09-15T21:59:24.396+0000 7fcfc736e640 1 Processor -- start
2024-09-15T21:59:25.135 INFO:teuthology.orchestra.run.smithi005.stdout:/usr/bin/ceph: stderr
2024-09-15T21:59:24.396+0000 7fcfc736e640 1 -- start start
2024-09-15T21:59:25.135 INFO:teuthology.orchestra.run.smithi005.stdout:/usr/bin/ceph: stderr
2024-09-15T21:59:24.397+0000 7fcfc736e640 1 --2- >> [v2:172.21.15.5:3300/0,v1:172.21.15.5:6789/0] conn(0x7fcfc01076a0 0x7fcfc0107aa0 unknown :-1 s=NONE pgs=0 cs=0 l=0 rev1=0 crypto rx=0 tx=0 comp rx=0 tx=0).connect
2024-09-15T21:59:25.135 INFO:teuthology.orchestra.run.smithi005.stdout:/usr/bin/ceph: stderr
2024-09-15T21:59:24.397+0000 7fcfc736e640 1 -- --> [v2:172.21.15.5:3300/0,v1:172.21.15.5:6789/0] -- mon_getmap magic: 0 -- 0x7fcfc0108070 con 0x7fcfc01076a0
2024-09-15T21:59:25.135 INFO:teuthology.orchestra.run.smithi005.stdout:/usr/bin/ceph: stderr
2024-09-15T21:59:24.397+0000 7fcfc510a640 1 --2- >> [v2:172.21.15.5:3300/0,v1:172.21.15.5:6789/0] conn(0x7fcfc01076a0 0x7fcfc0107aa0 unknown :-1 s=BANNER_CONNECTING pgs=0 cs=0 l=0 rev1=0 crypto rx=0 tx=0 comp rx=0 tx=0)._handle_peer_banner_payload supported=3 required=0
2024-09-15T21:59:25.136 INFO:teuthology.orchestra.run.smithi005.stdout:/usr/bin/ceph: stderr
2024-09-15T21:59:24.397+0000 7fcfc510a640 1 --2- >> [v2:172.21.15.5:3300/0,v1:172.21.15.5:6789/0] conn(0x7fcfc01076a0 0x7fcfc0107aa0 unknown :-1 s=HELLO_CONNECTING pgs=0 cs=0 l=0 rev1=1 crypto rx=0 tx=0 comp rx=0 tx=0).handle_hello peer v2:172.21.15.5:3300/0 says I am v2:172.21.15.5:41510/0 (socket says 172.21.15.5:41510)
2024-09-15T21:59:25.136 INFO:teuthology.orchestra.run.smithi005.stdout:/usr/bin/ceph: stderr
2024-09-15T21:59:24.397+0000 7fcfc510a640 1 -- 172.21.15.5:0/1468797444 learned_addr learned my addr 172.21.15.5:0/1468797444 (peer_addr_for_me v2:172.21.15.5:0/0)
2024-09-15T21:59:25.136 INFO:teuthology.orchestra.run.smithi005.stdout:/usr/bin/ceph: stderr
2024-09-15T21:59:24.397+0000 7fcfc510a640 1 -- 172.21.15.5:0/1468797444 --> [v2:172.21.15.5:3300/0,v1:172.21.15.5:6789/0] -- mon_subscribe({config=0+,monmap=0+}) -- 0x7fcfc01088a0 con 0x7fcfc01076a0
2024-09-15T21:59:25.136 INFO:teuthology.orchestra.run.smithi005.stdout:/usr/bin/ceph: stderr
2024-09-15T21:59:24.398+0000 7fcfc510a640 1 --2- 172.21.15.5:0/1468797444 >> [v2:172.21.15.5:3300/0,v1:172.21.15.5:6789/0] conn(0x7fcfc01076a0 0x7fcfc0107aa0 secure :-1 s=READY pgs=41 cs=0 l=1 rev1=1 crypto rx=0x7fcfbc009820 tx=0x7fcfbc02a270 comp rx=0 tx=0).ready entity=mon.0 client_cookie=29e98f0ba1b6ea1d server_cookie=0 in_seq=0 out_seq=0
2024-09-15T21:59:25.136 INFO:teuthology.orchestra.run.smithi005.stdout:/usr/bin/ceph: stderr
2024-09-15T21:59:24.398+0000 7fcfb7fff640 1 -- 172.21.15.5:0/1468797444 <== mon.0 v2:172.21.15.5:3300/0 1 ==== mon_map magic: 0 ==== 205+0+0 (secure 0 0 0) 0x7fcfbc037070 con 0x7fcfc01076a0
2024-09-15T21:59:25.136 INFO:teuthology.orchestra.run.smithi005.stdout:/usr/bin/ceph: stderr
2024-09-15T21:59:24.398+0000 7fcfb7fff640 1 -- 172.21.15.5:0/1468797444 <== mon.0 v2:172.21.15.5:3300/0 2 ==== config(27 keys) ==== 1109+0+0 (secure 0 0 0) 0x7fcfbc032900 con 0x7fcfc01076a0
2024-09-15T21:59:25.136 INFO:teuthology.orchestra.run.smithi005.stdout:/usr/bin/ceph: stderr
2024-09-15T21:59:24.398+0000 7fcfb7fff640 1 -- 172.21.15.5:0/1468797444 <== mon.0 v2:172.21.15.5:3300/0 3 ==== mon_map magic: 0 ==== 205+0+0 (secure 0 0 0) 0x7fcfbc030850 con 0x7fcfc01076a0
2024-09-15T21:59:25.136 INFO:teuthology.orchestra.run.smithi005.stdout:/usr/bin/ceph: stderr
2024-09-15T21:59:24.399+0000 7fcfc736e640 1 -- 172.21.15.5:0/1468797444 >> [v2:172.21.15.5:3300/0,v1:172.21.15.5:6789/0] conn(0x7fcfc01076a0 msgr2=0x7fcfc0107aa0 secure :-1 s=STATE_CONNECTION_ESTABLISHED l=1).mark_down
2024-09-15T21:59:25.136 INFO:teuthology.orchestra.run.smithi005.stdout:/usr/bin/ceph: stderr
2024-09-15T21:59:24.399+0000 7fcfc736e640 1 --2- 172.21.15.5:0/1468797444 >> [v2:172.21.15.5:3300/0,v1:172.21.15.5:6789/0] conn(0x7fcfc01076a0 0x7fcfc0107aa0 secure :-1 s=READY pgs=41 cs=0 l=1 rev1=1 crypto rx=0x7fcfbc009820 tx=0x7fcfbc02a270 comp rx=0 tx=0).stop
2024-09-15T21:59:25.136 INFO:teuthology.orchestra.run.smithi005.stdout:/usr/bin/ceph: stderr
2024-09-15T21:59:24.399+0000 7fcfc736e640 1 -- 172.21.15.5:0/1468797444 shutdown_connections
2024-09-15T21:59:25.136 INFO:teuthology.orchestra.run.smithi005.stdout:/usr/bin/ceph: stderr
2024-09-15T21:59:24.399+0000 7fcfc736e640 1 --2- 172.21.15.5:0/1468797444 >> [v2:172.21.15.5:3300/0,v1:172.21.15.5:6789/0] conn(0x7fcfc01076a0 0x7fcfc0107aa0 unknown :-1 s=CLOSED pgs=41 cs=0 l=1 rev1=1 crypto rx=0 tx=0 comp rx=0 tx=0).stop
2024-09-15T21:59:25.137 INFO:teuthology.orchestra.run.smithi005.stdout:/usr/bin/ceph: stderr
2024-09-15T21:59:24.399+0000 7fcfc736e640 1 -- 172.21.15.5:0/1468797444 >> 172.21.15.5:0/1468797444 conn(0x7fcfc0102e50 msgr2=0x7fcfc0105270 unknown :-1 s=STATE_NONE l=0).mark_down
2024-09-15T21:59:25.137 INFO:teuthology.orchestra.run.smithi005.stdout:/usr/bin/ceph: stderr
2024-09-15T21:59:24.399+0000 7fcfc736e640 1 -- 172.21.15.5:0/1468797444 shutdown_connections
2024-09-15T21:59:25.137 INFO:teuthology.orchestra.run.smithi005.stdout:/usr/bin/ceph: stderr
2024-09-15T21:59:24.399+0000 7fcfc736e640 1 -- 172.21.15.5:0/1468797444 wait complete.
2024-09-15T21:59:25.137 INFO:teuthology.orchestra.run.smithi005.stdout:/usr/bin/ceph: stderr
2024-09-15T21:59:24.399+0000 7fcfc736e640 1 Processor -- start
2024-09-15T21:59:25.137 INFO:teuthology.orchestra.run.smithi005.stdout:/usr/bin/ceph: stderr
2024-09-15T21:59:24.400+0000 7fcfc736e640 1 -- start start
2024-09-15T21:59:25.137 INFO:teuthology.orchestra.run.smithi005.stdout:/usr/bin/ceph: stderr
2024-09-15T21:59:24.400+0000 7fcfc736e640 1 --2- >> [v2:172.21.15.5:3300/0,v1:172.21.15.5:6789/0] conn(0x7fcfc01076a0 0x7fcfc019b670 unknown :-1 s=NONE pgs=0 cs=0 l=1 rev1=0 crypto rx=0 tx=0 comp rx=0 tx=0).connect
2024-09-15T21:59:25.137 INFO:teuthology.orchestra.run.smithi005.stdout:/usr/bin/ceph: stderr
2024-09-15T21:59:24.400+0000 7fcfc736e640 1 -- --> [v2:172.21.15.5:3300/0,v1:172.21.15.5:6789/0] -- mon_getmap magic: 0 -- 0x7fcfc010bc50 con 0x7fcfc01076a0
2024-09-15T21:59:25.137 INFO:teuthology.orchestra.run.smithi005.stdout:/usr/bin/ceph: stderr
2024-09-15T21:59:24.400+0000 7fcfc510a640 1 --2- >> [v2:172.21.15.5:3300/0,v1:172.21.15.5:6789/0] conn(0x7fcfc01076a0 0x7fcfc019b670 unknown :-1 s=BANNER_CONNECTING pgs=0 cs=0 l=1 rev1=0 crypto rx=0 tx=0 comp rx=0 tx=0)._handle_peer_banner_payload supported=3 required=0
2024-09-15T21:59:25.137 INFO:teuthology.orchestra.run.smithi005.stdout:/usr/bin/ceph: stderr
2024-09-15T21:59:24.400+0000 7fcfc510a640 1 --2- >> [v2:172.21.15.5:3300/0,v1:172.21.15.5:6789/0] conn(0x7fcfc01076a0 0x7fcfc019b670 unknown :-1 s=HELLO_CONNECTING pgs=0 cs=0 l=1 rev1=1 crypto rx=0 tx=0 comp rx=0 tx=0).handle_hello peer v2:172.21.15.5:3300/0 says I am v2:172.21.15.5:41514/0 (socket says 172.21.15.5:41514)
2024-09-15T21:59:25.137 INFO:teuthology.orchestra.run.smithi005.stdout:/usr/bin/ceph: stderr
2024-09-15T21:59:24.400+0000 7fcfc510a640 1 -- 172.21.15.5:0/2961872469 learned_addr learned my addr 172.21.15.5:0/2961872469 (peer_addr_for_me v2:172.21.15.5:0/0)
2024-09-15T21:59:25.137 INFO:teuthology.orchestra.run.smithi005.stdout:/usr/bin/ceph: stderr
2024-09-15T21:59:24.400+0000 7fcfc510a640 1 -- 172.21.15.5:0/2961872469 --> [v2:172.21.15.5:3300/0,v1:172.21.15.5:6789/0] -- mon_subscribe({config=0+,monmap=0+}) -- 0x7fcfc019bbb0 con 0x7fcfc01076a0
2024-09-15T21:59:25.138 INFO:teuthology.orchestra.run.smithi005.stdout:/usr/bin/ceph: stderr
2024-09-15T21:59:24.400+0000 7fcfc510a640 1 --2- 172.21.15.5:0/2961872469 >> [v2:172.21.15.5:3300/0,v1:172.21.15.5:6789/0] conn(0x7fcfc01076a0 0x7fcfc019b670 secure :-1 s=READY pgs=42 cs=0 l=1 rev1=1 crypto rx=0x7fcfbc0097f0 tx=0x7fcfbc030d80 comp rx=0 tx=0).ready entity=mon.0 client_cookie=0 server_cookie=0 in_seq=0 out_seq=0
2024-09-15T21:59:25.138 INFO:teuthology.orchestra.run.smithi005.stdout:/usr/bin/ceph: stderr
2024-09-15T21:59:24.401+0000 7fcfb67fc640 1 -- 172.21.15.5:0/2961872469 <== mon.0 v2:172.21.15.5:3300/0 1 ==== mon_map magic: 0 ==== 205+0+0 (secure 0 0 0) 0x7fcfbc037040 con 0x7fcfc01076a0
2024-09-15T21:59:25.138 INFO:teuthology.orchestra.run.smithi005.stdout:/usr/bin/ceph: stderr
2024-09-15T21:59:24.401+0000 7fcfb67fc640 1 -- 172.21.15.5:0/2961872469 <== mon.0 v2:172.21.15.5:3300/0 2 ==== config(27 keys) ==== 1109+0+0 (secure 0 0 0) 0x7fcfbc040070 con 0x7fcfc01076a0
2024-09-15T21:59:25.138 INFO:teuthology.orchestra.run.smithi005.stdout:/usr/bin/ceph: stderr
2024-09-15T21:59:24.401+0000 7fcfc736e640 1 -- 172.21.15.5:0/2961872469 --> [v2:172.21.15.5:3300/0,v1:172.21.15.5:6789/0] -- mon_subscribe({mgrmap=0+}) -- 0x7fcfc019be40 con 0x7fcfc01076a0
2024-09-15T21:59:25.138 INFO:teuthology.orchestra.run.smithi005.stdout:/usr/bin/ceph: stderr
2024-09-15T21:59:24.401+0000 7fcfb67fc640 1 -- 172.21.15.5:0/2961872469 <== mon.0 v2:172.21.15.5:3300/0 3 ==== mon_map magic: 0 ==== 205+0+0 (secure 0 0 0) 0x7fcfbc03a390 con 0x7fcfc01076a0
2024-09-15T21:59:25.138 INFO:teuthology.orchestra.run.smithi005.stdout:/usr/bin/ceph: stderr
2024-09-15T21:59:24.401+0000 7fcfc736e640 1 -- 172.21.15.5:0/2961872469 --> [v2:172.21.15.5:3300/0,v1:172.21.15.5:6789/0] -- mon_subscribe({osdmap=0}) -- 0x7fcfc019eb30 con 0x7fcfc01076a0
2024-09-15T21:59:25.138 INFO:teuthology.orchestra.run.smithi005.stdout:/usr/bin/ceph: stderr
2024-09-15T21:59:24.402+0000 7fcfb67fc640 1 -- 172.21.15.5:0/2961872469 <== mon.0 v2:172.21.15.5:3300/0 4 ==== mgrmap(e 8) ==== 46461+0+0 (secure 0 0 0) 0x7fcfbc03b430 con 0x7fcfc01076a0
2024-09-15T21:59:25.138 INFO:teuthology.orchestra.run.smithi005.stdout:/usr/bin/ceph: stderr
2024-09-15T21:59:24.402+0000 7fcfc736e640 1 -- 172.21.15.5:0/2961872469 --> [v2:172.21.15.5:3300/0,v1:172.21.15.5:6789/0] -- mon_command({"prefix": "get_command_descriptions"} v 0) -- 0x7fcfc010bdd0 con 0x7fcfc01076a0
2024-09-15T21:59:25.138 INFO:teuthology.orchestra.run.smithi005.stdout:/usr/bin/ceph: stderr
2024-09-15T21:59:24.402+0000 7fcfb67fc640 1 --2- 172.21.15.5:0/2961872469 >> [v2:172.21.15.5:6800/3785442724,v1:172.21.15.5:6801/3785442724] conn(0x7fcfac0391b0 0x7fcfac03b670 unknown :-1 s=NONE pgs=0 cs=0 l=1 rev1=0 crypto rx=0 tx=0 comp rx=0 tx=0).connect
2024-09-15T21:59:25.138 INFO:teuthology.orchestra.run.smithi005.stdout:/usr/bin/ceph: stderr
2024-09-15T21:59:24.402+0000 7fcfb67fc640 1 -- 172.21.15.5:0/2961872469 <== mon.0 v2:172.21.15.5:3300/0 5 ==== osd_map(2..2 src has 1..2) ==== 940+0+0 (secure 0 0 0) 0x7fcfbc06c7a0 con 0x7fcfc01076a0
2024-09-15T21:59:25.139 INFO:teuthology.orchestra.run.smithi005.stdout:/usr/bin/ceph: stderr
2024-09-15T21:59:24.402+0000 7fcfc4909640 1 --2- 172.21.15.5:0/2961872469 >> [v2:172.21.15.5:6800/3785442724,v1:172.21.15.5:6801/3785442724] conn(0x7fcfac0391b0 0x7fcfac03b670 unknown :-1 s=BANNER_CONNECTING pgs=0 cs=0 l=1 rev1=0 crypto rx=0 tx=0 comp rx=0 tx=0)._handle_peer_banner_payload supported=3 required=0
2024-09-15T21:59:25.139 INFO:teuthology.orchestra.run.smithi005.stdout:/usr/bin/ceph: stderr
2024-09-15T21:59:24.402+0000 7fcfc4909640 1 --2- 172.21.15.5:0/2961872469 >> [v2:172.21.15.5:6800/3785442724,v1:172.21.15.5:6801/3785442724] conn(0x7fcfac0391b0 0x7fcfac03b670 secure :-1 s=READY pgs=10 cs=0 l=1 rev1=1 crypto rx=0x7fcfb00098c0 tx=0x7fcfb0006db0 comp rx=0 tx=0).ready entity=mgr.14118 client_cookie=0 server_cookie=0 in_seq=0 out_seq=0
2024-09-15T21:59:25.139 INFO:teuthology.orchestra.run.smithi005.stdout:/usr/bin/ceph: stderr
2024-09-15T21:59:24.407+0000 7fcfb67fc640 1 -- 172.21.15.5:0/2961872469 <== mon.0 v2:172.21.15.5:3300/0 6 ==== mon_command_ack([{"prefix": "get_command_descriptions"}]=0 v0) ==== 72+0+188821 (secure 0 0 0) 0x7fcfbc032900 con 0x7fcfc01076a0
2024-09-15T21:59:25.139 INFO:teuthology.orchestra.run.smithi005.stdout:/usr/bin/ceph: stderr
2024-09-15T21:59:24.585+0000 7fcfc736e640 1 -- 172.21.15.5:0/2961872469 --> [v2:172.21.15.5:6800/3785442724,v1:172.21.15.5:6801/3785442724] -- mgr_command(tid 0: {"prefix": "cephadm get-pub-key", "target": ["mon-mgr", ""]}) -- 0x7fcfc0104050 con 0x7fcfac0391b0
2024-09-15T21:59:25.139 INFO:teuthology.orchestra.run.smithi005.stdout:/usr/bin/ceph: stderr
2024-09-15T21:59:24.586+0000 7fcfb67fc640 1 -- 172.21.15.5:0/2961872469 <== mgr.14118 v2:172.21.15.5:6800/3785442724 1 ==== mgr_command_reply(tid 0: 0 ) ==== 8+0+595 (secure 0 0 0) 0x7fcfc0104050 con 0x7fcfac0391b0
2024-09-15T21:59:25.139 INFO:teuthology.orchestra.run.smithi005.stdout:/usr/bin/ceph: stderr
2024-09-15T21:59:24.588+0000 7fcfc736e640 1 -- 172.21.15.5:0/2961872469 >> [v2:172.21.15.5:6800/3785442724,v1:172.21.15.5:6801/3785442724] conn(0x7fcfac0391b0 msgr2=0x7fcfac03b670 secure :-1 s=STATE_CONNECTION_ESTABLISHED l=1).mark_down
2024-09-15T21:59:25.139 INFO:teuthology.orchestra.run.smithi005.stdout:/usr/bin/ceph: stderr
2024-09-15T21:59:24.588+0000 7fcfc736e640 1 --2- 172.21.15.5:0/2961872469 >> [v2:172.21.15.5:6800/3785442724,v1:172.21.15.5:6801/3785442724] conn(0x7fcfac0391b0 0x7fcfac03b670 secure :-1 s=READY pgs=10 cs=0 l=1 rev1=1 crypto rx=0x7fcfb00098c0 tx=0x7fcfb0006db0 comp rx=0 tx=0).stop
2024-09-15T21:59:25.139 INFO:teuthology.orchestra.run.smithi005.stdout:/usr/bin/ceph: stderr
2024-09-15T21:59:24.588+0000 7fcfc736e640 1 -- 172.21.15.5:0/2961872469 >> [v2:172.21.15.5:3300/0,v1:172.21.15.5:6789/0] conn(0x7fcfc01076a0 msgr2=0x7fcfc019b670 secure :-1 s=STATE_CONNECTION_ESTABLISHED l=1).mark_down
2024-09-15T21:59:25.139 INFO:teuthology.orchestra.run.smithi005.stdout:/usr/bin/ceph: stderr
2024-09-15T21:59:24.588+0000 7fcfc736e640 1 --2- 172.21.15.5:0/2961872469 >> [v2:172.21.15.5:3300/0,v1:172.21.15.5:6789/0] conn(0x7fcfc01076a0 0x7fcfc019b670 secure :-1 s=READY pgs=42 cs=0 l=1 rev1=1 crypto rx=0x7fcfbc0097f0 tx=0x7fcfbc030d80 comp rx=0 tx=0).stop
2024-09-15T21:59:25.139 INFO:teuthology.orchestra.run.smithi005.stdout:/usr/bin/ceph: stderr
2024-09-15T21:59:24.588+0000 7fcfc736e640 1 -- 172.21.15.5:0/2961872469 shutdown_connections
2024-09-15T21:59:25.140 INFO:teuthology.orchestra.run.smithi005.stdout:/usr/bin/ceph: stderr
2024-09-15T21:59:24.588+0000 7fcfc736e640 1 --2- 172.21.15.5:0/2961872469 >> [v2:172.21.15.5:6800/3785442724,v1:172.21.15.5:6801/3785442724] conn(0x7fcfac0391b0 0x7fcfac03b670 unknown :-1 s=CLOSED pgs=10 cs=0 l=1 rev1=1 crypto rx=0 tx=0 comp rx=0 tx=0).stop
2024-09-15T21:59:25.140 INFO:teuthology.orchestra.run.smithi005.stdout:/usr/bin/ceph: stderr
2024-09-15T21:59:24.588+0000 7fcfc736e640 1 --2- 172.21.15.5:0/2961872469 >> [v2:172.21.15.5:3300/0,v1:172.21.15.5:6789/0] conn(0x7fcfc01076a0 0x7fcfc019b670 unknown :-1 s=CLOSED pgs=42 cs=0 l=1 rev1=1 crypto rx=0 tx=0 comp rx=0 tx=0).stop
2024-09-15T21:59:25.140 INFO:teuthology.orchestra.run.smithi005.stdout:/usr/bin/ceph: stderr
2024-09-15T21:59:24.588+0000 7fcfc736e640 1 -- 172.21.15.5:0/2961872469 >> 172.21.15.5:0/2961872469 conn(0x7fcfc0102e50 msgr2=0x7fcfc0103940 unknown :-1 s=STATE_NONE l=0).mark_down
2024-09-15T21:59:25.140 INFO:teuthology.orchestra.run.smithi005.stdout:/usr/bin/ceph: stderr
2024-09-15T21:59:24.588+0000 7fcfc736e640 1 -- 172.21.15.5:0/2961872469 shutdown_connections
2024-09-15T21:59:25.140 INFO:teuthology.orchestra.run.smithi005.stdout:/usr/bin/ceph: stderr
2024-09-15T21:59:24.588+0000 7fcfc736e640 1 -- 172.21.15.5:0/2961872469 wait complete.
2024-09-15T21:59:25.140 INFO:teuthology.orchestra.run.smithi005.stdout:Wrote public SSH key to /home/ubuntu/cephtest/ceph.pub
2024-09-15T21:59:25.140 INFO:teuthology.orchestra.run.smithi005.stdout:Adding key to root@localhost authorized_keys...
2024-09-15T21:59:25.140 INFO:teuthology.orchestra.run.smithi005.stdout:Adding host smithi005...
2024-09-15T21:59:25.718 INFO:journalctl@ceph.mon.a.smithi005.stdout:Sep 15 21:59:25 smithi005 ceph-mon[30944]: from='client.14136 -' entity='client.admin' cmd=[{"prefix": "cephadm get-pub-key", "target": ["mon-mgr", ""]}]: dispatch
2024-09-15T21:59:26.749 INFO:journalctl@ceph.mon.a.smithi005.stdout:Sep 15 21:59:26 smithi005 ceph-mon[30944]: from='client.14138 -' entity='client.admin' cmd=[{"prefix": "orch host add", "hostname": "smithi005", "addr": "172.21.15.5", "target": ["mon-mgr", ""]}]: dispatch
2024-09-15T21:59:27.955 INFO:journalctl@ceph.mon.a.smithi005.stdout:Sep 15 21:59:27 smithi005 ceph-mon[30944]: Deploying cephadm binary to smithi005
2024-09-15T21:59:30.181 INFO:teuthology.orchestra.run.smithi005.stdout:/usr/bin/ceph: stdout Added host 'smithi005' with addr '172.21.15.5'
2024-09-15T21:59:30.181 INFO:teuthology.orchestra.run.smithi005.stdout:/usr/bin/ceph: stderr
2024-09-15T21:59:25.528+0000 7f7ae8778640 1 Processor -- start
2024-09-15T21:59:30.181 INFO:teuthology.orchestra.run.smithi005.stdout:/usr/bin/ceph: stderr
2024-09-15T21:59:25.528+0000 7f7ae8778640 1 -- start start
2024-09-15T21:59:30.181 INFO:teuthology.orchestra.run.smithi005.stdout:/usr/bin/ceph: stderr
2024-09-15T21:59:25.529+0000 7f7ae8778640 1 --2- >> [v2:172.21.15.5:3300/0,v1:172.21.15.5:6789/0] conn(0x7f7ae01076e0 0x7f7ae0107ae0 unknown :-1 s=NONE pgs=0 cs=0 l=0 rev1=0 crypto rx=0 tx=0 comp rx=0 tx=0).connect
2024-09-15T21:59:30.182 INFO:teuthology.orchestra.run.smithi005.stdout:/usr/bin/ceph: stderr
2024-09-15T21:59:25.529+0000 7f7ae8778640 1 -- --> [v2:172.21.15.5:3300/0,v1:172.21.15.5:6789/0] -- mon_getmap magic: 0 -- 0x7f7ae01080b0 con 0x7f7ae01076e0
2024-09-15T21:59:30.182 INFO:teuthology.orchestra.run.smithi005.stdout:/usr/bin/ceph: stderr
2024-09-15T21:59:25.529+0000 7f7ae6514640 1 --2- >> [v2:172.21.15.5:3300/0,v1:172.21.15.5:6789/0] conn(0x7f7ae01076e0 0x7f7ae0107ae0 unknown :-1 s=BANNER_CONNECTING pgs=0 cs=0 l=0 rev1=0 crypto rx=0 tx=0 comp rx=0 tx=0)._handle_peer_banner_payload supported=3 required=0
2024-09-15T21:59:30.182 INFO:teuthology.orchestra.run.smithi005.stdout:/usr/bin/ceph: stderr
2024-09-15T21:59:25.529+0000 7f7ae6514640 1 --2- >> [v2:172.21.15.5:3300/0,v1:172.21.15.5:6789/0] conn(0x7f7ae01076e0 0x7f7ae0107ae0 unknown :-1 s=HELLO_CONNECTING pgs=0 cs=0 l=0 rev1=1 crypto rx=0 tx=0 comp rx=0 tx=0).handle_hello peer v2:172.21.15.5:3300/0 says I am v2:172.21.15.5:41526/0 (socket says 172.21.15.5:41526)
2024-09-15T21:59:30.182 INFO:teuthology.orchestra.run.smithi005.stdout:/usr/bin/ceph: stderr
2024-09-15T21:59:25.529+0000 7f7ae6514640 1 -- 172.21.15.5:0/3827477624 learned_addr learned my addr 172.21.15.5:0/3827477624 (peer_addr_for_me v2:172.21.15.5:0/0)
2024-09-15T21:59:30.182 INFO:teuthology.orchestra.run.smithi005.stdout:/usr/bin/ceph: stderr
2024-09-15T21:59:25.529+0000 7f7ae6514640 1 -- 172.21.15.5:0/3827477624 --> [v2:172.21.15.5:3300/0,v1:172.21.15.5:6789/0] -- mon_subscribe({config=0+,monmap=0+}) -- 0x7f7ae0108890 con 0x7f7ae01076e0
2024-09-15T21:59:30.182 INFO:teuthology.orchestra.run.smithi005.stdout:/usr/bin/ceph: stderr
2024-09-15T21:59:25.530+0000 7f7ae6514640 1 --2- 172.21.15.5:0/3827477624 >> [v2:172.21.15.5:3300/0,v1:172.21.15.5:6789/0] conn(0x7f7ae01076e0 0x7f7ae0107ae0 secure :-1 s=READY pgs=43 cs=0 l=1 rev1=1 crypto rx=0x7f7adc009820 tx=0x7f7adc02a270 comp rx=0 tx=0).ready entity=mon.0 client_cookie=708336a4aae5b4b4 server_cookie=0 in_seq=0 out_seq=0
2024-09-15T21:59:30.182 INFO:teuthology.orchestra.run.smithi005.stdout:/usr/bin/ceph: stderr
2024-09-15T21:59:25.530+0000 7f7ae5512640 1 -- 172.21.15.5:0/3827477624 <== mon.0 v2:172.21.15.5:3300/0 1 ==== mon_map magic: 0 ==== 205+0+0 (secure 0 0 0) 0x7f7adc037070 con 0x7f7ae01076e0
2024-09-15T21:59:30.182 INFO:teuthology.orchestra.run.smithi005.stdout:/usr/bin/ceph: stderr
2024-09-15T21:59:25.530+0000 7f7ae5512640 1 -- 172.21.15.5:0/3827477624 <== mon.0 v2:172.21.15.5:3300/0 2 ==== config(27 keys) ==== 1109+0+0 (secure 0 0 0) 0x7f7adc032900 con 0x7f7ae01076e0
2024-09-15T21:59:30.182 INFO:teuthology.orchestra.run.smithi005.stdout:/usr/bin/ceph: stderr
2024-09-15T21:59:25.530+0000 7f7ae5512640 1 -- 172.21.15.5:0/3827477624 <== mon.0 v2:172.21.15.5:3300/0 3 ==== mon_map magic: 0 ==== 205+0+0 (secure 0 0 0) 0x7f7adc030850 con 0x7f7ae01076e0
2024-09-15T21:59:30.182 INFO:teuthology.orchestra.run.smithi005.stdout:/usr/bin/ceph: stderr
2024-09-15T21:59:25.531+0000 7f7ae8778640 1 -- 172.21.15.5:0/3827477624 >> [v2:172.21.15.5:3300/0,v1:172.21.15.5:6789/0] conn(0x7f7ae01076e0 msgr2=0x7f7ae0107ae0 secure :-1 s=STATE_CONNECTION_ESTABLISHED l=1).mark_down
2024-09-15T21:59:30.182 INFO:teuthology.orchestra.run.smithi005.stdout:/usr/bin/ceph: stderr
2024-09-15T21:59:25.531+0000 7f7ae8778640 1 --2- 172.21.15.5:0/3827477624 >> [v2:172.21.15.5:3300/0,v1:172.21.15.5:6789/0] conn(0x7f7ae01076e0 0x7f7ae0107ae0 secure :-1 s=READY pgs=43 cs=0 l=1 rev1=1 crypto rx=0x7f7adc009820 tx=0x7f7adc02a270 comp rx=0 tx=0).stop
2024-09-15T21:59:30.182 INFO:teuthology.orchestra.run.smithi005.stdout:/usr/bin/ceph: stderr
2024-09-15T21:59:25.531+0000 7f7ae8778640 1 -- 172.21.15.5:0/3827477624 shutdown_connections
2024-09-15T21:59:30.182 INFO:teuthology.orchestra.run.smithi005.stdout:/usr/bin/ceph: stderr
2024-09-15T21:59:25.531+0000 7f7ae8778640 1 --2- 172.21.15.5:0/3827477624 >> [v2:172.21.15.5:3300/0,v1:172.21.15.5:6789/0] conn(0x7f7ae01076e0 0x7f7ae0107ae0 unknown :-1 s=CLOSED pgs=43 cs=0 l=1 rev1=1 crypto rx=0 tx=0 comp rx=0 tx=0).stop
2024-09-15T21:59:30.183 INFO:teuthology.orchestra.run.smithi005.stdout:/usr/bin/ceph: stderr
2024-09-15T21:59:25.531+0000 7f7ae8778640 1 -- 172.21.15.5:0/3827477624 >> 172.21.15.5:0/3827477624 conn(0x7f7ae0102e90 msgr2=0x7f7ae01052b0 unknown :-1 s=STATE_NONE l=0).mark_down
2024-09-15T21:59:30.183 INFO:teuthology.orchestra.run.smithi005.stdout:/usr/bin/ceph: stderr
2024-09-15T21:59:25.531+0000 7f7ae8778640 1 -- 172.21.15.5:0/3827477624 shutdown_connections
2024-09-15T21:59:30.183 INFO:teuthology.orchestra.run.smithi005.stdout:/usr/bin/ceph: stderr
2024-09-15T21:59:25.531+0000 7f7ae8778640 1 -- 172.21.15.5:0/3827477624 wait complete.
2024-09-15T21:59:30.183 INFO:teuthology.orchestra.run.smithi005.stdout:/usr/bin/ceph: stderr
2024-09-15T21:59:25.532+0000 7f7ae8778640 1 Processor -- start
2024-09-15T21:59:30.183 INFO:teuthology.orchestra.run.smithi005.stdout:/usr/bin/ceph: stderr
2024-09-15T21:59:25.532+0000 7f7ae8778640 1 -- start start
2024-09-15T21:59:30.183 INFO:teuthology.orchestra.run.smithi005.stdout:/usr/bin/ceph: stderr
2024-09-15T21:59:25.532+0000 7f7ae8778640 1 --2- >> [v2:172.21.15.5:3300/0,v1:172.21.15.5:6789/0] conn(0x7f7ae01076e0 0x7f7ae007e380 unknown :-1 s=NONE pgs=0 cs=0 l=1 rev1=0 crypto rx=0 tx=0 comp rx=0 tx=0).connect
2024-09-15T21:59:30.183 INFO:teuthology.orchestra.run.smithi005.stdout:/usr/bin/ceph: stderr
2024-09-15T21:59:25.532+0000 7f7ae8778640 1 -- --> [v2:172.21.15.5:3300/0,v1:172.21.15.5:6789/0] -- mon_getmap magic: 0 -- 0x7f7ae010bc40 con 0x7f7ae01076e0
2024-09-15T21:59:30.183 INFO:teuthology.orchestra.run.smithi005.stdout:/usr/bin/ceph: stderr
2024-09-15T21:59:25.532+0000 7f7ae6514640 1 --2- >> [v2:172.21.15.5:3300/0,v1:172.21.15.5:6789/0] conn(0x7f7ae01076e0 0x7f7ae007e380 unknown :-1 s=BANNER_CONNECTING pgs=0 cs=0 l=1 rev1=0 crypto rx=0 tx=0 comp rx=0 tx=0)._handle_peer_banner_payload supported=3 required=0
2024-09-15T21:59:30.183 INFO:teuthology.orchestra.run.smithi005.stdout:/usr/bin/ceph: stderr
2024-09-15T21:59:25.532+0000 7f7ae6514640 1 --2- >> [v2:172.21.15.5:3300/0,v1:172.21.15.5:6789/0] conn(0x7f7ae01076e0 0x7f7ae007e380 unknown :-1 s=HELLO_CONNECTING pgs=0 cs=0 l=1 rev1=1 crypto rx=0 tx=0 comp rx=0 tx=0).handle_hello peer v2:172.21.15.5:3300/0 says I am v2:172.21.15.5:41542/0 (socket says 172.21.15.5:41542)
2024-09-15T21:59:30.183 INFO:teuthology.orchestra.run.smithi005.stdout:/usr/bin/ceph: stderr
2024-09-15T21:59:25.532+0000 7f7ae6514640 1 -- 172.21.15.5:0/2645608938 learned_addr learned my addr 172.21.15.5:0/2645608938 (peer_addr_for_me v2:172.21.15.5:0/0)
2024-09-15T21:59:30.183 INFO:teuthology.orchestra.run.smithi005.stdout:/usr/bin/ceph: stderr
2024-09-15T21:59:25.533+0000 7f7ae6514640 1 -- 172.21.15.5:0/2645608938 --> [v2:172.21.15.5:3300/0,v1:172.21.15.5:6789/0] -- mon_subscribe({config=0+,monmap=0+}) -- 0x7f7ae007e8c0 con 0x7f7ae01076e0
2024-09-15T21:59:30.183 INFO:teuthology.orchestra.run.smithi005.stdout:/usr/bin/ceph: stderr
2024-09-15T21:59:25.533+0000 7f7ae6514640 1 --2- 172.21.15.5:0/2645608938 >> [v2:172.21.15.5:3300/0,v1:172.21.15.5:6789/0] conn(0x7f7ae01076e0 0x7f7ae007e380 secure :-1 s=READY pgs=44 cs=0 l=1 rev1=1 crypto rx=0x7f7adc0097f0 tx=0x7f7adc030d80 comp rx=0 tx=0).ready entity=mon.0 client_cookie=0 server_cookie=0 in_seq=0 out_seq=0
2024-09-15T21:59:30.183 INFO:teuthology.orchestra.run.smithi005.stdout:/usr/bin/ceph: stderr
2024-09-15T21:59:25.533+0000 7f7ad77fe640 1 -- 172.21.15.5:0/2645608938 <== mon.0 v2:172.21.15.5:3300/0 1 ==== mon_map magic: 0 ==== 205+0+0 (secure 0 0 0) 0x7f7adc037040 con 0x7f7ae01076e0
2024-09-15T21:59:30.184 INFO:teuthology.orchestra.run.smithi005.stdout:/usr/bin/ceph: stderr
2024-09-15T21:59:25.533+0000 7f7ae8778640 1 -- 172.21.15.5:0/2645608938 --> [v2:172.21.15.5:3300/0,v1:172.21.15.5:6789/0] -- mon_subscribe({mgrmap=0+}) -- 0x7f7ae007cab0 con 0x7f7ae01076e0
2024-09-15T21:59:30.184 INFO:teuthology.orchestra.run.smithi005.stdout:/usr/bin/ceph: stderr
2024-09-15T21:59:25.533+0000 7f7ad77fe640 1 -- 172.21.15.5:0/2645608938 <== mon.0 v2:172.21.15.5:3300/0 2 ==== config(27 keys) ==== 1109+0+0 (secure 0 0 0) 0x7f7adc040070 con 0x7f7ae01076e0
2024-09-15T21:59:30.184 INFO:teuthology.orchestra.run.smithi005.stdout:/usr/bin/ceph: stderr
2024-09-15T21:59:25.533+0000 7f7ad77fe640 1 -- 172.21.15.5:0/2645608938 <== mon.0 v2:172.21.15.5:3300/0 3 ==== mon_map magic: 0 ==== 205+0+0 (secure 0 0 0) 0x7f7adc03a390 con 0x7f7ae01076e0
2024-09-15T21:59:30.184 INFO:teuthology.orchestra.run.smithi005.stdout:/usr/bin/ceph: stderr
2024-09-15T21:59:25.533+0000 7f7ae8778640 1 -- 172.21.15.5:0/2645608938 --> [v2:172.21.15.5:3300/0,v1:172.21.15.5:6789/0] -- mon_subscribe({osdmap=0}) -- 0x7f7ae007cf90 con 0x7f7ae01076e0
2024-09-15T21:59:30.184 INFO:teuthology.orchestra.run.smithi005.stdout:/usr/bin/ceph: stderr
2024-09-15T21:59:25.534+0000 7f7ad77fe640 1 -- 172.21.15.5:0/2645608938 <== mon.0 v2:172.21.15.5:3300/0 4 ==== mgrmap(e 8) ==== 46461+0+0 (secure 0 0 0) 0x7f7adc03b430 con 0x7f7ae01076e0
2024-09-15T21:59:30.184 INFO:teuthology.orchestra.run.smithi005.stdout:/usr/bin/ceph: stderr
2024-09-15T21:59:25.534+0000 7f7ae8778640 1 -- 172.21.15.5:0/2645608938 --> [v2:172.21.15.5:3300/0,v1:172.21.15.5:6789/0] -- mon_command({"prefix": "get_command_descriptions"} v 0) -- 0x7f7ae0107b60 con 0x7f7ae01076e0
2024-09-15T21:59:30.184 INFO:teuthology.orchestra.run.smithi005.stdout:/usr/bin/ceph: stderr
2024-09-15T21:59:25.534+0000 7f7ad77fe640 1 --2- 172.21.15.5:0/2645608938 >> [v2:172.21.15.5:6800/3785442724,v1:172.21.15.5:6801/3785442724] conn(0x7f7acc0391b0 0x7f7acc03b670 unknown :-1 s=NONE pgs=0 cs=0 l=1 rev1=0 crypto rx=0 tx=0 comp rx=0 tx=0).connect
2024-09-15T21:59:30.184 INFO:teuthology.orchestra.run.smithi005.stdout:/usr/bin/ceph: stderr
2024-09-15T21:59:25.535+0000 7f7ad77fe640 1 -- 172.21.15.5:0/2645608938 <== mon.0 v2:172.21.15.5:3300/0 5 ==== osd_map(2..2 src has 1..2) ==== 940+0+0 (secure 0 0 0) 0x7f7adc06c7a0 con 0x7f7ae01076e0
2024-09-15T21:59:30.184 INFO:teuthology.orchestra.run.smithi005.stdout:/usr/bin/ceph: stderr
2024-09-15T21:59:25.535+0000 7f7ae5d13640 1 --2- 172.21.15.5:0/2645608938 >> [v2:172.21.15.5:6800/3785442724,v1:172.21.15.5:6801/3785442724] conn(0x7f7acc0391b0 0x7f7acc03b670 unknown :-1 s=BANNER_CONNECTING pgs=0 cs=0 l=1 rev1=0 crypto rx=0 tx=0 comp rx=0 tx=0)._handle_peer_banner_payload supported=3 required=0
2024-09-15T21:59:30.184 INFO:teuthology.orchestra.run.smithi005.stdout:/usr/bin/ceph: stderr
2024-09-15T21:59:25.535+0000 7f7ae5d13640 1 --2- 172.21.15.5:0/2645608938 >> [v2:172.21.15.5:6800/3785442724,v1:172.21.15.5:6801/3785442724] conn(0x7f7acc0391b0 0x7f7acc03b670 secure :-1 s=READY pgs=11 cs=0 l=1 rev1=1 crypto rx=0x7f7ad00098c0 tx=0x7f7ad0006db0 comp rx=0 tx=0).ready entity=mgr.14118 client_cookie=0 server_cookie=0 in_seq=0 out_seq=0
2024-09-15T21:59:30.184 INFO:teuthology.orchestra.run.smithi005.stdout:/usr/bin/ceph: stderr
2024-09-15T21:59:25.539+0000 7f7ad77fe640 1 -- 172.21.15.5:0/2645608938 <== mon.0 v2:172.21.15.5:3300/0 6 ==== mon_command_ack([{"prefix": "get_command_descriptions"}]=0 v0) ==== 72+0+188821 (secure 0 0 0) 0x7f7adc032900 con 0x7f7ae01076e0
2024-09-15T21:59:30.184 INFO:teuthology.orchestra.run.smithi005.stdout:/usr/bin/ceph: stderr
2024-09-15T21:59:25.717+0000 7f7ae8778640 1 -- 172.21.15.5:0/2645608938 --> [v2:172.21.15.5:6800/3785442724,v1:172.21.15.5:6801/3785442724] -- mgr_command(tid 0: {"prefix": "orch host add", "hostname": "smithi005", "addr": "172.21.15.5", "target": ["mon-mgr", ""]}) -- 0x7f7ae0104120 con 0x7f7acc0391b0
2024-09-15T21:59:30.185 INFO:teuthology.orchestra.run.smithi005.stdout:/usr/bin/ceph: stderr
2024-09-15T21:59:29.608+0000 7f7ad77fe640 1 -- 172.21.15.5:0/2645608938 <== mgr.14118 v2:172.21.15.5:6800/3785442724 1 ==== mgr_command_reply(tid 0: 0 ) ==== 8+0+47 (secure 0 0 0) 0x7f7ae0104120 con 0x7f7acc0391b0
2024-09-15T21:59:30.185 INFO:teuthology.orchestra.run.smithi005.stdout:/usr/bin/ceph: stderr
2024-09-15T21:59:29.610+0000 7f7ae8778640 1 -- 172.21.15.5:0/2645608938 >> [v2:172.21.15.5:6800/3785442724,v1:172.21.15.5:6801/3785442724] conn(0x7f7acc0391b0 msgr2=0x7f7acc03b670 secure :-1 s=STATE_CONNECTION_ESTABLISHED l=1).mark_down
2024-09-15T21:59:30.185 INFO:teuthology.orchestra.run.smithi005.stdout:/usr/bin/ceph: stderr
2024-09-15T21:59:29.610+0000 7f7ae8778640 1 --2- 172.21.15.5:0/2645608938 >> [v2:172.21.15.5:6800/3785442724,v1:172.21.15.5:6801/3785442724] conn(0x7f7acc0391b0 0x7f7acc03b670 secure :-1 s=READY pgs=11 cs=0 l=1 rev1=1 crypto rx=0x7f7ad00098c0 tx=0x7f7ad0006db0 comp rx=0 tx=0).stop
2024-09-15T21:59:30.185 INFO:teuthology.orchestra.run.smithi005.stdout:/usr/bin/ceph: stderr
2024-09-15T21:59:29.610+0000 7f7ae8778640 1 -- 172.21.15.5:0/2645608938 >> [v2:172.21.15.5:3300/0,v1:172.21.15.5:6789/0] conn(0x7f7ae01076e0 msgr2=0x7f7ae007e380 secure :-1 s=STATE_CONNECTION_ESTABLISHED l=1).mark_down
2024-09-15T21:59:30.185 INFO:teuthology.orchestra.run.smithi005.stdout:/usr/bin/ceph: stderr
2024-09-15T21:59:29.610+0000 7f7ae8778640 1 --2- 172.21.15.5:0/2645608938 >> [v2:172.21.15.5:3300/0,v1:172.21.15.5:6789/0] conn(0x7f7ae01076e0 0x7f7ae007e380 secure :-1 s=READY pgs=44 cs=0 l=1 rev1=1 crypto rx=0x7f7adc0097f0 tx=0x7f7adc030d80 comp rx=0 tx=0).stop
2024-09-15T21:59:30.185 INFO:teuthology.orchestra.run.smithi005.stdout:/usr/bin/ceph: stderr
2024-09-15T21:59:29.610+0000 7f7ae8778640 1 -- 172.21.15.5:0/2645608938 shutdown_connections
2024-09-15T21:59:30.185 INFO:teuthology.orchestra.run.smithi005.stdout:/usr/bin/ceph: stderr
2024-09-15T21:59:29.610+0000 7f7ae8778640 1 --2- 172.21.15.5:0/2645608938 >> [v2:172.21.15.5:6800/3785442724,v1:172.21.15.5:6801/3785442724] conn(0x7f7acc0391b0 0x7f7acc03b670 unknown :-1 s=CLOSED pgs=11 cs=0 l=1 rev1=1 crypto rx=0 tx=0 comp rx=0 tx=0).stop
2024-09-15T21:59:30.185 INFO:teuthology.orchestra.run.smithi005.stdout:/usr/bin/ceph: stderr
2024-09-15T21:59:29.610+0000 7f7ae8778640 1 --2- 172.21.15.5:0/2645608938 >> [v2:172.21.15.5:3300/0,v1:172.21.15.5:6789/0] conn(0x7f7ae01076e0 0x7f7ae007e380 unknown :-1 s=CLOSED pgs=44 cs=0 l=1 rev1=1 crypto rx=0 tx=0 comp rx=0 tx=0).stop
2024-09-15T21:59:30.185 INFO:teuthology.orchestra.run.smithi005.stdout:/usr/bin/ceph: stderr
2024-09-15T21:59:29.610+0000 7f7ae8778640 1 -- 172.21.15.5:0/2645608938 >> 172.21.15.5:0/2645608938 conn(0x7f7ae0102e90 msgr2=0x7f7ae0103a10 unknown :-1 s=STATE_NONE l=0).mark_down
2024-09-15T21:59:30.185 INFO:teuthology.orchestra.run.smithi005.stdout:/usr/bin/ceph: stderr
2024-09-15T21:59:29.610+0000 7f7ae8778640 1 -- 172.21.15.5:0/2645608938 shutdown_connections
2024-09-15T21:59:30.185 INFO:teuthology.orchestra.run.smithi005.stdout:/usr/bin/ceph: stderr
2024-09-15T21:59:29.610+0000 7f7ae8778640 1 -- 172.21.15.5:0/2645608938 wait complete.
2024-09-15T21:59:30.185 INFO:teuthology.orchestra.run.smithi005.stdout:Deploying unmanaged mon service...
2024-09-15T21:59:30.763 INFO:journalctl@ceph.mon.a.smithi005.stdout:Sep 15 21:59:30 smithi005 ceph-mon[30944]: from='mgr.14118 172.21.15.5:0/4091965934' entity='mgr.x'
2024-09-15T21:59:30.763 INFO:journalctl@ceph.mon.a.smithi005.stdout:Sep 15 21:59:30 smithi005 ceph-mon[30944]: Added host smithi005
2024-09-15T21:59:30.763 INFO:journalctl@ceph.mon.a.smithi005.stdout:Sep 15 21:59:30 smithi005 ceph-mon[30944]: from='mgr.14118 172.21.15.5:0/4091965934' entity='mgr.x' cmd=[{"prefix": "config dump", "format": "json"}]: dispatch
2024-09-15T21:59:32.022 INFO:journalctl@ceph.mon.a.smithi005.stdout:Sep 15 21:59:31 smithi005 ceph-mon[30944]: from='client.14140 -' entity='client.admin' cmd=[{"prefix": "orch apply", "service_type": "mon", "unmanaged": true, "target": ["mon-mgr", ""]}]: dispatch
2024-09-15T21:59:32.022 INFO:journalctl@ceph.mon.a.smithi005.stdout:Sep 15 21:59:31 smithi005 ceph-mon[30944]: Saving service mon spec with placement count:5
2024-09-15T21:59:32.022 INFO:journalctl@ceph.mon.a.smithi005.stdout:Sep 15 21:59:31 smithi005 ceph-mon[30944]: from='mgr.14118 172.21.15.5:0/4091965934' entity='mgr.x'
2024-09-15T21:59:32.289 INFO:teuthology.orchestra.run.smithi005.stdout:/usr/bin/ceph: stdout Scheduled mon update...
2024-09-15T21:59:32.289 INFO:teuthology.orchestra.run.smithi005.stdout:/usr/bin/ceph: stderr
2024-09-15T21:59:30.559+0000 7f61cb155640 1 Processor -- start
2024-09-15T21:59:32.289 INFO:teuthology.orchestra.run.smithi005.stdout:/usr/bin/ceph: stderr
2024-09-15T21:59:30.559+0000 7f61cb155640 1 -- start start
2024-09-15T21:59:32.289 INFO:teuthology.orchestra.run.smithi005.stdout:/usr/bin/ceph: stderr
2024-09-15T21:59:30.559+0000 7f61cb155640 1 --2- >> [v2:172.21.15.5:3300/0,v1:172.21.15.5:6789/0] conn(0x7f61c41076e0 0x7f61c4107ae0 unknown :-1 s=NONE pgs=0 cs=0 l=0 rev1=0 crypto rx=0 tx=0 comp rx=0 tx=0).connect
2024-09-15T21:59:32.289 INFO:teuthology.orchestra.run.smithi005.stdout:/usr/bin/ceph: stderr
2024-09-15T21:59:30.559+0000 7f61cb155640 1 -- --> [v2:172.21.15.5:3300/0,v1:172.21.15.5:6789/0] -- mon_getmap magic: 0 -- 0x7f61c41080b0 con 0x7f61c41076e0
2024-09-15T21:59:32.289 INFO:teuthology.orchestra.run.smithi005.stdout:/usr/bin/ceph: stderr
