2024-09-15T22:02:31.157 INFO:teuthology.orchestra.run.smithi150.stdout:/usr/bin/ceph: stderr
2024-09-15T22:02:29.476+0000 7f440b200640 1 -- 172.21.15.150:0/2556380867 >> 172.21.15.150:0/2556380867 conn(0x7f440c102ce0 msgr2=0x7f440c1038c0 unknown :-1 s=STATE_NONE l=0).mark_down
2024-09-15T22:02:31.157 INFO:teuthology.orchestra.run.smithi150.stdout:/usr/bin/ceph: stderr
2024-09-15T22:02:29.476+0000 7f440b200640 1 -- 172.21.15.150:0/2556380867 shutdown_connections
2024-09-15T22:02:31.158 INFO:teuthology.orchestra.run.smithi150.stdout:/usr/bin/ceph: stderr
2024-09-15T22:02:29.476+0000 7f440b200640 1 -- 172.21.15.150:0/2556380867 wait complete.
2024-09-15T22:02:31.158 INFO:teuthology.orchestra.run.smithi150.stdout:Deploying unmanaged mgr service...
2024-09-15T22:02:31.926 INFO:journalctl@ceph.mon.a.smithi150.stdout:Sep 15 22:02:31 smithi150 ceph-mon[30886]: from='mgr.14118 172.21.15.150:0/3724424316' entity='mgr.x'
2024-09-15T22:02:31.926 INFO:journalctl@ceph.mon.a.smithi150.stdout:Sep 15 22:02:31 smithi150 ceph-mon[30886]: from='mgr.14118 172.21.15.150:0/3724424316' entity='mgr.x'
2024-09-15T22:02:31.926 INFO:journalctl@ceph.mon.a.smithi150.stdout:Sep 15 22:02:31 smithi150 ceph-mon[30886]: from='mgr.14118 172.21.15.150:0/3724424316' entity='mgr.x'
2024-09-15T22:02:32.584 INFO:teuthology.orchestra.run.smithi150.stdout:/usr/bin/ceph: stdout Scheduled mgr update...
2024-09-15T22:02:32.584 INFO:teuthology.orchestra.run.smithi150.stdout:/usr/bin/ceph: stderr
2024-09-15T22:02:31.666+0000 7f2059e00640 1 Processor -- start
2024-09-15T22:02:32.584 INFO:teuthology.orchestra.run.smithi150.stdout:/usr/bin/ceph: stderr
2024-09-15T22:02:31.666+0000 7f2059e00640 1 -- start start
2024-09-15T22:02:32.584 INFO:teuthology.orchestra.run.smithi150.stdout:/usr/bin/ceph: stderr
2024-09-15T22:02:31.666+0000 7f2059e00640 1 --2- >> [v2:172.21.15.150:3300/0,v1:172.21.15.150:6789/0] conn(0x7f205410ab60 0x7f205410af60 unknown :-1 s=NONE pgs=0 cs=0 l=0 rev1=0 crypto rx=0 tx=0 comp rx=0 tx=0).connect
2024-09-15T22:02:32.585 INFO:teuthology.orchestra.run.smithi150.stdout:/usr/bin/ceph: stderr
2024-09-15T22:02:31.666+0000 7f2059e00640 1 -- --> [v2:172.21.15.150:3300/0,v1:172.21.15.150:6789/0] -- mon_getmap magic: 0 -- 0x7f205410b530 con 0x7f205410ab60
2024-09-15T22:02:32.585 INFO:teuthology.orchestra.run.smithi150.stdout:/usr/bin/ceph: stderr
2024-09-15T22:02:31.667+0000 7f2058a00640 1 --2- >> [v2:172.21.15.150:3300/0,v1:172.21.15.150:6789/0] conn(0x7f205410ab60 0x7f205410af60 unknown :-1 s=BANNER_CONNECTING pgs=0 cs=0 l=0 rev1=0 crypto rx=0 tx=0 comp rx=0 tx=0)._handle_peer_banner_payload supported=3 required=0
2024-09-15T22:02:32.585 INFO:teuthology.orchestra.run.smithi150.stdout:/usr/bin/ceph: stderr
2024-09-15T22:02:31.667+0000 7f2058a00640 1 --2- >> [v2:172.21.15.150:3300/0,v1:172.21.15.150:6789/0] conn(0x7f205410ab60 0x7f205410af60 unknown :-1 s=HELLO_CONNECTING pgs=0 cs=0 l=0 rev1=1 crypto rx=0 tx=0 comp rx=0 tx=0).handle_hello peer v2:172.21.15.150:3300/0 says I am v2:172.21.15.150:39230/0 (socket says 172.21.15.150:39230)
2024-09-15T22:02:32.585 INFO:teuthology.orchestra.run.smithi150.stdout:/usr/bin/ceph: stderr
2024-09-15T22:02:31.667+0000 7f2058a00640 1 -- 172.21.15.150:0/1640476026 learned_addr learned my addr 172.21.15.150:0/1640476026 (peer_addr_for_me v2:172.21.15.150:0/0)
2024-09-15T22:02:32.585 INFO:teuthology.orchestra.run.smithi150.stdout:/usr/bin/ceph: stderr
2024-09-15T22:02:31.667+0000 7f2058a00640 1 -- 172.21.15.150:0/1640476026 --> [v2:172.21.15.150:3300/0,v1:172.21.15.150:6789/0] -- mon_subscribe({config=0+,monmap=0+}) -- 0x7f205410b6b0 con 0x7f205410ab60
2024-09-15T22:02:32.585 INFO:teuthology.orchestra.run.smithi150.stdout:/usr/bin/ceph: stderr
2024-09-15T22:02:31.668+0000 7f2058a00640 1 --2- 172.21.15.150:0/1640476026 >> [v2:172.21.15.150:3300/0,v1:172.21.15.150:6789/0] conn(0x7f205410ab60 0x7f205410af60 secure :-1 s=READY pgs=47 cs=0 l=1 rev1=1 crypto rx=0x7f2048009820 tx=0x7f204802a270 comp rx=0 tx=0).ready entity=mon.0 client_cookie=f1871bf3745f78c5 server_cookie=0 in_seq=0 out_seq=0
2024-09-15T22:02:32.585 INFO:teuthology.orchestra.run.smithi150.stdout:/usr/bin/ceph: stderr
2024-09-15T22:02:31.669+0000 7f2053400640 1 -- 172.21.15.150:0/1640476026 <== mon.0 v2:172.21.15.150:3300/0 1 ==== mon_map magic: 0 ==== 205+0+0 (secure 0 0 0) 0x7f2048037070 con 0x7f205410ab60
2024-09-15T22:02:32.585 INFO:teuthology.orchestra.run.smithi150.stdout:/usr/bin/ceph: stderr
2024-09-15T22:02:31.669+0000 7f2053400640 1 -- 172.21.15.150:0/1640476026 <== mon.0 v2:172.21.15.150:3300/0 2 ==== config(27 keys) ==== 1140+0+0 (secure 0 0 0) 0x7f2048032920 con 0x7f205410ab60
2024-09-15T22:02:32.585 INFO:teuthology.orchestra.run.smithi150.stdout:/usr/bin/ceph: stderr
2024-09-15T22:02:31.669+0000 7f2053400640 1 -- 172.21.15.150:0/1640476026 <== mon.0 v2:172.21.15.150:3300/0 3 ==== mon_map magic: 0 ==== 205+0+0 (secure 0 0 0) 0x7f2048030810 con 0x7f205410ab60
2024-09-15T22:02:32.585 INFO:teuthology.orchestra.run.smithi150.stdout:/usr/bin/ceph: stderr
2024-09-15T22:02:31.670+0000 7f2059e00640 1 -- 172.21.15.150:0/1640476026 >> [v2:172.21.15.150:3300/0,v1:172.21.15.150:6789/0] conn(0x7f205410ab60 msgr2=0x7f205410af60 secure :-1 s=STATE_CONNECTION_ESTABLISHED l=1).mark_down
2024-09-15T22:02:32.585 INFO:teuthology.orchestra.run.smithi150.stdout:/usr/bin/ceph: stderr
2024-09-15T22:02:31.670+0000 7f2059e00640 1 --2- 172.21.15.150:0/1640476026 >> [v2:172.21.15.150:3300/0,v1:172.21.15.150:6789/0] conn(0x7f205410ab60 0x7f205410af60 secure :-1 s=READY pgs=47 cs=0 l=1 rev1=1 crypto rx=0x7f2048009820 tx=0x7f204802a270 comp rx=0 tx=0).stop
2024-09-15T22:02:32.585 INFO:teuthology.orchestra.run.smithi150.stdout:/usr/bin/ceph: stderr
2024-09-15T22:02:31.670+0000 7f2059e00640 1 -- 172.21.15.150:0/1640476026 shutdown_connections
2024-09-15T22:02:32.586 INFO:teuthology.orchestra.run.smithi150.stdout:/usr/bin/ceph: stderr
2024-09-15T22:02:31.670+0000 7f2059e00640 1 --2- 172.21.15.150:0/1640476026 >> [v2:172.21.15.150:3300/0,v1:172.21.15.150:6789/0] conn(0x7f205410ab60 0x7f205410af60 unknown :-1 s=CLOSED pgs=47 cs=0 l=1 rev1=1 crypto rx=0 tx=0 comp rx=0 tx=0).stop
2024-09-15T22:02:32.586 INFO:teuthology.orchestra.run.smithi150.stdout:/usr/bin/ceph: stderr
2024-09-15T22:02:31.670+0000 7f2059e00640 1 -- 172.21.15.150:0/1640476026 >> 172.21.15.150:0/1640476026 conn(0x7f205407cce0 msgr2=0x7f205407d0f0 unknown :-1 s=STATE_NONE l=0).mark_down
2024-09-15T22:02:32.586 INFO:teuthology.orchestra.run.smithi150.stdout:/usr/bin/ceph: stderr
2024-09-15T22:02:31.670+0000 7f2059e00640 1 -- 172.21.15.150:0/1640476026 shutdown_connections
2024-09-15T22:02:32.586 INFO:teuthology.orchestra.run.smithi150.stdout:/usr/bin/ceph: stderr
2024-09-15T22:02:31.670+0000 7f2059e00640 1 -- 172.21.15.150:0/1640476026 wait complete.
2024-09-15T22:02:32.586 INFO:teuthology.orchestra.run.smithi150.stdout:/usr/bin/ceph: stderr
2024-09-15T22:02:31.671+0000 7f2059e00640 1 Processor -- start
2024-09-15T22:02:32.586 INFO:teuthology.orchestra.run.smithi150.stdout:/usr/bin/ceph: stderr
2024-09-15T22:02:31.671+0000 7f2059e00640 1 -- start start
2024-09-15T22:02:32.586 INFO:teuthology.orchestra.run.smithi150.stdout:/usr/bin/ceph: stderr
2024-09-15T22:02:31.671+0000 7f2059e00640 1 --2- >> [v2:172.21.15.150:3300/0,v1:172.21.15.150:6789/0] conn(0x7f205410ab60 0x7f205419d730 unknown :-1 s=NONE pgs=0 cs=0 l=1 rev1=0 crypto rx=0 tx=0 comp rx=0 tx=0).connect
2024-09-15T22:02:32.586 INFO:teuthology.orchestra.run.smithi150.stdout:/usr/bin/ceph: stderr
2024-09-15T22:02:31.671+0000 7f2059e00640 1 -- --> [v2:172.21.15.150:3300/0,v1:172.21.15.150:6789/0] -- mon_getmap magic: 0 -- 0x7f205410dbc0 con 0x7f205410ab60
2024-09-15T22:02:32.586 INFO:teuthology.orchestra.run.smithi150.stdout:/usr/bin/ceph: stderr
2024-09-15T22:02:31.671+0000 7f2058a00640 1 --2- >> [v2:172.21.15.150:3300/0,v1:172.21.15.150:6789/0] conn(0x7f205410ab60 0x7f205419d730 unknown :-1 s=BANNER_CONNECTING pgs=0 cs=0 l=1 rev1=0 crypto rx=0 tx=0 comp rx=0 tx=0)._handle_peer_banner_payload supported=3 required=0
2024-09-15T22:02:32.586 INFO:teuthology.orchestra.run.smithi150.stdout:/usr/bin/ceph: stderr
2024-09-15T22:02:31.671+0000 7f2058a00640 1 --2- >> [v2:172.21.15.150:3300/0,v1:172.21.15.150:6789/0] conn(0x7f205410ab60 0x7f205419d730 unknown :-1 s=HELLO_CONNECTING pgs=0 cs=0 l=1 rev1=1 crypto rx=0 tx=0 comp rx=0 tx=0).handle_hello peer v2:172.21.15.150:3300/0 says I am v2:172.21.15.150:39236/0 (socket says 172.21.15.150:39236)
2024-09-15T22:02:32.586 INFO:teuthology.orchestra.run.smithi150.stdout:/usr/bin/ceph: stderr
2024-09-15T22:02:31.671+0000 7f2058a00640 1 -- 172.21.15.150:0/1958809482 learned_addr learned my addr 172.21.15.150:0/1958809482 (peer_addr_for_me v2:172.21.15.150:0/0)
2024-09-15T22:02:32.586 INFO:teuthology.orchestra.run.smithi150.stdout:/usr/bin/ceph: stderr
2024-09-15T22:02:31.672+0000 7f2058a00640 1 -- 172.21.15.150:0/1958809482 --> [v2:172.21.15.150:3300/0,v1:172.21.15.150:6789/0] -- mon_subscribe({config=0+,monmap=0+}) -- 0x7f205419dc70 con 0x7f205410ab60
2024-09-15T22:02:32.586 INFO:teuthology.orchestra.run.smithi150.stdout:/usr/bin/ceph: stderr
2024-09-15T22:02:31.672+0000 7f2058a00640 1 --2- 172.21.15.150:0/1958809482 >> [v2:172.21.15.150:3300/0,v1:172.21.15.150:6789/0] conn(0x7f205410ab60 0x7f205419d730 secure :-1 s=READY pgs=48 cs=0 l=1 rev1=1 crypto rx=0x7f20480097f0 tx=0x7f20480327b0 comp rx=0 tx=0).ready entity=mon.0 client_cookie=0 server_cookie=0 in_seq=0 out_seq=0
2024-09-15T22:02:32.587 INFO:teuthology.orchestra.run.smithi150.stdout:/usr/bin/ceph: stderr
2024-09-15T22:02:31.672+0000 7f2051600640 1 -- 172.21.15.150:0/1958809482 <== mon.0 v2:172.21.15.150:3300/0 1 ==== mon_map magic: 0 ==== 205+0+0 (secure 0 0 0) 0x7f2048037040 con 0x7f205410ab60
2024-09-15T22:02:32.587 INFO:teuthology.orchestra.run.smithi150.stdout:/usr/bin/ceph: stderr
2024-09-15T22:02:31.672+0000 7f2051600640 1 -- 172.21.15.150:0/1958809482 <== mon.0 v2:172.21.15.150:3300/0 2 ==== config(27 keys) ==== 1140+0+0 (secure 0 0 0) 0x7f2048030c40 con 0x7f205410ab60
2024-09-15T22:02:32.587 INFO:teuthology.orchestra.run.smithi150.stdout:/usr/bin/ceph: stderr
2024-09-15T22:02:31.672+0000 7f2059e00640 1 -- 172.21.15.150:0/1958809482 --> [v2:172.21.15.150:3300/0,v1:172.21.15.150:6789/0] -- mon_subscribe({mgrmap=0+}) -- 0x7f205419df00 con 0x7f205410ab60
2024-09-15T22:02:32.587 INFO:teuthology.orchestra.run.smithi150.stdout:/usr/bin/ceph: stderr
2024-09-15T22:02:31.672+0000 7f2051600640 1 -- 172.21.15.150:0/1958809482 <== mon.0 v2:172.21.15.150:3300/0 3 ==== mon_map magic: 0 ==== 205+0+0 (secure 0 0 0) 0x7f204803a5d0 con 0x7f205410ab60
2024-09-15T22:02:32.587 INFO:teuthology.orchestra.run.smithi150.stdout:/usr/bin/ceph: stderr
2024-09-15T22:02:31.673+0000 7f2059e00640 1 -- 172.21.15.150:0/1958809482 --> [v2:172.21.15.150:3300/0,v1:172.21.15.150:6789/0] -- mon_subscribe({osdmap=0}) -- 0x7f20541a0bf0 con 0x7f205410ab60
2024-09-15T22:02:32.587 INFO:teuthology.orchestra.run.smithi150.stdout:/usr/bin/ceph: stderr
2024-09-15T22:02:31.674+0000 7f2059e00640 1 -- 172.21.15.150:0/1958809482 --> [v2:172.21.15.150:3300/0,v1:172.21.15.150:6789/0] -- mon_command({"prefix": "get_command_descriptions"} v 0) -- 0x7f205410dd40 con 0x7f205410ab60
2024-09-15T22:02:32.587 INFO:teuthology.orchestra.run.smithi150.stdout:/usr/bin/ceph: stderr
2024-09-15T22:02:31.674+0000 7f2051600640 1 -- 172.21.15.150:0/1958809482 <== mon.0 v2:172.21.15.150:3300/0 4 ==== mgrmap(e 8) ==== 46461+0+0 (secure 0 0 0) 0x7f204803a7c0 con 0x7f205410ab60
2024-09-15T22:02:32.587 INFO:teuthology.orchestra.run.smithi150.stdout:/usr/bin/ceph: stderr
2024-09-15T22:02:31.674+0000 7f2051600640 1 --2- 172.21.15.150:0/1958809482 >> [v2:172.21.15.150:6800/3271868660,v1:172.21.15.150:6801/3271868660] conn(0x7f203c039200 0x7f203c03b6c0 unknown :-1 s=NONE pgs=0 cs=0 l=1 rev1=0 crypto rx=0 tx=0 comp rx=0 tx=0).connect
2024-09-15T22:02:32.587 INFO:teuthology.orchestra.run.smithi150.stdout:/usr/bin/ceph: stderr
2024-09-15T22:02:31.674+0000 7f2051600640 1 -- 172.21.15.150:0/1958809482 <== mon.0 v2:172.21.15.150:3300/0 5 ==== osd_map(2..2 src has 1..2) ==== 940+0+0 (secure 0 0 0) 0x7f204806c810 con 0x7f205410ab60
2024-09-15T22:02:32.587 INFO:teuthology.orchestra.run.smithi150.stdout:/usr/bin/ceph: stderr
2024-09-15T22:02:31.675+0000 7f2053e00640 1 --2- 172.21.15.150:0/1958809482 >> [v2:172.21.15.150:6800/3271868660,v1:172.21.15.150:6801/3271868660] conn(0x7f203c039200 0x7f203c03b6c0 unknown :-1 s=BANNER_CONNECTING pgs=0 cs=0 l=1 rev1=0 crypto rx=0 tx=0 comp rx=0 tx=0)._handle_peer_banner_payload supported=3 required=0
2024-09-15T22:02:32.587 INFO:teuthology.orchestra.run.smithi150.stdout:/usr/bin/ceph: stderr
2024-09-15T22:02:31.675+0000 7f2053e00640 1 --2- 172.21.15.150:0/1958809482 >> [v2:172.21.15.150:6800/3271868660,v1:172.21.15.150:6801/3271868660] conn(0x7f203c039200 0x7f203c03b6c0 secure :-1 s=READY pgs=13 cs=0 l=1 rev1=1 crypto rx=0x7f20400098c0 tx=0x7f2040006db0 comp rx=0 tx=0).ready entity=mgr.14118 client_cookie=0 server_cookie=0 in_seq=0 out_seq=0
2024-09-15T22:02:32.587 INFO:teuthology.orchestra.run.smithi150.stdout:/usr/bin/ceph: stderr
2024-09-15T22:02:31.679+0000 7f2051600640 1 -- 172.21.15.150:0/1958809482 <== mon.0 v2:172.21.15.150:3300/0 6 ==== mon_command_ack([{"prefix": "get_command_descriptions"}]=0 v0) ==== 72+0+188821 (secure 0 0 0) 0x7f2048030df0 con 0x7f205410ab60
2024-09-15T22:02:32.588 INFO:teuthology.orchestra.run.smithi150.stdout:/usr/bin/ceph: stderr
2024-09-15T22:02:31.874+0000 7f2059e00640 1 -- 172.21.15.150:0/1958809482 --> [v2:172.21.15.150:6800/3271868660,v1:172.21.15.150:6801/3271868660] -- mgr_command(tid 0: {"prefix": "orch apply", "service_type": "mgr", "unmanaged": true, "target": ["mon-mgr", ""]}) -- 0x7f2054107c50 con 0x7f203c039200
2024-09-15T22:02:32.588 INFO:teuthology.orchestra.run.smithi150.stdout:/usr/bin/ceph: stderr
2024-09-15T22:02:31.880+0000 7f2051600640 1 -- 172.21.15.150:0/1958809482 <== mgr.14118 v2:172.21.15.150:6800/3271868660 1 ==== mgr_command_reply(tid 0: 0 ) ==== 8+0+24 (secure 0 0 0) 0x7f2054107c50 con 0x7f203c039200
2024-09-15T22:02:32.588 INFO:teuthology.orchestra.run.smithi150.stdout:/usr/bin/ceph: stderr
2024-09-15T22:02:31.883+0000 7f2059e00640 1 -- 172.21.15.150:0/1958809482 >> [v2:172.21.15.150:6800/3271868660,v1:172.21.15.150:6801/3271868660] conn(0x7f203c039200 msgr2=0x7f203c03b6c0 secure :-1 s=STATE_CONNECTION_ESTABLISHED l=1).mark_down
2024-09-15T22:02:32.588 INFO:teuthology.orchestra.run.smithi150.stdout:/usr/bin/ceph: stderr
2024-09-15T22:02:31.883+0000 7f2059e00640 1 --2- 172.21.15.150:0/1958809482 >> [v2:172.21.15.150:6800/3271868660,v1:172.21.15.150:6801/3271868660] conn(0x7f203c039200 0x7f203c03b6c0 secure :-1 s=READY pgs=13 cs=0 l=1 rev1=1 crypto rx=0x7f20400098c0 tx=0x7f2040006db0 comp rx=0 tx=0).stop
2024-09-15T22:02:32.588 INFO:teuthology.orchestra.run.smithi150.stdout:/usr/bin/ceph: stderr
2024-09-15T22:02:31.883+0000 7f2059e00640 1 -- 172.21.15.150:0/1958809482 >> [v2:172.21.15.150:3300/0,v1:172.21.15.150:6789/0] conn(0x7f205410ab60 msgr2=0x7f205419d730 secure :-1 s=STATE_CONNECTION_ESTABLISHED l=1).mark_down
2024-09-15T22:02:32.588 INFO:teuthology.orchestra.run.smithi150.stdout:/usr/bin/ceph: stderr
2024-09-15T22:02:31.883+0000 7f2059e00640 1 --2- 172.21.15.150:0/1958809482 >> [v2:172.21.15.150:3300/0,v1:172.21.15.150:6789/0] conn(0x7f205410ab60 0x7f205419d730 secure :-1 s=READY pgs=48 cs=0 l=1 rev1=1 crypto rx=0x7f20480097f0 tx=0x7f20480327b0 comp rx=0 tx=0).stop
2024-09-15T22:02:32.588 INFO:teuthology.orchestra.run.smithi150.stdout:/usr/bin/ceph: stderr
2024-09-15T22:02:31.883+0000 7f2059e00640 1 -- 172.21.15.150:0/1958809482 shutdown_connections
2024-09-15T22:02:32.588 INFO:teuthology.orchestra.run.smithi150.stdout:/usr/bin/ceph: stderr
2024-09-15T22:02:31.883+0000 7f2059e00640 1 --2- 172.21.15.150:0/1958809482 >> [v2:172.21.15.150:6800/3271868660,v1:172.21.15.150:6801/3271868660] conn(0x7f203c039200 0x7f203c03b6c0 unknown :-1 s=CLOSED pgs=13 cs=0 l=1 rev1=1 crypto rx=0 tx=0 comp rx=0 tx=0).stop
2024-09-15T22:02:32.588 INFO:teuthology.orchestra.run.smithi150.stdout:/usr/bin/ceph: stderr
2024-09-15T22:02:31.883+0000 7f2059e00640 1 --2- 172.21.15.150:0/1958809482 >> [v2:172.21.15.150:3300/0,v1:172.21.15.150:6789/0] conn(0x7f205410ab60 0x7f205419d730 unknown :-1 s=CLOSED pgs=48 cs=0 l=1 rev1=1 crypto rx=0 tx=0 comp rx=0 tx=0).stop
2024-09-15T22:02:32.588 INFO:teuthology.orchestra.run.smithi150.stdout:/usr/bin/ceph: stderr
2024-09-15T22:02:31.883+0000 7f2059e00640 1 -- 172.21.15.150:0/1958809482 >> 172.21.15.150:0/1958809482 conn(0x7f205407cce0 msgr2=0x7f2054107540 unknown :-1 s=STATE_NONE l=0).mark_down
2024-09-15T22:02:32.588 INFO:teuthology.orchestra.run.smithi150.stdout:/usr/bin/ceph: stderr
2024-09-15T22:02:31.883+0000 7f2059e00640 1 -- 172.21.15.150:0/1958809482 shutdown_connections
2024-09-15T22:02:32.589 INFO:teuthology.orchestra.run.smithi150.stdout:/usr/bin/ceph: stderr
2024-09-15T22:02:31.883+0000 7f2059e00640 1 -- 172.21.15.150:0/1958809482 wait complete.
2024-09-15T22:02:33.092 INFO:journalctl@ceph.mon.a.smithi150.stdout:Sep 15 22:02:32 smithi150 ceph-mon[30886]: from='client.14142 -' entity='client.admin' cmd=[{"prefix": "orch apply", "service_type": "mgr", "unmanaged": true, "target": ["mon-mgr", ""]}]: dispatch
2024-09-15T22:02:33.093 INFO:journalctl@ceph.mon.a.smithi150.stdout:Sep 15 22:02:32 smithi150 ceph-mon[30886]: Saving service mgr spec with placement count:2
2024-09-15T22:02:34.284 INFO:teuthology.orchestra.run.smithi150.stdout:/usr/bin/ceph: stderr
2024-09-15T22:02:33.119+0000 7fd4e6200640 1 Processor -- start
2024-09-15T22:02:34.284 INFO:teuthology.orchestra.run.smithi150.stdout:/usr/bin/ceph: stderr
2024-09-15T22:02:33.119+0000 7fd4e6200640 1 -- start start
2024-09-15T22:02:34.284 INFO:teuthology.orchestra.run.smithi150.stdout:/usr/bin/ceph: stderr
2024-09-15T22:02:33.119+0000 7fd4e6200640 1 --2- >> [v2:172.21.15.150:3300/0,v1:172.21.15.150:6789/0] conn(0x7fd4e010ab60 0x7fd4e010af60 unknown :-1 s=NONE pgs=0 cs=0 l=0 rev1=0 crypto rx=0 tx=0 comp rx=0 tx=0).connect
2024-09-15T22:02:34.284 INFO:teuthology.orchestra.run.smithi150.stdout:/usr/bin/ceph: stderr
2024-09-15T22:02:33.119+0000 7fd4e6200640 1 -- --> [v2:172.21.15.150:3300/0,v1:172.21.15.150:6789/0] -- mon_getmap magic: 0 -- 0x7fd4e010b530 con 0x7fd4e010ab60
2024-09-15T22:02:34.285 INFO:teuthology.orchestra.run.smithi150.stdout:/usr/bin/ceph: stderr
2024-09-15T22:02:33.120+0000 7fd4e4e00640 1 --2- >> [v2:172.21.15.150:3300/0,v1:172.21.15.150:6789/0] conn(0x7fd4e010ab60 0x7fd4e010af60 unknown :-1 s=BANNER_CONNECTING pgs=0 cs=0 l=0 rev1=0 crypto rx=0 tx=0 comp rx=0 tx=0)._handle_peer_banner_payload supported=3 required=0
2024-09-15T22:02:34.285 INFO:teuthology.orchestra.run.smithi150.stdout:/usr/bin/ceph: stderr
2024-09-15T22:02:33.120+0000 7fd4e4e00640 1 --2- >> [v2:172.21.15.150:3300/0,v1:172.21.15.150:6789/0] conn(0x7fd4e010ab60 0x7fd4e010af60 unknown :-1 s=HELLO_CONNECTING pgs=0 cs=0 l=0 rev1=1 crypto rx=0 tx=0 comp rx=0 tx=0).handle_hello peer v2:172.21.15.150:3300/0 says I am v2:172.21.15.150:39250/0 (socket says 172.21.15.150:39250)
2024-09-15T22:02:34.285 INFO:teuthology.orchestra.run.smithi150.stdout:/usr/bin/ceph: stderr
2024-09-15T22:02:33.120+0000 7fd4e4e00640 1 -- 172.21.15.150:0/932338630 learned_addr learned my addr 172.21.15.150:0/932338630 (peer_addr_for_me v2:172.21.15.150:0/0)
2024-09-15T22:02:34.285 INFO:teuthology.orchestra.run.smithi150.stdout:/usr/bin/ceph: stderr
2024-09-15T22:02:33.120+0000 7fd4e4e00640 1 -- 172.21.15.150:0/932338630 --> [v2:172.21.15.150:3300/0,v1:172.21.15.150:6789/0] -- mon_subscribe({config=0+,monmap=0+}) -- 0x7fd4e010b6b0 con 0x7fd4e010ab60
2024-09-15T22:02:34.285 INFO:teuthology.orchestra.run.smithi150.stdout:/usr/bin/ceph: stderr
2024-09-15T22:02:33.121+0000 7fd4e4e00640 1 --2- 172.21.15.150:0/932338630 >> [v2:172.21.15.150:3300/0,v1:172.21.15.150:6789/0] conn(0x7fd4e010ab60 0x7fd4e010af60 secure :-1 s=READY pgs=49 cs=0 l=1 rev1=1 crypto rx=0x7fd4d4009820 tx=0x7fd4d402a270 comp rx=0 tx=0).ready entity=mon.0 client_cookie=cfc5b679bb8a513b server_cookie=0 in_seq=0 out_seq=0
2024-09-15T22:02:34.285 INFO:teuthology.orchestra.run.smithi150.stdout:/usr/bin/ceph: stderr
2024-09-15T22:02:33.121+0000 7fd4df400640 1 -- 172.21.15.150:0/932338630 <== mon.0 v2:172.21.15.150:3300/0 1 ==== mon_map magic: 0 ==== 205+0+0 (secure 0 0 0) 0x7fd4d4037070 con 0x7fd4e010ab60
2024-09-15T22:02:34.285 INFO:teuthology.orchestra.run.smithi150.stdout:/usr/bin/ceph: stderr
2024-09-15T22:02:33.121+0000 7fd4df400640 1 -- 172.21.15.150:0/932338630 <== mon.0 v2:172.21.15.150:3300/0 2 ==== config(27 keys) ==== 1140+0+0 (secure 0 0 0) 0x7fd4d4032920 con 0x7fd4e010ab60
2024-09-15T22:02:34.285 INFO:teuthology.orchestra.run.smithi150.stdout:/usr/bin/ceph: stderr
2024-09-15T22:02:33.121+0000 7fd4df400640 1 -- 172.21.15.150:0/932338630 <== mon.0 v2:172.21.15.150:3300/0 3 ==== mon_map magic: 0 ==== 205+0+0 (secure 0 0 0) 0x7fd4d4030810 con 0x7fd4e010ab60
2024-09-15T22:02:34.285 INFO:teuthology.orchestra.run.smithi150.stdout:/usr/bin/ceph: stderr
2024-09-15T22:02:33.122+0000 7fd4e6200640 1 -- 172.21.15.150:0/932338630 >> [v2:172.21.15.150:3300/0,v1:172.21.15.150:6789/0] conn(0x7fd4e010ab60 msgr2=0x7fd4e010af60 secure :-1 s=STATE_CONNECTION_ESTABLISHED l=1).mark_down
2024-09-15T22:02:34.285 INFO:teuthology.orchestra.run.smithi150.stdout:/usr/bin/ceph: stderr
2024-09-15T22:02:33.122+0000 7fd4e6200640 1 --2- 172.21.15.150:0/932338630 >> [v2:172.21.15.150:3300/0,v1:172.21.15.150:6789/0] conn(0x7fd4e010ab60 0x7fd4e010af60 secure :-1 s=READY pgs=49 cs=0 l=1 rev1=1 crypto rx=0x7fd4d4009820 tx=0x7fd4d402a270 comp rx=0 tx=0).stop
2024-09-15T22:02:34.285 INFO:teuthology.orchestra.run.smithi150.stdout:/usr/bin/ceph: stderr
2024-09-15T22:02:33.122+0000 7fd4e6200640 1 -- 172.21.15.150:0/932338630 shutdown_connections
2024-09-15T22:02:34.285 INFO:teuthology.orchestra.run.smithi150.stdout:/usr/bin/ceph: stderr
2024-09-15T22:02:33.122+0000 7fd4e6200640 1 --2- 172.21.15.150:0/932338630 >> [v2:172.21.15.150:3300/0,v1:172.21.15.150:6789/0] conn(0x7fd4e010ab60 0x7fd4e010af60 unknown :-1 s=CLOSED pgs=49 cs=0 l=1 rev1=1 crypto rx=0 tx=0 comp rx=0 tx=0).stop
2024-09-15T22:02:34.286 INFO:teuthology.orchestra.run.smithi150.stdout:/usr/bin/ceph: stderr
2024-09-15T22:02:33.122+0000 7fd4e6200640 1 -- 172.21.15.150:0/932338630 >> 172.21.15.150:0/932338630 conn(0x7fd4e007cce0 msgr2=0x7fd4e007d0f0 unknown :-1 s=STATE_NONE l=0).mark_down
2024-09-15T22:02:34.286 INFO:teuthology.orchestra.run.smithi150.stdout:/usr/bin/ceph: stderr
2024-09-15T22:02:33.122+0000 7fd4e6200640 1 -- 172.21.15.150:0/932338630 shutdown_connections
2024-09-15T22:02:34.286 INFO:teuthology.orchestra.run.smithi150.stdout:/usr/bin/ceph: stderr
2024-09-15T22:02:33.122+0000 7fd4e6200640 1 -- 172.21.15.150:0/932338630 wait complete.
2024-09-15T22:02:34.286 INFO:teuthology.orchestra.run.smithi150.stdout:/usr/bin/ceph: stderr
2024-09-15T22:02:33.123+0000 7fd4e6200640 1 Processor -- start
2024-09-15T22:02:34.286 INFO:teuthology.orchestra.run.smithi150.stdout:/usr/bin/ceph: stderr
2024-09-15T22:02:33.123+0000 7fd4e6200640 1 -- start start
2024-09-15T22:02:34.286 INFO:teuthology.orchestra.run.smithi150.stdout:/usr/bin/ceph: stderr
2024-09-15T22:02:33.124+0000 7fd4e6200640 1 --2- >> [v2:172.21.15.150:3300/0,v1:172.21.15.150:6789/0] conn(0x7fd4e010ab60 0x7fd4e019d6d0 unknown :-1 s=NONE pgs=0 cs=0 l=1 rev1=0 crypto rx=0 tx=0 comp rx=0 tx=0).connect
2024-09-15T22:02:34.286 INFO:teuthology.orchestra.run.smithi150.stdout:/usr/bin/ceph: stderr
2024-09-15T22:02:33.124+0000 7fd4e6200640 1 -- --> [v2:172.21.15.150:3300/0,v1:172.21.15.150:6789/0] -- mon_getmap magic: 0 -- 0x7fd4e010dbc0 con 0x7fd4e010ab60
2024-09-15T22:02:34.286 INFO:teuthology.orchestra.run.smithi150.stdout:/usr/bin/ceph: stderr
2024-09-15T22:02:33.124+0000 7fd4e4e00640 1 --2- >> [v2:172.21.15.150:3300/0,v1:172.21.15.150:6789/0] conn(0x7fd4e010ab60 0x7fd4e019d6d0 unknown :-1 s=BANNER_CONNECTING pgs=0 cs=0 l=1 rev1=0 crypto rx=0 tx=0 comp rx=0 tx=0)._handle_peer_banner_payload supported=3 required=0
2024-09-15T22:02:34.286 INFO:teuthology.orchestra.run.smithi150.stdout:/usr/bin/ceph: stderr
2024-09-15T22:02:33.124+0000 7fd4e4e00640 1 --2- >> [v2:172.21.15.150:3300/0,v1:172.21.15.150:6789/0] conn(0x7fd4e010ab60 0x7fd4e019d6d0 unknown :-1 s=HELLO_CONNECTING pgs=0 cs=0 l=1 rev1=1 crypto rx=0 tx=0 comp rx=0 tx=0).handle_hello peer v2:172.21.15.150:3300/0 says I am v2:172.21.15.150:39256/0 (socket says 172.21.15.150:39256)
2024-09-15T22:02:34.286 INFO:teuthology.orchestra.run.smithi150.stdout:/usr/bin/ceph: stderr
2024-09-15T22:02:33.124+0000 7fd4e4e00640 1 -- 172.21.15.150:0/248201806 learned_addr learned my addr 172.21.15.150:0/248201806 (peer_addr_for_me v2:172.21.15.150:0/0)
2024-09-15T22:02:34.286 INFO:teuthology.orchestra.run.smithi150.stdout:/usr/bin/ceph: stderr
2024-09-15T22:02:33.124+0000 7fd4e4e00640 1 -- 172.21.15.150:0/248201806 --> [v2:172.21.15.150:3300/0,v1:172.21.15.150:6789/0] -- mon_subscribe({config=0+,monmap=0+}) -- 0x7fd4e019dc10 con 0x7fd4e010ab60
2024-09-15T22:02:34.286 INFO:teuthology.orchestra.run.smithi150.stdout:/usr/bin/ceph: stderr
2024-09-15T22:02:33.125+0000 7fd4e4e00640 1 --2- 172.21.15.150:0/248201806 >> [v2:172.21.15.150:3300/0,v1:172.21.15.150:6789/0] conn(0x7fd4e010ab60 0x7fd4e019d6d0 secure :-1 s=READY pgs=50 cs=0 l=1 rev1=1 crypto rx=0x7fd4d40097f0 tx=0x7fd4d40327b0 comp rx=0 tx=0).ready entity=mon.0 client_cookie=0 server_cookie=0 in_seq=0 out_seq=0
2024-09-15T22:02:34.287 INFO:teuthology.orchestra.run.smithi150.stdout:/usr/bin/ceph: stderr
2024-09-15T22:02:33.125+0000 7fd4dd600640 1 -- 172.21.15.150:0/248201806 <== mon.0 v2:172.21.15.150:3300/0 1 ==== mon_map magic: 0 ==== 205+0+0 (secure 0 0 0) 0x7fd4d4037040 con 0x7fd4e010ab60
2024-09-15T22:02:34.287 INFO:teuthology.orchestra.run.smithi150.stdout:/usr/bin/ceph: stderr
2024-09-15T22:02:33.125+0000 7fd4dd600640 1 -- 172.21.15.150:0/248201806 <== mon.0 v2:172.21.15.150:3300/0 2 ==== config(27 keys) ==== 1140+0+0 (secure 0 0 0) 0x7fd4d4030c40 con 0x7fd4e010ab60
2024-09-15T22:02:34.287 INFO:teuthology.orchestra.run.smithi150.stdout:/usr/bin/ceph: stderr
2024-09-15T22:02:33.125+0000 7fd4e6200640 1 -- 172.21.15.150:0/248201806 --> [v2:172.21.15.150:3300/0,v1:172.21.15.150:6789/0] -- mon_subscribe({mgrmap=0+}) -- 0x7fd4e019dea0 con 0x7fd4e010ab60
2024-09-15T22:02:34.287 INFO:teuthology.orchestra.run.smithi150.stdout:/usr/bin/ceph: stderr
2024-09-15T22:02:33.125+0000 7fd4dd600640 1 -- 172.21.15.150:0/248201806 <== mon.0 v2:172.21.15.150:3300/0 3 ==== mon_map magic: 0 ==== 205+0+0 (secure 0 0 0) 0x7fd4d403a5d0 con 0x7fd4e010ab60
2024-09-15T22:02:34.287 INFO:teuthology.orchestra.run.smithi150.stdout:/usr/bin/ceph: stderr
2024-09-15T22:02:33.125+0000 7fd4e6200640 1 -- 172.21.15.150:0/248201806 --> [v2:172.21.15.150:3300/0,v1:172.21.15.150:6789/0] -- mon_subscribe({osdmap=0}) -- 0x7fd4e01a0b90 con 0x7fd4e010ab60
2024-09-15T22:02:34.287 INFO:teuthology.orchestra.run.smithi150.stdout:/usr/bin/ceph: stderr
2024-09-15T22:02:33.126+0000 7fd4dd600640 1 -- 172.21.15.150:0/248201806 <== mon.0 v2:172.21.15.150:3300/0 4 ==== mgrmap(e 8) ==== 46461+0+0 (secure 0 0 0) 0x7fd4d403a810 con 0x7fd4e010ab60
2024-09-15T22:02:34.287 INFO:teuthology.orchestra.run.smithi150.stdout:/usr/bin/ceph: stderr
2024-09-15T22:02:33.126+0000 7fd4e6200640 1 -- 172.21.15.150:0/248201806 --> [v2:172.21.15.150:3300/0,v1:172.21.15.150:6789/0] -- mon_command({"prefix": "get_command_descriptions"} v 0) -- 0x7fd4e010dd40 con 0x7fd4e010ab60
2024-09-15T22:02:34.287 INFO:teuthology.orchestra.run.smithi150.stdout:/usr/bin/ceph: stderr
2024-09-15T22:02:33.126+0000 7fd4dd600640 1 --2- 172.21.15.150:0/248201806 >> [v2:172.21.15.150:6800/3271868660,v1:172.21.15.150:6801/3271868660] conn(0x7fd4c80391b0 0x7fd4c803b670 unknown :-1 s=NONE pgs=0 cs=0 l=1 rev1=0 crypto rx=0 tx=0 comp rx=0 tx=0).connect
2024-09-15T22:02:34.287 INFO:teuthology.orchestra.run.smithi150.stdout:/usr/bin/ceph: stderr
2024-09-15T22:02:33.127+0000 7fd4dd600640 1 -- 172.21.15.150:0/248201806 <== mon.0 v2:172.21.15.150:3300/0 5 ==== osd_map(2..2 src has 1..2) ==== 940+0+0 (secure 0 0 0) 0x7fd4d406c780 con 0x7fd4e010ab60
2024-09-15T22:02:34.287 INFO:teuthology.orchestra.run.smithi150.stdout:/usr/bin/ceph: stderr
2024-09-15T22:02:33.127+0000 7fd4dfe00640 1 --2- 172.21.15.150:0/248201806 >> [v2:172.21.15.150:6800/3271868660,v1:172.21.15.150:6801/3271868660] conn(0x7fd4c80391b0 0x7fd4c803b670 unknown :-1 s=BANNER_CONNECTING pgs=0 cs=0 l=1 rev1=0 crypto rx=0 tx=0 comp rx=0 tx=0)._handle_peer_banner_payload supported=3 required=0
2024-09-15T22:02:34.287 INFO:teuthology.orchestra.run.smithi150.stdout:/usr/bin/ceph: stderr
2024-09-15T22:02:33.127+0000 7fd4dfe00640 1 --2- 172.21.15.150:0/248201806 >> [v2:172.21.15.150:6800/3271868660,v1:172.21.15.150:6801/3271868660] conn(0x7fd4c80391b0 0x7fd4c803b670 secure :-1 s=READY pgs=14 cs=0 l=1 rev1=1 crypto rx=0x7fd4cc0098c0 tx=0x7fd4cc006db0 comp rx=0 tx=0).ready entity=mgr.14118 client_cookie=0 server_cookie=0 in_seq=0 out_seq=0
2024-09-15T22:02:34.287 INFO:teuthology.orchestra.run.smithi150.stdout:/usr/bin/ceph: stderr
2024-09-15T22:02:33.132+0000 7fd4dd600640 1 -- 172.21.15.150:0/248201806 <== mon.0 v2:172.21.15.150:3300/0 6 ==== mon_command_ack([{"prefix": "get_command_descriptions"}]=0 v0) ==== 72+0+188821 (secure 0 0 0) 0x7fd4d40371e0 con 0x7fd4e010ab60
2024-09-15T22:02:34.287 INFO:teuthology.orchestra.run.smithi150.stdout:/usr/bin/ceph: stderr
2024-09-15T22:02:33.312+0000 7fd4e6200640 1 -- 172.21.15.150:0/248201806 --> [v2:172.21.15.150:3300/0,v1:172.21.15.150:6789/0] -- mon_command([{prefix=config set, name=mgr/cephadm/container_init}] v 0) -- 0x7fd4e010afe0 con 0x7fd4e010ab60
2024-09-15T22:02:34.287 INFO:teuthology.orchestra.run.smithi150.stdout:/usr/bin/ceph: stderr
2024-09-15T22:02:33.316+0000 7fd4dd600640 1 -- 172.21.15.150:0/248201806 <== mon.0 v2:172.21.15.150:3300/0 7 ==== mon_command_ack([{prefix=config set, name=mgr/cephadm/container_init}]=0 v7)=0 v7) ==== 142+0+0 (secure 0 0 0) 0x7fd4d4030df0 con 0x7fd4e010ab60
2024-09-15T22:02:34.288 INFO:teuthology.orchestra.run.smithi150.stdout:/usr/bin/ceph: stderr
2024-09-15T22:02:33.319+0000 7fd4e6200640 1 -- 172.21.15.150:0/248201806 >> [v2:172.21.15.150:6800/3271868660,v1:172.21.15.150:6801/3271868660] conn(0x7fd4c80391b0 msgr2=0x7fd4c803b670 secure :-1 s=STATE_CONNECTION_ESTABLISHED l=1).mark_down
2024-09-15T22:02:34.288 INFO:teuthology.orchestra.run.smithi150.stdout:/usr/bin/ceph: stderr
2024-09-15T22:02:33.319+0000 7fd4e6200640 1 --2- 172.21.15.150:0/248201806 >> [v2:172.21.15.150:6800/3271868660,v1:172.21.15.150:6801/3271868660] conn(0x7fd4c80391b0 0x7fd4c803b670 secure :-1 s=READY pgs=14 cs=0 l=1 rev1=1 crypto rx=0x7fd4cc0098c0 tx=0x7fd4cc006db0 comp rx=0 tx=0).stop
2024-09-15T22:02:34.288 INFO:teuthology.orchestra.run.smithi150.stdout:/usr/bin/ceph: stderr
2024-09-15T22:02:33.319+0000 7fd4e6200640 1 -- 172.21.15.150:0/248201806 >> [v2:172.21.15.150:3300/0,v1:172.21.15.150:6789/0] conn(0x7fd4e010ab60 msgr2=0x7fd4e019d6d0 secure :-1 s=STATE_CONNECTION_ESTABLISHED l=1).mark_down
2024-09-15T22:02:34.288 INFO:teuthology.orchestra.run.smithi150.stdout:/usr/bin/ceph: stderr
2024-09-15T22:02:33.319+0000 7fd4e6200640 1 --2- 172.21.15.150:0/248201806 >> [v2:172.21.15.150:3300/0,v1:172.21.15.150:6789/0] conn(0x7fd4e010ab60 0x7fd4e019d6d0 secure :-1 s=READY pgs=50 cs=0 l=1 rev1=1 crypto rx=0x7fd4d40097f0 tx=0x7fd4d40327b0 comp rx=0 tx=0).stop
2024-09-15T22:02:34.288 INFO:teuthology.orchestra.run.smithi150.stdout:/usr/bin/ceph: stderr
2024-09-15T22:02:33.319+0000 7fd4e6200640 1 -- 172.21.15.150:0/248201806 shutdown_connections
2024-09-15T22:02:34.288 INFO:teuthology.orchestra.run.smithi150.stdout:/usr/bin/ceph: stderr
2024-09-15T22:02:33.319+0000 7fd4e6200640 1 --2- 172.21.15.150:0/248201806 >> [v2:172.21.15.150:6800/3271868660,v1:172.21.15.150:6801/3271868660] conn(0x7fd4c80391b0 0x7fd4c803b670 unknown :-1 s=CLOSED pgs=14 cs=0 l=1 rev1=1 crypto rx=0 tx=0 comp rx=0 tx=0).stop
2024-09-15T22:02:34.288 INFO:teuthology.orchestra.run.smithi150.stdout:/usr/bin/ceph: stderr
2024-09-15T22:02:33.319+0000 7fd4e6200640 1 --2- 172.21.15.150:0/248201806 >> [v2:172.21.15.150:3300/0,v1:172.21.15.150:6789/0] conn(0x7fd4e010ab60 0x7fd4e019d6d0 unknown :-1 s=CLOSED pgs=50 cs=0 l=1 rev1=1 crypto rx=0 tx=0 comp rx=0 tx=0).stop
2024-09-15T22:02:34.288 INFO:teuthology.orchestra.run.smithi150.stdout:/usr/bin/ceph: stderr
2024-09-15T22:02:33.319+0000 7fd4e6200640 1 -- 172.21.15.150:0/248201806 >> 172.21.15.150:0/248201806 conn(0x7fd4e007cce0 msgr2=0x7fd4e0107530 unknown :-1 s=STATE_NONE l=0).mark_down
2024-09-15T22:02:34.288 INFO:teuthology.orchestra.run.smithi150.stdout:/usr/bin/ceph: stderr
2024-09-15T22:02:33.319+0000 7fd4e6200640 1 -- 172.21.15.150:0/248201806 shutdown_connections
2024-09-15T22:02:34.288 INFO:teuthology.orchestra.run.smithi150.stdout:/usr/bin/ceph: stderr
2024-09-15T22:02:33.319+0000 7fd4e6200640 1 -- 172.21.15.150:0/248201806 wait complete.
2024-09-15T22:02:34.592 INFO:journalctl@ceph.mon.a.smithi150.stdout:Sep 15 22:02:34 smithi150 ceph-mon[30886]: from='client.? 172.21.15.150:0/248201806' entity='client.admin'
2024-09-15T22:02:34.592 INFO:journalctl@ceph.mon.a.smithi150.stdout:Sep 15 22:02:34 smithi150 ceph-mon[30886]: from='mgr.14118 172.21.15.150:0/3724424316' entity='mgr.x'
2024-09-15T22:02:35.696 INFO:teuthology.orchestra.run.smithi150.stdout:/usr/bin/ceph: stderr
2024-09-15T22:02:34.855+0000 7f3e1be00640 1 Processor -- start
2024-09-15T22:02:35.696 INFO:teuthology.orchestra.run.smithi150.stdout:/usr/bin/ceph: stderr
2024-09-15T22:02:34.856+0000 7f3e1be00640 1 -- start start
2024-09-15T22:02:35.696 INFO:teuthology.orchestra.run.smithi150.stdout:/usr/bin/ceph: stderr
2024-09-15T22:02:34.856+0000 7f3e1be00640 1 --2- >> [v2:172.21.15.150:3300/0,v1:172.21.15.150:6789/0] conn(0x7f3e1c1074f0 0x7f3e1c1078f0 unknown :-1 s=NONE pgs=0 cs=0 l=0 rev1=0 crypto rx=0 tx=0 comp rx=0 tx=0).connect
2024-09-15T22:02:35.696 INFO:teuthology.orchestra.run.smithi150.stdout:/usr/bin/ceph: stderr
2024-09-15T22:02:34.856+0000 7f3e1be00640 1 -- --> [v2:172.21.15.150:3300/0,v1:172.21.15.150:6789/0] -- mon_getmap magic: 0 -- 0x7f3e1c107ec0 con 0x7f3e1c1074f0
2024-09-15T22:02:35.696 INFO:teuthology.orchestra.run.smithi150.stdout:/usr/bin/ceph: stderr
2024-09-15T22:02:34.856+0000 7f3e1aa00640 1 --2- >> [v2:172.21.15.150:3300/0,v1:172.21.15.150:6789/0] conn(0x7f3e1c1074f0 0x7f3e1c1078f0 unknown :-1 s=BANNER_CONNECTING pgs=0 cs=0 l=0 rev1=0 crypto rx=0 tx=0 comp rx=0 tx=0)._handle_peer_banner_payload supported=3 required=0
2024-09-15T22:02:35.696 INFO:teuthology.orchestra.run.smithi150.stdout:/usr/bin/ceph: stderr
2024-09-15T22:02:34.856+0000 7f3e1aa00640 1 --2- >> [v2:172.21.15.150:3300/0,v1:172.21.15.150:6789/0] conn(0x7f3e1c1074f0 0x7f3e1c1078f0 unknown :-1 s=HELLO_CONNECTING pgs=0 cs=0 l=0 rev1=1 crypto rx=0 tx=0 comp rx=0 tx=0).handle_hello peer v2:172.21.15.150:3300/0 says I am v2:172.21.15.150:39268/0 (socket says 172.21.15.150:39268)
2024-09-15T22:02:35.696 INFO:teuthology.orchestra.run.smithi150.stdout:/usr/bin/ceph: stderr
2024-09-15T22:02:34.856+0000 7f3e1aa00640 1 -- 172.21.15.150:0/4026048705 learned_addr learned my addr 172.21.15.150:0/4026048705 (peer_addr_for_me v2:172.21.15.150:0/0)
2024-09-15T22:02:35.697 INFO:teuthology.orchestra.run.smithi150.stdout:/usr/bin/ceph: stderr
2024-09-15T22:02:34.857+0000 7f3e1aa00640 1 -- 172.21.15.150:0/4026048705 --> [v2:172.21.15.150:3300/0,v1:172.21.15.150:6789/0] -- mon_subscribe({config=0+,monmap=0+}) -- 0x7f3e1c1086f0 con 0x7f3e1c1074f0
2024-09-15T22:02:35.697 INFO:teuthology.orchestra.run.smithi150.stdout:/usr/bin/ceph: stderr
2024-09-15T22:02:34.858+0000 7f3e1aa00640 1 --2- 172.21.15.150:0/4026048705 >> [v2:172.21.15.150:3300/0,v1:172.21.15.150:6789/0] conn(0x7f3e1c1074f0 0x7f3e1c1078f0 secure :-1 s=READY pgs=51 cs=0 l=1 rev1=1 crypto rx=0x7f3e0c009820 tx=0x7f3e0c02a270 comp rx=0 tx=0).ready entity=mon.0 client_cookie=3906305fa68bd98b server_cookie=0 in_seq=0 out_seq=0
2024-09-15T22:02:35.697 INFO:teuthology.orchestra.run.smithi150.stdout:/usr/bin/ceph: stderr
2024-09-15T22:02:34.858+0000 7f3e1a000640 1 -- 172.21.15.150:0/4026048705 <== mon.0 v2:172.21.15.150:3300/0 1 ==== mon_map magic: 0 ==== 205+0+0 (secure 0 0 0) 0x7f3e0c037070 con 0x7f3e1c1074f0
2024-09-15T22:02:35.697 INFO:teuthology.orchestra.run.smithi150.stdout:/usr/bin/ceph: stderr
2024-09-15T22:02:34.859+0000 7f3e1a000640 1 -- 172.21.15.150:0/4026048705 <== mon.0 v2:172.21.15.150:3300/0 2 ==== config(27 keys) ==== 1140+0+0 (secure 0 0 0) 0x7f3e0c032920 con 0x7f3e1c1074f0
2024-09-15T22:02:35.697 INFO:teuthology.orchestra.run.smithi150.stdout:/usr/bin/ceph: stderr
2024-09-15T22:02:34.859+0000 7f3e1a000640 1 -- 172.21.15.150:0/4026048705 <== mon.0 v2:172.21.15.150:3300/0 3 ==== mon_map magic: 0 ==== 205+0+0 (secure 0 0 0) 0x7f3e0c030810 con 0x7f3e1c1074f0
2024-09-15T22:02:35.697 INFO:teuthology.orchestra.run.smithi150.stdout:/usr/bin/ceph: stderr
2024-09-15T22:02:34.859+0000 7f3e1be00640 1 -- 172.21.15.150:0/4026048705 >> [v2:172.21.15.150:3300/0,v1:172.21.15.150:6789/0] conn(0x7f3e1c1074f0 msgr2=0x7f3e1c1078f0 secure :-1 s=STATE_CONNECTION_ESTABLISHED l=1).mark_down
2024-09-15T22:02:35.697 INFO:teuthology.orchestra.run.smithi150.stdout:/usr/bin/ceph: stderr
2024-09-15T22:02:34.859+0000 7f3e1be00640 1 --2- 172.21.15.150:0/4026048705 >> [v2:172.21.15.150:3300/0,v1:172.21.15.150:6789/0] conn(0x7f3e1c1074f0 0x7f3e1c1078f0 secure :-1 s=READY pgs=51 cs=0 l=1 rev1=1 crypto rx=0x7f3e0c009820 tx=0x7f3e0c02a270 comp rx=0 tx=0).stop
2024-09-15T22:02:35.697 INFO:teuthology.orchestra.run.smithi150.stdout:/usr/bin/ceph: stderr
2024-09-15T22:02:34.859+0000 7f3e1be00640 1 -- 172.21.15.150:0/4026048705 shutdown_connections
2024-09-15T22:02:35.697 INFO:teuthology.orchestra.run.smithi150.stdout:/usr/bin/ceph: stderr
2024-09-15T22:02:34.859+0000 7f3e1be00640 1 --2- 172.21.15.150:0/4026048705 >> [v2:172.21.15.150:3300/0,v1:172.21.15.150:6789/0] conn(0x7f3e1c1074f0 0x7f3e1c1078f0 unknown :-1 s=CLOSED pgs=51 cs=0 l=1 rev1=1 crypto rx=0 tx=0 comp rx=0 tx=0).stop
2024-09-15T22:02:35.697 INFO:teuthology.orchestra.run.smithi150.stdout:/usr/bin/ceph: stderr
2024-09-15T22:02:34.859+0000 7f3e1be00640 1 -- 172.21.15.150:0/4026048705 >> 172.21.15.150:0/4026048705 conn(0x7f3e1c102ce0 msgr2=0x7f3e1c105100 unknown :-1 s=STATE_NONE l=0).mark_down
2024-09-15T22:02:35.697 INFO:teuthology.orchestra.run.smithi150.stdout:/usr/bin/ceph: stderr
2024-09-15T22:02:34.859+0000 7f3e1be00640 1 -- 172.21.15.150:0/4026048705 shutdown_connections
2024-09-15T22:02:35.697 INFO:teuthology.orchestra.run.smithi150.stdout:/usr/bin/ceph: stderr
2024-09-15T22:02:34.860+0000 7f3e1be00640 1 -- 172.21.15.150:0/4026048705 wait complete.
2024-09-15T22:02:35.697 INFO:teuthology.orchestra.run.smithi150.stdout:/usr/bin/ceph: stderr
2024-09-15T22:02:34.861+0000 7f3e1be00640 1 Processor -- start
2024-09-15T22:02:35.698 INFO:teuthology.orchestra.run.smithi150.stdout:/usr/bin/ceph: stderr
2024-09-15T22:02:34.861+0000 7f3e1be00640 1 -- start start
2024-09-15T22:02:35.698 INFO:teuthology.orchestra.run.smithi150.stdout:/usr/bin/ceph: stderr
2024-09-15T22:02:34.861+0000 7f3e1be00640 1 --2- >> [v2:172.21.15.150:3300/0,v1:172.21.15.150:6789/0] conn(0x7f3e1c1074f0 0x7f3e1c19b520 unknown :-1 s=NONE pgs=0 cs=0 l=1 rev1=0 crypto rx=0 tx=0 comp rx=0 tx=0).connect
2024-09-15T22:02:35.698 INFO:teuthology.orchestra.run.smithi150.stdout:/usr/bin/ceph: stderr
2024-09-15T22:02:34.861+0000 7f3e1be00640 1 -- --> [v2:172.21.15.150:3300/0,v1:172.21.15.150:6789/0] -- mon_getmap magic: 0 -- 0x7f3e1c10baa0 con 0x7f3e1c1074f0
2024-09-15T22:02:35.698 INFO:teuthology.orchestra.run.smithi150.stdout:/usr/bin/ceph: stderr
2024-09-15T22:02:34.862+0000 7f3e1aa00640 1 --2- >> [v2:172.21.15.150:3300/0,v1:172.21.15.150:6789/0] conn(0x7f3e1c1074f0 0x7f3e1c19b520 unknown :-1 s=BANNER_CONNECTING pgs=0 cs=0 l=1 rev1=0 crypto rx=0 tx=0 comp rx=0 tx=0)._handle_peer_banner_payload supported=3 required=0
2024-09-15T22:02:35.698 INFO:teuthology.orchestra.run.smithi150.stdout:/usr/bin/ceph: stderr
2024-09-15T22:02:34.862+0000 7f3e1aa00640 1 --2- >> [v2:172.21.15.150:3300/0,v1:172.21.15.150:6789/0] conn(0x7f3e1c1074f0 0x7f3e1c19b520 unknown :-1 s=HELLO_CONNECTING pgs=0 cs=0 l=1 rev1=1 crypto rx=0 tx=0 comp rx=0 tx=0).handle_hello peer v2:172.21.15.150:3300/0 says I am v2:172.21.15.150:39272/0 (socket says 172.21.15.150:39272)
2024-09-15T22:02:35.698 INFO:teuthology.orchestra.run.smithi150.stdout:/usr/bin/ceph: stderr
2024-09-15T22:02:34.862+0000 7f3e1aa00640 1 -- 172.21.15.150:0/3538205478 learned_addr learned my addr 172.21.15.150:0/3538205478 (peer_addr_for_me v2:172.21.15.150:0/0)
2024-09-15T22:02:35.698 INFO:teuthology.orchestra.run.smithi150.stdout:/usr/bin/ceph: stderr
2024-09-15T22:02:34.862+0000 7f3e1aa00640 1 -- 172.21.15.150:0/3538205478 --> [v2:172.21.15.150:3300/0,v1:172.21.15.150:6789/0] -- mon_subscribe({config=0+,monmap=0+}) -- 0x7f3e1c19ba60 con 0x7f3e1c1074f0
2024-09-15T22:02:35.698 INFO:teuthology.orchestra.run.smithi150.stdout:/usr/bin/ceph: stderr
2024-09-15T22:02:34.862+0000 7f3e1aa00640 1 --2- 172.21.15.150:0/3538205478 >> [v2:172.21.15.150:3300/0,v1:172.21.15.150:6789/0] conn(0x7f3e1c1074f0 0x7f3e1c19b520 secure :-1 s=READY pgs=52 cs=0 l=1 rev1=1 crypto rx=0x7f3e0c0097f0 tx=0x7f3e0c0327b0 comp rx=0 tx=0).ready entity=mon.0 client_cookie=0 server_cookie=0 in_seq=0 out_seq=0
2024-09-15T22:02:35.698 INFO:teuthology.orchestra.run.smithi150.stdout:/usr/bin/ceph: stderr
2024-09-15T22:02:34.863+0000 7f3e13400640 1 -- 172.21.15.150:0/3538205478 <== mon.0 v2:172.21.15.150:3300/0 1 ==== mon_map magic: 0 ==== 205+0+0 (secure 0 0 0) 0x7f3e0c037040 con 0x7f3e1c1074f0
2024-09-15T22:02:35.698 INFO:teuthology.orchestra.run.smithi150.stdout:/usr/bin/ceph: stderr
2024-09-15T22:02:34.863+0000 7f3e13400640 1 -- 172.21.15.150:0/3538205478 <== mon.0 v2:172.21.15.150:3300/0 2 ==== config(27 keys) ==== 1140+0+0 (secure 0 0 0) 0x7f3e0c030c40 con 0x7f3e1c1074f0
2024-09-15T22:02:35.698 INFO:teuthology.orchestra.run.smithi150.stdout:/usr/bin/ceph: stderr
2024-09-15T22:02:34.863+0000 7f3e13400640 1 -- 172.21.15.150:0/3538205478 <== mon.0 v2:172.21.15.150:3300/0 3 ==== mon_map magic: 0 ==== 205+0+0 (secure 0 0 0) 0x7f3e0c03a5b0 con 0x7f3e1c1074f0
2024-09-15T22:02:35.698 INFO:teuthology.orchestra.run.smithi150.stdout:/usr/bin/ceph: stderr
2024-09-15T22:02:34.863+0000 7f3e1be00640 1 -- 172.21.15.150:0/3538205478 --> [v2:172.21.15.150:3300/0,v1:172.21.15.150:6789/0] -- mon_subscribe({mgrmap=0+}) -- 0x7f3e1c19bcf0 con 0x7f3e1c1074f0
2024-09-15T22:02:35.698 INFO:teuthology.orchestra.run.smithi150.stdout:/usr/bin/ceph: stderr
2024-09-15T22:02:34.863+0000 7f3e1be00640 1 -- 172.21.15.150:0/3538205478 --> [v2:172.21.15.150:3300/0,v1:172.21.15.150:6789/0] -- mon_subscribe({osdmap=0}) -- 0x7f3e1c19e9e0 con 0x7f3e1c1074f0
2024-09-15T22:02:35.699 INFO:teuthology.orchestra.run.smithi150.stdout:/usr/bin/ceph: stderr
2024-09-15T22:02:34.864+0000 7f3e13400640 1 -- 172.21.15.150:0/3538205478 <== mon.0 v2:172.21.15.150:3300/0 4 ==== mgrmap(e 8) ==== 46461+0+0 (secure 0 0 0) 0x7f3e0c03a750 con 0x7f3e1c1074f0
2024-09-15T22:02:35.699 INFO:teuthology.orchestra.run.smithi150.stdout:/usr/bin/ceph: stderr
2024-09-15T22:02:34.864+0000 7f3e1be00640 1 -- 172.21.15.150:0/3538205478 --> [v2:172.21.15.150:3300/0,v1:172.21.15.150:6789/0] -- mon_command({"prefix": "get_command_descriptions"} v 0) -- 0x7f3e1c107970 con 0x7f3e1c1074f0
2024-09-15T22:02:35.699 INFO:teuthology.orchestra.run.smithi150.stdout:/usr/bin/ceph: stderr
2024-09-15T22:02:34.865+0000 7f3e13400640 1 --2- 172.21.15.150:0/3538205478 >> [v2:172.21.15.150:6800/3271868660,v1:172.21.15.150:6801/3271868660] conn(0x7f3e00039200 0x7f3e0003b6c0 unknown :-1 s=NONE pgs=0 cs=0 l=1 rev1=0 crypto rx=0 tx=0 comp rx=0 tx=0).connect
2024-09-15T22:02:35.699 INFO:teuthology.orchestra.run.smithi150.stdout:/usr/bin/ceph: stderr
2024-09-15T22:02:34.865+0000 7f3e13400640 1 -- 172.21.15.150:0/3538205478 <== mon.0 v2:172.21.15.150:3300/0 5 ==== osd_map(2..2 src has 1..2) ==== 940+0+0 (secure 0 0 0) 0x7f3e0c06c770 con 0x7f3e1c1074f0
2024-09-15T22:02:35.699 INFO:teuthology.orchestra.run.smithi150.stdout:/usr/bin/ceph: stderr
2024-09-15T22:02:34.865+0000 7f3e13e00640 1 --2- 172.21.15.150:0/3538205478 >> [v2:172.21.15.150:6800/3271868660,v1:172.21.15.150:6801/3271868660] conn(0x7f3e00039200 0x7f3e0003b6c0 unknown :-1 s=BANNER_CONNECTING pgs=0 cs=0 l=1 rev1=0 crypto rx=0 tx=0 comp rx=0 tx=0)._handle_peer_banner_payload supported=3 required=0
2024-09-15T22:02:35.699 INFO:teuthology.orchestra.run.smithi150.stdout:/usr/bin/ceph: stderr
2024-09-15T22:02:34.866+0000 7f3e13e00640 1 --2- 172.21.15.150:0/3538205478 >> [v2:172.21.15.150:6800/3271868660,v1:172.21.15.150:6801/3271868660] conn(0x7f3e00039200 0x7f3e0003b6c0 secure :-1 s=READY pgs=15 cs=0 l=1 rev1=1 crypto rx=0x7f3e040098c0 tx=0x7f3e04006db0 comp rx=0 tx=0).ready entity=mgr.14118 client_cookie=0 server_cookie=0 in_seq=0 out_seq=0
2024-09-15T22:02:35.699 INFO:teuthology.orchestra.run.smithi150.stdout:/usr/bin/ceph: stderr
2024-09-15T22:02:34.870+0000 7f3e13400640 1 -- 172.21.15.150:0/3538205478 <== mon.0 v2:172.21.15.150:3300/0 6 ==== mon_command_ack([{"prefix": "get_command_descriptions"}]=0 v0) ==== 72+0+188821 (secure 0 0 0) 0x7f3e0c042dc0 con 0x7f3e1c1074f0
2024-09-15T22:02:35.699 INFO:teuthology.orchestra.run.smithi150.stdout:/usr/bin/ceph: stderr
2024-09-15T22:02:35.053+0000 7f3e1be00640 1 -- 172.21.15.150:0/3538205478 --> [v2:172.21.15.150:3300/0,v1:172.21.15.150:6789/0] -- mon_command([{prefix=config set, name=mgr/dashboard/ssl_server_port}] v 0) -- 0x7f3e1c19ebb0 con 0x7f3e1c1074f0
2024-09-15T22:02:35.699 INFO:teuthology.orchestra.run.smithi150.stdout:/usr/bin/ceph: stderr
2024-09-15T22:02:35.056+0000 7f3e13400640 1 -- 172.21.15.150:0/3538205478 <== mon.0 v2:172.21.15.150:3300/0 7 ==== mon_command_ack([{prefix=config set, name=mgr/dashboard/ssl_server_port}]=0 v8)=0 v8) ==== 130+0+0 (secure 0 0 0) 0x7f3e0c06c0c0 con 0x7f3e1c1074f0
2024-09-15T22:02:35.699 INFO:teuthology.orchestra.run.smithi150.stdout:/usr/bin/ceph: stderr
2024-09-15T22:02:35.058+0000 7f3e1be00640 1 -- 172.21.15.150:0/3538205478 >> [v2:172.21.15.150:6800/3271868660,v1:172.21.15.150:6801/3271868660] conn(0x7f3e00039200 msgr2=0x7f3e0003b6c0 secure :-1 s=STATE_CONNECTION_ESTABLISHED l=1).mark_down
2024-09-15T22:02:35.699 INFO:teuthology.orchestra.run.smithi150.stdout:/usr/bin/ceph: stderr
2024-09-15T22:02:35.058+0000 7f3e1be00640 1 --2- 172.21.15.150:0/3538205478 >> [v2:172.21.15.150:6800/3271868660,v1:172.21.15.150:6801/3271868660] conn(0x7f3e00039200 0x7f3e0003b6c0 secure :-1 s=READY pgs=15 cs=0 l=1 rev1=1 crypto rx=0x7f3e040098c0 tx=0x7f3e04006db0 comp rx=0 tx=0).stop
2024-09-15T22:02:35.700 INFO:teuthology.orchestra.run.smithi150.stdout:/usr/bin/ceph: stderr
2024-09-15T22:02:35.058+0000 7f3e1be00640 1 -- 172.21.15.150:0/3538205478 >> [v2:172.21.15.150:3300/0,v1:172.21.15.150:6789/0] conn(0x7f3e1c1074f0 msgr2=0x7f3e1c19b520 secure :-1 s=STATE_CONNECTION_ESTABLISHED l=1).mark_down
2024-09-15T22:02:35.700 INFO:teuthology.orchestra.run.smithi150.stdout:/usr/bin/ceph: stderr
2024-09-15T22:02:35.058+0000 7f3e1be00640 1 --2- 172.21.15.150:0/3538205478 >> [v2:172.21.15.150:3300/0,v1:172.21.15.150:6789/0] conn(0x7f3e1c1074f0 0x7f3e1c19b520 secure :-1 s=READY pgs=52 cs=0 l=1 rev1=1 crypto rx=0x7f3e0c0097f0 tx=0x7f3e0c0327b0 comp rx=0 tx=0).stop
2024-09-15T22:02:35.700 INFO:teuthology.orchestra.run.smithi150.stdout:/usr/bin/ceph: stderr
2024-09-15T22:02:35.059+0000 7f3e1be00640 1 -- 172.21.15.150:0/3538205478 shutdown_connections
2024-09-15T22:02:35.700 INFO:teuthology.orchestra.run.smithi150.stdout:/usr/bin/ceph: stderr
2024-09-15T22:02:35.059+0000 7f3e1be00640 1 --2- 172.21.15.150:0/3538205478 >> [v2:172.21.15.150:6800/3271868660,v1:172.21.15.150:6801/3271868660] conn(0x7f3e00039200 0x7f3e0003b6c0 unknown :-1 s=CLOSED pgs=15 cs=0 l=1 rev1=1 crypto rx=0 tx=0 comp rx=0 tx=0).stop
2024-09-15T22:02:35.700 INFO:teuthology.orchestra.run.smithi150.stdout:/usr/bin/ceph: stderr
2024-09-15T22:02:35.059+0000 7f3e1be00640 1 --2- 172.21.15.150:0/3538205478 >> [v2:172.21.15.150:3300/0,v1:172.21.15.150:6789/0] conn(0x7f3e1c1074f0 0x7f3e1c19b520 unknown :-1 s=CLOSED pgs=52 cs=0 l=1 rev1=1 crypto rx=0 tx=0 comp rx=0 tx=0).stop
2024-09-15T22:02:35.700 INFO:teuthology.orchestra.run.smithi150.stdout:/usr/bin/ceph: stderr
2024-09-15T22:02:35.059+0000 7f3e1be00640 1 -- 172.21.15.150:0/3538205478 >> 172.21.15.150:0/3538205478 conn(0x7f3e1c102ce0 msgr2=0x7f3e1c1038c0 unknown :-1 s=STATE_NONE l=0).mark_down
2024-09-15T22:02:35.700 INFO:teuthology.orchestra.run.smithi150.stdout:/usr/bin/ceph: stderr
2024-09-15T22:02:35.059+0000 7f3e1be00640 1 -- 172.21.15.150:0/3538205478 shutdown_connections
2024-09-15T22:02:35.700 INFO:teuthology.orchestra.run.smithi150.stdout:/usr/bin/ceph: stderr
2024-09-15T22:02:35.059+0000 7f3e1be00640 1 -- 172.21.15.150:0/3538205478 wait complete.
2024-09-15T22:02:35.700 INFO:teuthology.orchestra.run.smithi150.stdout:Enabling the dashboard module...
2024-09-15T22:02:36.426 INFO:journalctl@ceph.mon.a.smithi150.stdout:Sep 15 22:02:36 smithi150 ceph-mon[30886]: from='client.? 172.21.15.150:0/3538205478' entity='client.admin'
2024-09-15T22:02:36.426 INFO:journalctl@ceph.mon.a.smithi150.stdout:Sep 15 22:02:36 smithi150 ceph-mon[30886]: from='mgr.14118 172.21.15.150:0/3724424316' entity='mgr.x'
2024-09-15T22:02:37.309 INFO:journalctl@ceph.mon.a.smithi150.stdout:Sep 15 22:02:37 smithi150 ceph-mon[30886]: from='client.? 172.21.15.150:0/2594768358' entity='client.admin' cmd=[{"prefix": "mgr module enable", "module": "dashboard"}]: dispatch
2024-09-15T22:02:37.309 INFO:journalctl@ceph.mon.a.smithi150.stdout:Sep 15 22:02:37 smithi150 ceph-mon[30886]: pgmap v3: 0 pgs: ; 0 B data, 0 B used, 0 B / 0 B avail
2024-09-15T22:02:37.309 INFO:journalctl@ceph.mgr.x.smithi150.stdout:Sep 15 22:02:37 smithi150 ceph-faa38c0e-73ad-11ef-bceb-c7b262605968-mgr-x[31110]: ignoring --setuser ceph since I am not root
