2024-09-15T22:02:47.146+0000 7f1b67400640 1 -- 172.21.15.150:0/3738853952 <== mon.0 v2:172.21.15.150:3300/0 5 ==== osd_map(3..3 src has 1..3) ==== 1155+0+0 (secure 0 0 0) 0x7f1b6006cae0 con 0x7f1b70109890
2024-09-15T22:02:48.894 INFO:teuthology.orchestra.run.smithi150.stdout:/usr/bin/ceph: stderr
2024-09-15T22:02:47.146+0000 7f1b67e00640 1 --2- 172.21.15.150:0/3738853952 >> [v2:172.21.15.150:6800/1242932536,v1:172.21.15.150:6801/1242932536] conn(0x7f1b54039200 0x7f1b5403b6c0 unknown :-1 s=BANNER_CONNECTING pgs=0 cs=0 l=1 rev1=0 crypto rx=0 tx=0 comp rx=0 tx=0)._handle_peer_banner_payload supported=3 required=0
2024-09-15T22:02:48.894 INFO:teuthology.orchestra.run.smithi150.stdout:/usr/bin/ceph: stderr
2024-09-15T22:02:47.147+0000 7f1b67e00640 1 --2- 172.21.15.150:0/3738853952 >> [v2:172.21.15.150:6800/1242932536,v1:172.21.15.150:6801/1242932536] conn(0x7f1b54039200 0x7f1b5403b6c0 secure :-1 s=READY pgs=8 cs=0 l=1 rev1=1 crypto rx=0x7f1b580098c0 tx=0x7f1b58006db0 comp rx=0 tx=0).ready entity=mgr.14150 client_cookie=0 server_cookie=0 in_seq=0 out_seq=0
2024-09-15T22:02:48.894 INFO:teuthology.orchestra.run.smithi150.stdout:/usr/bin/ceph: stderr
2024-09-15T22:02:47.151+0000 7f1b67400640 1 -- 172.21.15.150:0/3738853952 <== mon.0 v2:172.21.15.150:3300/0 6 ==== mon_command_ack([{"prefix": "get_command_descriptions"}]=0 v0) ==== 72+0+188821 (secure 0 0 0) 0x7f1b60043360 con 0x7f1b70109890
2024-09-15T22:02:48.894 INFO:teuthology.orchestra.run.smithi150.stdout:/usr/bin/ceph: stderr
2024-09-15T22:02:47.365+0000 7f1b75a00640 1 -- 172.21.15.150:0/3738853952 --> [v2:172.21.15.150:6800/1242932536,v1:172.21.15.150:6801/1242932536] -- mgr_command(tid 0: {"prefix": "dashboard ac-user-create", "username": "admin", "rolename": "administrator", "force_password": true, "pwd_update_required": true, "target": ["mon-mgr", ""]}) -- 0x7f1b7019e500 con 0x7f1b54039200
2024-09-15T22:02:48.894 INFO:teuthology.orchestra.run.smithi150.stdout:/usr/bin/ceph: stderr
2024-09-15T22:02:47.592+0000 7f1b67400640 1 -- 172.21.15.150:0/3738853952 <== mgr.14150 v2:172.21.15.150:6800/1242932536 1 ==== mgr_command_reply(tid 0: 0 ) ==== 8+0+252 (secure 0 0 0) 0x7f1b7019e500 con 0x7f1b54039200
2024-09-15T22:02:48.894 INFO:teuthology.orchestra.run.smithi150.stdout:/usr/bin/ceph: stderr
2024-09-15T22:02:47.595+0000 7f1b75a00640 1 -- 172.21.15.150:0/3738853952 >> [v2:172.21.15.150:6800/1242932536,v1:172.21.15.150:6801/1242932536] conn(0x7f1b54039200 msgr2=0x7f1b5403b6c0 secure :-1 s=STATE_CONNECTION_ESTABLISHED l=1).mark_down
2024-09-15T22:02:48.894 INFO:teuthology.orchestra.run.smithi150.stdout:/usr/bin/ceph: stderr
2024-09-15T22:02:47.595+0000 7f1b75a00640 1 --2- 172.21.15.150:0/3738853952 >> [v2:172.21.15.150:6800/1242932536,v1:172.21.15.150:6801/1242932536] conn(0x7f1b54039200 0x7f1b5403b6c0 secure :-1 s=READY pgs=8 cs=0 l=1 rev1=1 crypto rx=0x7f1b580098c0 tx=0x7f1b58006db0 comp rx=0 tx=0).stop
2024-09-15T22:02:48.894 INFO:teuthology.orchestra.run.smithi150.stdout:/usr/bin/ceph: stderr
2024-09-15T22:02:47.595+0000 7f1b75a00640 1 -- 172.21.15.150:0/3738853952 >> [v2:172.21.15.150:3300/0,v1:172.21.15.150:6789/0] conn(0x7f1b70109890 msgr2=0x7f1b7019d850 secure :-1 s=STATE_CONNECTION_ESTABLISHED l=1).mark_down
2024-09-15T22:02:48.894 INFO:teuthology.orchestra.run.smithi150.stdout:/usr/bin/ceph: stderr
2024-09-15T22:02:47.595+0000 7f1b75a00640 1 --2- 172.21.15.150:0/3738853952 >> [v2:172.21.15.150:3300/0,v1:172.21.15.150:6789/0] conn(0x7f1b70109890 0x7f1b7019d850 secure :-1 s=READY pgs=71 cs=0 l=1 rev1=1 crypto rx=0x7f1b60030380 tx=0x7f1b60032670 comp rx=0 tx=0).stop
2024-09-15T22:02:48.895 INFO:teuthology.orchestra.run.smithi150.stdout:/usr/bin/ceph: stderr
2024-09-15T22:02:47.595+0000 7f1b75a00640 1 -- 172.21.15.150:0/3738853952 shutdown_connections
2024-09-15T22:02:48.895 INFO:teuthology.orchestra.run.smithi150.stdout:/usr/bin/ceph: stderr
2024-09-15T22:02:47.595+0000 7f1b75a00640 1 --2- 172.21.15.150:0/3738853952 >> [v2:172.21.15.150:6800/1242932536,v1:172.21.15.150:6801/1242932536] conn(0x7f1b54039200 0x7f1b5403b6c0 unknown :-1 s=CLOSED pgs=8 cs=0 l=1 rev1=1 crypto rx=0 tx=0 comp rx=0 tx=0).stop
2024-09-15T22:02:48.895 INFO:teuthology.orchestra.run.smithi150.stdout:/usr/bin/ceph: stderr
2024-09-15T22:02:47.595+0000 7f1b75a00640 1 --2- 172.21.15.150:0/3738853952 >> [v2:172.21.15.150:3300/0,v1:172.21.15.150:6789/0] conn(0x7f1b70109890 0x7f1b7019d850 unknown :-1 s=CLOSED pgs=71 cs=0 l=1 rev1=1 crypto rx=0 tx=0 comp rx=0 tx=0).stop
2024-09-15T22:02:48.895 INFO:teuthology.orchestra.run.smithi150.stdout:/usr/bin/ceph: stderr
2024-09-15T22:02:47.595+0000 7f1b75a00640 1 -- 172.21.15.150:0/3738853952 >> 172.21.15.150:0/3738853952 conn(0x7f1b7007cea0 msgr2=0x7f1b70107530 unknown :-1 s=STATE_NONE l=0).mark_down
2024-09-15T22:02:48.895 INFO:teuthology.orchestra.run.smithi150.stdout:/usr/bin/ceph: stderr
2024-09-15T22:02:47.595+0000 7f1b75a00640 1 -- 172.21.15.150:0/3738853952 shutdown_connections
2024-09-15T22:02:48.895 INFO:teuthology.orchestra.run.smithi150.stdout:/usr/bin/ceph: stderr
2024-09-15T22:02:47.595+0000 7f1b75a00640 1 -- 172.21.15.150:0/3738853952 wait complete.
2024-09-15T22:02:48.895 INFO:teuthology.orchestra.run.smithi150.stdout:Fetching dashboard port number...
2024-09-15T22:02:49.676 INFO:journalctl@ceph.mon.a.smithi150.stdout:Sep 15 22:02:49 smithi150 ceph-mon[30886]: from='client.? 172.21.15.150:0/2527080940' entity='client.admin' cmd=[{"prefix": "config get", "who": "mgr", "key": "mgr/dashboard/ssl_server_port"}]: dispatch
2024-09-15T22:02:50.195 INFO:teuthology.orchestra.run.smithi150.stdout:/usr/bin/ceph: stdout 8443
2024-09-15T22:02:50.196 INFO:teuthology.orchestra.run.smithi150.stdout:/usr/bin/ceph: stderr
2024-09-15T22:02:49.379+0000 7f909fc00640 1 Processor -- start
2024-09-15T22:02:50.196 INFO:teuthology.orchestra.run.smithi150.stdout:/usr/bin/ceph: stderr
2024-09-15T22:02:49.380+0000 7f909fc00640 1 -- start start
2024-09-15T22:02:50.196 INFO:teuthology.orchestra.run.smithi150.stdout:/usr/bin/ceph: stderr
2024-09-15T22:02:49.380+0000 7f909fc00640 1 --2- >> [v2:172.21.15.150:3300/0,v1:172.21.15.150:6789/0] conn(0x7f90981076b0 0x7f9098107ab0 unknown :-1 s=NONE pgs=0 cs=0 l=0 rev1=0 crypto rx=0 tx=0 comp rx=0 tx=0).connect
2024-09-15T22:02:50.196 INFO:teuthology.orchestra.run.smithi150.stdout:/usr/bin/ceph: stderr
2024-09-15T22:02:49.380+0000 7f909fc00640 1 -- --> [v2:172.21.15.150:3300/0,v1:172.21.15.150:6789/0] -- mon_getmap magic: 0 -- 0x7f9098108080 con 0x7f90981076b0
2024-09-15T22:02:50.196 INFO:teuthology.orchestra.run.smithi150.stdout:/usr/bin/ceph: stderr
2024-09-15T22:02:49.380+0000 7f909d200640 1 --2- >> [v2:172.21.15.150:3300/0,v1:172.21.15.150:6789/0] conn(0x7f90981076b0 0x7f9098107ab0 unknown :-1 s=BANNER_CONNECTING pgs=0 cs=0 l=0 rev1=0 crypto rx=0 tx=0 comp rx=0 tx=0)._handle_peer_banner_payload supported=3 required=0
2024-09-15T22:02:50.196 INFO:teuthology.orchestra.run.smithi150.stdout:/usr/bin/ceph: stderr
2024-09-15T22:02:49.380+0000 7f909d200640 1 --2- >> [v2:172.21.15.150:3300/0,v1:172.21.15.150:6789/0] conn(0x7f90981076b0 0x7f9098107ab0 unknown :-1 s=HELLO_CONNECTING pgs=0 cs=0 l=0 rev1=1 crypto rx=0 tx=0 comp rx=0 tx=0).handle_hello peer v2:172.21.15.150:3300/0 says I am v2:172.21.15.150:50384/0 (socket says 172.21.15.150:50384)
2024-09-15T22:02:50.196 INFO:teuthology.orchestra.run.smithi150.stdout:/usr/bin/ceph: stderr
2024-09-15T22:02:49.380+0000 7f909d200640 1 -- 172.21.15.150:0/2501240477 learned_addr learned my addr 172.21.15.150:0/2501240477 (peer_addr_for_me v2:172.21.15.150:0/0)
2024-09-15T22:02:50.196 INFO:teuthology.orchestra.run.smithi150.stdout:/usr/bin/ceph: stderr
2024-09-15T22:02:49.380+0000 7f909d200640 1 -- 172.21.15.150:0/2501240477 --> [v2:172.21.15.150:3300/0,v1:172.21.15.150:6789/0] -- mon_subscribe({config=0+,monmap=0+}) -- 0x7f90981088b0 con 0x7f90981076b0
2024-09-15T22:02:50.196 INFO:teuthology.orchestra.run.smithi150.stdout:/usr/bin/ceph: stderr
2024-09-15T22:02:49.381+0000 7f909d200640 1 --2- 172.21.15.150:0/2501240477 >> [v2:172.21.15.150:3300/0,v1:172.21.15.150:6789/0] conn(0x7f90981076b0 0x7f9098107ab0 secure :-1 s=READY pgs=72 cs=0 l=1 rev1=1 crypto rx=0x7f908c009820 tx=0x7f908c02a270 comp rx=0 tx=0).ready entity=mon.0 client_cookie=bba81202bfcf8b8c server_cookie=0 in_seq=0 out_seq=0
2024-09-15T22:02:50.196 INFO:teuthology.orchestra.run.smithi150.stdout:/usr/bin/ceph: stderr
2024-09-15T22:02:49.382+0000 7f9097400640 1 -- 172.21.15.150:0/2501240477 <== mon.0 v2:172.21.15.150:3300/0 1 ==== mon_map magic: 0 ==== 205+0+0 (secure 0 0 0) 0x7f908c037070 con 0x7f90981076b0
2024-09-15T22:02:50.197 INFO:teuthology.orchestra.run.smithi150.stdout:/usr/bin/ceph: stderr
2024-09-15T22:02:49.382+0000 7f9097400640 1 -- 172.21.15.150:0/2501240477 <== mon.0 v2:172.21.15.150:3300/0 2 ==== config(27 keys) ==== 1140+0+0 (secure 0 0 0) 0x7f908c032920 con 0x7f90981076b0
2024-09-15T22:02:50.197 INFO:teuthology.orchestra.run.smithi150.stdout:/usr/bin/ceph: stderr
2024-09-15T22:02:49.382+0000 7f9097400640 1 -- 172.21.15.150:0/2501240477 <== mon.0 v2:172.21.15.150:3300/0 3 ==== mon_map magic: 0 ==== 205+0+0 (secure 0 0 0) 0x7f908c030810 con 0x7f90981076b0
2024-09-15T22:02:50.197 INFO:teuthology.orchestra.run.smithi150.stdout:/usr/bin/ceph: stderr
2024-09-15T22:02:49.382+0000 7f909fc00640 1 -- 172.21.15.150:0/2501240477 >> [v2:172.21.15.150:3300/0,v1:172.21.15.150:6789/0] conn(0x7f90981076b0 msgr2=0x7f9098107ab0 secure :-1 s=STATE_CONNECTION_ESTABLISHED l=1).mark_down
2024-09-15T22:02:50.197 INFO:teuthology.orchestra.run.smithi150.stdout:/usr/bin/ceph: stderr
2024-09-15T22:02:49.382+0000 7f909fc00640 1 --2- 172.21.15.150:0/2501240477 >> [v2:172.21.15.150:3300/0,v1:172.21.15.150:6789/0] conn(0x7f90981076b0 0x7f9098107ab0 secure :-1 s=READY pgs=72 cs=0 l=1 rev1=1 crypto rx=0x7f908c009820 tx=0x7f908c02a270 comp rx=0 tx=0).stop
2024-09-15T22:02:50.197 INFO:teuthology.orchestra.run.smithi150.stdout:/usr/bin/ceph: stderr
2024-09-15T22:02:49.382+0000 7f909fc00640 1 -- 172.21.15.150:0/2501240477 shutdown_connections
2024-09-15T22:02:50.197 INFO:teuthology.orchestra.run.smithi150.stdout:/usr/bin/ceph: stderr
2024-09-15T22:02:49.382+0000 7f909fc00640 1 --2- 172.21.15.150:0/2501240477 >> [v2:172.21.15.150:3300/0,v1:172.21.15.150:6789/0] conn(0x7f90981076b0 0x7f9098107ab0 unknown :-1 s=CLOSED pgs=72 cs=0 l=1 rev1=1 crypto rx=0 tx=0 comp rx=0 tx=0).stop
2024-09-15T22:02:50.197 INFO:teuthology.orchestra.run.smithi150.stdout:/usr/bin/ceph: stderr
2024-09-15T22:02:49.382+0000 7f909fc00640 1 -- 172.21.15.150:0/2501240477 >> 172.21.15.150:0/2501240477 conn(0x7f9098102e80 msgr2=0x7f90981052a0 unknown :-1 s=STATE_NONE l=0).mark_down
2024-09-15T22:02:50.197 INFO:teuthology.orchestra.run.smithi150.stdout:/usr/bin/ceph: stderr
2024-09-15T22:02:49.382+0000 7f909fc00640 1 -- 172.21.15.150:0/2501240477 shutdown_connections
2024-09-15T22:02:50.197 INFO:teuthology.orchestra.run.smithi150.stdout:/usr/bin/ceph: stderr
2024-09-15T22:02:49.383+0000 7f909fc00640 1 -- 172.21.15.150:0/2501240477 wait complete.
2024-09-15T22:02:50.197 INFO:teuthology.orchestra.run.smithi150.stdout:/usr/bin/ceph: stderr
2024-09-15T22:02:49.383+0000 7f909fc00640 1 Processor -- start
2024-09-15T22:02:50.197 INFO:teuthology.orchestra.run.smithi150.stdout:/usr/bin/ceph: stderr
2024-09-15T22:02:49.384+0000 7f909fc00640 1 -- start start
2024-09-15T22:02:50.198 INFO:teuthology.orchestra.run.smithi150.stdout:/usr/bin/ceph: stderr
2024-09-15T22:02:49.384+0000 7f909fc00640 1 --2- >> [v2:172.21.15.150:3300/0,v1:172.21.15.150:6789/0] conn(0x7f90981076b0 0x7f909807db90 unknown :-1 s=NONE pgs=0 cs=0 l=1 rev1=0 crypto rx=0 tx=0 comp rx=0 tx=0).connect
2024-09-15T22:02:50.198 INFO:teuthology.orchestra.run.smithi150.stdout:/usr/bin/ceph: stderr
2024-09-15T22:02:49.384+0000 7f909fc00640 1 -- --> [v2:172.21.15.150:3300/0,v1:172.21.15.150:6789/0] -- mon_getmap magic: 0 -- 0x7f909810bc60 con 0x7f90981076b0
2024-09-15T22:02:50.198 INFO:teuthology.orchestra.run.smithi150.stdout:/usr/bin/ceph: stderr
2024-09-15T22:02:49.384+0000 7f909d200640 1 --2- >> [v2:172.21.15.150:3300/0,v1:172.21.15.150:6789/0] conn(0x7f90981076b0 0x7f909807db90 unknown :-1 s=BANNER_CONNECTING pgs=0 cs=0 l=1 rev1=0 crypto rx=0 tx=0 comp rx=0 tx=0)._handle_peer_banner_payload supported=3 required=0
2024-09-15T22:02:50.198 INFO:teuthology.orchestra.run.smithi150.stdout:/usr/bin/ceph: stderr
2024-09-15T22:02:49.384+0000 7f909d200640 1 --2- >> [v2:172.21.15.150:3300/0,v1:172.21.15.150:6789/0] conn(0x7f90981076b0 0x7f909807db90 unknown :-1 s=HELLO_CONNECTING pgs=0 cs=0 l=1 rev1=1 crypto rx=0 tx=0 comp rx=0 tx=0).handle_hello peer v2:172.21.15.150:3300/0 says I am v2:172.21.15.150:50396/0 (socket says 172.21.15.150:50396)
2024-09-15T22:02:50.198 INFO:teuthology.orchestra.run.smithi150.stdout:/usr/bin/ceph: stderr
2024-09-15T22:02:49.384+0000 7f909d200640 1 -- 172.21.15.150:0/2527080940 learned_addr learned my addr 172.21.15.150:0/2527080940 (peer_addr_for_me v2:172.21.15.150:0/0)
2024-09-15T22:02:50.198 INFO:teuthology.orchestra.run.smithi150.stdout:/usr/bin/ceph: stderr
2024-09-15T22:02:49.384+0000 7f909d200640 1 -- 172.21.15.150:0/2527080940 --> [v2:172.21.15.150:3300/0,v1:172.21.15.150:6789/0] -- mon_subscribe({config=0+,monmap=0+}) -- 0x7f909807e0d0 con 0x7f90981076b0
2024-09-15T22:02:50.198 INFO:teuthology.orchestra.run.smithi150.stdout:/usr/bin/ceph: stderr
2024-09-15T22:02:49.385+0000 7f909d200640 1 --2- 172.21.15.150:0/2527080940 >> [v2:172.21.15.150:3300/0,v1:172.21.15.150:6789/0] conn(0x7f90981076b0 0x7f909807db90 secure :-1 s=READY pgs=73 cs=0 l=1 rev1=1 crypto rx=0x7f908c0097f0 tx=0x7f908c0327b0 comp rx=0 tx=0).ready entity=mon.0 client_cookie=0 server_cookie=0 in_seq=0 out_seq=0
2024-09-15T22:02:50.198 INFO:teuthology.orchestra.run.smithi150.stdout:/usr/bin/ceph: stderr
2024-09-15T22:02:49.385+0000 7f9095600640 1 -- 172.21.15.150:0/2527080940 <== mon.0 v2:172.21.15.150:3300/0 1 ==== mon_map magic: 0 ==== 205+0+0 (secure 0 0 0) 0x7f908c037040 con 0x7f90981076b0
2024-09-15T22:02:50.198 INFO:teuthology.orchestra.run.smithi150.stdout:/usr/bin/ceph: stderr
2024-09-15T22:02:49.385+0000 7f9095600640 1 -- 172.21.15.150:0/2527080940 <== mon.0 v2:172.21.15.150:3300/0 2 ==== config(27 keys) ==== 1140+0+0 (secure 0 0 0) 0x7f908c030cc0 con 0x7f90981076b0
2024-09-15T22:02:50.198 INFO:teuthology.orchestra.run.smithi150.stdout:/usr/bin/ceph: stderr
2024-09-15T22:02:49.385+0000 7f909fc00640 1 -- 172.21.15.150:0/2527080940 --> [v2:172.21.15.150:3300/0,v1:172.21.15.150:6789/0] -- mon_subscribe({mgrmap=0+}) -- 0x7f909807c2c0 con 0x7f90981076b0
2024-09-15T22:02:50.198 INFO:teuthology.orchestra.run.smithi150.stdout:/usr/bin/ceph: stderr
2024-09-15T22:02:49.385+0000 7f9095600640 1 -- 172.21.15.150:0/2527080940 <== mon.0 v2:172.21.15.150:3300/0 3 ==== mon_map magic: 0 ==== 205+0+0 (secure 0 0 0) 0x7f908c03a640 con 0x7f90981076b0
2024-09-15T22:02:50.198 INFO:teuthology.orchestra.run.smithi150.stdout:/usr/bin/ceph: stderr
2024-09-15T22:02:49.385+0000 7f909fc00640 1 -- 172.21.15.150:0/2527080940 --> [v2:172.21.15.150:3300/0,v1:172.21.15.150:6789/0] -- mon_subscribe({osdmap=0}) -- 0x7f909807c800 con 0x7f90981076b0
2024-09-15T22:02:50.199 INFO:teuthology.orchestra.run.smithi150.stdout:/usr/bin/ceph: stderr
2024-09-15T22:02:49.386+0000 7f9095600640 1 -- 172.21.15.150:0/2527080940 <== mon.0 v2:172.21.15.150:3300/0 4 ==== mgrmap(e 12) ==== 46474+0+0 (secure 0 0 0) 0x7f908c03b3f0 con 0x7f90981076b0
2024-09-15T22:02:50.199 INFO:teuthology.orchestra.run.smithi150.stdout:/usr/bin/ceph: stderr
2024-09-15T22:02:49.386+0000 7f908aa00640 1 -- 172.21.15.150:0/2527080940 --> [v2:172.21.15.150:3300/0,v1:172.21.15.150:6789/0] -- mon_command({"prefix": "get_command_descriptions"} v 0) -- 0x7f9074005290 con 0x7f90981076b0
2024-09-15T22:02:50.199 INFO:teuthology.orchestra.run.smithi150.stdout:/usr/bin/ceph: stderr
2024-09-15T22:02:49.387+0000 7f9095600640 1 --2- 172.21.15.150:0/2527080940 >> [v2:172.21.15.150:6800/1242932536,v1:172.21.15.150:6801/1242932536] conn(0x7f9080039260 0x7f908003b720 unknown :-1 s=NONE pgs=0 cs=0 l=1 rev1=0 crypto rx=0 tx=0 comp rx=0 tx=0).connect
2024-09-15T22:02:50.199 INFO:teuthology.orchestra.run.smithi150.stdout:/usr/bin/ceph: stderr
2024-09-15T22:02:49.387+0000 7f9095600640 1 -- 172.21.15.150:0/2527080940 <== mon.0 v2:172.21.15.150:3300/0 5 ==== osd_map(3..3 src has 1..3) ==== 1155+0+0 (secure 0 0 0) 0x7f908c06c9e0 con 0x7f90981076b0
2024-09-15T22:02:50.199 INFO:teuthology.orchestra.run.smithi150.stdout:/usr/bin/ceph: stderr
2024-09-15T22:02:49.387+0000 7f9097e00640 1 --2- 172.21.15.150:0/2527080940 >> [v2:172.21.15.150:6800/1242932536,v1:172.21.15.150:6801/1242932536] conn(0x7f9080039260 0x7f908003b720 unknown :-1 s=BANNER_CONNECTING pgs=0 cs=0 l=1 rev1=0 crypto rx=0 tx=0 comp rx=0 tx=0)._handle_peer_banner_payload supported=3 required=0
2024-09-15T22:02:50.199 INFO:teuthology.orchestra.run.smithi150.stdout:/usr/bin/ceph: stderr
2024-09-15T22:02:49.388+0000 7f9097e00640 1 --2- 172.21.15.150:0/2527080940 >> [v2:172.21.15.150:6800/1242932536,v1:172.21.15.150:6801/1242932536] conn(0x7f9080039260 0x7f908003b720 secure :-1 s=READY pgs=9 cs=0 l=1 rev1=1 crypto rx=0x7f90840098c0 tx=0x7f9084006db0 comp rx=0 tx=0).ready entity=mgr.14150 client_cookie=0 server_cookie=0 in_seq=0 out_seq=0
2024-09-15T22:02:50.199 INFO:teuthology.orchestra.run.smithi150.stdout:/usr/bin/ceph: stderr
2024-09-15T22:02:49.392+0000 7f9095600640 1 -- 172.21.15.150:0/2527080940 <== mon.0 v2:172.21.15.150:3300/0 6 ==== mon_command_ack([{"prefix": "get_command_descriptions"}]=0 v0) ==== 72+0+188821 (secure 0 0 0) 0x7f908c0313a0 con 0x7f90981076b0
2024-09-15T22:02:50.199 INFO:teuthology.orchestra.run.smithi150.stdout:/usr/bin/ceph: stderr
2024-09-15T22:02:49.566+0000 7f908aa00640 1 -- 172.21.15.150:0/2527080940 --> [v2:172.21.15.150:3300/0,v1:172.21.15.150:6789/0] -- mon_command({"prefix": "config get", "who": "mgr", "key": "mgr/dashboard/ssl_server_port"} v 0) -- 0x7f9074005580 con 0x7f90981076b0
2024-09-15T22:02:50.199 INFO:teuthology.orchestra.run.smithi150.stdout:/usr/bin/ceph: stderr
2024-09-15T22:02:49.567+0000 7f9095600640 1 -- 172.21.15.150:0/2527080940 <== mon.0 v2:172.21.15.150:3300/0 7 ==== mon_command_ack([{"prefix": "config get", "who": "mgr", "key": "mgr/dashboard/ssl_server_port"}]=0 v8) ==== 112+0+5 (secure 0 0 0) 0x7f908c038250 con 0x7f90981076b0
2024-09-15T22:02:50.199 INFO:teuthology.orchestra.run.smithi150.stdout:/usr/bin/ceph: stderr
2024-09-15T22:02:49.569+0000 7f908aa00640 1 -- 172.21.15.150:0/2527080940 >> [v2:172.21.15.150:6800/1242932536,v1:172.21.15.150:6801/1242932536] conn(0x7f9080039260 msgr2=0x7f908003b720 secure :-1 s=STATE_CONNECTION_ESTABLISHED l=1).mark_down
2024-09-15T22:02:50.199 INFO:teuthology.orchestra.run.smithi150.stdout:/usr/bin/ceph: stderr
2024-09-15T22:02:49.569+0000 7f908aa00640 1 --2- 172.21.15.150:0/2527080940 >> [v2:172.21.15.150:6800/1242932536,v1:172.21.15.150:6801/1242932536] conn(0x7f9080039260 0x7f908003b720 secure :-1 s=READY pgs=9 cs=0 l=1 rev1=1 crypto rx=0x7f90840098c0 tx=0x7f9084006db0 comp rx=0 tx=0).stop
2024-09-15T22:02:50.199 INFO:teuthology.orchestra.run.smithi150.stdout:/usr/bin/ceph: stderr
2024-09-15T22:02:49.569+0000 7f908aa00640 1 -- 172.21.15.150:0/2527080940 >> [v2:172.21.15.150:3300/0,v1:172.21.15.150:6789/0] conn(0x7f90981076b0 msgr2=0x7f909807db90 secure :-1 s=STATE_CONNECTION_ESTABLISHED l=1).mark_down
2024-09-15T22:02:50.200 INFO:teuthology.orchestra.run.smithi150.stdout:/usr/bin/ceph: stderr
2024-09-15T22:02:49.569+0000 7f908aa00640 1 --2- 172.21.15.150:0/2527080940 >> [v2:172.21.15.150:3300/0,v1:172.21.15.150:6789/0] conn(0x7f90981076b0 0x7f909807db90 secure :-1 s=READY pgs=73 cs=0 l=1 rev1=1 crypto rx=0x7f908c0097f0 tx=0x7f908c0327b0 comp rx=0 tx=0).stop
2024-09-15T22:02:50.200 INFO:teuthology.orchestra.run.smithi150.stdout:/usr/bin/ceph: stderr
2024-09-15T22:02:49.569+0000 7f908aa00640 1 -- 172.21.15.150:0/2527080940 shutdown_connections
2024-09-15T22:02:50.200 INFO:teuthology.orchestra.run.smithi150.stdout:/usr/bin/ceph: stderr
2024-09-15T22:02:49.569+0000 7f908aa00640 1 --2- 172.21.15.150:0/2527080940 >> [v2:172.21.15.150:6800/1242932536,v1:172.21.15.150:6801/1242932536] conn(0x7f9080039260 0x7f908003b720 unknown :-1 s=CLOSED pgs=9 cs=0 l=1 rev1=1 crypto rx=0 tx=0 comp rx=0 tx=0).stop
2024-09-15T22:02:50.200 INFO:teuthology.orchestra.run.smithi150.stdout:/usr/bin/ceph: stderr
2024-09-15T22:02:49.569+0000 7f908aa00640 1 --2- 172.21.15.150:0/2527080940 >> [v2:172.21.15.150:3300/0,v1:172.21.15.150:6789/0] conn(0x7f90981076b0 0x7f909807db90 unknown :-1 s=CLOSED pgs=73 cs=0 l=1 rev1=1 crypto rx=0 tx=0 comp rx=0 tx=0).stop
2024-09-15T22:02:50.200 INFO:teuthology.orchestra.run.smithi150.stdout:/usr/bin/ceph: stderr
2024-09-15T22:02:49.569+0000 7f908aa00640 1 -- 172.21.15.150:0/2527080940 >> 172.21.15.150:0/2527080940 conn(0x7f9098102e80 msgr2=0x7f9098103a20 unknown :-1 s=STATE_NONE l=0).mark_down
2024-09-15T22:02:50.200 INFO:teuthology.orchestra.run.smithi150.stdout:/usr/bin/ceph: stderr
2024-09-15T22:02:49.569+0000 7f908aa00640 1 -- 172.21.15.150:0/2527080940 shutdown_connections
2024-09-15T22:02:50.200 INFO:teuthology.orchestra.run.smithi150.stdout:/usr/bin/ceph: stderr
2024-09-15T22:02:49.569+0000 7f908aa00640 1 -- 172.21.15.150:0/2527080940 wait complete.
2024-09-15T22:02:50.211 INFO:teuthology.orchestra.run.smithi150.stdout:Non-zero exit code 1 from systemctl is-enabled firewalld.service
2024-09-15T22:02:50.211 INFO:teuthology.orchestra.run.smithi150.stdout:systemctl: stdout disabled
2024-09-15T22:02:50.224 INFO:teuthology.orchestra.run.smithi150.stdout:Non-zero exit code 3 from systemctl is-active firewalld.service
2024-09-15T22:02:50.224 INFO:teuthology.orchestra.run.smithi150.stdout:systemctl: stdout inactive
2024-09-15T22:02:50.224 INFO:teuthology.orchestra.run.smithi150.stdout:firewalld.service is not enabled
2024-09-15T22:02:50.224 INFO:teuthology.orchestra.run.smithi150.stdout:Not possible to open ports <[8443]>. firewalld.service is not available
2024-09-15T22:02:50.227 INFO:teuthology.orchestra.run.smithi150.stdout:Ceph Dashboard is now available at:
2024-09-15T22:02:50.227 INFO:teuthology.orchestra.run.smithi150.stdout:
2024-09-15T22:02:50.227 INFO:teuthology.orchestra.run.smithi150.stdout: URL: https://smithi150.front.sepia.ceph.com:8443/
2024-09-15T22:02:50.227 INFO:teuthology.orchestra.run.smithi150.stdout: User: admin
2024-09-15T22:02:50.227 INFO:teuthology.orchestra.run.smithi150.stdout: Password: 19xjsferys
2024-09-15T22:02:50.227 INFO:teuthology.orchestra.run.smithi150.stdout:
2024-09-15T22:02:50.228 INFO:teuthology.orchestra.run.smithi150.stdout:Saving cluster configuration to /var/lib/ceph/faa38c0e-73ad-11ef-bceb-c7b262605968/config directory
2024-09-15T22:02:50.779 INFO:journalctl@ceph.mon.a.smithi150.stdout:Sep 15 22:02:50 smithi150 ceph-mon[30886]: mgrmap e13: x(active, since 6s)
2024-09-15T22:02:51.712 INFO:teuthology.orchestra.run.smithi150.stdout:/usr/bin/ceph: stderr
2024-09-15T22:02:50.777+0000 7f651e400640 1 Processor -- start
2024-09-15T22:02:51.712 INFO:teuthology.orchestra.run.smithi150.stdout:/usr/bin/ceph: stderr
2024-09-15T22:02:50.777+0000 7f651e400640 1 -- start start
2024-09-15T22:02:51.712 INFO:teuthology.orchestra.run.smithi150.stdout:/usr/bin/ceph: stderr
2024-09-15T22:02:50.778+0000 7f651e400640 1 --2- >> [v2:172.21.15.150:3300/0,v1:172.21.15.150:6789/0] conn(0x7f651810ab60 0x7f651810af60 unknown :-1 s=NONE pgs=0 cs=0 l=0 rev1=0 crypto rx=0 tx=0 comp rx=0 tx=0).connect
2024-09-15T22:02:51.712 INFO:teuthology.orchestra.run.smithi150.stdout:/usr/bin/ceph: stderr
2024-09-15T22:02:50.778+0000 7f651e400640 1 -- --> [v2:172.21.15.150:3300/0,v1:172.21.15.150:6789/0] -- mon_getmap magic: 0 -- 0x7f651810b530 con 0x7f651810ab60
2024-09-15T22:02:51.712 INFO:teuthology.orchestra.run.smithi150.stdout:/usr/bin/ceph: stderr
2024-09-15T22:02:50.778+0000 7f651d000640 1 --2- >> [v2:172.21.15.150:3300/0,v1:172.21.15.150:6789/0] conn(0x7f651810ab60 0x7f651810af60 unknown :-1 s=BANNER_CONNECTING pgs=0 cs=0 l=0 rev1=0 crypto rx=0 tx=0 comp rx=0 tx=0)._handle_peer_banner_payload supported=3 required=0
2024-09-15T22:02:51.713 INFO:teuthology.orchestra.run.smithi150.stdout:/usr/bin/ceph: stderr
2024-09-15T22:02:50.778+0000 7f651d000640 1 --2- >> [v2:172.21.15.150:3300/0,v1:172.21.15.150:6789/0] conn(0x7f651810ab60 0x7f651810af60 unknown :-1 s=HELLO_CONNECTING pgs=0 cs=0 l=0 rev1=1 crypto rx=0 tx=0 comp rx=0 tx=0).handle_hello peer v2:172.21.15.150:3300/0 says I am v2:172.21.15.150:54676/0 (socket says 172.21.15.150:54676)
2024-09-15T22:02:51.713 INFO:teuthology.orchestra.run.smithi150.stdout:/usr/bin/ceph: stderr
2024-09-15T22:02:50.778+0000 7f651d000640 1 -- 172.21.15.150:0/3061639729 learned_addr learned my addr 172.21.15.150:0/3061639729 (peer_addr_for_me v2:172.21.15.150:0/0)
2024-09-15T22:02:51.713 INFO:teuthology.orchestra.run.smithi150.stdout:/usr/bin/ceph: stderr
2024-09-15T22:02:50.779+0000 7f651d000640 1 -- 172.21.15.150:0/3061639729 --> [v2:172.21.15.150:3300/0,v1:172.21.15.150:6789/0] -- mon_subscribe({config=0+,monmap=0+}) -- 0x7f651810b6b0 con 0x7f651810ab60
2024-09-15T22:02:51.713 INFO:teuthology.orchestra.run.smithi150.stdout:/usr/bin/ceph: stderr
2024-09-15T22:02:50.779+0000 7f651d000640 1 --2- 172.21.15.150:0/3061639729 >> [v2:172.21.15.150:3300/0,v1:172.21.15.150:6789/0] conn(0x7f651810ab60 0x7f651810af60 secure :-1 s=READY pgs=74 cs=0 l=1 rev1=1 crypto rx=0x7f650c009820 tx=0x7f650c02a270 comp rx=0 tx=0).ready entity=mon.0 client_cookie=ac3536ae025f9621 server_cookie=0 in_seq=0 out_seq=0
2024-09-15T22:02:51.713 INFO:teuthology.orchestra.run.smithi150.stdout:/usr/bin/ceph: stderr
2024-09-15T22:02:50.780+0000 7f6517400640 1 -- 172.21.15.150:0/3061639729 <== mon.0 v2:172.21.15.150:3300/0 1 ==== mon_map magic: 0 ==== 205+0+0 (secure 0 0 0) 0x7f650c037070 con 0x7f651810ab60
2024-09-15T22:02:51.713 INFO:teuthology.orchestra.run.smithi150.stdout:/usr/bin/ceph: stderr
2024-09-15T22:02:50.780+0000 7f6517400640 1 -- 172.21.15.150:0/3061639729 <== mon.0 v2:172.21.15.150:3300/0 2 ==== config(27 keys) ==== 1140+0+0 (secure 0 0 0) 0x7f650c032920 con 0x7f651810ab60
2024-09-15T22:02:51.713 INFO:teuthology.orchestra.run.smithi150.stdout:/usr/bin/ceph: stderr
2024-09-15T22:02:50.780+0000 7f6517400640 1 -- 172.21.15.150:0/3061639729 <== mon.0 v2:172.21.15.150:3300/0 3 ==== mon_map magic: 0 ==== 205+0+0 (secure 0 0 0) 0x7f650c030810 con 0x7f651810ab60
2024-09-15T22:02:51.713 INFO:teuthology.orchestra.run.smithi150.stdout:/usr/bin/ceph: stderr
2024-09-15T22:02:50.780+0000 7f651e400640 1 -- 172.21.15.150:0/3061639729 >> [v2:172.21.15.150:3300/0,v1:172.21.15.150:6789/0] conn(0x7f651810ab60 msgr2=0x7f651810af60 secure :-1 s=STATE_CONNECTION_ESTABLISHED l=1).mark_down
2024-09-15T22:02:51.713 INFO:teuthology.orchestra.run.smithi150.stdout:/usr/bin/ceph: stderr
2024-09-15T22:02:50.780+0000 7f651e400640 1 --2- 172.21.15.150:0/3061639729 >> [v2:172.21.15.150:3300/0,v1:172.21.15.150:6789/0] conn(0x7f651810ab60 0x7f651810af60 secure :-1 s=READY pgs=74 cs=0 l=1 rev1=1 crypto rx=0x7f650c009820 tx=0x7f650c02a270 comp rx=0 tx=0).stop
2024-09-15T22:02:51.713 INFO:teuthology.orchestra.run.smithi150.stdout:/usr/bin/ceph: stderr
2024-09-15T22:02:50.780+0000 7f651e400640 1 -- 172.21.15.150:0/3061639729 shutdown_connections
2024-09-15T22:02:51.714 INFO:teuthology.orchestra.run.smithi150.stdout:/usr/bin/ceph: stderr
2024-09-15T22:02:50.780+0000 7f651e400640 1 --2- 172.21.15.150:0/3061639729 >> [v2:172.21.15.150:3300/0,v1:172.21.15.150:6789/0] conn(0x7f651810ab60 0x7f651810af60 unknown :-1 s=CLOSED pgs=74 cs=0 l=1 rev1=1 crypto rx=0 tx=0 comp rx=0 tx=0).stop
2024-09-15T22:02:51.714 INFO:teuthology.orchestra.run.smithi150.stdout:/usr/bin/ceph: stderr
2024-09-15T22:02:50.781+0000 7f651e400640 1 -- 172.21.15.150:0/3061639729 >> 172.21.15.150:0/3061639729 conn(0x7f651807cce0 msgr2=0x7f651807d0f0 unknown :-1 s=STATE_NONE l=0).mark_down
2024-09-15T22:02:51.714 INFO:teuthology.orchestra.run.smithi150.stdout:/usr/bin/ceph: stderr
2024-09-15T22:02:50.781+0000 7f651e400640 1 -- 172.21.15.150:0/3061639729 shutdown_connections
2024-09-15T22:02:51.714 INFO:teuthology.orchestra.run.smithi150.stdout:/usr/bin/ceph: stderr
2024-09-15T22:02:50.781+0000 7f651e400640 1 -- 172.21.15.150:0/3061639729 wait complete.
2024-09-15T22:02:51.714 INFO:teuthology.orchestra.run.smithi150.stdout:/usr/bin/ceph: stderr
2024-09-15T22:02:50.781+0000 7f651e400640 1 Processor -- start
2024-09-15T22:02:51.714 INFO:teuthology.orchestra.run.smithi150.stdout:/usr/bin/ceph: stderr
2024-09-15T22:02:50.782+0000 7f651e400640 1 -- start start
2024-09-15T22:02:51.714 INFO:teuthology.orchestra.run.smithi150.stdout:/usr/bin/ceph: stderr
2024-09-15T22:02:50.782+0000 7f651e400640 1 --2- >> [v2:172.21.15.150:3300/0,v1:172.21.15.150:6789/0] conn(0x7f651810ab60 0x7f651819d6e0 unknown :-1 s=NONE pgs=0 cs=0 l=1 rev1=0 crypto rx=0 tx=0 comp rx=0 tx=0).connect
2024-09-15T22:02:51.714 INFO:teuthology.orchestra.run.smithi150.stdout:/usr/bin/ceph: stderr
2024-09-15T22:02:50.782+0000 7f651e400640 1 -- --> [v2:172.21.15.150:3300/0,v1:172.21.15.150:6789/0] -- mon_getmap magic: 0 -- 0x7f651810dbc0 con 0x7f651810ab60
2024-09-15T22:02:51.714 INFO:teuthology.orchestra.run.smithi150.stdout:/usr/bin/ceph: stderr
2024-09-15T22:02:50.782+0000 7f651d000640 1 --2- >> [v2:172.21.15.150:3300/0,v1:172.21.15.150:6789/0] conn(0x7f651810ab60 0x7f651819d6e0 unknown :-1 s=BANNER_CONNECTING pgs=0 cs=0 l=1 rev1=0 crypto rx=0 tx=0 comp rx=0 tx=0)._handle_peer_banner_payload supported=3 required=0
2024-09-15T22:02:51.714 INFO:teuthology.orchestra.run.smithi150.stdout:/usr/bin/ceph: stderr
2024-09-15T22:02:50.782+0000 7f651d000640 1 --2- >> [v2:172.21.15.150:3300/0,v1:172.21.15.150:6789/0] conn(0x7f651810ab60 0x7f651819d6e0 unknown :-1 s=HELLO_CONNECTING pgs=0 cs=0 l=1 rev1=1 crypto rx=0 tx=0 comp rx=0 tx=0).handle_hello peer v2:172.21.15.150:3300/0 says I am v2:172.21.15.150:54680/0 (socket says 172.21.15.150:54680)
2024-09-15T22:02:51.714 INFO:teuthology.orchestra.run.smithi150.stdout:/usr/bin/ceph: stderr
2024-09-15T22:02:50.782+0000 7f651d000640 1 -- 172.21.15.150:0/3524668723 learned_addr learned my addr 172.21.15.150:0/3524668723 (peer_addr_for_me v2:172.21.15.150:0/0)
2024-09-15T22:02:51.715 INFO:teuthology.orchestra.run.smithi150.stdout:/usr/bin/ceph: stderr
2024-09-15T22:02:50.782+0000 7f651d000640 1 -- 172.21.15.150:0/3524668723 --> [v2:172.21.15.150:3300/0,v1:172.21.15.150:6789/0] -- mon_subscribe({config=0+,monmap=0+}) -- 0x7f651819dc20 con 0x7f651810ab60
2024-09-15T22:02:51.715 INFO:teuthology.orchestra.run.smithi150.stdout:/usr/bin/ceph: stderr
2024-09-15T22:02:50.783+0000 7f651d000640 1 --2- 172.21.15.150:0/3524668723 >> [v2:172.21.15.150:3300/0,v1:172.21.15.150:6789/0] conn(0x7f651810ab60 0x7f651819d6e0 secure :-1 s=READY pgs=75 cs=0 l=1 rev1=1 crypto rx=0x7f650c0097f0 tx=0x7f650c0327b0 comp rx=0 tx=0).ready entity=mon.0 client_cookie=0 server_cookie=0 in_seq=0 out_seq=0
2024-09-15T22:02:51.715 INFO:teuthology.orchestra.run.smithi150.stdout:/usr/bin/ceph: stderr
2024-09-15T22:02:50.783+0000 7f6515600640 1 -- 172.21.15.150:0/3524668723 <== mon.0 v2:172.21.15.150:3300/0 1 ==== mon_map magic: 0 ==== 205+0+0 (secure 0 0 0) 0x7f650c037040 con 0x7f651810ab60
2024-09-15T22:02:51.715 INFO:teuthology.orchestra.run.smithi150.stdout:/usr/bin/ceph: stderr
2024-09-15T22:02:50.783+0000 7f6515600640 1 -- 172.21.15.150:0/3524668723 <== mon.0 v2:172.21.15.150:3300/0 2 ==== config(27 keys) ==== 1140+0+0 (secure 0 0 0) 0x7f650c030c40 con 0x7f651810ab60
2024-09-15T22:02:51.715 INFO:teuthology.orchestra.run.smithi150.stdout:/usr/bin/ceph: stderr
2024-09-15T22:02:50.783+0000 7f6515600640 1 -- 172.21.15.150:0/3524668723 <== mon.0 v2:172.21.15.150:3300/0 3 ==== mon_map magic: 0 ==== 205+0+0 (secure 0 0 0) 0x7f650c03a5d0 con 0x7f651810ab60
2024-09-15T22:02:51.715 INFO:teuthology.orchestra.run.smithi150.stdout:/usr/bin/ceph: stderr
2024-09-15T22:02:50.783+0000 7f651e400640 1 -- 172.21.15.150:0/3524668723 --> [v2:172.21.15.150:3300/0,v1:172.21.15.150:6789/0] -- mon_subscribe({mgrmap=0+}) -- 0x7f651819deb0 con 0x7f651810ab60
2024-09-15T22:02:51.715 INFO:teuthology.orchestra.run.smithi150.stdout:/usr/bin/ceph: stderr
2024-09-15T22:02:50.783+0000 7f651e400640 1 -- 172.21.15.150:0/3524668723 --> [v2:172.21.15.150:3300/0,v1:172.21.15.150:6789/0] -- mon_subscribe({osdmap=0}) -- 0x7f65181a0ba0 con 0x7f651810ab60
2024-09-15T22:02:51.715 INFO:teuthology.orchestra.run.smithi150.stdout:/usr/bin/ceph: stderr
2024-09-15T22:02:50.784+0000 7f6515600640 1 -- 172.21.15.150:0/3524668723 <== mon.0 v2:172.21.15.150:3300/0 4 ==== mgrmap(e 13) ==== 46518+0+0 (secure 0 0 0) 0x7f650c03b3f0 con 0x7f651810ab60
2024-09-15T22:02:51.715 INFO:teuthology.orchestra.run.smithi150.stdout:/usr/bin/ceph: stderr
2024-09-15T22:02:50.784+0000 7f651e400640 1 -- 172.21.15.150:0/3524668723 --> [v2:172.21.15.150:3300/0,v1:172.21.15.150:6789/0] -- mon_command({"prefix": "get_command_descriptions"} v 0) -- 0x7f651810dd40 con 0x7f651810ab60
2024-09-15T22:02:51.715 INFO:teuthology.orchestra.run.smithi150.stdout:/usr/bin/ceph: stderr
2024-09-15T22:02:50.785+0000 7f6515600640 1 --2- 172.21.15.150:0/3524668723 >> [v2:172.21.15.150:6800/1242932536,v1:172.21.15.150:6801/1242932536] conn(0x7f6500039300 0x7f650003b7c0 unknown :-1 s=NONE pgs=0 cs=0 l=1 rev1=0 crypto rx=0 tx=0 comp rx=0 tx=0).connect
2024-09-15T22:02:51.715 INFO:teuthology.orchestra.run.smithi150.stdout:/usr/bin/ceph: stderr
2024-09-15T22:02:50.785+0000 7f6515600640 1 -- 172.21.15.150:0/3524668723 <== mon.0 v2:172.21.15.150:3300/0 5 ==== osd_map(3..3 src has 1..3) ==== 1155+0+0 (secure 0 0 0) 0x7f650c06c9d0 con 0x7f651810ab60
2024-09-15T22:02:51.715 INFO:teuthology.orchestra.run.smithi150.stdout:/usr/bin/ceph: stderr
2024-09-15T22:02:50.785+0000 7f6517e00640 1 --2- 172.21.15.150:0/3524668723 >> [v2:172.21.15.150:6800/1242932536,v1:172.21.15.150:6801/1242932536] conn(0x7f6500039300 0x7f650003b7c0 unknown :-1 s=BANNER_CONNECTING pgs=0 cs=0 l=1 rev1=0 crypto rx=0 tx=0 comp rx=0 tx=0)._handle_peer_banner_payload supported=3 required=0
2024-09-15T22:02:51.716 INFO:teuthology.orchestra.run.smithi150.stdout:/usr/bin/ceph: stderr
2024-09-15T22:02:50.786+0000 7f6517e00640 1 --2- 172.21.15.150:0/3524668723 >> [v2:172.21.15.150:6800/1242932536,v1:172.21.15.150:6801/1242932536] conn(0x7f6500039300 0x7f650003b7c0 secure :-1 s=READY pgs=10 cs=0 l=1 rev1=1 crypto rx=0x7f65040098c0 tx=0x7f6504006db0 comp rx=0 tx=0).ready entity=mgr.14150 client_cookie=0 server_cookie=0 in_seq=0 out_seq=0
2024-09-15T22:02:51.716 INFO:teuthology.orchestra.run.smithi150.stdout:/usr/bin/ceph: stderr
2024-09-15T22:02:50.790+0000 7f6515600640 1 -- 172.21.15.150:0/3524668723 <== mon.0 v2:172.21.15.150:3300/0 6 ==== mon_command_ack([{"prefix": "get_command_descriptions"}]=0 v0) ==== 72+0+188821 (secure 0 0 0) 0x7f650c041510 con 0x7f651810ab60
2024-09-15T22:02:51.716 INFO:teuthology.orchestra.run.smithi150.stdout:/usr/bin/ceph: stderr
2024-09-15T22:02:51.048+0000 7f651e400640 1 -- 172.21.15.150:0/3524668723 --> [v2:172.21.15.150:3300/0,v1:172.21.15.150:6789/0] -- mon_command([{prefix=config-key set, key=mgr/dashboard/cluster/status}] v 0) -- 0x7f65181a0d70 con 0x7f651810ab60
2024-09-15T22:02:51.716 INFO:teuthology.orchestra.run.smithi150.stdout:/usr/bin/ceph: stderr
2024-09-15T22:02:51.051+0000 7f6515600640 1 -- 172.21.15.150:0/3524668723 <== mon.0 v2:172.21.15.150:3300/0 7 ==== mon_command_ack([{prefix=config-key set, key=mgr/dashboard/cluster/status}]=0 set mgr/dashboard/cluster/status v28)=0 set mgr/dashboard/cluster/status v28) ==== 153+0+0 (secure 0 0 0) 0x7f650c0412b0 con 0x7f651810ab60
2024-09-15T22:02:51.716 INFO:teuthology.orchestra.run.smithi150.stdout:/usr/bin/ceph: stderr set mgr/dashboard/cluster/status
2024-09-15T22:02:51.716 INFO:teuthology.orchestra.run.smithi150.stdout:/usr/bin/ceph: stderr
2024-09-15T22:02:51.053+0000 7f651e400640 1 -- 172.21.15.150:0/3524668723 >> [v2:172.21.15.150:6800/1242932536,v1:172.21.15.150:6801/1242932536] conn(0x7f6500039300 msgr2=0x7f650003b7c0 secure :-1 s=STATE_CONNECTION_ESTABLISHED l=1).mark_down
2024-09-15T22:02:51.716 INFO:teuthology.orchestra.run.smithi150.stdout:/usr/bin/ceph: stderr
2024-09-15T22:02:51.053+0000 7f651e400640 1 --2- 172.21.15.150:0/3524668723 >> [v2:172.21.15.150:6800/1242932536,v1:172.21.15.150:6801/1242932536] conn(0x7f6500039300 0x7f650003b7c0 secure :-1 s=READY pgs=10 cs=0 l=1 rev1=1 crypto rx=0x7f65040098c0 tx=0x7f6504006db0 comp rx=0 tx=0).stop
2024-09-15T22:02:51.716 INFO:teuthology.orchestra.run.smithi150.stdout:/usr/bin/ceph: stderr
2024-09-15T22:02:51.053+0000 7f651e400640 1 -- 172.21.15.150:0/3524668723 >> [v2:172.21.15.150:3300/0,v1:172.21.15.150:6789/0] conn(0x7f651810ab60 msgr2=0x7f651819d6e0 secure :-1 s=STATE_CONNECTION_ESTABLISHED l=1).mark_down
2024-09-15T22:02:51.716 INFO:teuthology.orchestra.run.smithi150.stdout:/usr/bin/ceph: stderr
2024-09-15T22:02:51.053+0000 7f651e400640 1 --2- 172.21.15.150:0/3524668723 >> [v2:172.21.15.150:3300/0,v1:172.21.15.150:6789/0] conn(0x7f651810ab60 0x7f651819d6e0 secure :-1 s=READY pgs=75 cs=0 l=1 rev1=1 crypto rx=0x7f650c0097f0 tx=0x7f650c0327b0 comp rx=0 tx=0).stop
2024-09-15T22:02:51.717 INFO:teuthology.orchestra.run.smithi150.stdout:/usr/bin/ceph: stderr
2024-09-15T22:02:51.053+0000 7f651e400640 1 -- 172.21.15.150:0/3524668723 shutdown_connections
2024-09-15T22:02:51.717 INFO:teuthology.orchestra.run.smithi150.stdout:/usr/bin/ceph: stderr
2024-09-15T22:02:51.053+0000 7f651e400640 1 --2- 172.21.15.150:0/3524668723 >> [v2:172.21.15.150:6800/1242932536,v1:172.21.15.150:6801/1242932536] conn(0x7f6500039300 0x7f650003b7c0 unknown :-1 s=CLOSED pgs=10 cs=0 l=1 rev1=1 crypto rx=0 tx=0 comp rx=0 tx=0).stop
2024-09-15T22:02:51.717 INFO:teuthology.orchestra.run.smithi150.stdout:/usr/bin/ceph: stderr
2024-09-15T22:02:51.053+0000 7f651e400640 1 --2- 172.21.15.150:0/3524668723 >> [v2:172.21.15.150:3300/0,v1:172.21.15.150:6789/0] conn(0x7f651810ab60 0x7f651819d6e0 unknown :-1 s=CLOSED pgs=75 cs=0 l=1 rev1=1 crypto rx=0 tx=0 comp rx=0 tx=0).stop
2024-09-15T22:02:51.717 INFO:teuthology.orchestra.run.smithi150.stdout:/usr/bin/ceph: stderr
2024-09-15T22:02:51.053+0000 7f651e400640 1 -- 172.21.15.150:0/3524668723 >> 172.21.15.150:0/3524668723 conn(0x7f651807cce0 msgr2=0x7f6518107540 unknown :-1 s=STATE_NONE l=0).mark_down
2024-09-15T22:02:51.717 INFO:teuthology.orchestra.run.smithi150.stdout:/usr/bin/ceph: stderr
2024-09-15T22:02:51.053+0000 7f651e400640 1 -- 172.21.15.150:0/3524668723 shutdown_connections
2024-09-15T22:02:51.717 INFO:teuthology.orchestra.run.smithi150.stdout:/usr/bin/ceph: stderr
2024-09-15T22:02:51.053+0000 7f651e400640 1 -- 172.21.15.150:0/3524668723 wait complete.
2024-09-15T22:02:51.717 INFO:teuthology.orchestra.run.smithi150.stdout:You can access the Ceph CLI as following in case of multi-cluster or non-default config:
2024-09-15T22:02:51.717 INFO:teuthology.orchestra.run.smithi150.stdout:
2024-09-15T22:02:51.717 INFO:teuthology.orchestra.run.smithi150.stdout: sudo /home/ubuntu/cephtest/cephadm shell --fsid faa38c0e-73ad-11ef-bceb-c7b262605968 -c /etc/ceph/ceph.conf -k /etc/ceph/ceph.client.admin.keyring
2024-09-15T22:02:51.717 INFO:teuthology.orchestra.run.smithi150.stdout:
2024-09-15T22:02:51.717 INFO:teuthology.orchestra.run.smithi150.stdout:Or, if you are only running a single cluster on this host:
2024-09-15T22:02:51.717 INFO:teuthology.orchestra.run.smithi150.stdout:
2024-09-15T22:02:51.718 INFO:teuthology.orchestra.run.smithi150.stdout: sudo /home/ubuntu/cephtest/cephadm shell
2024-09-15T22:02:51.718 INFO:teuthology.orchestra.run.smithi150.stdout:
2024-09-15T22:02:51.718 INFO:teuthology.orchestra.run.smithi150.stdout:Please consider enabling telemetry to help improve Ceph:
2024-09-15T22:02:51.718 INFO:teuthology.orchestra.run.smithi150.stdout:
2024-09-15T22:02:51.718 INFO:teuthology.orchestra.run.smithi150.stdout: ceph telemetry on
2024-09-15T22:02:51.718 INFO:teuthology.orchestra.run.smithi150.stdout:
2024-09-15T22:02:51.718 INFO:teuthology.orchestra.run.smithi150.stdout:For more information see:
2024-09-15T22:02:51.718 INFO:teuthology.orchestra.run.smithi150.stdout:
2024-09-15T22:02:51.718 INFO:teuthology.orchestra.run.smithi150.stdout: https://docs.ceph.com/en/latest/mgr/telemetry/
2024-09-15T22:02:51.718 INFO:teuthology.orchestra.run.smithi150.stdout:
2024-09-15T22:02:51.718 INFO:teuthology.orchestra.run.smithi150.stdout:Bootstrap complete.
2024-09-15T22:02:51.767 INFO:tasks.cephadm:Fetching config...
2024-09-15T22:02:51.768 DEBUG:teuthology.orchestra.run.smithi150:> set -ex
2024-09-15T22:02:51.768 DEBUG:teuthology.orchestra.run.smithi150:> dd if=/etc/ceph/ceph.conf of=/dev/stdout
2024-09-15T22:02:51.804 INFO:tasks.cephadm:Fetching client.admin keyring...
2024-09-15T22:02:51.804 DEBUG:teuthology.orchestra.run.smithi150:> set -ex
2024-09-15T22:02:51.804 DEBUG:teuthology.orchestra.run.smithi150:> dd if=/etc/ceph/ceph.client.admin.keyring of=/dev/stdout
2024-09-15T22:02:51.882 INFO:tasks.cephadm:Fetching mon keyring...
2024-09-15T22:02:51.883 DEBUG:teuthology.orchestra.run.smithi150:> set -ex
2024-09-15T22:02:51.883 DEBUG:teuthology.orchestra.run.smithi150:> sudo dd if=/var/lib/ceph/faa38c0e-73ad-11ef-bceb-c7b262605968/mon.a/keyring of=/dev/stdout
2024-09-15T22:02:51.980 INFO:tasks.cephadm:Fetching pub ssh key...
2024-09-15T22:02:51.980 DEBUG:teuthology.orchestra.run.smithi150:> set -ex
2024-09-15T22:02:51.980 DEBUG:teuthology.orchestra.run.smithi150:> dd if=/home/ubuntu/cephtest/ceph.pub of=/dev/stdout
2024-09-15T22:02:52.057 INFO:tasks.cephadm:Installing pub ssh key for root users...
2024-09-15T22:02:52.057 DEBUG:teuthology.orchestra.run.smithi150:> sudo install -d -m 0700 /root/.ssh && echo 'ssh-rsa AAAAB3NzaC1yc2EAAAADAQABAAABgQCu2dFFQLDwcohbyZYbbC7yZai1Ojv0+VG8nUb4In54tHvmRNTH9Iyl8Of9itqxIWq/YjKOHrj3JXAdSvp34pEwOxgX2RIDtcxDDgwt50oKeu0x0BxrliSRIIiUrDUWwYX05vrnWrkWxgL6roLekOCBzElnPkiEGE/5g3iQKZnE1isPE2WOULqzWnU3dNNMvSfCpFYlrtUCOmiKcaFSOZ/yY87XxPPLZC4FLOSsqtqgx5Ic/LYsJkl5mFFIL2gV/xp+W5xLwgs3lnP+s8HRKreIe5+4V30lo9erC9yZeCglPWF1I8lOFSgq6tP/UN04NaVdRMw5j/oiUYpRhFg3PTfzHY96m/9dPlwPX55OYdiUM0f8J0JUwC5lOKPPdH+BeFu1fGVBOkQ0YLJNtOj2nRcEe25ikRt/IYlpaWgcGhTOxNKbG4QwdSX7Z1o/4h6jXpb2AfGFBhqSeKRS/UW5AFXmxEXPSrPKfAif7w6txpaqQi0+OnN213YKi+hhlXWL4hk= ceph-faa38c0e-73ad-11ef-bceb-c7b262605968' | sudo tee -a /root/.ssh/authorized_keys && sudo chmod 0600 /root/.ssh/authorized_keys
2024-09-15T22:02:52.177 INFO:teuthology.orchestra.run.smithi150.stdout:ssh-rsa AAAAB3NzaC1yc2EAAAADAQABAAABgQCu2dFFQLDwcohbyZYbbC7yZai1Ojv0+VG8nUb4In54tHvmRNTH9Iyl8Of9itqxIWq/YjKOHrj3JXAdSvp34pEwOxgX2RIDtcxDDgwt50oKeu0x0BxrliSRIIiUrDUWwYX05vrnWrkWxgL6roLekOCBzElnPkiEGE/5g3iQKZnE1isPE2WOULqzWnU3dNNMvSfCpFYlrtUCOmiKcaFSOZ/yY87XxPPLZC4FLOSsqtqgx5Ic/LYsJkl5mFFIL2gV/xp+W5xLwgs3lnP+s8HRKreIe5+4V30lo9erC9yZeCglPWF1I8lOFSgq6tP/UN04NaVdRMw5j/oiUYpRhFg3PTfzHY96m/9dPlwPX55OYdiUM0f8J0JUwC5lOKPPdH+BeFu1fGVBOkQ0YLJNtOj2nRcEe25ikRt/IYlpaWgcGhTOxNKbG4QwdSX7Z1o/4h6jXpb2AfGFBhqSeKRS/UW5AFXmxEXPSrPKfAif7w6txpaqQi0+OnN213YKi+hhlXWL4hk= ceph-faa38c0e-73ad-11ef-bceb-c7b262605968
2024-09-15T22:02:52.202 DEBUG:teuthology.orchestra.run.smithi154:> sudo install -d -m 0700 /root/.ssh && echo 'ssh-rsa AAAAB3NzaC1yc2EAAAADAQABAAABgQCu2dFFQLDwcohbyZYbbC7yZai1Ojv0+VG8nUb4In54tHvmRNTH9Iyl8Of9itqxIWq/YjKOHrj3JXAdSvp34pEwOxgX2RIDtcxDDgwt50oKeu0x0BxrliSRIIiUrDUWwYX05vrnWrkWxgL6roLekOCBzElnPkiEGE/5g3iQKZnE1isPE2WOULqzWnU3dNNMvSfCpFYlrtUCOmiKcaFSOZ/yY87XxPPLZC4FLOSsqtqgx5Ic/LYsJkl5mFFIL2gV/xp+W5xLwgs3lnP+s8HRKreIe5+4V30lo9erC9yZeCglPWF1I8lOFSgq6tP/UN04NaVdRMw5j/oiUYpRhFg3PTfzHY96m/9dPlwPX55OYdiUM0f8J0JUwC5lOKPPdH+BeFu1fGVBOkQ0YLJNtOj2nRcEe25ikRt/IYlpaWgcGhTOxNKbG4QwdSX7Z1o/4h6jXpb2AfGFBhqSeKRS/UW5AFXmxEXPSrPKfAif7w6txpaqQi0+OnN213YKi+hhlXWL4hk= ceph-faa38c0e-73ad-11ef-bceb-c7b262605968' | sudo tee -a /root/.ssh/authorized_keys && sudo chmod 0600 /root/.ssh/authorized_keys
2024-09-15T22:02:52.244 INFO:teuthology.orchestra.run.smithi154.stdout:ssh-rsa AAAAB3NzaC1yc2EAAAADAQABAAABgQCu2dFFQLDwcohbyZYbbC7yZai1Ojv0+VG8nUb4In54tHvmRNTH9Iyl8Of9itqxIWq/YjKOHrj3JXAdSvp34pEwOxgX2RIDtcxDDgwt50oKeu0x0BxrliSRIIiUrDUWwYX05vrnWrkWxgL6roLekOCBzElnPkiEGE/5g3iQKZnE1isPE2WOULqzWnU3dNNMvSfCpFYlrtUCOmiKcaFSOZ/yY87XxPPLZC4FLOSsqtqgx5Ic/LYsJkl5mFFIL2gV/xp+W5xLwgs3lnP+s8HRKreIe5+4V30lo9erC9yZeCglPWF1I8lOFSgq6tP/UN04NaVdRMw5j/oiUYpRhFg3PTfzHY96m/9dPlwPX55OYdiUM0f8J0JUwC5lOKPPdH+BeFu1fGVBOkQ0YLJNtOj2nRcEe25ikRt/IYlpaWgcGhTOxNKbG4QwdSX7Z1o/4h6jXpb2AfGFBhqSeKRS/UW5AFXmxEXPSrPKfAif7w6txpaqQi0+OnN213YKi+hhlXWL4hk= ceph-faa38c0e-73ad-11ef-bceb-c7b262605968
2024-09-15T22:02:52.256 DEBUG:teuthology.orchestra.run.smithi169:> sudo install -d -m 0700 /root/.ssh && echo 'ssh-rsa AAAAB3NzaC1yc2EAAAADAQABAAABgQCu2dFFQLDwcohbyZYbbC7yZai1Ojv0+VG8nUb4In54tHvmRNTH9Iyl8Of9itqxIWq/YjKOHrj3JXAdSvp34pEwOxgX2RIDtcxDDgwt50oKeu0x0BxrliSRIIiUrDUWwYX05vrnWrkWxgL6roLekOCBzElnPkiEGE/5g3iQKZnE1isPE2WOULqzWnU3dNNMvSfCpFYlrtUCOmiKcaFSOZ/yY87XxPPLZC4FLOSsqtqgx5Ic/LYsJkl5mFFIL2gV/xp+W5xLwgs3lnP+s8HRKreIe5+4V30lo9erC9yZeCglPWF1I8lOFSgq6tP/UN04NaVdRMw5j/oiUYpRhFg3PTfzHY96m/9dPlwPX55OYdiUM0f8J0JUwC5lOKPPdH+BeFu1fGVBOkQ0YLJNtOj2nRcEe25ikRt/IYlpaWgcGhTOxNKbG4QwdSX7Z1o/4h6jXpb2AfGFBhqSeKRS/UW5AFXmxEXPSrPKfAif7w6txpaqQi0+OnN213YKi+hhlXWL4hk= ceph-faa38c0e-73ad-11ef-bceb-c7b262605968' | sudo tee -a /root/.ssh/authorized_keys && sudo chmod 0600 /root/.ssh/authorized_keys
2024-09-15T22:02:52.257 INFO:journalctl@ceph.mon.a.smithi150.stdout:Sep 15 22:02:52 smithi150 ceph-mon[30886]: from='client.? 172.21.15.150:0/3524668723' entity='client.admin'
2024-09-15T22:02:52.298 INFO:teuthology.orchestra.run.smithi169.stdout:ssh-rsa AAAAB3NzaC1yc2EAAAADAQABAAABgQCu2dFFQLDwcohbyZYbbC7yZai1Ojv0+VG8nUb4In54tHvmRNTH9Iyl8Of9itqxIWq/YjKOHrj3JXAdSvp34pEwOxgX2RIDtcxDDgwt50oKeu0x0BxrliSRIIiUrDUWwYX05vrnWrkWxgL6roLekOCBzElnPkiEGE/5g3iQKZnE1isPE2WOULqzWnU3dNNMvSfCpFYlrtUCOmiKcaFSOZ/yY87XxPPLZC4FLOSsqtqgx5Ic/LYsJkl5mFFIL2gV/xp+W5xLwgs3lnP+s8HRKreIe5+4V30lo9erC9yZeCglPWF1I8lOFSgq6tP/UN04NaVdRMw5j/oiUYpRhFg3PTfzHY96m/9dPlwPX55OYdiUM0f8J0JUwC5lOKPPdH+BeFu1fGVBOkQ0YLJNtOj2nRcEe25ikRt/IYlpaWgcGhTOxNKbG4QwdSX7Z1o/4h6jXpb2AfGFBhqSeKRS/UW5AFXmxEXPSrPKfAif7w6txpaqQi0+OnN213YKi+hhlXWL4hk= ceph-faa38c0e-73ad-11ef-bceb-c7b262605968
2024-09-15T22:02:52.311 DEBUG:teuthology.orchestra.run.smithi150:> sudo /home/ubuntu/cephtest/cephadm --image quay-quay-quay.apps.os.sepia.ceph.com/ceph-ci/ceph:8921c8ef947807b717db041d85f0761b7914d5fc shell -c /etc/ceph/ceph.conf -k /etc/ceph/ceph.client.admin.keyring --fsid faa38c0e-73ad-11ef-bceb-c7b262605968 -- ceph config set mgr mgr/cephadm/allow_ptrace true
2024-09-15T22:02:52.674 INFO:teuthology.orchestra.run.smithi150.stderr:Inferring config /var/lib/ceph/faa38c0e-73ad-11ef-bceb-c7b262605968/mon.a/config
2024-09-15T22:02:53.185 INFO:teuthology.orchestra.run.smithi150.stderr:2024-09-15T22:02:53.179+0000 7f0129600640 1 -- 172.21.15.150:0/2933759786 >> [v2:172.21.15.150:3300/0,v1:172.21.15.150:6789/0] conn(0x7f0124103820 msgr2=0x7f0124103c20 secure :-1 s=STATE_CONNECTION_ESTABLISHED l=1).mark_down
2024-09-15T22:02:53.185 INFO:teuthology.orchestra.run.smithi150.stderr:2024-09-15T22:02:53.179+0000 7f0129600640 1 --2- 172.21.15.150:0/2933759786 >> [v2:172.21.15.150:3300/0,v1:172.21.15.150:6789/0] conn(0x7f0124103820 0x7f0124103c20 secure :-1 s=READY pgs=76 cs=0 l=1 rev1=1 crypto rx=0x7f0114009880 tx=0x7f011402a5d0 comp rx=0 tx=0).stop
2024-09-15T22:02:53.185 INFO:teuthology.orchestra.run.smithi150.stderr:2024-09-15T22:02:53.180+0000 7f0129600640 1 -- 172.21.15.150:0/2933759786 shutdown_connections
2024-09-15T22:02:53.185 INFO:teuthology.orchestra.run.smithi150.stderr:2024-09-15T22:02:53.180+0000 7f0129600640 1 --2- 172.21.15.150:0/2933759786 >> [v2:172.21.15.150:3300/0,v1:172.21.15.150:6789/0] conn(0x7f0124103820 0x7f0124103c20 unknown :-1 s=CLOSED pgs=76 cs=0 l=1 rev1=1 crypto rx=0 tx=0 comp rx=0 tx=0).stop
2024-09-15T22:02:53.185 INFO:teuthology.orchestra.run.smithi150.stderr:2024-09-15T22:02:53.180+0000 7f0129600640 1 -- 172.21.15.150:0/2933759786 >> 172.21.15.150:0/2933759786 conn(0x7f01240feff0 msgr2=0x7f0124101410 unknown :-1 s=STATE_NONE l=0).mark_down
2024-09-15T22:02:53.185 INFO:teuthology.orchestra.run.smithi150.stderr:2024-09-15T22:02:53.180+0000 7f0129600640 1 -- 172.21.15.150:0/2933759786 shutdown_connections
2024-09-15T22:02:53.185 INFO:teuthology.orchestra.run.smithi150.stderr:2024-09-15T22:02:53.180+0000 7f0129600640 1 -- 172.21.15.150:0/2933759786 wait complete.
2024-09-15T22:02:53.185 INFO:teuthology.orchestra.run.smithi150.stderr:2024-09-15T22:02:53.181+0000 7f0129600640 1 Processor -- start
2024-09-15T22:02:53.185 INFO:teuthology.orchestra.run.smithi150.stderr:2024-09-15T22:02:53.181+0000 7f0129600640 1 -- start start
2024-09-15T22:02:53.186 INFO:teuthology.orchestra.run.smithi150.stderr:2024-09-15T22:02:53.181+0000 7f0129600640 1 --2- >> [v2:172.21.15.150:3300/0,v1:172.21.15.150:6789/0] conn(0x7f0124103820 0x7f0124198f80 unknown :-1 s=NONE pgs=0 cs=0 l=1 rev1=0 crypto rx=0 tx=0 comp rx=0 tx=0).connect
2024-09-15T22:02:53.186 INFO:teuthology.orchestra.run.smithi150.stderr:2024-09-15T22:02:53.181+0000 7f0129600640 1 -- --> [v2:172.21.15.150:3300/0,v1:172.21.15.150:6789/0] -- mon_getmap magic: 0 -- 0x7f0124109930 con 0x7f0124103820
2024-09-15T22:02:53.186 INFO:teuthology.orchestra.run.smithi150.stderr:2024-09-15T22:02:53.181+0000 7f0122a00640 1 --2- >> [v2:172.21.15.150:3300/0,v1:172.21.15.150:6789/0] conn(0x7f0124103820 0x7f0124198f80 unknown :-1 s=BANNER_CONNECTING pgs=0 cs=0 l=1 rev1=0 crypto rx=0 tx=0 comp rx=0 tx=0)._handle_peer_banner_payload supported=3 required=0
2024-09-15T22:02:53.186 INFO:teuthology.orchestra.run.smithi150.stderr:2024-09-15T22:02:53.181+0000 7f0122a00640 1 --2- >> [v2:172.21.15.150:3300/0,v1:172.21.15.150:6789/0] conn(0x7f0124103820 0x7f0124198f80 unknown :-1 s=HELLO_CONNECTING pgs=0 cs=0 l=1 rev1=1 crypto rx=0 tx=0 comp rx=0 tx=0).handle_hello peer v2:172.21.15.150:3300/0 says I am v2:172.21.15.150:54698/0 (socket says 172.21.15.150:54698)
2024-09-15T22:02:53.186 INFO:teuthology.orchestra.run.smithi150.stderr:2024-09-15T22:02:53.182+0000 7f0122a00640 1 -- 172.21.15.150:0/616473443 learned_addr learned my addr 172.21.15.150:0/616473443 (peer_addr_for_me v2:172.21.15.150:0/0)
