2024-09-15T22:02:40.130+0000 7fb3cea00640 1 -- 172.21.15.150:0/3723698102 <== mon.0 v2:172.21.15.150:3300/0 1 ==== mon_map magic: 0 ==== 205+0+0 (secure 0 0 0) 0x7fb3c0037070 con 0x7fb3d01074f0
2024-09-15T22:02:44.836 INFO:teuthology.orchestra.run.smithi150.stdout:/usr/bin/ceph: stderr
2024-09-15T22:02:40.130+0000 7fb3cea00640 1 -- 172.21.15.150:0/3723698102 <== mon.0 v2:172.21.15.150:3300/0 2 ==== config(27 keys) ==== 1140+0+0 (secure 0 0 0) 0x7fb3c0032920 con 0x7fb3d01074f0
2024-09-15T22:02:44.836 INFO:teuthology.orchestra.run.smithi150.stdout:/usr/bin/ceph: stderr
2024-09-15T22:02:40.130+0000 7fb3cea00640 1 -- 172.21.15.150:0/3723698102 <== mon.0 v2:172.21.15.150:3300/0 3 ==== mon_map magic: 0 ==== 205+0+0 (secure 0 0 0) 0x7fb3c0030810 con 0x7fb3d01074f0
2024-09-15T22:02:44.836 INFO:teuthology.orchestra.run.smithi150.stdout:/usr/bin/ceph: stderr
2024-09-15T22:02:40.131+0000 7fb3d5400640 1 -- 172.21.15.150:0/3723698102 >> [v2:172.21.15.150:3300/0,v1:172.21.15.150:6789/0] conn(0x7fb3d01074f0 msgr2=0x7fb3d01078f0 secure :-1 s=STATE_CONNECTION_ESTABLISHED l=1).mark_down
2024-09-15T22:02:44.837 INFO:teuthology.orchestra.run.smithi150.stdout:/usr/bin/ceph: stderr
2024-09-15T22:02:40.131+0000 7fb3d5400640 1 --2- 172.21.15.150:0/3723698102 >> [v2:172.21.15.150:3300/0,v1:172.21.15.150:6789/0] conn(0x7fb3d01074f0 0x7fb3d01078f0 secure :-1 s=READY pgs=59 cs=0 l=1 rev1=1 crypto rx=0x7fb3c0009820 tx=0x7fb3c002a270 comp rx=0 tx=0).stop
2024-09-15T22:02:44.837 INFO:teuthology.orchestra.run.smithi150.stdout:/usr/bin/ceph: stderr
2024-09-15T22:02:40.131+0000 7fb3d5400640 1 -- 172.21.15.150:0/3723698102 shutdown_connections
2024-09-15T22:02:44.837 INFO:teuthology.orchestra.run.smithi150.stdout:/usr/bin/ceph: stderr
2024-09-15T22:02:40.131+0000 7fb3d5400640 1 --2- 172.21.15.150:0/3723698102 >> [v2:172.21.15.150:3300/0,v1:172.21.15.150:6789/0] conn(0x7fb3d01074f0 0x7fb3d01078f0 unknown :-1 s=CLOSED pgs=59 cs=0 l=1 rev1=1 crypto rx=0 tx=0 comp rx=0 tx=0).stop
2024-09-15T22:02:44.837 INFO:teuthology.orchestra.run.smithi150.stdout:/usr/bin/ceph: stderr
2024-09-15T22:02:40.131+0000 7fb3d5400640 1 -- 172.21.15.150:0/3723698102 >> 172.21.15.150:0/3723698102 conn(0x7fb3d0102ce0 msgr2=0x7fb3d0105100 unknown :-1 s=STATE_NONE l=0).mark_down
2024-09-15T22:02:44.837 INFO:teuthology.orchestra.run.smithi150.stdout:/usr/bin/ceph: stderr
2024-09-15T22:02:40.131+0000 7fb3d5400640 1 -- 172.21.15.150:0/3723698102 shutdown_connections
2024-09-15T22:02:44.837 INFO:teuthology.orchestra.run.smithi150.stdout:/usr/bin/ceph: stderr
2024-09-15T22:02:40.131+0000 7fb3d5400640 1 -- 172.21.15.150:0/3723698102 wait complete.
2024-09-15T22:02:44.837 INFO:teuthology.orchestra.run.smithi150.stdout:/usr/bin/ceph: stderr
2024-09-15T22:02:40.132+0000 7fb3d5400640 1 Processor -- start
2024-09-15T22:02:44.837 INFO:teuthology.orchestra.run.smithi150.stdout:/usr/bin/ceph: stderr
2024-09-15T22:02:40.132+0000 7fb3d5400640 1 -- start start
2024-09-15T22:02:44.837 INFO:teuthology.orchestra.run.smithi150.stdout:/usr/bin/ceph: stderr
2024-09-15T22:02:40.132+0000 7fb3d5400640 1 --2- >> [v2:172.21.15.150:3300/0,v1:172.21.15.150:6789/0] conn(0x7fb3d01074f0 0x7fb3d007db90 unknown :-1 s=NONE pgs=0 cs=0 l=1 rev1=0 crypto rx=0 tx=0 comp rx=0 tx=0).connect
2024-09-15T22:02:44.837 INFO:teuthology.orchestra.run.smithi150.stdout:/usr/bin/ceph: stderr
2024-09-15T22:02:40.133+0000 7fb3d5400640 1 -- --> [v2:172.21.15.150:3300/0,v1:172.21.15.150:6789/0] -- mon_getmap magic: 0 -- 0x7fb3d010baa0 con 0x7fb3d01074f0
2024-09-15T22:02:44.837 INFO:teuthology.orchestra.run.smithi150.stdout:/usr/bin/ceph: stderr
2024-09-15T22:02:40.133+0000 7fb3cfe00640 1 --2- >> [v2:172.21.15.150:3300/0,v1:172.21.15.150:6789/0] conn(0x7fb3d01074f0 0x7fb3d007db90 unknown :-1 s=BANNER_CONNECTING pgs=0 cs=0 l=1 rev1=0 crypto rx=0 tx=0 comp rx=0 tx=0)._handle_peer_banner_payload supported=3 required=0
2024-09-15T22:02:44.837 INFO:teuthology.orchestra.run.smithi150.stdout:/usr/bin/ceph: stderr
2024-09-15T22:02:40.133+0000 7fb3cfe00640 1 --2- >> [v2:172.21.15.150:3300/0,v1:172.21.15.150:6789/0] conn(0x7fb3d01074f0 0x7fb3d007db90 unknown :-1 s=HELLO_CONNECTING pgs=0 cs=0 l=1 rev1=1 crypto rx=0 tx=0 comp rx=0 tx=0).handle_hello peer v2:172.21.15.150:3300/0 says I am v2:172.21.15.150:50270/0 (socket says 172.21.15.150:50270)
2024-09-15T22:02:44.837 INFO:teuthology.orchestra.run.smithi150.stdout:/usr/bin/ceph: stderr
2024-09-15T22:02:40.133+0000 7fb3cfe00640 1 -- 172.21.15.150:0/1733202188 learned_addr learned my addr 172.21.15.150:0/1733202188 (peer_addr_for_me v2:172.21.15.150:0/0)
2024-09-15T22:02:44.838 INFO:teuthology.orchestra.run.smithi150.stdout:/usr/bin/ceph: stderr
2024-09-15T22:02:40.133+0000 7fb3cfe00640 1 -- 172.21.15.150:0/1733202188 --> [v2:172.21.15.150:3300/0,v1:172.21.15.150:6789/0] -- mon_subscribe({config=0+,monmap=0+}) -- 0x7fb3d007e0d0 con 0x7fb3d01074f0
2024-09-15T22:02:44.838 INFO:teuthology.orchestra.run.smithi150.stdout:/usr/bin/ceph: stderr
2024-09-15T22:02:40.133+0000 7fb3cfe00640 1 --2- 172.21.15.150:0/1733202188 >> [v2:172.21.15.150:3300/0,v1:172.21.15.150:6789/0] conn(0x7fb3d01074f0 0x7fb3d007db90 secure :-1 s=READY pgs=60 cs=0 l=1 rev1=1 crypto rx=0x7fb3c00097f0 tx=0x7fb3c00327b0 comp rx=0 tx=0).ready entity=mon.0 client_cookie=0 server_cookie=0 in_seq=0 out_seq=0
2024-09-15T22:02:44.838 INFO:teuthology.orchestra.run.smithi150.stdout:/usr/bin/ceph: stderr
2024-09-15T22:02:40.134+0000 7fb3ccc00640 1 -- 172.21.15.150:0/1733202188 <== mon.0 v2:172.21.15.150:3300/0 1 ==== mon_map magic: 0 ==== 205+0+0 (secure 0 0 0) 0x7fb3c0037040 con 0x7fb3d01074f0
2024-09-15T22:02:44.838 INFO:teuthology.orchestra.run.smithi150.stdout:/usr/bin/ceph: stderr
2024-09-15T22:02:40.134+0000 7fb3ccc00640 1 -- 172.21.15.150:0/1733202188 <== mon.0 v2:172.21.15.150:3300/0 2 ==== config(27 keys) ==== 1140+0+0 (secure 0 0 0) 0x7fb3c0030c40 con 0x7fb3d01074f0
2024-09-15T22:02:44.838 INFO:teuthology.orchestra.run.smithi150.stdout:/usr/bin/ceph: stderr
2024-09-15T22:02:40.134+0000 7fb3ccc00640 1 -- 172.21.15.150:0/1733202188 <== mon.0 v2:172.21.15.150:3300/0 3 ==== mon_map magic: 0 ==== 205+0+0 (secure 0 0 0) 0x7fb3c003a5b0 con 0x7fb3d01074f0
2024-09-15T22:02:44.838 INFO:teuthology.orchestra.run.smithi150.stdout:/usr/bin/ceph: stderr
2024-09-15T22:02:40.134+0000 7fb3d5400640 1 -- 172.21.15.150:0/1733202188 --> [v2:172.21.15.150:3300/0,v1:172.21.15.150:6789/0] -- mon_subscribe({mgrmap=0+}) -- 0x7fb3d007c2c0 con 0x7fb3d01074f0
2024-09-15T22:02:44.838 INFO:teuthology.orchestra.run.smithi150.stdout:/usr/bin/ceph: stderr
2024-09-15T22:02:40.134+0000 7fb3d5400640 1 -- 172.21.15.150:0/1733202188 --> [v2:172.21.15.150:3300/0,v1:172.21.15.150:6789/0] -- mon_subscribe({osdmap=0}) -- 0x7fb3d007c800 con 0x7fb3d01074f0
2024-09-15T22:02:44.838 INFO:teuthology.orchestra.run.smithi150.stdout:/usr/bin/ceph: stderr
2024-09-15T22:02:40.135+0000 7fb3ccc00640 1 -- 172.21.15.150:0/1733202188 <== mon.0 v2:172.21.15.150:3300/0 4 ==== mgrmap(e 9) ==== 46474+0+0 (secure 0 0 0) 0x7fb3c003a7f0 con 0x7fb3d01074f0
2024-09-15T22:02:44.838 INFO:teuthology.orchestra.run.smithi150.stdout:/usr/bin/ceph: stderr
2024-09-15T22:02:40.135+0000 7fb3ccc00640 1 --2- 172.21.15.150:0/1733202188 >> [v2:172.21.15.150:6800/3271868660,v1:172.21.15.150:6801/3271868660] conn(0x7fb3b4039200 0x7fb3b403b6c0 unknown :-1 s=NONE pgs=0 cs=0 l=1 rev1=0 crypto rx=0 tx=0 comp rx=0 tx=0).connect
2024-09-15T22:02:44.838 INFO:teuthology.orchestra.run.smithi150.stdout:/usr/bin/ceph: stderr
2024-09-15T22:02:40.135+0000 7fb3ccc00640 1 -- 172.21.15.150:0/1733202188 --> [v2:172.21.15.150:6800/3271868660,v1:172.21.15.150:6801/3271868660] -- command(tid 0: {"prefix": "get_command_descriptions"}) -- 0x7fb3b403bdd0 con 0x7fb3b4039200
2024-09-15T22:02:44.838 INFO:teuthology.orchestra.run.smithi150.stdout:/usr/bin/ceph: stderr
2024-09-15T22:02:40.135+0000 7fb3ccc00640 1 -- 172.21.15.150:0/1733202188 <== mon.0 v2:172.21.15.150:3300/0 5 ==== osd_map(2..2 src has 1..2) ==== 940+0+0 (secure 0 0 0) 0x7fb3c006c7c0 con 0x7fb3d01074f0
2024-09-15T22:02:44.838 INFO:teuthology.orchestra.run.smithi150.stdout:/usr/bin/ceph: stderr
2024-09-15T22:02:40.135+0000 7fb3cf400640 1 -- 172.21.15.150:0/1733202188 >> [v2:172.21.15.150:6800/3271868660,v1:172.21.15.150:6801/3271868660] conn(0x7fb3b4039200 msgr2=0x7fb3b403b6c0 unknown :-1 s=STATE_CONNECTING_RE l=1).process reconnect failed to v2:172.21.15.150:6800/3271868660
2024-09-15T22:02:44.838 INFO:teuthology.orchestra.run.smithi150.stdout:/usr/bin/ceph: stderr
2024-09-15T22:02:40.136+0000 7fb3cf400640 1 --2- 172.21.15.150:0/1733202188 >> [v2:172.21.15.150:6800/3271868660,v1:172.21.15.150:6801/3271868660] conn(0x7fb3b4039200 0x7fb3b403b6c0 unknown :-1 s=START_CONNECT pgs=0 cs=0 l=1 rev1=0 crypto rx=0 tx=0 comp rx=0 tx=0)._fault waiting 0.200000
2024-09-15T22:02:44.839 INFO:teuthology.orchestra.run.smithi150.stdout:/usr/bin/ceph: stderr
2024-09-15T22:02:40.337+0000 7fb3cf400640 1 -- 172.21.15.150:0/1733202188 >> [v2:172.21.15.150:6800/3271868660,v1:172.21.15.150:6801/3271868660] conn(0x7fb3b4039200 msgr2=0x7fb3b403b6c0 unknown :-1 s=STATE_CONNECTING_RE l=1).process reconnect failed to v2:172.21.15.150:6800/3271868660
2024-09-15T22:02:44.839 INFO:teuthology.orchestra.run.smithi150.stdout:/usr/bin/ceph: stderr
2024-09-15T22:02:40.337+0000 7fb3cf400640 1 --2- 172.21.15.150:0/1733202188 >> [v2:172.21.15.150:6800/3271868660,v1:172.21.15.150:6801/3271868660] conn(0x7fb3b4039200 0x7fb3b403b6c0 unknown :-1 s=START_CONNECT pgs=0 cs=0 l=1 rev1=0 crypto rx=0 tx=0 comp rx=0 tx=0)._fault waiting 0.400000
2024-09-15T22:02:44.839 INFO:teuthology.orchestra.run.smithi150.stdout:/usr/bin/ceph: stderr
2024-09-15T22:02:40.738+0000 7fb3cf400640 1 -- 172.21.15.150:0/1733202188 >> [v2:172.21.15.150:6800/3271868660,v1:172.21.15.150:6801/3271868660] conn(0x7fb3b4039200 msgr2=0x7fb3b403b6c0 unknown :-1 s=STATE_CONNECTING_RE l=1).process reconnect failed to v2:172.21.15.150:6800/3271868660
2024-09-15T22:02:44.839 INFO:teuthology.orchestra.run.smithi150.stdout:/usr/bin/ceph: stderr
2024-09-15T22:02:40.738+0000 7fb3cf400640 1 --2- 172.21.15.150:0/1733202188 >> [v2:172.21.15.150:6800/3271868660,v1:172.21.15.150:6801/3271868660] conn(0x7fb3b4039200 0x7fb3b403b6c0 unknown :-1 s=START_CONNECT pgs=0 cs=0 l=1 rev1=0 crypto rx=0 tx=0 comp rx=0 tx=0)._fault waiting 0.800000
2024-09-15T22:02:44.839 INFO:teuthology.orchestra.run.smithi150.stdout:/usr/bin/ceph: stderr
2024-09-15T22:02:41.539+0000 7fb3cf400640 1 -- 172.21.15.150:0/1733202188 >> [v2:172.21.15.150:6800/3271868660,v1:172.21.15.150:6801/3271868660] conn(0x7fb3b4039200 msgr2=0x7fb3b403b6c0 unknown :-1 s=STATE_CONNECTING_RE l=1).process reconnect failed to v2:172.21.15.150:6800/3271868660
2024-09-15T22:02:44.839 INFO:teuthology.orchestra.run.smithi150.stdout:/usr/bin/ceph: stderr
2024-09-15T22:02:41.539+0000 7fb3cf400640 1 --2- 172.21.15.150:0/1733202188 >> [v2:172.21.15.150:6800/3271868660,v1:172.21.15.150:6801/3271868660] conn(0x7fb3b4039200 0x7fb3b403b6c0 unknown :-1 s=START_CONNECT pgs=0 cs=0 l=1 rev1=0 crypto rx=0 tx=0 comp rx=0 tx=0)._fault waiting 1.600000
2024-09-15T22:02:44.839 INFO:teuthology.orchestra.run.smithi150.stdout:/usr/bin/ceph: stderr
2024-09-15T22:02:43.048+0000 7fb3ccc00640 1 -- 172.21.15.150:0/1733202188 <== mon.0 v2:172.21.15.150:3300/0 6 ==== mgrmap(e 10) ==== 46241+0+0 (secure 0 0 0) 0x7fb3c006b1b0 con 0x7fb3d01074f0
2024-09-15T22:02:44.839 INFO:teuthology.orchestra.run.smithi150.stdout:/usr/bin/ceph: stderr
2024-09-15T22:02:43.048+0000 7fb3ccc00640 1 -- 172.21.15.150:0/1733202188 >> [v2:172.21.15.150:6800/3271868660,v1:172.21.15.150:6801/3271868660] conn(0x7fb3b4039200 msgr2=0x7fb3b403b6c0 unknown :-1 s=STATE_CONNECTING l=1).mark_down
2024-09-15T22:02:44.839 INFO:teuthology.orchestra.run.smithi150.stdout:/usr/bin/ceph: stderr
2024-09-15T22:02:43.048+0000 7fb3ccc00640 1 --2- 172.21.15.150:0/1733202188 >> [v2:172.21.15.150:6800/3271868660,v1:172.21.15.150:6801/3271868660] conn(0x7fb3b4039200 0x7fb3b403b6c0 unknown :-1 s=START_CONNECT pgs=0 cs=0 l=1 rev1=0 crypto rx=0 tx=0 comp rx=0 tx=0).stop
2024-09-15T22:02:44.839 INFO:teuthology.orchestra.run.smithi150.stdout:/usr/bin/ceph: stderr
2024-09-15T22:02:44.050+0000 7fb3ccc00640 1 -- 172.21.15.150:0/1733202188 <== mon.0 v2:172.21.15.150:3300/0 7 ==== mgrmap(e 11) ==== 46368+0+0 (secure 0 0 0) 0x7fb3c003b3f0 con 0x7fb3d01074f0
2024-09-15T22:02:44.839 INFO:teuthology.orchestra.run.smithi150.stdout:/usr/bin/ceph: stderr
2024-09-15T22:02:44.051+0000 7fb3ccc00640 1 --2- 172.21.15.150:0/1733202188 >> [v2:172.21.15.150:6800/1242932536,v1:172.21.15.150:6801/1242932536] conn(0x7fb3b403ccc0 0x7fb3b403f0b0 unknown :-1 s=NONE pgs=0 cs=0 l=1 rev1=0 crypto rx=0 tx=0 comp rx=0 tx=0).connect
2024-09-15T22:02:44.839 INFO:teuthology.orchestra.run.smithi150.stdout:/usr/bin/ceph: stderr
2024-09-15T22:02:44.051+0000 7fb3ccc00640 1 -- 172.21.15.150:0/1733202188 --> [v2:172.21.15.150:6800/1242932536,v1:172.21.15.150:6801/1242932536] -- command(tid 0: {"prefix": "get_command_descriptions"}) -- 0x7fb3c0039ec0 con 0x7fb3b403ccc0
2024-09-15T22:02:44.839 INFO:teuthology.orchestra.run.smithi150.stdout:/usr/bin/ceph: stderr
2024-09-15T22:02:44.051+0000 7fb3cf400640 1 --2- 172.21.15.150:0/1733202188 >> [v2:172.21.15.150:6800/1242932536,v1:172.21.15.150:6801/1242932536] conn(0x7fb3b403ccc0 0x7fb3b403f0b0 unknown :-1 s=BANNER_CONNECTING pgs=0 cs=0 l=1 rev1=0 crypto rx=0 tx=0 comp rx=0 tx=0)._handle_peer_banner_payload supported=3 required=0
2024-09-15T22:02:44.840 INFO:teuthology.orchestra.run.smithi150.stdout:/usr/bin/ceph: stderr
2024-09-15T22:02:44.053+0000 7fb3cf400640 1 --2- 172.21.15.150:0/1733202188 >> [v2:172.21.15.150:6800/1242932536,v1:172.21.15.150:6801/1242932536] conn(0x7fb3b403ccc0 0x7fb3b403f0b0 secure :-1 s=READY pgs=4 cs=0 l=1 rev1=1 crypto rx=0x7fb3bc003980 tx=0x7fb3bc006e10 comp rx=0 tx=0).ready entity=mgr.14150 client_cookie=0 server_cookie=0 in_seq=0 out_seq=0
2024-09-15T22:02:44.840 INFO:teuthology.orchestra.run.smithi150.stdout:/usr/bin/ceph: stderr
2024-09-15T22:02:44.054+0000 7fb3ccc00640 1 -- 172.21.15.150:0/1733202188 <== mgr.14150 v2:172.21.15.150:6800/1242932536 1 ==== command_reply(tid 0: 0 ) ==== 8+0+9564 (secure 0 0 0) 0x7fb3c0039ec0 con 0x7fb3b403ccc0
2024-09-15T22:02:44.840 INFO:teuthology.orchestra.run.smithi150.stdout:/usr/bin/ceph: stderr
2024-09-15T22:02:44.061+0000 7fb3d5400640 1 -- 172.21.15.150:0/1733202188 --> [v2:172.21.15.150:6800/1242932536,v1:172.21.15.150:6801/1242932536] -- command(tid 1: {"prefix": "mgr_status"}) -- 0x7fb3d0107970 con 0x7fb3b403ccc0
2024-09-15T22:02:44.840 INFO:teuthology.orchestra.run.smithi150.stdout:/usr/bin/ceph: stderr
2024-09-15T22:02:44.061+0000 7fb3ccc00640 1 -- 172.21.15.150:0/1733202188 <== mgr.14150 v2:172.21.15.150:6800/1242932536 2 ==== command_reply(tid 1: 0 ) ==== 8+0+52 (secure 0 0 0) 0x7fb3d0107970 con 0x7fb3b403ccc0
2024-09-15T22:02:44.840 INFO:teuthology.orchestra.run.smithi150.stdout:/usr/bin/ceph: stderr
2024-09-15T22:02:44.062+0000 7fb3d5400640 1 -- 172.21.15.150:0/1733202188 >> [v2:172.21.15.150:6800/1242932536,v1:172.21.15.150:6801/1242932536] conn(0x7fb3b403ccc0 msgr2=0x7fb3b403f0b0 secure :-1 s=STATE_CONNECTION_ESTABLISHED l=1).mark_down
2024-09-15T22:02:44.840 INFO:teuthology.orchestra.run.smithi150.stdout:/usr/bin/ceph: stderr
2024-09-15T22:02:44.062+0000 7fb3d5400640 1 --2- 172.21.15.150:0/1733202188 >> [v2:172.21.15.150:6800/1242932536,v1:172.21.15.150:6801/1242932536] conn(0x7fb3b403ccc0 0x7fb3b403f0b0 secure :-1 s=READY pgs=4 cs=0 l=1 rev1=1 crypto rx=0x7fb3bc003980 tx=0x7fb3bc006e10 comp rx=0 tx=0).stop
2024-09-15T22:02:44.840 INFO:teuthology.orchestra.run.smithi150.stdout:/usr/bin/ceph: stderr
2024-09-15T22:02:44.062+0000 7fb3d5400640 1 -- 172.21.15.150:0/1733202188 >> [v2:172.21.15.150:3300/0,v1:172.21.15.150:6789/0] conn(0x7fb3d01074f0 msgr2=0x7fb3d007db90 secure :-1 s=STATE_CONNECTION_ESTABLISHED l=1).mark_down
2024-09-15T22:02:44.840 INFO:teuthology.orchestra.run.smithi150.stdout:/usr/bin/ceph: stderr
2024-09-15T22:02:44.062+0000 7fb3d5400640 1 --2- 172.21.15.150:0/1733202188 >> [v2:172.21.15.150:3300/0,v1:172.21.15.150:6789/0] conn(0x7fb3d01074f0 0x7fb3d007db90 secure :-1 s=READY pgs=60 cs=0 l=1 rev1=1 crypto rx=0x7fb3c00097f0 tx=0x7fb3c00327b0 comp rx=0 tx=0).stop
2024-09-15T22:02:44.840 INFO:teuthology.orchestra.run.smithi150.stdout:/usr/bin/ceph: stderr
2024-09-15T22:02:44.062+0000 7fb3d5400640 1 -- 172.21.15.150:0/1733202188 shutdown_connections
2024-09-15T22:02:44.840 INFO:teuthology.orchestra.run.smithi150.stdout:/usr/bin/ceph: stderr
2024-09-15T22:02:44.062+0000 7fb3d5400640 1 --2- 172.21.15.150:0/1733202188 >> [v2:172.21.15.150:6800/1242932536,v1:172.21.15.150:6801/1242932536] conn(0x7fb3b403ccc0 0x7fb3b403f0b0 unknown :-1 s=CLOSED pgs=4 cs=0 l=1 rev1=1 crypto rx=0 tx=0 comp rx=0 tx=0).stop
2024-09-15T22:02:44.840 INFO:teuthology.orchestra.run.smithi150.stdout:/usr/bin/ceph: stderr
2024-09-15T22:02:44.062+0000 7fb3d5400640 1 --2- 172.21.15.150:0/1733202188 >> [v2:172.21.15.150:6800/3271868660,v1:172.21.15.150:6801/3271868660] conn(0x7fb3b4039200 0x7fb3b403b6c0 unknown :-1 s=CLOSED pgs=0 cs=0 l=1 rev1=0 crypto rx=0 tx=0 comp rx=0 tx=0).stop
2024-09-15T22:02:44.840 INFO:teuthology.orchestra.run.smithi150.stdout:/usr/bin/ceph: stderr
2024-09-15T22:02:44.062+0000 7fb3d5400640 1 --2- 172.21.15.150:0/1733202188 >> [v2:172.21.15.150:3300/0,v1:172.21.15.150:6789/0] conn(0x7fb3d01074f0 0x7fb3d007db90 unknown :-1 s=CLOSED pgs=60 cs=0 l=1 rev1=1 crypto rx=0 tx=0 comp rx=0 tx=0).stop
2024-09-15T22:02:44.840 INFO:teuthology.orchestra.run.smithi150.stdout:/usr/bin/ceph: stderr
2024-09-15T22:02:44.062+0000 7fb3d5400640 1 -- 172.21.15.150:0/1733202188 >> 172.21.15.150:0/1733202188 conn(0x7fb3d0102ce0 msgr2=0x7fb3d0103920 unknown :-1 s=STATE_NONE l=0).mark_down
2024-09-15T22:02:44.841 INFO:teuthology.orchestra.run.smithi150.stdout:/usr/bin/ceph: stderr
2024-09-15T22:02:44.062+0000 7fb3d5400640 1 -- 172.21.15.150:0/1733202188 shutdown_connections
2024-09-15T22:02:44.841 INFO:teuthology.orchestra.run.smithi150.stdout:/usr/bin/ceph: stderr
2024-09-15T22:02:44.062+0000 7fb3d5400640 1 -- 172.21.15.150:0/1733202188 wait complete.
2024-09-15T22:02:44.841 INFO:teuthology.orchestra.run.smithi150.stdout:mgr epoch 9 is available
2024-09-15T22:02:44.841 INFO:teuthology.orchestra.run.smithi150.stdout:Generating a dashboard self-signed certificate...
2024-09-15T22:02:45.411 INFO:journalctl@ceph.mon.a.smithi150.stdout:Sep 15 22:02:45 smithi150 ceph-mon[30886]: [15/Sep/2024:22:02:43] ENGINE Bus STARTING
2024-09-15T22:02:45.411 INFO:journalctl@ceph.mon.a.smithi150.stdout:Sep 15 22:02:45 smithi150 ceph-mon[30886]: [15/Sep/2024:22:02:44] ENGINE Serving on http://172.21.15.150:8765
2024-09-15T22:02:45.411 INFO:journalctl@ceph.mon.a.smithi150.stdout:Sep 15 22:02:45 smithi150 ceph-mon[30886]: from='client.14154 -' entity='client.admin' cmd=[{"prefix": "get_command_descriptions"}]: dispatch
2024-09-15T22:02:45.411 INFO:journalctl@ceph.mon.a.smithi150.stdout:Sep 15 22:02:45 smithi150 ceph-mon[30886]: from='client.14154 -' entity='client.admin' cmd=[{"prefix": "mgr_status"}]: dispatch
2024-09-15T22:02:45.412 INFO:journalctl@ceph.mon.a.smithi150.stdout:Sep 15 22:02:45 smithi150 ceph-mon[30886]: [15/Sep/2024:22:02:44] ENGINE Serving on https://172.21.15.150:7150
2024-09-15T22:02:45.412 INFO:journalctl@ceph.mon.a.smithi150.stdout:Sep 15 22:02:45 smithi150 ceph-mon[30886]: [15/Sep/2024:22:02:44] ENGINE Bus STARTED
2024-09-15T22:02:45.412 INFO:journalctl@ceph.mon.a.smithi150.stdout:Sep 15 22:02:45 smithi150 ceph-mon[30886]: [15/Sep/2024:22:02:44] ENGINE Error in HTTPServer.serve
2024-09-15T22:02:45.412 INFO:journalctl@ceph.mon.a.smithi150.stdout: Traceback (most recent call last):
2024-09-15T22:02:45.412 INFO:journalctl@ceph.mon.a.smithi150.stdout: File "/lib/python3.9/site-packages/cheroot/server.py", line 1823, in serve
2024-09-15T22:02:45.412 INFO:journalctl@ceph.mon.a.smithi150.stdout: self._connections.run(self.expiration_interval)
2024-09-15T22:02:45.412 INFO:journalctl@ceph.mon.a.smithi150.stdout: File "/lib/python3.9/site-packages/cheroot/connections.py", line 203, in run
2024-09-15T22:02:45.412 INFO:journalctl@ceph.mon.a.smithi150.stdout: self._run(expiration_interval)
2024-09-15T22:02:45.412 INFO:journalctl@ceph.mon.a.smithi150.stdout: File "/lib/python3.9/site-packages/cheroot/connections.py", line 246, in _run
2024-09-15T22:02:45.412 INFO:journalctl@ceph.mon.a.smithi150.stdout: new_conn = self._from_server_socket(self.server.socket)
2024-09-15T22:02:45.412 INFO:journalctl@ceph.mon.a.smithi150.stdout: File "/lib/python3.9/site-packages/cheroot/connections.py", line 300, in _from_server_socket
2024-09-15T22:02:45.412 INFO:journalctl@ceph.mon.a.smithi150.stdout: s, ssl_env = self.server.ssl_adapter.wrap(s)
2024-09-15T22:02:45.412 INFO:journalctl@ceph.mon.a.smithi150.stdout: File "/lib/python3.9/site-packages/cheroot/ssl/builtin.py", line 277, in wrap
2024-09-15T22:02:45.413 INFO:journalctl@ceph.mon.a.smithi150.stdout: s = self.context.wrap_socket(
2024-09-15T22:02:45.413 INFO:journalctl@ceph.mon.a.smithi150.stdout: File "/lib64/python3.9/ssl.py", line 501, in wrap_socket
2024-09-15T22:02:45.413 INFO:journalctl@ceph.mon.a.smithi150.stdout: return self.sslsocket_class._create(
2024-09-15T22:02:45.413 INFO:journalctl@ceph.mon.a.smithi150.stdout: File "/lib64/python3.9/ssl.py", line 1074, in _create
2024-09-15T22:02:45.413 INFO:journalctl@ceph.mon.a.smithi150.stdout: self.do_handshake()
2024-09-15T22:02:45.413 INFO:journalctl@ceph.mon.a.smithi150.stdout: File "/lib64/python3.9/ssl.py", line 1343, in do_handshake
2024-09-15T22:02:45.413 INFO:journalctl@ceph.mon.a.smithi150.stdout: self._sslobj.do_handshake()
2024-09-15T22:02:45.413 INFO:journalctl@ceph.mon.a.smithi150.stdout: ssl.SSLZeroReturnError: TLS/SSL connection has been closed (EOF) (_ssl.c:1133)
2024-09-15T22:02:46.317 INFO:journalctl@ceph.mon.a.smithi150.stdout:Sep 15 22:02:46 smithi150 ceph-mon[30886]: mgrmap e12: x(active, since 2s)
2024-09-15T22:02:46.317 INFO:journalctl@ceph.mon.a.smithi150.stdout:Sep 15 22:02:46 smithi150 ceph-mon[30886]: from='mgr.14150 172.21.15.150:0/4177760413' entity='mgr.x'
2024-09-15T22:02:46.317 INFO:journalctl@ceph.mon.a.smithi150.stdout:Sep 15 22:02:46 smithi150 ceph-mon[30886]: from='mgr.14150 172.21.15.150:0/4177760413' entity='mgr.x'
2024-09-15T22:02:46.317 INFO:journalctl@ceph.mon.a.smithi150.stdout:Sep 15 22:02:46 smithi150 ceph-mon[30886]: from='mgr.14150 172.21.15.150:0/4177760413' entity='mgr.x'
2024-09-15T22:02:46.611 INFO:teuthology.orchestra.run.smithi150.stdout:/usr/bin/ceph: stdout Self-signed certificate created
2024-09-15T22:02:46.611 INFO:teuthology.orchestra.run.smithi150.stdout:/usr/bin/ceph: stderr
2024-09-15T22:02:45.661+0000 7fac17000640 1 Processor -- start
2024-09-15T22:02:46.611 INFO:teuthology.orchestra.run.smithi150.stdout:/usr/bin/ceph: stderr
2024-09-15T22:02:45.661+0000 7fac17000640 1 -- start start
2024-09-15T22:02:46.611 INFO:teuthology.orchestra.run.smithi150.stdout:/usr/bin/ceph: stderr
2024-09-15T22:02:45.661+0000 7fac17000640 1 --2- >> [v2:172.21.15.150:3300/0,v1:172.21.15.150:6789/0] conn(0x7fac100816f0 0x7fac10081af0 unknown :-1 s=NONE pgs=0 cs=0 l=0 rev1=0 crypto rx=0 tx=0 comp rx=0 tx=0).connect
2024-09-15T22:02:46.611 INFO:teuthology.orchestra.run.smithi150.stdout:/usr/bin/ceph: stderr
2024-09-15T22:02:45.661+0000 7fac17000640 1 -- --> [v2:172.21.15.150:3300/0,v1:172.21.15.150:6789/0] -- mon_getmap magic: 0 -- 0x7fac100820c0 con 0x7fac100816f0
2024-09-15T22:02:46.611 INFO:teuthology.orchestra.run.smithi150.stdout:/usr/bin/ceph: stderr
2024-09-15T22:02:45.662+0000 7fac0fe00640 1 --2- >> [v2:172.21.15.150:3300/0,v1:172.21.15.150:6789/0] conn(0x7fac100816f0 0x7fac10081af0 unknown :-1 s=BANNER_CONNECTING pgs=0 cs=0 l=0 rev1=0 crypto rx=0 tx=0 comp rx=0 tx=0)._handle_peer_banner_payload supported=3 required=0
2024-09-15T22:02:46.611 INFO:teuthology.orchestra.run.smithi150.stdout:/usr/bin/ceph: stderr
2024-09-15T22:02:45.662+0000 7fac0fe00640 1 --2- >> [v2:172.21.15.150:3300/0,v1:172.21.15.150:6789/0] conn(0x7fac100816f0 0x7fac10081af0 unknown :-1 s=HELLO_CONNECTING pgs=0 cs=0 l=0 rev1=1 crypto rx=0 tx=0 comp rx=0 tx=0).handle_hello peer v2:172.21.15.150:3300/0 says I am v2:172.21.15.150:50348/0 (socket says 172.21.15.150:50348)
2024-09-15T22:02:46.611 INFO:teuthology.orchestra.run.smithi150.stdout:/usr/bin/ceph: stderr
2024-09-15T22:02:45.662+0000 7fac0fe00640 1 -- 172.21.15.150:0/3894775098 learned_addr learned my addr 172.21.15.150:0/3894775098 (peer_addr_for_me v2:172.21.15.150:0/0)
2024-09-15T22:02:46.611 INFO:teuthology.orchestra.run.smithi150.stdout:/usr/bin/ceph: stderr
2024-09-15T22:02:45.662+0000 7fac0fe00640 1 -- 172.21.15.150:0/3894775098 --> [v2:172.21.15.150:3300/0,v1:172.21.15.150:6789/0] -- mon_subscribe({config=0+,monmap=0+}) -- 0x7fac1010ee90 con 0x7fac100816f0
2024-09-15T22:02:46.612 INFO:teuthology.orchestra.run.smithi150.stdout:/usr/bin/ceph: stderr
2024-09-15T22:02:45.663+0000 7fac0fe00640 1 --2- 172.21.15.150:0/3894775098 >> [v2:172.21.15.150:3300/0,v1:172.21.15.150:6789/0] conn(0x7fac100816f0 0x7fac10081af0 secure :-1 s=READY pgs=68 cs=0 l=1 rev1=1 crypto rx=0x7fac00009820 tx=0x7fac0002a270 comp rx=0 tx=0).ready entity=mon.0 client_cookie=2edd3dc2428ed372 server_cookie=0 in_seq=0 out_seq=0
2024-09-15T22:02:46.612 INFO:teuthology.orchestra.run.smithi150.stdout:/usr/bin/ceph: stderr
2024-09-15T22:02:45.663+0000 7fac0ea00640 1 -- 172.21.15.150:0/3894775098 <== mon.0 v2:172.21.15.150:3300/0 1 ==== mon_map magic: 0 ==== 205+0+0 (secure 0 0 0) 0x7fac00037070 con 0x7fac100816f0
2024-09-15T22:02:46.612 INFO:teuthology.orchestra.run.smithi150.stdout:/usr/bin/ceph: stderr
2024-09-15T22:02:45.663+0000 7fac0ea00640 1 -- 172.21.15.150:0/3894775098 <== mon.0 v2:172.21.15.150:3300/0 2 ==== config(27 keys) ==== 1140+0+0 (secure 0 0 0) 0x7fac00032920 con 0x7fac100816f0
2024-09-15T22:02:46.612 INFO:teuthology.orchestra.run.smithi150.stdout:/usr/bin/ceph: stderr
2024-09-15T22:02:45.663+0000 7fac0ea00640 1 -- 172.21.15.150:0/3894775098 <== mon.0 v2:172.21.15.150:3300/0 3 ==== mon_map magic: 0 ==== 205+0+0 (secure 0 0 0) 0x7fac00030810 con 0x7fac100816f0
2024-09-15T22:02:46.612 INFO:teuthology.orchestra.run.smithi150.stdout:/usr/bin/ceph: stderr
2024-09-15T22:02:45.664+0000 7fac17000640 1 -- 172.21.15.150:0/3894775098 >> [v2:172.21.15.150:3300/0,v1:172.21.15.150:6789/0] conn(0x7fac100816f0 msgr2=0x7fac10081af0 secure :-1 s=STATE_CONNECTION_ESTABLISHED l=1).mark_down
2024-09-15T22:02:46.612 INFO:teuthology.orchestra.run.smithi150.stdout:/usr/bin/ceph: stderr
2024-09-15T22:02:45.664+0000 7fac17000640 1 --2- 172.21.15.150:0/3894775098 >> [v2:172.21.15.150:3300/0,v1:172.21.15.150:6789/0] conn(0x7fac100816f0 0x7fac10081af0 secure :-1 s=READY pgs=68 cs=0 l=1 rev1=1 crypto rx=0x7fac00009820 tx=0x7fac0002a270 comp rx=0 tx=0).stop
2024-09-15T22:02:46.612 INFO:teuthology.orchestra.run.smithi150.stdout:/usr/bin/ceph: stderr
2024-09-15T22:02:45.664+0000 7fac17000640 1 -- 172.21.15.150:0/3894775098 shutdown_connections
2024-09-15T22:02:46.612 INFO:teuthology.orchestra.run.smithi150.stdout:/usr/bin/ceph: stderr
2024-09-15T22:02:45.664+0000 7fac17000640 1 --2- 172.21.15.150:0/3894775098 >> [v2:172.21.15.150:3300/0,v1:172.21.15.150:6789/0] conn(0x7fac100816f0 0x7fac10081af0 unknown :-1 s=CLOSED pgs=68 cs=0 l=1 rev1=1 crypto rx=0 tx=0 comp rx=0 tx=0).stop
2024-09-15T22:02:46.612 INFO:teuthology.orchestra.run.smithi150.stdout:/usr/bin/ceph: stderr
2024-09-15T22:02:45.664+0000 7fac17000640 1 -- 172.21.15.150:0/3894775098 >> 172.21.15.150:0/3894775098 conn(0x7fac1007cea0 msgr2=0x7fac1007f2c0 unknown :-1 s=STATE_NONE l=0).mark_down
2024-09-15T22:02:46.612 INFO:teuthology.orchestra.run.smithi150.stdout:/usr/bin/ceph: stderr
2024-09-15T22:02:45.664+0000 7fac17000640 1 -- 172.21.15.150:0/3894775098 shutdown_connections
2024-09-15T22:02:46.612 INFO:teuthology.orchestra.run.smithi150.stdout:/usr/bin/ceph: stderr
2024-09-15T22:02:45.664+0000 7fac17000640 1 -- 172.21.15.150:0/3894775098 wait complete.
2024-09-15T22:02:46.612 INFO:teuthology.orchestra.run.smithi150.stdout:/usr/bin/ceph: stderr
2024-09-15T22:02:45.665+0000 7fac17000640 1 Processor -- start
2024-09-15T22:02:46.612 INFO:teuthology.orchestra.run.smithi150.stdout:/usr/bin/ceph: stderr
2024-09-15T22:02:45.665+0000 7fac17000640 1 -- start start
2024-09-15T22:02:46.613 INFO:teuthology.orchestra.run.smithi150.stdout:/usr/bin/ceph: stderr
2024-09-15T22:02:45.666+0000 7fac17000640 1 --2- >> [v2:172.21.15.150:3300/0,v1:172.21.15.150:6789/0] conn(0x7fac100816f0 0x7fac101a1cc0 unknown :-1 s=NONE pgs=0 cs=0 l=1 rev1=0 crypto rx=0 tx=0 comp rx=0 tx=0).connect
2024-09-15T22:02:46.613 INFO:teuthology.orchestra.run.smithi150.stdout:/usr/bin/ceph: stderr
2024-09-15T22:02:45.666+0000 7fac17000640 1 -- --> [v2:172.21.15.150:3300/0,v1:172.21.15.150:6789/0] -- mon_getmap magic: 0 -- 0x7fac10112240 con 0x7fac100816f0
2024-09-15T22:02:46.613 INFO:teuthology.orchestra.run.smithi150.stdout:/usr/bin/ceph: stderr
2024-09-15T22:02:45.666+0000 7fac0fe00640 1 --2- >> [v2:172.21.15.150:3300/0,v1:172.21.15.150:6789/0] conn(0x7fac100816f0 0x7fac101a1cc0 unknown :-1 s=BANNER_CONNECTING pgs=0 cs=0 l=1 rev1=0 crypto rx=0 tx=0 comp rx=0 tx=0)._handle_peer_banner_payload supported=3 required=0
2024-09-15T22:02:46.613 INFO:teuthology.orchestra.run.smithi150.stdout:/usr/bin/ceph: stderr
2024-09-15T22:02:45.666+0000 7fac0fe00640 1 --2- >> [v2:172.21.15.150:3300/0,v1:172.21.15.150:6789/0] conn(0x7fac100816f0 0x7fac101a1cc0 unknown :-1 s=HELLO_CONNECTING pgs=0 cs=0 l=1 rev1=1 crypto rx=0 tx=0 comp rx=0 tx=0).handle_hello peer v2:172.21.15.150:3300/0 says I am v2:172.21.15.150:50360/0 (socket says 172.21.15.150:50360)
2024-09-15T22:02:46.613 INFO:teuthology.orchestra.run.smithi150.stdout:/usr/bin/ceph: stderr
2024-09-15T22:02:45.666+0000 7fac0fe00640 1 -- 172.21.15.150:0/1100037467 learned_addr learned my addr 172.21.15.150:0/1100037467 (peer_addr_for_me v2:172.21.15.150:0/0)
2024-09-15T22:02:46.613 INFO:teuthology.orchestra.run.smithi150.stdout:/usr/bin/ceph: stderr
2024-09-15T22:02:45.666+0000 7fac0fe00640 1 -- 172.21.15.150:0/1100037467 --> [v2:172.21.15.150:3300/0,v1:172.21.15.150:6789/0] -- mon_subscribe({config=0+,monmap=0+}) -- 0x7fac101a2200 con 0x7fac100816f0
2024-09-15T22:02:46.613 INFO:teuthology.orchestra.run.smithi150.stdout:/usr/bin/ceph: stderr
2024-09-15T22:02:45.666+0000 7fac0fe00640 1 --2- 172.21.15.150:0/1100037467 >> [v2:172.21.15.150:3300/0,v1:172.21.15.150:6789/0] conn(0x7fac100816f0 0x7fac101a1cc0 secure :-1 s=READY pgs=69 cs=0 l=1 rev1=1 crypto rx=0x7fac000097f0 tx=0x7fac00030d40 comp rx=0 tx=0).ready entity=mon.0 client_cookie=0 server_cookie=0 in_seq=0 out_seq=0
2024-09-15T22:02:46.613 INFO:teuthology.orchestra.run.smithi150.stdout:/usr/bin/ceph: stderr
2024-09-15T22:02:45.667+0000 7fac0cc00640 1 -- 172.21.15.150:0/1100037467 <== mon.0 v2:172.21.15.150:3300/0 1 ==== mon_map magic: 0 ==== 205+0+0 (secure 0 0 0) 0x7fac00037040 con 0x7fac100816f0
2024-09-15T22:02:46.613 INFO:teuthology.orchestra.run.smithi150.stdout:/usr/bin/ceph: stderr
2024-09-15T22:02:45.667+0000 7fac0cc00640 1 -- 172.21.15.150:0/1100037467 <== mon.0 v2:172.21.15.150:3300/0 2 ==== config(27 keys) ==== 1140+0+0 (secure 0 0 0) 0x7fac00040070 con 0x7fac100816f0
2024-09-15T22:02:46.613 INFO:teuthology.orchestra.run.smithi150.stdout:/usr/bin/ceph: stderr
2024-09-15T22:02:45.667+0000 7fac17000640 1 -- 172.21.15.150:0/1100037467 --> [v2:172.21.15.150:3300/0,v1:172.21.15.150:6789/0] -- mon_subscribe({mgrmap=0+}) -- 0x7fac101a2490 con 0x7fac100816f0
2024-09-15T22:02:46.613 INFO:teuthology.orchestra.run.smithi150.stdout:/usr/bin/ceph: stderr
2024-09-15T22:02:45.667+0000 7fac0cc00640 1 -- 172.21.15.150:0/1100037467 <== mon.0 v2:172.21.15.150:3300/0 3 ==== mon_map magic: 0 ==== 205+0+0 (secure 0 0 0) 0x7fac0003a6d0 con 0x7fac100816f0
2024-09-15T22:02:46.613 INFO:teuthology.orchestra.run.smithi150.stdout:/usr/bin/ceph: stderr
2024-09-15T22:02:45.667+0000 7fac17000640 1 -- 172.21.15.150:0/1100037467 --> [v2:172.21.15.150:3300/0,v1:172.21.15.150:6789/0] -- mon_subscribe({osdmap=0}) -- 0x7fac101a5180 con 0x7fac100816f0
2024-09-15T22:02:46.614 INFO:teuthology.orchestra.run.smithi150.stdout:/usr/bin/ceph: stderr
2024-09-15T22:02:45.668+0000 7fac0cc00640 1 -- 172.21.15.150:0/1100037467 <== mon.0 v2:172.21.15.150:3300/0 4 ==== mgrmap(e 12) ==== 46474+0+0 (secure 0 0 0) 0x7fac000327b0 con 0x7fac100816f0
2024-09-15T22:02:46.614 INFO:teuthology.orchestra.run.smithi150.stdout:/usr/bin/ceph: stderr
2024-09-15T22:02:45.668+0000 7fac17000640 1 -- 172.21.15.150:0/1100037467 --> [v2:172.21.15.150:3300/0,v1:172.21.15.150:6789/0] -- mon_command({"prefix": "get_command_descriptions"} v 0) -- 0x7fac10081af0 con 0x7fac100816f0
2024-09-15T22:02:46.614 INFO:teuthology.orchestra.run.smithi150.stdout:/usr/bin/ceph: stderr
2024-09-15T22:02:45.668+0000 7fac0cc00640 1 --2- 172.21.15.150:0/1100037467 >> [v2:172.21.15.150:6800/1242932536,v1:172.21.15.150:6801/1242932536] conn(0x7fabf4039200 0x7fabf403b6c0 unknown :-1 s=NONE pgs=0 cs=0 l=1 rev1=0 crypto rx=0 tx=0 comp rx=0 tx=0).connect
2024-09-15T22:02:46.614 INFO:teuthology.orchestra.run.smithi150.stdout:/usr/bin/ceph: stderr
2024-09-15T22:02:45.668+0000 7fac0cc00640 1 -- 172.21.15.150:0/1100037467 <== mon.0 v2:172.21.15.150:3300/0 5 ==== osd_map(3..3 src has 1..3) ==== 1155+0+0 (secure 0 0 0) 0x7fac0006ca40 con 0x7fac100816f0
2024-09-15T22:02:46.614 INFO:teuthology.orchestra.run.smithi150.stdout:/usr/bin/ceph: stderr
2024-09-15T22:02:45.669+0000 7fac0f400640 1 --2- 172.21.15.150:0/1100037467 >> [v2:172.21.15.150:6800/1242932536,v1:172.21.15.150:6801/1242932536] conn(0x7fabf4039200 0x7fabf403b6c0 unknown :-1 s=BANNER_CONNECTING pgs=0 cs=0 l=1 rev1=0 crypto rx=0 tx=0 comp rx=0 tx=0)._handle_peer_banner_payload supported=3 required=0
2024-09-15T22:02:46.614 INFO:teuthology.orchestra.run.smithi150.stdout:/usr/bin/ceph: stderr
2024-09-15T22:02:45.669+0000 7fac0f400640 1 --2- 172.21.15.150:0/1100037467 >> [v2:172.21.15.150:6800/1242932536,v1:172.21.15.150:6801/1242932536] conn(0x7fabf4039200 0x7fabf403b6c0 secure :-1 s=READY pgs=7 cs=0 l=1 rev1=1 crypto rx=0x7fabfc0098c0 tx=0x7fabfc006db0 comp rx=0 tx=0).ready entity=mgr.14150 client_cookie=0 server_cookie=0 in_seq=0 out_seq=0
2024-09-15T22:02:46.614 INFO:teuthology.orchestra.run.smithi150.stdout:/usr/bin/ceph: stderr
2024-09-15T22:02:45.674+0000 7fac0cc00640 1 -- 172.21.15.150:0/1100037467 <== mon.0 v2:172.21.15.150:3300/0 6 ==== mon_command_ack([{"prefix": "get_command_descriptions"}]=0 v0) ==== 72+0+188821 (secure 0 0 0) 0x7fac0004a200 con 0x7fac100816f0
2024-09-15T22:02:46.614 INFO:teuthology.orchestra.run.smithi150.stdout:/usr/bin/ceph: stderr
2024-09-15T22:02:45.861+0000 7fac17000640 1 -- 172.21.15.150:0/1100037467 --> [v2:172.21.15.150:6800/1242932536,v1:172.21.15.150:6801/1242932536] -- mgr_command(tid 0: {"prefix": "dashboard create-self-signed-cert", "target": ["mon-mgr", ""]}) -- 0x7fac1007e120 con 0x7fabf4039200
2024-09-15T22:02:46.614 INFO:teuthology.orchestra.run.smithi150.stdout:/usr/bin/ceph: stderr
2024-09-15T22:02:45.925+0000 7fac0cc00640 1 -- 172.21.15.150:0/1100037467 <== mgr.14150 v2:172.21.15.150:6800/1242932536 1 ==== mgr_command_reply(tid 0: 0 ) ==== 8+0+32 (secure 0 0 0) 0x7fac1007e120 con 0x7fabf4039200
2024-09-15T22:02:46.614 INFO:teuthology.orchestra.run.smithi150.stdout:/usr/bin/ceph: stderr
2024-09-15T22:02:45.927+0000 7fac17000640 1 -- 172.21.15.150:0/1100037467 >> [v2:172.21.15.150:6800/1242932536,v1:172.21.15.150:6801/1242932536] conn(0x7fabf4039200 msgr2=0x7fabf403b6c0 secure :-1 s=STATE_CONNECTION_ESTABLISHED l=1).mark_down
2024-09-15T22:02:46.614 INFO:teuthology.orchestra.run.smithi150.stdout:/usr/bin/ceph: stderr
2024-09-15T22:02:45.927+0000 7fac17000640 1 --2- 172.21.15.150:0/1100037467 >> [v2:172.21.15.150:6800/1242932536,v1:172.21.15.150:6801/1242932536] conn(0x7fabf4039200 0x7fabf403b6c0 secure :-1 s=READY pgs=7 cs=0 l=1 rev1=1 crypto rx=0x7fabfc0098c0 tx=0x7fabfc006db0 comp rx=0 tx=0).stop
2024-09-15T22:02:46.614 INFO:teuthology.orchestra.run.smithi150.stdout:/usr/bin/ceph: stderr
2024-09-15T22:02:45.927+0000 7fac17000640 1 -- 172.21.15.150:0/1100037467 >> [v2:172.21.15.150:3300/0,v1:172.21.15.150:6789/0] conn(0x7fac100816f0 msgr2=0x7fac101a1cc0 secure :-1 s=STATE_CONNECTION_ESTABLISHED l=1).mark_down
2024-09-15T22:02:46.614 INFO:teuthology.orchestra.run.smithi150.stdout:/usr/bin/ceph: stderr
2024-09-15T22:02:45.927+0000 7fac17000640 1 --2- 172.21.15.150:0/1100037467 >> [v2:172.21.15.150:3300/0,v1:172.21.15.150:6789/0] conn(0x7fac100816f0 0x7fac101a1cc0 secure :-1 s=READY pgs=69 cs=0 l=1 rev1=1 crypto rx=0x7fac000097f0 tx=0x7fac00030d40 comp rx=0 tx=0).stop
2024-09-15T22:02:46.614 INFO:teuthology.orchestra.run.smithi150.stdout:/usr/bin/ceph: stderr
2024-09-15T22:02:45.927+0000 7fac17000640 1 -- 172.21.15.150:0/1100037467 shutdown_connections
2024-09-15T22:02:46.615 INFO:teuthology.orchestra.run.smithi150.stdout:/usr/bin/ceph: stderr
2024-09-15T22:02:45.927+0000 7fac17000640 1 --2- 172.21.15.150:0/1100037467 >> [v2:172.21.15.150:6800/1242932536,v1:172.21.15.150:6801/1242932536] conn(0x7fabf4039200 0x7fabf403b6c0 unknown :-1 s=CLOSED pgs=7 cs=0 l=1 rev1=1 crypto rx=0 tx=0 comp rx=0 tx=0).stop
2024-09-15T22:02:46.615 INFO:teuthology.orchestra.run.smithi150.stdout:/usr/bin/ceph: stderr
2024-09-15T22:02:45.927+0000 7fac17000640 1 --2- 172.21.15.150:0/1100037467 >> [v2:172.21.15.150:3300/0,v1:172.21.15.150:6789/0] conn(0x7fac100816f0 0x7fac101a1cc0 unknown :-1 s=CLOSED pgs=69 cs=0 l=1 rev1=1 crypto rx=0 tx=0 comp rx=0 tx=0).stop
2024-09-15T22:02:46.615 INFO:teuthology.orchestra.run.smithi150.stdout:/usr/bin/ceph: stderr
2024-09-15T22:02:45.927+0000 7fac17000640 1 -- 172.21.15.150:0/1100037467 >> 172.21.15.150:0/1100037467 conn(0x7fac1007cea0 msgr2=0x7fac1007da10 unknown :-1 s=STATE_NONE l=0).mark_down
2024-09-15T22:02:46.615 INFO:teuthology.orchestra.run.smithi150.stdout:/usr/bin/ceph: stderr
2024-09-15T22:02:45.927+0000 7fac17000640 1 -- 172.21.15.150:0/1100037467 shutdown_connections
2024-09-15T22:02:46.615 INFO:teuthology.orchestra.run.smithi150.stdout:/usr/bin/ceph: stderr
2024-09-15T22:02:45.927+0000 7fac17000640 1 -- 172.21.15.150:0/1100037467 wait complete.
2024-09-15T22:02:46.615 INFO:teuthology.orchestra.run.smithi150.stdout:Creating initial admin user...
2024-09-15T22:02:47.177 INFO:journalctl@ceph.mon.a.smithi150.stdout:Sep 15 22:02:47 smithi150 ceph-mon[30886]: from='client.14162 -' entity='client.admin' cmd=[{"prefix": "dashboard create-self-signed-cert", "target": ["mon-mgr", ""]}]: dispatch
2024-09-15T22:02:47.177 INFO:journalctl@ceph.mon.a.smithi150.stdout:Sep 15 22:02:47 smithi150 ceph-mon[30886]: from='mgr.14150 172.21.15.150:0/4177760413' entity='mgr.x'
2024-09-15T22:02:48.880 INFO:journalctl@ceph.mon.a.smithi150.stdout:Sep 15 22:02:48 smithi150 ceph-mon[30886]: from='client.14164 -' entity='client.admin' cmd=[{"prefix": "dashboard ac-user-create", "username": "admin", "rolename": "administrator", "force_password": true, "pwd_update_required": true, "target": ["mon-mgr", ""]}]: dispatch
2024-09-15T22:02:48.880 INFO:journalctl@ceph.mon.a.smithi150.stdout:Sep 15 22:02:48 smithi150 ceph-mon[30886]: from='mgr.14150 172.21.15.150:0/4177760413' entity='mgr.x'
2024-09-15T22:02:48.891 INFO:teuthology.orchestra.run.smithi150.stdout:/usr/bin/ceph: stdout {"username": "admin", "password": "$2b$12$JR3VtlvATViG2LtSS3PtD.18sNm6yeCyFbSTp3CauitzSWhnJB9gy", "roles": ["administrator"], "name": null, "email": null, "lastUpdate": 1726437767, "enabled": true, "pwdExpirationDate": null, "pwdUpdateRequired": true}
2024-09-15T22:02:48.891 INFO:teuthology.orchestra.run.smithi150.stdout:/usr/bin/ceph: stderr
2024-09-15T22:02:47.139+0000 7f1b75a00640 1 Processor -- start
2024-09-15T22:02:48.891 INFO:teuthology.orchestra.run.smithi150.stdout:/usr/bin/ceph: stderr
2024-09-15T22:02:47.139+0000 7f1b75a00640 1 -- start start
2024-09-15T22:02:48.891 INFO:teuthology.orchestra.run.smithi150.stdout:/usr/bin/ceph: stderr
2024-09-15T22:02:47.139+0000 7f1b75a00640 1 --2- >> [v2:172.21.15.150:3300/0,v1:172.21.15.150:6789/0] conn(0x7f1b70109890 0x7f1b70109c90 unknown :-1 s=NONE pgs=0 cs=0 l=0 rev1=0 crypto rx=0 tx=0 comp rx=0 tx=0).connect
2024-09-15T22:02:48.891 INFO:teuthology.orchestra.run.smithi150.stdout:/usr/bin/ceph: stderr
2024-09-15T22:02:47.139+0000 7f1b75a00640 1 -- --> [v2:172.21.15.150:3300/0,v1:172.21.15.150:6789/0] -- mon_getmap magic: 0 -- 0x7f1b7010a260 con 0x7f1b70109890
2024-09-15T22:02:48.891 INFO:teuthology.orchestra.run.smithi150.stdout:/usr/bin/ceph: stderr
2024-09-15T22:02:47.140+0000 7f1b6ea00640 1 --2- >> [v2:172.21.15.150:3300/0,v1:172.21.15.150:6789/0] conn(0x7f1b70109890 0x7f1b70109c90 unknown :-1 s=BANNER_CONNECTING pgs=0 cs=0 l=0 rev1=0 crypto rx=0 tx=0 comp rx=0 tx=0)._handle_peer_banner_payload supported=3 required=0
2024-09-15T22:02:48.891 INFO:teuthology.orchestra.run.smithi150.stdout:/usr/bin/ceph: stderr
2024-09-15T22:02:47.140+0000 7f1b6ea00640 1 --2- >> [v2:172.21.15.150:3300/0,v1:172.21.15.150:6789/0] conn(0x7f1b70109890 0x7f1b70109c90 unknown :-1 s=HELLO_CONNECTING pgs=0 cs=0 l=0 rev1=1 crypto rx=0 tx=0 comp rx=0 tx=0).handle_hello peer v2:172.21.15.150:3300/0 says I am v2:172.21.15.150:50376/0 (socket says 172.21.15.150:50376)
2024-09-15T22:02:48.891 INFO:teuthology.orchestra.run.smithi150.stdout:/usr/bin/ceph: stderr
2024-09-15T22:02:47.140+0000 7f1b6ea00640 1 -- 172.21.15.150:0/550073696 learned_addr learned my addr 172.21.15.150:0/550073696 (peer_addr_for_me v2:172.21.15.150:0/0)
2024-09-15T22:02:48.891 INFO:teuthology.orchestra.run.smithi150.stdout:/usr/bin/ceph: stderr
2024-09-15T22:02:47.140+0000 7f1b6ea00640 1 -- 172.21.15.150:0/550073696 --> [v2:172.21.15.150:3300/0,v1:172.21.15.150:6789/0] -- mon_subscribe({config=0+,monmap=0+}) -- 0x7f1b7010aae0 con 0x7f1b70109890
2024-09-15T22:02:48.892 INFO:teuthology.orchestra.run.smithi150.stdout:/usr/bin/ceph: stderr
2024-09-15T22:02:47.141+0000 7f1b6ea00640 1 --2- 172.21.15.150:0/550073696 >> [v2:172.21.15.150:3300/0,v1:172.21.15.150:6789/0] conn(0x7f1b70109890 0x7f1b70109c90 secure :-1 s=READY pgs=70 cs=0 l=1 rev1=1 crypto rx=0x7f1b60009820 tx=0x7f1b6002a270 comp rx=0 tx=0).ready entity=mon.0 client_cookie=9a84e0d4a978669d server_cookie=0 in_seq=0 out_seq=0
2024-09-15T22:02:48.892 INFO:teuthology.orchestra.run.smithi150.stdout:/usr/bin/ceph: stderr
2024-09-15T22:02:47.141+0000 7f1b6e000640 1 -- 172.21.15.150:0/550073696 <== mon.0 v2:172.21.15.150:3300/0 1 ==== mon_map magic: 0 ==== 205+0+0 (secure 0 0 0) 0x7f1b60037070 con 0x7f1b70109890
2024-09-15T22:02:48.892 INFO:teuthology.orchestra.run.smithi150.stdout:/usr/bin/ceph: stderr
2024-09-15T22:02:47.141+0000 7f1b6e000640 1 -- 172.21.15.150:0/550073696 <== mon.0 v2:172.21.15.150:3300/0 2 ==== config(27 keys) ==== 1140+0+0 (secure 0 0 0) 0x7f1b60032920 con 0x7f1b70109890
2024-09-15T22:02:48.892 INFO:teuthology.orchestra.run.smithi150.stdout:/usr/bin/ceph: stderr
2024-09-15T22:02:47.141+0000 7f1b6e000640 1 -- 172.21.15.150:0/550073696 <== mon.0 v2:172.21.15.150:3300/0 3 ==== mon_map magic: 0 ==== 205+0+0 (secure 0 0 0) 0x7f1b60030810 con 0x7f1b70109890
2024-09-15T22:02:48.892 INFO:teuthology.orchestra.run.smithi150.stdout:/usr/bin/ceph: stderr
2024-09-15T22:02:47.142+0000 7f1b75a00640 1 -- 172.21.15.150:0/550073696 >> [v2:172.21.15.150:3300/0,v1:172.21.15.150:6789/0] conn(0x7f1b70109890 msgr2=0x7f1b70109c90 secure :-1 s=STATE_CONNECTION_ESTABLISHED l=1).mark_down
2024-09-15T22:02:48.892 INFO:teuthology.orchestra.run.smithi150.stdout:/usr/bin/ceph: stderr
2024-09-15T22:02:47.142+0000 7f1b75a00640 1 --2- 172.21.15.150:0/550073696 >> [v2:172.21.15.150:3300/0,v1:172.21.15.150:6789/0] conn(0x7f1b70109890 0x7f1b70109c90 secure :-1 s=READY pgs=70 cs=0 l=1 rev1=1 crypto rx=0x7f1b60009820 tx=0x7f1b6002a270 comp rx=0 tx=0).stop
2024-09-15T22:02:48.892 INFO:teuthology.orchestra.run.smithi150.stdout:/usr/bin/ceph: stderr
2024-09-15T22:02:47.142+0000 7f1b75a00640 1 -- 172.21.15.150:0/550073696 shutdown_connections
2024-09-15T22:02:48.892 INFO:teuthology.orchestra.run.smithi150.stdout:/usr/bin/ceph: stderr
2024-09-15T22:02:47.142+0000 7f1b75a00640 1 --2- 172.21.15.150:0/550073696 >> [v2:172.21.15.150:3300/0,v1:172.21.15.150:6789/0] conn(0x7f1b70109890 0x7f1b70109c90 unknown :-1 s=CLOSED pgs=70 cs=0 l=1 rev1=1 crypto rx=0 tx=0 comp rx=0 tx=0).stop
2024-09-15T22:02:48.892 INFO:teuthology.orchestra.run.smithi150.stdout:/usr/bin/ceph: stderr
2024-09-15T22:02:47.142+0000 7f1b75a00640 1 -- 172.21.15.150:0/550073696 >> 172.21.15.150:0/550073696 conn(0x7f1b7007cea0 msgr2=0x7f1b7007d2b0 unknown :-1 s=STATE_NONE l=0).mark_down
2024-09-15T22:02:48.892 INFO:teuthology.orchestra.run.smithi150.stdout:/usr/bin/ceph: stderr
2024-09-15T22:02:47.142+0000 7f1b75a00640 1 -- 172.21.15.150:0/550073696 shutdown_connections
2024-09-15T22:02:48.892 INFO:teuthology.orchestra.run.smithi150.stdout:/usr/bin/ceph: stderr
2024-09-15T22:02:47.142+0000 7f1b75a00640 1 -- 172.21.15.150:0/550073696 wait complete.
2024-09-15T22:02:48.892 INFO:teuthology.orchestra.run.smithi150.stdout:/usr/bin/ceph: stderr
2024-09-15T22:02:47.143+0000 7f1b75a00640 1 Processor -- start
2024-09-15T22:02:48.893 INFO:teuthology.orchestra.run.smithi150.stdout:/usr/bin/ceph: stderr
2024-09-15T22:02:47.143+0000 7f1b75a00640 1 -- start start
2024-09-15T22:02:48.893 INFO:teuthology.orchestra.run.smithi150.stdout:/usr/bin/ceph: stderr
2024-09-15T22:02:47.143+0000 7f1b75a00640 1 --2- >> [v2:172.21.15.150:3300/0,v1:172.21.15.150:6789/0] conn(0x7f1b70109890 0x7f1b7019d850 unknown :-1 s=NONE pgs=0 cs=0 l=1 rev1=0 crypto rx=0 tx=0 comp rx=0 tx=0).connect
2024-09-15T22:02:48.893 INFO:teuthology.orchestra.run.smithi150.stdout:/usr/bin/ceph: stderr
2024-09-15T22:02:47.143+0000 7f1b75a00640 1 -- --> [v2:172.21.15.150:3300/0,v1:172.21.15.150:6789/0] -- mon_getmap magic: 0 -- 0x7f1b7010de90 con 0x7f1b70109890
2024-09-15T22:02:48.893 INFO:teuthology.orchestra.run.smithi150.stdout:/usr/bin/ceph: stderr
2024-09-15T22:02:47.144+0000 7f1b6ea00640 1 --2- >> [v2:172.21.15.150:3300/0,v1:172.21.15.150:6789/0] conn(0x7f1b70109890 0x7f1b7019d850 unknown :-1 s=BANNER_CONNECTING pgs=0 cs=0 l=1 rev1=0 crypto rx=0 tx=0 comp rx=0 tx=0)._handle_peer_banner_payload supported=3 required=0
2024-09-15T22:02:48.893 INFO:teuthology.orchestra.run.smithi150.stdout:/usr/bin/ceph: stderr
2024-09-15T22:02:47.144+0000 7f1b6ea00640 1 --2- >> [v2:172.21.15.150:3300/0,v1:172.21.15.150:6789/0] conn(0x7f1b70109890 0x7f1b7019d850 unknown :-1 s=HELLO_CONNECTING pgs=0 cs=0 l=1 rev1=1 crypto rx=0 tx=0 comp rx=0 tx=0).handle_hello peer v2:172.21.15.150:3300/0 says I am v2:172.21.15.150:50382/0 (socket says 172.21.15.150:50382)
2024-09-15T22:02:48.893 INFO:teuthology.orchestra.run.smithi150.stdout:/usr/bin/ceph: stderr
2024-09-15T22:02:47.144+0000 7f1b6ea00640 1 -- 172.21.15.150:0/3738853952 learned_addr learned my addr 172.21.15.150:0/3738853952 (peer_addr_for_me v2:172.21.15.150:0/0)
2024-09-15T22:02:48.893 INFO:teuthology.orchestra.run.smithi150.stdout:/usr/bin/ceph: stderr
2024-09-15T22:02:47.144+0000 7f1b6ea00640 1 -- 172.21.15.150:0/3738853952 --> [v2:172.21.15.150:3300/0,v1:172.21.15.150:6789/0] -- mon_subscribe({config=0+,monmap=0+}) -- 0x7f1b7019dd90 con 0x7f1b70109890
2024-09-15T22:02:48.893 INFO:teuthology.orchestra.run.smithi150.stdout:/usr/bin/ceph: stderr
2024-09-15T22:02:47.144+0000 7f1b6ea00640 1 --2- 172.21.15.150:0/3738853952 >> [v2:172.21.15.150:3300/0,v1:172.21.15.150:6789/0] conn(0x7f1b70109890 0x7f1b7019d850 secure :-1 s=READY pgs=71 cs=0 l=1 rev1=1 crypto rx=0x7f1b60030380 tx=0x7f1b60032670 comp rx=0 tx=0).ready entity=mon.0 client_cookie=0 server_cookie=0 in_seq=0 out_seq=0
2024-09-15T22:02:48.893 INFO:teuthology.orchestra.run.smithi150.stdout:/usr/bin/ceph: stderr
2024-09-15T22:02:47.144+0000 7f1b67400640 1 -- 172.21.15.150:0/3738853952 <== mon.0 v2:172.21.15.150:3300/0 1 ==== mon_map magic: 0 ==== 205+0+0 (secure 0 0 0) 0x7f1b60037040 con 0x7f1b70109890
2024-09-15T22:02:48.893 INFO:teuthology.orchestra.run.smithi150.stdout:/usr/bin/ceph: stderr
2024-09-15T22:02:47.144+0000 7f1b67400640 1 -- 172.21.15.150:0/3738853952 <== mon.0 v2:172.21.15.150:3300/0 2 ==== config(27 keys) ==== 1140+0+0 (secure 0 0 0) 0x7f1b60040070 con 0x7f1b70109890
2024-09-15T22:02:48.893 INFO:teuthology.orchestra.run.smithi150.stdout:/usr/bin/ceph: stderr
2024-09-15T22:02:47.144+0000 7f1b75a00640 1 -- 172.21.15.150:0/3738853952 --> [v2:172.21.15.150:3300/0,v1:172.21.15.150:6789/0] -- mon_subscribe({mgrmap=0+}) -- 0x7f1b7019e020 con 0x7f1b70109890
2024-09-15T22:02:48.893 INFO:teuthology.orchestra.run.smithi150.stdout:/usr/bin/ceph: stderr
2024-09-15T22:02:47.144+0000 7f1b67400640 1 -- 172.21.15.150:0/3738853952 <== mon.0 v2:172.21.15.150:3300/0 3 ==== mon_map magic: 0 ==== 205+0+0 (secure 0 0 0) 0x7f1b6003a7b0 con 0x7f1b70109890
2024-09-15T22:02:48.893 INFO:teuthology.orchestra.run.smithi150.stdout:/usr/bin/ceph: stderr
2024-09-15T22:02:47.145+0000 7f1b75a00640 1 -- 172.21.15.150:0/3738853952 --> [v2:172.21.15.150:3300/0,v1:172.21.15.150:6789/0] -- mon_subscribe({osdmap=0}) -- 0x7f1b701a0d10 con 0x7f1b70109890
2024-09-15T22:02:48.894 INFO:teuthology.orchestra.run.smithi150.stdout:/usr/bin/ceph: stderr
2024-09-15T22:02:47.146+0000 7f1b67400640 1 -- 172.21.15.150:0/3738853952 <== mon.0 v2:172.21.15.150:3300/0 4 ==== mgrmap(e 12) ==== 46474+0+0 (secure 0 0 0) 0x7f1b6003b420 con 0x7f1b70109890
2024-09-15T22:02:48.894 INFO:teuthology.orchestra.run.smithi150.stdout:/usr/bin/ceph: stderr
2024-09-15T22:02:47.146+0000 7f1b75a00640 1 -- 172.21.15.150:0/3738853952 --> [v2:172.21.15.150:3300/0,v1:172.21.15.150:6789/0] -- mon_command({"prefix": "get_command_descriptions"} v 0) -- 0x7f1b70109d10 con 0x7f1b70109890
2024-09-15T22:02:48.894 INFO:teuthology.orchestra.run.smithi150.stdout:/usr/bin/ceph: stderr
2024-09-15T22:02:47.146+0000 7f1b67400640 1 --2- 172.21.15.150:0/3738853952 >> [v2:172.21.15.150:6800/1242932536,v1:172.21.15.150:6801/1242932536] conn(0x7f1b54039200 0x7f1b5403b6c0 unknown :-1 s=NONE pgs=0 cs=0 l=1 rev1=0 crypto rx=0 tx=0 comp rx=0 tx=0).connect
2024-09-15T22:02:48.894 INFO:teuthology.orchestra.run.smithi150.stdout:/usr/bin/ceph: stderr
