2024-09-15T22:06:27.704+0000 7f8266ffd640 1 -- 172.21.15.38:0/1225448551 <== mon.0 v2:172.21.15.38:3300/0 3 ==== mon_map magic: 0 ==== 205+0+0 (secure 0 0 0) 0x7f826c037040 con 0x7f82701098a0
2024-09-15T22:06:29.022 INFO:teuthology.orchestra.run.smithi038.stdout:/usr/bin/ceph: stderr
2024-09-15T22:06:27.704+0000 7f8277ee5640 1 -- 172.21.15.38:0/1225448551 --> [v2:172.21.15.38:3300/0,v1:172.21.15.38:6789/0] -- mon_subscribe({osdmap=0}) -- 0x7f82701a0b90 con 0x7f82701098a0
2024-09-15T22:06:29.022 INFO:teuthology.orchestra.run.smithi038.stdout:/usr/bin/ceph: stderr
2024-09-15T22:06:27.705+0000 7f8266ffd640 1 -- 172.21.15.38:0/1225448551 <== mon.0 v2:172.21.15.38:3300/0 4 ==== mgrmap(e 8) ==== 46461+0+0 (secure 0 0 0) 0x7f826c045070 con 0x7f82701098a0
2024-09-15T22:06:29.022 INFO:teuthology.orchestra.run.smithi038.stdout:/usr/bin/ceph: stderr
2024-09-15T22:06:27.705+0000 7f8277ee5640 1 -- 172.21.15.38:0/1225448551 --> [v2:172.21.15.38:3300/0,v1:172.21.15.38:6789/0] -- mon_command({"prefix": "get_command_descriptions"} v 0) -- 0x7f827010de40 con 0x7f82701098a0
2024-09-15T22:06:29.022 INFO:teuthology.orchestra.run.smithi038.stdout:/usr/bin/ceph: stderr
2024-09-15T22:06:27.705+0000 7f8266ffd640 1 --2- 172.21.15.38:0/1225448551 >> [v2:172.21.15.38:6800/1764295049,v1:172.21.15.38:6801/1764295049] conn(0x7f825c0391b0 0x7f825c03b670 unknown :-1 s=NONE pgs=0 cs=0 l=1 rev1=0 crypto rx=0 tx=0 comp rx=0 tx=0).connect
2024-09-15T22:06:29.022 INFO:teuthology.orchestra.run.smithi038.stdout:/usr/bin/ceph: stderr
2024-09-15T22:06:27.705+0000 7f8266ffd640 1 -- 172.21.15.38:0/1225448551 <== mon.0 v2:172.21.15.38:3300/0 5 ==== osd_map(2..2 src has 1..2) ==== 940+0+0 (secure 0 0 0) 0x7f826c06c350 con 0x7f82701098a0
2024-09-15T22:06:29.023 INFO:teuthology.orchestra.run.smithi038.stdout:/usr/bin/ceph: stderr
2024-09-15T22:06:27.705+0000 7f8275480640 1 --2- 172.21.15.38:0/1225448551 >> [v2:172.21.15.38:6800/1764295049,v1:172.21.15.38:6801/1764295049] conn(0x7f825c0391b0 0x7f825c03b670 unknown :-1 s=BANNER_CONNECTING pgs=0 cs=0 l=1 rev1=0 crypto rx=0 tx=0 comp rx=0 tx=0)._handle_peer_banner_payload supported=3 required=0
2024-09-15T22:06:29.023 INFO:teuthology.orchestra.run.smithi038.stdout:/usr/bin/ceph: stderr
2024-09-15T22:06:27.706+0000 7f8275480640 1 --2- 172.21.15.38:0/1225448551 >> [v2:172.21.15.38:6800/1764295049,v1:172.21.15.38:6801/1764295049] conn(0x7f825c0391b0 0x7f825c03b670 secure :-1 s=READY pgs=14 cs=0 l=1 rev1=1 crypto rx=0x7f82600098c0 tx=0x7f8260006db0 comp rx=0 tx=0).ready entity=mgr.14118 client_cookie=0 server_cookie=0 in_seq=0 out_seq=0
2024-09-15T22:06:29.023 INFO:teuthology.orchestra.run.smithi038.stdout:/usr/bin/ceph: stderr
2024-09-15T22:06:27.710+0000 7f8266ffd640 1 -- 172.21.15.38:0/1225448551 <== mon.0 v2:172.21.15.38:3300/0 6 ==== mon_command_ack([{"prefix": "get_command_descriptions"}]=0 v0) ==== 72+0+188821 (secure 0 0 0) 0x7f826c03c6b0 con 0x7f82701098a0
2024-09-15T22:06:29.023 INFO:teuthology.orchestra.run.smithi038.stdout:/usr/bin/ceph: stderr
2024-09-15T22:06:27.900+0000 7f8277ee5640 1 -- 172.21.15.38:0/1225448551 --> [v2:172.21.15.38:6800/1764295049,v1:172.21.15.38:6801/1764295049] -- mgr_command(tid 0: {"prefix": "orch apply", "service_type": "mgr", "unmanaged": true, "target": ["mon-mgr", ""]}) -- 0x7f8270107c50 con 0x7f825c0391b0
2024-09-15T22:06:29.023 INFO:teuthology.orchestra.run.smithi038.stdout:/usr/bin/ceph: stderr
2024-09-15T22:06:27.909+0000 7f8266ffd640 1 -- 172.21.15.38:0/1225448551 <== mgr.14118 v2:172.21.15.38:6800/1764295049 1 ==== mgr_command_reply(tid 0: 0 ) ==== 8+0+24 (secure 0 0 0) 0x7f8270107c50 con 0x7f825c0391b0
2024-09-15T22:06:29.023 INFO:teuthology.orchestra.run.smithi038.stdout:/usr/bin/ceph: stderr
2024-09-15T22:06:27.911+0000 7f8277ee5640 1 -- 172.21.15.38:0/1225448551 >> [v2:172.21.15.38:6800/1764295049,v1:172.21.15.38:6801/1764295049] conn(0x7f825c0391b0 msgr2=0x7f825c03b670 secure :-1 s=STATE_CONNECTION_ESTABLISHED l=1).mark_down
2024-09-15T22:06:29.023 INFO:teuthology.orchestra.run.smithi038.stdout:/usr/bin/ceph: stderr
2024-09-15T22:06:27.911+0000 7f8277ee5640 1 --2- 172.21.15.38:0/1225448551 >> [v2:172.21.15.38:6800/1764295049,v1:172.21.15.38:6801/1764295049] conn(0x7f825c0391b0 0x7f825c03b670 secure :-1 s=READY pgs=14 cs=0 l=1 rev1=1 crypto rx=0x7f82600098c0 tx=0x7f8260006db0 comp rx=0 tx=0).stop
2024-09-15T22:06:29.023 INFO:teuthology.orchestra.run.smithi038.stdout:/usr/bin/ceph: stderr
2024-09-15T22:06:27.911+0000 7f8277ee5640 1 -- 172.21.15.38:0/1225448551 >> [v2:172.21.15.38:3300/0,v1:172.21.15.38:6789/0] conn(0x7f82701098a0 msgr2=0x7f827019d6d0 secure :-1 s=STATE_CONNECTION_ESTABLISHED l=1).mark_down
2024-09-15T22:06:29.023 INFO:teuthology.orchestra.run.smithi038.stdout:/usr/bin/ceph: stderr
2024-09-15T22:06:27.911+0000 7f8277ee5640 1 --2- 172.21.15.38:0/1225448551 >> [v2:172.21.15.38:3300/0,v1:172.21.15.38:6789/0] conn(0x7f82701098a0 0x7f827019d6d0 secure :-1 s=READY pgs=48 cs=0 l=1 rev1=1 crypto rx=0x7f826c009940 tx=0x7f826c032e10 comp rx=0 tx=0).stop
2024-09-15T22:06:29.023 INFO:teuthology.orchestra.run.smithi038.stdout:/usr/bin/ceph: stderr
2024-09-15T22:06:27.911+0000 7f8277ee5640 1 -- 172.21.15.38:0/1225448551 shutdown_connections
2024-09-15T22:06:29.023 INFO:teuthology.orchestra.run.smithi038.stdout:/usr/bin/ceph: stderr
2024-09-15T22:06:27.911+0000 7f8277ee5640 1 --2- 172.21.15.38:0/1225448551 >> [v2:172.21.15.38:6800/1764295049,v1:172.21.15.38:6801/1764295049] conn(0x7f825c0391b0 0x7f825c03b670 unknown :-1 s=CLOSED pgs=14 cs=0 l=1 rev1=1 crypto rx=0 tx=0 comp rx=0 tx=0).stop
2024-09-15T22:06:29.023 INFO:teuthology.orchestra.run.smithi038.stdout:/usr/bin/ceph: stderr
2024-09-15T22:06:27.911+0000 7f8277ee5640 1 --2- 172.21.15.38:0/1225448551 >> [v2:172.21.15.38:3300/0,v1:172.21.15.38:6789/0] conn(0x7f82701098a0 0x7f827019d6d0 unknown :-1 s=CLOSED pgs=48 cs=0 l=1 rev1=1 crypto rx=0 tx=0 comp rx=0 tx=0).stop
2024-09-15T22:06:29.023 INFO:teuthology.orchestra.run.smithi038.stdout:/usr/bin/ceph: stderr
2024-09-15T22:06:27.911+0000 7f8277ee5640 1 -- 172.21.15.38:0/1225448551 >> 172.21.15.38:0/1225448551 conn(0x7f827007ccd0 msgr2=0x7f8270107540 unknown :-1 s=STATE_NONE l=0).mark_down
2024-09-15T22:06:29.024 INFO:teuthology.orchestra.run.smithi038.stdout:/usr/bin/ceph: stderr
2024-09-15T22:06:27.911+0000 7f8277ee5640 1 -- 172.21.15.38:0/1225448551 shutdown_connections
2024-09-15T22:06:29.024 INFO:teuthology.orchestra.run.smithi038.stdout:/usr/bin/ceph: stderr
2024-09-15T22:06:27.911+0000 7f8277ee5640 1 -- 172.21.15.38:0/1225448551 wait complete.
2024-09-15T22:06:29.138 INFO:journalctl@ceph.mon.a.smithi038.stdout:Sep 15 22:06:28 smithi038 ceph-mon[31208]: from='client.14142 -' entity='client.admin' cmd=[{"prefix": "orch apply", "service_type": "mgr", "unmanaged": true, "target": ["mon-mgr", ""]}]: dispatch
2024-09-15T22:06:29.138 INFO:journalctl@ceph.mon.a.smithi038.stdout:Sep 15 22:06:28 smithi038 ceph-mon[31208]: Saving service mgr spec with placement count:2
2024-09-15T22:06:29.139 INFO:journalctl@ceph.mon.a.smithi038.stdout:Sep 15 22:06:28 smithi038 ceph-mon[31208]: from='mgr.14118 172.21.15.38:0/517992711' entity='mgr.x'
2024-09-15T22:06:29.139 INFO:journalctl@ceph.mon.a.smithi038.stdout:Sep 15 22:06:28 smithi038 ceph-mon[31208]: from='mgr.14118 172.21.15.38:0/517992711' entity='mgr.x'
2024-09-15T22:06:30.260 INFO:teuthology.orchestra.run.smithi038.stdout:/usr/bin/ceph: stderr
2024-09-15T22:06:29.450+0000 7f4a0efc2640 1 Processor -- start
2024-09-15T22:06:30.260 INFO:teuthology.orchestra.run.smithi038.stdout:/usr/bin/ceph: stderr
2024-09-15T22:06:29.451+0000 7f4a0efc2640 1 -- start start
2024-09-15T22:06:30.261 INFO:teuthology.orchestra.run.smithi038.stdout:/usr/bin/ceph: stderr
2024-09-15T22:06:29.451+0000 7f4a0efc2640 1 --2- >> [v2:172.21.15.38:3300/0,v1:172.21.15.38:6789/0] conn(0x7f4a08107520 0x7f4a08107920 unknown :-1 s=NONE pgs=0 cs=0 l=0 rev1=0 crypto rx=0 tx=0 comp rx=0 tx=0).connect
2024-09-15T22:06:30.261 INFO:teuthology.orchestra.run.smithi038.stdout:/usr/bin/ceph: stderr
2024-09-15T22:06:29.451+0000 7f4a0efc2640 1 -- --> [v2:172.21.15.38:3300/0,v1:172.21.15.38:6789/0] -- mon_getmap magic: 0 -- 0x7f4a08107ef0 con 0x7f4a08107520
2024-09-15T22:06:30.261 INFO:teuthology.orchestra.run.smithi038.stdout:/usr/bin/ceph: stderr
2024-09-15T22:06:29.451+0000 7f4a0cd5e640 1 --2- >> [v2:172.21.15.38:3300/0,v1:172.21.15.38:6789/0] conn(0x7f4a08107520 0x7f4a08107920 unknown :-1 s=BANNER_CONNECTING pgs=0 cs=0 l=0 rev1=0 crypto rx=0 tx=0 comp rx=0 tx=0)._handle_peer_banner_payload supported=3 required=0
2024-09-15T22:06:30.261 INFO:teuthology.orchestra.run.smithi038.stdout:/usr/bin/ceph: stderr
2024-09-15T22:06:29.451+0000 7f4a0cd5e640 1 --2- >> [v2:172.21.15.38:3300/0,v1:172.21.15.38:6789/0] conn(0x7f4a08107520 0x7f4a08107920 unknown :-1 s=HELLO_CONNECTING pgs=0 cs=0 l=0 rev1=1 crypto rx=0 tx=0 comp rx=0 tx=0).handle_hello peer v2:172.21.15.38:3300/0 says I am v2:172.21.15.38:40386/0 (socket says 172.21.15.38:40386)
2024-09-15T22:06:30.261 INFO:teuthology.orchestra.run.smithi038.stdout:/usr/bin/ceph: stderr
2024-09-15T22:06:29.451+0000 7f4a0cd5e640 1 -- 172.21.15.38:0/2182865172 learned_addr learned my addr 172.21.15.38:0/2182865172 (peer_addr_for_me v2:172.21.15.38:0/0)
2024-09-15T22:06:30.261 INFO:teuthology.orchestra.run.smithi038.stdout:/usr/bin/ceph: stderr
2024-09-15T22:06:29.451+0000 7f4a0cd5e640 1 -- 172.21.15.38:0/2182865172 --> [v2:172.21.15.38:3300/0,v1:172.21.15.38:6789/0] -- mon_subscribe({config=0+,monmap=0+}) -- 0x7f4a08108720 con 0x7f4a08107520
2024-09-15T22:06:30.261 INFO:teuthology.orchestra.run.smithi038.stdout:/usr/bin/ceph: stderr
2024-09-15T22:06:29.452+0000 7f4a0cd5e640 1 --2- 172.21.15.38:0/2182865172 >> [v2:172.21.15.38:3300/0,v1:172.21.15.38:6789/0] conn(0x7f4a08107520 0x7f4a08107920 secure :-1 s=READY pgs=49 cs=0 l=1 rev1=1 crypto rx=0x7f49fc009820 tx=0x7f49fc02a270 comp rx=0 tx=0).ready entity=mon.0 client_cookie=3ec76ef6336efa73 server_cookie=0 in_seq=0 out_seq=0
2024-09-15T22:06:30.261 INFO:teuthology.orchestra.run.smithi038.stdout:/usr/bin/ceph: stderr
2024-09-15T22:06:29.452+0000 7f4a077fe640 1 -- 172.21.15.38:0/2182865172 <== mon.0 v2:172.21.15.38:3300/0 1 ==== mon_map magic: 0 ==== 205+0+0 (secure 0 0 0) 0x7f49fc037070 con 0x7f4a08107520
2024-09-15T22:06:30.261 INFO:teuthology.orchestra.run.smithi038.stdout:/usr/bin/ceph: stderr
2024-09-15T22:06:29.452+0000 7f4a077fe640 1 -- 172.21.15.38:0/2182865172 <== mon.0 v2:172.21.15.38:3300/0 2 ==== config(26 keys) ==== 1102+0+0 (secure 0 0 0) 0x7f49fc0328f0 con 0x7f4a08107520
2024-09-15T22:06:30.261 INFO:teuthology.orchestra.run.smithi038.stdout:/usr/bin/ceph: stderr
2024-09-15T22:06:29.452+0000 7f4a077fe640 1 -- 172.21.15.38:0/2182865172 <== mon.0 v2:172.21.15.38:3300/0 3 ==== mon_map magic: 0 ==== 205+0+0 (secure 0 0 0) 0x7f49fc030740 con 0x7f4a08107520
2024-09-15T22:06:30.261 INFO:teuthology.orchestra.run.smithi038.stdout:/usr/bin/ceph: stderr
2024-09-15T22:06:29.453+0000 7f4a0efc2640 1 -- 172.21.15.38:0/2182865172 >> [v2:172.21.15.38:3300/0,v1:172.21.15.38:6789/0] conn(0x7f4a08107520 msgr2=0x7f4a08107920 secure :-1 s=STATE_CONNECTION_ESTABLISHED l=1).mark_down
2024-09-15T22:06:30.261 INFO:teuthology.orchestra.run.smithi038.stdout:/usr/bin/ceph: stderr
2024-09-15T22:06:29.453+0000 7f4a0efc2640 1 --2- 172.21.15.38:0/2182865172 >> [v2:172.21.15.38:3300/0,v1:172.21.15.38:6789/0] conn(0x7f4a08107520 0x7f4a08107920 secure :-1 s=READY pgs=49 cs=0 l=1 rev1=1 crypto rx=0x7f49fc009820 tx=0x7f49fc02a270 comp rx=0 tx=0).stop
2024-09-15T22:06:30.262 INFO:teuthology.orchestra.run.smithi038.stdout:/usr/bin/ceph: stderr
2024-09-15T22:06:29.453+0000 7f4a0efc2640 1 -- 172.21.15.38:0/2182865172 shutdown_connections
2024-09-15T22:06:30.262 INFO:teuthology.orchestra.run.smithi038.stdout:/usr/bin/ceph: stderr
2024-09-15T22:06:29.453+0000 7f4a0efc2640 1 --2- 172.21.15.38:0/2182865172 >> [v2:172.21.15.38:3300/0,v1:172.21.15.38:6789/0] conn(0x7f4a08107520 0x7f4a08107920 unknown :-1 s=CLOSED pgs=49 cs=0 l=1 rev1=1 crypto rx=0 tx=0 comp rx=0 tx=0).stop
2024-09-15T22:06:30.262 INFO:teuthology.orchestra.run.smithi038.stdout:/usr/bin/ceph: stderr
2024-09-15T22:06:29.453+0000 7f4a0efc2640 1 -- 172.21.15.38:0/2182865172 >> 172.21.15.38:0/2182865172 conn(0x7f4a08102d10 msgr2=0x7f4a08105130 unknown :-1 s=STATE_NONE l=0).mark_down
2024-09-15T22:06:30.262 INFO:teuthology.orchestra.run.smithi038.stdout:/usr/bin/ceph: stderr
2024-09-15T22:06:29.453+0000 7f4a0efc2640 1 -- 172.21.15.38:0/2182865172 shutdown_connections
2024-09-15T22:06:30.262 INFO:teuthology.orchestra.run.smithi038.stdout:/usr/bin/ceph: stderr
2024-09-15T22:06:29.453+0000 7f4a0efc2640 1 -- 172.21.15.38:0/2182865172 wait complete.
2024-09-15T22:06:30.262 INFO:teuthology.orchestra.run.smithi038.stdout:/usr/bin/ceph: stderr
2024-09-15T22:06:29.454+0000 7f4a0efc2640 1 Processor -- start
2024-09-15T22:06:30.262 INFO:teuthology.orchestra.run.smithi038.stdout:/usr/bin/ceph: stderr
2024-09-15T22:06:29.454+0000 7f4a0efc2640 1 -- start start
2024-09-15T22:06:30.262 INFO:teuthology.orchestra.run.smithi038.stdout:/usr/bin/ceph: stderr
2024-09-15T22:06:29.454+0000 7f4a0efc2640 1 --2- >> [v2:172.21.15.38:3300/0,v1:172.21.15.38:6789/0] conn(0x7f4a08107520 0x7f4a0819b550 unknown :-1 s=NONE pgs=0 cs=0 l=1 rev1=0 crypto rx=0 tx=0 comp rx=0 tx=0).connect
2024-09-15T22:06:30.262 INFO:teuthology.orchestra.run.smithi038.stdout:/usr/bin/ceph: stderr
2024-09-15T22:06:29.454+0000 7f4a0efc2640 1 -- --> [v2:172.21.15.38:3300/0,v1:172.21.15.38:6789/0] -- mon_getmap magic: 0 -- 0x7f4a0810bad0 con 0x7f4a08107520
2024-09-15T22:06:30.262 INFO:teuthology.orchestra.run.smithi038.stdout:/usr/bin/ceph: stderr
2024-09-15T22:06:29.454+0000 7f4a0cd5e640 1 --2- >> [v2:172.21.15.38:3300/0,v1:172.21.15.38:6789/0] conn(0x7f4a08107520 0x7f4a0819b550 unknown :-1 s=BANNER_CONNECTING pgs=0 cs=0 l=1 rev1=0 crypto rx=0 tx=0 comp rx=0 tx=0)._handle_peer_banner_payload supported=3 required=0
2024-09-15T22:06:30.262 INFO:teuthology.orchestra.run.smithi038.stdout:/usr/bin/ceph: stderr
2024-09-15T22:06:29.454+0000 7f4a0cd5e640 1 --2- >> [v2:172.21.15.38:3300/0,v1:172.21.15.38:6789/0] conn(0x7f4a08107520 0x7f4a0819b550 unknown :-1 s=HELLO_CONNECTING pgs=0 cs=0 l=1 rev1=1 crypto rx=0 tx=0 comp rx=0 tx=0).handle_hello peer v2:172.21.15.38:3300/0 says I am v2:172.21.15.38:40400/0 (socket says 172.21.15.38:40400)
2024-09-15T22:06:30.262 INFO:teuthology.orchestra.run.smithi038.stdout:/usr/bin/ceph: stderr
2024-09-15T22:06:29.454+0000 7f4a0cd5e640 1 -- 172.21.15.38:0/613574908 learned_addr learned my addr 172.21.15.38:0/613574908 (peer_addr_for_me v2:172.21.15.38:0/0)
2024-09-15T22:06:30.262 INFO:teuthology.orchestra.run.smithi038.stdout:/usr/bin/ceph: stderr
2024-09-15T22:06:29.454+0000 7f4a0cd5e640 1 -- 172.21.15.38:0/613574908 --> [v2:172.21.15.38:3300/0,v1:172.21.15.38:6789/0] -- mon_subscribe({config=0+,monmap=0+}) -- 0x7f4a0819ba90 con 0x7f4a08107520
2024-09-15T22:06:30.263 INFO:teuthology.orchestra.run.smithi038.stdout:/usr/bin/ceph: stderr
2024-09-15T22:06:29.454+0000 7f4a0cd5e640 1 --2- 172.21.15.38:0/613574908 >> [v2:172.21.15.38:3300/0,v1:172.21.15.38:6789/0] conn(0x7f4a08107520 0x7f4a0819b550 secure :-1 s=READY pgs=50 cs=0 l=1 rev1=1 crypto rx=0x7f49fc0097f0 tx=0x7f49fc030c70 comp rx=0 tx=0).ready entity=mon.0 client_cookie=0 server_cookie=0 in_seq=0 out_seq=0
2024-09-15T22:06:30.263 INFO:teuthology.orchestra.run.smithi038.stdout:/usr/bin/ceph: stderr
2024-09-15T22:06:29.454+0000 7f4a05ffb640 1 -- 172.21.15.38:0/613574908 <== mon.0 v2:172.21.15.38:3300/0 1 ==== mon_map magic: 0 ==== 205+0+0 (secure 0 0 0) 0x7f49fc042070 con 0x7f4a08107520
2024-09-15T22:06:30.263 INFO:teuthology.orchestra.run.smithi038.stdout:/usr/bin/ceph: stderr
2024-09-15T22:06:29.454+0000 7f4a05ffb640 1 -- 172.21.15.38:0/613574908 <== mon.0 v2:172.21.15.38:3300/0 2 ==== config(26 keys) ==== 1102+0+0 (secure 0 0 0) 0x7f49fc030d80 con 0x7f4a08107520
2024-09-15T22:06:30.263 INFO:teuthology.orchestra.run.smithi038.stdout:/usr/bin/ceph: stderr
2024-09-15T22:06:29.454+0000 7f4a0efc2640 1 -- 172.21.15.38:0/613574908 --> [v2:172.21.15.38:3300/0,v1:172.21.15.38:6789/0] -- mon_subscribe({mgrmap=0+}) -- 0x7f4a0819bd20 con 0x7f4a08107520
2024-09-15T22:06:30.263 INFO:teuthology.orchestra.run.smithi038.stdout:/usr/bin/ceph: stderr
2024-09-15T22:06:29.454+0000 7f4a05ffb640 1 -- 172.21.15.38:0/613574908 <== mon.0 v2:172.21.15.38:3300/0 3 ==== mon_map magic: 0 ==== 205+0+0 (secure 0 0 0) 0x7f49fc037040 con 0x7f4a08107520
2024-09-15T22:06:30.263 INFO:teuthology.orchestra.run.smithi038.stdout:/usr/bin/ceph: stderr
2024-09-15T22:06:29.455+0000 7f4a0efc2640 1 -- 172.21.15.38:0/613574908 --> [v2:172.21.15.38:3300/0,v1:172.21.15.38:6789/0] -- mon_subscribe({osdmap=0}) -- 0x7f4a0819ea10 con 0x7f4a08107520
2024-09-15T22:06:30.263 INFO:teuthology.orchestra.run.smithi038.stdout:/usr/bin/ceph: stderr
2024-09-15T22:06:29.456+0000 7f4a05ffb640 1 -- 172.21.15.38:0/613574908 <== mon.0 v2:172.21.15.38:3300/0 4 ==== mgrmap(e 8) ==== 46461+0+0 (secure 0 0 0) 0x7f49fc045070 con 0x7f4a08107520
2024-09-15T22:06:30.263 INFO:teuthology.orchestra.run.smithi038.stdout:/usr/bin/ceph: stderr
2024-09-15T22:06:29.456+0000 7f4a0efc2640 1 -- 172.21.15.38:0/613574908 --> [v2:172.21.15.38:3300/0,v1:172.21.15.38:6789/0] -- mon_command({"prefix": "get_command_descriptions"} v 0) -- 0x7f4a0810bc50 con 0x7f4a08107520
2024-09-15T22:06:30.263 INFO:teuthology.orchestra.run.smithi038.stdout:/usr/bin/ceph: stderr
2024-09-15T22:06:29.456+0000 7f4a05ffb640 1 --2- 172.21.15.38:0/613574908 >> [v2:172.21.15.38:6800/1764295049,v1:172.21.15.38:6801/1764295049] conn(0x7f49f8039200 0x7f49f803b6c0 unknown :-1 s=NONE pgs=0 cs=0 l=1 rev1=0 crypto rx=0 tx=0 comp rx=0 tx=0).connect
2024-09-15T22:06:30.263 INFO:teuthology.orchestra.run.smithi038.stdout:/usr/bin/ceph: stderr
2024-09-15T22:06:29.456+0000 7f4a05ffb640 1 -- 172.21.15.38:0/613574908 <== mon.0 v2:172.21.15.38:3300/0 5 ==== osd_map(2..2 src has 1..2) ==== 940+0+0 (secure 0 0 0) 0x7f49fc06c470 con 0x7f4a08107520
2024-09-15T22:06:30.263 INFO:teuthology.orchestra.run.smithi038.stdout:/usr/bin/ceph: stderr
2024-09-15T22:06:29.456+0000 7f4a07fff640 1 --2- 172.21.15.38:0/613574908 >> [v2:172.21.15.38:6800/1764295049,v1:172.21.15.38:6801/1764295049] conn(0x7f49f8039200 0x7f49f803b6c0 unknown :-1 s=BANNER_CONNECTING pgs=0 cs=0 l=1 rev1=0 crypto rx=0 tx=0 comp rx=0 tx=0)._handle_peer_banner_payload supported=3 required=0
2024-09-15T22:06:30.263 INFO:teuthology.orchestra.run.smithi038.stdout:/usr/bin/ceph: stderr
2024-09-15T22:06:29.457+0000 7f4a07fff640 1 --2- 172.21.15.38:0/613574908 >> [v2:172.21.15.38:6800/1764295049,v1:172.21.15.38:6801/1764295049] conn(0x7f49f8039200 0x7f49f803b6c0 secure :-1 s=READY pgs=15 cs=0 l=1 rev1=1 crypto rx=0x7f49f40098c0 tx=0x7f49f4006db0 comp rx=0 tx=0).ready entity=mgr.14118 client_cookie=0 server_cookie=0 in_seq=0 out_seq=0
2024-09-15T22:06:30.263 INFO:teuthology.orchestra.run.smithi038.stdout:/usr/bin/ceph: stderr
2024-09-15T22:06:29.461+0000 7f4a05ffb640 1 -- 172.21.15.38:0/613574908 <== mon.0 v2:172.21.15.38:3300/0 6 ==== mon_command_ack([{"prefix": "get_command_descriptions"}]=0 v0) ==== 72+0+188821 (secure 0 0 0) 0x7f49fc03add0 con 0x7f4a08107520
2024-09-15T22:06:30.263 INFO:teuthology.orchestra.run.smithi038.stdout:/usr/bin/ceph: stderr
2024-09-15T22:06:29.637+0000 7f4a0efc2640 1 -- 172.21.15.38:0/613574908 --> [v2:172.21.15.38:3300/0,v1:172.21.15.38:6789/0] -- mon_command([{prefix=config set, name=mgr/cephadm/container_init}] v 0) -- 0x7f4a081079a0 con 0x7f4a08107520
2024-09-15T22:06:30.264 INFO:teuthology.orchestra.run.smithi038.stdout:/usr/bin/ceph: stderr
2024-09-15T22:06:29.640+0000 7f4a05ffb640 1 -- 172.21.15.38:0/613574908 <== mon.0 v2:172.21.15.38:3300/0 7 ==== mon_command_ack([{prefix=config set, name=mgr/cephadm/container_init}]=0 v7)=0 v7) ==== 142+0+0 (secure 0 0 0) 0x7f49fc045520 con 0x7f4a08107520
2024-09-15T22:06:30.264 INFO:teuthology.orchestra.run.smithi038.stdout:/usr/bin/ceph: stderr
2024-09-15T22:06:29.642+0000 7f4a0efc2640 1 -- 172.21.15.38:0/613574908 >> [v2:172.21.15.38:6800/1764295049,v1:172.21.15.38:6801/1764295049] conn(0x7f49f8039200 msgr2=0x7f49f803b6c0 secure :-1 s=STATE_CONNECTION_ESTABLISHED l=1).mark_down
2024-09-15T22:06:30.264 INFO:teuthology.orchestra.run.smithi038.stdout:/usr/bin/ceph: stderr
2024-09-15T22:06:29.642+0000 7f4a0efc2640 1 --2- 172.21.15.38:0/613574908 >> [v2:172.21.15.38:6800/1764295049,v1:172.21.15.38:6801/1764295049] conn(0x7f49f8039200 0x7f49f803b6c0 secure :-1 s=READY pgs=15 cs=0 l=1 rev1=1 crypto rx=0x7f49f40098c0 tx=0x7f49f4006db0 comp rx=0 tx=0).stop
2024-09-15T22:06:30.264 INFO:teuthology.orchestra.run.smithi038.stdout:/usr/bin/ceph: stderr
2024-09-15T22:06:29.642+0000 7f4a0efc2640 1 -- 172.21.15.38:0/613574908 >> [v2:172.21.15.38:3300/0,v1:172.21.15.38:6789/0] conn(0x7f4a08107520 msgr2=0x7f4a0819b550 secure :-1 s=STATE_CONNECTION_ESTABLISHED l=1).mark_down
2024-09-15T22:06:30.264 INFO:teuthology.orchestra.run.smithi038.stdout:/usr/bin/ceph: stderr
2024-09-15T22:06:29.642+0000 7f4a0efc2640 1 --2- 172.21.15.38:0/613574908 >> [v2:172.21.15.38:3300/0,v1:172.21.15.38:6789/0] conn(0x7f4a08107520 0x7f4a0819b550 secure :-1 s=READY pgs=50 cs=0 l=1 rev1=1 crypto rx=0x7f49fc0097f0 tx=0x7f49fc030c70 comp rx=0 tx=0).stop
2024-09-15T22:06:30.264 INFO:teuthology.orchestra.run.smithi038.stdout:/usr/bin/ceph: stderr
2024-09-15T22:06:29.642+0000 7f4a0efc2640 1 -- 172.21.15.38:0/613574908 shutdown_connections
2024-09-15T22:06:30.264 INFO:teuthology.orchestra.run.smithi038.stdout:/usr/bin/ceph: stderr
2024-09-15T22:06:29.642+0000 7f4a0efc2640 1 --2- 172.21.15.38:0/613574908 >> [v2:172.21.15.38:6800/1764295049,v1:172.21.15.38:6801/1764295049] conn(0x7f49f8039200 0x7f49f803b6c0 unknown :-1 s=CLOSED pgs=15 cs=0 l=1 rev1=1 crypto rx=0 tx=0 comp rx=0 tx=0).stop
2024-09-15T22:06:30.264 INFO:teuthology.orchestra.run.smithi038.stdout:/usr/bin/ceph: stderr
2024-09-15T22:06:29.642+0000 7f4a0efc2640 1 --2- 172.21.15.38:0/613574908 >> [v2:172.21.15.38:3300/0,v1:172.21.15.38:6789/0] conn(0x7f4a08107520 0x7f4a0819b550 unknown :-1 s=CLOSED pgs=50 cs=0 l=1 rev1=1 crypto rx=0 tx=0 comp rx=0 tx=0).stop
2024-09-15T22:06:30.264 INFO:teuthology.orchestra.run.smithi038.stdout:/usr/bin/ceph: stderr
2024-09-15T22:06:29.642+0000 7f4a0efc2640 1 -- 172.21.15.38:0/613574908 >> 172.21.15.38:0/613574908 conn(0x7f4a08102d10 msgr2=0x7f4a081038c0 unknown :-1 s=STATE_NONE l=0).mark_down
2024-09-15T22:06:30.264 INFO:teuthology.orchestra.run.smithi038.stdout:/usr/bin/ceph: stderr
2024-09-15T22:06:29.643+0000 7f4a0efc2640 1 -- 172.21.15.38:0/613574908 shutdown_connections
2024-09-15T22:06:30.264 INFO:teuthology.orchestra.run.smithi038.stdout:/usr/bin/ceph: stderr
2024-09-15T22:06:29.643+0000 7f4a0efc2640 1 -- 172.21.15.38:0/613574908 wait complete.
2024-09-15T22:06:30.850 INFO:journalctl@ceph.mon.a.smithi038.stdout:Sep 15 22:06:30 smithi038 ceph-mon[31208]: from='mgr.14118 172.21.15.38:0/517992711' entity='mgr.x'
2024-09-15T22:06:30.850 INFO:journalctl@ceph.mon.a.smithi038.stdout:Sep 15 22:06:30 smithi038 ceph-mon[31208]: from='client.? 172.21.15.38:0/613574908' entity='client.admin'
2024-09-15T22:06:31.838 INFO:teuthology.orchestra.run.smithi038.stdout:/usr/bin/ceph: stderr
2024-09-15T22:06:30.662+0000 7fadab0ad640 1 Processor -- start
2024-09-15T22:06:31.838 INFO:teuthology.orchestra.run.smithi038.stdout:/usr/bin/ceph: stderr
2024-09-15T22:06:30.662+0000 7fadab0ad640 1 -- start start
2024-09-15T22:06:31.838 INFO:teuthology.orchestra.run.smithi038.stdout:/usr/bin/ceph: stderr
2024-09-15T22:06:30.662+0000 7fadab0ad640 1 --2- >> [v2:172.21.15.38:3300/0,v1:172.21.15.38:6789/0] conn(0x7fada4107fc0 0x7fada410a3b0 unknown :-1 s=NONE pgs=0 cs=0 l=0 rev1=0 crypto rx=0 tx=0 comp rx=0 tx=0).connect
2024-09-15T22:06:31.838 INFO:teuthology.orchestra.run.smithi038.stdout:/usr/bin/ceph: stderr
2024-09-15T22:06:30.662+0000 7fadab0ad640 1 -- --> [v2:172.21.15.38:3300/0,v1:172.21.15.38:6789/0] -- mon_getmap magic: 0 -- 0x7fada4063490 con 0x7fada4107fc0
2024-09-15T22:06:31.838 INFO:teuthology.orchestra.run.smithi038.stdout:/usr/bin/ceph: stderr
2024-09-15T22:06:30.663+0000 7fada8e49640 1 --2- >> [v2:172.21.15.38:3300/0,v1:172.21.15.38:6789/0] conn(0x7fada4107fc0 0x7fada410a3b0 unknown :-1 s=BANNER_CONNECTING pgs=0 cs=0 l=0 rev1=0 crypto rx=0 tx=0 comp rx=0 tx=0)._handle_peer_banner_payload supported=3 required=0
2024-09-15T22:06:31.838 INFO:teuthology.orchestra.run.smithi038.stdout:/usr/bin/ceph: stderr
2024-09-15T22:06:30.663+0000 7fada8e49640 1 --2- >> [v2:172.21.15.38:3300/0,v1:172.21.15.38:6789/0] conn(0x7fada4107fc0 0x7fada410a3b0 unknown :-1 s=HELLO_CONNECTING pgs=0 cs=0 l=0 rev1=1 crypto rx=0 tx=0 comp rx=0 tx=0).handle_hello peer v2:172.21.15.38:3300/0 says I am v2:172.21.15.38:40408/0 (socket says 172.21.15.38:40408)
2024-09-15T22:06:31.838 INFO:teuthology.orchestra.run.smithi038.stdout:/usr/bin/ceph: stderr
2024-09-15T22:06:30.663+0000 7fada8e49640 1 -- 172.21.15.38:0/1128604936 learned_addr learned my addr 172.21.15.38:0/1128604936 (peer_addr_for_me v2:172.21.15.38:0/0)
2024-09-15T22:06:31.838 INFO:teuthology.orchestra.run.smithi038.stdout:/usr/bin/ceph: stderr
2024-09-15T22:06:30.663+0000 7fada8e49640 1 -- 172.21.15.38:0/1128604936 --> [v2:172.21.15.38:3300/0,v1:172.21.15.38:6789/0] -- mon_subscribe({config=0+,monmap=0+}) -- 0x7fada410a8f0 con 0x7fada4107fc0
2024-09-15T22:06:31.838 INFO:teuthology.orchestra.run.smithi038.stdout:/usr/bin/ceph: stderr
2024-09-15T22:06:30.664+0000 7fada8e49640 1 --2- 172.21.15.38:0/1128604936 >> [v2:172.21.15.38:3300/0,v1:172.21.15.38:6789/0] conn(0x7fada4107fc0 0x7fada410a3b0 secure :-1 s=READY pgs=51 cs=0 l=1 rev1=1 crypto rx=0x7fad94009820 tx=0x7fad9402a270 comp rx=0 tx=0).ready entity=mon.0 client_cookie=48c683d01ed6db5f server_cookie=0 in_seq=0 out_seq=0
2024-09-15T22:06:31.839 INFO:teuthology.orchestra.run.smithi038.stdout:/usr/bin/ceph: stderr
2024-09-15T22:06:30.664+0000 7fada37fe640 1 -- 172.21.15.38:0/1128604936 <== mon.0 v2:172.21.15.38:3300/0 1 ==== mon_map magic: 0 ==== 205+0+0 (secure 0 0 0) 0x7fad94037070 con 0x7fada4107fc0
2024-09-15T22:06:31.839 INFO:teuthology.orchestra.run.smithi038.stdout:/usr/bin/ceph: stderr
2024-09-15T22:06:30.664+0000 7fada37fe640 1 -- 172.21.15.38:0/1128604936 <== mon.0 v2:172.21.15.38:3300/0 2 ==== config(26 keys) ==== 1102+0+0 (secure 0 0 0) 0x7fad940328f0 con 0x7fada4107fc0
2024-09-15T22:06:31.839 INFO:teuthology.orchestra.run.smithi038.stdout:/usr/bin/ceph: stderr
2024-09-15T22:06:30.664+0000 7fada37fe640 1 -- 172.21.15.38:0/1128604936 <== mon.0 v2:172.21.15.38:3300/0 3 ==== mon_map magic: 0 ==== 205+0+0 (secure 0 0 0) 0x7fad94030740 con 0x7fada4107fc0
2024-09-15T22:06:31.839 INFO:teuthology.orchestra.run.smithi038.stdout:/usr/bin/ceph: stderr
2024-09-15T22:06:30.664+0000 7fadab0ad640 1 -- 172.21.15.38:0/1128604936 >> [v2:172.21.15.38:3300/0,v1:172.21.15.38:6789/0] conn(0x7fada4107fc0 msgr2=0x7fada410a3b0 secure :-1 s=STATE_CONNECTION_ESTABLISHED l=1).mark_down
2024-09-15T22:06:31.839 INFO:teuthology.orchestra.run.smithi038.stdout:/usr/bin/ceph: stderr
2024-09-15T22:06:30.664+0000 7fadab0ad640 1 --2- 172.21.15.38:0/1128604936 >> [v2:172.21.15.38:3300/0,v1:172.21.15.38:6789/0] conn(0x7fada4107fc0 0x7fada410a3b0 secure :-1 s=READY pgs=51 cs=0 l=1 rev1=1 crypto rx=0x7fad94009820 tx=0x7fad9402a270 comp rx=0 tx=0).stop
2024-09-15T22:06:31.839 INFO:teuthology.orchestra.run.smithi038.stdout:/usr/bin/ceph: stderr
2024-09-15T22:06:30.664+0000 7fadab0ad640 1 -- 172.21.15.38:0/1128604936 shutdown_connections
2024-09-15T22:06:31.839 INFO:teuthology.orchestra.run.smithi038.stdout:/usr/bin/ceph: stderr
2024-09-15T22:06:30.664+0000 7fadab0ad640 1 --2- 172.21.15.38:0/1128604936 >> [v2:172.21.15.38:3300/0,v1:172.21.15.38:6789/0] conn(0x7fada4107fc0 0x7fada410a3b0 unknown :-1 s=CLOSED pgs=51 cs=0 l=1 rev1=1 crypto rx=0 tx=0 comp rx=0 tx=0).stop
2024-09-15T22:06:31.839 INFO:teuthology.orchestra.run.smithi038.stdout:/usr/bin/ceph: stderr
2024-09-15T22:06:30.664+0000 7fadab0ad640 1 -- 172.21.15.38:0/1128604936 >> 172.21.15.38:0/1128604936 conn(0x7fada4101bc0 msgr2=0x7fada4103fe0 unknown :-1 s=STATE_NONE l=0).mark_down
2024-09-15T22:06:31.839 INFO:teuthology.orchestra.run.smithi038.stdout:/usr/bin/ceph: stderr
2024-09-15T22:06:30.665+0000 7fadab0ad640 1 -- 172.21.15.38:0/1128604936 shutdown_connections
2024-09-15T22:06:31.839 INFO:teuthology.orchestra.run.smithi038.stdout:/usr/bin/ceph: stderr
2024-09-15T22:06:30.665+0000 7fadab0ad640 1 -- 172.21.15.38:0/1128604936 wait complete.
2024-09-15T22:06:31.839 INFO:teuthology.orchestra.run.smithi038.stdout:/usr/bin/ceph: stderr
2024-09-15T22:06:30.665+0000 7fadab0ad640 1 Processor -- start
2024-09-15T22:06:31.839 INFO:teuthology.orchestra.run.smithi038.stdout:/usr/bin/ceph: stderr
2024-09-15T22:06:30.665+0000 7fadab0ad640 1 -- start start
2024-09-15T22:06:31.840 INFO:teuthology.orchestra.run.smithi038.stdout:/usr/bin/ceph: stderr
2024-09-15T22:06:30.665+0000 7fadab0ad640 1 --2- >> [v2:172.21.15.38:3300/0,v1:172.21.15.38:6789/0] conn(0x7fada4107fc0 0x7fada419b490 unknown :-1 s=NONE pgs=0 cs=0 l=1 rev1=0 crypto rx=0 tx=0 comp rx=0 tx=0).connect
2024-09-15T22:06:31.840 INFO:teuthology.orchestra.run.smithi038.stdout:/usr/bin/ceph: stderr
2024-09-15T22:06:30.665+0000 7fadab0ad640 1 -- --> [v2:172.21.15.38:3300/0,v1:172.21.15.38:6789/0] -- mon_getmap magic: 0 -- 0x7fada410b8b0 con 0x7fada4107fc0
2024-09-15T22:06:31.840 INFO:teuthology.orchestra.run.smithi038.stdout:/usr/bin/ceph: stderr
2024-09-15T22:06:30.665+0000 7fada8e49640 1 --2- >> [v2:172.21.15.38:3300/0,v1:172.21.15.38:6789/0] conn(0x7fada4107fc0 0x7fada419b490 unknown :-1 s=BANNER_CONNECTING pgs=0 cs=0 l=1 rev1=0 crypto rx=0 tx=0 comp rx=0 tx=0)._handle_peer_banner_payload supported=3 required=0
2024-09-15T22:06:31.840 INFO:teuthology.orchestra.run.smithi038.stdout:/usr/bin/ceph: stderr
2024-09-15T22:06:30.665+0000 7fada8e49640 1 --2- >> [v2:172.21.15.38:3300/0,v1:172.21.15.38:6789/0] conn(0x7fada4107fc0 0x7fada419b490 unknown :-1 s=HELLO_CONNECTING pgs=0 cs=0 l=1 rev1=1 crypto rx=0 tx=0 comp rx=0 tx=0).handle_hello peer v2:172.21.15.38:3300/0 says I am v2:172.21.15.38:40418/0 (socket says 172.21.15.38:40418)
2024-09-15T22:06:31.840 INFO:teuthology.orchestra.run.smithi038.stdout:/usr/bin/ceph: stderr
2024-09-15T22:06:30.665+0000 7fada8e49640 1 -- 172.21.15.38:0/1114883853 learned_addr learned my addr 172.21.15.38:0/1114883853 (peer_addr_for_me v2:172.21.15.38:0/0)
2024-09-15T22:06:31.840 INFO:teuthology.orchestra.run.smithi038.stdout:/usr/bin/ceph: stderr
2024-09-15T22:06:30.666+0000 7fada8e49640 1 -- 172.21.15.38:0/1114883853 --> [v2:172.21.15.38:3300/0,v1:172.21.15.38:6789/0] -- mon_subscribe({config=0+,monmap=0+}) -- 0x7fada419b9d0 con 0x7fada4107fc0
2024-09-15T22:06:31.840 INFO:teuthology.orchestra.run.smithi038.stdout:/usr/bin/ceph: stderr
2024-09-15T22:06:30.666+0000 7fada8e49640 1 --2- 172.21.15.38:0/1114883853 >> [v2:172.21.15.38:3300/0,v1:172.21.15.38:6789/0] conn(0x7fada4107fc0 0x7fada419b490 secure :-1 s=READY pgs=52 cs=0 l=1 rev1=1 crypto rx=0x7fad940097f0 tx=0x7fad94030c70 comp rx=0 tx=0).ready entity=mon.0 client_cookie=0 server_cookie=0 in_seq=0 out_seq=0
2024-09-15T22:06:31.840 INFO:teuthology.orchestra.run.smithi038.stdout:/usr/bin/ceph: stderr
2024-09-15T22:06:30.666+0000 7fada1ffb640 1 -- 172.21.15.38:0/1114883853 <== mon.0 v2:172.21.15.38:3300/0 1 ==== mon_map magic: 0 ==== 205+0+0 (secure 0 0 0) 0x7fad94042070 con 0x7fada4107fc0
2024-09-15T22:06:31.840 INFO:teuthology.orchestra.run.smithi038.stdout:/usr/bin/ceph: stderr
2024-09-15T22:06:30.666+0000 7fada1ffb640 1 -- 172.21.15.38:0/1114883853 <== mon.0 v2:172.21.15.38:3300/0 2 ==== config(26 keys) ==== 1102+0+0 (secure 0 0 0) 0x7fad94030d80 con 0x7fada4107fc0
2024-09-15T22:06:31.840 INFO:teuthology.orchestra.run.smithi038.stdout:/usr/bin/ceph: stderr
2024-09-15T22:06:30.666+0000 7fadab0ad640 1 -- 172.21.15.38:0/1114883853 --> [v2:172.21.15.38:3300/0,v1:172.21.15.38:6789/0] -- mon_subscribe({mgrmap=0+}) -- 0x7fada419bc60 con 0x7fada4107fc0
2024-09-15T22:06:31.841 INFO:teuthology.orchestra.run.smithi038.stdout:/usr/bin/ceph: stderr
2024-09-15T22:06:30.666+0000 7fada1ffb640 1 -- 172.21.15.38:0/1114883853 <== mon.0 v2:172.21.15.38:3300/0 3 ==== mon_map magic: 0 ==== 205+0+0 (secure 0 0 0) 0x7fad94037040 con 0x7fada4107fc0
2024-09-15T22:06:31.841 INFO:teuthology.orchestra.run.smithi038.stdout:/usr/bin/ceph: stderr
2024-09-15T22:06:30.666+0000 7fadab0ad640 1 -- 172.21.15.38:0/1114883853 --> [v2:172.21.15.38:3300/0,v1:172.21.15.38:6789/0] -- mon_subscribe({osdmap=0}) -- 0x7fada419e950 con 0x7fada4107fc0
2024-09-15T22:06:31.841 INFO:teuthology.orchestra.run.smithi038.stdout:/usr/bin/ceph: stderr
2024-09-15T22:06:30.667+0000 7fadab0ad640 1 -- 172.21.15.38:0/1114883853 --> [v2:172.21.15.38:3300/0,v1:172.21.15.38:6789/0] -- mon_command({"prefix": "get_command_descriptions"} v 0) -- 0x7fada4108420 con 0x7fada4107fc0
2024-09-15T22:06:31.841 INFO:teuthology.orchestra.run.smithi038.stdout:/usr/bin/ceph: stderr
2024-09-15T22:06:30.668+0000 7fada1ffb640 1 -- 172.21.15.38:0/1114883853 <== mon.0 v2:172.21.15.38:3300/0 4 ==== mgrmap(e 8) ==== 46461+0+0 (secure 0 0 0) 0x7fad94045070 con 0x7fada4107fc0
2024-09-15T22:06:31.841 INFO:teuthology.orchestra.run.smithi038.stdout:/usr/bin/ceph: stderr
2024-09-15T22:06:30.668+0000 7fada1ffb640 1 --2- 172.21.15.38:0/1114883853 >> [v2:172.21.15.38:6800/1764295049,v1:172.21.15.38:6801/1764295049] conn(0x7fad8c039200 0x7fad8c03b6c0 unknown :-1 s=NONE pgs=0 cs=0 l=1 rev1=0 crypto rx=0 tx=0 comp rx=0 tx=0).connect
2024-09-15T22:06:31.841 INFO:teuthology.orchestra.run.smithi038.stdout:/usr/bin/ceph: stderr
2024-09-15T22:06:30.668+0000 7fada1ffb640 1 -- 172.21.15.38:0/1114883853 <== mon.0 v2:172.21.15.38:3300/0 5 ==== osd_map(2..2 src has 1..2) ==== 940+0+0 (secure 0 0 0) 0x7fad9406c430 con 0x7fada4107fc0
2024-09-15T22:06:31.841 INFO:teuthology.orchestra.run.smithi038.stdout:/usr/bin/ceph: stderr
2024-09-15T22:06:30.668+0000 7fada3fff640 1 --2- 172.21.15.38:0/1114883853 >> [v2:172.21.15.38:6800/1764295049,v1:172.21.15.38:6801/1764295049] conn(0x7fad8c039200 0x7fad8c03b6c0 unknown :-1 s=BANNER_CONNECTING pgs=0 cs=0 l=1 rev1=0 crypto rx=0 tx=0 comp rx=0 tx=0)._handle_peer_banner_payload supported=3 required=0
2024-09-15T22:06:31.841 INFO:teuthology.orchestra.run.smithi038.stdout:/usr/bin/ceph: stderr
2024-09-15T22:06:30.668+0000 7fada3fff640 1 --2- 172.21.15.38:0/1114883853 >> [v2:172.21.15.38:6800/1764295049,v1:172.21.15.38:6801/1764295049] conn(0x7fad8c039200 0x7fad8c03b6c0 secure :-1 s=READY pgs=16 cs=0 l=1 rev1=1 crypto rx=0x7fad980098c0 tx=0x7fad98006db0 comp rx=0 tx=0).ready entity=mgr.14118 client_cookie=0 server_cookie=0 in_seq=0 out_seq=0
2024-09-15T22:06:31.841 INFO:teuthology.orchestra.run.smithi038.stdout:/usr/bin/ceph: stderr
2024-09-15T22:06:30.673+0000 7fada1ffb640 1 -- 172.21.15.38:0/1114883853 <== mon.0 v2:172.21.15.38:3300/0 6 ==== mon_command_ack([{"prefix": "get_command_descriptions"}]=0 v0) ==== 72+0+188821 (secure 0 0 0) 0x7fad9403add0 con 0x7fada4107fc0
2024-09-15T22:06:31.841 INFO:teuthology.orchestra.run.smithi038.stdout:/usr/bin/ceph: stderr
2024-09-15T22:06:30.848+0000 7fadab0ad640 1 -- 172.21.15.38:0/1114883853 --> [v2:172.21.15.38:3300/0,v1:172.21.15.38:6789/0] -- mon_command([{prefix=config set, name=mgr/dashboard/ssl_server_port}] v 0) -- 0x7fada419eb20 con 0x7fada4107fc0
2024-09-15T22:06:31.841 INFO:teuthology.orchestra.run.smithi038.stdout:/usr/bin/ceph: stderr
2024-09-15T22:06:30.850+0000 7fada1ffb640 1 -- 172.21.15.38:0/1114883853 <== mon.0 v2:172.21.15.38:3300/0 7 ==== mon_command_ack([{prefix=config set, name=mgr/dashboard/ssl_server_port}]=0 v8)=0 v8) ==== 130+0+0 (secure 0 0 0) 0x7fad9403d7f0 con 0x7fada4107fc0
2024-09-15T22:06:31.842 INFO:teuthology.orchestra.run.smithi038.stdout:/usr/bin/ceph: stderr
2024-09-15T22:06:30.853+0000 7fadab0ad640 1 -- 172.21.15.38:0/1114883853 >> [v2:172.21.15.38:6800/1764295049,v1:172.21.15.38:6801/1764295049] conn(0x7fad8c039200 msgr2=0x7fad8c03b6c0 secure :-1 s=STATE_CONNECTION_ESTABLISHED l=1).mark_down
2024-09-15T22:06:31.842 INFO:teuthology.orchestra.run.smithi038.stdout:/usr/bin/ceph: stderr
2024-09-15T22:06:30.853+0000 7fadab0ad640 1 --2- 172.21.15.38:0/1114883853 >> [v2:172.21.15.38:6800/1764295049,v1:172.21.15.38:6801/1764295049] conn(0x7fad8c039200 0x7fad8c03b6c0 secure :-1 s=READY pgs=16 cs=0 l=1 rev1=1 crypto rx=0x7fad980098c0 tx=0x7fad98006db0 comp rx=0 tx=0).stop
2024-09-15T22:06:31.842 INFO:teuthology.orchestra.run.smithi038.stdout:/usr/bin/ceph: stderr
2024-09-15T22:06:30.853+0000 7fadab0ad640 1 -- 172.21.15.38:0/1114883853 >> [v2:172.21.15.38:3300/0,v1:172.21.15.38:6789/0] conn(0x7fada4107fc0 msgr2=0x7fada419b490 secure :-1 s=STATE_CONNECTION_ESTABLISHED l=1).mark_down
2024-09-15T22:06:31.842 INFO:teuthology.orchestra.run.smithi038.stdout:/usr/bin/ceph: stderr
2024-09-15T22:06:30.853+0000 7fadab0ad640 1 --2- 172.21.15.38:0/1114883853 >> [v2:172.21.15.38:3300/0,v1:172.21.15.38:6789/0] conn(0x7fada4107fc0 0x7fada419b490 secure :-1 s=READY pgs=52 cs=0 l=1 rev1=1 crypto rx=0x7fad940097f0 tx=0x7fad94030c70 comp rx=0 tx=0).stop
2024-09-15T22:06:31.842 INFO:teuthology.orchestra.run.smithi038.stdout:/usr/bin/ceph: stderr
2024-09-15T22:06:30.853+0000 7fadab0ad640 1 -- 172.21.15.38:0/1114883853 shutdown_connections
2024-09-15T22:06:31.842 INFO:teuthology.orchestra.run.smithi038.stdout:/usr/bin/ceph: stderr
2024-09-15T22:06:30.853+0000 7fadab0ad640 1 --2- 172.21.15.38:0/1114883853 >> [v2:172.21.15.38:6800/1764295049,v1:172.21.15.38:6801/1764295049] conn(0x7fad8c039200 0x7fad8c03b6c0 unknown :-1 s=CLOSED pgs=16 cs=0 l=1 rev1=1 crypto rx=0 tx=0 comp rx=0 tx=0).stop
2024-09-15T22:06:31.842 INFO:teuthology.orchestra.run.smithi038.stdout:/usr/bin/ceph: stderr
2024-09-15T22:06:30.853+0000 7fadab0ad640 1 --2- 172.21.15.38:0/1114883853 >> [v2:172.21.15.38:3300/0,v1:172.21.15.38:6789/0] conn(0x7fada4107fc0 0x7fada419b490 unknown :-1 s=CLOSED pgs=52 cs=0 l=1 rev1=1 crypto rx=0 tx=0 comp rx=0 tx=0).stop
2024-09-15T22:06:31.842 INFO:teuthology.orchestra.run.smithi038.stdout:/usr/bin/ceph: stderr
2024-09-15T22:06:30.853+0000 7fadab0ad640 1 -- 172.21.15.38:0/1114883853 >> 172.21.15.38:0/1114883853 conn(0x7fada4101bc0 msgr2=0x7fada41027d0 unknown :-1 s=STATE_NONE l=0).mark_down
2024-09-15T22:06:31.842 INFO:teuthology.orchestra.run.smithi038.stdout:/usr/bin/ceph: stderr
2024-09-15T22:06:30.853+0000 7fadab0ad640 1 -- 172.21.15.38:0/1114883853 shutdown_connections
2024-09-15T22:06:31.842 INFO:teuthology.orchestra.run.smithi038.stdout:/usr/bin/ceph: stderr
2024-09-15T22:06:30.853+0000 7fadab0ad640 1 -- 172.21.15.38:0/1114883853 wait complete.
2024-09-15T22:06:31.842 INFO:teuthology.orchestra.run.smithi038.stdout:Enabling the dashboard module...
2024-09-15T22:06:31.893 INFO:journalctl@ceph.mon.a.smithi038.stdout:Sep 15 22:06:31 smithi038 ceph-mon[31208]: from='client.? 172.21.15.38:0/1114883853' entity='client.admin'
2024-09-15T22:06:31.893 INFO:journalctl@ceph.mon.a.smithi038.stdout:Sep 15 22:06:31 smithi038 ceph-mon[31208]: from='mgr.14118 172.21.15.38:0/517992711' entity='mgr.x'
2024-09-15T22:06:33.289 INFO:journalctl@ceph.mon.a.smithi038.stdout:Sep 15 22:06:32 smithi038 ceph-mon[31208]: pgmap v3: 0 pgs: ; 0 B data, 0 B used, 0 B / 0 B avail
2024-09-15T22:06:33.289 INFO:journalctl@ceph.mon.a.smithi038.stdout:Sep 15 22:06:32 smithi038 ceph-mon[31208]: from='mgr.14118 172.21.15.38:0/517992711' entity='mgr.x'
2024-09-15T22:06:33.289 INFO:journalctl@ceph.mon.a.smithi038.stdout:Sep 15 22:06:32 smithi038 ceph-mon[31208]: from='client.? 172.21.15.38:0/677556758' entity='client.admin' cmd=[{"prefix": "mgr module enable", "module": "dashboard"}]: dispatch
2024-09-15T22:06:33.699 INFO:journalctl@ceph.mgr.x.smithi038.stdout:Sep 15 22:06:33 smithi038 ceph-8e5626e6-73ae-11ef-bceb-c7b262605968-mgr-x[31435]: ignoring --setuser ceph since I am not root
2024-09-15T22:06:33.699 INFO:journalctl@ceph.mgr.x.smithi038.stdout:Sep 15 22:06:33 smithi038 ceph-8e5626e6-73ae-11ef-bceb-c7b262605968-mgr-x[31435]: ignoring --setgroup ceph since I am not root
2024-09-15T22:06:33.699 INFO:journalctl@ceph.mgr.x.smithi038.stdout:Sep 15 22:06:33 smithi038 ceph-8e5626e6-73ae-11ef-bceb-c7b262605968-mgr-x[31435]:
2024-09-15T22:06:33.482+0000 7f1b4838d040 -1 mgr[py] Module osd_perf_query has missing NOTIFY_TYPES member
2024-09-15T22:06:33.699 INFO:journalctl@ceph.mgr.x.smithi038.stdout:Sep 15 22:06:33 smithi038 ceph-8e5626e6-73ae-11ef-bceb-c7b262605968-mgr-x[31435]:
2024-09-15T22:06:33.542+0000 7f1b4838d040 -1 mgr[py] Module osd_support has missing NOTIFY_TYPES member
2024-09-15T22:06:33.699 INFO:journalctl@ceph.mgr.x.smithi038.stdout:Sep 15 22:06:33 smithi038 ceph-8e5626e6-73ae-11ef-bceb-c7b262605968-mgr-x[31435]:
2024-09-15T22:06:33.697+0000 7f1b4838d040 -1 mgr[py] Module diskprediction_local has missing NOTIFY_TYPES member
2024-09-15T22:06:34.038 INFO:journalctl@ceph.mgr.x.smithi038.stdout:Sep 15 22:06:33 smithi038 ceph-8e5626e6-73ae-11ef-bceb-c7b262605968-mgr-x[31435]:
2024-09-15T22:06:33.766+0000 7f1b4838d040 -1 mgr[py] Module crash has missing NOTIFY_TYPES member
2024-09-15T22:06:34.039 INFO:journalctl@ceph.mgr.x.smithi038.stdout:Sep 15 22:06:33 smithi038 ceph-8e5626e6-73ae-11ef-bceb-c7b262605968-mgr-x[31435]:
2024-09-15T22:06:33.922+0000 7f1b4838d040 -1 mgr[py] Module test_orchestrator has missing NOTIFY_TYPES member
2024-09-15T22:06:34.177 INFO:teuthology.orchestra.run.smithi038.stdout:/usr/bin/ceph: stderr
2024-09-15T22:06:32.265+0000 7f367ab86640 1 Processor -- start
2024-09-15T22:06:34.178 INFO:teuthology.orchestra.run.smithi038.stdout:/usr/bin/ceph: stderr
2024-09-15T22:06:32.265+0000 7f367ab86640 1 -- start start
2024-09-15T22:06:34.178 INFO:teuthology.orchestra.run.smithi038.stdout:/usr/bin/ceph: stderr
2024-09-15T22:06:32.266+0000 7f367ab86640 1 --2- >> [v2:172.21.15.38:3300/0,v1:172.21.15.38:6789/0] conn(0x7f3674107f40 0x7f367410a330 unknown :-1 s=NONE pgs=0 cs=0 l=0 rev1=0 crypto rx=0 tx=0 comp rx=0 tx=0).connect
2024-09-15T22:06:34.178 INFO:teuthology.orchestra.run.smithi038.stdout:/usr/bin/ceph: stderr
2024-09-15T22:06:32.266+0000 7f367ab86640 1 -- --> [v2:172.21.15.38:3300/0,v1:172.21.15.38:6789/0] -- mon_getmap magic: 0 -- 0x7f3674063510 con 0x7f3674107f40
2024-09-15T22:06:34.178 INFO:teuthology.orchestra.run.smithi038.stdout:/usr/bin/ceph: stderr
2024-09-15T22:06:32.266+0000 7f3678922640 1 --2- >> [v2:172.21.15.38:3300/0,v1:172.21.15.38:6789/0] conn(0x7f3674107f40 0x7f367410a330 unknown :-1 s=BANNER_CONNECTING pgs=0 cs=0 l=0 rev1=0 crypto rx=0 tx=0 comp rx=0 tx=0)._handle_peer_banner_payload supported=3 required=0
2024-09-15T22:06:34.178 INFO:teuthology.orchestra.run.smithi038.stdout:/usr/bin/ceph: stderr
2024-09-15T22:06:32.266+0000 7f3678922640 1 --2- >> [v2:172.21.15.38:3300/0,v1:172.21.15.38:6789/0] conn(0x7f3674107f40 0x7f367410a330 unknown :-1 s=HELLO_CONNECTING pgs=0 cs=0 l=0 rev1=1 crypto rx=0 tx=0 comp rx=0 tx=0).handle_hello peer v2:172.21.15.38:3300/0 says I am v2:172.21.15.38:40434/0 (socket says 172.21.15.38:40434)
2024-09-15T22:06:34.178 INFO:teuthology.orchestra.run.smithi038.stdout:/usr/bin/ceph: stderr
2024-09-15T22:06:32.266+0000 7f3678922640 1 -- 172.21.15.38:0/3772602737 learned_addr learned my addr 172.21.15.38:0/3772602737 (peer_addr_for_me v2:172.21.15.38:0/0)
2024-09-15T22:06:34.178 INFO:teuthology.orchestra.run.smithi038.stdout:/usr/bin/ceph: stderr
2024-09-15T22:06:32.266+0000 7f3678922640 1 -- 172.21.15.38:0/3772602737 --> [v2:172.21.15.38:3300/0,v1:172.21.15.38:6789/0] -- mon_subscribe({config=0+,monmap=0+}) -- 0x7f367410a870 con 0x7f3674107f40
2024-09-15T22:06:34.178 INFO:teuthology.orchestra.run.smithi038.stdout:/usr/bin/ceph: stderr
2024-09-15T22:06:32.267+0000 7f3678922640 1 --2- 172.21.15.38:0/3772602737 >> [v2:172.21.15.38:3300/0,v1:172.21.15.38:6789/0] conn(0x7f3674107f40 0x7f367410a330 secure :-1 s=READY pgs=53 cs=0 l=1 rev1=1 crypto rx=0x7f3668009820 tx=0x7f366802a270 comp rx=0 tx=0).ready entity=mon.0 client_cookie=dd94deec3b1ee9a4 server_cookie=0 in_seq=0 out_seq=0
2024-09-15T22:06:34.178 INFO:teuthology.orchestra.run.smithi038.stdout:/usr/bin/ceph: stderr
2024-09-15T22:06:32.267+0000 7f36737fe640 1 -- 172.21.15.38:0/3772602737 <== mon.0 v2:172.21.15.38:3300/0 1 ==== mon_map magic: 0 ==== 205+0+0 (secure 0 0 0) 0x7f3668037070 con 0x7f3674107f40
2024-09-15T22:06:34.178 INFO:teuthology.orchestra.run.smithi038.stdout:/usr/bin/ceph: stderr
2024-09-15T22:06:32.267+0000 7f36737fe640 1 -- 172.21.15.38:0/3772602737 <== mon.0 v2:172.21.15.38:3300/0 2 ==== config(26 keys) ==== 1102+0+0 (secure 0 0 0) 0x7f36680328f0 con 0x7f3674107f40
2024-09-15T22:06:34.178 INFO:teuthology.orchestra.run.smithi038.stdout:/usr/bin/ceph: stderr
2024-09-15T22:06:32.267+0000 7f36737fe640 1 -- 172.21.15.38:0/3772602737 <== mon.0 v2:172.21.15.38:3300/0 3 ==== mon_map magic: 0 ==== 205+0+0 (secure 0 0 0) 0x7f3668030740 con 0x7f3674107f40
2024-09-15T22:06:34.179 INFO:teuthology.orchestra.run.smithi038.stdout:/usr/bin/ceph: stderr
2024-09-15T22:06:32.267+0000 7f367ab86640 1 -- 172.21.15.38:0/3772602737 >> [v2:172.21.15.38:3300/0,v1:172.21.15.38:6789/0] conn(0x7f3674107f40 msgr2=0x7f367410a330 secure :-1 s=STATE_CONNECTION_ESTABLISHED l=1).mark_down
2024-09-15T22:06:34.179 INFO:teuthology.orchestra.run.smithi038.stdout:/usr/bin/ceph: stderr
2024-09-15T22:06:32.267+0000 7f367ab86640 1 --2- 172.21.15.38:0/3772602737 >> [v2:172.21.15.38:3300/0,v1:172.21.15.38:6789/0] conn(0x7f3674107f40 0x7f367410a330 secure :-1 s=READY pgs=53 cs=0 l=1 rev1=1 crypto rx=0x7f3668009820 tx=0x7f366802a270 comp rx=0 tx=0).stop
2024-09-15T22:06:34.179 INFO:teuthology.orchestra.run.smithi038.stdout:/usr/bin/ceph: stderr
2024-09-15T22:06:32.268+0000 7f367ab86640 1 -- 172.21.15.38:0/3772602737 shutdown_connections
2024-09-15T22:06:34.179 INFO:teuthology.orchestra.run.smithi038.stdout:/usr/bin/ceph: stderr
2024-09-15T22:06:32.268+0000 7f367ab86640 1 --2- 172.21.15.38:0/3772602737 >> [v2:172.21.15.38:3300/0,v1:172.21.15.38:6789/0] conn(0x7f3674107f40 0x7f367410a330 unknown :-1 s=CLOSED pgs=53 cs=0 l=1 rev1=1 crypto rx=0 tx=0 comp rx=0 tx=0).stop
2024-09-15T22:06:34.179 INFO:teuthology.orchestra.run.smithi038.stdout:/usr/bin/ceph: stderr
2024-09-15T22:06:32.268+0000 7f367ab86640 1 -- 172.21.15.38:0/3772602737 >> 172.21.15.38:0/3772602737 conn(0x7f3674101bc0 msgr2=0x7f3674103fe0 unknown :-1 s=STATE_NONE l=0).mark_down
2024-09-15T22:06:34.179 INFO:teuthology.orchestra.run.smithi038.stdout:/usr/bin/ceph: stderr
2024-09-15T22:06:32.268+0000 7f367ab86640 1 -- 172.21.15.38:0/3772602737 shutdown_connections
2024-09-15T22:06:34.179 INFO:teuthology.orchestra.run.smithi038.stdout:/usr/bin/ceph: stderr
2024-09-15T22:06:32.268+0000 7f367ab86640 1 -- 172.21.15.38:0/3772602737 wait complete.
2024-09-15T22:06:34.179 INFO:teuthology.orchestra.run.smithi038.stdout:/usr/bin/ceph: stderr
2024-09-15T22:06:32.268+0000 7f367ab86640 1 Processor -- start
2024-09-15T22:06:34.179 INFO:teuthology.orchestra.run.smithi038.stdout:/usr/bin/ceph: stderr
2024-09-15T22:06:32.268+0000 7f367ab86640 1 -- start start
2024-09-15T22:06:34.179 INFO:teuthology.orchestra.run.smithi038.stdout:/usr/bin/ceph: stderr
2024-09-15T22:06:32.268+0000 7f367ab86640 1 --2- >> [v2:172.21.15.38:3300/0,v1:172.21.15.38:6789/0] conn(0x7f3674107f40 0x7f367419b490 unknown :-1 s=NONE pgs=0 cs=0 l=1 rev1=0 crypto rx=0 tx=0 comp rx=0 tx=0).connect
2024-09-15T22:06:34.179 INFO:teuthology.orchestra.run.smithi038.stdout:/usr/bin/ceph: stderr
2024-09-15T22:06:32.268+0000 7f367ab86640 1 -- --> [v2:172.21.15.38:3300/0,v1:172.21.15.38:6789/0] -- mon_getmap magic: 0 -- 0x7f367410b8f0 con 0x7f3674107f40
2024-09-15T22:06:34.179 INFO:teuthology.orchestra.run.smithi038.stdout:/usr/bin/ceph: stderr
2024-09-15T22:06:32.268+0000 7f3678922640 1 --2- >> [v2:172.21.15.38:3300/0,v1:172.21.15.38:6789/0] conn(0x7f3674107f40 0x7f367419b490 unknown :-1 s=BANNER_CONNECTING pgs=0 cs=0 l=1 rev1=0 crypto rx=0 tx=0 comp rx=0 tx=0)._handle_peer_banner_payload supported=3 required=0
2024-09-15T22:06:34.179 INFO:teuthology.orchestra.run.smithi038.stdout:/usr/bin/ceph: stderr
2024-09-15T22:06:32.268+0000 7f3678922640 1 --2- >> [v2:172.21.15.38:3300/0,v1:172.21.15.38:6789/0] conn(0x7f3674107f40 0x7f367419b490 unknown :-1 s=HELLO_CONNECTING pgs=0 cs=0 l=1 rev1=1 crypto rx=0 tx=0 comp rx=0 tx=0).handle_hello peer v2:172.21.15.38:3300/0 says I am v2:172.21.15.38:40436/0 (socket says 172.21.15.38:40436)
2024-09-15T22:06:34.179 INFO:teuthology.orchestra.run.smithi038.stdout:/usr/bin/ceph: stderr
2024-09-15T22:06:32.268+0000 7f3678922640 1 -- 172.21.15.38:0/677556758 learned_addr learned my addr 172.21.15.38:0/677556758 (peer_addr_for_me v2:172.21.15.38:0/0)
2024-09-15T22:06:34.180 INFO:teuthology.orchestra.run.smithi038.stdout:/usr/bin/ceph: stderr
2024-09-15T22:06:32.269+0000 7f3678922640 1 -- 172.21.15.38:0/677556758 --> [v2:172.21.15.38:3300/0,v1:172.21.15.38:6789/0] -- mon_subscribe({config=0+,monmap=0+}) -- 0x7f367419b9d0 con 0x7f3674107f40
2024-09-15T22:06:34.180 INFO:teuthology.orchestra.run.smithi038.stdout:/usr/bin/ceph: stderr
2024-09-15T22:06:32.269+0000 7f3678922640 1 --2- 172.21.15.38:0/677556758 >> [v2:172.21.15.38:3300/0,v1:172.21.15.38:6789/0] conn(0x7f3674107f40 0x7f367419b490 secure :-1 s=READY pgs=54 cs=0 l=1 rev1=1 crypto rx=0x7f36680097f0 tx=0x7f3668030c70 comp rx=0 tx=0).ready entity=mon.0 client_cookie=0 server_cookie=0 in_seq=0 out_seq=0
2024-09-15T22:06:34.180 INFO:teuthology.orchestra.run.smithi038.stdout:/usr/bin/ceph: stderr
2024-09-15T22:06:32.269+0000 7f3671ffb640 1 -- 172.21.15.38:0/677556758 <== mon.0 v2:172.21.15.38:3300/0 1 ==== mon_map magic: 0 ==== 205+0+0 (secure 0 0 0) 0x7f3668042070 con 0x7f3674107f40
2024-09-15T22:06:34.180 INFO:teuthology.orchestra.run.smithi038.stdout:/usr/bin/ceph: stderr
2024-09-15T22:06:32.269+0000 7f3671ffb640 1 -- 172.21.15.38:0/677556758 <== mon.0 v2:172.21.15.38:3300/0 2 ==== config(26 keys) ==== 1102+0+0 (secure 0 0 0) 0x7f3668030d80 con 0x7f3674107f40
2024-09-15T22:06:34.180 INFO:teuthology.orchestra.run.smithi038.stdout:/usr/bin/ceph: stderr
