2024-09-15T22:06:45.729+0000 7f8b2affd640 1 -- 172.21.15.45:0/1961643916 <== mon.0 v2:172.21.15.45:3300/0 3 ==== mon_map magic: 0 ==== 205+0+0 (secure 0 0 0) 0x7f8b1c030950 con 0x7f8b2c1081d0
2024-09-15T22:06:47.022 INFO:teuthology.orchestra.run.smithi045.stdout:/usr/bin/ceph: stderr
2024-09-15T22:06:45.730+0000 7f8b3241e640 1 -- 172.21.15.45:0/1961643916 >> [v2:172.21.15.45:3300/0,v1:172.21.15.45:6789/0] conn(0x7f8b2c1081d0 msgr2=0x7f8b2c10a5c0 secure :-1 s=STATE_CONNECTION_ESTABLISHED l=1).mark_down
2024-09-15T22:06:47.022 INFO:teuthology.orchestra.run.smithi045.stdout:/usr/bin/ceph: stderr
2024-09-15T22:06:45.730+0000 7f8b3241e640 1 --2- 172.21.15.45:0/1961643916 >> [v2:172.21.15.45:3300/0,v1:172.21.15.45:6789/0] conn(0x7f8b2c1081d0 0x7f8b2c10a5c0 secure :-1 s=READY pgs=20 cs=0 l=1 rev1=1 crypto rx=0x7f8b1c009820 tx=0x7f8b1c02a270 comp rx=0 tx=0).stop
2024-09-15T22:06:47.022 INFO:teuthology.orchestra.run.smithi045.stdout:/usr/bin/ceph: stderr
2024-09-15T22:06:45.730+0000 7f8b3241e640 1 -- 172.21.15.45:0/1961643916 shutdown_connections
2024-09-15T22:06:47.022 INFO:teuthology.orchestra.run.smithi045.stdout:/usr/bin/ceph: stderr
2024-09-15T22:06:45.730+0000 7f8b3241e640 1 --2- 172.21.15.45:0/1961643916 >> [v2:172.21.15.45:3300/0,v1:172.21.15.45:6789/0] conn(0x7f8b2c1081d0 0x7f8b2c10a5c0 unknown :-1 s=CLOSED pgs=20 cs=0 l=1 rev1=1 crypto rx=0 tx=0 comp rx=0 tx=0).stop
2024-09-15T22:06:47.022 INFO:teuthology.orchestra.run.smithi045.stdout:/usr/bin/ceph: stderr
2024-09-15T22:06:45.730+0000 7f8b3241e640 1 -- 172.21.15.45:0/1961643916 >> 172.21.15.45:0/1961643916 conn(0x7f8b2c101e50 msgr2=0x7f8b2c104270 unknown :-1 s=STATE_NONE l=0).mark_down
2024-09-15T22:06:47.022 INFO:teuthology.orchestra.run.smithi045.stdout:/usr/bin/ceph: stderr
2024-09-15T22:06:45.730+0000 7f8b3241e640 1 -- 172.21.15.45:0/1961643916 shutdown_connections
2024-09-15T22:06:47.022 INFO:teuthology.orchestra.run.smithi045.stdout:/usr/bin/ceph: stderr
2024-09-15T22:06:45.730+0000 7f8b3241e640 1 -- 172.21.15.45:0/1961643916 wait complete.
2024-09-15T22:06:47.022 INFO:teuthology.orchestra.run.smithi045.stdout:/usr/bin/ceph: stderr
2024-09-15T22:06:45.731+0000 7f8b3241e640 1 Processor -- start
2024-09-15T22:06:47.022 INFO:teuthology.orchestra.run.smithi045.stdout:/usr/bin/ceph: stderr
2024-09-15T22:06:45.731+0000 7f8b3241e640 1 -- start start
2024-09-15T22:06:47.022 INFO:teuthology.orchestra.run.smithi045.stdout:/usr/bin/ceph: stderr
2024-09-15T22:06:45.731+0000 7f8b3241e640 1 --2- >> [v2:172.21.15.45:3300/0,v1:172.21.15.45:6789/0] conn(0x7f8b2c1081d0 0x7f8b2c19d8d0 unknown :-1 s=NONE pgs=0 cs=0 l=1 rev1=0 crypto rx=0 tx=0 comp rx=0 tx=0).connect
2024-09-15T22:06:47.022 INFO:teuthology.orchestra.run.smithi045.stdout:/usr/bin/ceph: stderr
2024-09-15T22:06:45.731+0000 7f8b3241e640 1 -- --> [v2:172.21.15.45:3300/0,v1:172.21.15.45:6789/0] -- mon_getmap magic: 0 -- 0x7f8b2c10bb40 con 0x7f8b2c1081d0
2024-09-15T22:06:47.023 INFO:teuthology.orchestra.run.smithi045.stdout:/usr/bin/ceph: stderr
2024-09-15T22:06:45.731+0000 7f8b2bfff640 1 --2- >> [v2:172.21.15.45:3300/0,v1:172.21.15.45:6789/0] conn(0x7f8b2c1081d0 0x7f8b2c19d8d0 unknown :-1 s=BANNER_CONNECTING pgs=0 cs=0 l=1 rev1=0 crypto rx=0 tx=0 comp rx=0 tx=0)._handle_peer_banner_payload supported=3 required=0
2024-09-15T22:06:47.023 INFO:teuthology.orchestra.run.smithi045.stdout:/usr/bin/ceph: stderr
2024-09-15T22:06:45.731+0000 7f8b2bfff640 1 --2- >> [v2:172.21.15.45:3300/0,v1:172.21.15.45:6789/0] conn(0x7f8b2c1081d0 0x7f8b2c19d8d0 unknown :-1 s=HELLO_CONNECTING pgs=0 cs=0 l=1 rev1=1 crypto rx=0 tx=0 comp rx=0 tx=0).handle_hello peer v2:172.21.15.45:3300/0 says I am v2:172.21.15.45:51006/0 (socket says 172.21.15.45:51006)
2024-09-15T22:06:47.023 INFO:teuthology.orchestra.run.smithi045.stdout:/usr/bin/ceph: stderr
2024-09-15T22:06:45.731+0000 7f8b2bfff640 1 -- 172.21.15.45:0/1438590821 learned_addr learned my addr 172.21.15.45:0/1438590821 (peer_addr_for_me v2:172.21.15.45:0/0)
2024-09-15T22:06:47.023 INFO:teuthology.orchestra.run.smithi045.stdout:/usr/bin/ceph: stderr
2024-09-15T22:06:45.732+0000 7f8b2bfff640 1 -- 172.21.15.45:0/1438590821 --> [v2:172.21.15.45:3300/0,v1:172.21.15.45:6789/0] -- mon_subscribe({config=0+,monmap=0+}) -- 0x7f8b2c19de10 con 0x7f8b2c1081d0
2024-09-15T22:06:47.023 INFO:teuthology.orchestra.run.smithi045.stdout:/usr/bin/ceph: stderr
2024-09-15T22:06:45.732+0000 7f8b2bfff640 1 --2- 172.21.15.45:0/1438590821 >> [v2:172.21.15.45:3300/0,v1:172.21.15.45:6789/0] conn(0x7f8b2c1081d0 0x7f8b2c19d8d0 secure :-1 s=READY pgs=21 cs=0 l=1 rev1=1 crypto rx=0x7f8b1c031000 tx=0x7f8b1c032e40 comp rx=0 tx=0).ready entity=mon.0 client_cookie=0 server_cookie=0 in_seq=0 out_seq=0
2024-09-15T22:06:47.023 INFO:teuthology.orchestra.run.smithi045.stdout:/usr/bin/ceph: stderr
2024-09-15T22:06:45.732+0000 7f8b297fa640 1 -- 172.21.15.45:0/1438590821 <== mon.0 v2:172.21.15.45:3300/0 1 ==== mon_map magic: 0 ==== 205+0+0 (secure 0 0 0) 0x7f8b1c042070 con 0x7f8b2c1081d0
2024-09-15T22:06:47.023 INFO:teuthology.orchestra.run.smithi045.stdout:/usr/bin/ceph: stderr
2024-09-15T22:06:45.732+0000 7f8b3241e640 1 -- 172.21.15.45:0/1438590821 --> [v2:172.21.15.45:3300/0,v1:172.21.15.45:6789/0] -- mon_subscribe({mgrmap=0+}) -- 0x7f8b2c19e0a0 con 0x7f8b2c1081d0
2024-09-15T22:06:47.023 INFO:teuthology.orchestra.run.smithi045.stdout:/usr/bin/ceph: stderr
2024-09-15T22:06:45.732+0000 7f8b3241e640 1 -- 172.21.15.45:0/1438590821 --> [v2:172.21.15.45:3300/0,v1:172.21.15.45:6789/0] -- mon_subscribe({osdmap=0}) -- 0x7f8b2c1a0d90 con 0x7f8b2c1081d0
2024-09-15T22:06:47.023 INFO:teuthology.orchestra.run.smithi045.stdout:/usr/bin/ceph: stderr
2024-09-15T22:06:45.732+0000 7f8b297fa640 1 -- 172.21.15.45:0/1438590821 <== mon.0 v2:172.21.15.45:3300/0 2 ==== config(28 keys) ==== 1143+0+0 (secure 0 0 0) 0x7f8b1c0326b0 con 0x7f8b2c1081d0
2024-09-15T22:06:47.023 INFO:teuthology.orchestra.run.smithi045.stdout:/usr/bin/ceph: stderr
2024-09-15T22:06:45.732+0000 7f8b297fa640 1 -- 172.21.15.45:0/1438590821 <== mon.0 v2:172.21.15.45:3300/0 3 ==== mon_map magic: 0 ==== 205+0+0 (secure 0 0 0) 0x7f8b1c037040 con 0x7f8b2c1081d0
2024-09-15T22:06:47.023 INFO:teuthology.orchestra.run.smithi045.stdout:/usr/bin/ceph: stderr
2024-09-15T22:06:45.733+0000 7f8b297fa640 1 -- 172.21.15.45:0/1438590821 <== mon.0 v2:172.21.15.45:3300/0 4 ==== mgrmap(e 4) ==== 46450+0+0 (secure 0 0 0) 0x7f8b1c045070 con 0x7f8b2c1081d0
2024-09-15T22:06:47.023 INFO:teuthology.orchestra.run.smithi045.stdout:/usr/bin/ceph: stderr
2024-09-15T22:06:45.733+0000 7f8b3241e640 1 -- 172.21.15.45:0/1438590821 --> [v2:172.21.15.45:3300/0,v1:172.21.15.45:6789/0] -- mon_command({"prefix": "get_command_descriptions"} v 0) -- 0x7f8b180052c0 con 0x7f8b2c1081d0
2024-09-15T22:06:47.023 INFO:teuthology.orchestra.run.smithi045.stdout:/usr/bin/ceph: stderr
2024-09-15T22:06:45.733+0000 7f8b297fa640 1 --2- 172.21.15.45:0/1438590821 >> [v2:172.21.15.45:6800/2191835021,v1:172.21.15.45:6801/2191835021] conn(0x7f8b14039110 0x7f8b1403b5d0 unknown :-1 s=NONE pgs=0 cs=0 l=1 rev1=0 crypto rx=0 tx=0 comp rx=0 tx=0).connect
2024-09-15T22:06:47.023 INFO:teuthology.orchestra.run.smithi045.stdout:/usr/bin/ceph: stderr
2024-09-15T22:06:45.733+0000 7f8b297fa640 1 -- 172.21.15.45:0/1438590821 <== mon.0 v2:172.21.15.45:3300/0 5 ==== osd_map(1..1 src has 1..1) ==== 725+0+0 (secure 0 0 0) 0x7f8b1c06c1a0 con 0x7f8b2c1081d0
2024-09-15T22:06:47.024 INFO:teuthology.orchestra.run.smithi045.stdout:/usr/bin/ceph: stderr
2024-09-15T22:06:45.733+0000 7f8b2b7fe640 1 --2- 172.21.15.45:0/1438590821 >> [v2:172.21.15.45:6800/2191835021,v1:172.21.15.45:6801/2191835021] conn(0x7f8b14039110 0x7f8b1403b5d0 unknown :-1 s=BANNER_CONNECTING pgs=0 cs=0 l=1 rev1=0 crypto rx=0 tx=0 comp rx=0 tx=0)._handle_peer_banner_payload supported=3 required=0
2024-09-15T22:06:47.024 INFO:teuthology.orchestra.run.smithi045.stdout:/usr/bin/ceph: stderr
2024-09-15T22:06:45.734+0000 7f8b2b7fe640 1 --2- 172.21.15.45:0/1438590821 >> [v2:172.21.15.45:6800/2191835021,v1:172.21.15.45:6801/2191835021] conn(0x7f8b14039110 0x7f8b1403b5d0 secure :-1 s=READY pgs=8 cs=0 l=1 rev1=1 crypto rx=0x7f8b200098c0 tx=0x7f8b20006db0 comp rx=0 tx=0).ready entity=mgr.14100 client_cookie=0 server_cookie=0 in_seq=0 out_seq=0
2024-09-15T22:06:47.024 INFO:teuthology.orchestra.run.smithi045.stdout:/usr/bin/ceph: stderr
2024-09-15T22:06:45.738+0000 7f8b297fa640 1 -- 172.21.15.45:0/1438590821 <== mon.0 v2:172.21.15.45:3300/0 6 ==== mon_command_ack([{"prefix": "get_command_descriptions"}]=0 v0) ==== 72+0+188821 (secure 0 0 0) 0x7f8b1c031e90 con 0x7f8b2c1081d0
2024-09-15T22:06:47.024 INFO:teuthology.orchestra.run.smithi045.stdout:/usr/bin/ceph: stderr
2024-09-15T22:06:45.961+0000 7f8b3241e640 1 -- 172.21.15.45:0/1438590821 --> [v2:172.21.15.45:3300/0,v1:172.21.15.45:6789/0] -- mon_command({"prefix": "mgr module enable", "module": "cephadm"} v 0) -- 0x7f8b180055b0 con 0x7f8b2c1081d0
2024-09-15T22:06:47.024 INFO:teuthology.orchestra.run.smithi045.stdout:/usr/bin/ceph: stderr
2024-09-15T22:06:46.436+0000 7f8b297fa640 1 -- 172.21.15.45:0/1438590821 <== mon.0 v2:172.21.15.45:3300/0 7 ==== mon_command_ack([{"prefix": "mgr module enable", "module": "cephadm"}]=0 v5) ==== 86+0+0 (secure 0 0 0) 0x7f8b1c045360 con 0x7f8b2c1081d0
2024-09-15T22:06:47.024 INFO:teuthology.orchestra.run.smithi045.stdout:/usr/bin/ceph: stderr
2024-09-15T22:06:46.438+0000 7f8b297fa640 1 -- 172.21.15.45:0/1438590821 <== mon.0 v2:172.21.15.45:3300/0 8 ==== mgrmap(e 5) ==== 46461+0+0 (secure 0 0 0) 0x7f8b1c03c7e0 con 0x7f8b2c1081d0
2024-09-15T22:06:47.024 INFO:teuthology.orchestra.run.smithi045.stdout:/usr/bin/ceph: stderr
2024-09-15T22:06:46.439+0000 7f8b3241e640 1 -- 172.21.15.45:0/1438590821 >> [v2:172.21.15.45:6800/2191835021,v1:172.21.15.45:6801/2191835021] conn(0x7f8b14039110 msgr2=0x7f8b1403b5d0 secure :-1 s=STATE_CONNECTION_ESTABLISHED l=1).mark_down
2024-09-15T22:06:47.024 INFO:teuthology.orchestra.run.smithi045.stdout:/usr/bin/ceph: stderr
2024-09-15T22:06:46.439+0000 7f8b3241e640 1 --2- 172.21.15.45:0/1438590821 >> [v2:172.21.15.45:6800/2191835021,v1:172.21.15.45:6801/2191835021] conn(0x7f8b14039110 0x7f8b1403b5d0 secure :-1 s=READY pgs=8 cs=0 l=1 rev1=1 crypto rx=0x7f8b200098c0 tx=0x7f8b20006db0 comp rx=0 tx=0).stop
2024-09-15T22:06:47.024 INFO:teuthology.orchestra.run.smithi045.stdout:/usr/bin/ceph: stderr
2024-09-15T22:06:46.439+0000 7f8b3241e640 1 -- 172.21.15.45:0/1438590821 >> [v2:172.21.15.45:3300/0,v1:172.21.15.45:6789/0] conn(0x7f8b2c1081d0 msgr2=0x7f8b2c19d8d0 secure :-1 s=STATE_CONNECTION_ESTABLISHED l=1).mark_down
2024-09-15T22:06:47.024 INFO:teuthology.orchestra.run.smithi045.stdout:/usr/bin/ceph: stderr
2024-09-15T22:06:46.439+0000 7f8b3241e640 1 --2- 172.21.15.45:0/1438590821 >> [v2:172.21.15.45:3300/0,v1:172.21.15.45:6789/0] conn(0x7f8b2c1081d0 0x7f8b2c19d8d0 secure :-1 s=READY pgs=21 cs=0 l=1 rev1=1 crypto rx=0x7f8b1c031000 tx=0x7f8b1c032e40 comp rx=0 tx=0).stop
2024-09-15T22:06:47.024 INFO:teuthology.orchestra.run.smithi045.stdout:/usr/bin/ceph: stderr
2024-09-15T22:06:46.440+0000 7f8b3241e640 1 -- 172.21.15.45:0/1438590821 shutdown_connections
2024-09-15T22:06:47.024 INFO:teuthology.orchestra.run.smithi045.stdout:/usr/bin/ceph: stderr
2024-09-15T22:06:46.440+0000 7f8b3241e640 1 --2- 172.21.15.45:0/1438590821 >> [v2:172.21.15.45:6800/2191835021,v1:172.21.15.45:6801/2191835021] conn(0x7f8b14039110 0x7f8b1403b5d0 unknown :-1 s=CLOSED pgs=8 cs=0 l=1 rev1=1 crypto rx=0 tx=0 comp rx=0 tx=0).stop
2024-09-15T22:06:47.025 INFO:teuthology.orchestra.run.smithi045.stdout:/usr/bin/ceph: stderr
2024-09-15T22:06:46.440+0000 7f8b3241e640 1 --2- 172.21.15.45:0/1438590821 >> [v2:172.21.15.45:3300/0,v1:172.21.15.45:6789/0] conn(0x7f8b2c1081d0 0x7f8b2c19d8d0 unknown :-1 s=CLOSED pgs=21 cs=0 l=1 rev1=1 crypto rx=0 tx=0 comp rx=0 tx=0).stop
2024-09-15T22:06:47.025 INFO:teuthology.orchestra.run.smithi045.stdout:/usr/bin/ceph: stderr
2024-09-15T22:06:46.440+0000 7f8b3241e640 1 -- 172.21.15.45:0/1438590821 >> 172.21.15.45:0/1438590821 conn(0x7f8b2c101e50 msgr2=0x7f8b2c1029e0 unknown :-1 s=STATE_NONE l=0).mark_down
2024-09-15T22:06:47.025 INFO:teuthology.orchestra.run.smithi045.stdout:/usr/bin/ceph: stderr
2024-09-15T22:06:46.440+0000 7f8b3241e640 1 -- 172.21.15.45:0/1438590821 shutdown_connections
2024-09-15T22:06:47.025 INFO:teuthology.orchestra.run.smithi045.stdout:/usr/bin/ceph: stderr
2024-09-15T22:06:46.440+0000 7f8b3241e640 1 -- 172.21.15.45:0/1438590821 wait complete.
2024-09-15T22:06:47.280 INFO:journalctl@ceph.mgr.x.smithi045.stdout:Sep 15 22:06:47 smithi045 ceph-a1911414-73ae-11ef-bceb-c7b262605968-mgr-x[31407]:
2024-09-15T22:06:47.031+0000 7fc837c35040 -1 mgr[py] Module test_orchestrator has missing NOTIFY_TYPES member
2024-09-15T22:06:47.280 INFO:journalctl@ceph.mgr.x.smithi045.stdout:Sep 15 22:06:47 smithi045 ceph-a1911414-73ae-11ef-bceb-c7b262605968-mgr-x[31407]:
2024-09-15T22:06:47.186+0000 7fc837c35040 -1 mgr[py] Module snap_schedule has missing NOTIFY_TYPES member
2024-09-15T22:06:47.549 INFO:journalctl@ceph.mgr.x.smithi045.stdout:Sep 15 22:06:47 smithi045 ceph-a1911414-73ae-11ef-bceb-c7b262605968-mgr-x[31407]:
2024-09-15T22:06:47.522+0000 7fc837c35040 -1 mgr[py] Module prometheus has missing NOTIFY_TYPES member
2024-09-15T22:06:47.550 INFO:journalctl@ceph.mon.a.smithi045.stdout:Sep 15 22:06:47 smithi045 ceph-mon[31180]: from='client.? 172.21.15.45:0/1438590821' entity='client.admin' cmd='[{"prefix": "mgr module enable", "module": "cephadm"}]': finished
2024-09-15T22:06:47.550 INFO:journalctl@ceph.mon.a.smithi045.stdout:Sep 15 22:06:47 smithi045 ceph-mon[31180]: mgrmap e5: x(active, since 5s)
2024-09-15T22:06:48.049 INFO:journalctl@ceph.mgr.x.smithi045.stdout:Sep 15 22:06:47 smithi045 ceph-a1911414-73ae-11ef-bceb-c7b262605968-mgr-x[31407]:
2024-09-15T22:06:47.587+0000 7fc837c35040 -1 mgr[py] Module selftest has missing NOTIFY_TYPES member
2024-09-15T22:06:48.050 INFO:journalctl@ceph.mgr.x.smithi045.stdout:Sep 15 22:06:47 smithi045 ceph-a1911414-73ae-11ef-bceb-c7b262605968-mgr-x[31407]:
2024-09-15T22:06:47.784+0000 7fc837c35040 -1 mgr[py] Module volumes has missing NOTIFY_TYPES member
2024-09-15T22:06:48.502 INFO:journalctl@ceph.mon.a.smithi045.stdout:Sep 15 22:06:48 smithi045 ceph-mon[31180]: from='client.? 172.21.15.45:0/1790850305' entity='client.admin' cmd=[{"prefix": "mgr stat"}]: dispatch
2024-09-15T22:06:48.510 INFO:teuthology.orchestra.run.smithi045.stdout:/usr/bin/ceph: stdout {
2024-09-15T22:06:48.511 INFO:teuthology.orchestra.run.smithi045.stdout:/usr/bin/ceph: stdout "epoch": 5,
2024-09-15T22:06:48.511 INFO:teuthology.orchestra.run.smithi045.stdout:/usr/bin/ceph: stdout "available": true,
2024-09-15T22:06:48.511 INFO:teuthology.orchestra.run.smithi045.stdout:/usr/bin/ceph: stdout "active_name": "x",
2024-09-15T22:06:48.511 INFO:teuthology.orchestra.run.smithi045.stdout:/usr/bin/ceph: stdout "num_standby": 0
2024-09-15T22:06:48.511 INFO:teuthology.orchestra.run.smithi045.stdout:/usr/bin/ceph: stdout }
2024-09-15T22:06:48.511 INFO:teuthology.orchestra.run.smithi045.stdout:/usr/bin/ceph: stderr
2024-09-15T22:06:47.452+0000 7ff8a60f1640 1 Processor -- start
2024-09-15T22:06:48.511 INFO:teuthology.orchestra.run.smithi045.stdout:/usr/bin/ceph: stderr
2024-09-15T22:06:47.452+0000 7ff8a60f1640 1 -- start start
2024-09-15T22:06:48.511 INFO:teuthology.orchestra.run.smithi045.stdout:/usr/bin/ceph: stderr
2024-09-15T22:06:47.453+0000 7ff8a60f1640 1 --2- >> [v2:172.21.15.45:3300/0,v1:172.21.15.45:6789/0] conn(0x7ff8a0108170 0x7ff8a010a560 unknown :-1 s=NONE pgs=0 cs=0 l=0 rev1=0 crypto rx=0 tx=0 comp rx=0 tx=0).connect
2024-09-15T22:06:48.511 INFO:teuthology.orchestra.run.smithi045.stdout:/usr/bin/ceph: stderr
2024-09-15T22:06:47.453+0000 7ff8a60f1640 1 -- --> [v2:172.21.15.45:3300/0,v1:172.21.15.45:6789/0] -- mon_getmap magic: 0 -- 0x7ff8a007be50 con 0x7ff8a0108170
2024-09-15T22:06:48.511 INFO:teuthology.orchestra.run.smithi045.stdout:/usr/bin/ceph: stderr
2024-09-15T22:06:47.453+0000 7ff89f7fe640 1 --2- >> [v2:172.21.15.45:3300/0,v1:172.21.15.45:6789/0] conn(0x7ff8a0108170 0x7ff8a010a560 unknown :-1 s=BANNER_CONNECTING pgs=0 cs=0 l=0 rev1=0 crypto rx=0 tx=0 comp rx=0 tx=0)._handle_peer_banner_payload supported=3 required=0
2024-09-15T22:06:48.511 INFO:teuthology.orchestra.run.smithi045.stdout:/usr/bin/ceph: stderr
2024-09-15T22:06:47.453+0000 7ff89f7fe640 1 --2- >> [v2:172.21.15.45:3300/0,v1:172.21.15.45:6789/0] conn(0x7ff8a0108170 0x7ff8a010a560 unknown :-1 s=HELLO_CONNECTING pgs=0 cs=0 l=0 rev1=1 crypto rx=0 tx=0 comp rx=0 tx=0).handle_hello peer v2:172.21.15.45:3300/0 says I am v2:172.21.15.45:51028/0 (socket says 172.21.15.45:51028)
2024-09-15T22:06:48.511 INFO:teuthology.orchestra.run.smithi045.stdout:/usr/bin/ceph: stderr
2024-09-15T22:06:47.453+0000 7ff89f7fe640 1 -- 172.21.15.45:0/428783471 learned_addr learned my addr 172.21.15.45:0/428783471 (peer_addr_for_me v2:172.21.15.45:0/0)
2024-09-15T22:06:48.511 INFO:teuthology.orchestra.run.smithi045.stdout:/usr/bin/ceph: stderr
2024-09-15T22:06:47.453+0000 7ff89f7fe640 1 -- 172.21.15.45:0/428783471 --> [v2:172.21.15.45:3300/0,v1:172.21.15.45:6789/0] -- mon_subscribe({config=0+,monmap=0+}) -- 0x7ff8a010aaa0 con 0x7ff8a0108170
2024-09-15T22:06:48.512 INFO:teuthology.orchestra.run.smithi045.stdout:/usr/bin/ceph: stderr
2024-09-15T22:06:47.454+0000 7ff89f7fe640 1 --2- 172.21.15.45:0/428783471 >> [v2:172.21.15.45:3300/0,v1:172.21.15.45:6789/0] conn(0x7ff8a0108170 0x7ff8a010a560 secure :-1 s=READY pgs=24 cs=0 l=1 rev1=1 crypto rx=0x7ff890009820 tx=0x7ff89002a270 comp rx=0 tx=0).ready entity=mon.0 client_cookie=78364ea389f22950 server_cookie=0 in_seq=0 out_seq=0
2024-09-15T22:06:48.512 INFO:teuthology.orchestra.run.smithi045.stdout:/usr/bin/ceph: stderr
2024-09-15T22:06:47.454+0000 7ff89e7fc640 1 -- 172.21.15.45:0/428783471 <== mon.0 v2:172.21.15.45:3300/0 1 ==== mon_map magic: 0 ==== 205+0+0 (secure 0 0 0) 0x7ff890037070 con 0x7ff8a0108170
2024-09-15T22:06:48.512 INFO:teuthology.orchestra.run.smithi045.stdout:/usr/bin/ceph: stderr
2024-09-15T22:06:47.454+0000 7ff89e7fc640 1 -- 172.21.15.45:0/428783471 <== mon.0 v2:172.21.15.45:3300/0 2 ==== config(28 keys) ==== 1143+0+0 (secure 0 0 0) 0x7ff890032920 con 0x7ff8a0108170
2024-09-15T22:06:48.512 INFO:teuthology.orchestra.run.smithi045.stdout:/usr/bin/ceph: stderr
2024-09-15T22:06:47.454+0000 7ff89e7fc640 1 -- 172.21.15.45:0/428783471 <== mon.0 v2:172.21.15.45:3300/0 3 ==== mon_map magic: 0 ==== 205+0+0 (secure 0 0 0) 0x7ff890030950 con 0x7ff8a0108170
2024-09-15T22:06:48.512 INFO:teuthology.orchestra.run.smithi045.stdout:/usr/bin/ceph: stderr
2024-09-15T22:06:47.455+0000 7ff8a60f1640 1 -- 172.21.15.45:0/428783471 >> [v2:172.21.15.45:3300/0,v1:172.21.15.45:6789/0] conn(0x7ff8a0108170 msgr2=0x7ff8a010a560 secure :-1 s=STATE_CONNECTION_ESTABLISHED l=1).mark_down
2024-09-15T22:06:48.512 INFO:teuthology.orchestra.run.smithi045.stdout:/usr/bin/ceph: stderr
2024-09-15T22:06:47.455+0000 7ff8a60f1640 1 --2- 172.21.15.45:0/428783471 >> [v2:172.21.15.45:3300/0,v1:172.21.15.45:6789/0] conn(0x7ff8a0108170 0x7ff8a010a560 secure :-1 s=READY pgs=24 cs=0 l=1 rev1=1 crypto rx=0x7ff890009820 tx=0x7ff89002a270 comp rx=0 tx=0).stop
2024-09-15T22:06:48.512 INFO:teuthology.orchestra.run.smithi045.stdout:/usr/bin/ceph: stderr
2024-09-15T22:06:47.455+0000 7ff8a60f1640 1 -- 172.21.15.45:0/428783471 shutdown_connections
2024-09-15T22:06:48.512 INFO:teuthology.orchestra.run.smithi045.stdout:/usr/bin/ceph: stderr
2024-09-15T22:06:47.455+0000 7ff8a60f1640 1 --2- 172.21.15.45:0/428783471 >> [v2:172.21.15.45:3300/0,v1:172.21.15.45:6789/0] conn(0x7ff8a0108170 0x7ff8a010a560 unknown :-1 s=CLOSED pgs=24 cs=0 l=1 rev1=1 crypto rx=0 tx=0 comp rx=0 tx=0).stop
2024-09-15T22:06:48.512 INFO:teuthology.orchestra.run.smithi045.stdout:/usr/bin/ceph: stderr
2024-09-15T22:06:47.455+0000 7ff8a60f1640 1 -- 172.21.15.45:0/428783471 >> 172.21.15.45:0/428783471 conn(0x7ff8a0101df0 msgr2=0x7ff8a0104210 unknown :-1 s=STATE_NONE l=0).mark_down
2024-09-15T22:06:48.512 INFO:teuthology.orchestra.run.smithi045.stdout:/usr/bin/ceph: stderr
2024-09-15T22:06:47.455+0000 7ff8a60f1640 1 -- 172.21.15.45:0/428783471 shutdown_connections
2024-09-15T22:06:48.512 INFO:teuthology.orchestra.run.smithi045.stdout:/usr/bin/ceph: stderr
2024-09-15T22:06:47.455+0000 7ff8a60f1640 1 -- 172.21.15.45:0/428783471 wait complete.
2024-09-15T22:06:48.512 INFO:teuthology.orchestra.run.smithi045.stdout:/usr/bin/ceph: stderr
2024-09-15T22:06:47.455+0000 7ff8a60f1640 1 Processor -- start
2024-09-15T22:06:48.513 INFO:teuthology.orchestra.run.smithi045.stdout:/usr/bin/ceph: stderr
2024-09-15T22:06:47.456+0000 7ff8a60f1640 1 -- start start
2024-09-15T22:06:48.513 INFO:teuthology.orchestra.run.smithi045.stdout:/usr/bin/ceph: stderr
2024-09-15T22:06:47.456+0000 7ff8a60f1640 1 --2- >> [v2:172.21.15.45:3300/0,v1:172.21.15.45:6789/0] conn(0x7ff8a0108170 0x7ff8a019b750 unknown :-1 s=NONE pgs=0 cs=0 l=1 rev1=0 crypto rx=0 tx=0 comp rx=0 tx=0).connect
2024-09-15T22:06:48.513 INFO:teuthology.orchestra.run.smithi045.stdout:/usr/bin/ceph: stderr
2024-09-15T22:06:47.456+0000 7ff8a60f1640 1 -- --> [v2:172.21.15.45:3300/0,v1:172.21.15.45:6789/0] -- mon_getmap magic: 0 -- 0x7ff8a010bb40 con 0x7ff8a0108170
2024-09-15T22:06:48.513 INFO:teuthology.orchestra.run.smithi045.stdout:/usr/bin/ceph: stderr
2024-09-15T22:06:47.456+0000 7ff89f7fe640 1 --2- >> [v2:172.21.15.45:3300/0,v1:172.21.15.45:6789/0] conn(0x7ff8a0108170 0x7ff8a019b750 unknown :-1 s=BANNER_CONNECTING pgs=0 cs=0 l=1 rev1=0 crypto rx=0 tx=0 comp rx=0 tx=0)._handle_peer_banner_payload supported=3 required=0
2024-09-15T22:06:48.513 INFO:teuthology.orchestra.run.smithi045.stdout:/usr/bin/ceph: stderr
2024-09-15T22:06:47.456+0000 7ff89f7fe640 1 --2- >> [v2:172.21.15.45:3300/0,v1:172.21.15.45:6789/0] conn(0x7ff8a0108170 0x7ff8a019b750 unknown :-1 s=HELLO_CONNECTING pgs=0 cs=0 l=1 rev1=1 crypto rx=0 tx=0 comp rx=0 tx=0).handle_hello peer v2:172.21.15.45:3300/0 says I am v2:172.21.15.45:51040/0 (socket says 172.21.15.45:51040)
2024-09-15T22:06:48.513 INFO:teuthology.orchestra.run.smithi045.stdout:/usr/bin/ceph: stderr
2024-09-15T22:06:47.456+0000 7ff89f7fe640 1 -- 172.21.15.45:0/1790850305 learned_addr learned my addr 172.21.15.45:0/1790850305 (peer_addr_for_me v2:172.21.15.45:0/0)
2024-09-15T22:06:48.513 INFO:teuthology.orchestra.run.smithi045.stdout:/usr/bin/ceph: stderr
2024-09-15T22:06:47.456+0000 7ff89f7fe640 1 -- 172.21.15.45:0/1790850305 --> [v2:172.21.15.45:3300/0,v1:172.21.15.45:6789/0] -- mon_subscribe({config=0+,monmap=0+}) -- 0x7ff8a019bc90 con 0x7ff8a0108170
2024-09-15T22:06:48.513 INFO:teuthology.orchestra.run.smithi045.stdout:/usr/bin/ceph: stderr
2024-09-15T22:06:47.456+0000 7ff89f7fe640 1 --2- 172.21.15.45:0/1790850305 >> [v2:172.21.15.45:3300/0,v1:172.21.15.45:6789/0] conn(0x7ff8a0108170 0x7ff8a019b750 secure :-1 s=READY pgs=25 cs=0 l=1 rev1=1 crypto rx=0x7ff890031000 tx=0x7ff890032e40 comp rx=0 tx=0).ready entity=mon.0 client_cookie=0 server_cookie=0 in_seq=0 out_seq=0
2024-09-15T22:06:48.513 INFO:teuthology.orchestra.run.smithi045.stdout:/usr/bin/ceph: stderr
2024-09-15T22:06:47.457+0000 7ff89cff9640 1 -- 172.21.15.45:0/1790850305 <== mon.0 v2:172.21.15.45:3300/0 1 ==== mon_map magic: 0 ==== 205+0+0 (secure 0 0 0) 0x7ff890042070 con 0x7ff8a0108170
2024-09-15T22:06:48.513 INFO:teuthology.orchestra.run.smithi045.stdout:/usr/bin/ceph: stderr
2024-09-15T22:06:47.457+0000 7ff8a60f1640 1 -- 172.21.15.45:0/1790850305 --> [v2:172.21.15.45:3300/0,v1:172.21.15.45:6789/0] -- mon_subscribe({mgrmap=0+}) -- 0x7ff8a019bf20 con 0x7ff8a0108170
2024-09-15T22:06:48.513 INFO:teuthology.orchestra.run.smithi045.stdout:/usr/bin/ceph: stderr
2024-09-15T22:06:47.457+0000 7ff89cff9640 1 -- 172.21.15.45:0/1790850305 <== mon.0 v2:172.21.15.45:3300/0 2 ==== config(28 keys) ==== 1143+0+0 (secure 0 0 0) 0x7ff8900326b0 con 0x7ff8a0108170
2024-09-15T22:06:48.513 INFO:teuthology.orchestra.run.smithi045.stdout:/usr/bin/ceph: stderr
2024-09-15T22:06:47.457+0000 7ff89cff9640 1 -- 172.21.15.45:0/1790850305 <== mon.0 v2:172.21.15.45:3300/0 3 ==== mon_map magic: 0 ==== 205+0+0 (secure 0 0 0) 0x7ff890037040 con 0x7ff8a0108170
2024-09-15T22:06:48.513 INFO:teuthology.orchestra.run.smithi045.stdout:/usr/bin/ceph: stderr
2024-09-15T22:06:47.457+0000 7ff8a60f1640 1 -- 172.21.15.45:0/1790850305 --> [v2:172.21.15.45:3300/0,v1:172.21.15.45:6789/0] -- mon_subscribe({osdmap=0}) -- 0x7ff8a019ec10 con 0x7ff8a0108170
2024-09-15T22:06:48.514 INFO:teuthology.orchestra.run.smithi045.stdout:/usr/bin/ceph: stderr
2024-09-15T22:06:47.457+0000 7ff89cff9640 1 -- 172.21.15.45:0/1790850305 <== mon.0 v2:172.21.15.45:3300/0 4 ==== mgrmap(e 5) ==== 46461+0+0 (secure 0 0 0) 0x7ff890045070 con 0x7ff8a0108170
2024-09-15T22:06:48.514 INFO:teuthology.orchestra.run.smithi045.stdout:/usr/bin/ceph: stderr
2024-09-15T22:06:47.458+0000 7ff8a60f1640 1 -- 172.21.15.45:0/1790850305 --> [v2:172.21.15.45:3300/0,v1:172.21.15.45:6789/0] -- mon_command({"prefix": "get_command_descriptions"} v 0) -- 0x7ff8a01085d0 con 0x7ff8a0108170
2024-09-15T22:06:48.514 INFO:teuthology.orchestra.run.smithi045.stdout:/usr/bin/ceph: stderr
2024-09-15T22:06:47.458+0000 7ff89cff9640 1 --2- 172.21.15.45:0/1790850305 >> [v2:172.21.15.45:6800/2191835021,v1:172.21.15.45:6801/2191835021] conn(0x7ff88c0391b0 0x7ff88c03b670 unknown :-1 s=NONE pgs=0 cs=0 l=1 rev1=0 crypto rx=0 tx=0 comp rx=0 tx=0).connect
2024-09-15T22:06:48.514 INFO:teuthology.orchestra.run.smithi045.stdout:/usr/bin/ceph: stderr
2024-09-15T22:06:47.458+0000 7ff89cff9640 1 -- 172.21.15.45:0/1790850305 <== mon.0 v2:172.21.15.45:3300/0 5 ==== osd_map(1..1 src has 1..1) ==== 725+0+0 (secure 0 0 0) 0x7ff89006c280 con 0x7ff8a0108170
2024-09-15T22:06:48.514 INFO:teuthology.orchestra.run.smithi045.stdout:/usr/bin/ceph: stderr
2024-09-15T22:06:47.458+0000 7ff89effd640 1 -- 172.21.15.45:0/1790850305 >> [v2:172.21.15.45:6800/2191835021,v1:172.21.15.45:6801/2191835021] conn(0x7ff88c0391b0 msgr2=0x7ff88c03b670 unknown :-1 s=STATE_CONNECTING_RE l=1).process reconnect failed to v2:172.21.15.45:6800/2191835021
2024-09-15T22:06:48.514 INFO:teuthology.orchestra.run.smithi045.stdout:/usr/bin/ceph: stderr
2024-09-15T22:06:47.458+0000 7ff89effd640 1 --2- 172.21.15.45:0/1790850305 >> [v2:172.21.15.45:6800/2191835021,v1:172.21.15.45:6801/2191835021] conn(0x7ff88c0391b0 0x7ff88c03b670 unknown :-1 s=START_CONNECT pgs=0 cs=0 l=1 rev1=0 crypto rx=0 tx=0 comp rx=0 tx=0)._fault waiting 0.200000
2024-09-15T22:06:48.514 INFO:teuthology.orchestra.run.smithi045.stdout:/usr/bin/ceph: stderr
2024-09-15T22:06:47.463+0000 7ff89cff9640 1 -- 172.21.15.45:0/1790850305 <== mon.0 v2:172.21.15.45:3300/0 6 ==== mon_command_ack([{"prefix": "get_command_descriptions"}]=0 v0) ==== 72+0+188821 (secure 0 0 0) 0x7ff89004b170 con 0x7ff8a0108170
2024-09-15T22:06:48.514 INFO:teuthology.orchestra.run.smithi045.stdout:/usr/bin/ceph: stderr
2024-09-15T22:06:47.659+0000 7ff89effd640 1 -- 172.21.15.45:0/1790850305 >> [v2:172.21.15.45:6800/2191835021,v1:172.21.15.45:6801/2191835021] conn(0x7ff88c0391b0 msgr2=0x7ff88c03b670 unknown :-1 s=STATE_CONNECTING_RE l=1).process reconnect failed to v2:172.21.15.45:6800/2191835021
2024-09-15T22:06:48.514 INFO:teuthology.orchestra.run.smithi045.stdout:/usr/bin/ceph: stderr
2024-09-15T22:06:47.659+0000 7ff89effd640 1 --2- 172.21.15.45:0/1790850305 >> [v2:172.21.15.45:6800/2191835021,v1:172.21.15.45:6801/2191835021] conn(0x7ff88c0391b0 0x7ff88c03b670 unknown :-1 s=START_CONNECT pgs=0 cs=0 l=1 rev1=0 crypto rx=0 tx=0 comp rx=0 tx=0)._fault waiting 0.400000
2024-09-15T22:06:48.514 INFO:teuthology.orchestra.run.smithi045.stdout:/usr/bin/ceph: stderr
2024-09-15T22:06:47.686+0000 7ff8a60f1640 1 -- 172.21.15.45:0/1790850305 --> [v2:172.21.15.45:3300/0,v1:172.21.15.45:6789/0] -- mon_command({"prefix": "mgr stat"} v 0) -- 0x7ff8a019f220 con 0x7ff8a0108170
2024-09-15T22:06:48.514 INFO:teuthology.orchestra.run.smithi045.stdout:/usr/bin/ceph: stderr
2024-09-15T22:06:47.687+0000 7ff89cff9640 1 -- 172.21.15.45:0/1790850305 <== mon.0 v2:172.21.15.45:3300/0 7 ==== mon_command_ack([{"prefix": "mgr stat"}]=0 v5) ==== 56+0+88 (secure 0 0 0) 0x7ff89006bca0 con 0x7ff8a0108170
2024-09-15T22:06:48.514 INFO:teuthology.orchestra.run.smithi045.stdout:/usr/bin/ceph: stderr
2024-09-15T22:06:47.689+0000 7ff8a60f1640 1 -- 172.21.15.45:0/1790850305 >> [v2:172.21.15.45:6800/2191835021,v1:172.21.15.45:6801/2191835021] conn(0x7ff88c0391b0 msgr2=0x7ff88c03b670 unknown :-1 s=STATE_CONNECTING l=1).mark_down
2024-09-15T22:06:48.514 INFO:teuthology.orchestra.run.smithi045.stdout:/usr/bin/ceph: stderr
2024-09-15T22:06:47.689+0000 7ff8a60f1640 1 --2- 172.21.15.45:0/1790850305 >> [v2:172.21.15.45:6800/2191835021,v1:172.21.15.45:6801/2191835021] conn(0x7ff88c0391b0 0x7ff88c03b670 unknown :-1 s=START_CONNECT pgs=0 cs=0 l=1 rev1=0 crypto rx=0 tx=0 comp rx=0 tx=0).stop
2024-09-15T22:06:48.514 INFO:teuthology.orchestra.run.smithi045.stdout:/usr/bin/ceph: stderr
2024-09-15T22:06:47.689+0000 7ff8a60f1640 1 -- 172.21.15.45:0/1790850305 >> [v2:172.21.15.45:3300/0,v1:172.21.15.45:6789/0] conn(0x7ff8a0108170 msgr2=0x7ff8a019b750 secure :-1 s=STATE_CONNECTION_ESTABLISHED l=1).mark_down
2024-09-15T22:06:48.515 INFO:teuthology.orchestra.run.smithi045.stdout:/usr/bin/ceph: stderr
2024-09-15T22:06:47.689+0000 7ff8a60f1640 1 --2- 172.21.15.45:0/1790850305 >> [v2:172.21.15.45:3300/0,v1:172.21.15.45:6789/0] conn(0x7ff8a0108170 0x7ff8a019b750 secure :-1 s=READY pgs=25 cs=0 l=1 rev1=1 crypto rx=0x7ff890031000 tx=0x7ff890032e40 comp rx=0 tx=0).stop
2024-09-15T22:06:48.515 INFO:teuthology.orchestra.run.smithi045.stdout:/usr/bin/ceph: stderr
2024-09-15T22:06:47.689+0000 7ff8a60f1640 1 -- 172.21.15.45:0/1790850305 shutdown_connections
2024-09-15T22:06:48.515 INFO:teuthology.orchestra.run.smithi045.stdout:/usr/bin/ceph: stderr
2024-09-15T22:06:47.689+0000 7ff8a60f1640 1 --2- 172.21.15.45:0/1790850305 >> [v2:172.21.15.45:6800/2191835021,v1:172.21.15.45:6801/2191835021] conn(0x7ff88c0391b0 0x7ff88c03b670 unknown :-1 s=CLOSED pgs=0 cs=0 l=1 rev1=0 crypto rx=0 tx=0 comp rx=0 tx=0).stop
2024-09-15T22:06:48.515 INFO:teuthology.orchestra.run.smithi045.stdout:/usr/bin/ceph: stderr
2024-09-15T22:06:47.689+0000 7ff8a60f1640 1 --2- 172.21.15.45:0/1790850305 >> [v2:172.21.15.45:3300/0,v1:172.21.15.45:6789/0] conn(0x7ff8a0108170 0x7ff8a019b750 unknown :-1 s=CLOSED pgs=25 cs=0 l=1 rev1=1 crypto rx=0 tx=0 comp rx=0 tx=0).stop
2024-09-15T22:06:48.515 INFO:teuthology.orchestra.run.smithi045.stdout:/usr/bin/ceph: stderr
2024-09-15T22:06:47.689+0000 7ff8a60f1640 1 -- 172.21.15.45:0/1790850305 >> 172.21.15.45:0/1790850305 conn(0x7ff8a0101df0 msgr2=0x7ff8a0102a30 unknown :-1 s=STATE_NONE l=0).mark_down
2024-09-15T22:06:48.515 INFO:teuthology.orchestra.run.smithi045.stdout:/usr/bin/ceph: stderr
2024-09-15T22:06:47.689+0000 7ff8a60f1640 1 -- 172.21.15.45:0/1790850305 shutdown_connections
2024-09-15T22:06:48.515 INFO:teuthology.orchestra.run.smithi045.stdout:/usr/bin/ceph: stderr
2024-09-15T22:06:47.689+0000 7ff8a60f1640 1 -- 172.21.15.45:0/1790850305 wait complete.
2024-09-15T22:06:48.515 INFO:teuthology.orchestra.run.smithi045.stdout:Waiting for the mgr to restart...
2024-09-15T22:06:48.515 INFO:teuthology.orchestra.run.smithi045.stdout:Waiting for mgr epoch 5...
2024-09-15T22:06:48.796 INFO:journalctl@ceph.mgr.x.smithi045.stdout:Sep 15 22:06:48 smithi045 ceph-a1911414-73ae-11ef-bceb-c7b262605968-mgr-x[31407]:
2024-09-15T22:06:48.723+0000 7fc837c35040 -1 mgr[py] Module telemetry has missing NOTIFY_TYPES member
2024-09-15T22:06:48.797 INFO:journalctl@ceph.mgr.x.smithi045.stdout:Sep 15 22:06:48 smithi045 ceph-a1911414-73ae-11ef-bceb-c7b262605968-mgr-x[31407]:
2024-09-15T22:06:48.794+0000 7fc837c35040 -1 mgr[py] Module balancer has missing NOTIFY_TYPES member
2024-09-15T22:06:49.799 INFO:journalctl@ceph.mgr.x.smithi045.stdout:Sep 15 22:06:49 smithi045 ceph-a1911414-73ae-11ef-bceb-c7b262605968-mgr-x[31407]:
2024-09-15T22:06:49.548+0000 7fc837c35040 -1 mgr[py] Module rook has missing NOTIFY_TYPES member
2024-09-15T22:06:49.800 INFO:journalctl@ceph.mgr.x.smithi045.stdout:Sep 15 22:06:49 smithi045 ceph-a1911414-73ae-11ef-bceb-c7b262605968-mgr-x[31407]:
2024-09-15T22:06:49.669+0000 7fc837c35040 -1 mgr[py] Module iostat has missing NOTIFY_TYPES member
2024-09-15T22:06:50.113 INFO:journalctl@ceph.mgr.x.smithi045.stdout:Sep 15 22:06:49 smithi045 ceph-a1911414-73ae-11ef-bceb-c7b262605968-mgr-x[31407]:
2024-09-15T22:06:49.819+0000 7fc837c35040 -1 mgr[py] Module orchestrator has missing NOTIFY_TYPES member
2024-09-15T22:06:50.113 INFO:journalctl@ceph.mgr.x.smithi045.stdout:Sep 15 22:06:49 smithi045 ceph-a1911414-73ae-11ef-bceb-c7b262605968-mgr-x[31407]:
2024-09-15T22:06:49.883+0000 7fc837c35040 -1 mgr[py] Module devicehealth has missing NOTIFY_TYPES member
2024-09-15T22:06:50.113 INFO:journalctl@ceph.mgr.x.smithi045.stdout:Sep 15 22:06:50 smithi045 ceph-a1911414-73ae-11ef-bceb-c7b262605968-mgr-x[31407]:
2024-09-15T22:06:50.040+0000 7fc837c35040 -1 mgr[py] Module rgw has missing NOTIFY_TYPES member
2024-09-15T22:06:50.113 INFO:journalctl@ceph.mgr.x.smithi045.stdout:Sep 15 22:06:50 smithi045 ceph-a1911414-73ae-11ef-bceb-c7b262605968-mgr-x[31407]:
2024-09-15T22:06:50.111+0000 7fc837c35040 -1 mgr[py] Module alerts has missing NOTIFY_TYPES member
2024-09-15T22:06:50.410 INFO:journalctl@ceph.mgr.x.smithi045.stdout:Sep 15 22:06:50 smithi045 ceph-a1911414-73ae-11ef-bceb-c7b262605968-mgr-x[31407]:
2024-09-15T22:06:50.174+0000 7fc837c35040 -1 mgr[py] Module progress has missing NOTIFY_TYPES member
2024-09-15T22:06:50.410 INFO:journalctl@ceph.mgr.x.smithi045.stdout:Sep 15 22:06:50 smithi045 ceph-a1911414-73ae-11ef-bceb-c7b262605968-mgr-x[31407]:
2024-09-15T22:06:50.340+0000 7fc837c35040 -1 mgr[py] Module nfs has missing NOTIFY_TYPES member
2024-09-15T22:06:50.410 INFO:journalctl@ceph.mgr.x.smithi045.stdout:Sep 15 22:06:50 smithi045 ceph-a1911414-73ae-11ef-bceb-c7b262605968-mgr-x[31407]:
2024-09-15T22:06:50.408+0000 7fc837c35040 -1 mgr[py] Module status has missing NOTIFY_TYPES member
2024-09-15T22:06:50.691 INFO:journalctl@ceph.mgr.x.smithi045.stdout:Sep 15 22:06:50 smithi045 ceph-a1911414-73ae-11ef-bceb-c7b262605968-mgr-x[31407]:
2024-09-15T22:06:50.478+0000 7fc837c35040 -1 mgr[py] Module pg_autoscaler has missing NOTIFY_TYPES member
2024-09-15T22:06:50.691 INFO:journalctl@ceph.mgr.x.smithi045.stdout:Sep 15 22:06:50 smithi045 ceph-a1911414-73ae-11ef-bceb-c7b262605968-mgr-x[31407]:
2024-09-15T22:06:50.564+0000 7fc837c35040 -1 mgr[py] Module rbd_support has missing NOTIFY_TYPES member
2024-09-15T22:06:50.691 INFO:journalctl@ceph.mgr.x.smithi045.stdout:Sep 15 22:06:50 smithi045 ceph-a1911414-73ae-11ef-bceb-c7b262605968-mgr-x[31407]:
2024-09-15T22:06:50.627+0000 7fc837c35040 -1 mgr[py] Module influx has missing NOTIFY_TYPES member
2024-09-15T22:06:50.691 INFO:journalctl@ceph.mgr.x.smithi045.stdout:Sep 15 22:06:50 smithi045 ceph-a1911414-73ae-11ef-bceb-c7b262605968-mgr-x[31407]:
2024-09-15T22:06:50.689+0000 7fc837c35040 -1 mgr[py] Module zabbix has missing NOTIFY_TYPES member
2024-09-15T22:06:51.799 INFO:journalctl@ceph.mgr.x.smithi045.stdout:Sep 15 22:06:51 smithi045 ceph-a1911414-73ae-11ef-bceb-c7b262605968-mgr-x[31407]:
2024-09-15T22:06:51.519+0000 7fc837c35040 -1 mgr[py] Module telegraf has missing NOTIFY_TYPES member
2024-09-15T22:06:51.800 INFO:journalctl@ceph.mon.a.smithi045.stdout:Sep 15 22:06:51 smithi045 ceph-mon[31180]: Active manager daemon x restarted
2024-09-15T22:06:51.800 INFO:journalctl@ceph.mon.a.smithi045.stdout:Sep 15 22:06:51 smithi045 ceph-mon[31180]: Activating manager daemon x
2024-09-15T22:06:51.800 INFO:journalctl@ceph.mon.a.smithi045.stdout:Sep 15 22:06:51 smithi045 ceph-mon[31180]: osdmap e2: 0 total, 0 up, 0 in
2024-09-15T22:06:51.800 INFO:journalctl@ceph.mon.a.smithi045.stdout:Sep 15 22:06:51 smithi045 ceph-mon[31180]: mgrmap e6: x(active, starting, since 0.00363371s)
2024-09-15T22:06:51.800 INFO:journalctl@ceph.mon.a.smithi045.stdout:Sep 15 22:06:51 smithi045 ceph-mon[31180]: from='mgr.14118 172.21.15.45:0/870050051' entity='mgr.x' cmd=[{"prefix": "mon metadata", "id": "a"}]: dispatch
2024-09-15T22:06:51.800 INFO:journalctl@ceph.mon.a.smithi045.stdout:Sep 15 22:06:51 smithi045 ceph-mon[31180]: from='mgr.14118 172.21.15.45:0/870050051' entity='mgr.x' cmd=[{"prefix": "mgr metadata", "who": "x", "id": "x"}]: dispatch
2024-09-15T22:06:51.800 INFO:journalctl@ceph.mon.a.smithi045.stdout:Sep 15 22:06:51 smithi045 ceph-mon[31180]: from='mgr.14118 172.21.15.45:0/870050051' entity='mgr.x' cmd=[{"prefix": "mds metadata"}]: dispatch
2024-09-15T22:06:51.800 INFO:journalctl@ceph.mon.a.smithi045.stdout:Sep 15 22:06:51 smithi045 ceph-mon[31180]: from='mgr.14118 172.21.15.45:0/870050051' entity='mgr.x' cmd=[{"prefix": "osd metadata"}]: dispatch
2024-09-15T22:06:51.800 INFO:journalctl@ceph.mon.a.smithi045.stdout:Sep 15 22:06:51 smithi045 ceph-mon[31180]: from='mgr.14118 172.21.15.45:0/870050051' entity='mgr.x' cmd=[{"prefix": "mon metadata"}]: dispatch
2024-09-15T22:06:51.800 INFO:journalctl@ceph.mon.a.smithi045.stdout:Sep 15 22:06:51 smithi045 ceph-mon[31180]: Manager daemon x is now available
2024-09-15T22:06:51.800 INFO:journalctl@ceph.mon.a.smithi045.stdout:Sep 15 22:06:51 smithi045 ceph-mon[31180]: from='mgr.14118 172.21.15.45:0/870050051' entity='mgr.x'
2024-09-15T22:06:51.801 INFO:journalctl@ceph.mon.a.smithi045.stdout:Sep 15 22:06:51 smithi045 ceph-mon[31180]: from='mgr.14118 172.21.15.45:0/870050051' entity='mgr.x'
2024-09-15T22:06:51.801 INFO:journalctl@ceph.mon.a.smithi045.stdout:Sep 15 22:06:51 smithi045 ceph-mon[31180]: from='mgr.14118 172.21.15.45:0/870050051' entity='mgr.x' cmd=[{"prefix": "config dump", "format": "json"}]: dispatch
2024-09-15T22:06:51.801 INFO:journalctl@ceph.mon.a.smithi045.stdout:Sep 15 22:06:51 smithi045 ceph-mon[31180]: from='mgr.14118 172.21.15.45:0/870050051' entity='mgr.x' cmd=[{"prefix": "config dump", "format": "json"}]: dispatch
2024-09-15T22:06:51.801 INFO:journalctl@ceph.mon.a.smithi045.stdout:Sep 15 22:06:51 smithi045 ceph-mon[31180]: from='mgr.14118 172.21.15.45:0/870050051' entity='mgr.x' cmd=[{"prefix":"config rm","who":"mgr","name":"mgr/rbd_support/x/mirror_snapshot_schedule"}]: dispatch
2024-09-15T22:06:51.801 INFO:journalctl@ceph.mon.a.smithi045.stdout:Sep 15 22:06:51 smithi045 ceph-mon[31180]: from='mgr.14118 172.21.15.45:0/870050051' entity='mgr.x' cmd=[{"prefix":"config rm","who":"mgr","name":"mgr/rbd_support/x/trash_purge_schedule"}]: dispatch
2024-09-15T22:06:52.799 INFO:journalctl@ceph.mon.a.smithi045.stdout:Sep 15 22:06:52 smithi045 ceph-mon[31180]: Found migration_current of "None". Setting to last migration.
2024-09-15T22:06:52.799 INFO:journalctl@ceph.mon.a.smithi045.stdout:Sep 15 22:06:52 smithi045 ceph-mon[31180]: mgrmap e7: x(active, since 1.00568s)
2024-09-15T22:06:53.075 INFO:teuthology.orchestra.run.smithi045.stdout:/usr/bin/ceph: stdout {
2024-09-15T22:06:53.075 INFO:teuthology.orchestra.run.smithi045.stdout:/usr/bin/ceph: stdout "mgrmap_epoch": 7,
2024-09-15T22:06:53.076 INFO:teuthology.orchestra.run.smithi045.stdout:/usr/bin/ceph: stdout "initialized": true
2024-09-15T22:06:53.076 INFO:teuthology.orchestra.run.smithi045.stdout:/usr/bin/ceph: stdout }
2024-09-15T22:06:53.076 INFO:teuthology.orchestra.run.smithi045.stdout:/usr/bin/ceph: stderr
2024-09-15T22:06:48.912+0000 7fa4a616a640 1 Processor -- start
2024-09-15T22:06:53.076 INFO:teuthology.orchestra.run.smithi045.stdout:/usr/bin/ceph: stderr
2024-09-15T22:06:48.912+0000 7fa4a616a640 1 -- start start
2024-09-15T22:06:53.076 INFO:teuthology.orchestra.run.smithi045.stdout:/usr/bin/ceph: stderr
2024-09-15T22:06:48.912+0000 7fa4a616a640 1 --2- >> [v2:172.21.15.45:3300/0,v1:172.21.15.45:6789/0] conn(0x7fa4a007dda0 0x7fa4a007c310 unknown :-1 s=NONE pgs=0 cs=0 l=0 rev1=0 crypto rx=0 tx=0 comp rx=0 tx=0).connect
2024-09-15T22:06:53.077 INFO:teuthology.orchestra.run.smithi045.stdout:/usr/bin/ceph: stderr
2024-09-15T22:06:48.912+0000 7fa4a616a640 1 -- --> [v2:172.21.15.45:3300/0,v1:172.21.15.45:6789/0] -- mon_getmap magic: 0 -- 0x7fa4a007c850 con 0x7fa4a007dda0
2024-09-15T22:06:53.077 INFO:teuthology.orchestra.run.smithi045.stdout:/usr/bin/ceph: stderr
2024-09-15T22:06:48.912+0000 7fa49f7fe640 1 --2- >> [v2:172.21.15.45:3300/0,v1:172.21.15.45:6789/0] conn(0x7fa4a007dda0 0x7fa4a007c310 unknown :-1 s=BANNER_CONNECTING pgs=0 cs=0 l=0 rev1=0 crypto rx=0 tx=0 comp rx=0 tx=0)._handle_peer_banner_payload supported=3 required=0
2024-09-15T22:06:53.077 INFO:teuthology.orchestra.run.smithi045.stdout:/usr/bin/ceph: stderr
2024-09-15T22:06:48.912+0000 7fa49f7fe640 1 --2- >> [v2:172.21.15.45:3300/0,v1:172.21.15.45:6789/0] conn(0x7fa4a007dda0 0x7fa4a007c310 unknown :-1 s=HELLO_CONNECTING pgs=0 cs=0 l=0 rev1=1 crypto rx=0 tx=0 comp rx=0 tx=0).handle_hello peer v2:172.21.15.45:3300/0 says I am v2:172.21.15.45:51042/0 (socket says 172.21.15.45:51042)
2024-09-15T22:06:53.077 INFO:teuthology.orchestra.run.smithi045.stdout:/usr/bin/ceph: stderr
2024-09-15T22:06:48.912+0000 7fa49f7fe640 1 -- 172.21.15.45:0/1093684738 learned_addr learned my addr 172.21.15.45:0/1093684738 (peer_addr_for_me v2:172.21.15.45:0/0)
2024-09-15T22:06:53.077 INFO:teuthology.orchestra.run.smithi045.stdout:/usr/bin/ceph: stderr
2024-09-15T22:06:48.913+0000 7fa49f7fe640 1 -- 172.21.15.45:0/1093684738 --> [v2:172.21.15.45:3300/0,v1:172.21.15.45:6789/0] -- mon_subscribe({config=0+,monmap=0+}) -- 0x7fa4a007c9d0 con 0x7fa4a007dda0
2024-09-15T22:06:53.078 INFO:teuthology.orchestra.run.smithi045.stdout:/usr/bin/ceph: stderr
2024-09-15T22:06:48.913+0000 7fa49f7fe640 1 --2- 172.21.15.45:0/1093684738 >> [v2:172.21.15.45:3300/0,v1:172.21.15.45:6789/0] conn(0x7fa4a007dda0 0x7fa4a007c310 secure :-1 s=READY pgs=26 cs=0 l=1 rev1=1 crypto rx=0x7fa490009820 tx=0x7fa49002a270 comp rx=0 tx=0).ready entity=mon.0 client_cookie=62345c072e3bdc00 server_cookie=0 in_seq=0 out_seq=0
2024-09-15T22:06:53.078 INFO:teuthology.orchestra.run.smithi045.stdout:/usr/bin/ceph: stderr
2024-09-15T22:06:48.913+0000 7fa49effd640 1 -- 172.21.15.45:0/1093684738 <== mon.0 v2:172.21.15.45:3300/0 1 ==== mon_map magic: 0 ==== 205+0+0 (secure 0 0 0) 0x7fa490037070 con 0x7fa4a007dda0
2024-09-15T22:06:53.078 INFO:teuthology.orchestra.run.smithi045.stdout:/usr/bin/ceph: stderr
2024-09-15T22:06:48.913+0000 7fa49effd640 1 -- 172.21.15.45:0/1093684738 <== mon.0 v2:172.21.15.45:3300/0 2 ==== config(28 keys) ==== 1143+0+0 (secure 0 0 0) 0x7fa490032920 con 0x7fa4a007dda0
2024-09-15T22:06:53.078 INFO:teuthology.orchestra.run.smithi045.stdout:/usr/bin/ceph: stderr
2024-09-15T22:06:48.913+0000 7fa49effd640 1 -- 172.21.15.45:0/1093684738 <== mon.0 v2:172.21.15.45:3300/0 3 ==== mon_map magic: 0 ==== 205+0+0 (secure 0 0 0) 0x7fa490030950 con 0x7fa4a007dda0
2024-09-15T22:06:53.078 INFO:teuthology.orchestra.run.smithi045.stdout:/usr/bin/ceph: stderr
2024-09-15T22:06:48.914+0000 7fa4a616a640 1 -- 172.21.15.45:0/1093684738 >> [v2:172.21.15.45:3300/0,v1:172.21.15.45:6789/0] conn(0x7fa4a007dda0 msgr2=0x7fa4a007c310 secure :-1 s=STATE_CONNECTION_ESTABLISHED l=1).mark_down
2024-09-15T22:06:53.078 INFO:teuthology.orchestra.run.smithi045.stdout:/usr/bin/ceph: stderr
2024-09-15T22:06:48.914+0000 7fa4a616a640 1 --2- 172.21.15.45:0/1093684738 >> [v2:172.21.15.45:3300/0,v1:172.21.15.45:6789/0] conn(0x7fa4a007dda0 0x7fa4a007c310 secure :-1 s=READY pgs=26 cs=0 l=1 rev1=1 crypto rx=0x7fa490009820 tx=0x7fa49002a270 comp rx=0 tx=0).stop
2024-09-15T22:06:53.079 INFO:teuthology.orchestra.run.smithi045.stdout:/usr/bin/ceph: stderr
2024-09-15T22:06:48.914+0000 7fa4a616a640 1 -- 172.21.15.45:0/1093684738 shutdown_connections
2024-09-15T22:06:53.079 INFO:teuthology.orchestra.run.smithi045.stdout:/usr/bin/ceph: stderr
2024-09-15T22:06:48.914+0000 7fa4a616a640 1 --2- 172.21.15.45:0/1093684738 >> [v2:172.21.15.45:3300/0,v1:172.21.15.45:6789/0] conn(0x7fa4a007dda0 0x7fa4a007c310 unknown :-1 s=CLOSED pgs=26 cs=0 l=1 rev1=1 crypto rx=0 tx=0 comp rx=0 tx=0).stop
2024-09-15T22:06:53.079 INFO:teuthology.orchestra.run.smithi045.stdout:/usr/bin/ceph: stderr
2024-09-15T22:06:48.914+0000 7fa4a616a640 1 -- 172.21.15.45:0/1093684738 >> 172.21.15.45:0/1093684738 conn(0x7fa4a0102f20 msgr2=0x7fa4a0105360 unknown :-1 s=STATE_NONE l=0).mark_down
2024-09-15T22:06:53.079 INFO:teuthology.orchestra.run.smithi045.stdout:/usr/bin/ceph: stderr
2024-09-15T22:06:48.914+0000 7fa4a616a640 1 -- 172.21.15.45:0/1093684738 shutdown_connections
2024-09-15T22:06:53.079 INFO:teuthology.orchestra.run.smithi045.stdout:/usr/bin/ceph: stderr
2024-09-15T22:06:48.914+0000 7fa4a616a640 1 -- 172.21.15.45:0/1093684738 wait complete.
2024-09-15T22:06:53.079 INFO:teuthology.orchestra.run.smithi045.stdout:/usr/bin/ceph: stderr
2024-09-15T22:06:48.915+0000 7fa4a616a640 1 Processor -- start
2024-09-15T22:06:53.080 INFO:teuthology.orchestra.run.smithi045.stdout:/usr/bin/ceph: stderr
2024-09-15T22:06:48.915+0000 7fa4a616a640 1 -- start start
2024-09-15T22:06:53.080 INFO:teuthology.orchestra.run.smithi045.stdout:/usr/bin/ceph: stderr
2024-09-15T22:06:48.915+0000 7fa4a616a640 1 --2- >> [v2:172.21.15.45:3300/0,v1:172.21.15.45:6789/0] conn(0x7fa4a007dda0 0x7fa4a019d8e0 unknown :-1 s=NONE pgs=0 cs=0 l=1 rev1=0 crypto rx=0 tx=0 comp rx=0 tx=0).connect
2024-09-15T22:06:53.080 INFO:teuthology.orchestra.run.smithi045.stdout:/usr/bin/ceph: stderr
2024-09-15T22:06:48.915+0000 7fa4a616a640 1 -- --> [v2:172.21.15.45:3300/0,v1:172.21.15.45:6789/0] -- mon_getmap magic: 0 -- 0x7fa4a010dcb0 con 0x7fa4a007dda0
2024-09-15T22:06:53.080 INFO:teuthology.orchestra.run.smithi045.stdout:/usr/bin/ceph: stderr
2024-09-15T22:06:48.915+0000 7fa49f7fe640 1 --2- >> [v2:172.21.15.45:3300/0,v1:172.21.15.45:6789/0] conn(0x7fa4a007dda0 0x7fa4a019d8e0 unknown :-1 s=BANNER_CONNECTING pgs=0 cs=0 l=1 rev1=0 crypto rx=0 tx=0 comp rx=0 tx=0)._handle_peer_banner_payload supported=3 required=0
2024-09-15T22:06:53.080 INFO:teuthology.orchestra.run.smithi045.stdout:/usr/bin/ceph: stderr
2024-09-15T22:06:48.915+0000 7fa49f7fe640 1 --2- >> [v2:172.21.15.45:3300/0,v1:172.21.15.45:6789/0] conn(0x7fa4a007dda0 0x7fa4a019d8e0 unknown :-1 s=HELLO_CONNECTING pgs=0 cs=0 l=1 rev1=1 crypto rx=0 tx=0 comp rx=0 tx=0).handle_hello peer v2:172.21.15.45:3300/0 says I am v2:172.21.15.45:51058/0 (socket says 172.21.15.45:51058)
2024-09-15T22:06:53.081 INFO:teuthology.orchestra.run.smithi045.stdout:/usr/bin/ceph: stderr
2024-09-15T22:06:48.915+0000 7fa49f7fe640 1 -- 172.21.15.45:0/2797416502 learned_addr learned my addr 172.21.15.45:0/2797416502 (peer_addr_for_me v2:172.21.15.45:0/0)
2024-09-15T22:06:53.081 INFO:teuthology.orchestra.run.smithi045.stdout:/usr/bin/ceph: stderr
2024-09-15T22:06:48.915+0000 7fa49f7fe640 1 -- 172.21.15.45:0/2797416502 --> [v2:172.21.15.45:3300/0,v1:172.21.15.45:6789/0] -- mon_subscribe({config=0+,monmap=0+}) -- 0x7fa4a019de20 con 0x7fa4a007dda0
2024-09-15T22:06:53.081 INFO:teuthology.orchestra.run.smithi045.stdout:/usr/bin/ceph: stderr
2024-09-15T22:06:48.916+0000 7fa49f7fe640 1 --2- 172.21.15.45:0/2797416502 >> [v2:172.21.15.45:3300/0,v1:172.21.15.45:6789/0] conn(0x7fa4a007dda0 0x7fa4a019d8e0 secure :-1 s=READY pgs=27 cs=0 l=1 rev1=1 crypto rx=0x7fa490031000 tx=0x7fa490032e40 comp rx=0 tx=0).ready entity=mon.0 client_cookie=0 server_cookie=0 in_seq=0 out_seq=0
2024-09-15T22:06:53.081 INFO:teuthology.orchestra.run.smithi045.stdout:/usr/bin/ceph: stderr
2024-09-15T22:06:48.916+0000 7fa49d7fa640 1 -- 172.21.15.45:0/2797416502 <== mon.0 v2:172.21.15.45:3300/0 1 ==== mon_map magic: 0 ==== 205+0+0 (secure 0 0 0) 0x7fa490042070 con 0x7fa4a007dda0
2024-09-15T22:06:53.081 INFO:teuthology.orchestra.run.smithi045.stdout:/usr/bin/ceph: stderr
2024-09-15T22:06:48.916+0000 7fa49d7fa640 1 -- 172.21.15.45:0/2797416502 <== mon.0 v2:172.21.15.45:3300/0 2 ==== config(28 keys) ==== 1143+0+0 (secure 0 0 0) 0x7fa4900326b0 con 0x7fa4a007dda0
2024-09-15T22:06:53.082 INFO:teuthology.orchestra.run.smithi045.stdout:/usr/bin/ceph: stderr
2024-09-15T22:06:48.916+0000 7fa4a616a640 1 -- 172.21.15.45:0/2797416502 --> [v2:172.21.15.45:3300/0,v1:172.21.15.45:6789/0] -- mon_subscribe({mgrmap=0+}) -- 0x7fa4a019e0b0 con 0x7fa4a007dda0
2024-09-15T22:06:53.082 INFO:teuthology.orchestra.run.smithi045.stdout:/usr/bin/ceph: stderr
2024-09-15T22:06:48.916+0000 7fa49d7fa640 1 -- 172.21.15.45:0/2797416502 <== mon.0 v2:172.21.15.45:3300/0 3 ==== mon_map magic: 0 ==== 205+0+0 (secure 0 0 0) 0x7fa490037040 con 0x7fa4a007dda0
2024-09-15T22:06:53.082 INFO:teuthology.orchestra.run.smithi045.stdout:/usr/bin/ceph: stderr
2024-09-15T22:06:48.916+0000 7fa4a616a640 1 -- 172.21.15.45:0/2797416502 --> [v2:172.21.15.45:3300/0,v1:172.21.15.45:6789/0] -- mon_subscribe({osdmap=0}) -- 0x7fa4a01a0da0 con 0x7fa4a007dda0
2024-09-15T22:06:53.082 INFO:teuthology.orchestra.run.smithi045.stdout:/usr/bin/ceph: stderr
2024-09-15T22:06:48.917+0000 7fa49d7fa640 1 -- 172.21.15.45:0/2797416502 <== mon.0 v2:172.21.15.45:3300/0 4 ==== mgrmap(e 5) ==== 46461+0+0 (secure 0 0 0) 0x7fa490045070 con 0x7fa4a007dda0
2024-09-15T22:06:53.082 INFO:teuthology.orchestra.run.smithi045.stdout:/usr/bin/ceph: stderr
2024-09-15T22:06:48.917+0000 7fa49d7fa640 1 --2- 172.21.15.45:0/2797416502 >> [v2:172.21.15.45:6800/2191835021,v1:172.21.15.45:6801/2191835021] conn(0x7fa48c0391b0 0x7fa48c03b670 unknown :-1 s=NONE pgs=0 cs=0 l=1 rev1=0 crypto rx=0 tx=0 comp rx=0 tx=0).connect
2024-09-15T22:06:53.082 INFO:teuthology.orchestra.run.smithi045.stdout:/usr/bin/ceph: stderr
2024-09-15T22:06:48.917+0000 7fa49d7fa640 1 -- 172.21.15.45:0/2797416502 --> [v2:172.21.15.45:6800/2191835021,v1:172.21.15.45:6801/2191835021] -- command(tid 0: {"prefix": "get_command_descriptions"}) -- 0x7fa48c03bd80 con 0x7fa48c0391b0
2024-09-15T22:06:53.083 INFO:teuthology.orchestra.run.smithi045.stdout:/usr/bin/ceph: stderr
2024-09-15T22:06:48.917+0000 7fa49d7fa640 1 -- 172.21.15.45:0/2797416502 <== mon.0 v2:172.21.15.45:3300/0 5 ==== osd_map(1..1 src has 1..1) ==== 725+0+0 (secure 0 0 0) 0x7fa49006c3a0 con 0x7fa4a007dda0
2024-09-15T22:06:53.083 INFO:teuthology.orchestra.run.smithi045.stdout:/usr/bin/ceph: stderr
