2024-09-15T22:22:43.160+0000 7fc665e00640 1 --2- >> [v2:172.21.15.22:3300/0,v1:172.21.15.22:6789/0] conn(0x7fc668107630 0x7fc668107a30 unknown :-1 s=BANNER_CONNECTING pgs=0 cs=0 l=0 rev1=0 crypto rx=0 tx=0 comp rx=0 tx=0)._handle_peer_banner_payload supported=3 required=0
2024-09-15T22:22:44.033 INFO:teuthology.orchestra.run.smithi022.stdout:/usr/bin/ceph: stderr
2024-09-15T22:22:43.161+0000 7fc665e00640 1 --2- >> [v2:172.21.15.22:3300/0,v1:172.21.15.22:6789/0] conn(0x7fc668107630 0x7fc668107a30 unknown :-1 s=HELLO_CONNECTING pgs=0 cs=0 l=0 rev1=1 crypto rx=0 tx=0 comp rx=0 tx=0).handle_hello peer v2:172.21.15.22:3300/0 says I am v2:172.21.15.22:36480/0 (socket says 172.21.15.22:36480)
2024-09-15T22:22:44.033 INFO:teuthology.orchestra.run.smithi022.stdout:/usr/bin/ceph: stderr
2024-09-15T22:22:43.161+0000 7fc665e00640 1 -- 172.21.15.22:0/4132132839 learned_addr learned my addr 172.21.15.22:0/4132132839 (peer_addr_for_me v2:172.21.15.22:0/0)
2024-09-15T22:22:44.034 INFO:teuthology.orchestra.run.smithi022.stdout:/usr/bin/ceph: stderr
2024-09-15T22:22:43.161+0000 7fc665e00640 1 -- 172.21.15.22:0/4132132839 --> [v2:172.21.15.22:3300/0,v1:172.21.15.22:6789/0] -- mon_subscribe({config=0+,monmap=0+}) -- 0x7fc668108830 con 0x7fc668107630
2024-09-15T22:22:44.034 INFO:teuthology.orchestra.run.smithi022.stdout:/usr/bin/ceph: stderr
2024-09-15T22:22:43.162+0000 7fc665e00640 1 --2- 172.21.15.22:0/4132132839 >> [v2:172.21.15.22:3300/0,v1:172.21.15.22:6789/0] conn(0x7fc668107630 0x7fc668107a30 secure :-1 s=READY pgs=35 cs=0 l=1 rev1=1 crypto rx=0x7fc658009820 tx=0x7fc65802a270 comp rx=0 tx=0).ready entity=mon.0 client_cookie=aae0dc9ff5e862b8 server_cookie=0 in_seq=0 out_seq=0
2024-09-15T22:22:44.034 INFO:teuthology.orchestra.run.smithi022.stdout:/usr/bin/ceph: stderr
2024-09-15T22:22:43.162+0000 7fc665400640 1 -- 172.21.15.22:0/4132132839 <== mon.0 v2:172.21.15.22:3300/0 1 ==== mon_map magic: 0 ==== 205+0+0 (secure 0 0 0) 0x7fc658037070 con 0x7fc668107630
2024-09-15T22:22:44.034 INFO:teuthology.orchestra.run.smithi022.stdout:/usr/bin/ceph: stderr
2024-09-15T22:22:43.162+0000 7fc665400640 1 -- 172.21.15.22:0/4132132839 <== mon.0 v2:172.21.15.22:3300/0 2 ==== config(27 keys) ==== 1109+0+0 (secure 0 0 0) 0x7fc658032900 con 0x7fc668107630
2024-09-15T22:22:44.034 INFO:teuthology.orchestra.run.smithi022.stdout:/usr/bin/ceph: stderr
2024-09-15T22:22:43.162+0000 7fc665400640 1 -- 172.21.15.22:0/4132132839 <== mon.0 v2:172.21.15.22:3300/0 3 ==== mon_map magic: 0 ==== 205+0+0 (secure 0 0 0) 0x7fc658030850 con 0x7fc668107630
2024-09-15T22:22:44.034 INFO:teuthology.orchestra.run.smithi022.stdout:/usr/bin/ceph: stderr
2024-09-15T22:22:43.163+0000 7fc667200640 1 -- 172.21.15.22:0/4132132839 >> [v2:172.21.15.22:3300/0,v1:172.21.15.22:6789/0] conn(0x7fc668107630 msgr2=0x7fc668107a30 secure :-1 s=STATE_CONNECTION_ESTABLISHED l=1).mark_down
2024-09-15T22:22:44.034 INFO:teuthology.orchestra.run.smithi022.stdout:/usr/bin/ceph: stderr
2024-09-15T22:22:43.163+0000 7fc667200640 1 --2- 172.21.15.22:0/4132132839 >> [v2:172.21.15.22:3300/0,v1:172.21.15.22:6789/0] conn(0x7fc668107630 0x7fc668107a30 secure :-1 s=READY pgs=35 cs=0 l=1 rev1=1 crypto rx=0x7fc658009820 tx=0x7fc65802a270 comp rx=0 tx=0).stop
2024-09-15T22:22:44.034 INFO:teuthology.orchestra.run.smithi022.stdout:/usr/bin/ceph: stderr
2024-09-15T22:22:43.163+0000 7fc667200640 1 -- 172.21.15.22:0/4132132839 shutdown_connections
2024-09-15T22:22:44.034 INFO:teuthology.orchestra.run.smithi022.stdout:/usr/bin/ceph: stderr
2024-09-15T22:22:43.163+0000 7fc667200640 1 --2- 172.21.15.22:0/4132132839 >> [v2:172.21.15.22:3300/0,v1:172.21.15.22:6789/0] conn(0x7fc668107630 0x7fc668107a30 unknown :-1 s=CLOSED pgs=35 cs=0 l=1 rev1=1 crypto rx=0 tx=0 comp rx=0 tx=0).stop
2024-09-15T22:22:44.034 INFO:teuthology.orchestra.run.smithi022.stdout:/usr/bin/ceph: stderr
2024-09-15T22:22:43.163+0000 7fc667200640 1 -- 172.21.15.22:0/4132132839 >> 172.21.15.22:0/4132132839 conn(0x7fc668102dc0 msgr2=0x7fc668105200 unknown :-1 s=STATE_NONE l=0).mark_down
2024-09-15T22:22:44.034 INFO:teuthology.orchestra.run.smithi022.stdout:/usr/bin/ceph: stderr
2024-09-15T22:22:43.163+0000 7fc667200640 1 -- 172.21.15.22:0/4132132839 shutdown_connections
2024-09-15T22:22:44.034 INFO:teuthology.orchestra.run.smithi022.stdout:/usr/bin/ceph: stderr
2024-09-15T22:22:43.163+0000 7fc667200640 1 -- 172.21.15.22:0/4132132839 wait complete.
2024-09-15T22:22:44.035 INFO:teuthology.orchestra.run.smithi022.stdout:/usr/bin/ceph: stderr
2024-09-15T22:22:43.164+0000 7fc667200640 1 Processor -- start
2024-09-15T22:22:44.035 INFO:teuthology.orchestra.run.smithi022.stdout:/usr/bin/ceph: stderr
2024-09-15T22:22:43.164+0000 7fc667200640 1 -- start start
2024-09-15T22:22:44.035 INFO:teuthology.orchestra.run.smithi022.stdout:/usr/bin/ceph: stderr
2024-09-15T22:22:43.164+0000 7fc667200640 1 --2- >> [v2:172.21.15.22:3300/0,v1:172.21.15.22:6789/0] conn(0x7fc668107630 0x7fc66819d810 unknown :-1 s=NONE pgs=0 cs=0 l=1 rev1=0 crypto rx=0 tx=0 comp rx=0 tx=0).connect
2024-09-15T22:22:44.035 INFO:teuthology.orchestra.run.smithi022.stdout:/usr/bin/ceph: stderr
2024-09-15T22:22:43.164+0000 7fc667200640 1 -- --> [v2:172.21.15.22:3300/0,v1:172.21.15.22:6789/0] -- mon_getmap magic: 0 -- 0x7fc66810bbe0 con 0x7fc668107630
2024-09-15T22:22:44.035 INFO:teuthology.orchestra.run.smithi022.stdout:/usr/bin/ceph: stderr
2024-09-15T22:22:43.165+0000 7fc665e00640 1 --2- >> [v2:172.21.15.22:3300/0,v1:172.21.15.22:6789/0] conn(0x7fc668107630 0x7fc66819d810 unknown :-1 s=BANNER_CONNECTING pgs=0 cs=0 l=1 rev1=0 crypto rx=0 tx=0 comp rx=0 tx=0)._handle_peer_banner_payload supported=3 required=0
2024-09-15T22:22:44.035 INFO:teuthology.orchestra.run.smithi022.stdout:/usr/bin/ceph: stderr
2024-09-15T22:22:43.165+0000 7fc665e00640 1 --2- >> [v2:172.21.15.22:3300/0,v1:172.21.15.22:6789/0] conn(0x7fc668107630 0x7fc66819d810 unknown :-1 s=HELLO_CONNECTING pgs=0 cs=0 l=1 rev1=1 crypto rx=0 tx=0 comp rx=0 tx=0).handle_hello peer v2:172.21.15.22:3300/0 says I am v2:172.21.15.22:36488/0 (socket says 172.21.15.22:36488)
2024-09-15T22:22:44.035 INFO:teuthology.orchestra.run.smithi022.stdout:/usr/bin/ceph: stderr
2024-09-15T22:22:43.165+0000 7fc665e00640 1 -- 172.21.15.22:0/306770346 learned_addr learned my addr 172.21.15.22:0/306770346 (peer_addr_for_me v2:172.21.15.22:0/0)
2024-09-15T22:22:44.035 INFO:teuthology.orchestra.run.smithi022.stdout:/usr/bin/ceph: stderr
2024-09-15T22:22:43.165+0000 7fc665e00640 1 -- 172.21.15.22:0/306770346 --> [v2:172.21.15.22:3300/0,v1:172.21.15.22:6789/0] -- mon_subscribe({config=0+,monmap=0+}) -- 0x7fc66819dd50 con 0x7fc668107630
2024-09-15T22:22:44.035 INFO:teuthology.orchestra.run.smithi022.stdout:/usr/bin/ceph: stderr
2024-09-15T22:22:43.165+0000 7fc665e00640 1 --2- 172.21.15.22:0/306770346 >> [v2:172.21.15.22:3300/0,v1:172.21.15.22:6789/0] conn(0x7fc668107630 0x7fc66819d810 secure :-1 s=READY pgs=36 cs=0 l=1 rev1=1 crypto rx=0x7fc658009940 tx=0x7fc658032ce0 comp rx=0 tx=0).ready entity=mon.0 client_cookie=0 server_cookie=0 in_seq=0 out_seq=0
2024-09-15T22:22:44.035 INFO:teuthology.orchestra.run.smithi022.stdout:/usr/bin/ceph: stderr
2024-09-15T22:22:43.165+0000 7fc65ea00640 1 -- 172.21.15.22:0/306770346 <== mon.0 v2:172.21.15.22:3300/0 1 ==== mon_map magic: 0 ==== 205+0+0 (secure 0 0 0) 0x7fc658042070 con 0x7fc668107630
2024-09-15T22:22:44.036 INFO:teuthology.orchestra.run.smithi022.stdout:/usr/bin/ceph: stderr
2024-09-15T22:22:43.166+0000 7fc65ea00640 1 -- 172.21.15.22:0/306770346 <== mon.0 v2:172.21.15.22:3300/0 2 ==== config(27 keys) ==== 1109+0+0 (secure 0 0 0) 0x7fc6580308c0 con 0x7fc668107630
2024-09-15T22:22:44.036 INFO:teuthology.orchestra.run.smithi022.stdout:/usr/bin/ceph: stderr
2024-09-15T22:22:43.166+0000 7fc667200640 1 -- 172.21.15.22:0/306770346 --> [v2:172.21.15.22:3300/0,v1:172.21.15.22:6789/0] -- mon_subscribe({mgrmap=0+}) -- 0x7fc66819dfe0 con 0x7fc668107630
2024-09-15T22:22:44.036 INFO:teuthology.orchestra.run.smithi022.stdout:/usr/bin/ceph: stderr
2024-09-15T22:22:43.166+0000 7fc65ea00640 1 -- 172.21.15.22:0/306770346 <== mon.0 v2:172.21.15.22:3300/0 3 ==== mon_map magic: 0 ==== 205+0+0 (secure 0 0 0) 0x7fc658037040 con 0x7fc668107630
2024-09-15T22:22:44.036 INFO:teuthology.orchestra.run.smithi022.stdout:/usr/bin/ceph: stderr
2024-09-15T22:22:43.166+0000 7fc667200640 1 -- 172.21.15.22:0/306770346 --> [v2:172.21.15.22:3300/0,v1:172.21.15.22:6789/0] -- mon_subscribe({osdmap=0}) -- 0x7fc6681a0cd0 con 0x7fc668107630
2024-09-15T22:22:44.036 INFO:teuthology.orchestra.run.smithi022.stdout:/usr/bin/ceph: stderr
2024-09-15T22:22:43.167+0000 7fc65ea00640 1 -- 172.21.15.22:0/306770346 <== mon.0 v2:172.21.15.22:3300/0 4 ==== mgrmap(e 8) ==== 46461+0+0 (secure 0 0 0) 0x7fc658045070 con 0x7fc668107630
2024-09-15T22:22:44.036 INFO:teuthology.orchestra.run.smithi022.stdout:/usr/bin/ceph: stderr
2024-09-15T22:22:43.167+0000 7fc667200640 1 -- 172.21.15.22:0/306770346 --> [v2:172.21.15.22:3300/0,v1:172.21.15.22:6789/0] -- mon_command({"prefix": "get_command_descriptions"} v 0) -- 0x7fc668107ab0 con 0x7fc668107630
2024-09-15T22:22:44.036 INFO:teuthology.orchestra.run.smithi022.stdout:/usr/bin/ceph: stderr
2024-09-15T22:22:43.167+0000 7fc65ea00640 1 --2- 172.21.15.22:0/306770346 >> [v2:172.21.15.22:6800/3305817552,v1:172.21.15.22:6801/3305817552] conn(0x7fc64c039200 0x7fc64c03b6c0 unknown :-1 s=NONE pgs=0 cs=0 l=1 rev1=0 crypto rx=0 tx=0 comp rx=0 tx=0).connect
2024-09-15T22:22:44.036 INFO:teuthology.orchestra.run.smithi022.stdout:/usr/bin/ceph: stderr
2024-09-15T22:22:43.167+0000 7fc65ea00640 1 -- 172.21.15.22:0/306770346 <== mon.0 v2:172.21.15.22:3300/0 5 ==== osd_map(2..2 src has 1..2) ==== 940+0+0 (secure 0 0 0) 0x7fc65806c300 con 0x7fc668107630
2024-09-15T22:22:44.036 INFO:teuthology.orchestra.run.smithi022.stdout:/usr/bin/ceph: stderr
2024-09-15T22:22:43.167+0000 7fc65fe00640 1 --2- 172.21.15.22:0/306770346 >> [v2:172.21.15.22:6800/3305817552,v1:172.21.15.22:6801/3305817552] conn(0x7fc64c039200 0x7fc64c03b6c0 unknown :-1 s=BANNER_CONNECTING pgs=0 cs=0 l=1 rev1=0 crypto rx=0 tx=0 comp rx=0 tx=0)._handle_peer_banner_payload supported=3 required=0
2024-09-15T22:22:44.036 INFO:teuthology.orchestra.run.smithi022.stdout:/usr/bin/ceph: stderr
2024-09-15T22:22:43.168+0000 7fc65fe00640 1 --2- 172.21.15.22:0/306770346 >> [v2:172.21.15.22:6800/3305817552,v1:172.21.15.22:6801/3305817552] conn(0x7fc64c039200 0x7fc64c03b6c0 secure :-1 s=READY pgs=7 cs=0 l=1 rev1=1 crypto rx=0x7fc6500098c0 tx=0x7fc650006db0 comp rx=0 tx=0).ready entity=mgr.14118 client_cookie=0 server_cookie=0 in_seq=0 out_seq=0
2024-09-15T22:22:44.036 INFO:teuthology.orchestra.run.smithi022.stdout:/usr/bin/ceph: stderr
2024-09-15T22:22:43.173+0000 7fc65ea00640 1 -- 172.21.15.22:0/306770346 <== mon.0 v2:172.21.15.22:3300/0 6 ==== mon_command_ack([{"prefix": "get_command_descriptions"}]=0 v0) ==== 72+0+188821 (secure 0 0 0) 0x7fc65804b170 con 0x7fc668107630
2024-09-15T22:22:44.036 INFO:teuthology.orchestra.run.smithi022.stdout:/usr/bin/ceph: stderr
2024-09-15T22:22:43.371+0000 7fc667200640 1 -- 172.21.15.22:0/306770346 --> [v2:172.21.15.22:6800/3305817552,v1:172.21.15.22:6801/3305817552] -- mgr_command(tid 0: {"prefix": "orch set backend", "module_name": "cephadm", "target": ["mon-mgr", ""]}) -- 0x7fc668104020 con 0x7fc64c039200
2024-09-15T22:22:44.036 INFO:teuthology.orchestra.run.smithi022.stdout:/usr/bin/ceph: stderr
2024-09-15T22:22:43.376+0000 7fc65ea00640 1 -- 172.21.15.22:0/306770346 <== mgr.14118 v2:172.21.15.22:6800/3305817552 1 ==== mgr_command_reply(tid 0: 0 ) ==== 8+0+0 (secure 0 0 0) 0x7fc668104020 con 0x7fc64c039200
2024-09-15T22:22:44.037 INFO:teuthology.orchestra.run.smithi022.stdout:/usr/bin/ceph: stderr
2024-09-15T22:22:43.379+0000 7fc667200640 1 -- 172.21.15.22:0/306770346 >> [v2:172.21.15.22:6800/3305817552,v1:172.21.15.22:6801/3305817552] conn(0x7fc64c039200 msgr2=0x7fc64c03b6c0 secure :-1 s=STATE_CONNECTION_ESTABLISHED l=1).mark_down
2024-09-15T22:22:44.037 INFO:teuthology.orchestra.run.smithi022.stdout:/usr/bin/ceph: stderr
2024-09-15T22:22:43.379+0000 7fc667200640 1 --2- 172.21.15.22:0/306770346 >> [v2:172.21.15.22:6800/3305817552,v1:172.21.15.22:6801/3305817552] conn(0x7fc64c039200 0x7fc64c03b6c0 secure :-1 s=READY pgs=7 cs=0 l=1 rev1=1 crypto rx=0x7fc6500098c0 tx=0x7fc650006db0 comp rx=0 tx=0).stop
2024-09-15T22:22:44.037 INFO:teuthology.orchestra.run.smithi022.stdout:/usr/bin/ceph: stderr
2024-09-15T22:22:43.379+0000 7fc667200640 1 -- 172.21.15.22:0/306770346 >> [v2:172.21.15.22:3300/0,v1:172.21.15.22:6789/0] conn(0x7fc668107630 msgr2=0x7fc66819d810 secure :-1 s=STATE_CONNECTION_ESTABLISHED l=1).mark_down
2024-09-15T22:22:44.037 INFO:teuthology.orchestra.run.smithi022.stdout:/usr/bin/ceph: stderr
2024-09-15T22:22:43.379+0000 7fc667200640 1 --2- 172.21.15.22:0/306770346 >> [v2:172.21.15.22:3300/0,v1:172.21.15.22:6789/0] conn(0x7fc668107630 0x7fc66819d810 secure :-1 s=READY pgs=36 cs=0 l=1 rev1=1 crypto rx=0x7fc658009940 tx=0x7fc658032ce0 comp rx=0 tx=0).stop
2024-09-15T22:22:44.037 INFO:teuthology.orchestra.run.smithi022.stdout:/usr/bin/ceph: stderr
2024-09-15T22:22:43.379+0000 7fc667200640 1 -- 172.21.15.22:0/306770346 shutdown_connections
2024-09-15T22:22:44.037 INFO:teuthology.orchestra.run.smithi022.stdout:/usr/bin/ceph: stderr
2024-09-15T22:22:43.379+0000 7fc667200640 1 --2- 172.21.15.22:0/306770346 >> [v2:172.21.15.22:6800/3305817552,v1:172.21.15.22:6801/3305817552] conn(0x7fc64c039200 0x7fc64c03b6c0 unknown :-1 s=CLOSED pgs=7 cs=0 l=1 rev1=1 crypto rx=0 tx=0 comp rx=0 tx=0).stop
2024-09-15T22:22:44.037 INFO:teuthology.orchestra.run.smithi022.stdout:/usr/bin/ceph: stderr
2024-09-15T22:22:43.379+0000 7fc667200640 1 --2- 172.21.15.22:0/306770346 >> [v2:172.21.15.22:3300/0,v1:172.21.15.22:6789/0] conn(0x7fc668107630 0x7fc66819d810 unknown :-1 s=CLOSED pgs=36 cs=0 l=1 rev1=1 crypto rx=0 tx=0 comp rx=0 tx=0).stop
2024-09-15T22:22:44.037 INFO:teuthology.orchestra.run.smithi022.stdout:/usr/bin/ceph: stderr
2024-09-15T22:22:43.379+0000 7fc667200640 1 -- 172.21.15.22:0/306770346 >> 172.21.15.22:0/306770346 conn(0x7fc668102dc0 msgr2=0x7fc668103910 unknown :-1 s=STATE_NONE l=0).mark_down
2024-09-15T22:22:44.037 INFO:teuthology.orchestra.run.smithi022.stdout:/usr/bin/ceph: stderr
2024-09-15T22:22:43.379+0000 7fc667200640 1 -- 172.21.15.22:0/306770346 shutdown_connections
2024-09-15T22:22:44.037 INFO:teuthology.orchestra.run.smithi022.stdout:/usr/bin/ceph: stderr
2024-09-15T22:22:43.379+0000 7fc667200640 1 -- 172.21.15.22:0/306770346 wait complete.
2024-09-15T22:22:45.321 INFO:teuthology.orchestra.run.smithi022.stdout:/usr/bin/ceph: stdout value unchanged
2024-09-15T22:22:45.321 INFO:teuthology.orchestra.run.smithi022.stdout:/usr/bin/ceph: stderr
2024-09-15T22:22:44.497+0000 7f817cc00640 1 Processor -- start
2024-09-15T22:22:45.321 INFO:teuthology.orchestra.run.smithi022.stdout:/usr/bin/ceph: stderr
2024-09-15T22:22:44.497+0000 7f817cc00640 1 -- start start
2024-09-15T22:22:45.321 INFO:teuthology.orchestra.run.smithi022.stdout:/usr/bin/ceph: stderr
2024-09-15T22:22:44.498+0000 7f817cc00640 1 --2- >> [v2:172.21.15.22:3300/0,v1:172.21.15.22:6789/0] conn(0x7f81781077e0 0x7f8178107be0 unknown :-1 s=NONE pgs=0 cs=0 l=0 rev1=0 crypto rx=0 tx=0 comp rx=0 tx=0).connect
2024-09-15T22:22:45.322 INFO:teuthology.orchestra.run.smithi022.stdout:/usr/bin/ceph: stderr
2024-09-15T22:22:44.498+0000 7f817cc00640 1 -- --> [v2:172.21.15.22:3300/0,v1:172.21.15.22:6789/0] -- mon_getmap magic: 0 -- 0x7f81781081b0 con 0x7f81781077e0
2024-09-15T22:22:45.322 INFO:teuthology.orchestra.run.smithi022.stdout:/usr/bin/ceph: stderr
2024-09-15T22:22:44.498+0000 7f8175e00640 1 --2- >> [v2:172.21.15.22:3300/0,v1:172.21.15.22:6789/0] conn(0x7f81781077e0 0x7f8178107be0 unknown :-1 s=BANNER_CONNECTING pgs=0 cs=0 l=0 rev1=0 crypto rx=0 tx=0 comp rx=0 tx=0)._handle_peer_banner_payload supported=3 required=0
2024-09-15T22:22:45.322 INFO:teuthology.orchestra.run.smithi022.stdout:/usr/bin/ceph: stderr
2024-09-15T22:22:44.498+0000 7f8175e00640 1 --2- >> [v2:172.21.15.22:3300/0,v1:172.21.15.22:6789/0] conn(0x7f81781077e0 0x7f8178107be0 unknown :-1 s=HELLO_CONNECTING pgs=0 cs=0 l=0 rev1=1 crypto rx=0 tx=0 comp rx=0 tx=0).handle_hello peer v2:172.21.15.22:3300/0 says I am v2:172.21.15.22:36496/0 (socket says 172.21.15.22:36496)
2024-09-15T22:22:45.322 INFO:teuthology.orchestra.run.smithi022.stdout:/usr/bin/ceph: stderr
2024-09-15T22:22:44.498+0000 7f8175e00640 1 -- 172.21.15.22:0/957785050 learned_addr learned my addr 172.21.15.22:0/957785050 (peer_addr_for_me v2:172.21.15.22:0/0)
2024-09-15T22:22:45.322 INFO:teuthology.orchestra.run.smithi022.stdout:/usr/bin/ceph: stderr
2024-09-15T22:22:44.498+0000 7f8175e00640 1 -- 172.21.15.22:0/957785050 --> [v2:172.21.15.22:3300/0,v1:172.21.15.22:6789/0] -- mon_subscribe({config=0+,monmap=0+}) -- 0x7f81781089e0 con 0x7f81781077e0
2024-09-15T22:22:45.322 INFO:teuthology.orchestra.run.smithi022.stdout:/usr/bin/ceph: stderr
2024-09-15T22:22:44.499+0000 7f8175e00640 1 --2- 172.21.15.22:0/957785050 >> [v2:172.21.15.22:3300/0,v1:172.21.15.22:6789/0] conn(0x7f81781077e0 0x7f8178107be0 secure :-1 s=READY pgs=37 cs=0 l=1 rev1=1 crypto rx=0x7f8168009820 tx=0x7f816802a270 comp rx=0 tx=0).ready entity=mon.0 client_cookie=298fbfa812a10c7e server_cookie=0 in_seq=0 out_seq=0
2024-09-15T22:22:45.322 INFO:teuthology.orchestra.run.smithi022.stdout:/usr/bin/ceph: stderr
2024-09-15T22:22:44.500+0000 7f8175400640 1 -- 172.21.15.22:0/957785050 <== mon.0 v2:172.21.15.22:3300/0 1 ==== mon_map magic: 0 ==== 205+0+0 (secure 0 0 0) 0x7f8168037070 con 0x7f81781077e0
2024-09-15T22:22:45.322 INFO:teuthology.orchestra.run.smithi022.stdout:/usr/bin/ceph: stderr
2024-09-15T22:22:44.500+0000 7f8175400640 1 -- 172.21.15.22:0/957785050 <== mon.0 v2:172.21.15.22:3300/0 2 ==== config(27 keys) ==== 1109+0+0 (secure 0 0 0) 0x7f8168032900 con 0x7f81781077e0
2024-09-15T22:22:45.322 INFO:teuthology.orchestra.run.smithi022.stdout:/usr/bin/ceph: stderr
2024-09-15T22:22:44.500+0000 7f8175400640 1 -- 172.21.15.22:0/957785050 <== mon.0 v2:172.21.15.22:3300/0 3 ==== mon_map magic: 0 ==== 205+0+0 (secure 0 0 0) 0x7f8168030850 con 0x7f81781077e0
2024-09-15T22:22:45.322 INFO:teuthology.orchestra.run.smithi022.stdout:/usr/bin/ceph: stderr
2024-09-15T22:22:44.500+0000 7f817cc00640 1 -- 172.21.15.22:0/957785050 >> [v2:172.21.15.22:3300/0,v1:172.21.15.22:6789/0] conn(0x7f81781077e0 msgr2=0x7f8178107be0 secure :-1 s=STATE_CONNECTION_ESTABLISHED l=1).mark_down
2024-09-15T22:22:45.322 INFO:teuthology.orchestra.run.smithi022.stdout:/usr/bin/ceph: stderr
2024-09-15T22:22:44.500+0000 7f817cc00640 1 --2- 172.21.15.22:0/957785050 >> [v2:172.21.15.22:3300/0,v1:172.21.15.22:6789/0] conn(0x7f81781077e0 0x7f8178107be0 secure :-1 s=READY pgs=37 cs=0 l=1 rev1=1 crypto rx=0x7f8168009820 tx=0x7f816802a270 comp rx=0 tx=0).stop
2024-09-15T22:22:45.322 INFO:teuthology.orchestra.run.smithi022.stdout:/usr/bin/ceph: stderr
2024-09-15T22:22:44.500+0000 7f817cc00640 1 -- 172.21.15.22:0/957785050 shutdown_connections
2024-09-15T22:22:45.322 INFO:teuthology.orchestra.run.smithi022.stdout:/usr/bin/ceph: stderr
2024-09-15T22:22:44.500+0000 7f817cc00640 1 --2- 172.21.15.22:0/957785050 >> [v2:172.21.15.22:3300/0,v1:172.21.15.22:6789/0] conn(0x7f81781077e0 0x7f8178107be0 unknown :-1 s=CLOSED pgs=37 cs=0 l=1 rev1=1 crypto rx=0 tx=0 comp rx=0 tx=0).stop
2024-09-15T22:22:45.323 INFO:teuthology.orchestra.run.smithi022.stdout:/usr/bin/ceph: stderr
2024-09-15T22:22:44.500+0000 7f817cc00640 1 -- 172.21.15.22:0/957785050 >> 172.21.15.22:0/957785050 conn(0x7f8178102ff0 msgr2=0x7f8178105410 unknown :-1 s=STATE_NONE l=0).mark_down
2024-09-15T22:22:45.323 INFO:teuthology.orchestra.run.smithi022.stdout:/usr/bin/ceph: stderr
2024-09-15T22:22:44.501+0000 7f817cc00640 1 -- 172.21.15.22:0/957785050 shutdown_connections
2024-09-15T22:22:45.323 INFO:teuthology.orchestra.run.smithi022.stdout:/usr/bin/ceph: stderr
2024-09-15T22:22:44.501+0000 7f817cc00640 1 -- 172.21.15.22:0/957785050 wait complete.
2024-09-15T22:22:45.323 INFO:teuthology.orchestra.run.smithi022.stdout:/usr/bin/ceph: stderr
2024-09-15T22:22:44.501+0000 7f817cc00640 1 Processor -- start
2024-09-15T22:22:45.323 INFO:teuthology.orchestra.run.smithi022.stdout:/usr/bin/ceph: stderr
2024-09-15T22:22:44.502+0000 7f817cc00640 1 -- start start
2024-09-15T22:22:45.323 INFO:teuthology.orchestra.run.smithi022.stdout:/usr/bin/ceph: stderr
2024-09-15T22:22:44.502+0000 7f817cc00640 1 --2- >> [v2:172.21.15.22:3300/0,v1:172.21.15.22:6789/0] conn(0x7f81781077e0 0x7f817819b800 unknown :-1 s=NONE pgs=0 cs=0 l=1 rev1=0 crypto rx=0 tx=0 comp rx=0 tx=0).connect
2024-09-15T22:22:45.323 INFO:teuthology.orchestra.run.smithi022.stdout:/usr/bin/ceph: stderr
2024-09-15T22:22:44.502+0000 7f817cc00640 1 -- --> [v2:172.21.15.22:3300/0,v1:172.21.15.22:6789/0] -- mon_getmap magic: 0 -- 0x7f817810bd90 con 0x7f81781077e0
2024-09-15T22:22:45.323 INFO:teuthology.orchestra.run.smithi022.stdout:/usr/bin/ceph: stderr
2024-09-15T22:22:44.502+0000 7f8175e00640 1 --2- >> [v2:172.21.15.22:3300/0,v1:172.21.15.22:6789/0] conn(0x7f81781077e0 0x7f817819b800 unknown :-1 s=BANNER_CONNECTING pgs=0 cs=0 l=1 rev1=0 crypto rx=0 tx=0 comp rx=0 tx=0)._handle_peer_banner_payload supported=3 required=0
2024-09-15T22:22:45.323 INFO:teuthology.orchestra.run.smithi022.stdout:/usr/bin/ceph: stderr
2024-09-15T22:22:44.502+0000 7f8175e00640 1 --2- >> [v2:172.21.15.22:3300/0,v1:172.21.15.22:6789/0] conn(0x7f81781077e0 0x7f817819b800 unknown :-1 s=HELLO_CONNECTING pgs=0 cs=0 l=1 rev1=1 crypto rx=0 tx=0 comp rx=0 tx=0).handle_hello peer v2:172.21.15.22:3300/0 says I am v2:172.21.15.22:36504/0 (socket says 172.21.15.22:36504)
2024-09-15T22:22:45.323 INFO:teuthology.orchestra.run.smithi022.stdout:/usr/bin/ceph: stderr
2024-09-15T22:22:44.502+0000 7f8175e00640 1 -- 172.21.15.22:0/1643263242 learned_addr learned my addr 172.21.15.22:0/1643263242 (peer_addr_for_me v2:172.21.15.22:0/0)
2024-09-15T22:22:45.323 INFO:teuthology.orchestra.run.smithi022.stdout:/usr/bin/ceph: stderr
2024-09-15T22:22:44.503+0000 7f8175e00640 1 -- 172.21.15.22:0/1643263242 --> [v2:172.21.15.22:3300/0,v1:172.21.15.22:6789/0] -- mon_subscribe({config=0+,monmap=0+}) -- 0x7f817819bd40 con 0x7f81781077e0
2024-09-15T22:22:45.323 INFO:teuthology.orchestra.run.smithi022.stdout:/usr/bin/ceph: stderr
2024-09-15T22:22:44.503+0000 7f8175e00640 1 --2- 172.21.15.22:0/1643263242 >> [v2:172.21.15.22:3300/0,v1:172.21.15.22:6789/0] conn(0x7f81781077e0 0x7f817819b800 secure :-1 s=READY pgs=38 cs=0 l=1 rev1=1 crypto rx=0x7f81680097f0 tx=0x7f8168030d80 comp rx=0 tx=0).ready entity=mon.0 client_cookie=0 server_cookie=0 in_seq=0 out_seq=0
2024-09-15T22:22:45.323 INFO:teuthology.orchestra.run.smithi022.stdout:/usr/bin/ceph: stderr
2024-09-15T22:22:44.503+0000 7f816f400640 1 -- 172.21.15.22:0/1643263242 <== mon.0 v2:172.21.15.22:3300/0 1 ==== mon_map magic: 0 ==== 205+0+0 (secure 0 0 0) 0x7f8168037040 con 0x7f81781077e0
2024-09-15T22:22:45.324 INFO:teuthology.orchestra.run.smithi022.stdout:/usr/bin/ceph: stderr
2024-09-15T22:22:44.503+0000 7f816f400640 1 -- 172.21.15.22:0/1643263242 <== mon.0 v2:172.21.15.22:3300/0 2 ==== config(27 keys) ==== 1109+0+0 (secure 0 0 0) 0x7f8168040070 con 0x7f81781077e0
2024-09-15T22:22:45.324 INFO:teuthology.orchestra.run.smithi022.stdout:/usr/bin/ceph: stderr
2024-09-15T22:22:44.503+0000 7f817cc00640 1 -- 172.21.15.22:0/1643263242 --> [v2:172.21.15.22:3300/0,v1:172.21.15.22:6789/0] -- mon_subscribe({mgrmap=0+}) -- 0x7f817819bfd0 con 0x7f81781077e0
2024-09-15T22:22:45.324 INFO:teuthology.orchestra.run.smithi022.stdout:/usr/bin/ceph: stderr
2024-09-15T22:22:44.503+0000 7f816f400640 1 -- 172.21.15.22:0/1643263242 <== mon.0 v2:172.21.15.22:3300/0 3 ==== mon_map magic: 0 ==== 205+0+0 (secure 0 0 0) 0x7f816803a390 con 0x7f81781077e0
2024-09-15T22:22:45.324 INFO:teuthology.orchestra.run.smithi022.stdout:/usr/bin/ceph: stderr
2024-09-15T22:22:44.503+0000 7f817cc00640 1 -- 172.21.15.22:0/1643263242 --> [v2:172.21.15.22:3300/0,v1:172.21.15.22:6789/0] -- mon_subscribe({osdmap=0}) -- 0x7f817819ecc0 con 0x7f81781077e0
2024-09-15T22:22:45.324 INFO:teuthology.orchestra.run.smithi022.stdout:/usr/bin/ceph: stderr
2024-09-15T22:22:44.504+0000 7f816f400640 1 -- 172.21.15.22:0/1643263242 <== mon.0 v2:172.21.15.22:3300/0 4 ==== mgrmap(e 8) ==== 46461+0+0 (secure 0 0 0) 0x7f816803b430 con 0x7f81781077e0
2024-09-15T22:22:45.324 INFO:teuthology.orchestra.run.smithi022.stdout:/usr/bin/ceph: stderr
2024-09-15T22:22:44.504+0000 7f817cc00640 1 -- 172.21.15.22:0/1643263242 --> [v2:172.21.15.22:3300/0,v1:172.21.15.22:6789/0] -- mon_command({"prefix": "get_command_descriptions"} v 0) -- 0x7f8178107c60 con 0x7f81781077e0
2024-09-15T22:22:45.324 INFO:teuthology.orchestra.run.smithi022.stdout:/usr/bin/ceph: stderr
2024-09-15T22:22:44.505+0000 7f816f400640 1 --2- 172.21.15.22:0/1643263242 >> [v2:172.21.15.22:6800/3305817552,v1:172.21.15.22:6801/3305817552] conn(0x7f815c0391b0 0x7f815c03b670 unknown :-1 s=NONE pgs=0 cs=0 l=1 rev1=0 crypto rx=0 tx=0 comp rx=0 tx=0).connect
2024-09-15T22:22:45.324 INFO:teuthology.orchestra.run.smithi022.stdout:/usr/bin/ceph: stderr
2024-09-15T22:22:44.505+0000 7f816f400640 1 -- 172.21.15.22:0/1643263242 <== mon.0 v2:172.21.15.22:3300/0 5 ==== osd_map(2..2 src has 1..2) ==== 940+0+0 (secure 0 0 0) 0x7f816806c810 con 0x7f81781077e0
2024-09-15T22:22:45.324 INFO:teuthology.orchestra.run.smithi022.stdout:/usr/bin/ceph: stderr
2024-09-15T22:22:44.505+0000 7f816d400640 1 --2- 172.21.15.22:0/1643263242 >> [v2:172.21.15.22:6800/3305817552,v1:172.21.15.22:6801/3305817552] conn(0x7f815c0391b0 0x7f815c03b670 unknown :-1 s=BANNER_CONNECTING pgs=0 cs=0 l=1 rev1=0 crypto rx=0 tx=0 comp rx=0 tx=0)._handle_peer_banner_payload supported=3 required=0
2024-09-15T22:22:45.324 INFO:teuthology.orchestra.run.smithi022.stdout:/usr/bin/ceph: stderr
2024-09-15T22:22:44.506+0000 7f816d400640 1 --2- 172.21.15.22:0/1643263242 >> [v2:172.21.15.22:6800/3305817552,v1:172.21.15.22:6801/3305817552] conn(0x7f815c0391b0 0x7f815c03b670 secure :-1 s=READY pgs=8 cs=0 l=1 rev1=1 crypto rx=0x7f81600098c0 tx=0x7f8160006db0 comp rx=0 tx=0).ready entity=mgr.14118 client_cookie=0 server_cookie=0 in_seq=0 out_seq=0
2024-09-15T22:22:45.324 INFO:teuthology.orchestra.run.smithi022.stdout:/usr/bin/ceph: stderr
2024-09-15T22:22:44.510+0000 7f816f400640 1 -- 172.21.15.22:0/1643263242 <== mon.0 v2:172.21.15.22:3300/0 6 ==== mon_command_ack([{"prefix": "get_command_descriptions"}]=0 v0) ==== 72+0+188821 (secure 0 0 0) 0x7f816806c160 con 0x7f81781077e0
2024-09-15T22:22:45.325 INFO:teuthology.orchestra.run.smithi022.stdout:/usr/bin/ceph: stderr
2024-09-15T22:22:44.697+0000 7f817cc00640 1 -- 172.21.15.22:0/1643263242 --> [v2:172.21.15.22:6800/3305817552,v1:172.21.15.22:6801/3305817552] -- mgr_command(tid 0: {"prefix": "cephadm set-user", "user": "root", "target": ["mon-mgr", ""]}) -- 0x7f8178104280 con 0x7f815c0391b0
2024-09-15T22:22:45.325 INFO:teuthology.orchestra.run.smithi022.stdout:/usr/bin/ceph: stderr
2024-09-15T22:22:44.697+0000 7f816f400640 1 -- 172.21.15.22:0/1643263242 <== mgr.14118 v2:172.21.15.22:6800/3305817552 1 ==== mgr_command_reply(tid 0: 0 ) ==== 8+0+16 (secure 0 0 0) 0x7f8178104280 con 0x7f815c0391b0
2024-09-15T22:22:45.325 INFO:teuthology.orchestra.run.smithi022.stdout:/usr/bin/ceph: stderr
2024-09-15T22:22:44.700+0000 7f817cc00640 1 -- 172.21.15.22:0/1643263242 >> [v2:172.21.15.22:6800/3305817552,v1:172.21.15.22:6801/3305817552] conn(0x7f815c0391b0 msgr2=0x7f815c03b670 secure :-1 s=STATE_CONNECTION_ESTABLISHED l=1).mark_down
2024-09-15T22:22:45.325 INFO:teuthology.orchestra.run.smithi022.stdout:/usr/bin/ceph: stderr
2024-09-15T22:22:44.700+0000 7f817cc00640 1 --2- 172.21.15.22:0/1643263242 >> [v2:172.21.15.22:6800/3305817552,v1:172.21.15.22:6801/3305817552] conn(0x7f815c0391b0 0x7f815c03b670 secure :-1 s=READY pgs=8 cs=0 l=1 rev1=1 crypto rx=0x7f81600098c0 tx=0x7f8160006db0 comp rx=0 tx=0).stop
2024-09-15T22:22:45.325 INFO:teuthology.orchestra.run.smithi022.stdout:/usr/bin/ceph: stderr
2024-09-15T22:22:44.700+0000 7f817cc00640 1 -- 172.21.15.22:0/1643263242 >> [v2:172.21.15.22:3300/0,v1:172.21.15.22:6789/0] conn(0x7f81781077e0 msgr2=0x7f817819b800 secure :-1 s=STATE_CONNECTION_ESTABLISHED l=1).mark_down
2024-09-15T22:22:45.325 INFO:teuthology.orchestra.run.smithi022.stdout:/usr/bin/ceph: stderr
2024-09-15T22:22:44.700+0000 7f817cc00640 1 --2- 172.21.15.22:0/1643263242 >> [v2:172.21.15.22:3300/0,v1:172.21.15.22:6789/0] conn(0x7f81781077e0 0x7f817819b800 secure :-1 s=READY pgs=38 cs=0 l=1 rev1=1 crypto rx=0x7f81680097f0 tx=0x7f8168030d80 comp rx=0 tx=0).stop
2024-09-15T22:22:45.325 INFO:teuthology.orchestra.run.smithi022.stdout:/usr/bin/ceph: stderr
2024-09-15T22:22:44.701+0000 7f817cc00640 1 -- 172.21.15.22:0/1643263242 shutdown_connections
2024-09-15T22:22:45.325 INFO:teuthology.orchestra.run.smithi022.stdout:/usr/bin/ceph: stderr
2024-09-15T22:22:44.701+0000 7f817cc00640 1 --2- 172.21.15.22:0/1643263242 >> [v2:172.21.15.22:6800/3305817552,v1:172.21.15.22:6801/3305817552] conn(0x7f815c0391b0 0x7f815c03b670 unknown :-1 s=CLOSED pgs=8 cs=0 l=1 rev1=1 crypto rx=0 tx=0 comp rx=0 tx=0).stop
2024-09-15T22:22:45.325 INFO:teuthology.orchestra.run.smithi022.stdout:/usr/bin/ceph: stderr
2024-09-15T22:22:44.701+0000 7f817cc00640 1 --2- 172.21.15.22:0/1643263242 >> [v2:172.21.15.22:3300/0,v1:172.21.15.22:6789/0] conn(0x7f81781077e0 0x7f817819b800 unknown :-1 s=CLOSED pgs=38 cs=0 l=1 rev1=1 crypto rx=0 tx=0 comp rx=0 tx=0).stop
2024-09-15T22:22:45.325 INFO:teuthology.orchestra.run.smithi022.stdout:/usr/bin/ceph: stderr
2024-09-15T22:22:44.701+0000 7f817cc00640 1 -- 172.21.15.22:0/1643263242 >> 172.21.15.22:0/1643263242 conn(0x7f8178102ff0 msgr2=0x7f8178103b70 unknown :-1 s=STATE_NONE l=0).mark_down
2024-09-15T22:22:45.325 INFO:teuthology.orchestra.run.smithi022.stdout:/usr/bin/ceph: stderr
2024-09-15T22:22:44.701+0000 7f817cc00640 1 -- 172.21.15.22:0/1643263242 shutdown_connections
2024-09-15T22:22:45.325 INFO:teuthology.orchestra.run.smithi022.stdout:/usr/bin/ceph: stderr
2024-09-15T22:22:44.701+0000 7f817cc00640 1 -- 172.21.15.22:0/1643263242 wait complete.
2024-09-15T22:22:45.325 INFO:teuthology.orchestra.run.smithi022.stdout:Generating ssh key...
2024-09-15T22:22:45.841 INFO:journalctl@ceph.mon.a.smithi022.stdout:Sep 15 22:22:45 smithi022 ceph-mon[30634]: from='client.14132 -' entity='client.admin' cmd=[{"prefix": "cephadm set-user", "user": "root", "target": ["mon-mgr", ""]}]: dispatch
2024-09-15T22:22:46.782 INFO:journalctl@ceph.mgr.x.smithi022.stdout:Sep 15 22:22:46 smithi022 ceph-d3c50556-73b0-11ef-bceb-c7b262605968-mgr-x[30862]: Generating public/private rsa key pair.
2024-09-15T22:22:46.782 INFO:journalctl@ceph.mgr.x.smithi022.stdout:Sep 15 22:22:46 smithi022 ceph-d3c50556-73b0-11ef-bceb-c7b262605968-mgr-x[30862]: Your identification has been saved in /tmp/tmpne3nwn7r/key
2024-09-15T22:22:46.783 INFO:journalctl@ceph.mgr.x.smithi022.stdout:Sep 15 22:22:46 smithi022 ceph-d3c50556-73b0-11ef-bceb-c7b262605968-mgr-x[30862]: Your public key has been saved in /tmp/tmpne3nwn7r/key.pub
2024-09-15T22:22:46.783 INFO:journalctl@ceph.mgr.x.smithi022.stdout:Sep 15 22:22:46 smithi022 ceph-d3c50556-73b0-11ef-bceb-c7b262605968-mgr-x[30862]: The key fingerprint is:
2024-09-15T22:22:46.783 INFO:journalctl@ceph.mgr.x.smithi022.stdout:Sep 15 22:22:46 smithi022 ceph-d3c50556-73b0-11ef-bceb-c7b262605968-mgr-x[30862]: SHA256:TnVwT/x8lYqGthi8/wouICc2A5v9ElPh2wM4VIYFank ceph-d3c50556-73b0-11ef-bceb-c7b262605968
2024-09-15T22:22:46.783 INFO:journalctl@ceph.mgr.x.smithi022.stdout:Sep 15 22:22:46 smithi022 ceph-d3c50556-73b0-11ef-bceb-c7b262605968-mgr-x[30862]: The key's randomart image is:
2024-09-15T22:22:46.783 INFO:journalctl@ceph.mgr.x.smithi022.stdout:Sep 15 22:22:46 smithi022 ceph-d3c50556-73b0-11ef-bceb-c7b262605968-mgr-x[30862]: +---[RSA 3072]----+
2024-09-15T22:22:46.783 INFO:journalctl@ceph.mgr.x.smithi022.stdout:Sep 15 22:22:46 smithi022 ceph-d3c50556-73b0-11ef-bceb-c7b262605968-mgr-x[30862]: | .=+ . ... .|
2024-09-15T22:22:46.783 INFO:journalctl@ceph.mgr.x.smithi022.stdout:Sep 15 22:22:46 smithi022 ceph-d3c50556-73b0-11ef-bceb-c7b262605968-mgr-x[30862]: | .+.. o o...|
2024-09-15T22:22:46.783 INFO:journalctl@ceph.mgr.x.smithi022.stdout:Sep 15 22:22:46 smithi022 ceph-d3c50556-73b0-11ef-bceb-c7b262605968-mgr-x[30862]: |.+ E .. o o oo.|
2024-09-15T22:22:46.783 INFO:journalctl@ceph.mgr.x.smithi022.stdout:Sep 15 22:22:46 smithi022 ceph-d3c50556-73b0-11ef-bceb-c7b262605968-mgr-x[30862]: |o + + o + + . +|
2024-09-15T22:22:46.783 INFO:journalctl@ceph.mgr.x.smithi022.stdout:Sep 15 22:22:46 smithi022 ceph-d3c50556-73b0-11ef-bceb-c7b262605968-mgr-x[30862]: |.+ o + S o .|
2024-09-15T22:22:46.783 INFO:journalctl@ceph.mgr.x.smithi022.stdout:Sep 15 22:22:46 smithi022 ceph-d3c50556-73b0-11ef-bceb-c7b262605968-mgr-x[30862]: |o*+o. o= . |
2024-09-15T22:22:46.783 INFO:journalctl@ceph.mgr.x.smithi022.stdout:Sep 15 22:22:46 smithi022 ceph-d3c50556-73b0-11ef-bceb-c7b262605968-mgr-x[30862]: |. *+. oo |
2024-09-15T22:22:46.783 INFO:journalctl@ceph.mgr.x.smithi022.stdout:Sep 15 22:22:46 smithi022 ceph-d3c50556-73b0-11ef-bceb-c7b262605968-mgr-x[30862]: | . ... .. |
2024-09-15T22:22:46.783 INFO:journalctl@ceph.mgr.x.smithi022.stdout:Sep 15 22:22:46 smithi022 ceph-d3c50556-73b0-11ef-bceb-c7b262605968-mgr-x[30862]: | . .. .o. |
2024-09-15T22:22:46.784 INFO:journalctl@ceph.mgr.x.smithi022.stdout:Sep 15 22:22:46 smithi022 ceph-d3c50556-73b0-11ef-bceb-c7b262605968-mgr-x[30862]: +----[SHA256]-----+
2024-09-15T22:22:47.129 INFO:teuthology.orchestra.run.smithi022.stdout:/usr/bin/ceph: stderr
2024-09-15T22:22:45.839+0000 7f5c83200640 1 Processor -- start
2024-09-15T22:22:47.129 INFO:teuthology.orchestra.run.smithi022.stdout:/usr/bin/ceph: stderr
2024-09-15T22:22:45.839+0000 7f5c83200640 1 -- start start
2024-09-15T22:22:47.129 INFO:teuthology.orchestra.run.smithi022.stdout:/usr/bin/ceph: stderr
2024-09-15T22:22:45.839+0000 7f5c83200640 1 --2- >> [v2:172.21.15.22:3300/0,v1:172.21.15.22:6789/0] conn(0x7f5c84107630 0x7f5c84107a30 unknown :-1 s=NONE pgs=0 cs=0 l=0 rev1=0 crypto rx=0 tx=0 comp rx=0 tx=0).connect
2024-09-15T22:22:47.130 INFO:teuthology.orchestra.run.smithi022.stdout:/usr/bin/ceph: stderr
2024-09-15T22:22:45.839+0000 7f5c83200640 1 -- --> [v2:172.21.15.22:3300/0,v1:172.21.15.22:6789/0] -- mon_getmap magic: 0 -- 0x7f5c84108000 con 0x7f5c84107630
2024-09-15T22:22:47.130 INFO:teuthology.orchestra.run.smithi022.stdout:/usr/bin/ceph: stderr
2024-09-15T22:22:45.839+0000 7f5c81e00640 1 --2- >> [v2:172.21.15.22:3300/0,v1:172.21.15.22:6789/0] conn(0x7f5c84107630 0x7f5c84107a30 unknown :-1 s=BANNER_CONNECTING pgs=0 cs=0 l=0 rev1=0 crypto rx=0 tx=0 comp rx=0 tx=0)._handle_peer_banner_payload supported=3 required=0
2024-09-15T22:22:47.130 INFO:teuthology.orchestra.run.smithi022.stdout:/usr/bin/ceph: stderr
2024-09-15T22:22:45.840+0000 7f5c81e00640 1 --2- >> [v2:172.21.15.22:3300/0,v1:172.21.15.22:6789/0] conn(0x7f5c84107630 0x7f5c84107a30 unknown :-1 s=HELLO_CONNECTING pgs=0 cs=0 l=0 rev1=1 crypto rx=0 tx=0 comp rx=0 tx=0).handle_hello peer v2:172.21.15.22:3300/0 says I am v2:172.21.15.22:36508/0 (socket says 172.21.15.22:36508)
2024-09-15T22:22:47.130 INFO:teuthology.orchestra.run.smithi022.stdout:/usr/bin/ceph: stderr
2024-09-15T22:22:45.840+0000 7f5c81e00640 1 -- 172.21.15.22:0/964407348 learned_addr learned my addr 172.21.15.22:0/964407348 (peer_addr_for_me v2:172.21.15.22:0/0)
2024-09-15T22:22:47.130 INFO:teuthology.orchestra.run.smithi022.stdout:/usr/bin/ceph: stderr
2024-09-15T22:22:45.840+0000 7f5c81e00640 1 -- 172.21.15.22:0/964407348 --> [v2:172.21.15.22:3300/0,v1:172.21.15.22:6789/0] -- mon_subscribe({config=0+,monmap=0+}) -- 0x7f5c84108830 con 0x7f5c84107630
2024-09-15T22:22:47.130 INFO:teuthology.orchestra.run.smithi022.stdout:/usr/bin/ceph: stderr
2024-09-15T22:22:45.841+0000 7f5c81e00640 1 --2- 172.21.15.22:0/964407348 >> [v2:172.21.15.22:3300/0,v1:172.21.15.22:6789/0] conn(0x7f5c84107630 0x7f5c84107a30 secure :-1 s=READY pgs=39 cs=0 l=1 rev1=1 crypto rx=0x7f5c74009e80 tx=0x7f5c7402a7a0 comp rx=0 tx=0).ready entity=mon.0 client_cookie=29ca9f2f4407bec0 server_cookie=0 in_seq=0 out_seq=0
2024-09-15T22:22:47.130 INFO:teuthology.orchestra.run.smithi022.stdout:/usr/bin/ceph: stderr
2024-09-15T22:22:45.841+0000 7f5c80a00640 1 -- 172.21.15.22:0/964407348 <== mon.0 v2:172.21.15.22:3300/0 1 ==== mon_map magic: 0 ==== 205+0+0 (secure 0 0 0) 0x7f5c74036070 con 0x7f5c84107630
2024-09-15T22:22:47.130 INFO:teuthology.orchestra.run.smithi022.stdout:/usr/bin/ceph: stderr
2024-09-15T22:22:45.841+0000 7f5c80a00640 1 -- 172.21.15.22:0/964407348 <== mon.0 v2:172.21.15.22:3300/0 2 ==== config(27 keys) ==== 1109+0+0 (secure 0 0 0) 0x7f5c740318c0 con 0x7f5c84107630
2024-09-15T22:22:47.130 INFO:teuthology.orchestra.run.smithi022.stdout:/usr/bin/ceph: stderr
2024-09-15T22:22:45.841+0000 7f5c80a00640 1 -- 172.21.15.22:0/964407348 <== mon.0 v2:172.21.15.22:3300/0 3 ==== mon_map magic: 0 ==== 205+0+0 (secure 0 0 0) 0x7f5c74007ab0 con 0x7f5c84107630
2024-09-15T22:22:47.130 INFO:teuthology.orchestra.run.smithi022.stdout:/usr/bin/ceph: stderr
2024-09-15T22:22:45.842+0000 7f5c83200640 1 -- 172.21.15.22:0/964407348 >> [v2:172.21.15.22:3300/0,v1:172.21.15.22:6789/0] conn(0x7f5c84107630 msgr2=0x7f5c84107a30 secure :-1 s=STATE_CONNECTION_ESTABLISHED l=1).mark_down
2024-09-15T22:22:47.130 INFO:teuthology.orchestra.run.smithi022.stdout:/usr/bin/ceph: stderr
2024-09-15T22:22:45.842+0000 7f5c83200640 1 --2- 172.21.15.22:0/964407348 >> [v2:172.21.15.22:3300/0,v1:172.21.15.22:6789/0] conn(0x7f5c84107630 0x7f5c84107a30 secure :-1 s=READY pgs=39 cs=0 l=1 rev1=1 crypto rx=0x7f5c74009e80 tx=0x7f5c7402a7a0 comp rx=0 tx=0).stop
2024-09-15T22:22:47.130 INFO:teuthology.orchestra.run.smithi022.stdout:/usr/bin/ceph: stderr
2024-09-15T22:22:45.842+0000 7f5c83200640 1 -- 172.21.15.22:0/964407348 shutdown_connections
2024-09-15T22:22:47.131 INFO:teuthology.orchestra.run.smithi022.stdout:/usr/bin/ceph: stderr
2024-09-15T22:22:45.842+0000 7f5c83200640 1 --2- 172.21.15.22:0/964407348 >> [v2:172.21.15.22:3300/0,v1:172.21.15.22:6789/0] conn(0x7f5c84107630 0x7f5c84107a30 unknown :-1 s=CLOSED pgs=39 cs=0 l=1 rev1=1 crypto rx=0 tx=0 comp rx=0 tx=0).stop
2024-09-15T22:22:47.131 INFO:teuthology.orchestra.run.smithi022.stdout:/usr/bin/ceph: stderr
2024-09-15T22:22:45.842+0000 7f5c83200640 1 -- 172.21.15.22:0/964407348 >> 172.21.15.22:0/964407348 conn(0x7f5c84102dc0 msgr2=0x7f5c84105200 unknown :-1 s=STATE_NONE l=0).mark_down
2024-09-15T22:22:47.131 INFO:teuthology.orchestra.run.smithi022.stdout:/usr/bin/ceph: stderr
2024-09-15T22:22:45.842+0000 7f5c83200640 1 -- 172.21.15.22:0/964407348 shutdown_connections
2024-09-15T22:22:47.131 INFO:teuthology.orchestra.run.smithi022.stdout:/usr/bin/ceph: stderr
2024-09-15T22:22:45.842+0000 7f5c83200640 1 -- 172.21.15.22:0/964407348 wait complete.
2024-09-15T22:22:47.131 INFO:teuthology.orchestra.run.smithi022.stdout:/usr/bin/ceph: stderr
2024-09-15T22:22:45.843+0000 7f5c83200640 1 Processor -- start
2024-09-15T22:22:47.131 INFO:teuthology.orchestra.run.smithi022.stdout:/usr/bin/ceph: stderr
2024-09-15T22:22:45.843+0000 7f5c83200640 1 -- start start
2024-09-15T22:22:47.131 INFO:teuthology.orchestra.run.smithi022.stdout:/usr/bin/ceph: stderr
2024-09-15T22:22:45.843+0000 7f5c83200640 1 --2- >> [v2:172.21.15.22:3300/0,v1:172.21.15.22:6789/0] conn(0x7f5c84107630 0x7f5c8407db20 unknown :-1 s=NONE pgs=0 cs=0 l=1 rev1=0 crypto rx=0 tx=0 comp rx=0 tx=0).connect
2024-09-15T22:22:47.131 INFO:teuthology.orchestra.run.smithi022.stdout:/usr/bin/ceph: stderr
2024-09-15T22:22:45.843+0000 7f5c83200640 1 -- --> [v2:172.21.15.22:3300/0,v1:172.21.15.22:6789/0] -- mon_getmap magic: 0 -- 0x7f5c8410bbe0 con 0x7f5c84107630
2024-09-15T22:22:47.131 INFO:teuthology.orchestra.run.smithi022.stdout:/usr/bin/ceph: stderr
2024-09-15T22:22:45.844+0000 7f5c81e00640 1 --2- >> [v2:172.21.15.22:3300/0,v1:172.21.15.22:6789/0] conn(0x7f5c84107630 0x7f5c8407db20 unknown :-1 s=BANNER_CONNECTING pgs=0 cs=0 l=1 rev1=0 crypto rx=0 tx=0 comp rx=0 tx=0)._handle_peer_banner_payload supported=3 required=0
2024-09-15T22:22:47.131 INFO:teuthology.orchestra.run.smithi022.stdout:/usr/bin/ceph: stderr
2024-09-15T22:22:45.844+0000 7f5c81e00640 1 --2- >> [v2:172.21.15.22:3300/0,v1:172.21.15.22:6789/0] conn(0x7f5c84107630 0x7f5c8407db20 unknown :-1 s=HELLO_CONNECTING pgs=0 cs=0 l=1 rev1=1 crypto rx=0 tx=0 comp rx=0 tx=0).handle_hello peer v2:172.21.15.22:3300/0 says I am v2:172.21.15.22:36524/0 (socket says 172.21.15.22:36524)
2024-09-15T22:22:47.131 INFO:teuthology.orchestra.run.smithi022.stdout:/usr/bin/ceph: stderr
2024-09-15T22:22:45.844+0000 7f5c81e00640 1 -- 172.21.15.22:0/2309007017 learned_addr learned my addr 172.21.15.22:0/2309007017 (peer_addr_for_me v2:172.21.15.22:0/0)
2024-09-15T22:22:47.131 INFO:teuthology.orchestra.run.smithi022.stdout:/usr/bin/ceph: stderr
2024-09-15T22:22:45.844+0000 7f5c81e00640 1 -- 172.21.15.22:0/2309007017 --> [v2:172.21.15.22:3300/0,v1:172.21.15.22:6789/0] -- mon_subscribe({config=0+,monmap=0+}) -- 0x7f5c8407e060 con 0x7f5c84107630
2024-09-15T22:22:47.131 INFO:teuthology.orchestra.run.smithi022.stdout:/usr/bin/ceph: stderr
2024-09-15T22:22:45.844+0000 7f5c81e00640 1 --2- 172.21.15.22:0/2309007017 >> [v2:172.21.15.22:3300/0,v1:172.21.15.22:6789/0] conn(0x7f5c84107630 0x7f5c8407db20 secure :-1 s=READY pgs=40 cs=0 l=1 rev1=1 crypto rx=0x7f5c7402acc0 tx=0x7f5c74031ca0 comp rx=0 tx=0).ready entity=mon.0 client_cookie=0 server_cookie=0 in_seq=0 out_seq=0
2024-09-15T22:22:47.131 INFO:teuthology.orchestra.run.smithi022.stdout:/usr/bin/ceph: stderr
2024-09-15T22:22:45.845+0000 7f5c7aa00640 1 -- 172.21.15.22:0/2309007017 <== mon.0 v2:172.21.15.22:3300/0 1 ==== mon_map magic: 0 ==== 205+0+0 (secure 0 0 0) 0x7f5c74036050 con 0x7f5c84107630
2024-09-15T22:22:47.131 INFO:teuthology.orchestra.run.smithi022.stdout:/usr/bin/ceph: stderr
2024-09-15T22:22:45.845+0000 7f5c7aa00640 1 -- 172.21.15.22:0/2309007017 <== mon.0 v2:172.21.15.22:3300/0 2 ==== config(27 keys) ==== 1109+0+0 (secure 0 0 0) 0x7f5c74037040 con 0x7f5c84107630
2024-09-15T22:22:47.132 INFO:teuthology.orchestra.run.smithi022.stdout:/usr/bin/ceph: stderr
2024-09-15T22:22:45.845+0000 7f5c7aa00640 1 -- 172.21.15.22:0/2309007017 <== mon.0 v2:172.21.15.22:3300/0 3 ==== mon_map magic: 0 ==== 205+0+0 (secure 0 0 0) 0x7f5c7403d8c0 con 0x7f5c84107630
2024-09-15T22:22:47.132 INFO:teuthology.orchestra.run.smithi022.stdout:/usr/bin/ceph: stderr
2024-09-15T22:22:45.845+0000 7f5c83200640 1 -- 172.21.15.22:0/2309007017 --> [v2:172.21.15.22:3300/0,v1:172.21.15.22:6789/0] -- mon_subscribe({mgrmap=0+}) -- 0x7f5c8407c250 con 0x7f5c84107630
2024-09-15T22:22:47.132 INFO:teuthology.orchestra.run.smithi022.stdout:/usr/bin/ceph: stderr
2024-09-15T22:22:45.845+0000 7f5c83200640 1 -- 172.21.15.22:0/2309007017 --> [v2:172.21.15.22:3300/0,v1:172.21.15.22:6789/0] -- mon_subscribe({osdmap=0}) -- 0x7f5c8407c790 con 0x7f5c84107630
2024-09-15T22:22:47.132 INFO:teuthology.orchestra.run.smithi022.stdout:/usr/bin/ceph: stderr
2024-09-15T22:22:45.846+0000 7f5c7aa00640 1 -- 172.21.15.22:0/2309007017 <== mon.0 v2:172.21.15.22:3300/0 4 ==== mgrmap(e 8) ==== 46461+0+0 (secure 0 0 0) 0x7f5c74044020 con 0x7f5c84107630
2024-09-15T22:22:47.132 INFO:teuthology.orchestra.run.smithi022.stdout:/usr/bin/ceph: stderr
2024-09-15T22:22:45.846+0000 7f5c83200640 1 -- 172.21.15.22:0/2309007017 --> [v2:172.21.15.22:3300/0,v1:172.21.15.22:6789/0] -- mon_command({"prefix": "get_command_descriptions"} v 0) -- 0x7f5c84107ab0 con 0x7f5c84107630
2024-09-15T22:22:47.132 INFO:teuthology.orchestra.run.smithi022.stdout:/usr/bin/ceph: stderr
2024-09-15T22:22:45.846+0000 7f5c7aa00640 1 --2- 172.21.15.22:0/2309007017 >> [v2:172.21.15.22:6800/3305817552,v1:172.21.15.22:6801/3305817552] conn(0x7f5c68039200 0x7f5c6803b6c0 unknown :-1 s=NONE pgs=0 cs=0 l=1 rev1=0 crypto rx=0 tx=0 comp rx=0 tx=0).connect
2024-09-15T22:22:47.132 INFO:teuthology.orchestra.run.smithi022.stdout:/usr/bin/ceph: stderr
2024-09-15T22:22:45.846+0000 7f5c7aa00640 1 -- 172.21.15.22:0/2309007017 <== mon.0 v2:172.21.15.22:3300/0 5 ==== osd_map(2..2 src has 1..2) ==== 940+0+0 (secure 0 0 0) 0x7f5c74042020 con 0x7f5c84107630
2024-09-15T22:22:47.132 INFO:teuthology.orchestra.run.smithi022.stdout:/usr/bin/ceph: stderr
2024-09-15T22:22:45.847+0000 7f5c81400640 1 --2- 172.21.15.22:0/2309007017 >> [v2:172.21.15.22:6800/3305817552,v1:172.21.15.22:6801/3305817552] conn(0x7f5c68039200 0x7f5c6803b6c0 unknown :-1 s=BANNER_CONNECTING pgs=0 cs=0 l=1 rev1=0 crypto rx=0 tx=0 comp rx=0 tx=0)._handle_peer_banner_payload supported=3 required=0
2024-09-15T22:22:47.132 INFO:teuthology.orchestra.run.smithi022.stdout:/usr/bin/ceph: stderr
2024-09-15T22:22:45.847+0000 7f5c81400640 1 --2- 172.21.15.22:0/2309007017 >> [v2:172.21.15.22:6800/3305817552,v1:172.21.15.22:6801/3305817552] conn(0x7f5c68039200 0x7f5c6803b6c0 secure :-1 s=READY pgs=9 cs=0 l=1 rev1=1 crypto rx=0x7f5c700098c0 tx=0x7f5c70006db0 comp rx=0 tx=0).ready entity=mgr.14118 client_cookie=0 server_cookie=0 in_seq=0 out_seq=0
2024-09-15T22:22:47.132 INFO:teuthology.orchestra.run.smithi022.stdout:/usr/bin/ceph: stderr
2024-09-15T22:22:45.851+0000 7f5c7aa00640 1 -- 172.21.15.22:0/2309007017 <== mon.0 v2:172.21.15.22:3300/0 6 ==== mon_command_ack([{"prefix": "get_command_descriptions"}]=0 v0) ==== 72+0+188821 (secure 0 0 0) 0x7f5c7404b020 con 0x7f5c84107630
2024-09-15T22:22:47.132 INFO:teuthology.orchestra.run.smithi022.stdout:/usr/bin/ceph: stderr
2024-09-15T22:22:46.038+0000 7f5c83200640 1 -- 172.21.15.22:0/2309007017 --> [v2:172.21.15.22:6800/3305817552,v1:172.21.15.22:6801/3305817552] -- mgr_command(tid 0: {"prefix": "cephadm generate-key", "target": ["mon-mgr", ""]}) -- 0x7f5c8407d0e0 con 0x7f5c68039200
2024-09-15T22:22:47.132 INFO:teuthology.orchestra.run.smithi022.stdout:/usr/bin/ceph: stderr
2024-09-15T22:22:46.537+0000 7f5c7aa00640 1 -- 172.21.15.22:0/2309007017 <== mgr.14118 v2:172.21.15.22:6800/3305817552 1 ==== mgr_command_reply(tid 0: 0 ) ==== 8+0+0 (secure 0 0 0) 0x7f5c8407d0e0 con 0x7f5c68039200
2024-09-15T22:22:47.132 INFO:teuthology.orchestra.run.smithi022.stdout:/usr/bin/ceph: stderr
2024-09-15T22:22:46.539+0000 7f5c83200640 1 -- 172.21.15.22:0/2309007017 >> [v2:172.21.15.22:6800/3305817552,v1:172.21.15.22:6801/3305817552] conn(0x7f5c68039200 msgr2=0x7f5c6803b6c0 secure :-1 s=STATE_CONNECTION_ESTABLISHED l=1).mark_down
2024-09-15T22:22:47.133 INFO:teuthology.orchestra.run.smithi022.stdout:/usr/bin/ceph: stderr
2024-09-15T22:22:46.539+0000 7f5c83200640 1 --2- 172.21.15.22:0/2309007017 >> [v2:172.21.15.22:6800/3305817552,v1:172.21.15.22:6801/3305817552] conn(0x7f5c68039200 0x7f5c6803b6c0 secure :-1 s=READY pgs=9 cs=0 l=1 rev1=1 crypto rx=0x7f5c700098c0 tx=0x7f5c70006db0 comp rx=0 tx=0).stop
2024-09-15T22:22:47.133 INFO:teuthology.orchestra.run.smithi022.stdout:/usr/bin/ceph: stderr
2024-09-15T22:22:46.539+0000 7f5c83200640 1 -- 172.21.15.22:0/2309007017 >> [v2:172.21.15.22:3300/0,v1:172.21.15.22:6789/0] conn(0x7f5c84107630 msgr2=0x7f5c8407db20 secure :-1 s=STATE_CONNECTION_ESTABLISHED l=1).mark_down
2024-09-15T22:22:47.133 INFO:teuthology.orchestra.run.smithi022.stdout:/usr/bin/ceph: stderr
2024-09-15T22:22:46.539+0000 7f5c83200640 1 --2- 172.21.15.22:0/2309007017 >> [v2:172.21.15.22:3300/0,v1:172.21.15.22:6789/0] conn(0x7f5c84107630 0x7f5c8407db20 secure :-1 s=READY pgs=40 cs=0 l=1 rev1=1 crypto rx=0x7f5c7402acc0 tx=0x7f5c74031ca0 comp rx=0 tx=0).stop
2024-09-15T22:22:47.133 INFO:teuthology.orchestra.run.smithi022.stdout:/usr/bin/ceph: stderr
2024-09-15T22:22:46.539+0000 7f5c83200640 1 -- 172.21.15.22:0/2309007017 shutdown_connections
2024-09-15T22:22:47.133 INFO:teuthology.orchestra.run.smithi022.stdout:/usr/bin/ceph: stderr
2024-09-15T22:22:46.539+0000 7f5c83200640 1 --2- 172.21.15.22:0/2309007017 >> [v2:172.21.15.22:6800/3305817552,v1:172.21.15.22:6801/3305817552] conn(0x7f5c68039200 0x7f5c6803b6c0 unknown :-1 s=CLOSED pgs=9 cs=0 l=1 rev1=1 crypto rx=0 tx=0 comp rx=0 tx=0).stop
2024-09-15T22:22:47.133 INFO:teuthology.orchestra.run.smithi022.stdout:/usr/bin/ceph: stderr
2024-09-15T22:22:46.539+0000 7f5c83200640 1 --2- 172.21.15.22:0/2309007017 >> [v2:172.21.15.22:3300/0,v1:172.21.15.22:6789/0] conn(0x7f5c84107630 0x7f5c8407db20 unknown :-1 s=CLOSED pgs=40 cs=0 l=1 rev1=1 crypto rx=0 tx=0 comp rx=0 tx=0).stop
2024-09-15T22:22:47.133 INFO:teuthology.orchestra.run.smithi022.stdout:/usr/bin/ceph: stderr
2024-09-15T22:22:46.539+0000 7f5c83200640 1 -- 172.21.15.22:0/2309007017 >> 172.21.15.22:0/2309007017 conn(0x7f5c84102dc0 msgr2=0x7f5c84103970 unknown :-1 s=STATE_NONE l=0).mark_down
2024-09-15T22:22:47.133 INFO:teuthology.orchestra.run.smithi022.stdout:/usr/bin/ceph: stderr
2024-09-15T22:22:46.539+0000 7f5c83200640 1 -- 172.21.15.22:0/2309007017 shutdown_connections
2024-09-15T22:22:47.133 INFO:teuthology.orchestra.run.smithi022.stdout:/usr/bin/ceph: stderr
2024-09-15T22:22:46.539+0000 7f5c83200640 1 -- 172.21.15.22:0/2309007017 wait complete.
2024-09-15T22:22:47.782 INFO:journalctl@ceph.mon.a.smithi022.stdout:Sep 15 22:22:47 smithi022 ceph-mon[30634]: from='client.14134 -' entity='client.admin' cmd=[{"prefix": "cephadm generate-key", "target": ["mon-mgr", ""]}]: dispatch
2024-09-15T22:22:47.782 INFO:journalctl@ceph.mon.a.smithi022.stdout:Sep 15 22:22:47 smithi022 ceph-mon[30634]: Generating ssh key...
2024-09-15T22:22:47.782 INFO:journalctl@ceph.mon.a.smithi022.stdout:Sep 15 22:22:47 smithi022 ceph-mon[30634]: from='mgr.14118 172.21.15.22:0/766573143' entity='mgr.x'
2024-09-15T22:22:47.782 INFO:journalctl@ceph.mon.a.smithi022.stdout:Sep 15 22:22:47 smithi022 ceph-mon[30634]: from='mgr.14118 172.21.15.22:0/766573143' entity='mgr.x'
