2024-09-15T22:23:11.843 INFO:teuthology.orchestra.run.smithi022.stdout:/usr/bin/ceph: stderr
2024-09-15T22:23:06.081+0000 7f85b6a00640 1 -- 172.21.15.22:0/3001158893 --> [v2:172.21.15.22:3300/0,v1:172.21.15.22:6789/0] -- mon_subscribe({config=0+,monmap=0+}) -- 0x7f85b810ac00 con 0x7f85b8109a00
2024-09-15T22:23:11.843 INFO:teuthology.orchestra.run.smithi022.stdout:/usr/bin/ceph: stderr
2024-09-15T22:23:06.082+0000 7f85b6a00640 1 --2- 172.21.15.22:0/3001158893 >> [v2:172.21.15.22:3300/0,v1:172.21.15.22:6789/0] conn(0x7f85b8109a00 0x7f85b8109e00 secure :-1 s=READY pgs=59 cs=0 l=1 rev1=1 crypto rx=0x7f85a8009820 tx=0x7f85a802a270 comp rx=0 tx=0).ready entity=mon.0 client_cookie=ddcc2f46993a7386 server_cookie=0 in_seq=0 out_seq=0
2024-09-15T22:23:11.843 INFO:teuthology.orchestra.run.smithi022.stdout:/usr/bin/ceph: stderr
2024-09-15T22:23:06.082+0000 7f85b5600640 1 -- 172.21.15.22:0/3001158893 <== mon.0 v2:172.21.15.22:3300/0 1 ==== mon_map magic: 0 ==== 205+0+0 (secure 0 0 0) 0x7f85a8037070 con 0x7f85b8109a00
2024-09-15T22:23:11.843 INFO:teuthology.orchestra.run.smithi022.stdout:/usr/bin/ceph: stderr
2024-09-15T22:23:06.082+0000 7f85b5600640 1 -- 172.21.15.22:0/3001158893 <== mon.0 v2:172.21.15.22:3300/0 2 ==== config(27 keys) ==== 1140+0+0 (secure 0 0 0) 0x7f85a8032920 con 0x7f85b8109a00
2024-09-15T22:23:11.843 INFO:teuthology.orchestra.run.smithi022.stdout:/usr/bin/ceph: stderr
2024-09-15T22:23:06.082+0000 7f85b5600640 1 -- 172.21.15.22:0/3001158893 <== mon.0 v2:172.21.15.22:3300/0 3 ==== mon_map magic: 0 ==== 205+0+0 (secure 0 0 0) 0x7f85a8030810 con 0x7f85b8109a00
2024-09-15T22:23:11.843 INFO:teuthology.orchestra.run.smithi022.stdout:/usr/bin/ceph: stderr
2024-09-15T22:23:06.083+0000 7f85bd800640 1 -- 172.21.15.22:0/3001158893 >> [v2:172.21.15.22:3300/0,v1:172.21.15.22:6789/0] conn(0x7f85b8109a00 msgr2=0x7f85b8109e00 secure :-1 s=STATE_CONNECTION_ESTABLISHED l=1).mark_down
2024-09-15T22:23:11.843 INFO:teuthology.orchestra.run.smithi022.stdout:/usr/bin/ceph: stderr
2024-09-15T22:23:06.083+0000 7f85bd800640 1 --2- 172.21.15.22:0/3001158893 >> [v2:172.21.15.22:3300/0,v1:172.21.15.22:6789/0] conn(0x7f85b8109a00 0x7f85b8109e00 secure :-1 s=READY pgs=59 cs=0 l=1 rev1=1 crypto rx=0x7f85a8009820 tx=0x7f85a802a270 comp rx=0 tx=0).stop
2024-09-15T22:23:11.843 INFO:teuthology.orchestra.run.smithi022.stdout:/usr/bin/ceph: stderr
2024-09-15T22:23:06.083+0000 7f85bd800640 1 -- 172.21.15.22:0/3001158893 shutdown_connections
2024-09-15T22:23:11.844 INFO:teuthology.orchestra.run.smithi022.stdout:/usr/bin/ceph: stderr
2024-09-15T22:23:06.083+0000 7f85bd800640 1 --2- 172.21.15.22:0/3001158893 >> [v2:172.21.15.22:3300/0,v1:172.21.15.22:6789/0] conn(0x7f85b8109a00 0x7f85b8109e00 unknown :-1 s=CLOSED pgs=59 cs=0 l=1 rev1=1 crypto rx=0 tx=0 comp rx=0 tx=0).stop
2024-09-15T22:23:11.844 INFO:teuthology.orchestra.run.smithi022.stdout:/usr/bin/ceph: stderr
2024-09-15T22:23:06.083+0000 7f85bd800640 1 -- 172.21.15.22:0/3001158893 >> 172.21.15.22:0/3001158893 conn(0x7f85b807cfe0 msgr2=0x7f85b807d3f0 unknown :-1 s=STATE_NONE l=0).mark_down
2024-09-15T22:23:11.844 INFO:teuthology.orchestra.run.smithi022.stdout:/usr/bin/ceph: stderr
2024-09-15T22:23:06.083+0000 7f85bd800640 1 -- 172.21.15.22:0/3001158893 shutdown_connections
2024-09-15T22:23:11.844 INFO:teuthology.orchestra.run.smithi022.stdout:/usr/bin/ceph: stderr
2024-09-15T22:23:06.083+0000 7f85bd800640 1 -- 172.21.15.22:0/3001158893 wait complete.
2024-09-15T22:23:11.844 INFO:teuthology.orchestra.run.smithi022.stdout:/usr/bin/ceph: stderr
2024-09-15T22:23:06.084+0000 7f85bd800640 1 Processor -- start
2024-09-15T22:23:11.844 INFO:teuthology.orchestra.run.smithi022.stdout:/usr/bin/ceph: stderr
2024-09-15T22:23:06.084+0000 7f85bd800640 1 -- start start
2024-09-15T22:23:11.844 INFO:teuthology.orchestra.run.smithi022.stdout:/usr/bin/ceph: stderr
2024-09-15T22:23:06.084+0000 7f85bd800640 1 --2- >> [v2:172.21.15.22:3300/0,v1:172.21.15.22:6789/0] conn(0x7f85b8109a00 0x7f85b819da20 unknown :-1 s=NONE pgs=0 cs=0 l=1 rev1=0 crypto rx=0 tx=0 comp rx=0 tx=0).connect
2024-09-15T22:23:11.844 INFO:teuthology.orchestra.run.smithi022.stdout:/usr/bin/ceph: stderr
2024-09-15T22:23:06.084+0000 7f85bd800640 1 -- --> [v2:172.21.15.22:3300/0,v1:172.21.15.22:6789/0] -- mon_getmap magic: 0 -- 0x7f85b810dfb0 con 0x7f85b8109a00
2024-09-15T22:23:11.844 INFO:teuthology.orchestra.run.smithi022.stdout:/usr/bin/ceph: stderr
2024-09-15T22:23:06.085+0000 7f85b6a00640 1 --2- >> [v2:172.21.15.22:3300/0,v1:172.21.15.22:6789/0] conn(0x7f85b8109a00 0x7f85b819da20 unknown :-1 s=BANNER_CONNECTING pgs=0 cs=0 l=1 rev1=0 crypto rx=0 tx=0 comp rx=0 tx=0)._handle_peer_banner_payload supported=3 required=0
2024-09-15T22:23:11.844 INFO:teuthology.orchestra.run.smithi022.stdout:/usr/bin/ceph: stderr
2024-09-15T22:23:06.085+0000 7f85b6a00640 1 --2- >> [v2:172.21.15.22:3300/0,v1:172.21.15.22:6789/0] conn(0x7f85b8109a00 0x7f85b819da20 unknown :-1 s=HELLO_CONNECTING pgs=0 cs=0 l=1 rev1=1 crypto rx=0 tx=0 comp rx=0 tx=0).handle_hello peer v2:172.21.15.22:3300/0 says I am v2:172.21.15.22:50368/0 (socket says 172.21.15.22:50368)
2024-09-15T22:23:11.844 INFO:teuthology.orchestra.run.smithi022.stdout:/usr/bin/ceph: stderr
2024-09-15T22:23:06.085+0000 7f85b6a00640 1 -- 172.21.15.22:0/4277992955 learned_addr learned my addr 172.21.15.22:0/4277992955 (peer_addr_for_me v2:172.21.15.22:0/0)
2024-09-15T22:23:11.844 INFO:teuthology.orchestra.run.smithi022.stdout:/usr/bin/ceph: stderr
2024-09-15T22:23:06.085+0000 7f85b6a00640 1 -- 172.21.15.22:0/4277992955 --> [v2:172.21.15.22:3300/0,v1:172.21.15.22:6789/0] -- mon_subscribe({config=0+,monmap=0+}) -- 0x7f85b819df60 con 0x7f85b8109a00
2024-09-15T22:23:11.845 INFO:teuthology.orchestra.run.smithi022.stdout:/usr/bin/ceph: stderr
2024-09-15T22:23:06.085+0000 7f85b6a00640 1 --2- 172.21.15.22:0/4277992955 >> [v2:172.21.15.22:3300/0,v1:172.21.15.22:6789/0] conn(0x7f85b8109a00 0x7f85b819da20 secure :-1 s=READY pgs=60 cs=0 l=1 rev1=1 crypto rx=0x7f85a80097f0 tx=0x7f85a80327b0 comp rx=0 tx=0).ready entity=mon.0 client_cookie=0 server_cookie=0 in_seq=0 out_seq=0
2024-09-15T22:23:11.845 INFO:teuthology.orchestra.run.smithi022.stdout:/usr/bin/ceph: stderr
2024-09-15T22:23:06.086+0000 7f85af400640 1 -- 172.21.15.22:0/4277992955 <== mon.0 v2:172.21.15.22:3300/0 1 ==== mon_map magic: 0 ==== 205+0+0 (secure 0 0 0) 0x7f85a8037040 con 0x7f85b8109a00
2024-09-15T22:23:11.845 INFO:teuthology.orchestra.run.smithi022.stdout:/usr/bin/ceph: stderr
2024-09-15T22:23:06.086+0000 7f85af400640 1 -- 172.21.15.22:0/4277992955 <== mon.0 v2:172.21.15.22:3300/0 2 ==== config(27 keys) ==== 1140+0+0 (secure 0 0 0) 0x7f85a8030cc0 con 0x7f85b8109a00
2024-09-15T22:23:11.845 INFO:teuthology.orchestra.run.smithi022.stdout:/usr/bin/ceph: stderr
2024-09-15T22:23:06.086+0000 7f85bd800640 1 -- 172.21.15.22:0/4277992955 --> [v2:172.21.15.22:3300/0,v1:172.21.15.22:6789/0] -- mon_subscribe({mgrmap=0+}) -- 0x7f85b819e1f0 con 0x7f85b8109a00
2024-09-15T22:23:11.845 INFO:teuthology.orchestra.run.smithi022.stdout:/usr/bin/ceph: stderr
2024-09-15T22:23:06.086+0000 7f85af400640 1 -- 172.21.15.22:0/4277992955 <== mon.0 v2:172.21.15.22:3300/0 3 ==== mon_map magic: 0 ==== 205+0+0 (secure 0 0 0) 0x7f85a803a640 con 0x7f85b8109a00
2024-09-15T22:23:11.845 INFO:teuthology.orchestra.run.smithi022.stdout:/usr/bin/ceph: stderr
2024-09-15T22:23:06.086+0000 7f85bd800640 1 -- 172.21.15.22:0/4277992955 --> [v2:172.21.15.22:3300/0,v1:172.21.15.22:6789/0] -- mon_subscribe({osdmap=0}) -- 0x7f85b81a0ee0 con 0x7f85b8109a00
2024-09-15T22:23:11.845 INFO:teuthology.orchestra.run.smithi022.stdout:/usr/bin/ceph: stderr
2024-09-15T22:23:06.087+0000 7f85af400640 1 -- 172.21.15.22:0/4277992955 <== mon.0 v2:172.21.15.22:3300/0 4 ==== mgrmap(e 9) ==== 46474+0+0 (secure 0 0 0) 0x7f85a803b3f0 con 0x7f85b8109a00
2024-09-15T22:23:11.845 INFO:teuthology.orchestra.run.smithi022.stdout:/usr/bin/ceph: stderr
2024-09-15T22:23:06.087+0000 7f85af400640 1 --2- 172.21.15.22:0/4277992955 >> [v2:172.21.15.22:6800/3305817552,v1:172.21.15.22:6801/3305817552] conn(0x7f859c039200 0x7f859c03b6c0 unknown :-1 s=NONE pgs=0 cs=0 l=1 rev1=0 crypto rx=0 tx=0 comp rx=0 tx=0).connect
2024-09-15T22:23:11.845 INFO:teuthology.orchestra.run.smithi022.stdout:/usr/bin/ceph: stderr
2024-09-15T22:23:06.087+0000 7f85af400640 1 -- 172.21.15.22:0/4277992955 --> [v2:172.21.15.22:6800/3305817552,v1:172.21.15.22:6801/3305817552] -- command(tid 0: {"prefix": "get_command_descriptions"}) -- 0x7f859c03bdd0 con 0x7f859c039200
2024-09-15T22:23:11.845 INFO:teuthology.orchestra.run.smithi022.stdout:/usr/bin/ceph: stderr
2024-09-15T22:23:06.088+0000 7f85af400640 1 -- 172.21.15.22:0/4277992955 <== mon.0 v2:172.21.15.22:3300/0 5 ==== osd_map(2..2 src has 1..2) ==== 940+0+0 (secure 0 0 0) 0x7f85a806c900 con 0x7f85b8109a00
2024-09-15T22:23:11.845 INFO:teuthology.orchestra.run.smithi022.stdout:/usr/bin/ceph: stderr
2024-09-15T22:23:06.088+0000 7f85b6000640 1 -- 172.21.15.22:0/4277992955 >> [v2:172.21.15.22:6800/3305817552,v1:172.21.15.22:6801/3305817552] conn(0x7f859c039200 msgr2=0x7f859c03b6c0 unknown :-1 s=STATE_CONNECTING_RE l=1).process reconnect failed to v2:172.21.15.22:6800/3305817552
2024-09-15T22:23:11.845 INFO:teuthology.orchestra.run.smithi022.stdout:/usr/bin/ceph: stderr
2024-09-15T22:23:06.088+0000 7f85b6000640 1 --2- 172.21.15.22:0/4277992955 >> [v2:172.21.15.22:6800/3305817552,v1:172.21.15.22:6801/3305817552] conn(0x7f859c039200 0x7f859c03b6c0 unknown :-1 s=START_CONNECT pgs=0 cs=0 l=1 rev1=0 crypto rx=0 tx=0 comp rx=0 tx=0)._fault waiting 0.200000
2024-09-15T22:23:11.845 INFO:teuthology.orchestra.run.smithi022.stdout:/usr/bin/ceph: stderr
2024-09-15T22:23:06.289+0000 7f85b6000640 1 -- 172.21.15.22:0/4277992955 >> [v2:172.21.15.22:6800/3305817552,v1:172.21.15.22:6801/3305817552] conn(0x7f859c039200 msgr2=0x7f859c03b6c0 unknown :-1 s=STATE_CONNECTING_RE l=1).process reconnect failed to v2:172.21.15.22:6800/3305817552
2024-09-15T22:23:11.845 INFO:teuthology.orchestra.run.smithi022.stdout:/usr/bin/ceph: stderr
2024-09-15T22:23:06.289+0000 7f85b6000640 1 --2- 172.21.15.22:0/4277992955 >> [v2:172.21.15.22:6800/3305817552,v1:172.21.15.22:6801/3305817552] conn(0x7f859c039200 0x7f859c03b6c0 unknown :-1 s=START_CONNECT pgs=0 cs=0 l=1 rev1=0 crypto rx=0 tx=0 comp rx=0 tx=0)._fault waiting 0.400000
2024-09-15T22:23:11.846 INFO:teuthology.orchestra.run.smithi022.stdout:/usr/bin/ceph: stderr
2024-09-15T22:23:06.690+0000 7f85b6000640 1 -- 172.21.15.22:0/4277992955 >> [v2:172.21.15.22:6800/3305817552,v1:172.21.15.22:6801/3305817552] conn(0x7f859c039200 msgr2=0x7f859c03b6c0 unknown :-1 s=STATE_CONNECTING_RE l=1).process reconnect failed to v2:172.21.15.22:6800/3305817552
2024-09-15T22:23:11.846 INFO:teuthology.orchestra.run.smithi022.stdout:/usr/bin/ceph: stderr
2024-09-15T22:23:06.690+0000 7f85b6000640 1 --2- 172.21.15.22:0/4277992955 >> [v2:172.21.15.22:6800/3305817552,v1:172.21.15.22:6801/3305817552] conn(0x7f859c039200 0x7f859c03b6c0 unknown :-1 s=START_CONNECT pgs=0 cs=0 l=1 rev1=0 crypto rx=0 tx=0 comp rx=0 tx=0)._fault waiting 0.800000
2024-09-15T22:23:11.846 INFO:teuthology.orchestra.run.smithi022.stdout:/usr/bin/ceph: stderr
2024-09-15T22:23:07.491+0000 7f85b6000640 1 -- 172.21.15.22:0/4277992955 >> [v2:172.21.15.22:6800/3305817552,v1:172.21.15.22:6801/3305817552] conn(0x7f859c039200 msgr2=0x7f859c03b6c0 unknown :-1 s=STATE_CONNECTING_RE l=1).process reconnect failed to v2:172.21.15.22:6800/3305817552
2024-09-15T22:23:11.846 INFO:teuthology.orchestra.run.smithi022.stdout:/usr/bin/ceph: stderr
2024-09-15T22:23:07.491+0000 7f85b6000640 1 --2- 172.21.15.22:0/4277992955 >> [v2:172.21.15.22:6800/3305817552,v1:172.21.15.22:6801/3305817552] conn(0x7f859c039200 0x7f859c03b6c0 unknown :-1 s=START_CONNECT pgs=0 cs=0 l=1 rev1=0 crypto rx=0 tx=0 comp rx=0 tx=0)._fault waiting 1.600000
2024-09-15T22:23:11.846 INFO:teuthology.orchestra.run.smithi022.stdout:/usr/bin/ceph: stderr
2024-09-15T22:23:09.094+0000 7f85b6000640 1 -- 172.21.15.22:0/4277992955 >> [v2:172.21.15.22:6800/3305817552,v1:172.21.15.22:6801/3305817552] conn(0x7f859c039200 msgr2=0x7f859c03b6c0 unknown :-1 s=STATE_CONNECTING_RE l=1).process reconnect failed to v2:172.21.15.22:6800/3305817552
2024-09-15T22:23:11.846 INFO:teuthology.orchestra.run.smithi022.stdout:/usr/bin/ceph: stderr
2024-09-15T22:23:09.094+0000 7f85b6000640 1 --2- 172.21.15.22:0/4277992955 >> [v2:172.21.15.22:6800/3305817552,v1:172.21.15.22:6801/3305817552] conn(0x7f859c039200 0x7f859c03b6c0 unknown :-1 s=START_CONNECT pgs=0 cs=0 l=1 rev1=0 crypto rx=0 tx=0 comp rx=0 tx=0)._fault waiting 3.200000
2024-09-15T22:23:11.846 INFO:teuthology.orchestra.run.smithi022.stdout:/usr/bin/ceph: stderr
2024-09-15T22:23:09.462+0000 7f85af400640 1 -- 172.21.15.22:0/4277992955 <== mon.0 v2:172.21.15.22:3300/0 6 ==== mgrmap(e 10) ==== 46241+0+0 (secure 0 0 0) 0x7f85a803a940 con 0x7f85b8109a00
2024-09-15T22:23:11.846 INFO:teuthology.orchestra.run.smithi022.stdout:/usr/bin/ceph: stderr
2024-09-15T22:23:09.462+0000 7f85af400640 1 -- 172.21.15.22:0/4277992955 >> [v2:172.21.15.22:6800/3305817552,v1:172.21.15.22:6801/3305817552] conn(0x7f859c039200 msgr2=0x7f859c03b6c0 unknown :-1 s=STATE_CONNECTING l=1).mark_down
2024-09-15T22:23:11.846 INFO:teuthology.orchestra.run.smithi022.stdout:/usr/bin/ceph: stderr
2024-09-15T22:23:09.462+0000 7f85af400640 1 --2- 172.21.15.22:0/4277992955 >> [v2:172.21.15.22:6800/3305817552,v1:172.21.15.22:6801/3305817552] conn(0x7f859c039200 0x7f859c03b6c0 unknown :-1 s=START_CONNECT pgs=0 cs=0 l=1 rev1=0 crypto rx=0 tx=0 comp rx=0 tx=0).stop
2024-09-15T22:23:11.846 INFO:teuthology.orchestra.run.smithi022.stdout:/usr/bin/ceph: stderr
2024-09-15T22:23:10.464+0000 7f85af400640 1 -- 172.21.15.22:0/4277992955 <== mon.0 v2:172.21.15.22:3300/0 7 ==== mgrmap(e 11) ==== 46368+0+0 (secure 0 0 0) 0x7f85a806e5c0 con 0x7f85b8109a00
2024-09-15T22:23:11.846 INFO:teuthology.orchestra.run.smithi022.stdout:/usr/bin/ceph: stderr
2024-09-15T22:23:10.464+0000 7f85af400640 1 --2- 172.21.15.22:0/4277992955 >> [v2:172.21.15.22:6800/191438634,v1:172.21.15.22:6801/191438634] conn(0x7f859c03ccc0 0x7f859c03f0b0 unknown :-1 s=NONE pgs=0 cs=0 l=1 rev1=0 crypto rx=0 tx=0 comp rx=0 tx=0).connect
2024-09-15T22:23:11.846 INFO:teuthology.orchestra.run.smithi022.stdout:/usr/bin/ceph: stderr
2024-09-15T22:23:10.464+0000 7f85af400640 1 -- 172.21.15.22:0/4277992955 --> [v2:172.21.15.22:6800/191438634,v1:172.21.15.22:6801/191438634] -- command(tid 0: {"prefix": "get_command_descriptions"}) -- 0x7f85a8065960 con 0x7f859c03ccc0
2024-09-15T22:23:11.846 INFO:teuthology.orchestra.run.smithi022.stdout:/usr/bin/ceph: stderr
2024-09-15T22:23:10.465+0000 7f85b6000640 1 --2- 172.21.15.22:0/4277992955 >> [v2:172.21.15.22:6800/191438634,v1:172.21.15.22:6801/191438634] conn(0x7f859c03ccc0 0x7f859c03f0b0 unknown :-1 s=BANNER_CONNECTING pgs=0 cs=0 l=1 rev1=0 crypto rx=0 tx=0 comp rx=0 tx=0)._handle_peer_banner_payload supported=3 required=0
2024-09-15T22:23:11.847 INFO:teuthology.orchestra.run.smithi022.stdout:/usr/bin/ceph: stderr
2024-09-15T22:23:10.466+0000 7f85b6000640 1 --2- 172.21.15.22:0/4277992955 >> [v2:172.21.15.22:6800/191438634,v1:172.21.15.22:6801/191438634] conn(0x7f859c03ccc0 0x7f859c03f0b0 secure :-1 s=READY pgs=1 cs=0 l=1 rev1=1 crypto rx=0x7f85a4003980 tx=0x7f85a4009290 comp rx=0 tx=0).ready entity=mgr.14150 client_cookie=0 server_cookie=0 in_seq=0 out_seq=0
2024-09-15T22:23:11.847 INFO:teuthology.orchestra.run.smithi022.stdout:/usr/bin/ceph: stderr
2024-09-15T22:23:10.467+0000 7f85af400640 1 -- 172.21.15.22:0/4277992955 <== mgr.14150 v2:172.21.15.22:6800/191438634 1 ==== command_reply(tid 0: 0 ) ==== 8+0+9564 (secure 0 0 0) 0x7f85a8065960 con 0x7f859c03ccc0
2024-09-15T22:23:11.847 INFO:teuthology.orchestra.run.smithi022.stdout:/usr/bin/ceph: stderr
2024-09-15T22:23:10.476+0000 7f85bd800640 1 -- 172.21.15.22:0/4277992955 --> [v2:172.21.15.22:6800/191438634,v1:172.21.15.22:6801/191438634] -- command(tid 1: {"prefix": "mgr_status"}) -- 0x7f85b810e130 con 0x7f859c03ccc0
2024-09-15T22:23:11.847 INFO:teuthology.orchestra.run.smithi022.stdout:/usr/bin/ceph: stderr
2024-09-15T22:23:10.477+0000 7f85af400640 1 -- 172.21.15.22:0/4277992955 <== mgr.14150 v2:172.21.15.22:6800/191438634 2 ==== command_reply(tid 1: 0 ) ==== 8+0+52 (secure 0 0 0) 0x7f85b810e130 con 0x7f859c03ccc0
2024-09-15T22:23:11.847 INFO:teuthology.orchestra.run.smithi022.stdout:/usr/bin/ceph: stderr
2024-09-15T22:23:10.477+0000 7f85bd800640 1 -- 172.21.15.22:0/4277992955 >> [v2:172.21.15.22:6800/191438634,v1:172.21.15.22:6801/191438634] conn(0x7f859c03ccc0 msgr2=0x7f859c03f0b0 secure :-1 s=STATE_CONNECTION_ESTABLISHED l=1).mark_down
2024-09-15T22:23:11.847 INFO:teuthology.orchestra.run.smithi022.stdout:/usr/bin/ceph: stderr
2024-09-15T22:23:10.477+0000 7f85bd800640 1 --2- 172.21.15.22:0/4277992955 >> [v2:172.21.15.22:6800/191438634,v1:172.21.15.22:6801/191438634] conn(0x7f859c03ccc0 0x7f859c03f0b0 secure :-1 s=READY pgs=1 cs=0 l=1 rev1=1 crypto rx=0x7f85a4003980 tx=0x7f85a4009290 comp rx=0 tx=0).stop
2024-09-15T22:23:11.847 INFO:teuthology.orchestra.run.smithi022.stdout:/usr/bin/ceph: stderr
2024-09-15T22:23:10.477+0000 7f85bd800640 1 -- 172.21.15.22:0/4277992955 >> [v2:172.21.15.22:3300/0,v1:172.21.15.22:6789/0] conn(0x7f85b8109a00 msgr2=0x7f85b819da20 secure :-1 s=STATE_CONNECTION_ESTABLISHED l=1).mark_down
2024-09-15T22:23:11.847 INFO:teuthology.orchestra.run.smithi022.stdout:/usr/bin/ceph: stderr
2024-09-15T22:23:10.477+0000 7f85bd800640 1 --2- 172.21.15.22:0/4277992955 >> [v2:172.21.15.22:3300/0,v1:172.21.15.22:6789/0] conn(0x7f85b8109a00 0x7f85b819da20 secure :-1 s=READY pgs=60 cs=0 l=1 rev1=1 crypto rx=0x7f85a80097f0 tx=0x7f85a80327b0 comp rx=0 tx=0).stop
2024-09-15T22:23:11.847 INFO:teuthology.orchestra.run.smithi022.stdout:/usr/bin/ceph: stderr
2024-09-15T22:23:10.477+0000 7f85bd800640 1 -- 172.21.15.22:0/4277992955 shutdown_connections
2024-09-15T22:23:11.847 INFO:teuthology.orchestra.run.smithi022.stdout:/usr/bin/ceph: stderr
2024-09-15T22:23:10.477+0000 7f85bd800640 1 --2- 172.21.15.22:0/4277992955 >> [v2:172.21.15.22:6800/3305817552,v1:172.21.15.22:6801/3305817552] conn(0x7f859c039200 0x7f859c03b6c0 unknown :-1 s=CLOSED pgs=0 cs=0 l=1 rev1=0 crypto rx=0 tx=0 comp rx=0 tx=0).stop
2024-09-15T22:23:11.847 INFO:teuthology.orchestra.run.smithi022.stdout:/usr/bin/ceph: stderr
2024-09-15T22:23:10.477+0000 7f85bd800640 1 --2- 172.21.15.22:0/4277992955 >> [v2:172.21.15.22:6800/191438634,v1:172.21.15.22:6801/191438634] conn(0x7f859c03ccc0 0x7f859c03f0b0 unknown :-1 s=CLOSED pgs=1 cs=0 l=1 rev1=1 crypto rx=0 tx=0 comp rx=0 tx=0).stop
2024-09-15T22:23:11.847 INFO:teuthology.orchestra.run.smithi022.stdout:/usr/bin/ceph: stderr
2024-09-15T22:23:10.477+0000 7f85bd800640 1 --2- 172.21.15.22:0/4277992955 >> [v2:172.21.15.22:3300/0,v1:172.21.15.22:6789/0] conn(0x7f85b8109a00 0x7f85b819da20 unknown :-1 s=CLOSED pgs=60 cs=0 l=1 rev1=1 crypto rx=0 tx=0 comp rx=0 tx=0).stop
2024-09-15T22:23:11.847 INFO:teuthology.orchestra.run.smithi022.stdout:/usr/bin/ceph: stderr
2024-09-15T22:23:10.477+0000 7f85bd800640 1 -- 172.21.15.22:0/4277992955 >> 172.21.15.22:0/4277992955 conn(0x7f85b807cfe0 msgr2=0x7f85b8107520 unknown :-1 s=STATE_NONE l=0).mark_down
2024-09-15T22:23:11.848 INFO:teuthology.orchestra.run.smithi022.stdout:/usr/bin/ceph: stderr
2024-09-15T22:23:10.478+0000 7f85bd800640 1 -- 172.21.15.22:0/4277992955 shutdown_connections
2024-09-15T22:23:11.848 INFO:teuthology.orchestra.run.smithi022.stdout:/usr/bin/ceph: stderr
2024-09-15T22:23:10.478+0000 7f85bd800640 1 -- 172.21.15.22:0/4277992955 wait complete.
2024-09-15T22:23:11.848 INFO:teuthology.orchestra.run.smithi022.stdout:mgr epoch 9 is available
2024-09-15T22:23:11.848 INFO:teuthology.orchestra.run.smithi022.stdout:Generating a dashboard self-signed certificate...
2024-09-15T22:23:12.629 INFO:journalctl@ceph.mon.a.smithi022.stdout:Sep 15 22:23:12 smithi022 ceph-mon[30634]: [15/Sep/2024:22:23:11] ENGINE Serving on http://172.21.15.22:8765
2024-09-15T22:23:12.629 INFO:journalctl@ceph.mon.a.smithi022.stdout:Sep 15 22:23:12 smithi022 ceph-mon[30634]: [15/Sep/2024:22:23:11] ENGINE Bus STARTED
2024-09-15T22:23:12.629 INFO:journalctl@ceph.mon.a.smithi022.stdout:Sep 15 22:23:12 smithi022 ceph-mon[30634]: mgrmap e12: x(active, since 2s)
2024-09-15T22:23:12.629 INFO:journalctl@ceph.mon.a.smithi022.stdout:Sep 15 22:23:12 smithi022 ceph-mon[30634]: from='mgr.14150 172.21.15.22:0/3369753962' entity='mgr.x'
2024-09-15T22:23:13.298 INFO:teuthology.orchestra.run.smithi022.stdout:/usr/bin/ceph: stdout Self-signed certificate created
2024-09-15T22:23:13.298 INFO:teuthology.orchestra.run.smithi022.stdout:/usr/bin/ceph: stderr
2024-09-15T22:23:12.369+0000 7f3c8d800640 1 Processor -- start
2024-09-15T22:23:13.298 INFO:teuthology.orchestra.run.smithi022.stdout:/usr/bin/ceph: stderr
2024-09-15T22:23:12.370+0000 7f3c8d800640 1 -- start start
2024-09-15T22:23:13.298 INFO:teuthology.orchestra.run.smithi022.stdout:/usr/bin/ceph: stderr
2024-09-15T22:23:12.370+0000 7f3c8d800640 1 --2- >> [v2:172.21.15.22:3300/0,v1:172.21.15.22:6789/0] conn(0x7f3c88109870 0x7f3c88109c70 unknown :-1 s=NONE pgs=0 cs=0 l=0 rev1=0 crypto rx=0 tx=0 comp rx=0 tx=0).connect
2024-09-15T22:23:13.298 INFO:teuthology.orchestra.run.smithi022.stdout:/usr/bin/ceph: stderr
2024-09-15T22:23:12.370+0000 7f3c8d800640 1 -- --> [v2:172.21.15.22:3300/0,v1:172.21.15.22:6789/0] -- mon_getmap magic: 0 -- 0x7f3c8810a240 con 0x7f3c88109870
2024-09-15T22:23:13.298 INFO:teuthology.orchestra.run.smithi022.stdout:/usr/bin/ceph: stderr
2024-09-15T22:23:12.371+0000 7f3c87e00640 1 --2- >> [v2:172.21.15.22:3300/0,v1:172.21.15.22:6789/0] conn(0x7f3c88109870 0x7f3c88109c70 unknown :-1 s=BANNER_CONNECTING pgs=0 cs=0 l=0 rev1=0 crypto rx=0 tx=0 comp rx=0 tx=0)._handle_peer_banner_payload supported=3 required=0
2024-09-15T22:23:13.298 INFO:teuthology.orchestra.run.smithi022.stdout:/usr/bin/ceph: stderr
2024-09-15T22:23:12.371+0000 7f3c87e00640 1 --2- >> [v2:172.21.15.22:3300/0,v1:172.21.15.22:6789/0] conn(0x7f3c88109870 0x7f3c88109c70 unknown :-1 s=HELLO_CONNECTING pgs=0 cs=0 l=0 rev1=1 crypto rx=0 tx=0 comp rx=0 tx=0).handle_hello peer v2:172.21.15.22:3300/0 says I am v2:172.21.15.22:37848/0 (socket says 172.21.15.22:37848)
2024-09-15T22:23:13.298 INFO:teuthology.orchestra.run.smithi022.stdout:/usr/bin/ceph: stderr
2024-09-15T22:23:12.371+0000 7f3c87e00640 1 -- 172.21.15.22:0/2059836381 learned_addr learned my addr 172.21.15.22:0/2059836381 (peer_addr_for_me v2:172.21.15.22:0/0)
2024-09-15T22:23:13.298 INFO:teuthology.orchestra.run.smithi022.stdout:/usr/bin/ceph: stderr
2024-09-15T22:23:12.371+0000 7f3c87e00640 1 -- 172.21.15.22:0/2059836381 --> [v2:172.21.15.22:3300/0,v1:172.21.15.22:6789/0] -- mon_subscribe({config=0+,monmap=0+}) -- 0x7f3c8810aa10 con 0x7f3c88109870
2024-09-15T22:23:13.298 INFO:teuthology.orchestra.run.smithi022.stdout:/usr/bin/ceph: stderr
2024-09-15T22:23:12.372+0000 7f3c87e00640 1 --2- 172.21.15.22:0/2059836381 >> [v2:172.21.15.22:3300/0,v1:172.21.15.22:6789/0] conn(0x7f3c88109870 0x7f3c88109c70 secure :-1 s=READY pgs=68 cs=0 l=1 rev1=1 crypto rx=0x7f3c78009820 tx=0x7f3c7802a270 comp rx=0 tx=0).ready entity=mon.0 client_cookie=1521424a20895eb7 server_cookie=0 in_seq=0 out_seq=0
2024-09-15T22:23:13.298 INFO:teuthology.orchestra.run.smithi022.stdout:/usr/bin/ceph: stderr
2024-09-15T22:23:12.372+0000 7f3c86a00640 1 -- 172.21.15.22:0/2059836381 <== mon.0 v2:172.21.15.22:3300/0 1 ==== mon_map magic: 0 ==== 205+0+0 (secure 0 0 0) 0x7f3c78037070 con 0x7f3c88109870
2024-09-15T22:23:13.299 INFO:teuthology.orchestra.run.smithi022.stdout:/usr/bin/ceph: stderr
2024-09-15T22:23:12.372+0000 7f3c86a00640 1 -- 172.21.15.22:0/2059836381 <== mon.0 v2:172.21.15.22:3300/0 2 ==== config(27 keys) ==== 1140+0+0 (secure 0 0 0) 0x7f3c78032920 con 0x7f3c88109870
2024-09-15T22:23:13.299 INFO:teuthology.orchestra.run.smithi022.stdout:/usr/bin/ceph: stderr
2024-09-15T22:23:12.372+0000 7f3c86a00640 1 -- 172.21.15.22:0/2059836381 <== mon.0 v2:172.21.15.22:3300/0 3 ==== mon_map magic: 0 ==== 205+0+0 (secure 0 0 0) 0x7f3c78030810 con 0x7f3c88109870
2024-09-15T22:23:13.299 INFO:teuthology.orchestra.run.smithi022.stdout:/usr/bin/ceph: stderr
2024-09-15T22:23:12.373+0000 7f3c8d800640 1 -- 172.21.15.22:0/2059836381 >> [v2:172.21.15.22:3300/0,v1:172.21.15.22:6789/0] conn(0x7f3c88109870 msgr2=0x7f3c88109c70 secure :-1 s=STATE_CONNECTION_ESTABLISHED l=1).mark_down
2024-09-15T22:23:13.299 INFO:teuthology.orchestra.run.smithi022.stdout:/usr/bin/ceph: stderr
2024-09-15T22:23:12.373+0000 7f3c8d800640 1 --2- 172.21.15.22:0/2059836381 >> [v2:172.21.15.22:3300/0,v1:172.21.15.22:6789/0] conn(0x7f3c88109870 0x7f3c88109c70 secure :-1 s=READY pgs=68 cs=0 l=1 rev1=1 crypto rx=0x7f3c78009820 tx=0x7f3c7802a270 comp rx=0 tx=0).stop
2024-09-15T22:23:13.299 INFO:teuthology.orchestra.run.smithi022.stdout:/usr/bin/ceph: stderr
2024-09-15T22:23:12.373+0000 7f3c8d800640 1 -- 172.21.15.22:0/2059836381 shutdown_connections
2024-09-15T22:23:13.299 INFO:teuthology.orchestra.run.smithi022.stdout:/usr/bin/ceph: stderr
2024-09-15T22:23:12.373+0000 7f3c8d800640 1 --2- 172.21.15.22:0/2059836381 >> [v2:172.21.15.22:3300/0,v1:172.21.15.22:6789/0] conn(0x7f3c88109870 0x7f3c88109c70 unknown :-1 s=CLOSED pgs=68 cs=0 l=1 rev1=1 crypto rx=0 tx=0 comp rx=0 tx=0).stop
2024-09-15T22:23:13.299 INFO:teuthology.orchestra.run.smithi022.stdout:/usr/bin/ceph: stderr
2024-09-15T22:23:12.373+0000 7f3c8d800640 1 -- 172.21.15.22:0/2059836381 >> 172.21.15.22:0/2059836381 conn(0x7f3c8807ce30 msgr2=0x7f3c8807d240 unknown :-1 s=STATE_NONE l=0).mark_down
2024-09-15T22:23:13.299 INFO:teuthology.orchestra.run.smithi022.stdout:/usr/bin/ceph: stderr
2024-09-15T22:23:12.373+0000 7f3c8d800640 1 -- 172.21.15.22:0/2059836381 shutdown_connections
2024-09-15T22:23:13.299 INFO:teuthology.orchestra.run.smithi022.stdout:/usr/bin/ceph: stderr
2024-09-15T22:23:12.373+0000 7f3c8d800640 1 -- 172.21.15.22:0/2059836381 wait complete.
2024-09-15T22:23:13.299 INFO:teuthology.orchestra.run.smithi022.stdout:/usr/bin/ceph: stderr
2024-09-15T22:23:12.374+0000 7f3c8d800640 1 Processor -- start
2024-09-15T22:23:13.299 INFO:teuthology.orchestra.run.smithi022.stdout:/usr/bin/ceph: stderr
2024-09-15T22:23:12.374+0000 7f3c8d800640 1 -- start start
2024-09-15T22:23:13.299 INFO:teuthology.orchestra.run.smithi022.stdout:/usr/bin/ceph: stderr
2024-09-15T22:23:12.375+0000 7f3c8d800640 1 --2- >> [v2:172.21.15.22:3300/0,v1:172.21.15.22:6789/0] conn(0x7f3c88109870 0x7f3c8819d860 unknown :-1 s=NONE pgs=0 cs=0 l=1 rev1=0 crypto rx=0 tx=0 comp rx=0 tx=0).connect
2024-09-15T22:23:13.299 INFO:teuthology.orchestra.run.smithi022.stdout:/usr/bin/ceph: stderr
2024-09-15T22:23:12.375+0000 7f3c8d800640 1 -- --> [v2:172.21.15.22:3300/0,v1:172.21.15.22:6789/0] -- mon_getmap magic: 0 -- 0x7f3c8810ddc0 con 0x7f3c88109870
2024-09-15T22:23:13.300 INFO:teuthology.orchestra.run.smithi022.stdout:/usr/bin/ceph: stderr
2024-09-15T22:23:12.375+0000 7f3c87e00640 1 --2- >> [v2:172.21.15.22:3300/0,v1:172.21.15.22:6789/0] conn(0x7f3c88109870 0x7f3c8819d860 unknown :-1 s=BANNER_CONNECTING pgs=0 cs=0 l=1 rev1=0 crypto rx=0 tx=0 comp rx=0 tx=0)._handle_peer_banner_payload supported=3 required=0
2024-09-15T22:23:13.300 INFO:teuthology.orchestra.run.smithi022.stdout:/usr/bin/ceph: stderr
2024-09-15T22:23:12.375+0000 7f3c87e00640 1 --2- >> [v2:172.21.15.22:3300/0,v1:172.21.15.22:6789/0] conn(0x7f3c88109870 0x7f3c8819d860 unknown :-1 s=HELLO_CONNECTING pgs=0 cs=0 l=1 rev1=1 crypto rx=0 tx=0 comp rx=0 tx=0).handle_hello peer v2:172.21.15.22:3300/0 says I am v2:172.21.15.22:37854/0 (socket says 172.21.15.22:37854)
2024-09-15T22:23:13.300 INFO:teuthology.orchestra.run.smithi022.stdout:/usr/bin/ceph: stderr
2024-09-15T22:23:12.375+0000 7f3c87e00640 1 -- 172.21.15.22:0/3915604808 learned_addr learned my addr 172.21.15.22:0/3915604808 (peer_addr_for_me v2:172.21.15.22:0/0)
2024-09-15T22:23:13.300 INFO:teuthology.orchestra.run.smithi022.stdout:/usr/bin/ceph: stderr
2024-09-15T22:23:12.375+0000 7f3c87e00640 1 -- 172.21.15.22:0/3915604808 --> [v2:172.21.15.22:3300/0,v1:172.21.15.22:6789/0] -- mon_subscribe({config=0+,monmap=0+}) -- 0x7f3c8819dda0 con 0x7f3c88109870
2024-09-15T22:23:13.300 INFO:teuthology.orchestra.run.smithi022.stdout:/usr/bin/ceph: stderr
2024-09-15T22:23:12.376+0000 7f3c87e00640 1 --2- 172.21.15.22:0/3915604808 >> [v2:172.21.15.22:3300/0,v1:172.21.15.22:6789/0] conn(0x7f3c88109870 0x7f3c8819d860 secure :-1 s=READY pgs=69 cs=0 l=1 rev1=1 crypto rx=0x7f3c780097f0 tx=0x7f3c780327b0 comp rx=0 tx=0).ready entity=mon.0 client_cookie=0 server_cookie=0 in_seq=0 out_seq=0
2024-09-15T22:23:13.300 INFO:teuthology.orchestra.run.smithi022.stdout:/usr/bin/ceph: stderr
2024-09-15T22:23:12.376+0000 7f3c84c00640 1 -- 172.21.15.22:0/3915604808 <== mon.0 v2:172.21.15.22:3300/0 1 ==== mon_map magic: 0 ==== 205+0+0 (secure 0 0 0) 0x7f3c78037040 con 0x7f3c88109870
2024-09-15T22:23:13.300 INFO:teuthology.orchestra.run.smithi022.stdout:/usr/bin/ceph: stderr
2024-09-15T22:23:12.376+0000 7f3c84c00640 1 -- 172.21.15.22:0/3915604808 <== mon.0 v2:172.21.15.22:3300/0 2 ==== config(27 keys) ==== 1140+0+0 (secure 0 0 0) 0x7f3c78030cc0 con 0x7f3c88109870
2024-09-15T22:23:13.300 INFO:teuthology.orchestra.run.smithi022.stdout:/usr/bin/ceph: stderr
2024-09-15T22:23:12.376+0000 7f3c84c00640 1 -- 172.21.15.22:0/3915604808 <== mon.0 v2:172.21.15.22:3300/0 3 ==== mon_map magic: 0 ==== 205+0+0 (secure 0 0 0) 0x7f3c7803a640 con 0x7f3c88109870
2024-09-15T22:23:13.300 INFO:teuthology.orchestra.run.smithi022.stdout:/usr/bin/ceph: stderr
2024-09-15T22:23:12.376+0000 7f3c8d800640 1 -- 172.21.15.22:0/3915604808 --> [v2:172.21.15.22:3300/0,v1:172.21.15.22:6789/0] -- mon_subscribe({mgrmap=0+}) -- 0x7f3c8819e030 con 0x7f3c88109870
2024-09-15T22:23:13.300 INFO:teuthology.orchestra.run.smithi022.stdout:/usr/bin/ceph: stderr
2024-09-15T22:23:12.376+0000 7f3c8d800640 1 -- 172.21.15.22:0/3915604808 --> [v2:172.21.15.22:3300/0,v1:172.21.15.22:6789/0] -- mon_subscribe({osdmap=0}) -- 0x7f3c881a0d20 con 0x7f3c88109870
2024-09-15T22:23:13.300 INFO:teuthology.orchestra.run.smithi022.stdout:/usr/bin/ceph: stderr
2024-09-15T22:23:12.377+0000 7f3c84c00640 1 -- 172.21.15.22:0/3915604808 <== mon.0 v2:172.21.15.22:3300/0 4 ==== mgrmap(e 12) ==== 46474+0+0 (secure 0 0 0) 0x7f3c7803b3f0 con 0x7f3c88109870
2024-09-15T22:23:13.300 INFO:teuthology.orchestra.run.smithi022.stdout:/usr/bin/ceph: stderr
2024-09-15T22:23:12.377+0000 7f3c8d800640 1 -- 172.21.15.22:0/3915604808 --> [v2:172.21.15.22:3300/0,v1:172.21.15.22:6789/0] -- mon_command({"prefix": "get_command_descriptions"} v 0) -- 0x7f3c8810df40 con 0x7f3c88109870
2024-09-15T22:23:13.300 INFO:teuthology.orchestra.run.smithi022.stdout:/usr/bin/ceph: stderr
2024-09-15T22:23:12.378+0000 7f3c84c00640 1 --2- 172.21.15.22:0/3915604808 >> [v2:172.21.15.22:6800/191438634,v1:172.21.15.22:6801/191438634] conn(0x7f3c6c039260 0x7f3c6c03b720 unknown :-1 s=NONE pgs=0 cs=0 l=1 rev1=0 crypto rx=0 tx=0 comp rx=0 tx=0).connect
2024-09-15T22:23:13.301 INFO:teuthology.orchestra.run.smithi022.stdout:/usr/bin/ceph: stderr
2024-09-15T22:23:12.378+0000 7f3c84c00640 1 -- 172.21.15.22:0/3915604808 <== mon.0 v2:172.21.15.22:3300/0 5 ==== osd_map(3..3 src has 1..3) ==== 1155+0+0 (secure 0 0 0) 0x7f3c7806c990 con 0x7f3c88109870
2024-09-15T22:23:13.301 INFO:teuthology.orchestra.run.smithi022.stdout:/usr/bin/ceph: stderr
2024-09-15T22:23:12.378+0000 7f3c87400640 1 --2- 172.21.15.22:0/3915604808 >> [v2:172.21.15.22:6800/191438634,v1:172.21.15.22:6801/191438634] conn(0x7f3c6c039260 0x7f3c6c03b720 unknown :-1 s=BANNER_CONNECTING pgs=0 cs=0 l=1 rev1=0 crypto rx=0 tx=0 comp rx=0 tx=0)._handle_peer_banner_payload supported=3 required=0
2024-09-15T22:23:13.301 INFO:teuthology.orchestra.run.smithi022.stdout:/usr/bin/ceph: stderr
2024-09-15T22:23:12.379+0000 7f3c87400640 1 --2- 172.21.15.22:0/3915604808 >> [v2:172.21.15.22:6800/191438634,v1:172.21.15.22:6801/191438634] conn(0x7f3c6c039260 0x7f3c6c03b720 secure :-1 s=READY pgs=7 cs=0 l=1 rev1=1 crypto rx=0x7f3c740098c0 tx=0x7f3c74006db0 comp rx=0 tx=0).ready entity=mgr.14150 client_cookie=0 server_cookie=0 in_seq=0 out_seq=0
2024-09-15T22:23:13.301 INFO:teuthology.orchestra.run.smithi022.stdout:/usr/bin/ceph: stderr
2024-09-15T22:23:12.383+0000 7f3c84c00640 1 -- 172.21.15.22:0/3915604808 <== mon.0 v2:172.21.15.22:3300/0 6 ==== mon_command_ack([{"prefix": "get_command_descriptions"}]=0 v0) ==== 72+0+188821 (secure 0 0 0) 0x7f3c78042dc0 con 0x7f3c88109870
2024-09-15T22:23:13.301 INFO:teuthology.orchestra.run.smithi022.stdout:/usr/bin/ceph: stderr
2024-09-15T22:23:12.579+0000 7f3c8d800640 1 -- 172.21.15.22:0/3915604808 --> [v2:172.21.15.22:6800/191438634,v1:172.21.15.22:6801/191438634] -- mgr_command(tid 0: {"prefix": "dashboard create-self-signed-cert", "target": ["mon-mgr", ""]}) -- 0x7f3c88107c50 con 0x7f3c6c039260
2024-09-15T22:23:13.301 INFO:teuthology.orchestra.run.smithi022.stdout:/usr/bin/ceph: stderr
2024-09-15T22:23:12.628+0000 7f3c84c00640 1 -- 172.21.15.22:0/3915604808 <== mgr.14150 v2:172.21.15.22:6800/191438634 1 ==== mgr_command_reply(tid 0: 0 ) ==== 8+0+32 (secure 0 0 0) 0x7f3c88107c50 con 0x7f3c6c039260
2024-09-15T22:23:13.301 INFO:teuthology.orchestra.run.smithi022.stdout:/usr/bin/ceph: stderr
2024-09-15T22:23:12.630+0000 7f3c8d800640 1 -- 172.21.15.22:0/3915604808 >> [v2:172.21.15.22:6800/191438634,v1:172.21.15.22:6801/191438634] conn(0x7f3c6c039260 msgr2=0x7f3c6c03b720 secure :-1 s=STATE_CONNECTION_ESTABLISHED l=1).mark_down
2024-09-15T22:23:13.301 INFO:teuthology.orchestra.run.smithi022.stdout:/usr/bin/ceph: stderr
2024-09-15T22:23:12.630+0000 7f3c8d800640 1 --2- 172.21.15.22:0/3915604808 >> [v2:172.21.15.22:6800/191438634,v1:172.21.15.22:6801/191438634] conn(0x7f3c6c039260 0x7f3c6c03b720 secure :-1 s=READY pgs=7 cs=0 l=1 rev1=1 crypto rx=0x7f3c740098c0 tx=0x7f3c74006db0 comp rx=0 tx=0).stop
2024-09-15T22:23:13.301 INFO:teuthology.orchestra.run.smithi022.stdout:/usr/bin/ceph: stderr
2024-09-15T22:23:12.630+0000 7f3c8d800640 1 -- 172.21.15.22:0/3915604808 >> [v2:172.21.15.22:3300/0,v1:172.21.15.22:6789/0] conn(0x7f3c88109870 msgr2=0x7f3c8819d860 secure :-1 s=STATE_CONNECTION_ESTABLISHED l=1).mark_down
2024-09-15T22:23:13.301 INFO:teuthology.orchestra.run.smithi022.stdout:/usr/bin/ceph: stderr
2024-09-15T22:23:12.630+0000 7f3c8d800640 1 --2- 172.21.15.22:0/3915604808 >> [v2:172.21.15.22:3300/0,v1:172.21.15.22:6789/0] conn(0x7f3c88109870 0x7f3c8819d860 secure :-1 s=READY pgs=69 cs=0 l=1 rev1=1 crypto rx=0x7f3c780097f0 tx=0x7f3c780327b0 comp rx=0 tx=0).stop
2024-09-15T22:23:13.301 INFO:teuthology.orchestra.run.smithi022.stdout:/usr/bin/ceph: stderr
2024-09-15T22:23:12.630+0000 7f3c8d800640 1 -- 172.21.15.22:0/3915604808 shutdown_connections
2024-09-15T22:23:13.301 INFO:teuthology.orchestra.run.smithi022.stdout:/usr/bin/ceph: stderr
2024-09-15T22:23:12.630+0000 7f3c8d800640 1 --2- 172.21.15.22:0/3915604808 >> [v2:172.21.15.22:6800/191438634,v1:172.21.15.22:6801/191438634] conn(0x7f3c6c039260 0x7f3c6c03b720 unknown :-1 s=CLOSED pgs=7 cs=0 l=1 rev1=1 crypto rx=0 tx=0 comp rx=0 tx=0).stop
2024-09-15T22:23:13.302 INFO:teuthology.orchestra.run.smithi022.stdout:/usr/bin/ceph: stderr
2024-09-15T22:23:12.630+0000 7f3c8d800640 1 --2- 172.21.15.22:0/3915604808 >> [v2:172.21.15.22:3300/0,v1:172.21.15.22:6789/0] conn(0x7f3c88109870 0x7f3c8819d860 unknown :-1 s=CLOSED pgs=69 cs=0 l=1 rev1=1 crypto rx=0 tx=0 comp rx=0 tx=0).stop
2024-09-15T22:23:13.302 INFO:teuthology.orchestra.run.smithi022.stdout:/usr/bin/ceph: stderr
2024-09-15T22:23:12.630+0000 7f3c8d800640 1 -- 172.21.15.22:0/3915604808 >> 172.21.15.22:0/3915604808 conn(0x7f3c8807ce30 msgr2=0x7f3c88107540 unknown :-1 s=STATE_NONE l=0).mark_down
2024-09-15T22:23:13.302 INFO:teuthology.orchestra.run.smithi022.stdout:/usr/bin/ceph: stderr
2024-09-15T22:23:12.630+0000 7f3c8d800640 1 -- 172.21.15.22:0/3915604808 shutdown_connections
2024-09-15T22:23:13.302 INFO:teuthology.orchestra.run.smithi022.stdout:/usr/bin/ceph: stderr
2024-09-15T22:23:12.630+0000 7f3c8d800640 1 -- 172.21.15.22:0/3915604808 wait complete.
2024-09-15T22:23:13.302 INFO:teuthology.orchestra.run.smithi022.stdout:Creating initial admin user...
2024-09-15T22:23:13.881 INFO:journalctl@ceph.mon.a.smithi022.stdout:Sep 15 22:23:13 smithi022 ceph-mon[30634]: from='client.14162 -' entity='client.admin' cmd=[{"prefix": "dashboard create-self-signed-cert", "target": ["mon-mgr", ""]}]: dispatch
2024-09-15T22:23:13.881 INFO:journalctl@ceph.mon.a.smithi022.stdout:Sep 15 22:23:13 smithi022 ceph-mon[30634]: from='mgr.14150 172.21.15.22:0/3369753962' entity='mgr.x'
2024-09-15T22:23:13.881 INFO:journalctl@ceph.mon.a.smithi022.stdout:Sep 15 22:23:13 smithi022 ceph-mon[30634]: from='mgr.14150 172.21.15.22:0/3369753962' entity='mgr.x'
2024-09-15T22:23:13.881 INFO:journalctl@ceph.mon.a.smithi022.stdout:Sep 15 22:23:13 smithi022 ceph-mon[30634]: from='mgr.14150 172.21.15.22:0/3369753962' entity='mgr.x'
2024-09-15T22:23:15.650 INFO:journalctl@ceph.mon.a.smithi022.stdout:Sep 15 22:23:15 smithi022 ceph-mon[30634]: from='client.14164 -' entity='client.admin' cmd=[{"prefix": "dashboard ac-user-create", "username": "admin", "rolename": "administrator", "force_password": true, "pwd_update_required": true, "target": ["mon-mgr", ""]}]: dispatch
2024-09-15T22:23:15.650 INFO:journalctl@ceph.mon.a.smithi022.stdout:Sep 15 22:23:15 smithi022 ceph-mon[30634]: from='mgr.14150 172.21.15.22:0/3369753962' entity='mgr.x'
2024-09-15T22:23:15.660 INFO:teuthology.orchestra.run.smithi022.stdout:/usr/bin/ceph: stdout {"username": "admin", "password": "$2b$12$8.GZnhM439VD/Ph09bjyXe7aSJA/MY51mUBKLI.1bE8dsep21vZAy", "roles": ["administrator"], "name": null, "email": null, "lastUpdate": 1726438994, "enabled": true, "pwdExpirationDate": null, "pwdUpdateRequired": true}
2024-09-15T22:23:15.660 INFO:teuthology.orchestra.run.smithi022.stdout:/usr/bin/ceph: stderr
2024-09-15T22:23:13.880+0000 7ff73d400640 1 Processor -- start
2024-09-15T22:23:15.660 INFO:teuthology.orchestra.run.smithi022.stdout:/usr/bin/ceph: stderr
2024-09-15T22:23:13.880+0000 7ff73d400640 1 -- start start
2024-09-15T22:23:15.660 INFO:teuthology.orchestra.run.smithi022.stdout:/usr/bin/ceph: stderr
2024-09-15T22:23:13.880+0000 7ff73d400640 1 --2- >> [v2:172.21.15.22:3300/0,v1:172.21.15.22:6789/0] conn(0x7ff738109a00 0x7ff738109e00 unknown :-1 s=NONE pgs=0 cs=0 l=0 rev1=0 crypto rx=0 tx=0 comp rx=0 tx=0).connect
2024-09-15T22:23:15.660 INFO:teuthology.orchestra.run.smithi022.stdout:/usr/bin/ceph: stderr
2024-09-15T22:23:13.880+0000 7ff73d400640 1 -- --> [v2:172.21.15.22:3300/0,v1:172.21.15.22:6789/0] -- mon_getmap magic: 0 -- 0x7ff73810a3d0 con 0x7ff738109a00
2024-09-15T22:23:15.661 INFO:teuthology.orchestra.run.smithi022.stdout:/usr/bin/ceph: stderr
2024-09-15T22:23:13.880+0000 7ff736800640 1 --2- >> [v2:172.21.15.22:3300/0,v1:172.21.15.22:6789/0] conn(0x7ff738109a00 0x7ff738109e00 unknown :-1 s=BANNER_CONNECTING pgs=0 cs=0 l=0 rev1=0 crypto rx=0 tx=0 comp rx=0 tx=0)._handle_peer_banner_payload supported=3 required=0
2024-09-15T22:23:15.661 INFO:teuthology.orchestra.run.smithi022.stdout:/usr/bin/ceph: stderr
2024-09-15T22:23:13.881+0000 7ff736800640 1 --2- >> [v2:172.21.15.22:3300/0,v1:172.21.15.22:6789/0] conn(0x7ff738109a00 0x7ff738109e00 unknown :-1 s=HELLO_CONNECTING pgs=0 cs=0 l=0 rev1=1 crypto rx=0 tx=0 comp rx=0 tx=0).handle_hello peer v2:172.21.15.22:3300/0 says I am v2:172.21.15.22:37856/0 (socket says 172.21.15.22:37856)
2024-09-15T22:23:15.661 INFO:teuthology.orchestra.run.smithi022.stdout:/usr/bin/ceph: stderr
2024-09-15T22:23:13.881+0000 7ff736800640 1 -- 172.21.15.22:0/3393034276 learned_addr learned my addr 172.21.15.22:0/3393034276 (peer_addr_for_me v2:172.21.15.22:0/0)
2024-09-15T22:23:15.661 INFO:teuthology.orchestra.run.smithi022.stdout:/usr/bin/ceph: stderr
2024-09-15T22:23:13.881+0000 7ff736800640 1 -- 172.21.15.22:0/3393034276 --> [v2:172.21.15.22:3300/0,v1:172.21.15.22:6789/0] -- mon_subscribe({config=0+,monmap=0+}) -- 0x7ff73810ac00 con 0x7ff738109a00
2024-09-15T22:23:15.661 INFO:teuthology.orchestra.run.smithi022.stdout:/usr/bin/ceph: stderr
2024-09-15T22:23:13.882+0000 7ff736800640 1 --2- 172.21.15.22:0/3393034276 >> [v2:172.21.15.22:3300/0,v1:172.21.15.22:6789/0] conn(0x7ff738109a00 0x7ff738109e00 secure :-1 s=READY pgs=70 cs=0 l=1 rev1=1 crypto rx=0x7ff728009820 tx=0x7ff72802a270 comp rx=0 tx=0).ready entity=mon.0 client_cookie=5873c6f8d04a504e server_cookie=0 in_seq=0 out_seq=0
2024-09-15T22:23:15.661 INFO:teuthology.orchestra.run.smithi022.stdout:/usr/bin/ceph: stderr
2024-09-15T22:23:13.882+0000 7ff735400640 1 -- 172.21.15.22:0/3393034276 <== mon.0 v2:172.21.15.22:3300/0 1 ==== mon_map magic: 0 ==== 205+0+0 (secure 0 0 0) 0x7ff728037070 con 0x7ff738109a00
2024-09-15T22:23:15.661 INFO:teuthology.orchestra.run.smithi022.stdout:/usr/bin/ceph: stderr
2024-09-15T22:23:13.882+0000 7ff735400640 1 -- 172.21.15.22:0/3393034276 <== mon.0 v2:172.21.15.22:3300/0 2 ==== config(27 keys) ==== 1140+0+0 (secure 0 0 0) 0x7ff728032920 con 0x7ff738109a00
2024-09-15T22:23:15.661 INFO:teuthology.orchestra.run.smithi022.stdout:/usr/bin/ceph: stderr
2024-09-15T22:23:13.882+0000 7ff735400640 1 -- 172.21.15.22:0/3393034276 <== mon.0 v2:172.21.15.22:3300/0 3 ==== mon_map magic: 0 ==== 205+0+0 (secure 0 0 0) 0x7ff728030810 con 0x7ff738109a00
2024-09-15T22:23:15.661 INFO:teuthology.orchestra.run.smithi022.stdout:/usr/bin/ceph: stderr
2024-09-15T22:23:13.883+0000 7ff73d400640 1 -- 172.21.15.22:0/3393034276 >> [v2:172.21.15.22:3300/0,v1:172.21.15.22:6789/0] conn(0x7ff738109a00 msgr2=0x7ff738109e00 secure :-1 s=STATE_CONNECTION_ESTABLISHED l=1).mark_down
2024-09-15T22:23:15.661 INFO:teuthology.orchestra.run.smithi022.stdout:/usr/bin/ceph: stderr
2024-09-15T22:23:13.883+0000 7ff73d400640 1 --2- 172.21.15.22:0/3393034276 >> [v2:172.21.15.22:3300/0,v1:172.21.15.22:6789/0] conn(0x7ff738109a00 0x7ff738109e00 secure :-1 s=READY pgs=70 cs=0 l=1 rev1=1 crypto rx=0x7ff728009820 tx=0x7ff72802a270 comp rx=0 tx=0).stop
2024-09-15T22:23:15.661 INFO:teuthology.orchestra.run.smithi022.stdout:/usr/bin/ceph: stderr
2024-09-15T22:23:13.883+0000 7ff73d400640 1 -- 172.21.15.22:0/3393034276 shutdown_connections
2024-09-15T22:23:15.661 INFO:teuthology.orchestra.run.smithi022.stdout:/usr/bin/ceph: stderr
2024-09-15T22:23:13.883+0000 7ff73d400640 1 --2- 172.21.15.22:0/3393034276 >> [v2:172.21.15.22:3300/0,v1:172.21.15.22:6789/0] conn(0x7ff738109a00 0x7ff738109e00 unknown :-1 s=CLOSED pgs=70 cs=0 l=1 rev1=1 crypto rx=0 tx=0 comp rx=0 tx=0).stop
2024-09-15T22:23:15.661 INFO:teuthology.orchestra.run.smithi022.stdout:/usr/bin/ceph: stderr
2024-09-15T22:23:13.883+0000 7ff73d400640 1 -- 172.21.15.22:0/3393034276 >> 172.21.15.22:0/3393034276 conn(0x7ff73807d060 msgr2=0x7ff73807d470 unknown :-1 s=STATE_NONE l=0).mark_down
2024-09-15T22:23:15.662 INFO:teuthology.orchestra.run.smithi022.stdout:/usr/bin/ceph: stderr
2024-09-15T22:23:13.883+0000 7ff73d400640 1 -- 172.21.15.22:0/3393034276 shutdown_connections
2024-09-15T22:23:15.662 INFO:teuthology.orchestra.run.smithi022.stdout:/usr/bin/ceph: stderr
2024-09-15T22:23:13.883+0000 7ff73d400640 1 -- 172.21.15.22:0/3393034276 wait complete.
2024-09-15T22:23:15.662 INFO:teuthology.orchestra.run.smithi022.stdout:/usr/bin/ceph: stderr
2024-09-15T22:23:13.884+0000 7ff73d400640 1 Processor -- start
2024-09-15T22:23:15.662 INFO:teuthology.orchestra.run.smithi022.stdout:/usr/bin/ceph: stderr
2024-09-15T22:23:13.885+0000 7ff73d400640 1 -- start start
2024-09-15T22:23:15.662 INFO:teuthology.orchestra.run.smithi022.stdout:/usr/bin/ceph: stderr
2024-09-15T22:23:13.885+0000 7ff73d400640 1 --2- >> [v2:172.21.15.22:3300/0,v1:172.21.15.22:6789/0] conn(0x7ff738109a00 0x7ff73819dae0 unknown :-1 s=NONE pgs=0 cs=0 l=1 rev1=0 crypto rx=0 tx=0 comp rx=0 tx=0).connect
2024-09-15T22:23:15.662 INFO:teuthology.orchestra.run.smithi022.stdout:/usr/bin/ceph: stderr
2024-09-15T22:23:13.885+0000 7ff73d400640 1 -- --> [v2:172.21.15.22:3300/0,v1:172.21.15.22:6789/0] -- mon_getmap magic: 0 -- 0x7ff73810dfb0 con 0x7ff738109a00
2024-09-15T22:23:15.662 INFO:teuthology.orchestra.run.smithi022.stdout:/usr/bin/ceph: stderr
2024-09-15T22:23:13.885+0000 7ff736800640 1 --2- >> [v2:172.21.15.22:3300/0,v1:172.21.15.22:6789/0] conn(0x7ff738109a00 0x7ff73819dae0 unknown :-1 s=BANNER_CONNECTING pgs=0 cs=0 l=1 rev1=0 crypto rx=0 tx=0 comp rx=0 tx=0)._handle_peer_banner_payload supported=3 required=0
2024-09-15T22:23:15.662 INFO:teuthology.orchestra.run.smithi022.stdout:/usr/bin/ceph: stderr
2024-09-15T22:23:13.885+0000 7ff736800640 1 --2- >> [v2:172.21.15.22:3300/0,v1:172.21.15.22:6789/0] conn(0x7ff738109a00 0x7ff73819dae0 unknown :-1 s=HELLO_CONNECTING pgs=0 cs=0 l=1 rev1=1 crypto rx=0 tx=0 comp rx=0 tx=0).handle_hello peer v2:172.21.15.22:3300/0 says I am v2:172.21.15.22:37868/0 (socket says 172.21.15.22:37868)
2024-09-15T22:23:15.662 INFO:teuthology.orchestra.run.smithi022.stdout:/usr/bin/ceph: stderr
2024-09-15T22:23:13.885+0000 7ff736800640 1 -- 172.21.15.22:0/3870064816 learned_addr learned my addr 172.21.15.22:0/3870064816 (peer_addr_for_me v2:172.21.15.22:0/0)
2024-09-15T22:23:15.662 INFO:teuthology.orchestra.run.smithi022.stdout:/usr/bin/ceph: stderr
2024-09-15T22:23:13.885+0000 7ff736800640 1 -- 172.21.15.22:0/3870064816 --> [v2:172.21.15.22:3300/0,v1:172.21.15.22:6789/0] -- mon_subscribe({config=0+,monmap=0+}) -- 0x7ff73819e020 con 0x7ff738109a00
2024-09-15T22:23:15.662 INFO:teuthology.orchestra.run.smithi022.stdout:/usr/bin/ceph: stderr
2024-09-15T22:23:13.886+0000 7ff736800640 1 --2- 172.21.15.22:0/3870064816 >> [v2:172.21.15.22:3300/0,v1:172.21.15.22:6789/0] conn(0x7ff738109a00 0x7ff73819dae0 secure :-1 s=READY pgs=71 cs=0 l=1 rev1=1 crypto rx=0x7ff7280097f0 tx=0x7ff7280327b0 comp rx=0 tx=0).ready entity=mon.0 client_cookie=0 server_cookie=0 in_seq=0 out_seq=0
2024-09-15T22:23:15.662 INFO:teuthology.orchestra.run.smithi022.stdout:/usr/bin/ceph: stderr
2024-09-15T22:23:13.886+0000 7ff72f400640 1 -- 172.21.15.22:0/3870064816 <== mon.0 v2:172.21.15.22:3300/0 1 ==== mon_map magic: 0 ==== 205+0+0 (secure 0 0 0) 0x7ff728037040 con 0x7ff738109a00
2024-09-15T22:23:15.662 INFO:teuthology.orchestra.run.smithi022.stdout:/usr/bin/ceph: stderr
2024-09-15T22:23:13.886+0000 7ff73d400640 1 -- 172.21.15.22:0/3870064816 --> [v2:172.21.15.22:3300/0,v1:172.21.15.22:6789/0] -- mon_subscribe({mgrmap=0+}) -- 0x7ff73819e2b0 con 0x7ff738109a00
2024-09-15T22:23:15.662 INFO:teuthology.orchestra.run.smithi022.stdout:/usr/bin/ceph: stderr
2024-09-15T22:23:13.886+0000 7ff72f400640 1 -- 172.21.15.22:0/3870064816 <== mon.0 v2:172.21.15.22:3300/0 2 ==== config(27 keys) ==== 1140+0+0 (secure 0 0 0) 0x7ff728030c40 con 0x7ff738109a00
2024-09-15T22:23:15.663 INFO:teuthology.orchestra.run.smithi022.stdout:/usr/bin/ceph: stderr
2024-09-15T22:23:13.886+0000 7ff72f400640 1 -- 172.21.15.22:0/3870064816 <== mon.0 v2:172.21.15.22:3300/0 3 ==== mon_map magic: 0 ==== 205+0+0 (secure 0 0 0) 0x7ff72803a5b0 con 0x7ff738109a00
2024-09-15T22:23:15.663 INFO:teuthology.orchestra.run.smithi022.stdout:/usr/bin/ceph: stderr
2024-09-15T22:23:13.886+0000 7ff73d400640 1 -- 172.21.15.22:0/3870064816 --> [v2:172.21.15.22:3300/0,v1:172.21.15.22:6789/0] -- mon_subscribe({osdmap=0}) -- 0x7ff7381a0fa0 con 0x7ff738109a00
2024-09-15T22:23:15.663 INFO:teuthology.orchestra.run.smithi022.stdout:/usr/bin/ceph: stderr
2024-09-15T22:23:13.887+0000 7ff72f400640 1 -- 172.21.15.22:0/3870064816 <== mon.0 v2:172.21.15.22:3300/0 4 ==== mgrmap(e 12) ==== 46474+0+0 (secure 0 0 0) 0x7ff72803a7f0 con 0x7ff738109a00
2024-09-15T22:23:15.663 INFO:teuthology.orchestra.run.smithi022.stdout:/usr/bin/ceph: stderr
2024-09-15T22:23:13.888+0000 7ff72f400640 1 --2- 172.21.15.22:0/3870064816 >> [v2:172.21.15.22:6800/191438634,v1:172.21.15.22:6801/191438634] conn(0x7ff71c039200 0x7ff71c03b6c0 unknown :-1 s=NONE pgs=0 cs=0 l=1 rev1=0 crypto rx=0 tx=0 comp rx=0 tx=0).connect
2024-09-15T22:23:15.663 INFO:teuthology.orchestra.run.smithi022.stdout:/usr/bin/ceph: stderr
2024-09-15T22:23:13.888+0000 7ff72f400640 1 -- 172.21.15.22:0/3870064816 <== mon.0 v2:172.21.15.22:3300/0 5 ==== osd_map(3..3 src has 1..3) ==== 1155+0+0 (secure 0 0 0) 0x7ff72806c8b0 con 0x7ff738109a00
2024-09-15T22:23:15.663 INFO:teuthology.orchestra.run.smithi022.stdout:/usr/bin/ceph: stderr
2024-09-15T22:23:13.888+0000 7ff73d400640 1 -- 172.21.15.22:0/3870064816 --> [v2:172.21.15.22:3300/0,v1:172.21.15.22:6789/0] -- mon_command({"prefix": "get_command_descriptions"} v 0) -- 0x7ff73810e130 con 0x7ff738109a00
2024-09-15T22:23:15.663 INFO:teuthology.orchestra.run.smithi022.stdout:/usr/bin/ceph: stderr
2024-09-15T22:23:13.888+0000 7ff735e00640 1 --2- 172.21.15.22:0/3870064816 >> [v2:172.21.15.22:6800/191438634,v1:172.21.15.22:6801/191438634] conn(0x7ff71c039200 0x7ff71c03b6c0 unknown :-1 s=BANNER_CONNECTING pgs=0 cs=0 l=1 rev1=0 crypto rx=0 tx=0 comp rx=0 tx=0)._handle_peer_banner_payload supported=3 required=0
2024-09-15T22:23:15.663 INFO:teuthology.orchestra.run.smithi022.stdout:/usr/bin/ceph: stderr
2024-09-15T22:23:13.889+0000 7ff735e00640 1 --2- 172.21.15.22:0/3870064816 >> [v2:172.21.15.22:6800/191438634,v1:172.21.15.22:6801/191438634] conn(0x7ff71c039200 0x7ff71c03b6c0 secure :-1 s=READY pgs=8 cs=0 l=1 rev1=1 crypto rx=0x7ff7240098c0 tx=0x7ff724006db0 comp rx=0 tx=0).ready entity=mgr.14150 client_cookie=0 server_cookie=0 in_seq=0 out_seq=0
2024-09-15T22:23:15.663 INFO:teuthology.orchestra.run.smithi022.stdout:/usr/bin/ceph: stderr
2024-09-15T22:23:13.893+0000 7ff72f400640 1 -- 172.21.15.22:0/3870064816 <== mon.0 v2:172.21.15.22:3300/0 6 ==== mon_command_ack([{"prefix": "get_command_descriptions"}]=0 v0) ==== 72+0+188821 (secure 0 0 0) 0x7ff728030df0 con 0x7ff738109a00
2024-09-15T22:23:15.663 INFO:teuthology.orchestra.run.smithi022.stdout:/usr/bin/ceph: stderr
2024-09-15T22:23:14.096+0000 7ff73d400640 1 -- 172.21.15.22:0/3870064816 --> [v2:172.21.15.22:6800/191438634,v1:172.21.15.22:6801/191438634] -- mgr_command(tid 0: {"prefix": "dashboard ac-user-create", "username": "admin", "rolename": "administrator", "force_password": true, "pwd_update_required": true, "target": ["mon-mgr", ""]}) -- 0x7ff738109e80 con 0x7ff71c039200
2024-09-15T22:23:15.663 INFO:teuthology.orchestra.run.smithi022.stdout:/usr/bin/ceph: stderr
