2024-09-15T22:23:13.673 INFO:journalctl@ceph.mon.a.smithi062.stdout:Sep 15 22:23:13 smithi062 ceph-mon[30929]: mgrmap e7: x(active, since 1.00558s)
2024-09-15T22:23:14.443 INFO:journalctl@ceph.mgr.x.smithi062.stdout:Sep 15 22:23:14 smithi062 ceph-ed48ea92-73b0-11ef-bceb-c7b262605968-mgr-x[31156]:
2024-09-15T22:23:14.105+0000 7ff2d9f3c640 -1 log_channel(cephadm) log [ERR] : [15/Sep/2024:22:23:14] ENGINE Error in HTTPServer.serve
2024-09-15T22:23:14.443 INFO:journalctl@ceph.mgr.x.smithi062.stdout:Sep 15 22:23:14 smithi062 ceph-ed48ea92-73b0-11ef-bceb-c7b262605968-mgr-x[31156]: Traceback (most recent call last):
2024-09-15T22:23:14.444 INFO:journalctl@ceph.mgr.x.smithi062.stdout:Sep 15 22:23:14 smithi062 ceph-ed48ea92-73b0-11ef-bceb-c7b262605968-mgr-x[31156]: File "/lib/python3.9/site-packages/cheroot/server.py", line 1823, in serve
2024-09-15T22:23:14.444 INFO:journalctl@ceph.mgr.x.smithi062.stdout:Sep 15 22:23:14 smithi062 ceph-ed48ea92-73b0-11ef-bceb-c7b262605968-mgr-x[31156]: self._connections.run(self.expiration_interval)
2024-09-15T22:23:14.444 INFO:journalctl@ceph.mgr.x.smithi062.stdout:Sep 15 22:23:14 smithi062 ceph-ed48ea92-73b0-11ef-bceb-c7b262605968-mgr-x[31156]: File "/lib/python3.9/site-packages/cheroot/connections.py", line 203, in run
2024-09-15T22:23:14.444 INFO:journalctl@ceph.mgr.x.smithi062.stdout:Sep 15 22:23:14 smithi062 ceph-ed48ea92-73b0-11ef-bceb-c7b262605968-mgr-x[31156]: self._run(expiration_interval)
2024-09-15T22:23:14.444 INFO:journalctl@ceph.mgr.x.smithi062.stdout:Sep 15 22:23:14 smithi062 ceph-ed48ea92-73b0-11ef-bceb-c7b262605968-mgr-x[31156]: File "/lib/python3.9/site-packages/cheroot/connections.py", line 246, in _run
2024-09-15T22:23:14.444 INFO:journalctl@ceph.mgr.x.smithi062.stdout:Sep 15 22:23:14 smithi062 ceph-ed48ea92-73b0-11ef-bceb-c7b262605968-mgr-x[31156]: new_conn = self._from_server_socket(self.server.socket)
2024-09-15T22:23:14.444 INFO:journalctl@ceph.mgr.x.smithi062.stdout:Sep 15 22:23:14 smithi062 ceph-ed48ea92-73b0-11ef-bceb-c7b262605968-mgr-x[31156]: File "/lib/python3.9/site-packages/cheroot/connections.py", line 300, in _from_server_socket
2024-09-15T22:23:14.444 INFO:journalctl@ceph.mgr.x.smithi062.stdout:Sep 15 22:23:14 smithi062 ceph-ed48ea92-73b0-11ef-bceb-c7b262605968-mgr-x[31156]: s, ssl_env = self.server.ssl_adapter.wrap(s)
2024-09-15T22:23:14.444 INFO:journalctl@ceph.mgr.x.smithi062.stdout:Sep 15 22:23:14 smithi062 ceph-ed48ea92-73b0-11ef-bceb-c7b262605968-mgr-x[31156]: File "/lib/python3.9/site-packages/cheroot/ssl/builtin.py", line 277, in wrap
2024-09-15T22:23:14.444 INFO:journalctl@ceph.mgr.x.smithi062.stdout:Sep 15 22:23:14 smithi062 ceph-ed48ea92-73b0-11ef-bceb-c7b262605968-mgr-x[31156]: s = self.context.wrap_socket(
2024-09-15T22:23:14.444 INFO:journalctl@ceph.mgr.x.smithi062.stdout:Sep 15 22:23:14 smithi062 ceph-ed48ea92-73b0-11ef-bceb-c7b262605968-mgr-x[31156]: File "/lib64/python3.9/ssl.py", line 501, in wrap_socket
2024-09-15T22:23:14.444 INFO:journalctl@ceph.mgr.x.smithi062.stdout:Sep 15 22:23:14 smithi062 ceph-ed48ea92-73b0-11ef-bceb-c7b262605968-mgr-x[31156]: return self.sslsocket_class._create(
2024-09-15T22:23:14.444 INFO:journalctl@ceph.mgr.x.smithi062.stdout:Sep 15 22:23:14 smithi062 ceph-ed48ea92-73b0-11ef-bceb-c7b262605968-mgr-x[31156]: File "/lib64/python3.9/ssl.py", line 1074, in _create
2024-09-15T22:23:14.445 INFO:journalctl@ceph.mgr.x.smithi062.stdout:Sep 15 22:23:14 smithi062 ceph-ed48ea92-73b0-11ef-bceb-c7b262605968-mgr-x[31156]: self.do_handshake()
2024-09-15T22:23:14.445 INFO:journalctl@ceph.mgr.x.smithi062.stdout:Sep 15 22:23:14 smithi062 ceph-ed48ea92-73b0-11ef-bceb-c7b262605968-mgr-x[31156]: File "/lib64/python3.9/ssl.py", line 1343, in do_handshake
2024-09-15T22:23:14.445 INFO:journalctl@ceph.mgr.x.smithi062.stdout:Sep 15 22:23:14 smithi062 ceph-ed48ea92-73b0-11ef-bceb-c7b262605968-mgr-x[31156]: self._sslobj.do_handshake()
2024-09-15T22:23:14.445 INFO:journalctl@ceph.mgr.x.smithi062.stdout:Sep 15 22:23:14 smithi062 ceph-ed48ea92-73b0-11ef-bceb-c7b262605968-mgr-x[31156]: ssl.SSLZeroReturnError: TLS/SSL connection has been closed (EOF) (_ssl.c:1133)
2024-09-15T22:23:14.445 INFO:journalctl@ceph.mgr.x.smithi062.stdout:Sep 15 22:23:14 smithi062 ceph-ed48ea92-73b0-11ef-bceb-c7b262605968-mgr-x[31156]:
2024-09-15T22:23:14.943 INFO:journalctl@ceph.mon.a.smithi062.stdout:Sep 15 22:23:14 smithi062 ceph-mon[30929]: from='client.14128 -' entity='client.admin' cmd=[{"prefix": "get_command_descriptions"}]: dispatch
2024-09-15T22:23:14.943 INFO:journalctl@ceph.mon.a.smithi062.stdout:Sep 15 22:23:14 smithi062 ceph-mon[30929]: from='client.14128 -' entity='client.admin' cmd=[{"prefix": "mgr_status"}]: dispatch
2024-09-15T22:23:14.943 INFO:journalctl@ceph.mon.a.smithi062.stdout:Sep 15 22:23:14 smithi062 ceph-mon[30929]: from='mgr.14118 172.21.15.62:0/4011693179' entity='mgr.x'
2024-09-15T22:23:14.943 INFO:journalctl@ceph.mon.a.smithi062.stdout:Sep 15 22:23:14 smithi062 ceph-mon[30929]: from='mgr.14118 172.21.15.62:0/4011693179' entity='mgr.x' cmd=[{"prefix": "config dump", "format": "json"}]: dispatch
2024-09-15T22:23:14.943 INFO:journalctl@ceph.mon.a.smithi062.stdout:Sep 15 22:23:14 smithi062 ceph-mon[30929]: from='mgr.14118 172.21.15.62:0/4011693179' entity='mgr.x' cmd=[{"prefix": "config dump", "format": "json"}]: dispatch
2024-09-15T22:23:15.040 INFO:teuthology.orchestra.run.smithi062.stdout:/usr/bin/ceph: stderr
2024-09-15T22:23:13.671+0000 7f7fa1e0c640 1 Processor -- start
2024-09-15T22:23:15.040 INFO:teuthology.orchestra.run.smithi062.stdout:/usr/bin/ceph: stderr
2024-09-15T22:23:13.671+0000 7f7fa1e0c640 1 -- start start
2024-09-15T22:23:15.040 INFO:teuthology.orchestra.run.smithi062.stdout:/usr/bin/ceph: stderr
2024-09-15T22:23:13.672+0000 7f7fa1e0c640 1 --2- >> [v2:172.21.15.62:3300/0,v1:172.21.15.62:6789/0] conn(0x7f7f9c108140 0x7f7f9c10a530 unknown :-1 s=NONE pgs=0 cs=0 l=0 rev1=0 crypto rx=0 tx=0 comp rx=0 tx=0).connect
2024-09-15T22:23:15.040 INFO:teuthology.orchestra.run.smithi062.stdout:/usr/bin/ceph: stderr
2024-09-15T22:23:13.672+0000 7f7fa1e0c640 1 -- --> [v2:172.21.15.62:3300/0,v1:172.21.15.62:6789/0] -- mon_getmap magic: 0 -- 0x7f7f9c07bd70 con 0x7f7f9c108140
2024-09-15T22:23:15.040 INFO:teuthology.orchestra.run.smithi062.stdout:/usr/bin/ceph: stderr
2024-09-15T22:23:13.672+0000 7f7f9b7fe640 1 --2- >> [v2:172.21.15.62:3300/0,v1:172.21.15.62:6789/0] conn(0x7f7f9c108140 0x7f7f9c10a530 unknown :-1 s=BANNER_CONNECTING pgs=0 cs=0 l=0 rev1=0 crypto rx=0 tx=0 comp rx=0 tx=0)._handle_peer_banner_payload supported=3 required=0
2024-09-15T22:23:15.040 INFO:teuthology.orchestra.run.smithi062.stdout:/usr/bin/ceph: stderr
2024-09-15T22:23:13.672+0000 7f7f9b7fe640 1 --2- >> [v2:172.21.15.62:3300/0,v1:172.21.15.62:6789/0] conn(0x7f7f9c108140 0x7f7f9c10a530 unknown :-1 s=HELLO_CONNECTING pgs=0 cs=0 l=0 rev1=1 crypto rx=0 tx=0 comp rx=0 tx=0).handle_hello peer v2:172.21.15.62:3300/0 says I am v2:172.21.15.62:57166/0 (socket says 172.21.15.62:57166)
2024-09-15T22:23:15.041 INFO:teuthology.orchestra.run.smithi062.stdout:/usr/bin/ceph: stderr
2024-09-15T22:23:13.672+0000 7f7f9b7fe640 1 -- 172.21.15.62:0/1873574382 learned_addr learned my addr 172.21.15.62:0/1873574382 (peer_addr_for_me v2:172.21.15.62:0/0)
2024-09-15T22:23:15.041 INFO:teuthology.orchestra.run.smithi062.stdout:/usr/bin/ceph: stderr
2024-09-15T22:23:13.672+0000 7f7f9b7fe640 1 -- 172.21.15.62:0/1873574382 --> [v2:172.21.15.62:3300/0,v1:172.21.15.62:6789/0] -- mon_subscribe({config=0+,monmap=0+}) -- 0x7f7f9c10aa70 con 0x7f7f9c108140
2024-09-15T22:23:15.041 INFO:teuthology.orchestra.run.smithi062.stdout:/usr/bin/ceph: stderr
2024-09-15T22:23:13.673+0000 7f7f9b7fe640 1 --2- 172.21.15.62:0/1873574382 >> [v2:172.21.15.62:3300/0,v1:172.21.15.62:6789/0] conn(0x7f7f9c108140 0x7f7f9c10a530 secure :-1 s=READY pgs=35 cs=0 l=1 rev1=1 crypto rx=0x7f7f8c009820 tx=0x7f7f8c02a270 comp rx=0 tx=0).ready entity=mon.0 client_cookie=2bd5ed7aa45d052c server_cookie=0 in_seq=0 out_seq=0
2024-09-15T22:23:15.041 INFO:teuthology.orchestra.run.smithi062.stdout:/usr/bin/ceph: stderr
2024-09-15T22:23:13.673+0000 7f7f9affd640 1 -- 172.21.15.62:0/1873574382 <== mon.0 v2:172.21.15.62:3300/0 1 ==== mon_map magic: 0 ==== 205+0+0 (secure 0 0 0) 0x7f7f8c037070 con 0x7f7f9c108140
2024-09-15T22:23:15.041 INFO:teuthology.orchestra.run.smithi062.stdout:/usr/bin/ceph: stderr
2024-09-15T22:23:13.673+0000 7f7f9affd640 1 -- 172.21.15.62:0/1873574382 <== mon.0 v2:172.21.15.62:3300/0 2 ==== config(27 keys) ==== 1109+0+0 (secure 0 0 0) 0x7f7f8c032900 con 0x7f7f9c108140
2024-09-15T22:23:15.041 INFO:teuthology.orchestra.run.smithi062.stdout:/usr/bin/ceph: stderr
2024-09-15T22:23:13.673+0000 7f7f9affd640 1 -- 172.21.15.62:0/1873574382 <== mon.0 v2:172.21.15.62:3300/0 3 ==== mon_map magic: 0 ==== 205+0+0 (secure 0 0 0) 0x7f7f8c030850 con 0x7f7f9c108140
2024-09-15T22:23:15.041 INFO:teuthology.orchestra.run.smithi062.stdout:/usr/bin/ceph: stderr
2024-09-15T22:23:13.674+0000 7f7fa1e0c640 1 -- 172.21.15.62:0/1873574382 >> [v2:172.21.15.62:3300/0,v1:172.21.15.62:6789/0] conn(0x7f7f9c108140 msgr2=0x7f7f9c10a530 secure :-1 s=STATE_CONNECTION_ESTABLISHED l=1).mark_down
2024-09-15T22:23:15.041 INFO:teuthology.orchestra.run.smithi062.stdout:/usr/bin/ceph: stderr
2024-09-15T22:23:13.674+0000 7f7fa1e0c640 1 --2- 172.21.15.62:0/1873574382 >> [v2:172.21.15.62:3300/0,v1:172.21.15.62:6789/0] conn(0x7f7f9c108140 0x7f7f9c10a530 secure :-1 s=READY pgs=35 cs=0 l=1 rev1=1 crypto rx=0x7f7f8c009820 tx=0x7f7f8c02a270 comp rx=0 tx=0).stop
2024-09-15T22:23:15.041 INFO:teuthology.orchestra.run.smithi062.stdout:/usr/bin/ceph: stderr
2024-09-15T22:23:13.674+0000 7f7fa1e0c640 1 -- 172.21.15.62:0/1873574382 shutdown_connections
2024-09-15T22:23:15.041 INFO:teuthology.orchestra.run.smithi062.stdout:/usr/bin/ceph: stderr
2024-09-15T22:23:13.674+0000 7f7fa1e0c640 1 --2- 172.21.15.62:0/1873574382 >> [v2:172.21.15.62:3300/0,v1:172.21.15.62:6789/0] conn(0x7f7f9c108140 0x7f7f9c10a530 unknown :-1 s=CLOSED pgs=35 cs=0 l=1 rev1=1 crypto rx=0 tx=0 comp rx=0 tx=0).stop
2024-09-15T22:23:15.042 INFO:teuthology.orchestra.run.smithi062.stdout:/usr/bin/ceph: stderr
2024-09-15T22:23:13.674+0000 7f7fa1e0c640 1 -- 172.21.15.62:0/1873574382 >> 172.21.15.62:0/1873574382 conn(0x7f7f9c101ca0 msgr2=0x7f7f9c1040e0 unknown :-1 s=STATE_NONE l=0).mark_down
2024-09-15T22:23:15.042 INFO:teuthology.orchestra.run.smithi062.stdout:/usr/bin/ceph: stderr
2024-09-15T22:23:13.674+0000 7f7fa1e0c640 1 -- 172.21.15.62:0/1873574382 shutdown_connections
2024-09-15T22:23:15.042 INFO:teuthology.orchestra.run.smithi062.stdout:/usr/bin/ceph: stderr
2024-09-15T22:23:13.674+0000 7f7fa1e0c640 1 -- 172.21.15.62:0/1873574382 wait complete.
2024-09-15T22:23:15.042 INFO:teuthology.orchestra.run.smithi062.stdout:/usr/bin/ceph: stderr
2024-09-15T22:23:13.674+0000 7f7fa1e0c640 1 Processor -- start
2024-09-15T22:23:15.042 INFO:teuthology.orchestra.run.smithi062.stdout:/usr/bin/ceph: stderr
2024-09-15T22:23:13.675+0000 7f7fa1e0c640 1 -- start start
2024-09-15T22:23:15.042 INFO:teuthology.orchestra.run.smithi062.stdout:/usr/bin/ceph: stderr
2024-09-15T22:23:13.675+0000 7f7fa1e0c640 1 --2- >> [v2:172.21.15.62:3300/0,v1:172.21.15.62:6789/0] conn(0x7f7f9c108140 0x7f7f9c19d7f0 unknown :-1 s=NONE pgs=0 cs=0 l=1 rev1=0 crypto rx=0 tx=0 comp rx=0 tx=0).connect
2024-09-15T22:23:15.042 INFO:teuthology.orchestra.run.smithi062.stdout:/usr/bin/ceph: stderr
2024-09-15T22:23:13.675+0000 7f7fa1e0c640 1 -- --> [v2:172.21.15.62:3300/0,v1:172.21.15.62:6789/0] -- mon_getmap magic: 0 -- 0x7f7f9c10b9f0 con 0x7f7f9c108140
2024-09-15T22:23:15.042 INFO:teuthology.orchestra.run.smithi062.stdout:/usr/bin/ceph: stderr
2024-09-15T22:23:13.675+0000 7f7f9b7fe640 1 --2- >> [v2:172.21.15.62:3300/0,v1:172.21.15.62:6789/0] conn(0x7f7f9c108140 0x7f7f9c19d7f0 unknown :-1 s=BANNER_CONNECTING pgs=0 cs=0 l=1 rev1=0 crypto rx=0 tx=0 comp rx=0 tx=0)._handle_peer_banner_payload supported=3 required=0
2024-09-15T22:23:15.042 INFO:teuthology.orchestra.run.smithi062.stdout:/usr/bin/ceph: stderr
2024-09-15T22:23:13.675+0000 7f7f9b7fe640 1 --2- >> [v2:172.21.15.62:3300/0,v1:172.21.15.62:6789/0] conn(0x7f7f9c108140 0x7f7f9c19d7f0 unknown :-1 s=HELLO_CONNECTING pgs=0 cs=0 l=1 rev1=1 crypto rx=0 tx=0 comp rx=0 tx=0).handle_hello peer v2:172.21.15.62:3300/0 says I am v2:172.21.15.62:57174/0 (socket says 172.21.15.62:57174)
2024-09-15T22:23:15.042 INFO:teuthology.orchestra.run.smithi062.stdout:/usr/bin/ceph: stderr
2024-09-15T22:23:13.675+0000 7f7f9b7fe640 1 -- 172.21.15.62:0/2268300258 learned_addr learned my addr 172.21.15.62:0/2268300258 (peer_addr_for_me v2:172.21.15.62:0/0)
2024-09-15T22:23:15.042 INFO:teuthology.orchestra.run.smithi062.stdout:/usr/bin/ceph: stderr
2024-09-15T22:23:13.675+0000 7f7f9b7fe640 1 -- 172.21.15.62:0/2268300258 --> [v2:172.21.15.62:3300/0,v1:172.21.15.62:6789/0] -- mon_subscribe({config=0+,monmap=0+}) -- 0x7f7f9c19dd30 con 0x7f7f9c108140
2024-09-15T22:23:15.042 INFO:teuthology.orchestra.run.smithi062.stdout:/usr/bin/ceph: stderr
2024-09-15T22:23:13.675+0000 7f7f9b7fe640 1 --2- 172.21.15.62:0/2268300258 >> [v2:172.21.15.62:3300/0,v1:172.21.15.62:6789/0] conn(0x7f7f9c108140 0x7f7f9c19d7f0 secure :-1 s=READY pgs=36 cs=0 l=1 rev1=1 crypto rx=0x7f7f8c031000 tx=0x7f7f8c0326e0 comp rx=0 tx=0).ready entity=mon.0 client_cookie=0 server_cookie=0 in_seq=0 out_seq=0
2024-09-15T22:23:15.043 INFO:teuthology.orchestra.run.smithi062.stdout:/usr/bin/ceph: stderr
2024-09-15T22:23:13.676+0000 7f7f997fa640 1 -- 172.21.15.62:0/2268300258 <== mon.0 v2:172.21.15.62:3300/0 1 ==== mon_map magic: 0 ==== 205+0+0 (secure 0 0 0) 0x7f7f8c042070 con 0x7f7f9c108140
2024-09-15T22:23:15.043 INFO:teuthology.orchestra.run.smithi062.stdout:/usr/bin/ceph: stderr
2024-09-15T22:23:13.676+0000 7f7f997fa640 1 -- 172.21.15.62:0/2268300258 <== mon.0 v2:172.21.15.62:3300/0 2 ==== config(27 keys) ==== 1109+0+0 (secure 0 0 0) 0x7f7f8c032be0 con 0x7f7f9c108140
2024-09-15T22:23:15.043 INFO:teuthology.orchestra.run.smithi062.stdout:/usr/bin/ceph: stderr
2024-09-15T22:23:13.676+0000 7f7fa1e0c640 1 -- 172.21.15.62:0/2268300258 --> [v2:172.21.15.62:3300/0,v1:172.21.15.62:6789/0] -- mon_subscribe({mgrmap=0+}) -- 0x7f7f9c19dfc0 con 0x7f7f9c108140
2024-09-15T22:23:15.043 INFO:teuthology.orchestra.run.smithi062.stdout:/usr/bin/ceph: stderr
2024-09-15T22:23:13.676+0000 7f7f997fa640 1 -- 172.21.15.62:0/2268300258 <== mon.0 v2:172.21.15.62:3300/0 3 ==== mon_map magic: 0 ==== 205+0+0 (secure 0 0 0) 0x7f7f8c037040 con 0x7f7f9c108140
2024-09-15T22:23:15.043 INFO:teuthology.orchestra.run.smithi062.stdout:/usr/bin/ceph: stderr
2024-09-15T22:23:13.676+0000 7f7fa1e0c640 1 -- 172.21.15.62:0/2268300258 --> [v2:172.21.15.62:3300/0,v1:172.21.15.62:6789/0] -- mon_subscribe({osdmap=0}) -- 0x7f7f9c1a0cb0 con 0x7f7f9c108140
2024-09-15T22:23:15.043 INFO:teuthology.orchestra.run.smithi062.stdout:/usr/bin/ceph: stderr
2024-09-15T22:23:13.677+0000 7f7f997fa640 1 -- 172.21.15.62:0/2268300258 <== mon.0 v2:172.21.15.62:3300/0 4 ==== mgrmap(e 7) ==== 46355+0+0 (secure 0 0 0) 0x7f7f8c045070 con 0x7f7f9c108140
2024-09-15T22:23:15.043 INFO:teuthology.orchestra.run.smithi062.stdout:/usr/bin/ceph: stderr
2024-09-15T22:23:13.677+0000 7f7fa1e0c640 1 -- 172.21.15.62:0/2268300258 --> [v2:172.21.15.62:3300/0,v1:172.21.15.62:6789/0] -- mon_command({"prefix": "get_command_descriptions"} v 0) -- 0x7f7f9c1085a0 con 0x7f7f9c108140
2024-09-15T22:23:15.043 INFO:teuthology.orchestra.run.smithi062.stdout:/usr/bin/ceph: stderr
2024-09-15T22:23:13.677+0000 7f7f997fa640 1 --2- 172.21.15.62:0/2268300258 >> [v2:172.21.15.62:6800/205768603,v1:172.21.15.62:6801/205768603] conn(0x7f7f880390f0 0x7f7f8803b5b0 unknown :-1 s=NONE pgs=0 cs=0 l=1 rev1=0 crypto rx=0 tx=0 comp rx=0 tx=0).connect
2024-09-15T22:23:15.043 INFO:teuthology.orchestra.run.smithi062.stdout:/usr/bin/ceph: stderr
2024-09-15T22:23:13.677+0000 7f7f997fa640 1 -- 172.21.15.62:0/2268300258 <== mon.0 v2:172.21.15.62:3300/0 5 ==== osd_map(2..2 src has 1..2) ==== 940+0+0 (secure 0 0 0) 0x7f7f8c06c020 con 0x7f7f9c108140
2024-09-15T22:23:15.043 INFO:teuthology.orchestra.run.smithi062.stdout:/usr/bin/ceph: stderr
2024-09-15T22:23:13.677+0000 7f7f93fff640 1 --2- 172.21.15.62:0/2268300258 >> [v2:172.21.15.62:6800/205768603,v1:172.21.15.62:6801/205768603] conn(0x7f7f880390f0 0x7f7f8803b5b0 unknown :-1 s=BANNER_CONNECTING pgs=0 cs=0 l=1 rev1=0 crypto rx=0 tx=0 comp rx=0 tx=0)._handle_peer_banner_payload supported=3 required=0
2024-09-15T22:23:15.043 INFO:teuthology.orchestra.run.smithi062.stdout:/usr/bin/ceph: stderr
2024-09-15T22:23:13.678+0000 7f7f93fff640 1 --2- 172.21.15.62:0/2268300258 >> [v2:172.21.15.62:6800/205768603,v1:172.21.15.62:6801/205768603] conn(0x7f7f880390f0 0x7f7f8803b5b0 secure :-1 s=READY pgs=7 cs=0 l=1 rev1=1 crypto rx=0x7f7f840098c0 tx=0x7f7f84006db0 comp rx=0 tx=0).ready entity=mgr.14118 client_cookie=0 server_cookie=0 in_seq=0 out_seq=0
2024-09-15T22:23:15.044 INFO:teuthology.orchestra.run.smithi062.stdout:/usr/bin/ceph: stderr
2024-09-15T22:23:13.682+0000 7f7f997fa640 1 -- 172.21.15.62:0/2268300258 <== mon.0 v2:172.21.15.62:3300/0 6 ==== mon_command_ack([{"prefix": "get_command_descriptions"}]=0 v0) ==== 72+0+188821 (secure 0 0 0) 0x7f7f8c04b170 con 0x7f7f9c108140
2024-09-15T22:23:15.044 INFO:teuthology.orchestra.run.smithi062.stdout:/usr/bin/ceph: stderr
2024-09-15T22:23:13.870+0000 7f7fa1e0c640 1 -- 172.21.15.62:0/2268300258 --> [v2:172.21.15.62:6800/205768603,v1:172.21.15.62:6801/205768603] -- mgr_command(tid 0: {"prefix": "orch set backend", "module_name": "cephadm", "target": ["mon-mgr", ""]}) -- 0x7f7f9c102f30 con 0x7f7f880390f0
2024-09-15T22:23:15.044 INFO:teuthology.orchestra.run.smithi062.stdout:/usr/bin/ceph: stderr
2024-09-15T22:23:13.878+0000 7f7f997fa640 1 -- 172.21.15.62:0/2268300258 <== mgr.14118 v2:172.21.15.62:6800/205768603 1 ==== mgr_command_reply(tid 0: 0 ) ==== 8+0+0 (secure 0 0 0) 0x7f7f9c102f30 con 0x7f7f880390f0
2024-09-15T22:23:15.044 INFO:teuthology.orchestra.run.smithi062.stdout:/usr/bin/ceph: stderr
2024-09-15T22:23:13.880+0000 7f7fa1e0c640 1 -- 172.21.15.62:0/2268300258 >> [v2:172.21.15.62:6800/205768603,v1:172.21.15.62:6801/205768603] conn(0x7f7f880390f0 msgr2=0x7f7f8803b5b0 secure :-1 s=STATE_CONNECTION_ESTABLISHED l=1).mark_down
2024-09-15T22:23:15.044 INFO:teuthology.orchestra.run.smithi062.stdout:/usr/bin/ceph: stderr
2024-09-15T22:23:13.880+0000 7f7fa1e0c640 1 --2- 172.21.15.62:0/2268300258 >> [v2:172.21.15.62:6800/205768603,v1:172.21.15.62:6801/205768603] conn(0x7f7f880390f0 0x7f7f8803b5b0 secure :-1 s=READY pgs=7 cs=0 l=1 rev1=1 crypto rx=0x7f7f840098c0 tx=0x7f7f84006db0 comp rx=0 tx=0).stop
2024-09-15T22:23:15.044 INFO:teuthology.orchestra.run.smithi062.stdout:/usr/bin/ceph: stderr
2024-09-15T22:23:13.881+0000 7f7fa1e0c640 1 -- 172.21.15.62:0/2268300258 >> [v2:172.21.15.62:3300/0,v1:172.21.15.62:6789/0] conn(0x7f7f9c108140 msgr2=0x7f7f9c19d7f0 secure :-1 s=STATE_CONNECTION_ESTABLISHED l=1).mark_down
2024-09-15T22:23:15.044 INFO:teuthology.orchestra.run.smithi062.stdout:/usr/bin/ceph: stderr
2024-09-15T22:23:13.881+0000 7f7fa1e0c640 1 --2- 172.21.15.62:0/2268300258 >> [v2:172.21.15.62:3300/0,v1:172.21.15.62:6789/0] conn(0x7f7f9c108140 0x7f7f9c19d7f0 secure :-1 s=READY pgs=36 cs=0 l=1 rev1=1 crypto rx=0x7f7f8c031000 tx=0x7f7f8c0326e0 comp rx=0 tx=0).stop
2024-09-15T22:23:15.044 INFO:teuthology.orchestra.run.smithi062.stdout:/usr/bin/ceph: stderr
2024-09-15T22:23:13.881+0000 7f7fa1e0c640 1 -- 172.21.15.62:0/2268300258 shutdown_connections
2024-09-15T22:23:15.044 INFO:teuthology.orchestra.run.smithi062.stdout:/usr/bin/ceph: stderr
2024-09-15T22:23:13.881+0000 7f7fa1e0c640 1 --2- 172.21.15.62:0/2268300258 >> [v2:172.21.15.62:6800/205768603,v1:172.21.15.62:6801/205768603] conn(0x7f7f880390f0 0x7f7f8803b5b0 unknown :-1 s=CLOSED pgs=7 cs=0 l=1 rev1=1 crypto rx=0 tx=0 comp rx=0 tx=0).stop
2024-09-15T22:23:15.044 INFO:teuthology.orchestra.run.smithi062.stdout:/usr/bin/ceph: stderr
2024-09-15T22:23:13.881+0000 7f7fa1e0c640 1 --2- 172.21.15.62:0/2268300258 >> [v2:172.21.15.62:3300/0,v1:172.21.15.62:6789/0] conn(0x7f7f9c108140 0x7f7f9c19d7f0 unknown :-1 s=CLOSED pgs=36 cs=0 l=1 rev1=1 crypto rx=0 tx=0 comp rx=0 tx=0).stop
2024-09-15T22:23:15.044 INFO:teuthology.orchestra.run.smithi062.stdout:/usr/bin/ceph: stderr
2024-09-15T22:23:13.881+0000 7f7fa1e0c640 1 -- 172.21.15.62:0/2268300258 >> 172.21.15.62:0/2268300258 conn(0x7f7f9c101ca0 msgr2=0x7f7f9c102820 unknown :-1 s=STATE_NONE l=0).mark_down
2024-09-15T22:23:15.044 INFO:teuthology.orchestra.run.smithi062.stdout:/usr/bin/ceph: stderr
2024-09-15T22:23:13.881+0000 7f7fa1e0c640 1 -- 172.21.15.62:0/2268300258 shutdown_connections
2024-09-15T22:23:15.044 INFO:teuthology.orchestra.run.smithi062.stdout:/usr/bin/ceph: stderr
2024-09-15T22:23:13.881+0000 7f7fa1e0c640 1 -- 172.21.15.62:0/2268300258 wait complete.
2024-09-15T22:23:15.611 INFO:journalctl@ceph.mon.a.smithi062.stdout:Sep 15 22:23:15 smithi062 ceph-mon[30929]: from='client.14130 -' entity='client.admin' cmd=[{"prefix": "orch set backend", "module_name": "cephadm", "target": ["mon-mgr", ""]}]: dispatch
2024-09-15T22:23:15.611 INFO:journalctl@ceph.mon.a.smithi062.stdout:Sep 15 22:23:15 smithi062 ceph-mon[30929]: [15/Sep/2024:22:23:13] ENGINE Bus STARTING
2024-09-15T22:23:15.611 INFO:journalctl@ceph.mon.a.smithi062.stdout:Sep 15 22:23:15 smithi062 ceph-mon[30929]: [15/Sep/2024:22:23:14] ENGINE Serving on https://172.21.15.62:7150
2024-09-15T22:23:15.611 INFO:journalctl@ceph.mon.a.smithi062.stdout:Sep 15 22:23:15 smithi062 ceph-mon[30929]: [15/Sep/2024:22:23:14] ENGINE Error in HTTPServer.serve
2024-09-15T22:23:15.611 INFO:journalctl@ceph.mon.a.smithi062.stdout: Traceback (most recent call last):
2024-09-15T22:23:15.612 INFO:journalctl@ceph.mon.a.smithi062.stdout: File "/lib/python3.9/site-packages/cheroot/server.py", line 1823, in serve
2024-09-15T22:23:15.612 INFO:journalctl@ceph.mon.a.smithi062.stdout: self._connections.run(self.expiration_interval)
2024-09-15T22:23:15.612 INFO:journalctl@ceph.mon.a.smithi062.stdout: File "/lib/python3.9/site-packages/cheroot/connections.py", line 203, in run
2024-09-15T22:23:15.612 INFO:journalctl@ceph.mon.a.smithi062.stdout: self._run(expiration_interval)
2024-09-15T22:23:15.612 INFO:journalctl@ceph.mon.a.smithi062.stdout: File "/lib/python3.9/site-packages/cheroot/connections.py", line 246, in _run
2024-09-15T22:23:15.612 INFO:journalctl@ceph.mon.a.smithi062.stdout: new_conn = self._from_server_socket(self.server.socket)
2024-09-15T22:23:15.612 INFO:journalctl@ceph.mon.a.smithi062.stdout: File "/lib/python3.9/site-packages/cheroot/connections.py", line 300, in _from_server_socket
2024-09-15T22:23:15.612 INFO:journalctl@ceph.mon.a.smithi062.stdout: s, ssl_env = self.server.ssl_adapter.wrap(s)
2024-09-15T22:23:15.612 INFO:journalctl@ceph.mon.a.smithi062.stdout: File "/lib/python3.9/site-packages/cheroot/ssl/builtin.py", line 277, in wrap
2024-09-15T22:23:15.612 INFO:journalctl@ceph.mon.a.smithi062.stdout: s = self.context.wrap_socket(
2024-09-15T22:23:15.612 INFO:journalctl@ceph.mon.a.smithi062.stdout: File "/lib64/python3.9/ssl.py", line 501, in wrap_socket
2024-09-15T22:23:15.612 INFO:journalctl@ceph.mon.a.smithi062.stdout: return self.sslsocket_class._create(
2024-09-15T22:23:15.613 INFO:journalctl@ceph.mon.a.smithi062.stdout: File "/lib64/python3.9/ssl.py", line 1074, in _create
2024-09-15T22:23:15.613 INFO:journalctl@ceph.mon.a.smithi062.stdout: self.do_handshake()
2024-09-15T22:23:15.613 INFO:journalctl@ceph.mon.a.smithi062.stdout: File "/lib64/python3.9/ssl.py", line 1343, in do_handshake
2024-09-15T22:23:15.613 INFO:journalctl@ceph.mon.a.smithi062.stdout: self._sslobj.do_handshake()
2024-09-15T22:23:15.613 INFO:journalctl@ceph.mon.a.smithi062.stdout: ssl.SSLZeroReturnError: TLS/SSL connection has been closed (EOF) (_ssl.c:1133)
2024-09-15T22:23:15.613 INFO:journalctl@ceph.mon.a.smithi062.stdout:Sep 15 22:23:15 smithi062 ceph-mon[30929]: [15/Sep/2024:22:23:14] ENGINE Serving on http://172.21.15.62:8765
2024-09-15T22:23:15.613 INFO:journalctl@ceph.mon.a.smithi062.stdout:Sep 15 22:23:15 smithi062 ceph-mon[30929]: [15/Sep/2024:22:23:14] ENGINE Bus STARTED
2024-09-15T22:23:15.613 INFO:journalctl@ceph.mon.a.smithi062.stdout:Sep 15 22:23:15 smithi062 ceph-mon[30929]: mgrmap e8: x(active, since 2s)
2024-09-15T22:23:16.137 INFO:teuthology.orchestra.run.smithi062.stdout:/usr/bin/ceph: stdout value unchanged
2024-09-15T22:23:16.137 INFO:teuthology.orchestra.run.smithi062.stdout:/usr/bin/ceph: stderr
2024-09-15T22:23:15.416+0000 7f8bf1d44640 1 Processor -- start
2024-09-15T22:23:16.137 INFO:teuthology.orchestra.run.smithi062.stdout:/usr/bin/ceph: stderr
2024-09-15T22:23:15.416+0000 7f8bf1d44640 1 -- start start
2024-09-15T22:23:16.137 INFO:teuthology.orchestra.run.smithi062.stdout:/usr/bin/ceph: stderr
2024-09-15T22:23:15.417+0000 7f8bf1d44640 1 --2- >> [v2:172.21.15.62:3300/0,v1:172.21.15.62:6789/0] conn(0x7f8bec106500 0x7f8bec106900 unknown :-1 s=NONE pgs=0 cs=0 l=0 rev1=0 crypto rx=0 tx=0 comp rx=0 tx=0).connect
2024-09-15T22:23:16.138 INFO:teuthology.orchestra.run.smithi062.stdout:/usr/bin/ceph: stderr
2024-09-15T22:23:15.417+0000 7f8bf1d44640 1 -- --> [v2:172.21.15.62:3300/0,v1:172.21.15.62:6789/0] -- mon_getmap magic: 0 -- 0x7f8bec106ed0 con 0x7f8bec106500
2024-09-15T22:23:16.138 INFO:teuthology.orchestra.run.smithi062.stdout:/usr/bin/ceph: stderr
2024-09-15T22:23:15.417+0000 7f8beb7fe640 1 --2- >> [v2:172.21.15.62:3300/0,v1:172.21.15.62:6789/0] conn(0x7f8bec106500 0x7f8bec106900 unknown :-1 s=BANNER_CONNECTING pgs=0 cs=0 l=0 rev1=0 crypto rx=0 tx=0 comp rx=0 tx=0)._handle_peer_banner_payload supported=3 required=0
2024-09-15T22:23:16.138 INFO:teuthology.orchestra.run.smithi062.stdout:/usr/bin/ceph: stderr
2024-09-15T22:23:15.417+0000 7f8beb7fe640 1 --2- >> [v2:172.21.15.62:3300/0,v1:172.21.15.62:6789/0] conn(0x7f8bec106500 0x7f8bec106900 unknown :-1 s=HELLO_CONNECTING pgs=0 cs=0 l=0 rev1=1 crypto rx=0 tx=0 comp rx=0 tx=0).handle_hello peer v2:172.21.15.62:3300/0 says I am v2:172.21.15.62:57190/0 (socket says 172.21.15.62:57190)
2024-09-15T22:23:16.138 INFO:teuthology.orchestra.run.smithi062.stdout:/usr/bin/ceph: stderr
2024-09-15T22:23:15.417+0000 7f8beb7fe640 1 -- 172.21.15.62:0/2317096278 learned_addr learned my addr 172.21.15.62:0/2317096278 (peer_addr_for_me v2:172.21.15.62:0/0)
2024-09-15T22:23:16.138 INFO:teuthology.orchestra.run.smithi062.stdout:/usr/bin/ceph: stderr
2024-09-15T22:23:15.417+0000 7f8beb7fe640 1 -- 172.21.15.62:0/2317096278 --> [v2:172.21.15.62:3300/0,v1:172.21.15.62:6789/0] -- mon_subscribe({config=0+,monmap=0+}) -- 0x7f8bec107700 con 0x7f8bec106500
2024-09-15T22:23:16.138 INFO:teuthology.orchestra.run.smithi062.stdout:/usr/bin/ceph: stderr
2024-09-15T22:23:15.418+0000 7f8beb7fe640 1 --2- 172.21.15.62:0/2317096278 >> [v2:172.21.15.62:3300/0,v1:172.21.15.62:6789/0] conn(0x7f8bec106500 0x7f8bec106900 secure :-1 s=READY pgs=37 cs=0 l=1 rev1=1 crypto rx=0x7f8bdc009820 tx=0x7f8bdc02a270 comp rx=0 tx=0).ready entity=mon.0 client_cookie=ce13f5e1c89b1d34 server_cookie=0 in_seq=0 out_seq=0
2024-09-15T22:23:16.138 INFO:teuthology.orchestra.run.smithi062.stdout:/usr/bin/ceph: stderr
2024-09-15T22:23:15.418+0000 7f8bea7fc640 1 -- 172.21.15.62:0/2317096278 <== mon.0 v2:172.21.15.62:3300/0 1 ==== mon_map magic: 0 ==== 205+0+0 (secure 0 0 0) 0x7f8bdc037070 con 0x7f8bec106500
2024-09-15T22:23:16.138 INFO:teuthology.orchestra.run.smithi062.stdout:/usr/bin/ceph: stderr
2024-09-15T22:23:15.418+0000 7f8bea7fc640 1 -- 172.21.15.62:0/2317096278 <== mon.0 v2:172.21.15.62:3300/0 2 ==== config(27 keys) ==== 1109+0+0 (secure 0 0 0) 0x7f8bdc032900 con 0x7f8bec106500
2024-09-15T22:23:16.138 INFO:teuthology.orchestra.run.smithi062.stdout:/usr/bin/ceph: stderr
2024-09-15T22:23:15.418+0000 7f8bea7fc640 1 -- 172.21.15.62:0/2317096278 <== mon.0 v2:172.21.15.62:3300/0 3 ==== mon_map magic: 0 ==== 205+0+0 (secure 0 0 0) 0x7f8bdc030850 con 0x7f8bec106500
2024-09-15T22:23:16.138 INFO:teuthology.orchestra.run.smithi062.stdout:/usr/bin/ceph: stderr
2024-09-15T22:23:15.419+0000 7f8bf1d44640 1 -- 172.21.15.62:0/2317096278 >> [v2:172.21.15.62:3300/0,v1:172.21.15.62:6789/0] conn(0x7f8bec106500 msgr2=0x7f8bec106900 secure :-1 s=STATE_CONNECTION_ESTABLISHED l=1).mark_down
2024-09-15T22:23:16.138 INFO:teuthology.orchestra.run.smithi062.stdout:/usr/bin/ceph: stderr
2024-09-15T22:23:15.419+0000 7f8bf1d44640 1 --2- 172.21.15.62:0/2317096278 >> [v2:172.21.15.62:3300/0,v1:172.21.15.62:6789/0] conn(0x7f8bec106500 0x7f8bec106900 secure :-1 s=READY pgs=37 cs=0 l=1 rev1=1 crypto rx=0x7f8bdc009820 tx=0x7f8bdc02a270 comp rx=0 tx=0).stop
2024-09-15T22:23:16.138 INFO:teuthology.orchestra.run.smithi062.stdout:/usr/bin/ceph: stderr
2024-09-15T22:23:15.419+0000 7f8bf1d44640 1 -- 172.21.15.62:0/2317096278 shutdown_connections
2024-09-15T22:23:16.139 INFO:teuthology.orchestra.run.smithi062.stdout:/usr/bin/ceph: stderr
2024-09-15T22:23:15.419+0000 7f8bf1d44640 1 --2- 172.21.15.62:0/2317096278 >> [v2:172.21.15.62:3300/0,v1:172.21.15.62:6789/0] conn(0x7f8bec106500 0x7f8bec106900 unknown :-1 s=CLOSED pgs=37 cs=0 l=1 rev1=1 crypto rx=0 tx=0 comp rx=0 tx=0).stop
2024-09-15T22:23:16.139 INFO:teuthology.orchestra.run.smithi062.stdout:/usr/bin/ceph: stderr
2024-09-15T22:23:15.419+0000 7f8bf1d44640 1 -- 172.21.15.62:0/2317096278 >> 172.21.15.62:0/2317096278 conn(0x7f8bec101d10 msgr2=0x7f8bec104130 unknown :-1 s=STATE_NONE l=0).mark_down
2024-09-15T22:23:16.139 INFO:teuthology.orchestra.run.smithi062.stdout:/usr/bin/ceph: stderr
2024-09-15T22:23:15.419+0000 7f8bf1d44640 1 -- 172.21.15.62:0/2317096278 shutdown_connections
2024-09-15T22:23:16.139 INFO:teuthology.orchestra.run.smithi062.stdout:/usr/bin/ceph: stderr
2024-09-15T22:23:15.419+0000 7f8bf1d44640 1 -- 172.21.15.62:0/2317096278 wait complete.
2024-09-15T22:23:16.139 INFO:teuthology.orchestra.run.smithi062.stdout:/usr/bin/ceph: stderr
2024-09-15T22:23:15.419+0000 7f8bf1d44640 1 Processor -- start
2024-09-15T22:23:16.139 INFO:teuthology.orchestra.run.smithi062.stdout:/usr/bin/ceph: stderr
2024-09-15T22:23:15.420+0000 7f8bf1d44640 1 -- start start
2024-09-15T22:23:16.139 INFO:teuthology.orchestra.run.smithi062.stdout:/usr/bin/ceph: stderr
2024-09-15T22:23:15.420+0000 7f8bf1d44640 1 --2- >> [v2:172.21.15.62:3300/0,v1:172.21.15.62:6789/0] conn(0x7f8bec106500 0x7f8bec19b5e0 unknown :-1 s=NONE pgs=0 cs=0 l=1 rev1=0 crypto rx=0 tx=0 comp rx=0 tx=0).connect
2024-09-15T22:23:16.139 INFO:teuthology.orchestra.run.smithi062.stdout:/usr/bin/ceph: stderr
2024-09-15T22:23:15.420+0000 7f8bf1d44640 1 -- --> [v2:172.21.15.62:3300/0,v1:172.21.15.62:6789/0] -- mon_getmap magic: 0 -- 0x7f8bec10aab0 con 0x7f8bec106500
2024-09-15T22:23:16.139 INFO:teuthology.orchestra.run.smithi062.stdout:/usr/bin/ceph: stderr
2024-09-15T22:23:15.420+0000 7f8beb7fe640 1 --2- >> [v2:172.21.15.62:3300/0,v1:172.21.15.62:6789/0] conn(0x7f8bec106500 0x7f8bec19b5e0 unknown :-1 s=BANNER_CONNECTING pgs=0 cs=0 l=1 rev1=0 crypto rx=0 tx=0 comp rx=0 tx=0)._handle_peer_banner_payload supported=3 required=0
2024-09-15T22:23:16.139 INFO:teuthology.orchestra.run.smithi062.stdout:/usr/bin/ceph: stderr
2024-09-15T22:23:15.420+0000 7f8beb7fe640 1 --2- >> [v2:172.21.15.62:3300/0,v1:172.21.15.62:6789/0] conn(0x7f8bec106500 0x7f8bec19b5e0 unknown :-1 s=HELLO_CONNECTING pgs=0 cs=0 l=1 rev1=1 crypto rx=0 tx=0 comp rx=0 tx=0).handle_hello peer v2:172.21.15.62:3300/0 says I am v2:172.21.15.62:57200/0 (socket says 172.21.15.62:57200)
2024-09-15T22:23:16.139 INFO:teuthology.orchestra.run.smithi062.stdout:/usr/bin/ceph: stderr
2024-09-15T22:23:15.420+0000 7f8beb7fe640 1 -- 172.21.15.62:0/2120940849 learned_addr learned my addr 172.21.15.62:0/2120940849 (peer_addr_for_me v2:172.21.15.62:0/0)
2024-09-15T22:23:16.139 INFO:teuthology.orchestra.run.smithi062.stdout:/usr/bin/ceph: stderr
2024-09-15T22:23:15.420+0000 7f8beb7fe640 1 -- 172.21.15.62:0/2120940849 --> [v2:172.21.15.62:3300/0,v1:172.21.15.62:6789/0] -- mon_subscribe({config=0+,monmap=0+}) -- 0x7f8bec19bb20 con 0x7f8bec106500
2024-09-15T22:23:16.139 INFO:teuthology.orchestra.run.smithi062.stdout:/usr/bin/ceph: stderr
2024-09-15T22:23:15.420+0000 7f8beb7fe640 1 --2- 172.21.15.62:0/2120940849 >> [v2:172.21.15.62:3300/0,v1:172.21.15.62:6789/0] conn(0x7f8bec106500 0x7f8bec19b5e0 secure :-1 s=READY pgs=38 cs=0 l=1 rev1=1 crypto rx=0x7f8bdc009940 tx=0x7f8bdc032ce0 comp rx=0 tx=0).ready entity=mon.0 client_cookie=0 server_cookie=0 in_seq=0 out_seq=0
2024-09-15T22:23:16.140 INFO:teuthology.orchestra.run.smithi062.stdout:/usr/bin/ceph: stderr
2024-09-15T22:23:15.420+0000 7f8be8ff9640 1 -- 172.21.15.62:0/2120940849 <== mon.0 v2:172.21.15.62:3300/0 1 ==== mon_map magic: 0 ==== 205+0+0 (secure 0 0 0) 0x7f8bdc042070 con 0x7f8bec106500
2024-09-15T22:23:16.140 INFO:teuthology.orchestra.run.smithi062.stdout:/usr/bin/ceph: stderr
2024-09-15T22:23:15.420+0000 7f8bf1d44640 1 -- 172.21.15.62:0/2120940849 --> [v2:172.21.15.62:3300/0,v1:172.21.15.62:6789/0] -- mon_subscribe({mgrmap=0+}) -- 0x7f8bec19bdb0 con 0x7f8bec106500
2024-09-15T22:23:16.140 INFO:teuthology.orchestra.run.smithi062.stdout:/usr/bin/ceph: stderr
2024-09-15T22:23:15.420+0000 7f8be8ff9640 1 -- 172.21.15.62:0/2120940849 <== mon.0 v2:172.21.15.62:3300/0 2 ==== config(27 keys) ==== 1109+0+0 (secure 0 0 0) 0x7f8bdc0308c0 con 0x7f8bec106500
2024-09-15T22:23:16.140 INFO:teuthology.orchestra.run.smithi062.stdout:/usr/bin/ceph: stderr
2024-09-15T22:23:15.421+0000 7f8be8ff9640 1 -- 172.21.15.62:0/2120940849 <== mon.0 v2:172.21.15.62:3300/0 3 ==== mon_map magic: 0 ==== 205+0+0 (secure 0 0 0) 0x7f8bdc037040 con 0x7f8bec106500
2024-09-15T22:23:16.140 INFO:teuthology.orchestra.run.smithi062.stdout:/usr/bin/ceph: stderr
2024-09-15T22:23:15.421+0000 7f8bf1d44640 1 -- 172.21.15.62:0/2120940849 --> [v2:172.21.15.62:3300/0,v1:172.21.15.62:6789/0] -- mon_subscribe({osdmap=0}) -- 0x7f8bec19eaa0 con 0x7f8bec106500
2024-09-15T22:23:16.140 INFO:teuthology.orchestra.run.smithi062.stdout:/usr/bin/ceph: stderr
2024-09-15T22:23:15.421+0000 7f8be8ff9640 1 -- 172.21.15.62:0/2120940849 <== mon.0 v2:172.21.15.62:3300/0 4 ==== mgrmap(e 8) ==== 46461+0+0 (secure 0 0 0) 0x7f8bdc045070 con 0x7f8bec106500
2024-09-15T22:23:16.140 INFO:teuthology.orchestra.run.smithi062.stdout:/usr/bin/ceph: stderr
2024-09-15T22:23:15.422+0000 7f8bf1d44640 1 -- 172.21.15.62:0/2120940849 --> [v2:172.21.15.62:3300/0,v1:172.21.15.62:6789/0] -- mon_command({"prefix": "get_command_descriptions"} v 0) -- 0x7f8bec10ac30 con 0x7f8bec106500
2024-09-15T22:23:16.140 INFO:teuthology.orchestra.run.smithi062.stdout:/usr/bin/ceph: stderr
2024-09-15T22:23:15.422+0000 7f8be8ff9640 1 --2- 172.21.15.62:0/2120940849 >> [v2:172.21.15.62:6800/205768603,v1:172.21.15.62:6801/205768603] conn(0x7f8bd80391b0 0x7f8bd803b670 unknown :-1 s=NONE pgs=0 cs=0 l=1 rev1=0 crypto rx=0 tx=0 comp rx=0 tx=0).connect
2024-09-15T22:23:16.140 INFO:teuthology.orchestra.run.smithi062.stdout:/usr/bin/ceph: stderr
2024-09-15T22:23:15.422+0000 7f8be8ff9640 1 -- 172.21.15.62:0/2120940849 <== mon.0 v2:172.21.15.62:3300/0 5 ==== osd_map(2..2 src has 1..2) ==== 940+0+0 (secure 0 0 0) 0x7f8bdc06c4a0 con 0x7f8bec106500
2024-09-15T22:23:16.140 INFO:teuthology.orchestra.run.smithi062.stdout:/usr/bin/ceph: stderr
2024-09-15T22:23:15.422+0000 7f8beaffd640 1 --2- 172.21.15.62:0/2120940849 >> [v2:172.21.15.62:6800/205768603,v1:172.21.15.62:6801/205768603] conn(0x7f8bd80391b0 0x7f8bd803b670 unknown :-1 s=BANNER_CONNECTING pgs=0 cs=0 l=1 rev1=0 crypto rx=0 tx=0 comp rx=0 tx=0)._handle_peer_banner_payload supported=3 required=0
2024-09-15T22:23:16.140 INFO:teuthology.orchestra.run.smithi062.stdout:/usr/bin/ceph: stderr
2024-09-15T22:23:15.422+0000 7f8beaffd640 1 --2- 172.21.15.62:0/2120940849 >> [v2:172.21.15.62:6800/205768603,v1:172.21.15.62:6801/205768603] conn(0x7f8bd80391b0 0x7f8bd803b670 secure :-1 s=READY pgs=8 cs=0 l=1 rev1=1 crypto rx=0x7f8bd40098c0 tx=0x7f8bd4006db0 comp rx=0 tx=0).ready entity=mgr.14118 client_cookie=0 server_cookie=0 in_seq=0 out_seq=0
2024-09-15T22:23:16.140 INFO:teuthology.orchestra.run.smithi062.stdout:/usr/bin/ceph: stderr
2024-09-15T22:23:15.427+0000 7f8be8ff9640 1 -- 172.21.15.62:0/2120940849 <== mon.0 v2:172.21.15.62:3300/0 6 ==== mon_command_ack([{"prefix": "get_command_descriptions"}]=0 v0) ==== 72+0+188821 (secure 0 0 0) 0x7f8bdc03be10 con 0x7f8bec106500
2024-09-15T22:23:16.140 INFO:teuthology.orchestra.run.smithi062.stdout:/usr/bin/ceph: stderr
2024-09-15T22:23:15.609+0000 7f8bf1d44640 1 -- 172.21.15.62:0/2120940849 --> [v2:172.21.15.62:6800/205768603,v1:172.21.15.62:6801/205768603] -- mgr_command(tid 0: {"prefix": "cephadm set-user", "user": "root", "target": ["mon-mgr", ""]}) -- 0x7f8bec102f70 con 0x7f8bd80391b0
2024-09-15T22:23:16.140 INFO:teuthology.orchestra.run.smithi062.stdout:/usr/bin/ceph: stderr
2024-09-15T22:23:15.610+0000 7f8be8ff9640 1 -- 172.21.15.62:0/2120940849 <== mgr.14118 v2:172.21.15.62:6800/205768603 1 ==== mgr_command_reply(tid 0: 0 ) ==== 8+0+16 (secure 0 0 0) 0x7f8bec102f70 con 0x7f8bd80391b0
2024-09-15T22:23:16.141 INFO:teuthology.orchestra.run.smithi062.stdout:/usr/bin/ceph: stderr
2024-09-15T22:23:15.612+0000 7f8bf1d44640 1 -- 172.21.15.62:0/2120940849 >> [v2:172.21.15.62:6800/205768603,v1:172.21.15.62:6801/205768603] conn(0x7f8bd80391b0 msgr2=0x7f8bd803b670 secure :-1 s=STATE_CONNECTION_ESTABLISHED l=1).mark_down
2024-09-15T22:23:16.141 INFO:teuthology.orchestra.run.smithi062.stdout:/usr/bin/ceph: stderr
2024-09-15T22:23:15.612+0000 7f8bf1d44640 1 --2- 172.21.15.62:0/2120940849 >> [v2:172.21.15.62:6800/205768603,v1:172.21.15.62:6801/205768603] conn(0x7f8bd80391b0 0x7f8bd803b670 secure :-1 s=READY pgs=8 cs=0 l=1 rev1=1 crypto rx=0x7f8bd40098c0 tx=0x7f8bd4006db0 comp rx=0 tx=0).stop
2024-09-15T22:23:16.141 INFO:teuthology.orchestra.run.smithi062.stdout:/usr/bin/ceph: stderr
2024-09-15T22:23:15.612+0000 7f8bf1d44640 1 -- 172.21.15.62:0/2120940849 >> [v2:172.21.15.62:3300/0,v1:172.21.15.62:6789/0] conn(0x7f8bec106500 msgr2=0x7f8bec19b5e0 secure :-1 s=STATE_CONNECTION_ESTABLISHED l=1).mark_down
2024-09-15T22:23:16.141 INFO:teuthology.orchestra.run.smithi062.stdout:/usr/bin/ceph: stderr
2024-09-15T22:23:15.612+0000 7f8bf1d44640 1 --2- 172.21.15.62:0/2120940849 >> [v2:172.21.15.62:3300/0,v1:172.21.15.62:6789/0] conn(0x7f8bec106500 0x7f8bec19b5e0 secure :-1 s=READY pgs=38 cs=0 l=1 rev1=1 crypto rx=0x7f8bdc009940 tx=0x7f8bdc032ce0 comp rx=0 tx=0).stop
2024-09-15T22:23:16.141 INFO:teuthology.orchestra.run.smithi062.stdout:/usr/bin/ceph: stderr
2024-09-15T22:23:15.612+0000 7f8bf1d44640 1 -- 172.21.15.62:0/2120940849 shutdown_connections
2024-09-15T22:23:16.141 INFO:teuthology.orchestra.run.smithi062.stdout:/usr/bin/ceph: stderr
2024-09-15T22:23:15.612+0000 7f8bf1d44640 1 --2- 172.21.15.62:0/2120940849 >> [v2:172.21.15.62:6800/205768603,v1:172.21.15.62:6801/205768603] conn(0x7f8bd80391b0 0x7f8bd803b670 unknown :-1 s=CLOSED pgs=8 cs=0 l=1 rev1=1 crypto rx=0 tx=0 comp rx=0 tx=0).stop
2024-09-15T22:23:16.141 INFO:teuthology.orchestra.run.smithi062.stdout:/usr/bin/ceph: stderr
2024-09-15T22:23:15.612+0000 7f8bf1d44640 1 --2- 172.21.15.62:0/2120940849 >> [v2:172.21.15.62:3300/0,v1:172.21.15.62:6789/0] conn(0x7f8bec106500 0x7f8bec19b5e0 unknown :-1 s=CLOSED pgs=38 cs=0 l=1 rev1=1 crypto rx=0 tx=0 comp rx=0 tx=0).stop
2024-09-15T22:23:16.141 INFO:teuthology.orchestra.run.smithi062.stdout:/usr/bin/ceph: stderr
2024-09-15T22:23:15.612+0000 7f8bf1d44640 1 -- 172.21.15.62:0/2120940849 >> 172.21.15.62:0/2120940849 conn(0x7f8bec101d10 msgr2=0x7f8bec102860 unknown :-1 s=STATE_NONE l=0).mark_down
2024-09-15T22:23:16.141 INFO:teuthology.orchestra.run.smithi062.stdout:/usr/bin/ceph: stderr
2024-09-15T22:23:15.612+0000 7f8bf1d44640 1 -- 172.21.15.62:0/2120940849 shutdown_connections
2024-09-15T22:23:16.141 INFO:teuthology.orchestra.run.smithi062.stdout:/usr/bin/ceph: stderr
2024-09-15T22:23:15.612+0000 7f8bf1d44640 1 -- 172.21.15.62:0/2120940849 wait complete.
2024-09-15T22:23:16.141 INFO:teuthology.orchestra.run.smithi062.stdout:Generating ssh key...
2024-09-15T22:23:16.828 INFO:journalctl@ceph.mon.a.smithi062.stdout:Sep 15 22:23:16 smithi062 ceph-mon[30929]: from='client.14132 -' entity='client.admin' cmd=[{"prefix": "cephadm set-user", "user": "root", "target": ["mon-mgr", ""]}]: dispatch
2024-09-15T22:23:17.127 INFO:journalctl@ceph.mgr.x.smithi062.stdout:Sep 15 22:23:16 smithi062 ceph-ed48ea92-73b0-11ef-bceb-c7b262605968-mgr-x[31156]: Generating public/private rsa key pair.
2024-09-15T22:23:17.128 INFO:journalctl@ceph.mgr.x.smithi062.stdout:Sep 15 22:23:16 smithi062 ceph-ed48ea92-73b0-11ef-bceb-c7b262605968-mgr-x[31156]: Your identification has been saved in /tmp/tmp0wyf796m/key
2024-09-15T22:23:17.128 INFO:journalctl@ceph.mgr.x.smithi062.stdout:Sep 15 22:23:16 smithi062 ceph-ed48ea92-73b0-11ef-bceb-c7b262605968-mgr-x[31156]: Your public key has been saved in /tmp/tmp0wyf796m/key.pub
2024-09-15T22:23:17.128 INFO:journalctl@ceph.mgr.x.smithi062.stdout:Sep 15 22:23:16 smithi062 ceph-ed48ea92-73b0-11ef-bceb-c7b262605968-mgr-x[31156]: The key fingerprint is:
2024-09-15T22:23:17.128 INFO:journalctl@ceph.mgr.x.smithi062.stdout:Sep 15 22:23:16 smithi062 ceph-ed48ea92-73b0-11ef-bceb-c7b262605968-mgr-x[31156]: SHA256:iaN9RMWCjX1aahyFuOJB5wQ0jDxzkwXO2kOFzHZCND8 ceph-ed48ea92-73b0-11ef-bceb-c7b262605968
2024-09-15T22:23:17.128 INFO:journalctl@ceph.mgr.x.smithi062.stdout:Sep 15 22:23:16 smithi062 ceph-ed48ea92-73b0-11ef-bceb-c7b262605968-mgr-x[31156]: The key's randomart image is:
2024-09-15T22:23:17.128 INFO:journalctl@ceph.mgr.x.smithi062.stdout:Sep 15 22:23:16 smithi062 ceph-ed48ea92-73b0-11ef-bceb-c7b262605968-mgr-x[31156]: +---[RSA 3072]----+
2024-09-15T22:23:17.128 INFO:journalctl@ceph.mgr.x.smithi062.stdout:Sep 15 22:23:16 smithi062 ceph-ed48ea92-73b0-11ef-bceb-c7b262605968-mgr-x[31156]: | . OO*o* +o |
2024-09-15T22:23:17.128 INFO:journalctl@ceph.mgr.x.smithi062.stdout:Sep 15 22:23:16 smithi062 ceph-ed48ea92-73b0-11ef-bceb-c7b262605968-mgr-x[31156]: | =o%=B *.+ |
2024-09-15T22:23:17.128 INFO:journalctl@ceph.mgr.x.smithi062.stdout:Sep 15 22:23:16 smithi062 ceph-ed48ea92-73b0-11ef-bceb-c7b262605968-mgr-x[31156]: | *+BEo.B |
2024-09-15T22:23:17.128 INFO:journalctl@ceph.mgr.x.smithi062.stdout:Sep 15 22:23:16 smithi062 ceph-ed48ea92-73b0-11ef-bceb-c7b262605968-mgr-x[31156]: | +o o+=. |
2024-09-15T22:23:17.128 INFO:journalctl@ceph.mgr.x.smithi062.stdout:Sep 15 22:23:16 smithi062 ceph-ed48ea92-73b0-11ef-bceb-c7b262605968-mgr-x[31156]: | ..ooo.S |
2024-09-15T22:23:17.129 INFO:journalctl@ceph.mgr.x.smithi062.stdout:Sep 15 22:23:16 smithi062 ceph-ed48ea92-73b0-11ef-bceb-c7b262605968-mgr-x[31156]: | .+ o |
2024-09-15T22:23:17.129 INFO:journalctl@ceph.mgr.x.smithi062.stdout:Sep 15 22:23:16 smithi062 ceph-ed48ea92-73b0-11ef-bceb-c7b262605968-mgr-x[31156]: | . . . |
2024-09-15T22:23:17.129 INFO:journalctl@ceph.mgr.x.smithi062.stdout:Sep 15 22:23:16 smithi062 ceph-ed48ea92-73b0-11ef-bceb-c7b262605968-mgr-x[31156]: | . |
2024-09-15T22:23:17.129 INFO:journalctl@ceph.mgr.x.smithi062.stdout:Sep 15 22:23:16 smithi062 ceph-ed48ea92-73b0-11ef-bceb-c7b262605968-mgr-x[31156]: | |
2024-09-15T22:23:17.129 INFO:journalctl@ceph.mgr.x.smithi062.stdout:Sep 15 22:23:16 smithi062 ceph-ed48ea92-73b0-11ef-bceb-c7b262605968-mgr-x[31156]: +----[SHA256]-----+
2024-09-15T22:23:17.393 INFO:teuthology.orchestra.run.smithi062.stdout:/usr/bin/ceph: stderr
2024-09-15T22:23:16.503+0000 7f9868d8d640 1 Processor -- start
2024-09-15T22:23:17.393 INFO:teuthology.orchestra.run.smithi062.stdout:/usr/bin/ceph: stderr
2024-09-15T22:23:16.503+0000 7f9868d8d640 1 -- start start
2024-09-15T22:23:17.393 INFO:teuthology.orchestra.run.smithi062.stdout:/usr/bin/ceph: stderr
2024-09-15T22:23:16.504+0000 7f9868d8d640 1 --2- >> [v2:172.21.15.62:3300/0,v1:172.21.15.62:6789/0] conn(0x7f98641080c0 0x7f986410a4b0 unknown :-1 s=NONE pgs=0 cs=0 l=0 rev1=0 crypto rx=0 tx=0 comp rx=0 tx=0).connect
2024-09-15T22:23:17.394 INFO:teuthology.orchestra.run.smithi062.stdout:/usr/bin/ceph: stderr
2024-09-15T22:23:16.504+0000 7f9868d8d640 1 -- --> [v2:172.21.15.62:3300/0,v1:172.21.15.62:6789/0] -- mon_getmap magic: 0 -- 0x7f986407bdf0 con 0x7f98641080c0
2024-09-15T22:23:17.394 INFO:teuthology.orchestra.run.smithi062.stdout:/usr/bin/ceph: stderr
2024-09-15T22:23:16.504+0000 7f986259c640 1 --2- >> [v2:172.21.15.62:3300/0,v1:172.21.15.62:6789/0] conn(0x7f98641080c0 0x7f986410a4b0 unknown :-1 s=BANNER_CONNECTING pgs=0 cs=0 l=0 rev1=0 crypto rx=0 tx=0 comp rx=0 tx=0)._handle_peer_banner_payload supported=3 required=0
2024-09-15T22:23:17.394 INFO:teuthology.orchestra.run.smithi062.stdout:/usr/bin/ceph: stderr
2024-09-15T22:23:16.504+0000 7f986259c640 1 --2- >> [v2:172.21.15.62:3300/0,v1:172.21.15.62:6789/0] conn(0x7f98641080c0 0x7f986410a4b0 unknown :-1 s=HELLO_CONNECTING pgs=0 cs=0 l=0 rev1=1 crypto rx=0 tx=0 comp rx=0 tx=0).handle_hello peer v2:172.21.15.62:3300/0 says I am v2:172.21.15.62:57210/0 (socket says 172.21.15.62:57210)
2024-09-15T22:23:17.394 INFO:teuthology.orchestra.run.smithi062.stdout:/usr/bin/ceph: stderr
2024-09-15T22:23:16.504+0000 7f986259c640 1 -- 172.21.15.62:0/1930650341 learned_addr learned my addr 172.21.15.62:0/1930650341 (peer_addr_for_me v2:172.21.15.62:0/0)
2024-09-15T22:23:17.394 INFO:teuthology.orchestra.run.smithi062.stdout:/usr/bin/ceph: stderr
2024-09-15T22:23:16.504+0000 7f986259c640 1 -- 172.21.15.62:0/1930650341 --> [v2:172.21.15.62:3300/0,v1:172.21.15.62:6789/0] -- mon_subscribe({config=0+,monmap=0+}) -- 0x7f986410a9f0 con 0x7f98641080c0
2024-09-15T22:23:17.394 INFO:teuthology.orchestra.run.smithi062.stdout:/usr/bin/ceph: stderr
2024-09-15T22:23:16.505+0000 7f986259c640 1 --2- 172.21.15.62:0/1930650341 >> [v2:172.21.15.62:3300/0,v1:172.21.15.62:6789/0] conn(0x7f98641080c0 0x7f986410a4b0 secure :-1 s=READY pgs=39 cs=0 l=1 rev1=1 crypto rx=0x7f984c009e80 tx=0x7f984c02a7a0 comp rx=0 tx=0).ready entity=mon.0 client_cookie=9fbd5fbe94bed99c server_cookie=0 in_seq=0 out_seq=0
2024-09-15T22:23:17.394 INFO:teuthology.orchestra.run.smithi062.stdout:/usr/bin/ceph: stderr
2024-09-15T22:23:16.505+0000 7f986159a640 1 -- 172.21.15.62:0/1930650341 <== mon.0 v2:172.21.15.62:3300/0 1 ==== mon_map magic: 0 ==== 205+0+0 (secure 0 0 0) 0x7f984c036070 con 0x7f98641080c0
2024-09-15T22:23:17.394 INFO:teuthology.orchestra.run.smithi062.stdout:/usr/bin/ceph: stderr
2024-09-15T22:23:16.505+0000 7f986159a640 1 -- 172.21.15.62:0/1930650341 <== mon.0 v2:172.21.15.62:3300/0 2 ==== config(27 keys) ==== 1109+0+0 (secure 0 0 0) 0x7f984c0318c0 con 0x7f98641080c0
2024-09-15T22:23:17.394 INFO:teuthology.orchestra.run.smithi062.stdout:/usr/bin/ceph: stderr
2024-09-15T22:23:16.505+0000 7f986159a640 1 -- 172.21.15.62:0/1930650341 <== mon.0 v2:172.21.15.62:3300/0 3 ==== mon_map magic: 0 ==== 205+0+0 (secure 0 0 0) 0x7f984c007ab0 con 0x7f98641080c0
2024-09-15T22:23:17.394 INFO:teuthology.orchestra.run.smithi062.stdout:/usr/bin/ceph: stderr
2024-09-15T22:23:16.506+0000 7f9868d8d640 1 -- 172.21.15.62:0/1930650341 >> [v2:172.21.15.62:3300/0,v1:172.21.15.62:6789/0] conn(0x7f98641080c0 msgr2=0x7f986410a4b0 secure :-1 s=STATE_CONNECTION_ESTABLISHED l=1).mark_down
2024-09-15T22:23:17.394 INFO:teuthology.orchestra.run.smithi062.stdout:/usr/bin/ceph: stderr
2024-09-15T22:23:16.506+0000 7f9868d8d640 1 --2- 172.21.15.62:0/1930650341 >> [v2:172.21.15.62:3300/0,v1:172.21.15.62:6789/0] conn(0x7f98641080c0 0x7f986410a4b0 secure :-1 s=READY pgs=39 cs=0 l=1 rev1=1 crypto rx=0x7f984c009e80 tx=0x7f984c02a7a0 comp rx=0 tx=0).stop
2024-09-15T22:23:17.394 INFO:teuthology.orchestra.run.smithi062.stdout:/usr/bin/ceph: stderr
2024-09-15T22:23:16.506+0000 7f9868d8d640 1 -- 172.21.15.62:0/1930650341 shutdown_connections
2024-09-15T22:23:17.394 INFO:teuthology.orchestra.run.smithi062.stdout:/usr/bin/ceph: stderr
2024-09-15T22:23:16.506+0000 7f9868d8d640 1 --2- 172.21.15.62:0/1930650341 >> [v2:172.21.15.62:3300/0,v1:172.21.15.62:6789/0] conn(0x7f98641080c0 0x7f986410a4b0 unknown :-1 s=CLOSED pgs=39 cs=0 l=1 rev1=1 crypto rx=0 tx=0 comp rx=0 tx=0).stop
2024-09-15T22:23:17.395 INFO:teuthology.orchestra.run.smithi062.stdout:/usr/bin/ceph: stderr
2024-09-15T22:23:16.506+0000 7f9868d8d640 1 -- 172.21.15.62:0/1930650341 >> 172.21.15.62:0/1930650341 conn(0x7f9864101ca0 msgr2=0x7f98641040e0 unknown :-1 s=STATE_NONE l=0).mark_down
2024-09-15T22:23:17.395 INFO:teuthology.orchestra.run.smithi062.stdout:/usr/bin/ceph: stderr
2024-09-15T22:23:16.506+0000 7f9868d8d640 1 -- 172.21.15.62:0/1930650341 shutdown_connections
2024-09-15T22:23:17.395 INFO:teuthology.orchestra.run.smithi062.stdout:/usr/bin/ceph: stderr
2024-09-15T22:23:16.506+0000 7f9868d8d640 1 -- 172.21.15.62:0/1930650341 wait complete.
2024-09-15T22:23:17.395 INFO:teuthology.orchestra.run.smithi062.stdout:/usr/bin/ceph: stderr
2024-09-15T22:23:16.507+0000 7f9868d8d640 1 Processor -- start
2024-09-15T22:23:17.395 INFO:teuthology.orchestra.run.smithi062.stdout:/usr/bin/ceph: stderr
2024-09-15T22:23:16.507+0000 7f9868d8d640 1 -- start start
2024-09-15T22:23:17.395 INFO:teuthology.orchestra.run.smithi062.stdout:/usr/bin/ceph: stderr
2024-09-15T22:23:16.507+0000 7f9868d8d640 1 --2- >> [v2:172.21.15.62:3300/0,v1:172.21.15.62:6789/0] conn(0x7f98641080c0 0x7f986419b5e0 unknown :-1 s=NONE pgs=0 cs=0 l=1 rev1=0 crypto rx=0 tx=0 comp rx=0 tx=0).connect
2024-09-15T22:23:17.395 INFO:teuthology.orchestra.run.smithi062.stdout:/usr/bin/ceph: stderr
2024-09-15T22:23:16.507+0000 7f9868d8d640 1 -- --> [v2:172.21.15.62:3300/0,v1:172.21.15.62:6789/0] -- mon_getmap magic: 0 -- 0x7f986410b9d0 con 0x7f98641080c0
2024-09-15T22:23:17.395 INFO:teuthology.orchestra.run.smithi062.stdout:/usr/bin/ceph: stderr
2024-09-15T22:23:16.507+0000 7f986259c640 1 --2- >> [v2:172.21.15.62:3300/0,v1:172.21.15.62:6789/0] conn(0x7f98641080c0 0x7f986419b5e0 unknown :-1 s=BANNER_CONNECTING pgs=0 cs=0 l=1 rev1=0 crypto rx=0 tx=0 comp rx=0 tx=0)._handle_peer_banner_payload supported=3 required=0
2024-09-15T22:23:17.395 INFO:teuthology.orchestra.run.smithi062.stdout:/usr/bin/ceph: stderr
