2024-09-15T22:28:57.448+0000 7fc626713640 1 -- 172.21.15.16:0/2070921411 >> [v2:172.21.15.16:6800/2652317700,v1:172.21.15.16:6801/2652317700] conn(0x7fc608039200 msgr2=0x7fc60803b6c0 secure :-1 s=STATE_CONNECTION_ESTABLISHED l=1).mark_down
2024-09-15T22:28:57.992 INFO:teuthology.orchestra.run.smithi016.stdout:/usr/bin/ceph: stderr
2024-09-15T22:28:57.448+0000 7fc626713640 1 --2- 172.21.15.16:0/2070921411 >> [v2:172.21.15.16:6800/2652317700,v1:172.21.15.16:6801/2652317700] conn(0x7fc608039200 0x7fc60803b6c0 secure :-1 s=READY pgs=11 cs=0 l=1 rev1=1 crypto rx=0x7fc6140098c0 tx=0x7fc614006db0 comp rx=0 tx=0).stop
2024-09-15T22:28:57.992 INFO:teuthology.orchestra.run.smithi016.stdout:/usr/bin/ceph: stderr
2024-09-15T22:28:57.448+0000 7fc626713640 1 -- 172.21.15.16:0/2070921411 >> [v2:172.21.15.16:3300/0,v1:172.21.15.16:6789/0] conn(0x7fc620108040 msgr2=0x7fc62019b560 secure :-1 s=STATE_CONNECTION_ESTABLISHED l=1).mark_down
2024-09-15T22:28:57.992 INFO:teuthology.orchestra.run.smithi016.stdout:/usr/bin/ceph: stderr
2024-09-15T22:28:57.448+0000 7fc626713640 1 --2- 172.21.15.16:0/2070921411 >> [v2:172.21.15.16:3300/0,v1:172.21.15.16:6789/0] conn(0x7fc620108040 0x7fc62019b560 secure :-1 s=READY pgs=44 cs=0 l=1 rev1=1 crypto rx=0x7fc6100097f0 tx=0x7fc610030d80 comp rx=0 tx=0).stop
2024-09-15T22:28:57.992 INFO:teuthology.orchestra.run.smithi016.stdout:/usr/bin/ceph: stderr
2024-09-15T22:28:57.448+0000 7fc626713640 1 -- 172.21.15.16:0/2070921411 shutdown_connections
2024-09-15T22:28:57.992 INFO:teuthology.orchestra.run.smithi016.stdout:/usr/bin/ceph: stderr
2024-09-15T22:28:57.448+0000 7fc626713640 1 --2- 172.21.15.16:0/2070921411 >> [v2:172.21.15.16:6800/2652317700,v1:172.21.15.16:6801/2652317700] conn(0x7fc608039200 0x7fc60803b6c0 unknown :-1 s=CLOSED pgs=11 cs=0 l=1 rev1=1 crypto rx=0 tx=0 comp rx=0 tx=0).stop
2024-09-15T22:28:57.992 INFO:teuthology.orchestra.run.smithi016.stdout:/usr/bin/ceph: stderr
2024-09-15T22:28:57.448+0000 7fc626713640 1 --2- 172.21.15.16:0/2070921411 >> [v2:172.21.15.16:3300/0,v1:172.21.15.16:6789/0] conn(0x7fc620108040 0x7fc62019b560 unknown :-1 s=CLOSED pgs=44 cs=0 l=1 rev1=1 crypto rx=0 tx=0 comp rx=0 tx=0).stop
2024-09-15T22:28:57.992 INFO:teuthology.orchestra.run.smithi016.stdout:/usr/bin/ceph: stderr
2024-09-15T22:28:57.448+0000 7fc626713640 1 -- 172.21.15.16:0/2070921411 >> 172.21.15.16:0/2070921411 conn(0x7fc620101c00 msgr2=0x7fc6201027d0 unknown :-1 s=STATE_NONE l=0).mark_down
2024-09-15T22:28:57.992 INFO:teuthology.orchestra.run.smithi016.stdout:/usr/bin/ceph: stderr
2024-09-15T22:28:57.448+0000 7fc626713640 1 -- 172.21.15.16:0/2070921411 shutdown_connections
2024-09-15T22:28:57.992 INFO:teuthology.orchestra.run.smithi016.stdout:/usr/bin/ceph: stderr
2024-09-15T22:28:57.448+0000 7fc626713640 1 -- 172.21.15.16:0/2070921411 wait complete.
2024-09-15T22:28:57.993 INFO:teuthology.orchestra.run.smithi016.stdout:Deploying unmanaged mon service...
2024-09-15T22:28:58.626 INFO:journalctl@ceph.mon.a.smithi016.stdout:Sep 15 22:28:58 smithi016 ceph-mon[31492]: from='mgr.14118 172.21.15.16:0/3772399005' entity='mgr.x'
2024-09-15T22:28:58.626 INFO:journalctl@ceph.mon.a.smithi016.stdout:Sep 15 22:28:58 smithi016 ceph-mon[31492]: Added host smithi016
2024-09-15T22:28:58.626 INFO:journalctl@ceph.mon.a.smithi016.stdout:Sep 15 22:28:58 smithi016 ceph-mon[31492]: from='mgr.14118 172.21.15.16:0/3772399005' entity='mgr.x' cmd=[{"prefix": "config dump", "format": "json"}]: dispatch
2024-09-15T22:28:59.194 INFO:teuthology.orchestra.run.smithi016.stdout:/usr/bin/ceph: stdout Scheduled mon update...
2024-09-15T22:28:59.194 INFO:teuthology.orchestra.run.smithi016.stdout:/usr/bin/ceph: stderr
2024-09-15T22:28:58.382+0000 7fddf01a9640 1 Processor -- start
2024-09-15T22:28:59.194 INFO:teuthology.orchestra.run.smithi016.stdout:/usr/bin/ceph: stderr
2024-09-15T22:28:58.382+0000 7fddf01a9640 1 -- start start
2024-09-15T22:28:59.194 INFO:teuthology.orchestra.run.smithi016.stdout:/usr/bin/ceph: stderr
2024-09-15T22:28:58.383+0000 7fddf01a9640 1 --2- >> [v2:172.21.15.16:3300/0,v1:172.21.15.16:6789/0] conn(0x7fdde81080c0 0x7fdde810a4b0 unknown :-1 s=NONE pgs=0 cs=0 l=0 rev1=0 crypto rx=0 tx=0 comp rx=0 tx=0).connect
2024-09-15T22:28:59.194 INFO:teuthology.orchestra.run.smithi016.stdout:/usr/bin/ceph: stderr
2024-09-15T22:28:58.383+0000 7fddf01a9640 1 -- --> [v2:172.21.15.16:3300/0,v1:172.21.15.16:6789/0] -- mon_getmap magic: 0 -- 0x7fdde8075730 con 0x7fdde81080c0
2024-09-15T22:28:59.194 INFO:teuthology.orchestra.run.smithi016.stdout:/usr/bin/ceph: stderr
2024-09-15T22:28:58.383+0000 7fddedf45640 1 --2- >> [v2:172.21.15.16:3300/0,v1:172.21.15.16:6789/0] conn(0x7fdde81080c0 0x7fdde810a4b0 unknown :-1 s=BANNER_CONNECTING pgs=0 cs=0 l=0 rev1=0 crypto rx=0 tx=0 comp rx=0 tx=0)._handle_peer_banner_payload supported=3 required=0
2024-09-15T22:28:59.194 INFO:teuthology.orchestra.run.smithi016.stdout:/usr/bin/ceph: stderr
2024-09-15T22:28:58.383+0000 7fddedf45640 1 --2- >> [v2:172.21.15.16:3300/0,v1:172.21.15.16:6789/0] conn(0x7fdde81080c0 0x7fdde810a4b0 unknown :-1 s=HELLO_CONNECTING pgs=0 cs=0 l=0 rev1=1 crypto rx=0 tx=0 comp rx=0 tx=0).handle_hello peer v2:172.21.15.16:3300/0 says I am v2:172.21.15.16:53284/0 (socket says 172.21.15.16:53284)
2024-09-15T22:28:59.194 INFO:teuthology.orchestra.run.smithi016.stdout:/usr/bin/ceph: stderr
2024-09-15T22:28:58.383+0000 7fddedf45640 1 -- 172.21.15.16:0/3058679843 learned_addr learned my addr 172.21.15.16:0/3058679843 (peer_addr_for_me v2:172.21.15.16:0/0)
2024-09-15T22:28:59.195 INFO:teuthology.orchestra.run.smithi016.stdout:/usr/bin/ceph: stderr
2024-09-15T22:28:58.383+0000 7fddedf45640 1 -- 172.21.15.16:0/3058679843 --> [v2:172.21.15.16:3300/0,v1:172.21.15.16:6789/0] -- mon_subscribe({config=0+,monmap=0+}) -- 0x7fdde810a9f0 con 0x7fdde81080c0
2024-09-15T22:28:59.195 INFO:teuthology.orchestra.run.smithi016.stdout:/usr/bin/ceph: stderr
2024-09-15T22:28:58.384+0000 7fddedf45640 1 --2- 172.21.15.16:0/3058679843 >> [v2:172.21.15.16:3300/0,v1:172.21.15.16:6789/0] conn(0x7fdde81080c0 0x7fdde810a4b0 secure :-1 s=READY pgs=45 cs=0 l=1 rev1=1 crypto rx=0x7fdde4009820 tx=0x7fdde402a270 comp rx=0 tx=0).ready entity=mon.0 client_cookie=f036c7a27801a502 server_cookie=0 in_seq=0 out_seq=0
2024-09-15T22:28:59.195 INFO:teuthology.orchestra.run.smithi016.stdout:/usr/bin/ceph: stderr
2024-09-15T22:28:58.384+0000 7fddecf43640 1 -- 172.21.15.16:0/3058679843 <== mon.0 v2:172.21.15.16:3300/0 1 ==== mon_map magic: 0 ==== 205+0+0 (secure 0 0 0) 0x7fdde4037070 con 0x7fdde81080c0
2024-09-15T22:28:59.195 INFO:teuthology.orchestra.run.smithi016.stdout:/usr/bin/ceph: stderr
2024-09-15T22:28:58.384+0000 7fddecf43640 1 -- 172.21.15.16:0/3058679843 <== mon.0 v2:172.21.15.16:3300/0 2 ==== config(27 keys) ==== 1109+0+0 (secure 0 0 0) 0x7fdde4032900 con 0x7fdde81080c0
2024-09-15T22:28:59.195 INFO:teuthology.orchestra.run.smithi016.stdout:/usr/bin/ceph: stderr
2024-09-15T22:28:58.384+0000 7fddecf43640 1 -- 172.21.15.16:0/3058679843 <== mon.0 v2:172.21.15.16:3300/0 3 ==== mon_map magic: 0 ==== 205+0+0 (secure 0 0 0) 0x7fdde4030850 con 0x7fdde81080c0
2024-09-15T22:28:59.195 INFO:teuthology.orchestra.run.smithi016.stdout:/usr/bin/ceph: stderr
2024-09-15T22:28:58.384+0000 7fddf01a9640 1 -- 172.21.15.16:0/3058679843 >> [v2:172.21.15.16:3300/0,v1:172.21.15.16:6789/0] conn(0x7fdde81080c0 msgr2=0x7fdde810a4b0 secure :-1 s=STATE_CONNECTION_ESTABLISHED l=1).mark_down
2024-09-15T22:28:59.195 INFO:teuthology.orchestra.run.smithi016.stdout:/usr/bin/ceph: stderr
2024-09-15T22:28:58.384+0000 7fddf01a9640 1 --2- 172.21.15.16:0/3058679843 >> [v2:172.21.15.16:3300/0,v1:172.21.15.16:6789/0] conn(0x7fdde81080c0 0x7fdde810a4b0 secure :-1 s=READY pgs=45 cs=0 l=1 rev1=1 crypto rx=0x7fdde4009820 tx=0x7fdde402a270 comp rx=0 tx=0).stop
2024-09-15T22:28:59.195 INFO:teuthology.orchestra.run.smithi016.stdout:/usr/bin/ceph: stderr
2024-09-15T22:28:58.385+0000 7fddf01a9640 1 -- 172.21.15.16:0/3058679843 shutdown_connections
2024-09-15T22:28:59.195 INFO:teuthology.orchestra.run.smithi016.stdout:/usr/bin/ceph: stderr
2024-09-15T22:28:58.385+0000 7fddf01a9640 1 --2- 172.21.15.16:0/3058679843 >> [v2:172.21.15.16:3300/0,v1:172.21.15.16:6789/0] conn(0x7fdde81080c0 0x7fdde810a4b0 unknown :-1 s=CLOSED pgs=45 cs=0 l=1 rev1=1 crypto rx=0 tx=0 comp rx=0 tx=0).stop
2024-09-15T22:28:59.195 INFO:teuthology.orchestra.run.smithi016.stdout:/usr/bin/ceph: stderr
2024-09-15T22:28:58.385+0000 7fddf01a9640 1 -- 172.21.15.16:0/3058679843 >> 172.21.15.16:0/3058679843 conn(0x7fdde8101c00 msgr2=0x7fdde8104040 unknown :-1 s=STATE_NONE l=0).mark_down
2024-09-15T22:28:59.195 INFO:teuthology.orchestra.run.smithi016.stdout:/usr/bin/ceph: stderr
2024-09-15T22:28:58.385+0000 7fddf01a9640 1 -- 172.21.15.16:0/3058679843 shutdown_connections
2024-09-15T22:28:59.195 INFO:teuthology.orchestra.run.smithi016.stdout:/usr/bin/ceph: stderr
2024-09-15T22:28:58.385+0000 7fddf01a9640 1 -- 172.21.15.16:0/3058679843 wait complete.
2024-09-15T22:28:59.195 INFO:teuthology.orchestra.run.smithi016.stdout:/usr/bin/ceph: stderr
2024-09-15T22:28:58.385+0000 7fddf01a9640 1 Processor -- start
2024-09-15T22:28:59.196 INFO:teuthology.orchestra.run.smithi016.stdout:/usr/bin/ceph: stderr
2024-09-15T22:28:58.385+0000 7fddf01a9640 1 -- start start
2024-09-15T22:28:59.196 INFO:teuthology.orchestra.run.smithi016.stdout:/usr/bin/ceph: stderr
2024-09-15T22:28:58.385+0000 7fddf01a9640 1 --2- >> [v2:172.21.15.16:3300/0,v1:172.21.15.16:6789/0] conn(0x7fdde81080c0 0x7fdde819d770 unknown :-1 s=NONE pgs=0 cs=0 l=1 rev1=0 crypto rx=0 tx=0 comp rx=0 tx=0).connect
2024-09-15T22:28:59.196 INFO:teuthology.orchestra.run.smithi016.stdout:/usr/bin/ceph: stderr
2024-09-15T22:28:58.385+0000 7fddf01a9640 1 -- --> [v2:172.21.15.16:3300/0,v1:172.21.15.16:6789/0] -- mon_getmap magic: 0 -- 0x7fdde810b970 con 0x7fdde81080c0
2024-09-15T22:28:59.196 INFO:teuthology.orchestra.run.smithi016.stdout:/usr/bin/ceph: stderr
2024-09-15T22:28:58.386+0000 7fddedf45640 1 --2- >> [v2:172.21.15.16:3300/0,v1:172.21.15.16:6789/0] conn(0x7fdde81080c0 0x7fdde819d770 unknown :-1 s=BANNER_CONNECTING pgs=0 cs=0 l=1 rev1=0 crypto rx=0 tx=0 comp rx=0 tx=0)._handle_peer_banner_payload supported=3 required=0
2024-09-15T22:28:59.196 INFO:teuthology.orchestra.run.smithi016.stdout:/usr/bin/ceph: stderr
2024-09-15T22:28:58.386+0000 7fddedf45640 1 --2- >> [v2:172.21.15.16:3300/0,v1:172.21.15.16:6789/0] conn(0x7fdde81080c0 0x7fdde819d770 unknown :-1 s=HELLO_CONNECTING pgs=0 cs=0 l=1 rev1=1 crypto rx=0 tx=0 comp rx=0 tx=0).handle_hello peer v2:172.21.15.16:3300/0 says I am v2:172.21.15.16:53300/0 (socket says 172.21.15.16:53300)
2024-09-15T22:28:59.196 INFO:teuthology.orchestra.run.smithi016.stdout:/usr/bin/ceph: stderr
2024-09-15T22:28:58.386+0000 7fddedf45640 1 -- 172.21.15.16:0/4187185325 learned_addr learned my addr 172.21.15.16:0/4187185325 (peer_addr_for_me v2:172.21.15.16:0/0)
2024-09-15T22:28:59.196 INFO:teuthology.orchestra.run.smithi016.stdout:/usr/bin/ceph: stderr
2024-09-15T22:28:58.386+0000 7fddedf45640 1 -- 172.21.15.16:0/4187185325 --> [v2:172.21.15.16:3300/0,v1:172.21.15.16:6789/0] -- mon_subscribe({config=0+,monmap=0+}) -- 0x7fdde819dcb0 con 0x7fdde81080c0
2024-09-15T22:28:59.196 INFO:teuthology.orchestra.run.smithi016.stdout:/usr/bin/ceph: stderr
2024-09-15T22:28:58.386+0000 7fddedf45640 1 --2- 172.21.15.16:0/4187185325 >> [v2:172.21.15.16:3300/0,v1:172.21.15.16:6789/0] conn(0x7fdde81080c0 0x7fdde819d770 secure :-1 s=READY pgs=46 cs=0 l=1 rev1=1 crypto rx=0x7fdde4032ce0 tx=0x7fdde4032d10 comp rx=0 tx=0).ready entity=mon.0 client_cookie=0 server_cookie=0 in_seq=0 out_seq=0
2024-09-15T22:28:59.196 INFO:teuthology.orchestra.run.smithi016.stdout:/usr/bin/ceph: stderr
2024-09-15T22:28:58.386+0000 7fdddeffd640 1 -- 172.21.15.16:0/4187185325 <== mon.0 v2:172.21.15.16:3300/0 1 ==== mon_map magic: 0 ==== 205+0+0 (secure 0 0 0) 0x7fdde4042070 con 0x7fdde81080c0
2024-09-15T22:28:59.196 INFO:teuthology.orchestra.run.smithi016.stdout:/usr/bin/ceph: stderr
2024-09-15T22:28:58.386+0000 7fddf01a9640 1 -- 172.21.15.16:0/4187185325 --> [v2:172.21.15.16:3300/0,v1:172.21.15.16:6789/0] -- mon_subscribe({mgrmap=0+}) -- 0x7fdde819df40 con 0x7fdde81080c0
2024-09-15T22:28:59.196 INFO:teuthology.orchestra.run.smithi016.stdout:/usr/bin/ceph: stderr
2024-09-15T22:28:58.386+0000 7fdddeffd640 1 -- 172.21.15.16:0/4187185325 <== mon.0 v2:172.21.15.16:3300/0 2 ==== config(27 keys) ==== 1109+0+0 (secure 0 0 0) 0x7fdde40308c0 con 0x7fdde81080c0
2024-09-15T22:28:59.196 INFO:teuthology.orchestra.run.smithi016.stdout:/usr/bin/ceph: stderr
2024-09-15T22:28:58.386+0000 7fdddeffd640 1 -- 172.21.15.16:0/4187185325 <== mon.0 v2:172.21.15.16:3300/0 3 ==== mon_map magic: 0 ==== 205+0+0 (secure 0 0 0) 0x7fdde4037040 con 0x7fdde81080c0
2024-09-15T22:28:59.196 INFO:teuthology.orchestra.run.smithi016.stdout:/usr/bin/ceph: stderr
2024-09-15T22:28:58.386+0000 7fddf01a9640 1 -- 172.21.15.16:0/4187185325 --> [v2:172.21.15.16:3300/0,v1:172.21.15.16:6789/0] -- mon_subscribe({osdmap=0}) -- 0x7fdde81a0c30 con 0x7fdde81080c0
2024-09-15T22:28:59.197 INFO:teuthology.orchestra.run.smithi016.stdout:/usr/bin/ceph: stderr
2024-09-15T22:28:58.387+0000 7fdddeffd640 1 -- 172.21.15.16:0/4187185325 <== mon.0 v2:172.21.15.16:3300/0 4 ==== mgrmap(e 8) ==== 46461+0+0 (secure 0 0 0) 0x7fdde4045070 con 0x7fdde81080c0
2024-09-15T22:28:59.197 INFO:teuthology.orchestra.run.smithi016.stdout:/usr/bin/ceph: stderr
2024-09-15T22:28:58.387+0000 7fddf01a9640 1 -- 172.21.15.16:0/4187185325 --> [v2:172.21.15.16:3300/0,v1:172.21.15.16:6789/0] -- mon_command({"prefix": "get_command_descriptions"} v 0) -- 0x7fdde8108520 con 0x7fdde81080c0
2024-09-15T22:28:59.197 INFO:teuthology.orchestra.run.smithi016.stdout:/usr/bin/ceph: stderr
2024-09-15T22:28:58.387+0000 7fdddeffd640 1 --2- 172.21.15.16:0/4187185325 >> [v2:172.21.15.16:6800/2652317700,v1:172.21.15.16:6801/2652317700] conn(0x7fddd40391b0 0x7fddd403b670 unknown :-1 s=NONE pgs=0 cs=0 l=1 rev1=0 crypto rx=0 tx=0 comp rx=0 tx=0).connect
2024-09-15T22:28:59.197 INFO:teuthology.orchestra.run.smithi016.stdout:/usr/bin/ceph: stderr
2024-09-15T22:28:58.387+0000 7fdddeffd640 1 -- 172.21.15.16:0/4187185325 <== mon.0 v2:172.21.15.16:3300/0 5 ==== osd_map(2..2 src has 1..2) ==== 940+0+0 (secure 0 0 0) 0x7fdde406c410 con 0x7fdde81080c0
2024-09-15T22:28:59.197 INFO:teuthology.orchestra.run.smithi016.stdout:/usr/bin/ceph: stderr
2024-09-15T22:28:58.387+0000 7fdded744640 1 --2- 172.21.15.16:0/4187185325 >> [v2:172.21.15.16:6800/2652317700,v1:172.21.15.16:6801/2652317700] conn(0x7fddd40391b0 0x7fddd403b670 unknown :-1 s=BANNER_CONNECTING pgs=0 cs=0 l=1 rev1=0 crypto rx=0 tx=0 comp rx=0 tx=0)._handle_peer_banner_payload supported=3 required=0
2024-09-15T22:28:59.197 INFO:teuthology.orchestra.run.smithi016.stdout:/usr/bin/ceph: stderr
2024-09-15T22:28:58.388+0000 7fdded744640 1 --2- 172.21.15.16:0/4187185325 >> [v2:172.21.15.16:6800/2652317700,v1:172.21.15.16:6801/2652317700] conn(0x7fddd40391b0 0x7fddd403b670 secure :-1 s=READY pgs=12 cs=0 l=1 rev1=1 crypto rx=0x7fddd80098c0 tx=0x7fddd8006db0 comp rx=0 tx=0).ready entity=mgr.14118 client_cookie=0 server_cookie=0 in_seq=0 out_seq=0
2024-09-15T22:28:59.197 INFO:teuthology.orchestra.run.smithi016.stdout:/usr/bin/ceph: stderr
2024-09-15T22:28:58.392+0000 7fdddeffd640 1 -- 172.21.15.16:0/4187185325 <== mon.0 v2:172.21.15.16:3300/0 6 ==== mon_command_ack([{"prefix": "get_command_descriptions"}]=0 v0) ==== 72+0+188821 (secure 0 0 0) 0x7fdde404b170 con 0x7fdde81080c0
2024-09-15T22:28:59.197 INFO:teuthology.orchestra.run.smithi016.stdout:/usr/bin/ceph: stderr
2024-09-15T22:28:58.620+0000 7fddf01a9640 1 -- 172.21.15.16:0/4187185325 --> [v2:172.21.15.16:6800/2652317700,v1:172.21.15.16:6801/2652317700] -- mgr_command(tid 0: {"prefix": "orch apply", "service_type": "mon", "unmanaged": true, "target": ["mon-mgr", ""]}) -- 0x7fdde8102e50 con 0x7fddd40391b0
2024-09-15T22:28:59.197 INFO:teuthology.orchestra.run.smithi016.stdout:/usr/bin/ceph: stderr
2024-09-15T22:28:58.624+0000 7fdddeffd640 1 -- 172.21.15.16:0/4187185325 <== mgr.14118 v2:172.21.15.16:6800/2652317700 1 ==== mgr_command_reply(tid 0: 0 ) ==== 8+0+24 (secure 0 0 0) 0x7fdde8102e50 con 0x7fddd40391b0
2024-09-15T22:28:59.197 INFO:teuthology.orchestra.run.smithi016.stdout:/usr/bin/ceph: stderr
2024-09-15T22:28:58.626+0000 7fddf01a9640 1 -- 172.21.15.16:0/4187185325 >> [v2:172.21.15.16:6800/2652317700,v1:172.21.15.16:6801/2652317700] conn(0x7fddd40391b0 msgr2=0x7fddd403b670 secure :-1 s=STATE_CONNECTION_ESTABLISHED l=1).mark_down
2024-09-15T22:28:59.197 INFO:teuthology.orchestra.run.smithi016.stdout:/usr/bin/ceph: stderr
2024-09-15T22:28:58.626+0000 7fddf01a9640 1 --2- 172.21.15.16:0/4187185325 >> [v2:172.21.15.16:6800/2652317700,v1:172.21.15.16:6801/2652317700] conn(0x7fddd40391b0 0x7fddd403b670 secure :-1 s=READY pgs=12 cs=0 l=1 rev1=1 crypto rx=0x7fddd80098c0 tx=0x7fddd8006db0 comp rx=0 tx=0).stop
2024-09-15T22:28:59.197 INFO:teuthology.orchestra.run.smithi016.stdout:/usr/bin/ceph: stderr
2024-09-15T22:28:58.626+0000 7fddf01a9640 1 -- 172.21.15.16:0/4187185325 >> [v2:172.21.15.16:3300/0,v1:172.21.15.16:6789/0] conn(0x7fdde81080c0 msgr2=0x7fdde819d770 secure :-1 s=STATE_CONNECTION_ESTABLISHED l=1).mark_down
2024-09-15T22:28:59.197 INFO:teuthology.orchestra.run.smithi016.stdout:/usr/bin/ceph: stderr
2024-09-15T22:28:58.626+0000 7fddf01a9640 1 --2- 172.21.15.16:0/4187185325 >> [v2:172.21.15.16:3300/0,v1:172.21.15.16:6789/0] conn(0x7fdde81080c0 0x7fdde819d770 secure :-1 s=READY pgs=46 cs=0 l=1 rev1=1 crypto rx=0x7fdde4032ce0 tx=0x7fdde4032d10 comp rx=0 tx=0).stop
2024-09-15T22:28:59.198 INFO:teuthology.orchestra.run.smithi016.stdout:/usr/bin/ceph: stderr
2024-09-15T22:28:58.627+0000 7fddf01a9640 1 -- 172.21.15.16:0/4187185325 shutdown_connections
2024-09-15T22:28:59.198 INFO:teuthology.orchestra.run.smithi016.stdout:/usr/bin/ceph: stderr
2024-09-15T22:28:58.627+0000 7fddf01a9640 1 --2- 172.21.15.16:0/4187185325 >> [v2:172.21.15.16:6800/2652317700,v1:172.21.15.16:6801/2652317700] conn(0x7fddd40391b0 0x7fddd403b670 unknown :-1 s=CLOSED pgs=12 cs=0 l=1 rev1=1 crypto rx=0 tx=0 comp rx=0 tx=0).stop
2024-09-15T22:28:59.198 INFO:teuthology.orchestra.run.smithi016.stdout:/usr/bin/ceph: stderr
2024-09-15T22:28:58.627+0000 7fddf01a9640 1 --2- 172.21.15.16:0/4187185325 >> [v2:172.21.15.16:3300/0,v1:172.21.15.16:6789/0] conn(0x7fdde81080c0 0x7fdde819d770 unknown :-1 s=CLOSED pgs=46 cs=0 l=1 rev1=1 crypto rx=0 tx=0 comp rx=0 tx=0).stop
2024-09-15T22:28:59.198 INFO:teuthology.orchestra.run.smithi016.stdout:/usr/bin/ceph: stderr
2024-09-15T22:28:58.627+0000 7fddf01a9640 1 -- 172.21.15.16:0/4187185325 >> 172.21.15.16:0/4187185325 conn(0x7fdde8101c00 msgr2=0x7fdde8102740 unknown :-1 s=STATE_NONE l=0).mark_down
2024-09-15T22:28:59.198 INFO:teuthology.orchestra.run.smithi016.stdout:/usr/bin/ceph: stderr
2024-09-15T22:28:58.627+0000 7fddf01a9640 1 -- 172.21.15.16:0/4187185325 shutdown_connections
2024-09-15T22:28:59.198 INFO:teuthology.orchestra.run.smithi016.stdout:/usr/bin/ceph: stderr
2024-09-15T22:28:58.627+0000 7fddf01a9640 1 -- 172.21.15.16:0/4187185325 wait complete.
2024-09-15T22:28:59.198 INFO:teuthology.orchestra.run.smithi016.stdout:Deploying unmanaged mgr service...
2024-09-15T22:28:59.806 INFO:journalctl@ceph.mon.a.smithi016.stdout:Sep 15 22:28:59 smithi016 ceph-mon[31492]: from='client.14140 -' entity='client.admin' cmd=[{"prefix": "orch apply", "service_type": "mon", "unmanaged": true, "target": ["mon-mgr", ""]}]: dispatch
2024-09-15T22:28:59.807 INFO:journalctl@ceph.mon.a.smithi016.stdout:Sep 15 22:28:59 smithi016 ceph-mon[31492]: Saving service mon spec with placement count:5
2024-09-15T22:28:59.807 INFO:journalctl@ceph.mon.a.smithi016.stdout:Sep 15 22:28:59 smithi016 ceph-mon[31492]: from='mgr.14118 172.21.15.16:0/3772399005' entity='mgr.x'
2024-09-15T22:29:00.352 INFO:teuthology.orchestra.run.smithi016.stdout:/usr/bin/ceph: stdout Scheduled mgr update...
2024-09-15T22:29:00.353 INFO:teuthology.orchestra.run.smithi016.stdout:/usr/bin/ceph: stderr
2024-09-15T22:28:59.610+0000 7fbb8fa1b640 1 Processor -- start
2024-09-15T22:29:00.353 INFO:teuthology.orchestra.run.smithi016.stdout:/usr/bin/ceph: stderr
2024-09-15T22:28:59.611+0000 7fbb8fa1b640 1 -- start start
2024-09-15T22:29:00.353 INFO:teuthology.orchestra.run.smithi016.stdout:/usr/bin/ceph: stderr
2024-09-15T22:28:59.611+0000 7fbb8fa1b640 1 --2- >> [v2:172.21.15.16:3300/0,v1:172.21.15.16:6789/0] conn(0x7fbb8807de60 0x7fbb8807c2c0 unknown :-1 s=NONE pgs=0 cs=0 l=0 rev1=0 crypto rx=0 tx=0 comp rx=0 tx=0).connect
2024-09-15T22:29:00.353 INFO:teuthology.orchestra.run.smithi016.stdout:/usr/bin/ceph: stderr
2024-09-15T22:28:59.611+0000 7fbb8fa1b640 1 -- --> [v2:172.21.15.16:3300/0,v1:172.21.15.16:6789/0] -- mon_getmap magic: 0 -- 0x7fbb8807c890 con 0x7fbb8807de60
2024-09-15T22:29:00.353 INFO:teuthology.orchestra.run.smithi016.stdout:/usr/bin/ceph: stderr
2024-09-15T22:28:59.611+0000 7fbb8d7b7640 1 --2- >> [v2:172.21.15.16:3300/0,v1:172.21.15.16:6789/0] conn(0x7fbb8807de60 0x7fbb8807c2c0 unknown :-1 s=BANNER_CONNECTING pgs=0 cs=0 l=0 rev1=0 crypto rx=0 tx=0 comp rx=0 tx=0)._handle_peer_banner_payload supported=3 required=0
2024-09-15T22:29:00.353 INFO:teuthology.orchestra.run.smithi016.stdout:/usr/bin/ceph: stderr
2024-09-15T22:28:59.611+0000 7fbb8d7b7640 1 --2- >> [v2:172.21.15.16:3300/0,v1:172.21.15.16:6789/0] conn(0x7fbb8807de60 0x7fbb8807c2c0 unknown :-1 s=HELLO_CONNECTING pgs=0 cs=0 l=0 rev1=1 crypto rx=0 tx=0 comp rx=0 tx=0).handle_hello peer v2:172.21.15.16:3300/0 says I am v2:172.21.15.16:53314/0 (socket says 172.21.15.16:53314)
2024-09-15T22:29:00.353 INFO:teuthology.orchestra.run.smithi016.stdout:/usr/bin/ceph: stderr
2024-09-15T22:28:59.611+0000 7fbb8d7b7640 1 -- 172.21.15.16:0/3937050092 learned_addr learned my addr 172.21.15.16:0/3937050092 (peer_addr_for_me v2:172.21.15.16:0/0)
2024-09-15T22:29:00.353 INFO:teuthology.orchestra.run.smithi016.stdout:/usr/bin/ceph: stderr
2024-09-15T22:28:59.611+0000 7fbb8d7b7640 1 -- 172.21.15.16:0/3937050092 --> [v2:172.21.15.16:3300/0,v1:172.21.15.16:6789/0] -- mon_subscribe({config=0+,monmap=0+}) -- 0x7fbb8807ca10 con 0x7fbb8807de60
2024-09-15T22:29:00.353 INFO:teuthology.orchestra.run.smithi016.stdout:/usr/bin/ceph: stderr
2024-09-15T22:28:59.612+0000 7fbb8d7b7640 1 --2- 172.21.15.16:0/3937050092 >> [v2:172.21.15.16:3300/0,v1:172.21.15.16:6789/0] conn(0x7fbb8807de60 0x7fbb8807c2c0 secure :-1 s=READY pgs=47 cs=0 l=1 rev1=1 crypto rx=0x7fbb84009820 tx=0x7fbb8402a270 comp rx=0 tx=0).ready entity=mon.0 client_cookie=a225969e9af358d4 server_cookie=0 in_seq=0 out_seq=0
2024-09-15T22:29:00.354 INFO:teuthology.orchestra.run.smithi016.stdout:/usr/bin/ceph: stderr
2024-09-15T22:28:59.612+0000 7fbb7ffff640 1 -- 172.21.15.16:0/3937050092 <== mon.0 v2:172.21.15.16:3300/0 1 ==== mon_map magic: 0 ==== 205+0+0 (secure 0 0 0) 0x7fbb84037070 con 0x7fbb8807de60
2024-09-15T22:29:00.354 INFO:teuthology.orchestra.run.smithi016.stdout:/usr/bin/ceph: stderr
2024-09-15T22:28:59.612+0000 7fbb7ffff640 1 -- 172.21.15.16:0/3937050092 <== mon.0 v2:172.21.15.16:3300/0 2 ==== config(27 keys) ==== 1109+0+0 (secure 0 0 0) 0x7fbb84032900 con 0x7fbb8807de60
2024-09-15T22:29:00.354 INFO:teuthology.orchestra.run.smithi016.stdout:/usr/bin/ceph: stderr
2024-09-15T22:28:59.612+0000 7fbb7ffff640 1 -- 172.21.15.16:0/3937050092 <== mon.0 v2:172.21.15.16:3300/0 3 ==== mon_map magic: 0 ==== 205+0+0 (secure 0 0 0) 0x7fbb84030850 con 0x7fbb8807de60
2024-09-15T22:29:00.354 INFO:teuthology.orchestra.run.smithi016.stdout:/usr/bin/ceph: stderr
2024-09-15T22:28:59.613+0000 7fbb8fa1b640 1 -- 172.21.15.16:0/3937050092 >> [v2:172.21.15.16:3300/0,v1:172.21.15.16:6789/0] conn(0x7fbb8807de60 msgr2=0x7fbb8807c2c0 secure :-1 s=STATE_CONNECTION_ESTABLISHED l=1).mark_down
2024-09-15T22:29:00.354 INFO:teuthology.orchestra.run.smithi016.stdout:/usr/bin/ceph: stderr
2024-09-15T22:28:59.613+0000 7fbb8fa1b640 1 --2- 172.21.15.16:0/3937050092 >> [v2:172.21.15.16:3300/0,v1:172.21.15.16:6789/0] conn(0x7fbb8807de60 0x7fbb8807c2c0 secure :-1 s=READY pgs=47 cs=0 l=1 rev1=1 crypto rx=0x7fbb84009820 tx=0x7fbb8402a270 comp rx=0 tx=0).stop
2024-09-15T22:29:00.354 INFO:teuthology.orchestra.run.smithi016.stdout:/usr/bin/ceph: stderr
2024-09-15T22:28:59.613+0000 7fbb8fa1b640 1 -- 172.21.15.16:0/3937050092 shutdown_connections
2024-09-15T22:29:00.354 INFO:teuthology.orchestra.run.smithi016.stdout:/usr/bin/ceph: stderr
2024-09-15T22:28:59.613+0000 7fbb8fa1b640 1 --2- 172.21.15.16:0/3937050092 >> [v2:172.21.15.16:3300/0,v1:172.21.15.16:6789/0] conn(0x7fbb8807de60 0x7fbb8807c2c0 unknown :-1 s=CLOSED pgs=47 cs=0 l=1 rev1=1 crypto rx=0 tx=0 comp rx=0 tx=0).stop
2024-09-15T22:29:00.354 INFO:teuthology.orchestra.run.smithi016.stdout:/usr/bin/ceph: stderr
2024-09-15T22:28:59.613+0000 7fbb8fa1b640 1 -- 172.21.15.16:0/3937050092 >> 172.21.15.16:0/3937050092 conn(0x7fbb88102cc0 msgr2=0x7fbb88105100 unknown :-1 s=STATE_NONE l=0).mark_down
2024-09-15T22:29:00.354 INFO:teuthology.orchestra.run.smithi016.stdout:/usr/bin/ceph: stderr
2024-09-15T22:28:59.613+0000 7fbb8fa1b640 1 -- 172.21.15.16:0/3937050092 shutdown_connections
2024-09-15T22:29:00.354 INFO:teuthology.orchestra.run.smithi016.stdout:/usr/bin/ceph: stderr
2024-09-15T22:28:59.613+0000 7fbb8fa1b640 1 -- 172.21.15.16:0/3937050092 wait complete.
2024-09-15T22:29:00.354 INFO:teuthology.orchestra.run.smithi016.stdout:/usr/bin/ceph: stderr
2024-09-15T22:28:59.614+0000 7fbb8fa1b640 1 Processor -- start
2024-09-15T22:29:00.354 INFO:teuthology.orchestra.run.smithi016.stdout:/usr/bin/ceph: stderr
2024-09-15T22:28:59.614+0000 7fbb8fa1b640 1 -- start start
2024-09-15T22:29:00.354 INFO:teuthology.orchestra.run.smithi016.stdout:/usr/bin/ceph: stderr
2024-09-15T22:28:59.614+0000 7fbb8fa1b640 1 --2- >> [v2:172.21.15.16:3300/0,v1:172.21.15.16:6789/0] conn(0x7fbb8807de60 0x7fbb8819d770 unknown :-1 s=NONE pgs=0 cs=0 l=1 rev1=0 crypto rx=0 tx=0 comp rx=0 tx=0).connect
2024-09-15T22:29:00.354 INFO:teuthology.orchestra.run.smithi016.stdout:/usr/bin/ceph: stderr
2024-09-15T22:28:59.614+0000 7fbb8fa1b640 1 -- --> [v2:172.21.15.16:3300/0,v1:172.21.15.16:6789/0] -- mon_getmap magic: 0 -- 0x7fbb8810db80 con 0x7fbb8807de60
2024-09-15T22:29:00.355 INFO:teuthology.orchestra.run.smithi016.stdout:/usr/bin/ceph: stderr
2024-09-15T22:28:59.614+0000 7fbb8d7b7640 1 --2- >> [v2:172.21.15.16:3300/0,v1:172.21.15.16:6789/0] conn(0x7fbb8807de60 0x7fbb8819d770 unknown :-1 s=BANNER_CONNECTING pgs=0 cs=0 l=1 rev1=0 crypto rx=0 tx=0 comp rx=0 tx=0)._handle_peer_banner_payload supported=3 required=0
2024-09-15T22:29:00.355 INFO:teuthology.orchestra.run.smithi016.stdout:/usr/bin/ceph: stderr
2024-09-15T22:28:59.614+0000 7fbb8d7b7640 1 --2- >> [v2:172.21.15.16:3300/0,v1:172.21.15.16:6789/0] conn(0x7fbb8807de60 0x7fbb8819d770 unknown :-1 s=HELLO_CONNECTING pgs=0 cs=0 l=1 rev1=1 crypto rx=0 tx=0 comp rx=0 tx=0).handle_hello peer v2:172.21.15.16:3300/0 says I am v2:172.21.15.16:53324/0 (socket says 172.21.15.16:53324)
2024-09-15T22:29:00.355 INFO:teuthology.orchestra.run.smithi016.stdout:/usr/bin/ceph: stderr
2024-09-15T22:28:59.614+0000 7fbb8d7b7640 1 -- 172.21.15.16:0/4240008800 learned_addr learned my addr 172.21.15.16:0/4240008800 (peer_addr_for_me v2:172.21.15.16:0/0)
2024-09-15T22:29:00.355 INFO:teuthology.orchestra.run.smithi016.stdout:/usr/bin/ceph: stderr
2024-09-15T22:28:59.615+0000 7fbb8d7b7640 1 -- 172.21.15.16:0/4240008800 --> [v2:172.21.15.16:3300/0,v1:172.21.15.16:6789/0] -- mon_subscribe({config=0+,monmap=0+}) -- 0x7fbb8819dcb0 con 0x7fbb8807de60
2024-09-15T22:29:00.355 INFO:teuthology.orchestra.run.smithi016.stdout:/usr/bin/ceph: stderr
2024-09-15T22:28:59.615+0000 7fbb8d7b7640 1 --2- 172.21.15.16:0/4240008800 >> [v2:172.21.15.16:3300/0,v1:172.21.15.16:6789/0] conn(0x7fbb8807de60 0x7fbb8819d770 secure :-1 s=READY pgs=48 cs=0 l=1 rev1=1 crypto rx=0x7fbb840097f0 tx=0x7fbb84030d80 comp rx=0 tx=0).ready entity=mon.0 client_cookie=0 server_cookie=0 in_seq=0 out_seq=0
2024-09-15T22:29:00.355 INFO:teuthology.orchestra.run.smithi016.stdout:/usr/bin/ceph: stderr
2024-09-15T22:28:59.615+0000 7fbb7e7fc640 1 -- 172.21.15.16:0/4240008800 <== mon.0 v2:172.21.15.16:3300/0 1 ==== mon_map magic: 0 ==== 205+0+0 (secure 0 0 0) 0x7fbb84037040 con 0x7fbb8807de60
2024-09-15T22:29:00.355 INFO:teuthology.orchestra.run.smithi016.stdout:/usr/bin/ceph: stderr
2024-09-15T22:28:59.615+0000 7fbb7e7fc640 1 -- 172.21.15.16:0/4240008800 <== mon.0 v2:172.21.15.16:3300/0 2 ==== config(27 keys) ==== 1109+0+0 (secure 0 0 0) 0x7fbb84040070 con 0x7fbb8807de60
2024-09-15T22:29:00.355 INFO:teuthology.orchestra.run.smithi016.stdout:/usr/bin/ceph: stderr
2024-09-15T22:28:59.615+0000 7fbb8fa1b640 1 -- 172.21.15.16:0/4240008800 --> [v2:172.21.15.16:3300/0,v1:172.21.15.16:6789/0] -- mon_subscribe({mgrmap=0+}) -- 0x7fbb8819df40 con 0x7fbb8807de60
2024-09-15T22:29:00.355 INFO:teuthology.orchestra.run.smithi016.stdout:/usr/bin/ceph: stderr
2024-09-15T22:28:59.615+0000 7fbb7e7fc640 1 -- 172.21.15.16:0/4240008800 <== mon.0 v2:172.21.15.16:3300/0 3 ==== mon_map magic: 0 ==== 205+0+0 (secure 0 0 0) 0x7fbb8403a390 con 0x7fbb8807de60
2024-09-15T22:29:00.355 INFO:teuthology.orchestra.run.smithi016.stdout:/usr/bin/ceph: stderr
2024-09-15T22:28:59.615+0000 7fbb8fa1b640 1 -- 172.21.15.16:0/4240008800 --> [v2:172.21.15.16:3300/0,v1:172.21.15.16:6789/0] -- mon_subscribe({osdmap=0}) -- 0x7fbb881a0c30 con 0x7fbb8807de60
2024-09-15T22:29:00.355 INFO:teuthology.orchestra.run.smithi016.stdout:/usr/bin/ceph: stderr
2024-09-15T22:28:59.616+0000 7fbb7e7fc640 1 -- 172.21.15.16:0/4240008800 <== mon.0 v2:172.21.15.16:3300/0 4 ==== mgrmap(e 8) ==== 46461+0+0 (secure 0 0 0) 0x7fbb8403a5e0 con 0x7fbb8807de60
2024-09-15T22:29:00.355 INFO:teuthology.orchestra.run.smithi016.stdout:/usr/bin/ceph: stderr
2024-09-15T22:28:59.616+0000 7fbb7e7fc640 1 --2- 172.21.15.16:0/4240008800 >> [v2:172.21.15.16:6800/2652317700,v1:172.21.15.16:6801/2652317700] conn(0x7fbb74039200 0x7fbb7403b6c0 unknown :-1 s=NONE pgs=0 cs=0 l=1 rev1=0 crypto rx=0 tx=0 comp rx=0 tx=0).connect
2024-09-15T22:29:00.355 INFO:teuthology.orchestra.run.smithi016.stdout:/usr/bin/ceph: stderr
2024-09-15T22:28:59.616+0000 7fbb7e7fc640 1 -- 172.21.15.16:0/4240008800 <== mon.0 v2:172.21.15.16:3300/0 5 ==== osd_map(2..2 src has 1..2) ==== 940+0+0 (secure 0 0 0) 0x7fbb8406c760 con 0x7fbb8807de60
2024-09-15T22:29:00.356 INFO:teuthology.orchestra.run.smithi016.stdout:/usr/bin/ceph: stderr
2024-09-15T22:28:59.616+0000 7fbb8fa1b640 1 -- 172.21.15.16:0/4240008800 --> [v2:172.21.15.16:3300/0,v1:172.21.15.16:6789/0] -- mon_command({"prefix": "get_command_descriptions"} v 0) -- 0x7fbb8807c340 con 0x7fbb8807de60
2024-09-15T22:29:00.356 INFO:teuthology.orchestra.run.smithi016.stdout:/usr/bin/ceph: stderr
2024-09-15T22:28:59.616+0000 7fbb8cfb6640 1 --2- 172.21.15.16:0/4240008800 >> [v2:172.21.15.16:6800/2652317700,v1:172.21.15.16:6801/2652317700] conn(0x7fbb74039200 0x7fbb7403b6c0 unknown :-1 s=BANNER_CONNECTING pgs=0 cs=0 l=1 rev1=0 crypto rx=0 tx=0 comp rx=0 tx=0)._handle_peer_banner_payload supported=3 required=0
2024-09-15T22:29:00.356 INFO:teuthology.orchestra.run.smithi016.stdout:/usr/bin/ceph: stderr
2024-09-15T22:28:59.617+0000 7fbb8cfb6640 1 --2- 172.21.15.16:0/4240008800 >> [v2:172.21.15.16:6800/2652317700,v1:172.21.15.16:6801/2652317700] conn(0x7fbb74039200 0x7fbb7403b6c0 secure :-1 s=READY pgs=13 cs=0 l=1 rev1=1 crypto rx=0x7fbb780098c0 tx=0x7fbb78006db0 comp rx=0 tx=0).ready entity=mgr.14118 client_cookie=0 server_cookie=0 in_seq=0 out_seq=0
2024-09-15T22:29:00.356 INFO:teuthology.orchestra.run.smithi016.stdout:/usr/bin/ceph: stderr
2024-09-15T22:28:59.621+0000 7fbb7e7fc640 1 -- 172.21.15.16:0/4240008800 <== mon.0 v2:172.21.15.16:3300/0 6 ==== mon_command_ack([{"prefix": "get_command_descriptions"}]=0 v0) ==== 72+0+188821 (secure 0 0 0) 0x7fbb8404a200 con 0x7fbb8807de60
2024-09-15T22:29:00.356 INFO:teuthology.orchestra.run.smithi016.stdout:/usr/bin/ceph: stderr
2024-09-15T22:28:59.811+0000 7fbb8fa1b640 1 -- 172.21.15.16:0/4240008800 --> [v2:172.21.15.16:6800/2652317700,v1:172.21.15.16:6801/2652317700] -- mgr_command(tid 0: {"prefix": "orch apply", "service_type": "mgr", "unmanaged": true, "target": ["mon-mgr", ""]}) -- 0x7fbb88103fb0 con 0x7fbb74039200
2024-09-15T22:29:00.356 INFO:teuthology.orchestra.run.smithi016.stdout:/usr/bin/ceph: stderr
2024-09-15T22:28:59.815+0000 7fbb7e7fc640 1 -- 172.21.15.16:0/4240008800 <== mgr.14118 v2:172.21.15.16:6800/2652317700 1 ==== mgr_command_reply(tid 0: 0 ) ==== 8+0+24 (secure 0 0 0) 0x7fbb88103fb0 con 0x7fbb74039200
2024-09-15T22:29:00.356 INFO:teuthology.orchestra.run.smithi016.stdout:/usr/bin/ceph: stderr
2024-09-15T22:28:59.817+0000 7fbb8fa1b640 1 -- 172.21.15.16:0/4240008800 >> [v2:172.21.15.16:6800/2652317700,v1:172.21.15.16:6801/2652317700] conn(0x7fbb74039200 msgr2=0x7fbb7403b6c0 secure :-1 s=STATE_CONNECTION_ESTABLISHED l=1).mark_down
2024-09-15T22:29:00.356 INFO:teuthology.orchestra.run.smithi016.stdout:/usr/bin/ceph: stderr
2024-09-15T22:28:59.817+0000 7fbb8fa1b640 1 --2- 172.21.15.16:0/4240008800 >> [v2:172.21.15.16:6800/2652317700,v1:172.21.15.16:6801/2652317700] conn(0x7fbb74039200 0x7fbb7403b6c0 secure :-1 s=READY pgs=13 cs=0 l=1 rev1=1 crypto rx=0x7fbb780098c0 tx=0x7fbb78006db0 comp rx=0 tx=0).stop
2024-09-15T22:29:00.356 INFO:teuthology.orchestra.run.smithi016.stdout:/usr/bin/ceph: stderr
2024-09-15T22:28:59.817+0000 7fbb8fa1b640 1 -- 172.21.15.16:0/4240008800 >> [v2:172.21.15.16:3300/0,v1:172.21.15.16:6789/0] conn(0x7fbb8807de60 msgr2=0x7fbb8819d770 secure :-1 s=STATE_CONNECTION_ESTABLISHED l=1).mark_down
2024-09-15T22:29:00.356 INFO:teuthology.orchestra.run.smithi016.stdout:/usr/bin/ceph: stderr
2024-09-15T22:28:59.817+0000 7fbb8fa1b640 1 --2- 172.21.15.16:0/4240008800 >> [v2:172.21.15.16:3300/0,v1:172.21.15.16:6789/0] conn(0x7fbb8807de60 0x7fbb8819d770 secure :-1 s=READY pgs=48 cs=0 l=1 rev1=1 crypto rx=0x7fbb840097f0 tx=0x7fbb84030d80 comp rx=0 tx=0).stop
2024-09-15T22:29:00.356 INFO:teuthology.orchestra.run.smithi016.stdout:/usr/bin/ceph: stderr
2024-09-15T22:28:59.817+0000 7fbb8fa1b640 1 -- 172.21.15.16:0/4240008800 shutdown_connections
2024-09-15T22:29:00.356 INFO:teuthology.orchestra.run.smithi016.stdout:/usr/bin/ceph: stderr
2024-09-15T22:28:59.817+0000 7fbb8fa1b640 1 --2- 172.21.15.16:0/4240008800 >> [v2:172.21.15.16:6800/2652317700,v1:172.21.15.16:6801/2652317700] conn(0x7fbb74039200 0x7fbb7403b6c0 unknown :-1 s=CLOSED pgs=13 cs=0 l=1 rev1=1 crypto rx=0 tx=0 comp rx=0 tx=0).stop
2024-09-15T22:29:00.356 INFO:teuthology.orchestra.run.smithi016.stdout:/usr/bin/ceph: stderr
2024-09-15T22:28:59.817+0000 7fbb8fa1b640 1 --2- 172.21.15.16:0/4240008800 >> [v2:172.21.15.16:3300/0,v1:172.21.15.16:6789/0] conn(0x7fbb8807de60 0x7fbb8819d770 unknown :-1 s=CLOSED pgs=48 cs=0 l=1 rev1=1 crypto rx=0 tx=0 comp rx=0 tx=0).stop
2024-09-15T22:29:00.357 INFO:teuthology.orchestra.run.smithi016.stdout:/usr/bin/ceph: stderr
2024-09-15T22:28:59.817+0000 7fbb8fa1b640 1 -- 172.21.15.16:0/4240008800 >> 172.21.15.16:0/4240008800 conn(0x7fbb88102cc0 msgr2=0x7fbb881038a0 unknown :-1 s=STATE_NONE l=0).mark_down
2024-09-15T22:29:00.357 INFO:teuthology.orchestra.run.smithi016.stdout:/usr/bin/ceph: stderr
2024-09-15T22:28:59.817+0000 7fbb8fa1b640 1 -- 172.21.15.16:0/4240008800 shutdown_connections
2024-09-15T22:29:00.357 INFO:teuthology.orchestra.run.smithi016.stdout:/usr/bin/ceph: stderr
2024-09-15T22:28:59.817+0000 7fbb8fa1b640 1 -- 172.21.15.16:0/4240008800 wait complete.
2024-09-15T22:29:01.057 INFO:journalctl@ceph.mon.a.smithi016.stdout:Sep 15 22:29:00 smithi016 ceph-mon[31492]: from='client.14142 -' entity='client.admin' cmd=[{"prefix": "orch apply", "service_type": "mgr", "unmanaged": true, "target": ["mon-mgr", ""]}]: dispatch
2024-09-15T22:29:01.057 INFO:journalctl@ceph.mon.a.smithi016.stdout:Sep 15 22:29:00 smithi016 ceph-mon[31492]: Saving service mgr spec with placement count:2
2024-09-15T22:29:01.057 INFO:journalctl@ceph.mon.a.smithi016.stdout:Sep 15 22:29:00 smithi016 ceph-mon[31492]: from='mgr.14118 172.21.15.16:0/3772399005' entity='mgr.x'
2024-09-15T22:29:02.266 INFO:journalctl@ceph.mon.a.smithi016.stdout:Sep 15 22:29:01 smithi016 ceph-mon[31492]: from='client.? 172.21.15.16:0/1329129148' entity='client.admin'
2024-09-15T22:29:02.266 INFO:journalctl@ceph.mon.a.smithi016.stdout:Sep 15 22:29:01 smithi016 ceph-mon[31492]: from='mgr.14118 172.21.15.16:0/3772399005' entity='mgr.x'
2024-09-15T22:29:02.273 INFO:teuthology.orchestra.run.smithi016.stdout:/usr/bin/ceph: stderr
2024-09-15T22:29:00.782+0000 7fea8e934640 1 Processor -- start
2024-09-15T22:29:02.273 INFO:teuthology.orchestra.run.smithi016.stdout:/usr/bin/ceph: stderr
2024-09-15T22:29:00.782+0000 7fea8e934640 1 -- start start
2024-09-15T22:29:02.273 INFO:teuthology.orchestra.run.smithi016.stdout:/usr/bin/ceph: stderr
2024-09-15T22:29:00.782+0000 7fea8e934640 1 --2- >> [v2:172.21.15.16:3300/0,v1:172.21.15.16:6789/0] conn(0x7fea88107530 0x7fea88107930 unknown :-1 s=NONE pgs=0 cs=0 l=0 rev1=0 crypto rx=0 tx=0 comp rx=0 tx=0).connect
2024-09-15T22:29:02.273 INFO:teuthology.orchestra.run.smithi016.stdout:/usr/bin/ceph: stderr
2024-09-15T22:29:00.782+0000 7fea8e934640 1 -- --> [v2:172.21.15.16:3300/0,v1:172.21.15.16:6789/0] -- mon_getmap magic: 0 -- 0x7fea88107f00 con 0x7fea88107530
2024-09-15T22:29:02.274 INFO:teuthology.orchestra.run.smithi016.stdout:/usr/bin/ceph: stderr
2024-09-15T22:29:00.782+0000 7fea87fff640 1 --2- >> [v2:172.21.15.16:3300/0,v1:172.21.15.16:6789/0] conn(0x7fea88107530 0x7fea88107930 unknown :-1 s=BANNER_CONNECTING pgs=0 cs=0 l=0 rev1=0 crypto rx=0 tx=0 comp rx=0 tx=0)._handle_peer_banner_payload supported=3 required=0
2024-09-15T22:29:02.274 INFO:teuthology.orchestra.run.smithi016.stdout:/usr/bin/ceph: stderr
2024-09-15T22:29:00.782+0000 7fea87fff640 1 --2- >> [v2:172.21.15.16:3300/0,v1:172.21.15.16:6789/0] conn(0x7fea88107530 0x7fea88107930 unknown :-1 s=HELLO_CONNECTING pgs=0 cs=0 l=0 rev1=1 crypto rx=0 tx=0 comp rx=0 tx=0).handle_hello peer v2:172.21.15.16:3300/0 says I am v2:172.21.15.16:53340/0 (socket says 172.21.15.16:53340)
2024-09-15T22:29:02.274 INFO:teuthology.orchestra.run.smithi016.stdout:/usr/bin/ceph: stderr
2024-09-15T22:29:00.782+0000 7fea87fff640 1 -- 172.21.15.16:0/3062313733 learned_addr learned my addr 172.21.15.16:0/3062313733 (peer_addr_for_me v2:172.21.15.16:0/0)
2024-09-15T22:29:02.274 INFO:teuthology.orchestra.run.smithi016.stdout:/usr/bin/ceph: stderr
2024-09-15T22:29:00.782+0000 7fea87fff640 1 -- 172.21.15.16:0/3062313733 --> [v2:172.21.15.16:3300/0,v1:172.21.15.16:6789/0] -- mon_subscribe({config=0+,monmap=0+}) -- 0x7fea88108730 con 0x7fea88107530
2024-09-15T22:29:02.274 INFO:teuthology.orchestra.run.smithi016.stdout:/usr/bin/ceph: stderr
2024-09-15T22:29:00.783+0000 7fea87fff640 1 --2- 172.21.15.16:0/3062313733 >> [v2:172.21.15.16:3300/0,v1:172.21.15.16:6789/0] conn(0x7fea88107530 0x7fea88107930 secure :-1 s=READY pgs=49 cs=0 l=1 rev1=1 crypto rx=0x7fea78009820 tx=0x7fea7802a270 comp rx=0 tx=0).ready entity=mon.0 client_cookie=d1b1b0a38ac42158 server_cookie=0 in_seq=0 out_seq=0
2024-09-15T22:29:02.274 INFO:teuthology.orchestra.run.smithi016.stdout:/usr/bin/ceph: stderr
2024-09-15T22:29:00.783+0000 7fea86ffd640 1 -- 172.21.15.16:0/3062313733 <== mon.0 v2:172.21.15.16:3300/0 1 ==== mon_map magic: 0 ==== 205+0+0 (secure 0 0 0) 0x7fea78037070 con 0x7fea88107530
2024-09-15T22:29:02.274 INFO:teuthology.orchestra.run.smithi016.stdout:/usr/bin/ceph: stderr
2024-09-15T22:29:00.783+0000 7fea86ffd640 1 -- 172.21.15.16:0/3062313733 <== mon.0 v2:172.21.15.16:3300/0 2 ==== config(27 keys) ==== 1109+0+0 (secure 0 0 0) 0x7fea78032900 con 0x7fea88107530
2024-09-15T22:29:02.274 INFO:teuthology.orchestra.run.smithi016.stdout:/usr/bin/ceph: stderr
2024-09-15T22:29:00.783+0000 7fea86ffd640 1 -- 172.21.15.16:0/3062313733 <== mon.0 v2:172.21.15.16:3300/0 3 ==== mon_map magic: 0 ==== 205+0+0 (secure 0 0 0) 0x7fea78030850 con 0x7fea88107530
2024-09-15T22:29:02.274 INFO:teuthology.orchestra.run.smithi016.stdout:/usr/bin/ceph: stderr
2024-09-15T22:29:00.784+0000 7fea8e934640 1 -- 172.21.15.16:0/3062313733 >> [v2:172.21.15.16:3300/0,v1:172.21.15.16:6789/0] conn(0x7fea88107530 msgr2=0x7fea88107930 secure :-1 s=STATE_CONNECTION_ESTABLISHED l=1).mark_down
2024-09-15T22:29:02.274 INFO:teuthology.orchestra.run.smithi016.stdout:/usr/bin/ceph: stderr
2024-09-15T22:29:00.784+0000 7fea8e934640 1 --2- 172.21.15.16:0/3062313733 >> [v2:172.21.15.16:3300/0,v1:172.21.15.16:6789/0] conn(0x7fea88107530 0x7fea88107930 secure :-1 s=READY pgs=49 cs=0 l=1 rev1=1 crypto rx=0x7fea78009820 tx=0x7fea7802a270 comp rx=0 tx=0).stop
2024-09-15T22:29:02.274 INFO:teuthology.orchestra.run.smithi016.stdout:/usr/bin/ceph: stderr
2024-09-15T22:29:00.784+0000 7fea8e934640 1 -- 172.21.15.16:0/3062313733 shutdown_connections
2024-09-15T22:29:02.274 INFO:teuthology.orchestra.run.smithi016.stdout:/usr/bin/ceph: stderr
2024-09-15T22:29:00.784+0000 7fea8e934640 1 --2- 172.21.15.16:0/3062313733 >> [v2:172.21.15.16:3300/0,v1:172.21.15.16:6789/0] conn(0x7fea88107530 0x7fea88107930 unknown :-1 s=CLOSED pgs=49 cs=0 l=1 rev1=1 crypto rx=0 tx=0 comp rx=0 tx=0).stop
2024-09-15T22:29:02.274 INFO:teuthology.orchestra.run.smithi016.stdout:/usr/bin/ceph: stderr
2024-09-15T22:29:00.784+0000 7fea8e934640 1 -- 172.21.15.16:0/3062313733 >> 172.21.15.16:0/3062313733 conn(0x7fea88102cc0 msgr2=0x7fea88105100 unknown :-1 s=STATE_NONE l=0).mark_down
2024-09-15T22:29:02.275 INFO:teuthology.orchestra.run.smithi016.stdout:/usr/bin/ceph: stderr
2024-09-15T22:29:00.784+0000 7fea8e934640 1 -- 172.21.15.16:0/3062313733 shutdown_connections
2024-09-15T22:29:02.275 INFO:teuthology.orchestra.run.smithi016.stdout:/usr/bin/ceph: stderr
2024-09-15T22:29:00.784+0000 7fea8e934640 1 -- 172.21.15.16:0/3062313733 wait complete.
2024-09-15T22:29:02.275 INFO:teuthology.orchestra.run.smithi016.stdout:/usr/bin/ceph: stderr
2024-09-15T22:29:00.785+0000 7fea8e934640 1 Processor -- start
2024-09-15T22:29:02.275 INFO:teuthology.orchestra.run.smithi016.stdout:/usr/bin/ceph: stderr
2024-09-15T22:29:00.785+0000 7fea8e934640 1 -- start start
2024-09-15T22:29:02.275 INFO:teuthology.orchestra.run.smithi016.stdout:/usr/bin/ceph: stderr
2024-09-15T22:29:00.785+0000 7fea8e934640 1 --2- >> [v2:172.21.15.16:3300/0,v1:172.21.15.16:6789/0] conn(0x7fea88107530 0x7fea8819b580 unknown :-1 s=NONE pgs=0 cs=0 l=1 rev1=0 crypto rx=0 tx=0 comp rx=0 tx=0).connect
2024-09-15T22:29:02.275 INFO:teuthology.orchestra.run.smithi016.stdout:/usr/bin/ceph: stderr
2024-09-15T22:29:00.785+0000 7fea8e934640 1 -- --> [v2:172.21.15.16:3300/0,v1:172.21.15.16:6789/0] -- mon_getmap magic: 0 -- 0x7fea8810bae0 con 0x7fea88107530
2024-09-15T22:29:02.275 INFO:teuthology.orchestra.run.smithi016.stdout:/usr/bin/ceph: stderr
2024-09-15T22:29:00.785+0000 7fea87fff640 1 --2- >> [v2:172.21.15.16:3300/0,v1:172.21.15.16:6789/0] conn(0x7fea88107530 0x7fea8819b580 unknown :-1 s=BANNER_CONNECTING pgs=0 cs=0 l=1 rev1=0 crypto rx=0 tx=0 comp rx=0 tx=0)._handle_peer_banner_payload supported=3 required=0
2024-09-15T22:29:02.275 INFO:teuthology.orchestra.run.smithi016.stdout:/usr/bin/ceph: stderr
2024-09-15T22:29:00.785+0000 7fea87fff640 1 --2- >> [v2:172.21.15.16:3300/0,v1:172.21.15.16:6789/0] conn(0x7fea88107530 0x7fea8819b580 unknown :-1 s=HELLO_CONNECTING pgs=0 cs=0 l=1 rev1=1 crypto rx=0 tx=0 comp rx=0 tx=0).handle_hello peer v2:172.21.15.16:3300/0 says I am v2:172.21.15.16:53352/0 (socket says 172.21.15.16:53352)
2024-09-15T22:29:02.275 INFO:teuthology.orchestra.run.smithi016.stdout:/usr/bin/ceph: stderr
2024-09-15T22:29:00.785+0000 7fea87fff640 1 -- 172.21.15.16:0/1329129148 learned_addr learned my addr 172.21.15.16:0/1329129148 (peer_addr_for_me v2:172.21.15.16:0/0)
2024-09-15T22:29:02.275 INFO:teuthology.orchestra.run.smithi016.stdout:/usr/bin/ceph: stderr
2024-09-15T22:29:00.785+0000 7fea87fff640 1 -- 172.21.15.16:0/1329129148 --> [v2:172.21.15.16:3300/0,v1:172.21.15.16:6789/0] -- mon_subscribe({config=0+,monmap=0+}) -- 0x7fea8819bac0 con 0x7fea88107530
2024-09-15T22:29:02.275 INFO:teuthology.orchestra.run.smithi016.stdout:/usr/bin/ceph: stderr
2024-09-15T22:29:00.786+0000 7fea87fff640 1 --2- 172.21.15.16:0/1329129148 >> [v2:172.21.15.16:3300/0,v1:172.21.15.16:6789/0] conn(0x7fea88107530 0x7fea8819b580 secure :-1 s=READY pgs=50 cs=0 l=1 rev1=1 crypto rx=0x7fea780097f0 tx=0x7fea78030d80 comp rx=0 tx=0).ready entity=mon.0 client_cookie=0 server_cookie=0 in_seq=0 out_seq=0
2024-09-15T22:29:02.275 INFO:teuthology.orchestra.run.smithi016.stdout:/usr/bin/ceph: stderr
2024-09-15T22:29:00.786+0000 7fea857fa640 1 -- 172.21.15.16:0/1329129148 <== mon.0 v2:172.21.15.16:3300/0 1 ==== mon_map magic: 0 ==== 205+0+0 (secure 0 0 0) 0x7fea78037040 con 0x7fea88107530
2024-09-15T22:29:02.275 INFO:teuthology.orchestra.run.smithi016.stdout:/usr/bin/ceph: stderr
2024-09-15T22:29:00.786+0000 7fea8e934640 1 -- 172.21.15.16:0/1329129148 --> [v2:172.21.15.16:3300/0,v1:172.21.15.16:6789/0] -- mon_subscribe({mgrmap=0+}) -- 0x7fea8819bd50 con 0x7fea88107530
2024-09-15T22:29:02.276 INFO:teuthology.orchestra.run.smithi016.stdout:/usr/bin/ceph: stderr
2024-09-15T22:29:00.786+0000 7fea857fa640 1 -- 172.21.15.16:0/1329129148 <== mon.0 v2:172.21.15.16:3300/0 2 ==== config(27 keys) ==== 1109+0+0 (secure 0 0 0) 0x7fea78040070 con 0x7fea88107530
2024-09-15T22:29:02.276 INFO:teuthology.orchestra.run.smithi016.stdout:/usr/bin/ceph: stderr
2024-09-15T22:29:00.786+0000 7fea857fa640 1 -- 172.21.15.16:0/1329129148 <== mon.0 v2:172.21.15.16:3300/0 3 ==== mon_map magic: 0 ==== 205+0+0 (secure 0 0 0) 0x7fea7803a390 con 0x7fea88107530
2024-09-15T22:29:02.276 INFO:teuthology.orchestra.run.smithi016.stdout:/usr/bin/ceph: stderr
2024-09-15T22:29:00.786+0000 7fea8e934640 1 -- 172.21.15.16:0/1329129148 --> [v2:172.21.15.16:3300/0,v1:172.21.15.16:6789/0] -- mon_subscribe({osdmap=0}) -- 0x7fea8819ea40 con 0x7fea88107530
2024-09-15T22:29:02.276 INFO:teuthology.orchestra.run.smithi016.stdout:/usr/bin/ceph: stderr
2024-09-15T22:29:00.787+0000 7fea857fa640 1 -- 172.21.15.16:0/1329129148 <== mon.0 v2:172.21.15.16:3300/0 4 ==== mgrmap(e 8) ==== 46461+0+0 (secure 0 0 0) 0x7fea7803a650 con 0x7fea88107530
2024-09-15T22:29:02.276 INFO:teuthology.orchestra.run.smithi016.stdout:/usr/bin/ceph: stderr
2024-09-15T22:29:00.787+0000 7fea857fa640 1 --2- 172.21.15.16:0/1329129148 >> [v2:172.21.15.16:6800/2652317700,v1:172.21.15.16:6801/2652317700] conn(0x7fea700391b0 0x7fea7003b670 unknown :-1 s=NONE pgs=0 cs=0 l=1 rev1=0 crypto rx=0 tx=0 comp rx=0 tx=0).connect
2024-09-15T22:29:02.276 INFO:teuthology.orchestra.run.smithi016.stdout:/usr/bin/ceph: stderr
2024-09-15T22:29:00.787+0000 7fea857fa640 1 -- 172.21.15.16:0/1329129148 <== mon.0 v2:172.21.15.16:3300/0 5 ==== osd_map(2..2 src has 1..2) ==== 940+0+0 (secure 0 0 0) 0x7fea7806c770 con 0x7fea88107530
2024-09-15T22:29:02.276 INFO:teuthology.orchestra.run.smithi016.stdout:/usr/bin/ceph: stderr
2024-09-15T22:29:00.787+0000 7fea8e934640 1 -- 172.21.15.16:0/1329129148 --> [v2:172.21.15.16:3300/0,v1:172.21.15.16:6789/0] -- mon_command({"prefix": "get_command_descriptions"} v 0) -- 0x7fea8810bc60 con 0x7fea88107530
2024-09-15T22:29:02.276 INFO:teuthology.orchestra.run.smithi016.stdout:/usr/bin/ceph: stderr
2024-09-15T22:29:00.788+0000 7fea877fe640 1 --2- 172.21.15.16:0/1329129148 >> [v2:172.21.15.16:6800/2652317700,v1:172.21.15.16:6801/2652317700] conn(0x7fea700391b0 0x7fea7003b670 unknown :-1 s=BANNER_CONNECTING pgs=0 cs=0 l=1 rev1=0 crypto rx=0 tx=0 comp rx=0 tx=0)._handle_peer_banner_payload supported=3 required=0
2024-09-15T22:29:02.276 INFO:teuthology.orchestra.run.smithi016.stdout:/usr/bin/ceph: stderr
2024-09-15T22:29:00.788+0000 7fea877fe640 1 --2- 172.21.15.16:0/1329129148 >> [v2:172.21.15.16:6800/2652317700,v1:172.21.15.16:6801/2652317700] conn(0x7fea700391b0 0x7fea7003b670 secure :-1 s=READY pgs=14 cs=0 l=1 rev1=1 crypto rx=0x7fea7c0098c0 tx=0x7fea7c006db0 comp rx=0 tx=0).ready entity=mgr.14118 client_cookie=0 server_cookie=0 in_seq=0 out_seq=0
2024-09-15T22:29:02.276 INFO:teuthology.orchestra.run.smithi016.stdout:/usr/bin/ceph: stderr
2024-09-15T22:29:00.795+0000 7fea857fa640 1 -- 172.21.15.16:0/1329129148 <== mon.0 v2:172.21.15.16:3300/0 6 ==== mon_command_ack([{"prefix": "get_command_descriptions"}]=0 v0) ==== 72+0+188821 (secure 0 0 0) 0x7fea78042e30 con 0x7fea88107530
2024-09-15T22:29:02.276 INFO:teuthology.orchestra.run.smithi016.stdout:/usr/bin/ceph: stderr
2024-09-15T22:29:00.972+0000 7fea8e934640 1 -- 172.21.15.16:0/1329129148 --> [v2:172.21.15.16:3300/0,v1:172.21.15.16:6789/0] -- mon_command([{prefix=config set, name=mgr/cephadm/container_init}] v 0) -- 0x7fea881079b0 con 0x7fea88107530
2024-09-15T22:29:02.276 INFO:teuthology.orchestra.run.smithi016.stdout:/usr/bin/ceph: stderr
2024-09-15T22:29:00.975+0000 7fea857fa640 1 -- 172.21.15.16:0/1329129148 <== mon.0 v2:172.21.15.16:3300/0 7 ==== mon_command_ack([{prefix=config set, name=mgr/cephadm/container_init}]=0 v6)=0 v6) ==== 142+0+0 (secure 0 0 0) 0x7fea78043760 con 0x7fea88107530
2024-09-15T22:29:02.276 INFO:teuthology.orchestra.run.smithi016.stdout:/usr/bin/ceph: stderr
2024-09-15T22:29:00.977+0000 7fea8e934640 1 -- 172.21.15.16:0/1329129148 >> [v2:172.21.15.16:6800/2652317700,v1:172.21.15.16:6801/2652317700] conn(0x7fea700391b0 msgr2=0x7fea7003b670 secure :-1 s=STATE_CONNECTION_ESTABLISHED l=1).mark_down
2024-09-15T22:29:02.277 INFO:teuthology.orchestra.run.smithi016.stdout:/usr/bin/ceph: stderr
2024-09-15T22:29:00.977+0000 7fea8e934640 1 --2- 172.21.15.16:0/1329129148 >> [v2:172.21.15.16:6800/2652317700,v1:172.21.15.16:6801/2652317700] conn(0x7fea700391b0 0x7fea7003b670 secure :-1 s=READY pgs=14 cs=0 l=1 rev1=1 crypto rx=0x7fea7c0098c0 tx=0x7fea7c006db0 comp rx=0 tx=0).stop
2024-09-15T22:29:02.277 INFO:teuthology.orchestra.run.smithi016.stdout:/usr/bin/ceph: stderr
2024-09-15T22:29:00.977+0000 7fea8e934640 1 -- 172.21.15.16:0/1329129148 >> [v2:172.21.15.16:3300/0,v1:172.21.15.16:6789/0] conn(0x7fea88107530 msgr2=0x7fea8819b580 secure :-1 s=STATE_CONNECTION_ESTABLISHED l=1).mark_down
2024-09-15T22:29:02.277 INFO:teuthology.orchestra.run.smithi016.stdout:/usr/bin/ceph: stderr
