2024-09-15T22:35:47.967+0000 7f75ea59c640 1 --2- >> [v2:172.21.15.66:3300/0,v1:172.21.15.66:6789/0] conn(0x7f75ec1075f0 0x7f75ec1079f0 unknown :-1 s=BANNER_CONNECTING pgs=0 cs=0 l=0 rev1=0 crypto rx=0 tx=0 comp rx=0 tx=0)._handle_peer_banner_payload supported=3 required=0
2024-09-15T22:35:48.920 INFO:teuthology.orchestra.run.smithi066.stdout:/usr/bin/ceph: stderr
2024-09-15T22:35:47.967+0000 7f75ea59c640 1 --2- >> [v2:172.21.15.66:3300/0,v1:172.21.15.66:6789/0] conn(0x7f75ec1075f0 0x7f75ec1079f0 unknown :-1 s=HELLO_CONNECTING pgs=0 cs=0 l=0 rev1=1 crypto rx=0 tx=0 comp rx=0 tx=0).handle_hello peer v2:172.21.15.66:3300/0 says I am v2:172.21.15.66:57832/0 (socket says 172.21.15.66:57832)
2024-09-15T22:35:48.920 INFO:teuthology.orchestra.run.smithi066.stdout:/usr/bin/ceph: stderr
2024-09-15T22:35:47.967+0000 7f75ea59c640 1 -- 172.21.15.66:0/3106933342 learned_addr learned my addr 172.21.15.66:0/3106933342 (peer_addr_for_me v2:172.21.15.66:0/0)
2024-09-15T22:35:48.920 INFO:teuthology.orchestra.run.smithi066.stdout:/usr/bin/ceph: stderr
2024-09-15T22:35:47.967+0000 7f75ea59c640 1 -- 172.21.15.66:0/3106933342 --> [v2:172.21.15.66:3300/0,v1:172.21.15.66:6789/0] -- mon_subscribe({config=0+,monmap=0+}) -- 0x7f75ec1087f0 con 0x7f75ec1075f0
2024-09-15T22:35:48.920 INFO:teuthology.orchestra.run.smithi066.stdout:/usr/bin/ceph: stderr
2024-09-15T22:35:47.968+0000 7f75ea59c640 1 --2- 172.21.15.66:0/3106933342 >> [v2:172.21.15.66:3300/0,v1:172.21.15.66:6789/0] conn(0x7f75ec1075f0 0x7f75ec1079f0 secure :-1 s=READY pgs=45 cs=0 l=1 rev1=1 crypto rx=0x7f75dc009820 tx=0x7f75dc02a270 comp rx=0 tx=0).ready entity=mon.0 client_cookie=eb8ce8a631cbf5bc server_cookie=0 in_seq=0 out_seq=0
2024-09-15T22:35:48.920 INFO:teuthology.orchestra.run.smithi066.stdout:/usr/bin/ceph: stderr
2024-09-15T22:35:47.968+0000 7f75e9d9b640 1 -- 172.21.15.66:0/3106933342 <== mon.0 v2:172.21.15.66:3300/0 1 ==== mon_map magic: 0 ==== 205+0+0 (secure 0 0 0) 0x7f75dc037070 con 0x7f75ec1075f0
2024-09-15T22:35:48.921 INFO:teuthology.orchestra.run.smithi066.stdout:/usr/bin/ceph: stderr
2024-09-15T22:35:47.968+0000 7f75e9d9b640 1 -- 172.21.15.66:0/3106933342 <== mon.0 v2:172.21.15.66:3300/0 2 ==== config(27 keys) ==== 1109+0+0 (secure 0 0 0) 0x7f75dc032900 con 0x7f75ec1075f0
2024-09-15T22:35:48.921 INFO:teuthology.orchestra.run.smithi066.stdout:/usr/bin/ceph: stderr
2024-09-15T22:35:47.968+0000 7f75e9d9b640 1 -- 172.21.15.66:0/3106933342 <== mon.0 v2:172.21.15.66:3300/0 3 ==== mon_map magic: 0 ==== 205+0+0 (secure 0 0 0) 0x7f75dc030850 con 0x7f75ec1075f0
2024-09-15T22:35:48.921 INFO:teuthology.orchestra.run.smithi066.stdout:/usr/bin/ceph: stderr
2024-09-15T22:35:47.969+0000 7f75f093b640 1 -- 172.21.15.66:0/3106933342 >> [v2:172.21.15.66:3300/0,v1:172.21.15.66:6789/0] conn(0x7f75ec1075f0 msgr2=0x7f75ec1079f0 secure :-1 s=STATE_CONNECTION_ESTABLISHED l=1).mark_down
2024-09-15T22:35:48.921 INFO:teuthology.orchestra.run.smithi066.stdout:/usr/bin/ceph: stderr
2024-09-15T22:35:47.969+0000 7f75f093b640 1 --2- 172.21.15.66:0/3106933342 >> [v2:172.21.15.66:3300/0,v1:172.21.15.66:6789/0] conn(0x7f75ec1075f0 0x7f75ec1079f0 secure :-1 s=READY pgs=45 cs=0 l=1 rev1=1 crypto rx=0x7f75dc009820 tx=0x7f75dc02a270 comp rx=0 tx=0).stop
2024-09-15T22:35:48.921 INFO:teuthology.orchestra.run.smithi066.stdout:/usr/bin/ceph: stderr
2024-09-15T22:35:47.969+0000 7f75f093b640 1 -- 172.21.15.66:0/3106933342 shutdown_connections
2024-09-15T22:35:48.921 INFO:teuthology.orchestra.run.smithi066.stdout:/usr/bin/ceph: stderr
2024-09-15T22:35:47.969+0000 7f75f093b640 1 --2- 172.21.15.66:0/3106933342 >> [v2:172.21.15.66:3300/0,v1:172.21.15.66:6789/0] conn(0x7f75ec1075f0 0x7f75ec1079f0 unknown :-1 s=CLOSED pgs=45 cs=0 l=1 rev1=1 crypto rx=0 tx=0 comp rx=0 tx=0).stop
2024-09-15T22:35:48.921 INFO:teuthology.orchestra.run.smithi066.stdout:/usr/bin/ceph: stderr
2024-09-15T22:35:47.969+0000 7f75f093b640 1 -- 172.21.15.66:0/3106933342 >> 172.21.15.66:0/3106933342 conn(0x7f75ec102e70 msgr2=0x7f75ec105260 unknown :-1 s=STATE_NONE l=0).mark_down
2024-09-15T22:35:48.921 INFO:teuthology.orchestra.run.smithi066.stdout:/usr/bin/ceph: stderr
2024-09-15T22:35:47.969+0000 7f75f093b640 1 -- 172.21.15.66:0/3106933342 shutdown_connections
2024-09-15T22:35:48.921 INFO:teuthology.orchestra.run.smithi066.stdout:/usr/bin/ceph: stderr
2024-09-15T22:35:47.969+0000 7f75f093b640 1 -- 172.21.15.66:0/3106933342 wait complete.
2024-09-15T22:35:48.921 INFO:teuthology.orchestra.run.smithi066.stdout:/usr/bin/ceph: stderr
2024-09-15T22:35:47.970+0000 7f75f093b640 1 Processor -- start
2024-09-15T22:35:48.921 INFO:teuthology.orchestra.run.smithi066.stdout:/usr/bin/ceph: stderr
2024-09-15T22:35:47.970+0000 7f75f093b640 1 -- start start
2024-09-15T22:35:48.921 INFO:teuthology.orchestra.run.smithi066.stdout:/usr/bin/ceph: stderr
2024-09-15T22:35:47.970+0000 7f75f093b640 1 --2- >> [v2:172.21.15.66:3300/0,v1:172.21.15.66:6789/0] conn(0x7f75ec1075f0 0x7f75ec19b5e0 unknown :-1 s=NONE pgs=0 cs=0 l=1 rev1=0 crypto rx=0 tx=0 comp rx=0 tx=0).connect
2024-09-15T22:35:48.921 INFO:teuthology.orchestra.run.smithi066.stdout:/usr/bin/ceph: stderr
2024-09-15T22:35:47.970+0000 7f75f093b640 1 -- --> [v2:172.21.15.66:3300/0,v1:172.21.15.66:6789/0] -- mon_getmap magic: 0 -- 0x7f75ec10bba0 con 0x7f75ec1075f0
2024-09-15T22:35:48.922 INFO:teuthology.orchestra.run.smithi066.stdout:/usr/bin/ceph: stderr
2024-09-15T22:35:47.970+0000 7f75ea59c640 1 --2- >> [v2:172.21.15.66:3300/0,v1:172.21.15.66:6789/0] conn(0x7f75ec1075f0 0x7f75ec19b5e0 unknown :-1 s=BANNER_CONNECTING pgs=0 cs=0 l=1 rev1=0 crypto rx=0 tx=0 comp rx=0 tx=0)._handle_peer_banner_payload supported=3 required=0
2024-09-15T22:35:48.922 INFO:teuthology.orchestra.run.smithi066.stdout:/usr/bin/ceph: stderr
2024-09-15T22:35:47.970+0000 7f75ea59c640 1 --2- >> [v2:172.21.15.66:3300/0,v1:172.21.15.66:6789/0] conn(0x7f75ec1075f0 0x7f75ec19b5e0 unknown :-1 s=HELLO_CONNECTING pgs=0 cs=0 l=1 rev1=1 crypto rx=0 tx=0 comp rx=0 tx=0).handle_hello peer v2:172.21.15.66:3300/0 says I am v2:172.21.15.66:57836/0 (socket says 172.21.15.66:57836)
2024-09-15T22:35:48.922 INFO:teuthology.orchestra.run.smithi066.stdout:/usr/bin/ceph: stderr
2024-09-15T22:35:47.970+0000 7f75ea59c640 1 -- 172.21.15.66:0/1307265253 learned_addr learned my addr 172.21.15.66:0/1307265253 (peer_addr_for_me v2:172.21.15.66:0/0)
2024-09-15T22:35:48.922 INFO:teuthology.orchestra.run.smithi066.stdout:/usr/bin/ceph: stderr
2024-09-15T22:35:47.970+0000 7f75ea59c640 1 -- 172.21.15.66:0/1307265253 --> [v2:172.21.15.66:3300/0,v1:172.21.15.66:6789/0] -- mon_subscribe({config=0+,monmap=0+}) -- 0x7f75ec19bb20 con 0x7f75ec1075f0
2024-09-15T22:35:48.922 INFO:teuthology.orchestra.run.smithi066.stdout:/usr/bin/ceph: stderr
2024-09-15T22:35:47.971+0000 7f75ea59c640 1 --2- 172.21.15.66:0/1307265253 >> [v2:172.21.15.66:3300/0,v1:172.21.15.66:6789/0] conn(0x7f75ec1075f0 0x7f75ec19b5e0 secure :-1 s=READY pgs=46 cs=0 l=1 rev1=1 crypto rx=0x7f75dc009940 tx=0x7f75dc032ce0 comp rx=0 tx=0).ready entity=mon.0 client_cookie=0 server_cookie=0 in_seq=0 out_seq=0
2024-09-15T22:35:48.922 INFO:teuthology.orchestra.run.smithi066.stdout:/usr/bin/ceph: stderr
2024-09-15T22:35:47.971+0000 7f75e37fe640 1 -- 172.21.15.66:0/1307265253 <== mon.0 v2:172.21.15.66:3300/0 1 ==== mon_map magic: 0 ==== 205+0+0 (secure 0 0 0) 0x7f75dc042070 con 0x7f75ec1075f0
2024-09-15T22:35:48.922 INFO:teuthology.orchestra.run.smithi066.stdout:/usr/bin/ceph: stderr
2024-09-15T22:35:47.971+0000 7f75e37fe640 1 -- 172.21.15.66:0/1307265253 <== mon.0 v2:172.21.15.66:3300/0 2 ==== config(27 keys) ==== 1109+0+0 (secure 0 0 0) 0x7f75dc0308c0 con 0x7f75ec1075f0
2024-09-15T22:35:48.922 INFO:teuthology.orchestra.run.smithi066.stdout:/usr/bin/ceph: stderr
2024-09-15T22:35:47.971+0000 7f75f093b640 1 -- 172.21.15.66:0/1307265253 --> [v2:172.21.15.66:3300/0,v1:172.21.15.66:6789/0] -- mon_subscribe({mgrmap=0+}) -- 0x7f75ec19bdb0 con 0x7f75ec1075f0
2024-09-15T22:35:48.922 INFO:teuthology.orchestra.run.smithi066.stdout:/usr/bin/ceph: stderr
2024-09-15T22:35:47.971+0000 7f75e37fe640 1 -- 172.21.15.66:0/1307265253 <== mon.0 v2:172.21.15.66:3300/0 3 ==== mon_map magic: 0 ==== 205+0+0 (secure 0 0 0) 0x7f75dc037040 con 0x7f75ec1075f0
2024-09-15T22:35:48.922 INFO:teuthology.orchestra.run.smithi066.stdout:/usr/bin/ceph: stderr
2024-09-15T22:35:47.971+0000 7f75f093b640 1 -- 172.21.15.66:0/1307265253 --> [v2:172.21.15.66:3300/0,v1:172.21.15.66:6789/0] -- mon_subscribe({osdmap=0}) -- 0x7f75ec19eaa0 con 0x7f75ec1075f0
2024-09-15T22:35:48.922 INFO:teuthology.orchestra.run.smithi066.stdout:/usr/bin/ceph: stderr
2024-09-15T22:35:47.972+0000 7f75e37fe640 1 -- 172.21.15.66:0/1307265253 <== mon.0 v2:172.21.15.66:3300/0 4 ==== mgrmap(e 8) ==== 46461+0+0 (secure 0 0 0) 0x7f75dc045070 con 0x7f75ec1075f0
2024-09-15T22:35:48.922 INFO:teuthology.orchestra.run.smithi066.stdout:/usr/bin/ceph: stderr
2024-09-15T22:35:47.972+0000 7f75e37fe640 1 --2- 172.21.15.66:0/1307265253 >> [v2:172.21.15.66:6800/1250063396,v1:172.21.15.66:6801/1250063396] conn(0x7f75d8039200 0x7f75d803b6c0 unknown :-1 s=NONE pgs=0 cs=0 l=1 rev1=0 crypto rx=0 tx=0 comp rx=0 tx=0).connect
2024-09-15T22:35:48.922 INFO:teuthology.orchestra.run.smithi066.stdout:/usr/bin/ceph: stderr
2024-09-15T22:35:47.972+0000 7f75f093b640 1 -- 172.21.15.66:0/1307265253 --> [v2:172.21.15.66:3300/0,v1:172.21.15.66:6789/0] -- mon_command({"prefix": "get_command_descriptions"} v 0) -- 0x7f75ec10bd20 con 0x7f75ec1075f0
2024-09-15T22:35:48.922 INFO:teuthology.orchestra.run.smithi066.stdout:/usr/bin/ceph: stderr
2024-09-15T22:35:47.972+0000 7f75e37fe640 1 -- 172.21.15.66:0/1307265253 <== mon.0 v2:172.21.15.66:3300/0 5 ==== osd_map(2..2 src has 1..2) ==== 940+0+0 (secure 0 0 0) 0x7f75dc06c300 con 0x7f75ec1075f0
2024-09-15T22:35:48.923 INFO:teuthology.orchestra.run.smithi066.stdout:/usr/bin/ceph: stderr
2024-09-15T22:35:47.972+0000 7f75e3fff640 1 --2- 172.21.15.66:0/1307265253 >> [v2:172.21.15.66:6800/1250063396,v1:172.21.15.66:6801/1250063396] conn(0x7f75d8039200 0x7f75d803b6c0 unknown :-1 s=BANNER_CONNECTING pgs=0 cs=0 l=1 rev1=0 crypto rx=0 tx=0 comp rx=0 tx=0)._handle_peer_banner_payload supported=3 required=0
2024-09-15T22:35:48.923 INFO:teuthology.orchestra.run.smithi066.stdout:/usr/bin/ceph: stderr
2024-09-15T22:35:47.973+0000 7f75e3fff640 1 --2- 172.21.15.66:0/1307265253 >> [v2:172.21.15.66:6800/1250063396,v1:172.21.15.66:6801/1250063396] conn(0x7f75d8039200 0x7f75d803b6c0 secure :-1 s=READY pgs=12 cs=0 l=1 rev1=1 crypto rx=0x7f75d40098c0 tx=0x7f75d4006db0 comp rx=0 tx=0).ready entity=mgr.14118 client_cookie=0 server_cookie=0 in_seq=0 out_seq=0
2024-09-15T22:35:48.923 INFO:teuthology.orchestra.run.smithi066.stdout:/usr/bin/ceph: stderr
2024-09-15T22:35:47.977+0000 7f75e37fe640 1 -- 172.21.15.66:0/1307265253 <== mon.0 v2:172.21.15.66:3300/0 6 ==== mon_command_ack([{"prefix": "get_command_descriptions"}]=0 v0) ==== 72+0+188821 (secure 0 0 0) 0x7f75dc04b170 con 0x7f75ec1075f0
2024-09-15T22:35:48.923 INFO:teuthology.orchestra.run.smithi066.stdout:/usr/bin/ceph: stderr
2024-09-15T22:35:48.167+0000 7f75f093b640 1 -- 172.21.15.66:0/1307265253 --> [v2:172.21.15.66:6800/1250063396,v1:172.21.15.66:6801/1250063396] -- mgr_command(tid 0: {"prefix": "orch apply", "service_type": "mon", "unmanaged": true, "target": ["mon-mgr", ""]}) -- 0x7f75ec104070 con 0x7f75d8039200
2024-09-15T22:35:48.923 INFO:teuthology.orchestra.run.smithi066.stdout:/usr/bin/ceph: stderr
2024-09-15T22:35:48.172+0000 7f75e37fe640 1 -- 172.21.15.66:0/1307265253 <== mgr.14118 v2:172.21.15.66:6800/1250063396 1 ==== mgr_command_reply(tid 0: 0 ) ==== 8+0+24 (secure 0 0 0) 0x7f75ec104070 con 0x7f75d8039200
2024-09-15T22:35:48.923 INFO:teuthology.orchestra.run.smithi066.stdout:/usr/bin/ceph: stderr
2024-09-15T22:35:48.175+0000 7f75f093b640 1 -- 172.21.15.66:0/1307265253 >> [v2:172.21.15.66:6800/1250063396,v1:172.21.15.66:6801/1250063396] conn(0x7f75d8039200 msgr2=0x7f75d803b6c0 secure :-1 s=STATE_CONNECTION_ESTABLISHED l=1).mark_down
2024-09-15T22:35:48.923 INFO:teuthology.orchestra.run.smithi066.stdout:/usr/bin/ceph: stderr
2024-09-15T22:35:48.175+0000 7f75f093b640 1 --2- 172.21.15.66:0/1307265253 >> [v2:172.21.15.66:6800/1250063396,v1:172.21.15.66:6801/1250063396] conn(0x7f75d8039200 0x7f75d803b6c0 secure :-1 s=READY pgs=12 cs=0 l=1 rev1=1 crypto rx=0x7f75d40098c0 tx=0x7f75d4006db0 comp rx=0 tx=0).stop
2024-09-15T22:35:48.923 INFO:teuthology.orchestra.run.smithi066.stdout:/usr/bin/ceph: stderr
2024-09-15T22:35:48.175+0000 7f75f093b640 1 -- 172.21.15.66:0/1307265253 >> [v2:172.21.15.66:3300/0,v1:172.21.15.66:6789/0] conn(0x7f75ec1075f0 msgr2=0x7f75ec19b5e0 secure :-1 s=STATE_CONNECTION_ESTABLISHED l=1).mark_down
2024-09-15T22:35:48.923 INFO:teuthology.orchestra.run.smithi066.stdout:/usr/bin/ceph: stderr
2024-09-15T22:35:48.175+0000 7f75f093b640 1 --2- 172.21.15.66:0/1307265253 >> [v2:172.21.15.66:3300/0,v1:172.21.15.66:6789/0] conn(0x7f75ec1075f0 0x7f75ec19b5e0 secure :-1 s=READY pgs=46 cs=0 l=1 rev1=1 crypto rx=0x7f75dc009940 tx=0x7f75dc032ce0 comp rx=0 tx=0).stop
2024-09-15T22:35:48.923 INFO:teuthology.orchestra.run.smithi066.stdout:/usr/bin/ceph: stderr
2024-09-15T22:35:48.175+0000 7f75f093b640 1 -- 172.21.15.66:0/1307265253 shutdown_connections
2024-09-15T22:35:48.923 INFO:teuthology.orchestra.run.smithi066.stdout:/usr/bin/ceph: stderr
2024-09-15T22:35:48.175+0000 7f75f093b640 1 --2- 172.21.15.66:0/1307265253 >> [v2:172.21.15.66:6800/1250063396,v1:172.21.15.66:6801/1250063396] conn(0x7f75d8039200 0x7f75d803b6c0 unknown :-1 s=CLOSED pgs=12 cs=0 l=1 rev1=1 crypto rx=0 tx=0 comp rx=0 tx=0).stop
2024-09-15T22:35:48.923 INFO:teuthology.orchestra.run.smithi066.stdout:/usr/bin/ceph: stderr
2024-09-15T22:35:48.175+0000 7f75f093b640 1 --2- 172.21.15.66:0/1307265253 >> [v2:172.21.15.66:3300/0,v1:172.21.15.66:6789/0] conn(0x7f75ec1075f0 0x7f75ec19b5e0 unknown :-1 s=CLOSED pgs=46 cs=0 l=1 rev1=1 crypto rx=0 tx=0 comp rx=0 tx=0).stop
2024-09-15T22:35:48.923 INFO:teuthology.orchestra.run.smithi066.stdout:/usr/bin/ceph: stderr
2024-09-15T22:35:48.175+0000 7f75f093b640 1 -- 172.21.15.66:0/1307265253 >> 172.21.15.66:0/1307265253 conn(0x7f75ec102e70 msgr2=0x7f75ec103960 unknown :-1 s=STATE_NONE l=0).mark_down
2024-09-15T22:35:48.923 INFO:teuthology.orchestra.run.smithi066.stdout:/usr/bin/ceph: stderr
2024-09-15T22:35:48.175+0000 7f75f093b640 1 -- 172.21.15.66:0/1307265253 shutdown_connections
2024-09-15T22:35:48.924 INFO:teuthology.orchestra.run.smithi066.stdout:/usr/bin/ceph: stderr
2024-09-15T22:35:48.175+0000 7f75f093b640 1 -- 172.21.15.66:0/1307265253 wait complete.
2024-09-15T22:35:48.924 INFO:teuthology.orchestra.run.smithi066.stdout:Deploying unmanaged mgr service...
2024-09-15T22:35:49.449 INFO:journalctl@ceph.mon.a.smithi066.stdout:Sep 15 22:35:49 smithi066 ceph-mon[31185]: from='client.14140 -' entity='client.admin' cmd=[{"prefix": "orch apply", "service_type": "mon", "unmanaged": true, "target": ["mon-mgr", ""]}]: dispatch
2024-09-15T22:35:49.449 INFO:journalctl@ceph.mon.a.smithi066.stdout:Sep 15 22:35:49 smithi066 ceph-mon[31185]: Saving service mon spec with placement count:5
2024-09-15T22:35:49.449 INFO:journalctl@ceph.mon.a.smithi066.stdout:Sep 15 22:35:49 smithi066 ceph-mon[31185]: from='mgr.14118 172.21.15.66:0/4034718823' entity='mgr.x'
2024-09-15T22:35:50.776 INFO:teuthology.orchestra.run.smithi066.stdout:/usr/bin/ceph: stdout Scheduled mgr update...
2024-09-15T22:35:50.777 INFO:teuthology.orchestra.run.smithi066.stdout:/usr/bin/ceph: stderr
2024-09-15T22:35:49.721+0000 7f5add518640 1 Processor -- start
2024-09-15T22:35:50.777 INFO:teuthology.orchestra.run.smithi066.stdout:/usr/bin/ceph: stderr
2024-09-15T22:35:49.722+0000 7f5add518640 1 -- start start
2024-09-15T22:35:50.777 INFO:teuthology.orchestra.run.smithi066.stdout:/usr/bin/ceph: stderr
2024-09-15T22:35:49.722+0000 7f5add518640 1 --2- >> [v2:172.21.15.66:3300/0,v1:172.21.15.66:6789/0] conn(0x7f5ad81075f0 0x7f5ad81079f0 unknown :-1 s=NONE pgs=0 cs=0 l=0 rev1=0 crypto rx=0 tx=0 comp rx=0 tx=0).connect
2024-09-15T22:35:50.777 INFO:teuthology.orchestra.run.smithi066.stdout:/usr/bin/ceph: stderr
2024-09-15T22:35:49.722+0000 7f5add518640 1 -- --> [v2:172.21.15.66:3300/0,v1:172.21.15.66:6789/0] -- mon_getmap magic: 0 -- 0x7f5ad8107fc0 con 0x7f5ad81075f0
2024-09-15T22:35:50.777 INFO:teuthology.orchestra.run.smithi066.stdout:/usr/bin/ceph: stderr
2024-09-15T22:35:49.722+0000 7f5ad6ffd640 1 --2- >> [v2:172.21.15.66:3300/0,v1:172.21.15.66:6789/0] conn(0x7f5ad81075f0 0x7f5ad81079f0 unknown :-1 s=BANNER_CONNECTING pgs=0 cs=0 l=0 rev1=0 crypto rx=0 tx=0 comp rx=0 tx=0)._handle_peer_banner_payload supported=3 required=0
2024-09-15T22:35:50.777 INFO:teuthology.orchestra.run.smithi066.stdout:/usr/bin/ceph: stderr
2024-09-15T22:35:49.722+0000 7f5ad6ffd640 1 --2- >> [v2:172.21.15.66:3300/0,v1:172.21.15.66:6789/0] conn(0x7f5ad81075f0 0x7f5ad81079f0 unknown :-1 s=HELLO_CONNECTING pgs=0 cs=0 l=0 rev1=1 crypto rx=0 tx=0 comp rx=0 tx=0).handle_hello peer v2:172.21.15.66:3300/0 says I am v2:172.21.15.66:57838/0 (socket says 172.21.15.66:57838)
2024-09-15T22:35:50.777 INFO:teuthology.orchestra.run.smithi066.stdout:/usr/bin/ceph: stderr
2024-09-15T22:35:49.722+0000 7f5ad6ffd640 1 -- 172.21.15.66:0/3758835679 learned_addr learned my addr 172.21.15.66:0/3758835679 (peer_addr_for_me v2:172.21.15.66:0/0)
2024-09-15T22:35:50.777 INFO:teuthology.orchestra.run.smithi066.stdout:/usr/bin/ceph: stderr
2024-09-15T22:35:49.722+0000 7f5ad6ffd640 1 -- 172.21.15.66:0/3758835679 --> [v2:172.21.15.66:3300/0,v1:172.21.15.66:6789/0] -- mon_subscribe({config=0+,monmap=0+}) -- 0x7f5ad81087f0 con 0x7f5ad81075f0
2024-09-15T22:35:50.777 INFO:teuthology.orchestra.run.smithi066.stdout:/usr/bin/ceph: stderr
2024-09-15T22:35:49.723+0000 7f5ad6ffd640 1 --2- 172.21.15.66:0/3758835679 >> [v2:172.21.15.66:3300/0,v1:172.21.15.66:6789/0] conn(0x7f5ad81075f0 0x7f5ad81079f0 secure :-1 s=READY pgs=47 cs=0 l=1 rev1=1 crypto rx=0x7f5ac8009820 tx=0x7f5ac802a270 comp rx=0 tx=0).ready entity=mon.0 client_cookie=bc90ec20aabbf327 server_cookie=0 in_seq=0 out_seq=0
2024-09-15T22:35:50.777 INFO:teuthology.orchestra.run.smithi066.stdout:/usr/bin/ceph: stderr
2024-09-15T22:35:49.723+0000 7f5ad5ffb640 1 -- 172.21.15.66:0/3758835679 <== mon.0 v2:172.21.15.66:3300/0 1 ==== mon_map magic: 0 ==== 205+0+0 (secure 0 0 0) 0x7f5ac8037070 con 0x7f5ad81075f0
2024-09-15T22:35:50.777 INFO:teuthology.orchestra.run.smithi066.stdout:/usr/bin/ceph: stderr
2024-09-15T22:35:49.723+0000 7f5ad5ffb640 1 -- 172.21.15.66:0/3758835679 <== mon.0 v2:172.21.15.66:3300/0 2 ==== config(27 keys) ==== 1109+0+0 (secure 0 0 0) 0x7f5ac8032900 con 0x7f5ad81075f0
2024-09-15T22:35:50.777 INFO:teuthology.orchestra.run.smithi066.stdout:/usr/bin/ceph: stderr
2024-09-15T22:35:49.723+0000 7f5ad5ffb640 1 -- 172.21.15.66:0/3758835679 <== mon.0 v2:172.21.15.66:3300/0 3 ==== mon_map magic: 0 ==== 205+0+0 (secure 0 0 0) 0x7f5ac8030850 con 0x7f5ad81075f0
2024-09-15T22:35:50.778 INFO:teuthology.orchestra.run.smithi066.stdout:/usr/bin/ceph: stderr
2024-09-15T22:35:49.724+0000 7f5add518640 1 -- 172.21.15.66:0/3758835679 >> [v2:172.21.15.66:3300/0,v1:172.21.15.66:6789/0] conn(0x7f5ad81075f0 msgr2=0x7f5ad81079f0 secure :-1 s=STATE_CONNECTION_ESTABLISHED l=1).mark_down
2024-09-15T22:35:50.778 INFO:teuthology.orchestra.run.smithi066.stdout:/usr/bin/ceph: stderr
2024-09-15T22:35:49.724+0000 7f5add518640 1 --2- 172.21.15.66:0/3758835679 >> [v2:172.21.15.66:3300/0,v1:172.21.15.66:6789/0] conn(0x7f5ad81075f0 0x7f5ad81079f0 secure :-1 s=READY pgs=47 cs=0 l=1 rev1=1 crypto rx=0x7f5ac8009820 tx=0x7f5ac802a270 comp rx=0 tx=0).stop
2024-09-15T22:35:50.778 INFO:teuthology.orchestra.run.smithi066.stdout:/usr/bin/ceph: stderr
2024-09-15T22:35:49.724+0000 7f5add518640 1 -- 172.21.15.66:0/3758835679 shutdown_connections
2024-09-15T22:35:50.778 INFO:teuthology.orchestra.run.smithi066.stdout:/usr/bin/ceph: stderr
2024-09-15T22:35:49.724+0000 7f5add518640 1 --2- 172.21.15.66:0/3758835679 >> [v2:172.21.15.66:3300/0,v1:172.21.15.66:6789/0] conn(0x7f5ad81075f0 0x7f5ad81079f0 unknown :-1 s=CLOSED pgs=47 cs=0 l=1 rev1=1 crypto rx=0 tx=0 comp rx=0 tx=0).stop
2024-09-15T22:35:50.778 INFO:teuthology.orchestra.run.smithi066.stdout:/usr/bin/ceph: stderr
2024-09-15T22:35:49.724+0000 7f5add518640 1 -- 172.21.15.66:0/3758835679 >> 172.21.15.66:0/3758835679 conn(0x7f5ad8102e70 msgr2=0x7f5ad8105260 unknown :-1 s=STATE_NONE l=0).mark_down
2024-09-15T22:35:50.778 INFO:teuthology.orchestra.run.smithi066.stdout:/usr/bin/ceph: stderr
2024-09-15T22:35:49.724+0000 7f5add518640 1 -- 172.21.15.66:0/3758835679 shutdown_connections
2024-09-15T22:35:50.778 INFO:teuthology.orchestra.run.smithi066.stdout:/usr/bin/ceph: stderr
2024-09-15T22:35:49.724+0000 7f5add518640 1 -- 172.21.15.66:0/3758835679 wait complete.
2024-09-15T22:35:50.778 INFO:teuthology.orchestra.run.smithi066.stdout:/usr/bin/ceph: stderr
2024-09-15T22:35:49.725+0000 7f5add518640 1 Processor -- start
2024-09-15T22:35:50.778 INFO:teuthology.orchestra.run.smithi066.stdout:/usr/bin/ceph: stderr
2024-09-15T22:35:49.725+0000 7f5add518640 1 -- start start
2024-09-15T22:35:50.778 INFO:teuthology.orchestra.run.smithi066.stdout:/usr/bin/ceph: stderr
2024-09-15T22:35:49.725+0000 7f5add518640 1 --2- >> [v2:172.21.15.66:3300/0,v1:172.21.15.66:6789/0] conn(0x7f5ad81075f0 0x7f5ad819b5e0 unknown :-1 s=NONE pgs=0 cs=0 l=1 rev1=0 crypto rx=0 tx=0 comp rx=0 tx=0).connect
2024-09-15T22:35:50.778 INFO:teuthology.orchestra.run.smithi066.stdout:/usr/bin/ceph: stderr
2024-09-15T22:35:49.725+0000 7f5add518640 1 -- --> [v2:172.21.15.66:3300/0,v1:172.21.15.66:6789/0] -- mon_getmap magic: 0 -- 0x7f5ad810bba0 con 0x7f5ad81075f0
2024-09-15T22:35:50.778 INFO:teuthology.orchestra.run.smithi066.stdout:/usr/bin/ceph: stderr
2024-09-15T22:35:49.725+0000 7f5ad6ffd640 1 --2- >> [v2:172.21.15.66:3300/0,v1:172.21.15.66:6789/0] conn(0x7f5ad81075f0 0x7f5ad819b5e0 unknown :-1 s=BANNER_CONNECTING pgs=0 cs=0 l=1 rev1=0 crypto rx=0 tx=0 comp rx=0 tx=0)._handle_peer_banner_payload supported=3 required=0
2024-09-15T22:35:50.778 INFO:teuthology.orchestra.run.smithi066.stdout:/usr/bin/ceph: stderr
2024-09-15T22:35:49.725+0000 7f5ad6ffd640 1 --2- >> [v2:172.21.15.66:3300/0,v1:172.21.15.66:6789/0] conn(0x7f5ad81075f0 0x7f5ad819b5e0 unknown :-1 s=HELLO_CONNECTING pgs=0 cs=0 l=1 rev1=1 crypto rx=0 tx=0 comp rx=0 tx=0).handle_hello peer v2:172.21.15.66:3300/0 says I am v2:172.21.15.66:57848/0 (socket says 172.21.15.66:57848)
2024-09-15T22:35:50.778 INFO:teuthology.orchestra.run.smithi066.stdout:/usr/bin/ceph: stderr
2024-09-15T22:35:49.725+0000 7f5ad6ffd640 1 -- 172.21.15.66:0/42400429 learned_addr learned my addr 172.21.15.66:0/42400429 (peer_addr_for_me v2:172.21.15.66:0/0)
2024-09-15T22:35:50.779 INFO:teuthology.orchestra.run.smithi066.stdout:/usr/bin/ceph: stderr
2024-09-15T22:35:49.725+0000 7f5ad6ffd640 1 -- 172.21.15.66:0/42400429 --> [v2:172.21.15.66:3300/0,v1:172.21.15.66:6789/0] -- mon_subscribe({config=0+,monmap=0+}) -- 0x7f5ad819bb20 con 0x7f5ad81075f0
2024-09-15T22:35:50.779 INFO:teuthology.orchestra.run.smithi066.stdout:/usr/bin/ceph: stderr
2024-09-15T22:35:49.725+0000 7f5ad6ffd640 1 --2- 172.21.15.66:0/42400429 >> [v2:172.21.15.66:3300/0,v1:172.21.15.66:6789/0] conn(0x7f5ad81075f0 0x7f5ad819b5e0 secure :-1 s=READY pgs=48 cs=0 l=1 rev1=1 crypto rx=0x7f5ac8009940 tx=0x7f5ac8032ce0 comp rx=0 tx=0).ready entity=mon.0 client_cookie=0 server_cookie=0 in_seq=0 out_seq=0
2024-09-15T22:35:50.779 INFO:teuthology.orchestra.run.smithi066.stdout:/usr/bin/ceph: stderr
2024-09-15T22:35:49.726+0000 7f5acffff640 1 -- 172.21.15.66:0/42400429 <== mon.0 v2:172.21.15.66:3300/0 1 ==== mon_map magic: 0 ==== 205+0+0 (secure 0 0 0) 0x7f5ac8042070 con 0x7f5ad81075f0
2024-09-15T22:35:50.779 INFO:teuthology.orchestra.run.smithi066.stdout:/usr/bin/ceph: stderr
2024-09-15T22:35:49.726+0000 7f5acffff640 1 -- 172.21.15.66:0/42400429 <== mon.0 v2:172.21.15.66:3300/0 2 ==== config(27 keys) ==== 1109+0+0 (secure 0 0 0) 0x7f5ac80308c0 con 0x7f5ad81075f0
2024-09-15T22:35:50.779 INFO:teuthology.orchestra.run.smithi066.stdout:/usr/bin/ceph: stderr
2024-09-15T22:35:49.726+0000 7f5add518640 1 -- 172.21.15.66:0/42400429 --> [v2:172.21.15.66:3300/0,v1:172.21.15.66:6789/0] -- mon_subscribe({mgrmap=0+}) -- 0x7f5ad819bdb0 con 0x7f5ad81075f0
2024-09-15T22:35:50.779 INFO:teuthology.orchestra.run.smithi066.stdout:/usr/bin/ceph: stderr
2024-09-15T22:35:49.726+0000 7f5acffff640 1 -- 172.21.15.66:0/42400429 <== mon.0 v2:172.21.15.66:3300/0 3 ==== mon_map magic: 0 ==== 205+0+0 (secure 0 0 0) 0x7f5ac8037040 con 0x7f5ad81075f0
2024-09-15T22:35:50.779 INFO:teuthology.orchestra.run.smithi066.stdout:/usr/bin/ceph: stderr
2024-09-15T22:35:49.726+0000 7f5add518640 1 -- 172.21.15.66:0/42400429 --> [v2:172.21.15.66:3300/0,v1:172.21.15.66:6789/0] -- mon_subscribe({osdmap=0}) -- 0x7f5ad819eaa0 con 0x7f5ad81075f0
2024-09-15T22:35:50.779 INFO:teuthology.orchestra.run.smithi066.stdout:/usr/bin/ceph: stderr
2024-09-15T22:35:49.726+0000 7f5acffff640 1 -- 172.21.15.66:0/42400429 <== mon.0 v2:172.21.15.66:3300/0 4 ==== mgrmap(e 8) ==== 46461+0+0 (secure 0 0 0) 0x7f5ac8045070 con 0x7f5ad81075f0
2024-09-15T22:35:50.779 INFO:teuthology.orchestra.run.smithi066.stdout:/usr/bin/ceph: stderr
2024-09-15T22:35:49.727+0000 7f5add518640 1 -- 172.21.15.66:0/42400429 --> [v2:172.21.15.66:3300/0,v1:172.21.15.66:6789/0] -- mon_command({"prefix": "get_command_descriptions"} v 0) -- 0x7f5ad810bd20 con 0x7f5ad81075f0
2024-09-15T22:35:50.779 INFO:teuthology.orchestra.run.smithi066.stdout:/usr/bin/ceph: stderr
2024-09-15T22:35:49.727+0000 7f5acffff640 1 --2- 172.21.15.66:0/42400429 >> [v2:172.21.15.66:6800/1250063396,v1:172.21.15.66:6801/1250063396] conn(0x7f5ac40391b0 0x7f5ac403b670 unknown :-1 s=NONE pgs=0 cs=0 l=1 rev1=0 crypto rx=0 tx=0 comp rx=0 tx=0).connect
2024-09-15T22:35:50.779 INFO:teuthology.orchestra.run.smithi066.stdout:/usr/bin/ceph: stderr
2024-09-15T22:35:49.727+0000 7f5acffff640 1 -- 172.21.15.66:0/42400429 <== mon.0 v2:172.21.15.66:3300/0 5 ==== osd_map(2..2 src has 1..2) ==== 940+0+0 (secure 0 0 0) 0x7f5ac806c4a0 con 0x7f5ad81075f0
2024-09-15T22:35:50.779 INFO:teuthology.orchestra.run.smithi066.stdout:/usr/bin/ceph: stderr
2024-09-15T22:35:49.727+0000 7f5ad67fc640 1 --2- 172.21.15.66:0/42400429 >> [v2:172.21.15.66:6800/1250063396,v1:172.21.15.66:6801/1250063396] conn(0x7f5ac40391b0 0x7f5ac403b670 unknown :-1 s=BANNER_CONNECTING pgs=0 cs=0 l=1 rev1=0 crypto rx=0 tx=0 comp rx=0 tx=0)._handle_peer_banner_payload supported=3 required=0
2024-09-15T22:35:50.779 INFO:teuthology.orchestra.run.smithi066.stdout:/usr/bin/ceph: stderr
2024-09-15T22:35:49.727+0000 7f5ad67fc640 1 --2- 172.21.15.66:0/42400429 >> [v2:172.21.15.66:6800/1250063396,v1:172.21.15.66:6801/1250063396] conn(0x7f5ac40391b0 0x7f5ac403b670 secure :-1 s=READY pgs=13 cs=0 l=1 rev1=1 crypto rx=0x7f5ac00098c0 tx=0x7f5ac0006db0 comp rx=0 tx=0).ready entity=mgr.14118 client_cookie=0 server_cookie=0 in_seq=0 out_seq=0
2024-09-15T22:35:50.779 INFO:teuthology.orchestra.run.smithi066.stdout:/usr/bin/ceph: stderr
2024-09-15T22:35:49.732+0000 7f5acffff640 1 -- 172.21.15.66:0/42400429 <== mon.0 v2:172.21.15.66:3300/0 6 ==== mon_command_ack([{"prefix": "get_command_descriptions"}]=0 v0) ==== 72+0+188821 (secure 0 0 0) 0x7f5ac8045520 con 0x7f5ad81075f0
2024-09-15T22:35:50.780 INFO:teuthology.orchestra.run.smithi066.stdout:/usr/bin/ceph: stderr
2024-09-15T22:35:49.921+0000 7f5add518640 1 -- 172.21.15.66:0/42400429 --> [v2:172.21.15.66:6800/1250063396,v1:172.21.15.66:6801/1250063396] -- mgr_command(tid 0: {"prefix": "orch apply", "service_type": "mgr", "unmanaged": true, "target": ["mon-mgr", ""]}) -- 0x7f5ad8104070 con 0x7f5ac40391b0
2024-09-15T22:35:50.780 INFO:teuthology.orchestra.run.smithi066.stdout:/usr/bin/ceph: stderr
2024-09-15T22:35:49.925+0000 7f5acffff640 1 -- 172.21.15.66:0/42400429 <== mgr.14118 v2:172.21.15.66:6800/1250063396 1 ==== mgr_command_reply(tid 0: 0 ) ==== 8+0+24 (secure 0 0 0) 0x7f5ad8104070 con 0x7f5ac40391b0
2024-09-15T22:35:50.780 INFO:teuthology.orchestra.run.smithi066.stdout:/usr/bin/ceph: stderr
2024-09-15T22:35:49.928+0000 7f5add518640 1 -- 172.21.15.66:0/42400429 >> [v2:172.21.15.66:6800/1250063396,v1:172.21.15.66:6801/1250063396] conn(0x7f5ac40391b0 msgr2=0x7f5ac403b670 secure :-1 s=STATE_CONNECTION_ESTABLISHED l=1).mark_down
2024-09-15T22:35:50.780 INFO:teuthology.orchestra.run.smithi066.stdout:/usr/bin/ceph: stderr
2024-09-15T22:35:49.928+0000 7f5add518640 1 --2- 172.21.15.66:0/42400429 >> [v2:172.21.15.66:6800/1250063396,v1:172.21.15.66:6801/1250063396] conn(0x7f5ac40391b0 0x7f5ac403b670 secure :-1 s=READY pgs=13 cs=0 l=1 rev1=1 crypto rx=0x7f5ac00098c0 tx=0x7f5ac0006db0 comp rx=0 tx=0).stop
2024-09-15T22:35:50.780 INFO:teuthology.orchestra.run.smithi066.stdout:/usr/bin/ceph: stderr
2024-09-15T22:35:49.928+0000 7f5add518640 1 -- 172.21.15.66:0/42400429 >> [v2:172.21.15.66:3300/0,v1:172.21.15.66:6789/0] conn(0x7f5ad81075f0 msgr2=0x7f5ad819b5e0 secure :-1 s=STATE_CONNECTION_ESTABLISHED l=1).mark_down
2024-09-15T22:35:50.780 INFO:teuthology.orchestra.run.smithi066.stdout:/usr/bin/ceph: stderr
2024-09-15T22:35:49.928+0000 7f5add518640 1 --2- 172.21.15.66:0/42400429 >> [v2:172.21.15.66:3300/0,v1:172.21.15.66:6789/0] conn(0x7f5ad81075f0 0x7f5ad819b5e0 secure :-1 s=READY pgs=48 cs=0 l=1 rev1=1 crypto rx=0x7f5ac8009940 tx=0x7f5ac8032ce0 comp rx=0 tx=0).stop
2024-09-15T22:35:50.780 INFO:teuthology.orchestra.run.smithi066.stdout:/usr/bin/ceph: stderr
2024-09-15T22:35:49.928+0000 7f5add518640 1 -- 172.21.15.66:0/42400429 shutdown_connections
2024-09-15T22:35:50.780 INFO:teuthology.orchestra.run.smithi066.stdout:/usr/bin/ceph: stderr
2024-09-15T22:35:49.928+0000 7f5add518640 1 --2- 172.21.15.66:0/42400429 >> [v2:172.21.15.66:6800/1250063396,v1:172.21.15.66:6801/1250063396] conn(0x7f5ac40391b0 0x7f5ac403b670 unknown :-1 s=CLOSED pgs=13 cs=0 l=1 rev1=1 crypto rx=0 tx=0 comp rx=0 tx=0).stop
2024-09-15T22:35:50.780 INFO:teuthology.orchestra.run.smithi066.stdout:/usr/bin/ceph: stderr
2024-09-15T22:35:49.928+0000 7f5add518640 1 --2- 172.21.15.66:0/42400429 >> [v2:172.21.15.66:3300/0,v1:172.21.15.66:6789/0] conn(0x7f5ad81075f0 0x7f5ad819b5e0 unknown :-1 s=CLOSED pgs=48 cs=0 l=1 rev1=1 crypto rx=0 tx=0 comp rx=0 tx=0).stop
2024-09-15T22:35:50.780 INFO:teuthology.orchestra.run.smithi066.stdout:/usr/bin/ceph: stderr
2024-09-15T22:35:49.928+0000 7f5add518640 1 -- 172.21.15.66:0/42400429 >> 172.21.15.66:0/42400429 conn(0x7f5ad8102e70 msgr2=0x7f5ad8103960 unknown :-1 s=STATE_NONE l=0).mark_down
2024-09-15T22:35:50.780 INFO:teuthology.orchestra.run.smithi066.stdout:/usr/bin/ceph: stderr
2024-09-15T22:35:49.928+0000 7f5add518640 1 -- 172.21.15.66:0/42400429 shutdown_connections
2024-09-15T22:35:50.780 INFO:teuthology.orchestra.run.smithi066.stdout:/usr/bin/ceph: stderr
2024-09-15T22:35:49.928+0000 7f5add518640 1 -- 172.21.15.66:0/42400429 wait complete.
2024-09-15T22:35:51.047 INFO:journalctl@ceph.mon.a.smithi066.stdout:Sep 15 22:35:50 smithi066 ceph-mon[31185]: from='client.14142 -' entity='client.admin' cmd=[{"prefix": "orch apply", "service_type": "mgr", "unmanaged": true, "target": ["mon-mgr", ""]}]: dispatch
2024-09-15T22:35:51.047 INFO:journalctl@ceph.mon.a.smithi066.stdout:Sep 15 22:35:50 smithi066 ceph-mon[31185]: Saving service mgr spec with placement count:2
2024-09-15T22:35:51.047 INFO:journalctl@ceph.mon.a.smithi066.stdout:Sep 15 22:35:50 smithi066 ceph-mon[31185]: from='mgr.14118 172.21.15.66:0/4034718823' entity='mgr.x'
2024-09-15T22:35:51.047 INFO:journalctl@ceph.mon.a.smithi066.stdout:Sep 15 22:35:50 smithi066 ceph-mon[31185]: from='mgr.14118 172.21.15.66:0/4034718823' entity='mgr.x'
2024-09-15T22:35:51.833 INFO:teuthology.orchestra.run.smithi066.stdout:/usr/bin/ceph: stderr
2024-09-15T22:35:51.136+0000 7f8ae2c2d640 1 Processor -- start
2024-09-15T22:35:51.833 INFO:teuthology.orchestra.run.smithi066.stdout:/usr/bin/ceph: stderr
2024-09-15T22:35:51.136+0000 7f8ae2c2d640 1 -- start start
2024-09-15T22:35:51.833 INFO:teuthology.orchestra.run.smithi066.stdout:/usr/bin/ceph: stderr
2024-09-15T22:35:51.136+0000 7f8ae2c2d640 1 --2- >> [v2:172.21.15.66:3300/0,v1:172.21.15.66:6789/0] conn(0x7f8adc1080b0 0x7f8adc10a4a0 unknown :-1 s=NONE pgs=0 cs=0 l=0 rev1=0 crypto rx=0 tx=0 comp rx=0 tx=0).connect
2024-09-15T22:35:51.833 INFO:teuthology.orchestra.run.smithi066.stdout:/usr/bin/ceph: stderr
2024-09-15T22:35:51.136+0000 7f8ae2c2d640 1 -- --> [v2:172.21.15.66:3300/0,v1:172.21.15.66:6789/0] -- mon_getmap magic: 0 -- 0x7f8adc07bdf0 con 0x7f8adc1080b0
2024-09-15T22:35:51.833 INFO:teuthology.orchestra.run.smithi066.stdout:/usr/bin/ceph: stderr
2024-09-15T22:35:51.137+0000 7f8ae09c9640 1 --2- >> [v2:172.21.15.66:3300/0,v1:172.21.15.66:6789/0] conn(0x7f8adc1080b0 0x7f8adc10a4a0 unknown :-1 s=BANNER_CONNECTING pgs=0 cs=0 l=0 rev1=0 crypto rx=0 tx=0 comp rx=0 tx=0)._handle_peer_banner_payload supported=3 required=0
2024-09-15T22:35:51.834 INFO:teuthology.orchestra.run.smithi066.stdout:/usr/bin/ceph: stderr
2024-09-15T22:35:51.137+0000 7f8ae09c9640 1 --2- >> [v2:172.21.15.66:3300/0,v1:172.21.15.66:6789/0] conn(0x7f8adc1080b0 0x7f8adc10a4a0 unknown :-1 s=HELLO_CONNECTING pgs=0 cs=0 l=0 rev1=1 crypto rx=0 tx=0 comp rx=0 tx=0).handle_hello peer v2:172.21.15.66:3300/0 says I am v2:172.21.15.66:57858/0 (socket says 172.21.15.66:57858)
2024-09-15T22:35:51.834 INFO:teuthology.orchestra.run.smithi066.stdout:/usr/bin/ceph: stderr
2024-09-15T22:35:51.137+0000 7f8ae09c9640 1 -- 172.21.15.66:0/1431070293 learned_addr learned my addr 172.21.15.66:0/1431070293 (peer_addr_for_me v2:172.21.15.66:0/0)
2024-09-15T22:35:51.834 INFO:teuthology.orchestra.run.smithi066.stdout:/usr/bin/ceph: stderr
2024-09-15T22:35:51.137+0000 7f8ae09c9640 1 -- 172.21.15.66:0/1431070293 --> [v2:172.21.15.66:3300/0,v1:172.21.15.66:6789/0] -- mon_subscribe({config=0+,monmap=0+}) -- 0x7f8adc10a9e0 con 0x7f8adc1080b0
2024-09-15T22:35:51.834 INFO:teuthology.orchestra.run.smithi066.stdout:/usr/bin/ceph: stderr
2024-09-15T22:35:51.138+0000 7f8ae09c9640 1 --2- 172.21.15.66:0/1431070293 >> [v2:172.21.15.66:3300/0,v1:172.21.15.66:6789/0] conn(0x7f8adc1080b0 0x7f8adc10a4a0 secure :-1 s=READY pgs=49 cs=0 l=1 rev1=1 crypto rx=0x7f8ad8009820 tx=0x7f8ad802a270 comp rx=0 tx=0).ready entity=mon.0 client_cookie=81ffcf8a7b282e6d server_cookie=0 in_seq=0 out_seq=0
2024-09-15T22:35:51.834 INFO:teuthology.orchestra.run.smithi066.stdout:/usr/bin/ceph: stderr
2024-09-15T22:35:51.138+0000 7f8ad37fe640 1 -- 172.21.15.66:0/1431070293 <== mon.0 v2:172.21.15.66:3300/0 1 ==== mon_map magic: 0 ==== 205+0+0 (secure 0 0 0) 0x7f8ad8037070 con 0x7f8adc1080b0
2024-09-15T22:35:51.834 INFO:teuthology.orchestra.run.smithi066.stdout:/usr/bin/ceph: stderr
2024-09-15T22:35:51.138+0000 7f8ad37fe640 1 -- 172.21.15.66:0/1431070293 <== mon.0 v2:172.21.15.66:3300/0 2 ==== config(27 keys) ==== 1140+0+0 (secure 0 0 0) 0x7f8ad8032920 con 0x7f8adc1080b0
2024-09-15T22:35:51.834 INFO:teuthology.orchestra.run.smithi066.stdout:/usr/bin/ceph: stderr
2024-09-15T22:35:51.138+0000 7f8ad37fe640 1 -- 172.21.15.66:0/1431070293 <== mon.0 v2:172.21.15.66:3300/0 3 ==== mon_map magic: 0 ==== 205+0+0 (secure 0 0 0) 0x7f8ad8030810 con 0x7f8adc1080b0
2024-09-15T22:35:51.834 INFO:teuthology.orchestra.run.smithi066.stdout:/usr/bin/ceph: stderr
2024-09-15T22:35:51.139+0000 7f8ae2c2d640 1 -- 172.21.15.66:0/1431070293 >> [v2:172.21.15.66:3300/0,v1:172.21.15.66:6789/0] conn(0x7f8adc1080b0 msgr2=0x7f8adc10a4a0 secure :-1 s=STATE_CONNECTION_ESTABLISHED l=1).mark_down
2024-09-15T22:35:51.834 INFO:teuthology.orchestra.run.smithi066.stdout:/usr/bin/ceph: stderr
2024-09-15T22:35:51.139+0000 7f8ae2c2d640 1 --2- 172.21.15.66:0/1431070293 >> [v2:172.21.15.66:3300/0,v1:172.21.15.66:6789/0] conn(0x7f8adc1080b0 0x7f8adc10a4a0 secure :-1 s=READY pgs=49 cs=0 l=1 rev1=1 crypto rx=0x7f8ad8009820 tx=0x7f8ad802a270 comp rx=0 tx=0).stop
2024-09-15T22:35:51.834 INFO:teuthology.orchestra.run.smithi066.stdout:/usr/bin/ceph: stderr
2024-09-15T22:35:51.139+0000 7f8ae2c2d640 1 -- 172.21.15.66:0/1431070293 shutdown_connections
2024-09-15T22:35:51.834 INFO:teuthology.orchestra.run.smithi066.stdout:/usr/bin/ceph: stderr
2024-09-15T22:35:51.139+0000 7f8ae2c2d640 1 --2- 172.21.15.66:0/1431070293 >> [v2:172.21.15.66:3300/0,v1:172.21.15.66:6789/0] conn(0x7f8adc1080b0 0x7f8adc10a4a0 unknown :-1 s=CLOSED pgs=49 cs=0 l=1 rev1=1 crypto rx=0 tx=0 comp rx=0 tx=0).stop
2024-09-15T22:35:51.834 INFO:teuthology.orchestra.run.smithi066.stdout:/usr/bin/ceph: stderr
2024-09-15T22:35:51.139+0000 7f8ae2c2d640 1 -- 172.21.15.66:0/1431070293 >> 172.21.15.66:0/1431070293 conn(0x7f8adc101c50 msgr2=0x7f8adc104090 unknown :-1 s=STATE_NONE l=0).mark_down
2024-09-15T22:35:51.835 INFO:teuthology.orchestra.run.smithi066.stdout:/usr/bin/ceph: stderr
2024-09-15T22:35:51.139+0000 7f8ae2c2d640 1 -- 172.21.15.66:0/1431070293 shutdown_connections
2024-09-15T22:35:51.835 INFO:teuthology.orchestra.run.smithi066.stdout:/usr/bin/ceph: stderr
2024-09-15T22:35:51.139+0000 7f8ae2c2d640 1 -- 172.21.15.66:0/1431070293 wait complete.
2024-09-15T22:35:51.835 INFO:teuthology.orchestra.run.smithi066.stdout:/usr/bin/ceph: stderr
2024-09-15T22:35:51.139+0000 7f8ae2c2d640 1 Processor -- start
2024-09-15T22:35:51.835 INFO:teuthology.orchestra.run.smithi066.stdout:/usr/bin/ceph: stderr
2024-09-15T22:35:51.139+0000 7f8ae2c2d640 1 -- start start
2024-09-15T22:35:51.835 INFO:teuthology.orchestra.run.smithi066.stdout:/usr/bin/ceph: stderr
2024-09-15T22:35:51.140+0000 7f8ae2c2d640 1 --2- >> [v2:172.21.15.66:3300/0,v1:172.21.15.66:6789/0] conn(0x7f8adc1080b0 0x7f8adc19b630 unknown :-1 s=NONE pgs=0 cs=0 l=1 rev1=0 crypto rx=0 tx=0 comp rx=0 tx=0).connect
2024-09-15T22:35:51.835 INFO:teuthology.orchestra.run.smithi066.stdout:/usr/bin/ceph: stderr
2024-09-15T22:35:51.140+0000 7f8ae2c2d640 1 -- --> [v2:172.21.15.66:3300/0,v1:172.21.15.66:6789/0] -- mon_getmap magic: 0 -- 0x7f8adc10ba00 con 0x7f8adc1080b0
2024-09-15T22:35:51.835 INFO:teuthology.orchestra.run.smithi066.stdout:/usr/bin/ceph: stderr
2024-09-15T22:35:51.140+0000 7f8ae09c9640 1 --2- >> [v2:172.21.15.66:3300/0,v1:172.21.15.66:6789/0] conn(0x7f8adc1080b0 0x7f8adc19b630 unknown :-1 s=BANNER_CONNECTING pgs=0 cs=0 l=1 rev1=0 crypto rx=0 tx=0 comp rx=0 tx=0)._handle_peer_banner_payload supported=3 required=0
2024-09-15T22:35:51.835 INFO:teuthology.orchestra.run.smithi066.stdout:/usr/bin/ceph: stderr
2024-09-15T22:35:51.140+0000 7f8ae09c9640 1 --2- >> [v2:172.21.15.66:3300/0,v1:172.21.15.66:6789/0] conn(0x7f8adc1080b0 0x7f8adc19b630 unknown :-1 s=HELLO_CONNECTING pgs=0 cs=0 l=1 rev1=1 crypto rx=0 tx=0 comp rx=0 tx=0).handle_hello peer v2:172.21.15.66:3300/0 says I am v2:172.21.15.66:57860/0 (socket says 172.21.15.66:57860)
2024-09-15T22:35:51.835 INFO:teuthology.orchestra.run.smithi066.stdout:/usr/bin/ceph: stderr
2024-09-15T22:35:51.140+0000 7f8ae09c9640 1 -- 172.21.15.66:0/3203886202 learned_addr learned my addr 172.21.15.66:0/3203886202 (peer_addr_for_me v2:172.21.15.66:0/0)
2024-09-15T22:35:51.835 INFO:teuthology.orchestra.run.smithi066.stdout:/usr/bin/ceph: stderr
2024-09-15T22:35:51.140+0000 7f8ae09c9640 1 -- 172.21.15.66:0/3203886202 --> [v2:172.21.15.66:3300/0,v1:172.21.15.66:6789/0] -- mon_subscribe({config=0+,monmap=0+}) -- 0x7f8adc19bb70 con 0x7f8adc1080b0
2024-09-15T22:35:51.835 INFO:teuthology.orchestra.run.smithi066.stdout:/usr/bin/ceph: stderr
2024-09-15T22:35:51.140+0000 7f8ae09c9640 1 --2- 172.21.15.66:0/3203886202 >> [v2:172.21.15.66:3300/0,v1:172.21.15.66:6789/0] conn(0x7f8adc1080b0 0x7f8adc19b630 secure :-1 s=READY pgs=50 cs=0 l=1 rev1=1 crypto rx=0x7f8ad80097f0 tx=0x7f8ad80327b0 comp rx=0 tx=0).ready entity=mon.0 client_cookie=0 server_cookie=0 in_seq=0 out_seq=0
2024-09-15T22:35:51.835 INFO:teuthology.orchestra.run.smithi066.stdout:/usr/bin/ceph: stderr
2024-09-15T22:35:51.140+0000 7f8ad1ffb640 1 -- 172.21.15.66:0/3203886202 <== mon.0 v2:172.21.15.66:3300/0 1 ==== mon_map magic: 0 ==== 205+0+0 (secure 0 0 0) 0x7f8ad8037040 con 0x7f8adc1080b0
2024-09-15T22:35:51.835 INFO:teuthology.orchestra.run.smithi066.stdout:/usr/bin/ceph: stderr
2024-09-15T22:35:51.140+0000 7f8ad1ffb640 1 -- 172.21.15.66:0/3203886202 <== mon.0 v2:172.21.15.66:3300/0 2 ==== config(27 keys) ==== 1140+0+0 (secure 0 0 0) 0x7f8ad8030c40 con 0x7f8adc1080b0
2024-09-15T22:35:51.836 INFO:teuthology.orchestra.run.smithi066.stdout:/usr/bin/ceph: stderr
2024-09-15T22:35:51.140+0000 7f8ae2c2d640 1 -- 172.21.15.66:0/3203886202 --> [v2:172.21.15.66:3300/0,v1:172.21.15.66:6789/0] -- mon_subscribe({mgrmap=0+}) -- 0x7f8adc19be00 con 0x7f8adc1080b0
2024-09-15T22:35:51.836 INFO:teuthology.orchestra.run.smithi066.stdout:/usr/bin/ceph: stderr
2024-09-15T22:35:51.140+0000 7f8ad1ffb640 1 -- 172.21.15.66:0/3203886202 <== mon.0 v2:172.21.15.66:3300/0 3 ==== mon_map magic: 0 ==== 205+0+0 (secure 0 0 0) 0x7f8ad803a5d0 con 0x7f8adc1080b0
2024-09-15T22:35:51.836 INFO:teuthology.orchestra.run.smithi066.stdout:/usr/bin/ceph: stderr
2024-09-15T22:35:51.141+0000 7f8ae2c2d640 1 -- 172.21.15.66:0/3203886202 --> [v2:172.21.15.66:3300/0,v1:172.21.15.66:6789/0] -- mon_subscribe({osdmap=0}) -- 0x7f8adc19eaf0 con 0x7f8adc1080b0
2024-09-15T22:35:51.836 INFO:teuthology.orchestra.run.smithi066.stdout:/usr/bin/ceph: stderr
2024-09-15T22:35:51.142+0000 7f8ae2c2d640 1 -- 172.21.15.66:0/3203886202 --> [v2:172.21.15.66:3300/0,v1:172.21.15.66:6789/0] -- mon_command({"prefix": "get_command_descriptions"} v 0) -- 0x7f8adc108510 con 0x7f8adc1080b0
2024-09-15T22:35:51.836 INFO:teuthology.orchestra.run.smithi066.stdout:/usr/bin/ceph: stderr
2024-09-15T22:35:51.142+0000 7f8ad1ffb640 1 -- 172.21.15.66:0/3203886202 <== mon.0 v2:172.21.15.66:3300/0 4 ==== mgrmap(e 8) ==== 46461+0+0 (secure 0 0 0) 0x7f8ad803a810 con 0x7f8adc1080b0
2024-09-15T22:35:51.836 INFO:teuthology.orchestra.run.smithi066.stdout:/usr/bin/ceph: stderr
2024-09-15T22:35:51.142+0000 7f8ad1ffb640 1 --2- 172.21.15.66:0/3203886202 >> [v2:172.21.15.66:6800/1250063396,v1:172.21.15.66:6801/1250063396] conn(0x7f8ac40391b0 0x7f8ac403b670 unknown :-1 s=NONE pgs=0 cs=0 l=1 rev1=0 crypto rx=0 tx=0 comp rx=0 tx=0).connect
2024-09-15T22:35:51.836 INFO:teuthology.orchestra.run.smithi066.stdout:/usr/bin/ceph: stderr
2024-09-15T22:35:51.142+0000 7f8ad1ffb640 1 -- 172.21.15.66:0/3203886202 <== mon.0 v2:172.21.15.66:3300/0 5 ==== osd_map(2..2 src has 1..2) ==== 940+0+0 (secure 0 0 0) 0x7f8ad806c8c0 con 0x7f8adc1080b0
2024-09-15T22:35:51.836 INFO:teuthology.orchestra.run.smithi066.stdout:/usr/bin/ceph: stderr
2024-09-15T22:35:51.142+0000 7f8ad3fff640 1 --2- 172.21.15.66:0/3203886202 >> [v2:172.21.15.66:6800/1250063396,v1:172.21.15.66:6801/1250063396] conn(0x7f8ac40391b0 0x7f8ac403b670 unknown :-1 s=BANNER_CONNECTING pgs=0 cs=0 l=1 rev1=0 crypto rx=0 tx=0 comp rx=0 tx=0)._handle_peer_banner_payload supported=3 required=0
2024-09-15T22:35:51.836 INFO:teuthology.orchestra.run.smithi066.stdout:/usr/bin/ceph: stderr
2024-09-15T22:35:51.143+0000 7f8ad3fff640 1 --2- 172.21.15.66:0/3203886202 >> [v2:172.21.15.66:6800/1250063396,v1:172.21.15.66:6801/1250063396] conn(0x7f8ac40391b0 0x7f8ac403b670 secure :-1 s=READY pgs=14 cs=0 l=1 rev1=1 crypto rx=0x7f8acc0098c0 tx=0x7f8acc006db0 comp rx=0 tx=0).ready entity=mgr.14118 client_cookie=0 server_cookie=0 in_seq=0 out_seq=0
2024-09-15T22:35:51.836 INFO:teuthology.orchestra.run.smithi066.stdout:/usr/bin/ceph: stderr
2024-09-15T22:35:51.147+0000 7f8ad1ffb640 1 -- 172.21.15.66:0/3203886202 <== mon.0 v2:172.21.15.66:3300/0 6 ==== mon_command_ack([{"prefix": "get_command_descriptions"}]=0 v0) ==== 72+0+188821 (secure 0 0 0) 0x7f8ad80319f0 con 0x7f8adc1080b0
2024-09-15T22:35:51.836 INFO:teuthology.orchestra.run.smithi066.stdout:/usr/bin/ceph: stderr
2024-09-15T22:35:51.324+0000 7f8ae2c2d640 1 -- 172.21.15.66:0/3203886202 --> [v2:172.21.15.66:3300/0,v1:172.21.15.66:6789/0] -- mon_command([{prefix=config set, name=mgr/cephadm/container_init}] v 0) -- 0x7f8adc19f0e0 con 0x7f8adc1080b0
2024-09-15T22:35:51.836 INFO:teuthology.orchestra.run.smithi066.stdout:/usr/bin/ceph: stderr
2024-09-15T22:35:51.329+0000 7f8ad1ffb640 1 -- 172.21.15.66:0/3203886202 <== mon.0 v2:172.21.15.66:3300/0 7 ==== mon_command_ack([{prefix=config set, name=mgr/cephadm/container_init}]=0 v7)=0 v7) ==== 142+0+0 (secure 0 0 0) 0x7f8ad8031c50 con 0x7f8adc1080b0
2024-09-15T22:35:51.837 INFO:teuthology.orchestra.run.smithi066.stdout:/usr/bin/ceph: stderr
2024-09-15T22:35:51.332+0000 7f8ae2c2d640 1 -- 172.21.15.66:0/3203886202 >> [v2:172.21.15.66:6800/1250063396,v1:172.21.15.66:6801/1250063396] conn(0x7f8ac40391b0 msgr2=0x7f8ac403b670 secure :-1 s=STATE_CONNECTION_ESTABLISHED l=1).mark_down
2024-09-15T22:35:51.837 INFO:teuthology.orchestra.run.smithi066.stdout:/usr/bin/ceph: stderr
2024-09-15T22:35:51.332+0000 7f8ae2c2d640 1 --2- 172.21.15.66:0/3203886202 >> [v2:172.21.15.66:6800/1250063396,v1:172.21.15.66:6801/1250063396] conn(0x7f8ac40391b0 0x7f8ac403b670 secure :-1 s=READY pgs=14 cs=0 l=1 rev1=1 crypto rx=0x7f8acc0098c0 tx=0x7f8acc006db0 comp rx=0 tx=0).stop
2024-09-15T22:35:51.837 INFO:teuthology.orchestra.run.smithi066.stdout:/usr/bin/ceph: stderr
2024-09-15T22:35:51.332+0000 7f8ae2c2d640 1 -- 172.21.15.66:0/3203886202 >> [v2:172.21.15.66:3300/0,v1:172.21.15.66:6789/0] conn(0x7f8adc1080b0 msgr2=0x7f8adc19b630 secure :-1 s=STATE_CONNECTION_ESTABLISHED l=1).mark_down
2024-09-15T22:35:51.837 INFO:teuthology.orchestra.run.smithi066.stdout:/usr/bin/ceph: stderr
2024-09-15T22:35:51.332+0000 7f8ae2c2d640 1 --2- 172.21.15.66:0/3203886202 >> [v2:172.21.15.66:3300/0,v1:172.21.15.66:6789/0] conn(0x7f8adc1080b0 0x7f8adc19b630 secure :-1 s=READY pgs=50 cs=0 l=1 rev1=1 crypto rx=0x7f8ad80097f0 tx=0x7f8ad80327b0 comp rx=0 tx=0).stop
2024-09-15T22:35:51.837 INFO:teuthology.orchestra.run.smithi066.stdout:/usr/bin/ceph: stderr
2024-09-15T22:35:51.332+0000 7f8ae2c2d640 1 -- 172.21.15.66:0/3203886202 shutdown_connections
2024-09-15T22:35:51.837 INFO:teuthology.orchestra.run.smithi066.stdout:/usr/bin/ceph: stderr
2024-09-15T22:35:51.332+0000 7f8ae2c2d640 1 --2- 172.21.15.66:0/3203886202 >> [v2:172.21.15.66:6800/1250063396,v1:172.21.15.66:6801/1250063396] conn(0x7f8ac40391b0 0x7f8ac403b670 unknown :-1 s=CLOSED pgs=14 cs=0 l=1 rev1=1 crypto rx=0 tx=0 comp rx=0 tx=0).stop
2024-09-15T22:35:51.837 INFO:teuthology.orchestra.run.smithi066.stdout:/usr/bin/ceph: stderr
2024-09-15T22:35:51.332+0000 7f8ae2c2d640 1 --2- 172.21.15.66:0/3203886202 >> [v2:172.21.15.66:3300/0,v1:172.21.15.66:6789/0] conn(0x7f8adc1080b0 0x7f8adc19b630 unknown :-1 s=CLOSED pgs=50 cs=0 l=1 rev1=1 crypto rx=0 tx=0 comp rx=0 tx=0).stop
2024-09-15T22:35:51.837 INFO:teuthology.orchestra.run.smithi066.stdout:/usr/bin/ceph: stderr
2024-09-15T22:35:51.332+0000 7f8ae2c2d640 1 -- 172.21.15.66:0/3203886202 >> 172.21.15.66:0/3203886202 conn(0x7f8adc101c50 msgr2=0x7f8adc102850 unknown :-1 s=STATE_NONE l=0).mark_down
2024-09-15T22:35:51.837 INFO:teuthology.orchestra.run.smithi066.stdout:/usr/bin/ceph: stderr
2024-09-15T22:35:51.332+0000 7f8ae2c2d640 1 -- 172.21.15.66:0/3203886202 shutdown_connections
2024-09-15T22:35:51.837 INFO:teuthology.orchestra.run.smithi066.stdout:/usr/bin/ceph: stderr
2024-09-15T22:35:51.332+0000 7f8ae2c2d640 1 -- 172.21.15.66:0/3203886202 wait complete.
2024-09-15T22:35:52.198 INFO:journalctl@ceph.mon.a.smithi066.stdout:Sep 15 22:35:52 smithi066 ceph-mon[31185]: from='mgr.14118 172.21.15.66:0/4034718823' entity='mgr.x'
2024-09-15T22:35:52.199 INFO:journalctl@ceph.mon.a.smithi066.stdout:Sep 15 22:35:52 smithi066 ceph-mon[31185]: from='client.? 172.21.15.66:0/3203886202' entity='client.admin'
2024-09-15T22:35:53.693 INFO:journalctl@ceph.mon.a.smithi066.stdout:Sep 15 22:35:53 smithi066 ceph-mon[31185]: from='client.? 172.21.15.66:0/832157926' entity='client.admin'
2024-09-15T22:35:53.693 INFO:journalctl@ceph.mon.a.smithi066.stdout:Sep 15 22:35:53 smithi066 ceph-mon[31185]: from='mgr.14118 172.21.15.66:0/4034718823' entity='mgr.x'
2024-09-15T22:35:53.700 INFO:teuthology.orchestra.run.smithi066.stdout:/usr/bin/ceph: stderr
2024-09-15T22:35:52.209+0000 7fac37bf4640 1 Processor -- start
2024-09-15T22:35:53.700 INFO:teuthology.orchestra.run.smithi066.stdout:/usr/bin/ceph: stderr
2024-09-15T22:35:52.209+0000 7fac37bf4640 1 -- start start
2024-09-15T22:35:53.700 INFO:teuthology.orchestra.run.smithi066.stdout:/usr/bin/ceph: stderr
2024-09-15T22:35:52.209+0000 7fac37bf4640 1 --2- >> [v2:172.21.15.66:3300/0,v1:172.21.15.66:6789/0] conn(0x7fac301075f0 0x7fac301079f0 unknown :-1 s=NONE pgs=0 cs=0 l=0 rev1=0 crypto rx=0 tx=0 comp rx=0 tx=0).connect
2024-09-15T22:35:53.700 INFO:teuthology.orchestra.run.smithi066.stdout:/usr/bin/ceph: stderr
2024-09-15T22:35:52.209+0000 7fac37bf4640 1 -- --> [v2:172.21.15.66:3300/0,v1:172.21.15.66:6789/0] -- mon_getmap magic: 0 -- 0x7fac30107fc0 con 0x7fac301075f0
2024-09-15T22:35:53.700 INFO:teuthology.orchestra.run.smithi066.stdout:/usr/bin/ceph: stderr
2024-09-15T22:35:52.209+0000 7fac35990640 1 --2- >> [v2:172.21.15.66:3300/0,v1:172.21.15.66:6789/0] conn(0x7fac301075f0 0x7fac301079f0 unknown :-1 s=BANNER_CONNECTING pgs=0 cs=0 l=0 rev1=0 crypto rx=0 tx=0 comp rx=0 tx=0)._handle_peer_banner_payload supported=3 required=0
2024-09-15T22:35:53.700 INFO:teuthology.orchestra.run.smithi066.stdout:/usr/bin/ceph: stderr
2024-09-15T22:35:52.210+0000 7fac35990640 1 --2- >> [v2:172.21.15.66:3300/0,v1:172.21.15.66:6789/0] conn(0x7fac301075f0 0x7fac301079f0 unknown :-1 s=HELLO_CONNECTING pgs=0 cs=0 l=0 rev1=1 crypto rx=0 tx=0 comp rx=0 tx=0).handle_hello peer v2:172.21.15.66:3300/0 says I am v2:172.21.15.66:57874/0 (socket says 172.21.15.66:57874)
2024-09-15T22:35:53.701 INFO:teuthology.orchestra.run.smithi066.stdout:/usr/bin/ceph: stderr
2024-09-15T22:35:52.210+0000 7fac35990640 1 -- 172.21.15.66:0/4286457118 learned_addr learned my addr 172.21.15.66:0/4286457118 (peer_addr_for_me v2:172.21.15.66:0/0)
2024-09-15T22:35:53.701 INFO:teuthology.orchestra.run.smithi066.stdout:/usr/bin/ceph: stderr
2024-09-15T22:35:52.210+0000 7fac35990640 1 -- 172.21.15.66:0/4286457118 --> [v2:172.21.15.66:3300/0,v1:172.21.15.66:6789/0] -- mon_subscribe({config=0+,monmap=0+}) -- 0x7fac301087f0 con 0x7fac301075f0
2024-09-15T22:35:53.701 INFO:teuthology.orchestra.run.smithi066.stdout:/usr/bin/ceph: stderr
