2024-09-15T22:35:41.274 INFO:teuthology.orchestra.run.smithi066.stdout:/usr/bin/ceph: stderr
2024-09-15T22:35:40.378+0000 7fa4beda1640 1 -- start start
2024-09-15T22:35:41.274 INFO:teuthology.orchestra.run.smithi066.stdout:/usr/bin/ceph: stderr
2024-09-15T22:35:40.379+0000 7fa4beda1640 1 --2- >> [v2:172.21.15.66:3300/0,v1:172.21.15.66:6789/0] conn(0x7fa4b81075f0 0x7fa4b81079f0 unknown :-1 s=NONE pgs=0 cs=0 l=0 rev1=0 crypto rx=0 tx=0 comp rx=0 tx=0).connect
2024-09-15T22:35:41.274 INFO:teuthology.orchestra.run.smithi066.stdout:/usr/bin/ceph: stderr
2024-09-15T22:35:40.379+0000 7fa4beda1640 1 -- --> [v2:172.21.15.66:3300/0,v1:172.21.15.66:6789/0] -- mon_getmap magic: 0 -- 0x7fa4b8107fc0 con 0x7fa4b81075f0
2024-09-15T22:35:41.274 INFO:teuthology.orchestra.run.smithi066.stdout:/usr/bin/ceph: stderr
2024-09-15T22:35:40.379+0000 7fa4bcb3d640 1 --2- >> [v2:172.21.15.66:3300/0,v1:172.21.15.66:6789/0] conn(0x7fa4b81075f0 0x7fa4b81079f0 unknown :-1 s=BANNER_CONNECTING pgs=0 cs=0 l=0 rev1=0 crypto rx=0 tx=0 comp rx=0 tx=0)._handle_peer_banner_payload supported=3 required=0
2024-09-15T22:35:41.274 INFO:teuthology.orchestra.run.smithi066.stdout:/usr/bin/ceph: stderr
2024-09-15T22:35:40.379+0000 7fa4bcb3d640 1 --2- >> [v2:172.21.15.66:3300/0,v1:172.21.15.66:6789/0] conn(0x7fa4b81075f0 0x7fa4b81079f0 unknown :-1 s=HELLO_CONNECTING pgs=0 cs=0 l=0 rev1=1 crypto rx=0 tx=0 comp rx=0 tx=0).handle_hello peer v2:172.21.15.66:3300/0 says I am v2:172.21.15.66:46646/0 (socket says 172.21.15.66:46646)
2024-09-15T22:35:41.274 INFO:teuthology.orchestra.run.smithi066.stdout:/usr/bin/ceph: stderr
2024-09-15T22:35:40.379+0000 7fa4bcb3d640 1 -- 172.21.15.66:0/19950329 learned_addr learned my addr 172.21.15.66:0/19950329 (peer_addr_for_me v2:172.21.15.66:0/0)
2024-09-15T22:35:41.274 INFO:teuthology.orchestra.run.smithi066.stdout:/usr/bin/ceph: stderr
2024-09-15T22:35:40.379+0000 7fa4bcb3d640 1 -- 172.21.15.66:0/19950329 --> [v2:172.21.15.66:3300/0,v1:172.21.15.66:6789/0] -- mon_subscribe({config=0+,monmap=0+}) -- 0x7fa4b81087f0 con 0x7fa4b81075f0
2024-09-15T22:35:41.275 INFO:teuthology.orchestra.run.smithi066.stdout:/usr/bin/ceph: stderr
2024-09-15T22:35:40.380+0000 7fa4bcb3d640 1 --2- 172.21.15.66:0/19950329 >> [v2:172.21.15.66:3300/0,v1:172.21.15.66:6789/0] conn(0x7fa4b81075f0 0x7fa4b81079f0 secure :-1 s=READY pgs=39 cs=0 l=1 rev1=1 crypto rx=0x7fa4ac009820 tx=0x7fa4ac02a270 comp rx=0 tx=0).ready entity=mon.0 client_cookie=9f4ace6dd34464bc server_cookie=0 in_seq=0 out_seq=0
2024-09-15T22:35:41.275 INFO:teuthology.orchestra.run.smithi066.stdout:/usr/bin/ceph: stderr
2024-09-15T22:35:40.380+0000 7fa4b77fe640 1 -- 172.21.15.66:0/19950329 <== mon.0 v2:172.21.15.66:3300/0 1 ==== mon_map magic: 0 ==== 205+0+0 (secure 0 0 0) 0x7fa4ac037070 con 0x7fa4b81075f0
2024-09-15T22:35:41.275 INFO:teuthology.orchestra.run.smithi066.stdout:/usr/bin/ceph: stderr
2024-09-15T22:35:40.380+0000 7fa4b77fe640 1 -- 172.21.15.66:0/19950329 <== mon.0 v2:172.21.15.66:3300/0 2 ==== config(27 keys) ==== 1109+0+0 (secure 0 0 0) 0x7fa4ac032900 con 0x7fa4b81075f0
2024-09-15T22:35:41.275 INFO:teuthology.orchestra.run.smithi066.stdout:/usr/bin/ceph: stderr
2024-09-15T22:35:40.380+0000 7fa4b77fe640 1 -- 172.21.15.66:0/19950329 <== mon.0 v2:172.21.15.66:3300/0 3 ==== mon_map magic: 0 ==== 205+0+0 (secure 0 0 0) 0x7fa4ac030850 con 0x7fa4b81075f0
2024-09-15T22:35:41.275 INFO:teuthology.orchestra.run.smithi066.stdout:/usr/bin/ceph: stderr
2024-09-15T22:35:40.381+0000 7fa4beda1640 1 -- 172.21.15.66:0/19950329 >> [v2:172.21.15.66:3300/0,v1:172.21.15.66:6789/0] conn(0x7fa4b81075f0 msgr2=0x7fa4b81079f0 secure :-1 s=STATE_CONNECTION_ESTABLISHED l=1).mark_down
2024-09-15T22:35:41.275 INFO:teuthology.orchestra.run.smithi066.stdout:/usr/bin/ceph: stderr
2024-09-15T22:35:40.381+0000 7fa4beda1640 1 --2- 172.21.15.66:0/19950329 >> [v2:172.21.15.66:3300/0,v1:172.21.15.66:6789/0] conn(0x7fa4b81075f0 0x7fa4b81079f0 secure :-1 s=READY pgs=39 cs=0 l=1 rev1=1 crypto rx=0x7fa4ac009820 tx=0x7fa4ac02a270 comp rx=0 tx=0).stop
2024-09-15T22:35:41.275 INFO:teuthology.orchestra.run.smithi066.stdout:/usr/bin/ceph: stderr
2024-09-15T22:35:40.381+0000 7fa4beda1640 1 -- 172.21.15.66:0/19950329 shutdown_connections
2024-09-15T22:35:41.275 INFO:teuthology.orchestra.run.smithi066.stdout:/usr/bin/ceph: stderr
2024-09-15T22:35:40.381+0000 7fa4beda1640 1 --2- 172.21.15.66:0/19950329 >> [v2:172.21.15.66:3300/0,v1:172.21.15.66:6789/0] conn(0x7fa4b81075f0 0x7fa4b81079f0 unknown :-1 s=CLOSED pgs=39 cs=0 l=1 rev1=1 crypto rx=0 tx=0 comp rx=0 tx=0).stop
2024-09-15T22:35:41.275 INFO:teuthology.orchestra.run.smithi066.stdout:/usr/bin/ceph: stderr
2024-09-15T22:35:40.381+0000 7fa4beda1640 1 -- 172.21.15.66:0/19950329 >> 172.21.15.66:0/19950329 conn(0x7fa4b8102e70 msgr2=0x7fa4b8105260 unknown :-1 s=STATE_NONE l=0).mark_down
2024-09-15T22:35:41.275 INFO:teuthology.orchestra.run.smithi066.stdout:/usr/bin/ceph: stderr
2024-09-15T22:35:40.381+0000 7fa4beda1640 1 -- 172.21.15.66:0/19950329 shutdown_connections
2024-09-15T22:35:41.275 INFO:teuthology.orchestra.run.smithi066.stdout:/usr/bin/ceph: stderr
2024-09-15T22:35:40.381+0000 7fa4beda1640 1 -- 172.21.15.66:0/19950329 wait complete.
2024-09-15T22:35:41.275 INFO:teuthology.orchestra.run.smithi066.stdout:/usr/bin/ceph: stderr
2024-09-15T22:35:40.381+0000 7fa4beda1640 1 Processor -- start
2024-09-15T22:35:41.275 INFO:teuthology.orchestra.run.smithi066.stdout:/usr/bin/ceph: stderr
2024-09-15T22:35:40.381+0000 7fa4beda1640 1 -- start start
2024-09-15T22:35:41.276 INFO:teuthology.orchestra.run.smithi066.stdout:/usr/bin/ceph: stderr
2024-09-15T22:35:40.382+0000 7fa4beda1640 1 --2- >> [v2:172.21.15.66:3300/0,v1:172.21.15.66:6789/0] conn(0x7fa4b81075f0 0x7fa4b819b5e0 unknown :-1 s=NONE pgs=0 cs=0 l=1 rev1=0 crypto rx=0 tx=0 comp rx=0 tx=0).connect
2024-09-15T22:35:41.276 INFO:teuthology.orchestra.run.smithi066.stdout:/usr/bin/ceph: stderr
2024-09-15T22:35:40.382+0000 7fa4beda1640 1 -- --> [v2:172.21.15.66:3300/0,v1:172.21.15.66:6789/0] -- mon_getmap magic: 0 -- 0x7fa4b810bba0 con 0x7fa4b81075f0
2024-09-15T22:35:41.276 INFO:teuthology.orchestra.run.smithi066.stdout:/usr/bin/ceph: stderr
2024-09-15T22:35:40.382+0000 7fa4bcb3d640 1 --2- >> [v2:172.21.15.66:3300/0,v1:172.21.15.66:6789/0] conn(0x7fa4b81075f0 0x7fa4b819b5e0 unknown :-1 s=BANNER_CONNECTING pgs=0 cs=0 l=1 rev1=0 crypto rx=0 tx=0 comp rx=0 tx=0)._handle_peer_banner_payload supported=3 required=0
2024-09-15T22:35:41.276 INFO:teuthology.orchestra.run.smithi066.stdout:/usr/bin/ceph: stderr
2024-09-15T22:35:40.382+0000 7fa4bcb3d640 1 --2- >> [v2:172.21.15.66:3300/0,v1:172.21.15.66:6789/0] conn(0x7fa4b81075f0 0x7fa4b819b5e0 unknown :-1 s=HELLO_CONNECTING pgs=0 cs=0 l=1 rev1=1 crypto rx=0 tx=0 comp rx=0 tx=0).handle_hello peer v2:172.21.15.66:3300/0 says I am v2:172.21.15.66:46656/0 (socket says 172.21.15.66:46656)
2024-09-15T22:35:41.276 INFO:teuthology.orchestra.run.smithi066.stdout:/usr/bin/ceph: stderr
2024-09-15T22:35:40.382+0000 7fa4bcb3d640 1 -- 172.21.15.66:0/511766791 learned_addr learned my addr 172.21.15.66:0/511766791 (peer_addr_for_me v2:172.21.15.66:0/0)
2024-09-15T22:35:41.276 INFO:teuthology.orchestra.run.smithi066.stdout:/usr/bin/ceph: stderr
2024-09-15T22:35:40.382+0000 7fa4bcb3d640 1 -- 172.21.15.66:0/511766791 --> [v2:172.21.15.66:3300/0,v1:172.21.15.66:6789/0] -- mon_subscribe({config=0+,monmap=0+}) -- 0x7fa4b819bb20 con 0x7fa4b81075f0
2024-09-15T22:35:41.276 INFO:teuthology.orchestra.run.smithi066.stdout:/usr/bin/ceph: stderr
2024-09-15T22:35:40.382+0000 7fa4bcb3d640 1 --2- 172.21.15.66:0/511766791 >> [v2:172.21.15.66:3300/0,v1:172.21.15.66:6789/0] conn(0x7fa4b81075f0 0x7fa4b819b5e0 secure :-1 s=READY pgs=40 cs=0 l=1 rev1=1 crypto rx=0x7fa4ac0097f0 tx=0x7fa4ac030d80 comp rx=0 tx=0).ready entity=mon.0 client_cookie=0 server_cookie=0 in_seq=0 out_seq=0
2024-09-15T22:35:41.276 INFO:teuthology.orchestra.run.smithi066.stdout:/usr/bin/ceph: stderr
2024-09-15T22:35:40.382+0000 7fa4b5ffb640 1 -- 172.21.15.66:0/511766791 <== mon.0 v2:172.21.15.66:3300/0 1 ==== mon_map magic: 0 ==== 205+0+0 (secure 0 0 0) 0x7fa4ac037040 con 0x7fa4b81075f0
2024-09-15T22:35:41.276 INFO:teuthology.orchestra.run.smithi066.stdout:/usr/bin/ceph: stderr
2024-09-15T22:35:40.382+0000 7fa4b5ffb640 1 -- 172.21.15.66:0/511766791 <== mon.0 v2:172.21.15.66:3300/0 2 ==== config(27 keys) ==== 1109+0+0 (secure 0 0 0) 0x7fa4ac040070 con 0x7fa4b81075f0
2024-09-15T22:35:41.276 INFO:teuthology.orchestra.run.smithi066.stdout:/usr/bin/ceph: stderr
2024-09-15T22:35:40.382+0000 7fa4beda1640 1 -- 172.21.15.66:0/511766791 --> [v2:172.21.15.66:3300/0,v1:172.21.15.66:6789/0] -- mon_subscribe({mgrmap=0+}) -- 0x7fa4b819bdb0 con 0x7fa4b81075f0
2024-09-15T22:35:41.276 INFO:teuthology.orchestra.run.smithi066.stdout:/usr/bin/ceph: stderr
2024-09-15T22:35:40.382+0000 7fa4b5ffb640 1 -- 172.21.15.66:0/511766791 <== mon.0 v2:172.21.15.66:3300/0 3 ==== mon_map magic: 0 ==== 205+0+0 (secure 0 0 0) 0x7fa4ac03a390 con 0x7fa4b81075f0
2024-09-15T22:35:41.276 INFO:teuthology.orchestra.run.smithi066.stdout:/usr/bin/ceph: stderr
2024-09-15T22:35:40.383+0000 7fa4beda1640 1 -- 172.21.15.66:0/511766791 --> [v2:172.21.15.66:3300/0,v1:172.21.15.66:6789/0] -- mon_subscribe({osdmap=0}) -- 0x7fa4b819eaa0 con 0x7fa4b81075f0
2024-09-15T22:35:41.276 INFO:teuthology.orchestra.run.smithi066.stdout:/usr/bin/ceph: stderr
2024-09-15T22:35:40.383+0000 7fa4b5ffb640 1 -- 172.21.15.66:0/511766791 <== mon.0 v2:172.21.15.66:3300/0 4 ==== mgrmap(e 8) ==== 46461+0+0 (secure 0 0 0) 0x7fa4ac03a630 con 0x7fa4b81075f0
2024-09-15T22:35:41.277 INFO:teuthology.orchestra.run.smithi066.stdout:/usr/bin/ceph: stderr
2024-09-15T22:35:40.383+0000 7fa4b5ffb640 1 --2- 172.21.15.66:0/511766791 >> [v2:172.21.15.66:6800/1250063396,v1:172.21.15.66:6801/1250063396] conn(0x7fa4a80391b0 0x7fa4a803b670 unknown :-1 s=NONE pgs=0 cs=0 l=1 rev1=0 crypto rx=0 tx=0 comp rx=0 tx=0).connect
2024-09-15T22:35:41.277 INFO:teuthology.orchestra.run.smithi066.stdout:/usr/bin/ceph: stderr
2024-09-15T22:35:40.383+0000 7fa4beda1640 1 -- 172.21.15.66:0/511766791 --> [v2:172.21.15.66:3300/0,v1:172.21.15.66:6789/0] -- mon_command({"prefix": "get_command_descriptions"} v 0) -- 0x7fa4b8107a70 con 0x7fa4b81075f0
2024-09-15T22:35:41.277 INFO:teuthology.orchestra.run.smithi066.stdout:/usr/bin/ceph: stderr
2024-09-15T22:35:40.384+0000 7fa4b5ffb640 1 -- 172.21.15.66:0/511766791 <== mon.0 v2:172.21.15.66:3300/0 5 ==== osd_map(2..2 src has 1..2) ==== 940+0+0 (secure 0 0 0) 0x7fa4ac06c8d0 con 0x7fa4b81075f0
2024-09-15T22:35:41.277 INFO:teuthology.orchestra.run.smithi066.stdout:/usr/bin/ceph: stderr
2024-09-15T22:35:40.384+0000 7fa4b7fff640 1 --2- 172.21.15.66:0/511766791 >> [v2:172.21.15.66:6800/1250063396,v1:172.21.15.66:6801/1250063396] conn(0x7fa4a80391b0 0x7fa4a803b670 unknown :-1 s=BANNER_CONNECTING pgs=0 cs=0 l=1 rev1=0 crypto rx=0 tx=0 comp rx=0 tx=0)._handle_peer_banner_payload supported=3 required=0
2024-09-15T22:35:41.277 INFO:teuthology.orchestra.run.smithi066.stdout:/usr/bin/ceph: stderr
2024-09-15T22:35:40.384+0000 7fa4b7fff640 1 --2- 172.21.15.66:0/511766791 >> [v2:172.21.15.66:6800/1250063396,v1:172.21.15.66:6801/1250063396] conn(0x7fa4a80391b0 0x7fa4a803b670 secure :-1 s=READY pgs=9 cs=0 l=1 rev1=1 crypto rx=0x7fa4a40098c0 tx=0x7fa4a4006db0 comp rx=0 tx=0).ready entity=mgr.14118 client_cookie=0 server_cookie=0 in_seq=0 out_seq=0
2024-09-15T22:35:41.277 INFO:teuthology.orchestra.run.smithi066.stdout:/usr/bin/ceph: stderr
2024-09-15T22:35:40.388+0000 7fa4b5ffb640 1 -- 172.21.15.66:0/511766791 <== mon.0 v2:172.21.15.66:3300/0 6 ==== mon_command_ack([{"prefix": "get_command_descriptions"}]=0 v0) ==== 72+0+188821 (secure 0 0 0) 0x7fa4ac03b430 con 0x7fa4b81075f0
2024-09-15T22:35:41.277 INFO:teuthology.orchestra.run.smithi066.stdout:/usr/bin/ceph: stderr
2024-09-15T22:35:40.566+0000 7fa4beda1640 1 -- 172.21.15.66:0/511766791 --> [v2:172.21.15.66:6800/1250063396,v1:172.21.15.66:6801/1250063396] -- mgr_command(tid 0: {"prefix": "cephadm generate-key", "target": ["mon-mgr", ""]}) -- 0x7fa4b8104070 con 0x7fa4a80391b0
2024-09-15T22:35:41.277 INFO:teuthology.orchestra.run.smithi066.stdout:/usr/bin/ceph: stderr
2024-09-15T22:35:40.733+0000 7fa4b5ffb640 1 -- 172.21.15.66:0/511766791 <== mgr.14118 v2:172.21.15.66:6800/1250063396 1 ==== mgr_command_reply(tid 0: 0 ) ==== 8+0+0 (secure 0 0 0) 0x7fa4b8104070 con 0x7fa4a80391b0
2024-09-15T22:35:41.277 INFO:teuthology.orchestra.run.smithi066.stdout:/usr/bin/ceph: stderr
2024-09-15T22:35:40.735+0000 7fa4beda1640 1 -- 172.21.15.66:0/511766791 >> [v2:172.21.15.66:6800/1250063396,v1:172.21.15.66:6801/1250063396] conn(0x7fa4a80391b0 msgr2=0x7fa4a803b670 secure :-1 s=STATE_CONNECTION_ESTABLISHED l=1).mark_down
2024-09-15T22:35:41.277 INFO:teuthology.orchestra.run.smithi066.stdout:/usr/bin/ceph: stderr
2024-09-15T22:35:40.735+0000 7fa4beda1640 1 --2- 172.21.15.66:0/511766791 >> [v2:172.21.15.66:6800/1250063396,v1:172.21.15.66:6801/1250063396] conn(0x7fa4a80391b0 0x7fa4a803b670 secure :-1 s=READY pgs=9 cs=0 l=1 rev1=1 crypto rx=0x7fa4a40098c0 tx=0x7fa4a4006db0 comp rx=0 tx=0).stop
2024-09-15T22:35:41.277 INFO:teuthology.orchestra.run.smithi066.stdout:/usr/bin/ceph: stderr
2024-09-15T22:35:40.735+0000 7fa4beda1640 1 -- 172.21.15.66:0/511766791 >> [v2:172.21.15.66:3300/0,v1:172.21.15.66:6789/0] conn(0x7fa4b81075f0 msgr2=0x7fa4b819b5e0 secure :-1 s=STATE_CONNECTION_ESTABLISHED l=1).mark_down
2024-09-15T22:35:41.277 INFO:teuthology.orchestra.run.smithi066.stdout:/usr/bin/ceph: stderr
2024-09-15T22:35:40.735+0000 7fa4beda1640 1 --2- 172.21.15.66:0/511766791 >> [v2:172.21.15.66:3300/0,v1:172.21.15.66:6789/0] conn(0x7fa4b81075f0 0x7fa4b819b5e0 secure :-1 s=READY pgs=40 cs=0 l=1 rev1=1 crypto rx=0x7fa4ac0097f0 tx=0x7fa4ac030d80 comp rx=0 tx=0).stop
2024-09-15T22:35:41.277 INFO:teuthology.orchestra.run.smithi066.stdout:/usr/bin/ceph: stderr
2024-09-15T22:35:40.735+0000 7fa4beda1640 1 -- 172.21.15.66:0/511766791 shutdown_connections
2024-09-15T22:35:41.278 INFO:teuthology.orchestra.run.smithi066.stdout:/usr/bin/ceph: stderr
2024-09-15T22:35:40.735+0000 7fa4beda1640 1 --2- 172.21.15.66:0/511766791 >> [v2:172.21.15.66:6800/1250063396,v1:172.21.15.66:6801/1250063396] conn(0x7fa4a80391b0 0x7fa4a803b670 unknown :-1 s=CLOSED pgs=9 cs=0 l=1 rev1=1 crypto rx=0 tx=0 comp rx=0 tx=0).stop
2024-09-15T22:35:41.278 INFO:teuthology.orchestra.run.smithi066.stdout:/usr/bin/ceph: stderr
2024-09-15T22:35:40.735+0000 7fa4beda1640 1 --2- 172.21.15.66:0/511766791 >> [v2:172.21.15.66:3300/0,v1:172.21.15.66:6789/0] conn(0x7fa4b81075f0 0x7fa4b819b5e0 unknown :-1 s=CLOSED pgs=40 cs=0 l=1 rev1=1 crypto rx=0 tx=0 comp rx=0 tx=0).stop
2024-09-15T22:35:41.278 INFO:teuthology.orchestra.run.smithi066.stdout:/usr/bin/ceph: stderr
2024-09-15T22:35:40.735+0000 7fa4beda1640 1 -- 172.21.15.66:0/511766791 >> 172.21.15.66:0/511766791 conn(0x7fa4b8102e70 msgr2=0x7fa4b8103960 unknown :-1 s=STATE_NONE l=0).mark_down
2024-09-15T22:35:41.278 INFO:teuthology.orchestra.run.smithi066.stdout:/usr/bin/ceph: stderr
2024-09-15T22:35:40.735+0000 7fa4beda1640 1 -- 172.21.15.66:0/511766791 shutdown_connections
2024-09-15T22:35:41.278 INFO:teuthology.orchestra.run.smithi066.stdout:/usr/bin/ceph: stderr
2024-09-15T22:35:40.735+0000 7fa4beda1640 1 -- 172.21.15.66:0/511766791 wait complete.
2024-09-15T22:35:42.130 INFO:journalctl@ceph.mon.a.smithi066.stdout:Sep 15 22:35:41 smithi066 ceph-mon[31185]: from='client.14134 -' entity='client.admin' cmd=[{"prefix": "cephadm generate-key", "target": ["mon-mgr", ""]}]: dispatch
2024-09-15T22:35:42.131 INFO:journalctl@ceph.mon.a.smithi066.stdout:Sep 15 22:35:41 smithi066 ceph-mon[31185]: Generating ssh key...
2024-09-15T22:35:42.416 INFO:teuthology.orchestra.run.smithi066.stdout:/usr/bin/ceph: stdout ssh-rsa AAAAB3NzaC1yc2EAAAADAQABAAABgQC5mWRkqIIu77AflUgwzH8SYArR1RuSD8o1xyDEYsJN/5+XCzuB9EPqUzLk8CxfQmnUBaL4s1O57iFkJoLf0GjmqTw6fJwl2ICAZ6rE991z2JV2ttOk6Xx/VOgNhGMrh4/eKdPsp31Aj2L59rZGiWqqyGk7Xl1L5heJ0Q7RPTjmDuKp5E/awdndof9sIb6niXb/oh3dvySrC4QLXYYeheBS+Ua3UBY4QNmxljdGdU4hjJlP3JPz3jARj3Xr6AJhpDLEhd3AM228KgxKg1FfaC3ud/lNhYtBVnU8JRKdHmcVznvJH0fkmnleFw9srdxRChtNLfU69VW40w06FMPtVs2pgeYhx1kKNafeKRdrKOr+Nia8+TEtMaPklO9WyEfJ0qiHoU3JU5g5fyPRZRNXS07n93bd7i9t1jvYtOSDp7oDyf+jvlY2ixQeXS1aFoh6JqinT3ONHL+LT8BIpS8/xyXq7Y6GhF9i2TYUKGT/kkgIo8SYi+uNicnx/MwtvbhzZUM= ceph-7d1c9c1c-73b2-11ef-bceb-c7b262605968
2024-09-15T22:35:42.416 INFO:teuthology.orchestra.run.smithi066.stdout:/usr/bin/ceph: stderr
2024-09-15T22:35:41.622+0000 7f734f085640 1 Processor -- start
2024-09-15T22:35:42.416 INFO:teuthology.orchestra.run.smithi066.stdout:/usr/bin/ceph: stderr
2024-09-15T22:35:41.622+0000 7f734f085640 1 -- start start
2024-09-15T22:35:42.416 INFO:teuthology.orchestra.run.smithi066.stdout:/usr/bin/ceph: stderr
2024-09-15T22:35:41.622+0000 7f734f085640 1 --2- >> [v2:172.21.15.66:3300/0,v1:172.21.15.66:6789/0] conn(0x7f73481064c0 0x7f73481068c0 unknown :-1 s=NONE pgs=0 cs=0 l=0 rev1=0 crypto rx=0 tx=0 comp rx=0 tx=0).connect
2024-09-15T22:35:42.416 INFO:teuthology.orchestra.run.smithi066.stdout:/usr/bin/ceph: stderr
2024-09-15T22:35:41.622+0000 7f734f085640 1 -- --> [v2:172.21.15.66:3300/0,v1:172.21.15.66:6789/0] -- mon_getmap magic: 0 -- 0x7f7348106e90 con 0x7f73481064c0
2024-09-15T22:35:42.416 INFO:teuthology.orchestra.run.smithi066.stdout:/usr/bin/ceph: stderr
2024-09-15T22:35:41.623+0000 7f734ce21640 1 --2- >> [v2:172.21.15.66:3300/0,v1:172.21.15.66:6789/0] conn(0x7f73481064c0 0x7f73481068c0 unknown :-1 s=BANNER_CONNECTING pgs=0 cs=0 l=0 rev1=0 crypto rx=0 tx=0 comp rx=0 tx=0)._handle_peer_banner_payload supported=3 required=0
2024-09-15T22:35:42.416 INFO:teuthology.orchestra.run.smithi066.stdout:/usr/bin/ceph: stderr
2024-09-15T22:35:41.623+0000 7f734ce21640 1 --2- >> [v2:172.21.15.66:3300/0,v1:172.21.15.66:6789/0] conn(0x7f73481064c0 0x7f73481068c0 unknown :-1 s=HELLO_CONNECTING pgs=0 cs=0 l=0 rev1=1 crypto rx=0 tx=0 comp rx=0 tx=0).handle_hello peer v2:172.21.15.66:3300/0 says I am v2:172.21.15.66:46664/0 (socket says 172.21.15.66:46664)
2024-09-15T22:35:42.416 INFO:teuthology.orchestra.run.smithi066.stdout:/usr/bin/ceph: stderr
2024-09-15T22:35:41.623+0000 7f734ce21640 1 -- 172.21.15.66:0/3515646044 learned_addr learned my addr 172.21.15.66:0/3515646044 (peer_addr_for_me v2:172.21.15.66:0/0)
2024-09-15T22:35:42.417 INFO:teuthology.orchestra.run.smithi066.stdout:/usr/bin/ceph: stderr
2024-09-15T22:35:41.623+0000 7f734ce21640 1 -- 172.21.15.66:0/3515646044 --> [v2:172.21.15.66:3300/0,v1:172.21.15.66:6789/0] -- mon_subscribe({config=0+,monmap=0+}) -- 0x7f73481076c0 con 0x7f73481064c0
2024-09-15T22:35:42.417 INFO:teuthology.orchestra.run.smithi066.stdout:/usr/bin/ceph: stderr
2024-09-15T22:35:41.624+0000 7f734ce21640 1 --2- 172.21.15.66:0/3515646044 >> [v2:172.21.15.66:3300/0,v1:172.21.15.66:6789/0] conn(0x7f73481064c0 0x7f73481068c0 secure :-1 s=READY pgs=41 cs=0 l=1 rev1=1 crypto rx=0x7f7340009e80 tx=0x7f734002a7a0 comp rx=0 tx=0).ready entity=mon.0 client_cookie=7e186afb71cf68c9 server_cookie=0 in_seq=0 out_seq=0
2024-09-15T22:35:42.417 INFO:teuthology.orchestra.run.smithi066.stdout:/usr/bin/ceph: stderr
2024-09-15T22:35:41.624+0000 7f73477fe640 1 -- 172.21.15.66:0/3515646044 <== mon.0 v2:172.21.15.66:3300/0 1 ==== mon_map magic: 0 ==== 205+0+0 (secure 0 0 0) 0x7f7340036070 con 0x7f73481064c0
2024-09-15T22:35:42.417 INFO:teuthology.orchestra.run.smithi066.stdout:/usr/bin/ceph: stderr
2024-09-15T22:35:41.624+0000 7f73477fe640 1 -- 172.21.15.66:0/3515646044 <== mon.0 v2:172.21.15.66:3300/0 2 ==== config(27 keys) ==== 1109+0+0 (secure 0 0 0) 0x7f73400318c0 con 0x7f73481064c0
2024-09-15T22:35:42.417 INFO:teuthology.orchestra.run.smithi066.stdout:/usr/bin/ceph: stderr
2024-09-15T22:35:41.624+0000 7f73477fe640 1 -- 172.21.15.66:0/3515646044 <== mon.0 v2:172.21.15.66:3300/0 3 ==== mon_map magic: 0 ==== 205+0+0 (secure 0 0 0) 0x7f7340007ab0 con 0x7f73481064c0
2024-09-15T22:35:42.417 INFO:teuthology.orchestra.run.smithi066.stdout:/usr/bin/ceph: stderr
2024-09-15T22:35:41.624+0000 7f734f085640 1 -- 172.21.15.66:0/3515646044 >> [v2:172.21.15.66:3300/0,v1:172.21.15.66:6789/0] conn(0x7f73481064c0 msgr2=0x7f73481068c0 secure :-1 s=STATE_CONNECTION_ESTABLISHED l=1).mark_down
2024-09-15T22:35:42.417 INFO:teuthology.orchestra.run.smithi066.stdout:/usr/bin/ceph: stderr
2024-09-15T22:35:41.624+0000 7f734f085640 1 --2- 172.21.15.66:0/3515646044 >> [v2:172.21.15.66:3300/0,v1:172.21.15.66:6789/0] conn(0x7f73481064c0 0x7f73481068c0 secure :-1 s=READY pgs=41 cs=0 l=1 rev1=1 crypto rx=0x7f7340009e80 tx=0x7f734002a7a0 comp rx=0 tx=0).stop
2024-09-15T22:35:42.417 INFO:teuthology.orchestra.run.smithi066.stdout:/usr/bin/ceph: stderr
2024-09-15T22:35:41.624+0000 7f734f085640 1 -- 172.21.15.66:0/3515646044 shutdown_connections
2024-09-15T22:35:42.417 INFO:teuthology.orchestra.run.smithi066.stdout:/usr/bin/ceph: stderr
2024-09-15T22:35:41.624+0000 7f734f085640 1 --2- 172.21.15.66:0/3515646044 >> [v2:172.21.15.66:3300/0,v1:172.21.15.66:6789/0] conn(0x7f73481064c0 0x7f73481068c0 unknown :-1 s=CLOSED pgs=41 cs=0 l=1 rev1=1 crypto rx=0 tx=0 comp rx=0 tx=0).stop
2024-09-15T22:35:42.417 INFO:teuthology.orchestra.run.smithi066.stdout:/usr/bin/ceph: stderr
2024-09-15T22:35:41.624+0000 7f734f085640 1 -- 172.21.15.66:0/3515646044 >> 172.21.15.66:0/3515646044 conn(0x7f7348101c50 msgr2=0x7f7348104090 unknown :-1 s=STATE_NONE l=0).mark_down
2024-09-15T22:35:42.418 INFO:teuthology.orchestra.run.smithi066.stdout:/usr/bin/ceph: stderr
2024-09-15T22:35:41.625+0000 7f734f085640 1 -- 172.21.15.66:0/3515646044 shutdown_connections
2024-09-15T22:35:42.418 INFO:teuthology.orchestra.run.smithi066.stdout:/usr/bin/ceph: stderr
2024-09-15T22:35:41.625+0000 7f734f085640 1 -- 172.21.15.66:0/3515646044 wait complete.
2024-09-15T22:35:42.418 INFO:teuthology.orchestra.run.smithi066.stdout:/usr/bin/ceph: stderr
2024-09-15T22:35:41.625+0000 7f734f085640 1 Processor -- start
2024-09-15T22:35:42.418 INFO:teuthology.orchestra.run.smithi066.stdout:/usr/bin/ceph: stderr
2024-09-15T22:35:41.625+0000 7f734f085640 1 -- start start
2024-09-15T22:35:42.418 INFO:teuthology.orchestra.run.smithi066.stdout:/usr/bin/ceph: stderr
2024-09-15T22:35:41.625+0000 7f734f085640 1 --2- >> [v2:172.21.15.66:3300/0,v1:172.21.15.66:6789/0] conn(0x7f73481064c0 0x7f734819b650 unknown :-1 s=NONE pgs=0 cs=0 l=1 rev1=0 crypto rx=0 tx=0 comp rx=0 tx=0).connect
2024-09-15T22:35:42.418 INFO:teuthology.orchestra.run.smithi066.stdout:/usr/bin/ceph: stderr
2024-09-15T22:35:41.625+0000 7f734f085640 1 -- --> [v2:172.21.15.66:3300/0,v1:172.21.15.66:6789/0] -- mon_getmap magic: 0 -- 0x7f734810aa70 con 0x7f73481064c0
2024-09-15T22:35:42.418 INFO:teuthology.orchestra.run.smithi066.stdout:/usr/bin/ceph: stderr
2024-09-15T22:35:41.626+0000 7f734ce21640 1 --2- >> [v2:172.21.15.66:3300/0,v1:172.21.15.66:6789/0] conn(0x7f73481064c0 0x7f734819b650 unknown :-1 s=BANNER_CONNECTING pgs=0 cs=0 l=1 rev1=0 crypto rx=0 tx=0 comp rx=0 tx=0)._handle_peer_banner_payload supported=3 required=0
2024-09-15T22:35:42.418 INFO:teuthology.orchestra.run.smithi066.stdout:/usr/bin/ceph: stderr
2024-09-15T22:35:41.626+0000 7f734ce21640 1 --2- >> [v2:172.21.15.66:3300/0,v1:172.21.15.66:6789/0] conn(0x7f73481064c0 0x7f734819b650 unknown :-1 s=HELLO_CONNECTING pgs=0 cs=0 l=1 rev1=1 crypto rx=0 tx=0 comp rx=0 tx=0).handle_hello peer v2:172.21.15.66:3300/0 says I am v2:172.21.15.66:46674/0 (socket says 172.21.15.66:46674)
2024-09-15T22:35:42.418 INFO:teuthology.orchestra.run.smithi066.stdout:/usr/bin/ceph: stderr
2024-09-15T22:35:41.626+0000 7f734ce21640 1 -- 172.21.15.66:0/3293161874 learned_addr learned my addr 172.21.15.66:0/3293161874 (peer_addr_for_me v2:172.21.15.66:0/0)
2024-09-15T22:35:42.418 INFO:teuthology.orchestra.run.smithi066.stdout:/usr/bin/ceph: stderr
2024-09-15T22:35:41.626+0000 7f734ce21640 1 -- 172.21.15.66:0/3293161874 --> [v2:172.21.15.66:3300/0,v1:172.21.15.66:6789/0] -- mon_subscribe({config=0+,monmap=0+}) -- 0x7f734819bb90 con 0x7f73481064c0
2024-09-15T22:35:42.418 INFO:teuthology.orchestra.run.smithi066.stdout:/usr/bin/ceph: stderr
2024-09-15T22:35:41.626+0000 7f734ce21640 1 --2- 172.21.15.66:0/3293161874 >> [v2:172.21.15.66:3300/0,v1:172.21.15.66:6789/0] conn(0x7f73481064c0 0x7f734819b650 secure :-1 s=READY pgs=42 cs=0 l=1 rev1=1 crypto rx=0x7f7340007ce0 tx=0x7f7340031ca0 comp rx=0 tx=0).ready entity=mon.0 client_cookie=0 server_cookie=0 in_seq=0 out_seq=0
2024-09-15T22:35:42.419 INFO:teuthology.orchestra.run.smithi066.stdout:/usr/bin/ceph: stderr
2024-09-15T22:35:41.626+0000 7f7345ffb640 1 -- 172.21.15.66:0/3293161874 <== mon.0 v2:172.21.15.66:3300/0 1 ==== mon_map magic: 0 ==== 205+0+0 (secure 0 0 0) 0x7f7340036050 con 0x7f73481064c0
2024-09-15T22:35:42.419 INFO:teuthology.orchestra.run.smithi066.stdout:/usr/bin/ceph: stderr
2024-09-15T22:35:41.626+0000 7f7345ffb640 1 -- 172.21.15.66:0/3293161874 <== mon.0 v2:172.21.15.66:3300/0 2 ==== config(27 keys) ==== 1109+0+0 (secure 0 0 0) 0x7f7340042070 con 0x7f73481064c0
2024-09-15T22:35:42.419 INFO:teuthology.orchestra.run.smithi066.stdout:/usr/bin/ceph: stderr
2024-09-15T22:35:41.626+0000 7f734f085640 1 -- 172.21.15.66:0/3293161874 --> [v2:172.21.15.66:3300/0,v1:172.21.15.66:6789/0] -- mon_subscribe({mgrmap=0+}) -- 0x7f734819be20 con 0x7f73481064c0
2024-09-15T22:35:42.419 INFO:teuthology.orchestra.run.smithi066.stdout:/usr/bin/ceph: stderr
2024-09-15T22:35:41.626+0000 7f7345ffb640 1 -- 172.21.15.66:0/3293161874 <== mon.0 v2:172.21.15.66:3300/0 3 ==== mon_map magic: 0 ==== 205+0+0 (secure 0 0 0) 0x7f734003d8a0 con 0x7f73481064c0
2024-09-15T22:35:42.419 INFO:teuthology.orchestra.run.smithi066.stdout:/usr/bin/ceph: stderr
2024-09-15T22:35:41.626+0000 7f734f085640 1 -- 172.21.15.66:0/3293161874 --> [v2:172.21.15.66:3300/0,v1:172.21.15.66:6789/0] -- mon_subscribe({osdmap=0}) -- 0x7f734819eb10 con 0x7f73481064c0
2024-09-15T22:35:42.419 INFO:teuthology.orchestra.run.smithi066.stdout:/usr/bin/ceph: stderr
2024-09-15T22:35:41.627+0000 7f7345ffb640 1 -- 172.21.15.66:0/3293161874 <== mon.0 v2:172.21.15.66:3300/0 4 ==== mgrmap(e 8) ==== 46461+0+0 (secure 0 0 0) 0x7f734003db50 con 0x7f73481064c0
2024-09-15T22:35:42.419 INFO:teuthology.orchestra.run.smithi066.stdout:/usr/bin/ceph: stderr
2024-09-15T22:35:41.627+0000 7f7345ffb640 1 --2- 172.21.15.66:0/3293161874 >> [v2:172.21.15.66:6800/1250063396,v1:172.21.15.66:6801/1250063396] conn(0x7f7330039200 0x7f733003b6c0 unknown :-1 s=NONE pgs=0 cs=0 l=1 rev1=0 crypto rx=0 tx=0 comp rx=0 tx=0).connect
2024-09-15T22:35:42.419 INFO:teuthology.orchestra.run.smithi066.stdout:/usr/bin/ceph: stderr
2024-09-15T22:35:41.627+0000 7f7345ffb640 1 -- 172.21.15.66:0/3293161874 <== mon.0 v2:172.21.15.66:3300/0 5 ==== osd_map(2..2 src has 1..2) ==== 940+0+0 (secure 0 0 0) 0x7f7340007e00 con 0x7f73481064c0
2024-09-15T22:35:42.419 INFO:teuthology.orchestra.run.smithi066.stdout:/usr/bin/ceph: stderr
2024-09-15T22:35:41.627+0000 7f7347fff640 1 --2- 172.21.15.66:0/3293161874 >> [v2:172.21.15.66:6800/1250063396,v1:172.21.15.66:6801/1250063396] conn(0x7f7330039200 0x7f733003b6c0 unknown :-1 s=BANNER_CONNECTING pgs=0 cs=0 l=1 rev1=0 crypto rx=0 tx=0 comp rx=0 tx=0)._handle_peer_banner_payload supported=3 required=0
2024-09-15T22:35:42.419 INFO:teuthology.orchestra.run.smithi066.stdout:/usr/bin/ceph: stderr
2024-09-15T22:35:41.627+0000 7f734f085640 1 -- 172.21.15.66:0/3293161874 --> [v2:172.21.15.66:3300/0,v1:172.21.15.66:6789/0] -- mon_command({"prefix": "get_command_descriptions"} v 0) -- 0x7f734810abf0 con 0x7f73481064c0
2024-09-15T22:35:42.419 INFO:teuthology.orchestra.run.smithi066.stdout:/usr/bin/ceph: stderr
2024-09-15T22:35:41.628+0000 7f7347fff640 1 --2- 172.21.15.66:0/3293161874 >> [v2:172.21.15.66:6800/1250063396,v1:172.21.15.66:6801/1250063396] conn(0x7f7330039200 0x7f733003b6c0 secure :-1 s=READY pgs=10 cs=0 l=1 rev1=1 crypto rx=0x7f733c0098c0 tx=0x7f733c006db0 comp rx=0 tx=0).ready entity=mgr.14118 client_cookie=0 server_cookie=0 in_seq=0 out_seq=0
2024-09-15T22:35:42.420 INFO:teuthology.orchestra.run.smithi066.stdout:/usr/bin/ceph: stderr
2024-09-15T22:35:41.632+0000 7f7345ffb640 1 -- 172.21.15.66:0/3293161874 <== mon.0 v2:172.21.15.66:3300/0 6 ==== mon_command_ack([{"prefix": "get_command_descriptions"}]=0 v0) ==== 72+0+188821 (secure 0 0 0) 0x7f7340044310 con 0x7f73481064c0
2024-09-15T22:35:42.420 INFO:teuthology.orchestra.run.smithi066.stdout:/usr/bin/ceph: stderr
2024-09-15T22:35:41.809+0000 7f734f085640 1 -- 172.21.15.66:0/3293161874 --> [v2:172.21.15.66:6800/1250063396,v1:172.21.15.66:6801/1250063396] -- mgr_command(tid 0: {"prefix": "cephadm get-pub-key", "target": ["mon-mgr", ""]}) -- 0x7f734802d9b0 con 0x7f7330039200
2024-09-15T22:35:42.420 INFO:teuthology.orchestra.run.smithi066.stdout:/usr/bin/ceph: stderr
2024-09-15T22:35:41.809+0000 7f7345ffb640 1 -- 172.21.15.66:0/3293161874 <== mgr.14118 v2:172.21.15.66:6800/1250063396 1 ==== mgr_command_reply(tid 0: 0 ) ==== 8+0+595 (secure 0 0 0) 0x7f734802d9b0 con 0x7f7330039200
2024-09-15T22:35:42.420 INFO:teuthology.orchestra.run.smithi066.stdout:/usr/bin/ceph: stderr
2024-09-15T22:35:41.811+0000 7f734f085640 1 -- 172.21.15.66:0/3293161874 >> [v2:172.21.15.66:6800/1250063396,v1:172.21.15.66:6801/1250063396] conn(0x7f7330039200 msgr2=0x7f733003b6c0 secure :-1 s=STATE_CONNECTION_ESTABLISHED l=1).mark_down
2024-09-15T22:35:42.420 INFO:teuthology.orchestra.run.smithi066.stdout:/usr/bin/ceph: stderr
2024-09-15T22:35:41.811+0000 7f734f085640 1 --2- 172.21.15.66:0/3293161874 >> [v2:172.21.15.66:6800/1250063396,v1:172.21.15.66:6801/1250063396] conn(0x7f7330039200 0x7f733003b6c0 secure :-1 s=READY pgs=10 cs=0 l=1 rev1=1 crypto rx=0x7f733c0098c0 tx=0x7f733c006db0 comp rx=0 tx=0).stop
2024-09-15T22:35:42.420 INFO:teuthology.orchestra.run.smithi066.stdout:/usr/bin/ceph: stderr
2024-09-15T22:35:41.811+0000 7f734f085640 1 -- 172.21.15.66:0/3293161874 >> [v2:172.21.15.66:3300/0,v1:172.21.15.66:6789/0] conn(0x7f73481064c0 msgr2=0x7f734819b650 secure :-1 s=STATE_CONNECTION_ESTABLISHED l=1).mark_down
2024-09-15T22:35:42.420 INFO:teuthology.orchestra.run.smithi066.stdout:/usr/bin/ceph: stderr
2024-09-15T22:35:41.811+0000 7f734f085640 1 --2- 172.21.15.66:0/3293161874 >> [v2:172.21.15.66:3300/0,v1:172.21.15.66:6789/0] conn(0x7f73481064c0 0x7f734819b650 secure :-1 s=READY pgs=42 cs=0 l=1 rev1=1 crypto rx=0x7f7340007ce0 tx=0x7f7340031ca0 comp rx=0 tx=0).stop
2024-09-15T22:35:42.420 INFO:teuthology.orchestra.run.smithi066.stdout:/usr/bin/ceph: stderr
2024-09-15T22:35:41.811+0000 7f734f085640 1 -- 172.21.15.66:0/3293161874 shutdown_connections
2024-09-15T22:35:42.420 INFO:teuthology.orchestra.run.smithi066.stdout:/usr/bin/ceph: stderr
2024-09-15T22:35:41.811+0000 7f734f085640 1 --2- 172.21.15.66:0/3293161874 >> [v2:172.21.15.66:6800/1250063396,v1:172.21.15.66:6801/1250063396] conn(0x7f7330039200 0x7f733003b6c0 unknown :-1 s=CLOSED pgs=10 cs=0 l=1 rev1=1 crypto rx=0 tx=0 comp rx=0 tx=0).stop
2024-09-15T22:35:42.420 INFO:teuthology.orchestra.run.smithi066.stdout:/usr/bin/ceph: stderr
2024-09-15T22:35:41.811+0000 7f734f085640 1 --2- 172.21.15.66:0/3293161874 >> [v2:172.21.15.66:3300/0,v1:172.21.15.66:6789/0] conn(0x7f73481064c0 0x7f734819b650 unknown :-1 s=CLOSED pgs=42 cs=0 l=1 rev1=1 crypto rx=0 tx=0 comp rx=0 tx=0).stop
2024-09-15T22:35:42.421 INFO:teuthology.orchestra.run.smithi066.stdout:/usr/bin/ceph: stderr
2024-09-15T22:35:41.811+0000 7f734f085640 1 -- 172.21.15.66:0/3293161874 >> 172.21.15.66:0/3293161874 conn(0x7f7348101c50 msgr2=0x7f7348102c40 unknown :-1 s=STATE_NONE l=0).mark_down
2024-09-15T22:35:42.421 INFO:teuthology.orchestra.run.smithi066.stdout:/usr/bin/ceph: stderr
2024-09-15T22:35:41.811+0000 7f734f085640 1 -- 172.21.15.66:0/3293161874 shutdown_connections
2024-09-15T22:35:42.421 INFO:teuthology.orchestra.run.smithi066.stdout:/usr/bin/ceph: stderr
2024-09-15T22:35:41.811+0000 7f734f085640 1 -- 172.21.15.66:0/3293161874 wait complete.
2024-09-15T22:35:42.421 INFO:teuthology.orchestra.run.smithi066.stdout:Wrote public SSH key to /home/ubuntu/cephtest/ceph.pub
2024-09-15T22:35:42.421 INFO:teuthology.orchestra.run.smithi066.stdout:Adding key to root@localhost authorized_keys...
2024-09-15T22:35:42.421 INFO:teuthology.orchestra.run.smithi066.stdout:Adding host smithi066...
2024-09-15T22:35:43.018 INFO:journalctl@ceph.mon.a.smithi066.stdout:Sep 15 22:35:42 smithi066 ceph-mon[31185]: from='client.14136 -' entity='client.admin' cmd=[{"prefix": "cephadm get-pub-key", "target": ["mon-mgr", ""]}]: dispatch
2024-09-15T22:35:44.060 INFO:journalctl@ceph.mon.a.smithi066.stdout:Sep 15 22:35:43 smithi066 ceph-mon[31185]: from='client.14138 -' entity='client.admin' cmd=[{"prefix": "orch host add", "hostname": "smithi066", "addr": "172.21.15.66", "target": ["mon-mgr", ""]}]: dispatch
2024-09-15T22:35:44.949 INFO:journalctl@ceph.mon.a.smithi066.stdout:Sep 15 22:35:44 smithi066 ceph-mon[31185]: Deploying cephadm binary to smithi066
2024-09-15T22:35:47.488 INFO:teuthology.orchestra.run.smithi066.stdout:/usr/bin/ceph: stdout Added host 'smithi066' with addr '172.21.15.66'
2024-09-15T22:35:47.489 INFO:teuthology.orchestra.run.smithi066.stdout:/usr/bin/ceph: stderr
2024-09-15T22:35:42.825+0000 7f8fbc607640 1 Processor -- start
2024-09-15T22:35:47.489 INFO:teuthology.orchestra.run.smithi066.stdout:/usr/bin/ceph: stderr
2024-09-15T22:35:42.825+0000 7f8fbc607640 1 -- start start
2024-09-15T22:35:47.489 INFO:teuthology.orchestra.run.smithi066.stdout:/usr/bin/ceph: stderr
2024-09-15T22:35:42.826+0000 7f8fbc607640 1 --2- >> [v2:172.21.15.66:3300/0,v1:172.21.15.66:6789/0] conn(0x7f8fb41075f0 0x7f8fb41079f0 unknown :-1 s=NONE pgs=0 cs=0 l=0 rev1=0 crypto rx=0 tx=0 comp rx=0 tx=0).connect
2024-09-15T22:35:47.489 INFO:teuthology.orchestra.run.smithi066.stdout:/usr/bin/ceph: stderr
2024-09-15T22:35:42.826+0000 7f8fbc607640 1 -- --> [v2:172.21.15.66:3300/0,v1:172.21.15.66:6789/0] -- mon_getmap magic: 0 -- 0x7f8fb4107fc0 con 0x7f8fb41075f0
2024-09-15T22:35:47.489 INFO:teuthology.orchestra.run.smithi066.stdout:/usr/bin/ceph: stderr
2024-09-15T22:35:42.826+0000 7f8fba3a3640 1 --2- >> [v2:172.21.15.66:3300/0,v1:172.21.15.66:6789/0] conn(0x7f8fb41075f0 0x7f8fb41079f0 unknown :-1 s=BANNER_CONNECTING pgs=0 cs=0 l=0 rev1=0 crypto rx=0 tx=0 comp rx=0 tx=0)._handle_peer_banner_payload supported=3 required=0
2024-09-15T22:35:47.489 INFO:teuthology.orchestra.run.smithi066.stdout:/usr/bin/ceph: stderr
2024-09-15T22:35:42.826+0000 7f8fba3a3640 1 --2- >> [v2:172.21.15.66:3300/0,v1:172.21.15.66:6789/0] conn(0x7f8fb41075f0 0x7f8fb41079f0 unknown :-1 s=HELLO_CONNECTING pgs=0 cs=0 l=0 rev1=1 crypto rx=0 tx=0 comp rx=0 tx=0).handle_hello peer v2:172.21.15.66:3300/0 says I am v2:172.21.15.66:57816/0 (socket says 172.21.15.66:57816)
2024-09-15T22:35:47.489 INFO:teuthology.orchestra.run.smithi066.stdout:/usr/bin/ceph: stderr
2024-09-15T22:35:42.826+0000 7f8fba3a3640 1 -- 172.21.15.66:0/3028040119 learned_addr learned my addr 172.21.15.66:0/3028040119 (peer_addr_for_me v2:172.21.15.66:0/0)
2024-09-15T22:35:47.489 INFO:teuthology.orchestra.run.smithi066.stdout:/usr/bin/ceph: stderr
2024-09-15T22:35:42.826+0000 7f8fba3a3640 1 -- 172.21.15.66:0/3028040119 --> [v2:172.21.15.66:3300/0,v1:172.21.15.66:6789/0] -- mon_subscribe({config=0+,monmap=0+}) -- 0x7f8fb41087f0 con 0x7f8fb41075f0
2024-09-15T22:35:47.489 INFO:teuthology.orchestra.run.smithi066.stdout:/usr/bin/ceph: stderr
2024-09-15T22:35:42.827+0000 7f8fba3a3640 1 --2- 172.21.15.66:0/3028040119 >> [v2:172.21.15.66:3300/0,v1:172.21.15.66:6789/0] conn(0x7f8fb41075f0 0x7f8fb41079f0 secure :-1 s=READY pgs=43 cs=0 l=1 rev1=1 crypto rx=0x7f8fa8009820 tx=0x7f8fa802a270 comp rx=0 tx=0).ready entity=mon.0 client_cookie=5c9b4bb93ca535b6 server_cookie=0 in_seq=0 out_seq=0
2024-09-15T22:35:47.489 INFO:teuthology.orchestra.run.smithi066.stdout:/usr/bin/ceph: stderr
2024-09-15T22:35:42.827+0000 7f8fb93a1640 1 -- 172.21.15.66:0/3028040119 <== mon.0 v2:172.21.15.66:3300/0 1 ==== mon_map magic: 0 ==== 205+0+0 (secure 0 0 0) 0x7f8fa8037070 con 0x7f8fb41075f0
2024-09-15T22:35:47.489 INFO:teuthology.orchestra.run.smithi066.stdout:/usr/bin/ceph: stderr
2024-09-15T22:35:42.827+0000 7f8fb93a1640 1 -- 172.21.15.66:0/3028040119 <== mon.0 v2:172.21.15.66:3300/0 2 ==== config(27 keys) ==== 1109+0+0 (secure 0 0 0) 0x7f8fa8032900 con 0x7f8fb41075f0
2024-09-15T22:35:47.489 INFO:teuthology.orchestra.run.smithi066.stdout:/usr/bin/ceph: stderr
2024-09-15T22:35:42.827+0000 7f8fb93a1640 1 -- 172.21.15.66:0/3028040119 <== mon.0 v2:172.21.15.66:3300/0 3 ==== mon_map magic: 0 ==== 205+0+0 (secure 0 0 0) 0x7f8fa8030850 con 0x7f8fb41075f0
2024-09-15T22:35:47.489 INFO:teuthology.orchestra.run.smithi066.stdout:/usr/bin/ceph: stderr
2024-09-15T22:35:42.828+0000 7f8fbc607640 1 -- 172.21.15.66:0/3028040119 >> [v2:172.21.15.66:3300/0,v1:172.21.15.66:6789/0] conn(0x7f8fb41075f0 msgr2=0x7f8fb41079f0 secure :-1 s=STATE_CONNECTION_ESTABLISHED l=1).mark_down
2024-09-15T22:35:47.490 INFO:teuthology.orchestra.run.smithi066.stdout:/usr/bin/ceph: stderr
2024-09-15T22:35:42.828+0000 7f8fbc607640 1 --2- 172.21.15.66:0/3028040119 >> [v2:172.21.15.66:3300/0,v1:172.21.15.66:6789/0] conn(0x7f8fb41075f0 0x7f8fb41079f0 secure :-1 s=READY pgs=43 cs=0 l=1 rev1=1 crypto rx=0x7f8fa8009820 tx=0x7f8fa802a270 comp rx=0 tx=0).stop
2024-09-15T22:35:47.490 INFO:teuthology.orchestra.run.smithi066.stdout:/usr/bin/ceph: stderr
2024-09-15T22:35:42.828+0000 7f8fbc607640 1 -- 172.21.15.66:0/3028040119 shutdown_connections
2024-09-15T22:35:47.490 INFO:teuthology.orchestra.run.smithi066.stdout:/usr/bin/ceph: stderr
2024-09-15T22:35:42.828+0000 7f8fbc607640 1 --2- 172.21.15.66:0/3028040119 >> [v2:172.21.15.66:3300/0,v1:172.21.15.66:6789/0] conn(0x7f8fb41075f0 0x7f8fb41079f0 unknown :-1 s=CLOSED pgs=43 cs=0 l=1 rev1=1 crypto rx=0 tx=0 comp rx=0 tx=0).stop
2024-09-15T22:35:47.490 INFO:teuthology.orchestra.run.smithi066.stdout:/usr/bin/ceph: stderr
2024-09-15T22:35:42.828+0000 7f8fbc607640 1 -- 172.21.15.66:0/3028040119 >> 172.21.15.66:0/3028040119 conn(0x7f8fb4102e70 msgr2=0x7f8fb4105260 unknown :-1 s=STATE_NONE l=0).mark_down
2024-09-15T22:35:47.490 INFO:teuthology.orchestra.run.smithi066.stdout:/usr/bin/ceph: stderr
2024-09-15T22:35:42.828+0000 7f8fbc607640 1 -- 172.21.15.66:0/3028040119 shutdown_connections
2024-09-15T22:35:47.490 INFO:teuthology.orchestra.run.smithi066.stdout:/usr/bin/ceph: stderr
2024-09-15T22:35:42.828+0000 7f8fbc607640 1 -- 172.21.15.66:0/3028040119 wait complete.
2024-09-15T22:35:47.490 INFO:teuthology.orchestra.run.smithi066.stdout:/usr/bin/ceph: stderr
2024-09-15T22:35:42.828+0000 7f8fbc607640 1 Processor -- start
2024-09-15T22:35:47.490 INFO:teuthology.orchestra.run.smithi066.stdout:/usr/bin/ceph: stderr
2024-09-15T22:35:42.828+0000 7f8fbc607640 1 -- start start
2024-09-15T22:35:47.490 INFO:teuthology.orchestra.run.smithi066.stdout:/usr/bin/ceph: stderr
2024-09-15T22:35:42.829+0000 7f8fbc607640 1 --2- >> [v2:172.21.15.66:3300/0,v1:172.21.15.66:6789/0] conn(0x7f8fb41075f0 0x7f8fb407e3c0 unknown :-1 s=NONE pgs=0 cs=0 l=1 rev1=0 crypto rx=0 tx=0 comp rx=0 tx=0).connect
2024-09-15T22:35:47.490 INFO:teuthology.orchestra.run.smithi066.stdout:/usr/bin/ceph: stderr
2024-09-15T22:35:42.829+0000 7f8fbc607640 1 -- --> [v2:172.21.15.66:3300/0,v1:172.21.15.66:6789/0] -- mon_getmap magic: 0 -- 0x7f8fb410bba0 con 0x7f8fb41075f0
2024-09-15T22:35:47.490 INFO:teuthology.orchestra.run.smithi066.stdout:/usr/bin/ceph: stderr
2024-09-15T22:35:42.829+0000 7f8fba3a3640 1 --2- >> [v2:172.21.15.66:3300/0,v1:172.21.15.66:6789/0] conn(0x7f8fb41075f0 0x7f8fb407e3c0 unknown :-1 s=BANNER_CONNECTING pgs=0 cs=0 l=1 rev1=0 crypto rx=0 tx=0 comp rx=0 tx=0)._handle_peer_banner_payload supported=3 required=0
2024-09-15T22:35:47.490 INFO:teuthology.orchestra.run.smithi066.stdout:/usr/bin/ceph: stderr
2024-09-15T22:35:42.829+0000 7f8fba3a3640 1 --2- >> [v2:172.21.15.66:3300/0,v1:172.21.15.66:6789/0] conn(0x7f8fb41075f0 0x7f8fb407e3c0 unknown :-1 s=HELLO_CONNECTING pgs=0 cs=0 l=1 rev1=1 crypto rx=0 tx=0 comp rx=0 tx=0).handle_hello peer v2:172.21.15.66:3300/0 says I am v2:172.21.15.66:57822/0 (socket says 172.21.15.66:57822)
2024-09-15T22:35:47.490 INFO:teuthology.orchestra.run.smithi066.stdout:/usr/bin/ceph: stderr
2024-09-15T22:35:42.829+0000 7f8fba3a3640 1 -- 172.21.15.66:0/3059784555 learned_addr learned my addr 172.21.15.66:0/3059784555 (peer_addr_for_me v2:172.21.15.66:0/0)
2024-09-15T22:35:47.491 INFO:teuthology.orchestra.run.smithi066.stdout:/usr/bin/ceph: stderr
2024-09-15T22:35:42.829+0000 7f8fba3a3640 1 -- 172.21.15.66:0/3059784555 --> [v2:172.21.15.66:3300/0,v1:172.21.15.66:6789/0] -- mon_subscribe({config=0+,monmap=0+}) -- 0x7f8fb407e900 con 0x7f8fb41075f0
2024-09-15T22:35:47.491 INFO:teuthology.orchestra.run.smithi066.stdout:/usr/bin/ceph: stderr
2024-09-15T22:35:42.829+0000 7f8fba3a3640 1 --2- 172.21.15.66:0/3059784555 >> [v2:172.21.15.66:3300/0,v1:172.21.15.66:6789/0] conn(0x7f8fb41075f0 0x7f8fb407e3c0 secure :-1 s=READY pgs=44 cs=0 l=1 rev1=1 crypto rx=0x7f8fa80097f0 tx=0x7f8fa8030d80 comp rx=0 tx=0).ready entity=mon.0 client_cookie=0 server_cookie=0 in_seq=0 out_seq=0
2024-09-15T22:35:47.491 INFO:teuthology.orchestra.run.smithi066.stdout:/usr/bin/ceph: stderr
2024-09-15T22:35:42.829+0000 7f8fa77fe640 1 -- 172.21.15.66:0/3059784555 <== mon.0 v2:172.21.15.66:3300/0 1 ==== mon_map magic: 0 ==== 205+0+0 (secure 0 0 0) 0x7f8fa8037040 con 0x7f8fb41075f0
2024-09-15T22:35:47.491 INFO:teuthology.orchestra.run.smithi066.stdout:/usr/bin/ceph: stderr
2024-09-15T22:35:42.829+0000 7f8fa77fe640 1 -- 172.21.15.66:0/3059784555 <== mon.0 v2:172.21.15.66:3300/0 2 ==== config(27 keys) ==== 1109+0+0 (secure 0 0 0) 0x7f8fa8040070 con 0x7f8fb41075f0
2024-09-15T22:35:47.491 INFO:teuthology.orchestra.run.smithi066.stdout:/usr/bin/ceph: stderr
2024-09-15T22:35:42.829+0000 7f8fbc607640 1 -- 172.21.15.66:0/3059784555 --> [v2:172.21.15.66:3300/0,v1:172.21.15.66:6789/0] -- mon_subscribe({mgrmap=0+}) -- 0x7f8fb407caf0 con 0x7f8fb41075f0
2024-09-15T22:35:47.491 INFO:teuthology.orchestra.run.smithi066.stdout:/usr/bin/ceph: stderr
2024-09-15T22:35:42.829+0000 7f8fa77fe640 1 -- 172.21.15.66:0/3059784555 <== mon.0 v2:172.21.15.66:3300/0 3 ==== mon_map magic: 0 ==== 205+0+0 (secure 0 0 0) 0x7f8fa803a390 con 0x7f8fb41075f0
2024-09-15T22:35:47.491 INFO:teuthology.orchestra.run.smithi066.stdout:/usr/bin/ceph: stderr
2024-09-15T22:35:42.829+0000 7f8fbc607640 1 -- 172.21.15.66:0/3059784555 --> [v2:172.21.15.66:3300/0,v1:172.21.15.66:6789/0] -- mon_subscribe({osdmap=0}) -- 0x7f8fb407cfd0 con 0x7f8fb41075f0
2024-09-15T22:35:47.491 INFO:teuthology.orchestra.run.smithi066.stdout:/usr/bin/ceph: stderr
2024-09-15T22:35:42.830+0000 7f8fa77fe640 1 -- 172.21.15.66:0/3059784555 <== mon.0 v2:172.21.15.66:3300/0 4 ==== mgrmap(e 8) ==== 46461+0+0 (secure 0 0 0) 0x7f8fa8032900 con 0x7f8fb41075f0
2024-09-15T22:35:47.491 INFO:teuthology.orchestra.run.smithi066.stdout:/usr/bin/ceph: stderr
2024-09-15T22:35:42.831+0000 7f8fbc607640 1 -- 172.21.15.66:0/3059784555 --> [v2:172.21.15.66:3300/0,v1:172.21.15.66:6789/0] -- mon_command({"prefix": "get_command_descriptions"} v 0) -- 0x7f8fb410bd20 con 0x7f8fb41075f0
2024-09-15T22:35:47.491 INFO:teuthology.orchestra.run.smithi066.stdout:/usr/bin/ceph: stderr
2024-09-15T22:35:42.831+0000 7f8fa77fe640 1 --2- 172.21.15.66:0/3059784555 >> [v2:172.21.15.66:6800/1250063396,v1:172.21.15.66:6801/1250063396] conn(0x7f8fa0039200 0x7f8fa003b6c0 unknown :-1 s=NONE pgs=0 cs=0 l=1 rev1=0 crypto rx=0 tx=0 comp rx=0 tx=0).connect
2024-09-15T22:35:47.491 INFO:teuthology.orchestra.run.smithi066.stdout:/usr/bin/ceph: stderr
2024-09-15T22:35:42.831+0000 7f8fa77fe640 1 -- 172.21.15.66:0/3059784555 <== mon.0 v2:172.21.15.66:3300/0 5 ==== osd_map(2..2 src has 1..2) ==== 940+0+0 (secure 0 0 0) 0x7f8fa806c6e0 con 0x7f8fb41075f0
2024-09-15T22:35:47.491 INFO:teuthology.orchestra.run.smithi066.stdout:/usr/bin/ceph: stderr
2024-09-15T22:35:42.831+0000 7f8fb9ba2640 1 --2- 172.21.15.66:0/3059784555 >> [v2:172.21.15.66:6800/1250063396,v1:172.21.15.66:6801/1250063396] conn(0x7f8fa0039200 0x7f8fa003b6c0 unknown :-1 s=BANNER_CONNECTING pgs=0 cs=0 l=1 rev1=0 crypto rx=0 tx=0 comp rx=0 tx=0)._handle_peer_banner_payload supported=3 required=0
2024-09-15T22:35:47.491 INFO:teuthology.orchestra.run.smithi066.stdout:/usr/bin/ceph: stderr
2024-09-15T22:35:42.831+0000 7f8fb9ba2640 1 --2- 172.21.15.66:0/3059784555 >> [v2:172.21.15.66:6800/1250063396,v1:172.21.15.66:6801/1250063396] conn(0x7f8fa0039200 0x7f8fa003b6c0 secure :-1 s=READY pgs=11 cs=0 l=1 rev1=1 crypto rx=0x7f8fb00098c0 tx=0x7f8fb0006db0 comp rx=0 tx=0).ready entity=mgr.14118 client_cookie=0 server_cookie=0 in_seq=0 out_seq=0
2024-09-15T22:35:47.491 INFO:teuthology.orchestra.run.smithi066.stdout:/usr/bin/ceph: stderr
2024-09-15T22:35:42.835+0000 7f8fa77fe640 1 -- 172.21.15.66:0/3059784555 <== mon.0 v2:172.21.15.66:3300/0 6 ==== mon_command_ack([{"prefix": "get_command_descriptions"}]=0 v0) ==== 72+0+188821 (secure 0 0 0) 0x7f8fa8042310 con 0x7f8fb41075f0
2024-09-15T22:35:47.492 INFO:teuthology.orchestra.run.smithi066.stdout:/usr/bin/ceph: stderr
2024-09-15T22:35:43.016+0000 7f8fbc607640 1 -- 172.21.15.66:0/3059784555 --> [v2:172.21.15.66:6800/1250063396,v1:172.21.15.66:6801/1250063396] -- mgr_command(tid 0: {"prefix": "orch host add", "hostname": "smithi066", "addr": "172.21.15.66", "target": ["mon-mgr", ""]}) -- 0x7f8fb407d880 con 0x7f8fa0039200
2024-09-15T22:35:47.492 INFO:teuthology.orchestra.run.smithi066.stdout:/usr/bin/ceph: stderr
2024-09-15T22:35:46.938+0000 7f8fa77fe640 1 -- 172.21.15.66:0/3059784555 <== mgr.14118 v2:172.21.15.66:6800/1250063396 1 ==== mgr_command_reply(tid 0: 0 ) ==== 8+0+48 (secure 0 0 0) 0x7f8fb407d880 con 0x7f8fa0039200
2024-09-15T22:35:47.492 INFO:teuthology.orchestra.run.smithi066.stdout:/usr/bin/ceph: stderr
2024-09-15T22:35:46.941+0000 7f8fbc607640 1 -- 172.21.15.66:0/3059784555 >> [v2:172.21.15.66:6800/1250063396,v1:172.21.15.66:6801/1250063396] conn(0x7f8fa0039200 msgr2=0x7f8fa003b6c0 secure :-1 s=STATE_CONNECTION_ESTABLISHED l=1).mark_down
2024-09-15T22:35:47.492 INFO:teuthology.orchestra.run.smithi066.stdout:/usr/bin/ceph: stderr
2024-09-15T22:35:46.941+0000 7f8fbc607640 1 --2- 172.21.15.66:0/3059784555 >> [v2:172.21.15.66:6800/1250063396,v1:172.21.15.66:6801/1250063396] conn(0x7f8fa0039200 0x7f8fa003b6c0 secure :-1 s=READY pgs=11 cs=0 l=1 rev1=1 crypto rx=0x7f8fb00098c0 tx=0x7f8fb0006db0 comp rx=0 tx=0).stop
2024-09-15T22:35:47.492 INFO:teuthology.orchestra.run.smithi066.stdout:/usr/bin/ceph: stderr
2024-09-15T22:35:46.941+0000 7f8fbc607640 1 -- 172.21.15.66:0/3059784555 >> [v2:172.21.15.66:3300/0,v1:172.21.15.66:6789/0] conn(0x7f8fb41075f0 msgr2=0x7f8fb407e3c0 secure :-1 s=STATE_CONNECTION_ESTABLISHED l=1).mark_down
2024-09-15T22:35:47.492 INFO:teuthology.orchestra.run.smithi066.stdout:/usr/bin/ceph: stderr
2024-09-15T22:35:46.941+0000 7f8fbc607640 1 --2- 172.21.15.66:0/3059784555 >> [v2:172.21.15.66:3300/0,v1:172.21.15.66:6789/0] conn(0x7f8fb41075f0 0x7f8fb407e3c0 secure :-1 s=READY pgs=44 cs=0 l=1 rev1=1 crypto rx=0x7f8fa80097f0 tx=0x7f8fa8030d80 comp rx=0 tx=0).stop
2024-09-15T22:35:47.492 INFO:teuthology.orchestra.run.smithi066.stdout:/usr/bin/ceph: stderr
2024-09-15T22:35:46.941+0000 7f8fbc607640 1 -- 172.21.15.66:0/3059784555 shutdown_connections
2024-09-15T22:35:47.492 INFO:teuthology.orchestra.run.smithi066.stdout:/usr/bin/ceph: stderr
2024-09-15T22:35:46.941+0000 7f8fbc607640 1 --2- 172.21.15.66:0/3059784555 >> [v2:172.21.15.66:6800/1250063396,v1:172.21.15.66:6801/1250063396] conn(0x7f8fa0039200 0x7f8fa003b6c0 unknown :-1 s=CLOSED pgs=11 cs=0 l=1 rev1=1 crypto rx=0 tx=0 comp rx=0 tx=0).stop
2024-09-15T22:35:47.492 INFO:teuthology.orchestra.run.smithi066.stdout:/usr/bin/ceph: stderr
2024-09-15T22:35:46.941+0000 7f8fbc607640 1 --2- 172.21.15.66:0/3059784555 >> [v2:172.21.15.66:3300/0,v1:172.21.15.66:6789/0] conn(0x7f8fb41075f0 0x7f8fb407e3c0 unknown :-1 s=CLOSED pgs=44 cs=0 l=1 rev1=1 crypto rx=0 tx=0 comp rx=0 tx=0).stop
2024-09-15T22:35:47.492 INFO:teuthology.orchestra.run.smithi066.stdout:/usr/bin/ceph: stderr
2024-09-15T22:35:46.941+0000 7f8fbc607640 1 -- 172.21.15.66:0/3059784555 >> 172.21.15.66:0/3059784555 conn(0x7f8fb4102e70 msgr2=0x7f8fb4103960 unknown :-1 s=STATE_NONE l=0).mark_down
2024-09-15T22:35:47.492 INFO:teuthology.orchestra.run.smithi066.stdout:/usr/bin/ceph: stderr
2024-09-15T22:35:46.941+0000 7f8fbc607640 1 -- 172.21.15.66:0/3059784555 shutdown_connections
2024-09-15T22:35:47.492 INFO:teuthology.orchestra.run.smithi066.stdout:/usr/bin/ceph: stderr
2024-09-15T22:35:46.941+0000 7f8fbc607640 1 -- 172.21.15.66:0/3059784555 wait complete.
2024-09-15T22:35:47.492 INFO:teuthology.orchestra.run.smithi066.stdout:Deploying unmanaged mon service...
2024-09-15T22:35:48.043 INFO:journalctl@ceph.mon.a.smithi066.stdout:Sep 15 22:35:47 smithi066 ceph-mon[31185]: from='mgr.14118 172.21.15.66:0/4034718823' entity='mgr.x'
2024-09-15T22:35:48.044 INFO:journalctl@ceph.mon.a.smithi066.stdout:Sep 15 22:35:47 smithi066 ceph-mon[31185]: Added host smithi066
2024-09-15T22:35:48.044 INFO:journalctl@ceph.mon.a.smithi066.stdout:Sep 15 22:35:47 smithi066 ceph-mon[31185]: from='mgr.14118 172.21.15.66:0/4034718823' entity='mgr.x' cmd=[{"prefix": "config dump", "format": "json"}]: dispatch
2024-09-15T22:35:48.919 INFO:teuthology.orchestra.run.smithi066.stdout:/usr/bin/ceph: stdout Scheduled mon update...
2024-09-15T22:35:48.920 INFO:teuthology.orchestra.run.smithi066.stdout:/usr/bin/ceph: stderr
2024-09-15T22:35:47.967+0000 7f75f093b640 1 Processor -- start
2024-09-15T22:35:48.920 INFO:teuthology.orchestra.run.smithi066.stdout:/usr/bin/ceph: stderr
2024-09-15T22:35:47.967+0000 7f75f093b640 1 -- start start
2024-09-15T22:35:48.920 INFO:teuthology.orchestra.run.smithi066.stdout:/usr/bin/ceph: stderr
2024-09-15T22:35:47.967+0000 7f75f093b640 1 --2- >> [v2:172.21.15.66:3300/0,v1:172.21.15.66:6789/0] conn(0x7f75ec1075f0 0x7f75ec1079f0 unknown :-1 s=NONE pgs=0 cs=0 l=0 rev1=0 crypto rx=0 tx=0 comp rx=0 tx=0).connect
2024-09-15T22:35:48.920 INFO:teuthology.orchestra.run.smithi066.stdout:/usr/bin/ceph: stderr
2024-09-15T22:35:47.967+0000 7f75f093b640 1 -- --> [v2:172.21.15.66:3300/0,v1:172.21.15.66:6789/0] -- mon_getmap magic: 0 -- 0x7f75ec107fc0 con 0x7f75ec1075f0
2024-09-15T22:35:48.920 INFO:teuthology.orchestra.run.smithi066.stdout:/usr/bin/ceph: stderr
