2024-09-15T22:36:31.107+0000 7f6192000640 1 --2- 172.21.15.111:0/1316698583 >> [v2:172.21.15.111:3300/0,v1:172.21.15.111:6789/0] conn(0x7f618c109840 0x7f618c109c40 secure :-1 s=READY pgs=41 cs=0 l=1 rev1=1 crypto rx=0x7f6180009820 tx=0x7f618002a270 comp rx=0 tx=0).stop
2024-09-15T22:36:35.873 INFO:teuthology.orchestra.run.smithi111.stdout:/usr/bin/ceph: stderr
2024-09-15T22:36:31.107+0000 7f6192000640 1 -- 172.21.15.111:0/1316698583 shutdown_connections
2024-09-15T22:36:35.874 INFO:teuthology.orchestra.run.smithi111.stdout:/usr/bin/ceph: stderr
2024-09-15T22:36:31.107+0000 7f6192000640 1 --2- 172.21.15.111:0/1316698583 >> [v2:172.21.15.111:3300/0,v1:172.21.15.111:6789/0] conn(0x7f618c109840 0x7f618c109c40 unknown :-1 s=CLOSED pgs=41 cs=0 l=1 rev1=1 crypto rx=0 tx=0 comp rx=0 tx=0).stop
2024-09-15T22:36:35.874 INFO:teuthology.orchestra.run.smithi111.stdout:/usr/bin/ceph: stderr
2024-09-15T22:36:31.107+0000 7f6192000640 1 -- 172.21.15.111:0/1316698583 >> 172.21.15.111:0/1316698583 conn(0x7f618c07cd90 msgr2=0x7f618c07d1a0 unknown :-1 s=STATE_NONE l=0).mark_down
2024-09-15T22:36:35.874 INFO:teuthology.orchestra.run.smithi111.stdout:/usr/bin/ceph: stderr
2024-09-15T22:36:31.107+0000 7f6192000640 1 -- 172.21.15.111:0/1316698583 shutdown_connections
2024-09-15T22:36:35.874 INFO:teuthology.orchestra.run.smithi111.stdout:/usr/bin/ceph: stderr
2024-09-15T22:36:31.107+0000 7f6192000640 1 -- 172.21.15.111:0/1316698583 wait complete.
2024-09-15T22:36:35.874 INFO:teuthology.orchestra.run.smithi111.stdout:/usr/bin/ceph: stderr
2024-09-15T22:36:31.108+0000 7f6192000640 1 Processor -- start
2024-09-15T22:36:35.874 INFO:teuthology.orchestra.run.smithi111.stdout:/usr/bin/ceph: stderr
2024-09-15T22:36:31.108+0000 7f6192000640 1 -- start start
2024-09-15T22:36:35.874 INFO:teuthology.orchestra.run.smithi111.stdout:/usr/bin/ceph: stderr
2024-09-15T22:36:31.108+0000 7f6192000640 1 --2- >> [v2:172.21.15.111:3300/0,v1:172.21.15.111:6789/0] conn(0x7f618c109840 0x7f618c19d7e0 unknown :-1 s=NONE pgs=0 cs=0 l=1 rev1=0 crypto rx=0 tx=0 comp rx=0 tx=0).connect
2024-09-15T22:36:35.874 INFO:teuthology.orchestra.run.smithi111.stdout:/usr/bin/ceph: stderr
2024-09-15T22:36:31.108+0000 7f6192000640 1 -- --> [v2:172.21.15.111:3300/0,v1:172.21.15.111:6789/0] -- mon_getmap magic: 0 -- 0x7f618c10dd00 con 0x7f618c109840
2024-09-15T22:36:35.874 INFO:teuthology.orchestra.run.smithi111.stdout:/usr/bin/ceph: stderr
2024-09-15T22:36:31.109+0000 7f6190c00640 1 --2- >> [v2:172.21.15.111:3300/0,v1:172.21.15.111:6789/0] conn(0x7f618c109840 0x7f618c19d7e0 unknown :-1 s=BANNER_CONNECTING pgs=0 cs=0 l=1 rev1=0 crypto rx=0 tx=0 comp rx=0 tx=0)._handle_peer_banner_payload supported=3 required=0
2024-09-15T22:36:35.874 INFO:teuthology.orchestra.run.smithi111.stdout:/usr/bin/ceph: stderr
2024-09-15T22:36:31.109+0000 7f6190c00640 1 --2- >> [v2:172.21.15.111:3300/0,v1:172.21.15.111:6789/0] conn(0x7f618c109840 0x7f618c19d7e0 unknown :-1 s=HELLO_CONNECTING pgs=0 cs=0 l=1 rev1=1 crypto rx=0 tx=0 comp rx=0 tx=0).handle_hello peer v2:172.21.15.111:3300/0 says I am v2:172.21.15.111:41536/0 (socket says 172.21.15.111:41536)
2024-09-15T22:36:35.874 INFO:teuthology.orchestra.run.smithi111.stdout:/usr/bin/ceph: stderr
2024-09-15T22:36:31.109+0000 7f6190c00640 1 -- 172.21.15.111:0/994250977 learned_addr learned my addr 172.21.15.111:0/994250977 (peer_addr_for_me v2:172.21.15.111:0/0)
2024-09-15T22:36:35.874 INFO:teuthology.orchestra.run.smithi111.stdout:/usr/bin/ceph: stderr
2024-09-15T22:36:31.109+0000 7f6190c00640 1 -- 172.21.15.111:0/994250977 --> [v2:172.21.15.111:3300/0,v1:172.21.15.111:6789/0] -- mon_subscribe({config=0+,monmap=0+}) -- 0x7f618c19dd20 con 0x7f618c109840
2024-09-15T22:36:35.874 INFO:teuthology.orchestra.run.smithi111.stdout:/usr/bin/ceph: stderr
2024-09-15T22:36:31.109+0000 7f6190c00640 1 --2- 172.21.15.111:0/994250977 >> [v2:172.21.15.111:3300/0,v1:172.21.15.111:6789/0] conn(0x7f618c109840 0x7f618c19d7e0 secure :-1 s=READY pgs=42 cs=0 l=1 rev1=1 crypto rx=0x7f61800097f0 tx=0x7f6180030ec0 comp rx=0 tx=0).ready entity=mon.0 client_cookie=0 server_cookie=0 in_seq=0 out_seq=0
2024-09-15T22:36:35.875 INFO:teuthology.orchestra.run.smithi111.stdout:/usr/bin/ceph: stderr
2024-09-15T22:36:31.109+0000 7f6189600640 1 -- 172.21.15.111:0/994250977 <== mon.0 v2:172.21.15.111:3300/0 1 ==== mon_map magic: 0 ==== 205+0+0 (secure 0 0 0) 0x7f6180042070 con 0x7f618c109840
2024-09-15T22:36:35.875 INFO:teuthology.orchestra.run.smithi111.stdout:/usr/bin/ceph: stderr
2024-09-15T22:36:31.109+0000 7f6189600640 1 -- 172.21.15.111:0/994250977 <== mon.0 v2:172.21.15.111:3300/0 2 ==== config(27 keys) ==== 1109+0+0 (secure 0 0 0) 0x7f6180032ca0 con 0x7f618c109840
2024-09-15T22:36:35.875 INFO:teuthology.orchestra.run.smithi111.stdout:/usr/bin/ceph: stderr
2024-09-15T22:36:31.109+0000 7f6189600640 1 -- 172.21.15.111:0/994250977 <== mon.0 v2:172.21.15.111:3300/0 3 ==== mon_map magic: 0 ==== 205+0+0 (secure 0 0 0) 0x7f6180037040 con 0x7f618c109840
2024-09-15T22:36:35.875 INFO:teuthology.orchestra.run.smithi111.stdout:/usr/bin/ceph: stderr
2024-09-15T22:36:31.109+0000 7f6192000640 1 -- 172.21.15.111:0/994250977 --> [v2:172.21.15.111:3300/0,v1:172.21.15.111:6789/0] -- mon_subscribe({mgrmap=0+}) -- 0x7f618c19dfb0 con 0x7f618c109840
2024-09-15T22:36:35.875 INFO:teuthology.orchestra.run.smithi111.stdout:/usr/bin/ceph: stderr
2024-09-15T22:36:31.110+0000 7f6192000640 1 -- 172.21.15.111:0/994250977 --> [v2:172.21.15.111:3300/0,v1:172.21.15.111:6789/0] -- mon_subscribe({osdmap=0}) -- 0x7f618c1a0ca0 con 0x7f618c109840
2024-09-15T22:36:35.875 INFO:teuthology.orchestra.run.smithi111.stdout:/usr/bin/ceph: stderr
2024-09-15T22:36:31.111+0000 7f6189600640 1 -- 172.21.15.111:0/994250977 <== mon.0 v2:172.21.15.111:3300/0 4 ==== mgrmap(e 8) ==== 46461+0+0 (secure 0 0 0) 0x7f6180045070 con 0x7f618c109840
2024-09-15T22:36:35.875 INFO:teuthology.orchestra.run.smithi111.stdout:/usr/bin/ceph: stderr
2024-09-15T22:36:31.111+0000 7f6192000640 1 -- 172.21.15.111:0/994250977 --> [v2:172.21.15.111:3300/0,v1:172.21.15.111:6789/0] -- mon_command({"prefix": "get_command_descriptions"} v 0) -- 0x7f618c10de80 con 0x7f618c109840
2024-09-15T22:36:35.875 INFO:teuthology.orchestra.run.smithi111.stdout:/usr/bin/ceph: stderr
2024-09-15T22:36:31.111+0000 7f6189600640 1 --2- 172.21.15.111:0/994250977 >> [v2:172.21.15.111:6800/2107775445,v1:172.21.15.111:6801/2107775445] conn(0x7f6174039200 0x7f617403b6c0 unknown :-1 s=NONE pgs=0 cs=0 l=1 rev1=0 crypto rx=0 tx=0 comp rx=0 tx=0).connect
2024-09-15T22:36:35.875 INFO:teuthology.orchestra.run.smithi111.stdout:/usr/bin/ceph: stderr
2024-09-15T22:36:31.111+0000 7f6189600640 1 -- 172.21.15.111:0/994250977 <== mon.0 v2:172.21.15.111:3300/0 5 ==== osd_map(2..2 src has 1..2) ==== 940+0+0 (secure 0 0 0) 0x7f618006c170 con 0x7f618c109840
2024-09-15T22:36:35.875 INFO:teuthology.orchestra.run.smithi111.stdout:/usr/bin/ceph: stderr
2024-09-15T22:36:31.111+0000 7f618be00640 1 --2- 172.21.15.111:0/994250977 >> [v2:172.21.15.111:6800/2107775445,v1:172.21.15.111:6801/2107775445] conn(0x7f6174039200 0x7f617403b6c0 unknown :-1 s=BANNER_CONNECTING pgs=0 cs=0 l=1 rev1=0 crypto rx=0 tx=0 comp rx=0 tx=0)._handle_peer_banner_payload supported=3 required=0
2024-09-15T22:36:35.875 INFO:teuthology.orchestra.run.smithi111.stdout:/usr/bin/ceph: stderr
2024-09-15T22:36:31.112+0000 7f618be00640 1 --2- 172.21.15.111:0/994250977 >> [v2:172.21.15.111:6800/2107775445,v1:172.21.15.111:6801/2107775445] conn(0x7f6174039200 0x7f617403b6c0 secure :-1 s=READY pgs=11 cs=0 l=1 rev1=1 crypto rx=0x7f61780098c0 tx=0x7f6178006db0 comp rx=0 tx=0).ready entity=mgr.14116 client_cookie=0 server_cookie=0 in_seq=0 out_seq=0
2024-09-15T22:36:35.875 INFO:teuthology.orchestra.run.smithi111.stdout:/usr/bin/ceph: stderr
2024-09-15T22:36:31.116+0000 7f6189600640 1 -- 172.21.15.111:0/994250977 <== mon.0 v2:172.21.15.111:3300/0 6 ==== mon_command_ack([{"prefix": "get_command_descriptions"}]=0 v0) ==== 72+0+188821 (secure 0 0 0) 0x7f618004b170 con 0x7f618c109840
2024-09-15T22:36:35.875 INFO:teuthology.orchestra.run.smithi111.stdout:/usr/bin/ceph: stderr
2024-09-15T22:36:31.295+0000 7f6192000640 1 -- 172.21.15.111:0/994250977 --> [v2:172.21.15.111:6800/2107775445,v1:172.21.15.111:6801/2107775445] -- mgr_command(tid 0: {"prefix": "orch host add", "hostname": "smithi111", "addr": "172.21.15.111", "target": ["mon-mgr", ""]}) -- 0x7f618c107cd0 con 0x7f6174039200
2024-09-15T22:36:35.876 INFO:teuthology.orchestra.run.smithi111.stdout:/usr/bin/ceph: stderr
2024-09-15T22:36:35.116+0000 7f6189600640 1 -- 172.21.15.111:0/994250977 <== mgr.14116 v2:172.21.15.111:6800/2107775445 1 ==== mgr_command_reply(tid 0: 0 ) ==== 8+0+49 (secure 0 0 0) 0x7f618c107cd0 con 0x7f6174039200
2024-09-15T22:36:35.876 INFO:teuthology.orchestra.run.smithi111.stdout:/usr/bin/ceph: stderr
2024-09-15T22:36:35.119+0000 7f6192000640 1 -- 172.21.15.111:0/994250977 >> [v2:172.21.15.111:6800/2107775445,v1:172.21.15.111:6801/2107775445] conn(0x7f6174039200 msgr2=0x7f617403b6c0 secure :-1 s=STATE_CONNECTION_ESTABLISHED l=1).mark_down
2024-09-15T22:36:35.876 INFO:teuthology.orchestra.run.smithi111.stdout:/usr/bin/ceph: stderr
2024-09-15T22:36:35.119+0000 7f6192000640 1 --2- 172.21.15.111:0/994250977 >> [v2:172.21.15.111:6800/2107775445,v1:172.21.15.111:6801/2107775445] conn(0x7f6174039200 0x7f617403b6c0 secure :-1 s=READY pgs=11 cs=0 l=1 rev1=1 crypto rx=0x7f61780098c0 tx=0x7f6178006db0 comp rx=0 tx=0).stop
2024-09-15T22:36:35.876 INFO:teuthology.orchestra.run.smithi111.stdout:/usr/bin/ceph: stderr
2024-09-15T22:36:35.119+0000 7f6192000640 1 -- 172.21.15.111:0/994250977 >> [v2:172.21.15.111:3300/0,v1:172.21.15.111:6789/0] conn(0x7f618c109840 msgr2=0x7f618c19d7e0 secure :-1 s=STATE_CONNECTION_ESTABLISHED l=1).mark_down
2024-09-15T22:36:35.876 INFO:teuthology.orchestra.run.smithi111.stdout:/usr/bin/ceph: stderr
2024-09-15T22:36:35.119+0000 7f6192000640 1 --2- 172.21.15.111:0/994250977 >> [v2:172.21.15.111:3300/0,v1:172.21.15.111:6789/0] conn(0x7f618c109840 0x7f618c19d7e0 secure :-1 s=READY pgs=42 cs=0 l=1 rev1=1 crypto rx=0x7f61800097f0 tx=0x7f6180030ec0 comp rx=0 tx=0).stop
2024-09-15T22:36:35.876 INFO:teuthology.orchestra.run.smithi111.stdout:/usr/bin/ceph: stderr
2024-09-15T22:36:35.119+0000 7f6192000640 1 -- 172.21.15.111:0/994250977 shutdown_connections
2024-09-15T22:36:35.876 INFO:teuthology.orchestra.run.smithi111.stdout:/usr/bin/ceph: stderr
2024-09-15T22:36:35.119+0000 7f6192000640 1 --2- 172.21.15.111:0/994250977 >> [v2:172.21.15.111:6800/2107775445,v1:172.21.15.111:6801/2107775445] conn(0x7f6174039200 0x7f617403b6c0 unknown :-1 s=CLOSED pgs=11 cs=0 l=1 rev1=1 crypto rx=0 tx=0 comp rx=0 tx=0).stop
2024-09-15T22:36:35.876 INFO:teuthology.orchestra.run.smithi111.stdout:/usr/bin/ceph: stderr
2024-09-15T22:36:35.119+0000 7f6192000640 1 --2- 172.21.15.111:0/994250977 >> [v2:172.21.15.111:3300/0,v1:172.21.15.111:6789/0] conn(0x7f618c109840 0x7f618c19d7e0 unknown :-1 s=CLOSED pgs=42 cs=0 l=1 rev1=1 crypto rx=0 tx=0 comp rx=0 tx=0).stop
2024-09-15T22:36:35.876 INFO:teuthology.orchestra.run.smithi111.stdout:/usr/bin/ceph: stderr
2024-09-15T22:36:35.119+0000 7f6192000640 1 -- 172.21.15.111:0/994250977 >> 172.21.15.111:0/994250977 conn(0x7f618c07cd90 msgr2=0x7f618c1075c0 unknown :-1 s=STATE_NONE l=0).mark_down
2024-09-15T22:36:35.876 INFO:teuthology.orchestra.run.smithi111.stdout:/usr/bin/ceph: stderr
2024-09-15T22:36:35.119+0000 7f6192000640 1 -- 172.21.15.111:0/994250977 shutdown_connections
2024-09-15T22:36:35.876 INFO:teuthology.orchestra.run.smithi111.stdout:/usr/bin/ceph: stderr
2024-09-15T22:36:35.119+0000 7f6192000640 1 -- 172.21.15.111:0/994250977 wait complete.
2024-09-15T22:36:35.876 INFO:teuthology.orchestra.run.smithi111.stdout:Deploying unmanaged mon service...
2024-09-15T22:36:36.376 INFO:journalctl@ceph.mon.a.smithi111.stdout:Sep 15 22:36:36 smithi111 ceph-mon[30629]: from='mgr.14116 172.21.15.111:0/472659009' entity='mgr.x'
2024-09-15T22:36:36.376 INFO:journalctl@ceph.mon.a.smithi111.stdout:Sep 15 22:36:36 smithi111 ceph-mon[30629]: Added host smithi111
2024-09-15T22:36:36.376 INFO:journalctl@ceph.mon.a.smithi111.stdout:Sep 15 22:36:36 smithi111 ceph-mon[30629]: from='mgr.14116 172.21.15.111:0/472659009' entity='mgr.x' cmd=[{"prefix": "config dump", "format": "json"}]: dispatch
2024-09-15T22:36:37.443 INFO:teuthology.orchestra.run.smithi111.stdout:/usr/bin/ceph: stdout Scheduled mon update...
2024-09-15T22:36:37.443 INFO:teuthology.orchestra.run.smithi111.stdout:/usr/bin/ceph: stderr
2024-09-15T22:36:36.378+0000 7ff4fe800640 1 Processor -- start
2024-09-15T22:36:37.443 INFO:teuthology.orchestra.run.smithi111.stdout:/usr/bin/ceph: stderr
2024-09-15T22:36:36.378+0000 7ff4fe800640 1 -- start start
2024-09-15T22:36:37.443 INFO:teuthology.orchestra.run.smithi111.stdout:/usr/bin/ceph: stderr
2024-09-15T22:36:36.379+0000 7ff4fe800640 1 --2- >> [v2:172.21.15.111:3300/0,v1:172.21.15.111:6789/0] conn(0x7ff4f807ddd0 0x7ff4f807c280 unknown :-1 s=NONE pgs=0 cs=0 l=0 rev1=0 crypto rx=0 tx=0 comp rx=0 tx=0).connect
2024-09-15T22:36:37.443 INFO:teuthology.orchestra.run.smithi111.stdout:/usr/bin/ceph: stderr
2024-09-15T22:36:36.379+0000 7ff4fe800640 1 -- --> [v2:172.21.15.111:3300/0,v1:172.21.15.111:6789/0] -- mon_getmap magic: 0 -- 0x7ff4f807c7c0 con 0x7ff4f807ddd0
2024-09-15T22:36:37.443 INFO:teuthology.orchestra.run.smithi111.stdout:/usr/bin/ceph: stderr
2024-09-15T22:36:36.379+0000 7ff4fd400640 1 --2- >> [v2:172.21.15.111:3300/0,v1:172.21.15.111:6789/0] conn(0x7ff4f807ddd0 0x7ff4f807c280 unknown :-1 s=BANNER_CONNECTING pgs=0 cs=0 l=0 rev1=0 crypto rx=0 tx=0 comp rx=0 tx=0)._handle_peer_banner_payload supported=3 required=0
2024-09-15T22:36:37.443 INFO:teuthology.orchestra.run.smithi111.stdout:/usr/bin/ceph: stderr
2024-09-15T22:36:36.379+0000 7ff4fd400640 1 --2- >> [v2:172.21.15.111:3300/0,v1:172.21.15.111:6789/0] conn(0x7ff4f807ddd0 0x7ff4f807c280 unknown :-1 s=HELLO_CONNECTING pgs=0 cs=0 l=0 rev1=1 crypto rx=0 tx=0 comp rx=0 tx=0).handle_hello peer v2:172.21.15.111:3300/0 says I am v2:172.21.15.111:41542/0 (socket says 172.21.15.111:41542)
2024-09-15T22:36:37.443 INFO:teuthology.orchestra.run.smithi111.stdout:/usr/bin/ceph: stderr
2024-09-15T22:36:36.379+0000 7ff4fd400640 1 -- 172.21.15.111:0/2891128780 learned_addr learned my addr 172.21.15.111:0/2891128780 (peer_addr_for_me v2:172.21.15.111:0/0)
2024-09-15T22:36:37.444 INFO:teuthology.orchestra.run.smithi111.stdout:/usr/bin/ceph: stderr
2024-09-15T22:36:36.380+0000 7ff4fd400640 1 -- 172.21.15.111:0/2891128780 --> [v2:172.21.15.111:3300/0,v1:172.21.15.111:6789/0] -- mon_subscribe({config=0+,monmap=0+}) -- 0x7ff4f807c940 con 0x7ff4f807ddd0
2024-09-15T22:36:37.444 INFO:teuthology.orchestra.run.smithi111.stdout:/usr/bin/ceph: stderr
2024-09-15T22:36:36.381+0000 7ff4fd400640 1 --2- 172.21.15.111:0/2891128780 >> [v2:172.21.15.111:3300/0,v1:172.21.15.111:6789/0] conn(0x7ff4f807ddd0 0x7ff4f807c280 secure :-1 s=READY pgs=43 cs=0 l=1 rev1=1 crypto rx=0x7ff4ec009820 tx=0x7ff4ec02a300 comp rx=0 tx=0).ready entity=mon.0 client_cookie=466ac73c7ed2dbd1 server_cookie=0 in_seq=0 out_seq=0
2024-09-15T22:36:37.444 INFO:teuthology.orchestra.run.smithi111.stdout:/usr/bin/ceph: stderr
2024-09-15T22:36:36.381+0000 7ff4f7e00640 1 -- 172.21.15.111:0/2891128780 <== mon.0 v2:172.21.15.111:3300/0 1 ==== mon_map magic: 0 ==== 205+0+0 (secure 0 0 0) 0x7ff4ec037070 con 0x7ff4f807ddd0
2024-09-15T22:36:37.444 INFO:teuthology.orchestra.run.smithi111.stdout:/usr/bin/ceph: stderr
2024-09-15T22:36:36.381+0000 7ff4f7e00640 1 -- 172.21.15.111:0/2891128780 <== mon.0 v2:172.21.15.111:3300/0 2 ==== config(27 keys) ==== 1109+0+0 (secure 0 0 0) 0x7ff4ec032900 con 0x7ff4f807ddd0
2024-09-15T22:36:37.444 INFO:teuthology.orchestra.run.smithi111.stdout:/usr/bin/ceph: stderr
2024-09-15T22:36:36.381+0000 7ff4f7e00640 1 -- 172.21.15.111:0/2891128780 <== mon.0 v2:172.21.15.111:3300/0 3 ==== mon_map magic: 0 ==== 205+0+0 (secure 0 0 0) 0x7ff4ec0308e0 con 0x7ff4f807ddd0
2024-09-15T22:36:37.444 INFO:teuthology.orchestra.run.smithi111.stdout:/usr/bin/ceph: stderr
2024-09-15T22:36:36.381+0000 7ff4fe800640 1 -- 172.21.15.111:0/2891128780 >> [v2:172.21.15.111:3300/0,v1:172.21.15.111:6789/0] conn(0x7ff4f807ddd0 msgr2=0x7ff4f807c280 secure :-1 s=STATE_CONNECTION_ESTABLISHED l=1).mark_down
2024-09-15T22:36:37.444 INFO:teuthology.orchestra.run.smithi111.stdout:/usr/bin/ceph: stderr
2024-09-15T22:36:36.381+0000 7ff4fe800640 1 --2- 172.21.15.111:0/2891128780 >> [v2:172.21.15.111:3300/0,v1:172.21.15.111:6789/0] conn(0x7ff4f807ddd0 0x7ff4f807c280 secure :-1 s=READY pgs=43 cs=0 l=1 rev1=1 crypto rx=0x7ff4ec009820 tx=0x7ff4ec02a300 comp rx=0 tx=0).stop
2024-09-15T22:36:37.444 INFO:teuthology.orchestra.run.smithi111.stdout:/usr/bin/ceph: stderr
2024-09-15T22:36:36.381+0000 7ff4fe800640 1 -- 172.21.15.111:0/2891128780 shutdown_connections
2024-09-15T22:36:37.444 INFO:teuthology.orchestra.run.smithi111.stdout:/usr/bin/ceph: stderr
2024-09-15T22:36:36.381+0000 7ff4fe800640 1 --2- 172.21.15.111:0/2891128780 >> [v2:172.21.15.111:3300/0,v1:172.21.15.111:6789/0] conn(0x7ff4f807ddd0 0x7ff4f807c280 unknown :-1 s=CLOSED pgs=43 cs=0 l=1 rev1=1 crypto rx=0 tx=0 comp rx=0 tx=0).stop
2024-09-15T22:36:37.444 INFO:teuthology.orchestra.run.smithi111.stdout:/usr/bin/ceph: stderr
2024-09-15T22:36:36.381+0000 7ff4fe800640 1 -- 172.21.15.111:0/2891128780 >> 172.21.15.111:0/2891128780 conn(0x7ff4f8102d30 msgr2=0x7ff4f81051b0 unknown :-1 s=STATE_NONE l=0).mark_down
2024-09-15T22:36:37.444 INFO:teuthology.orchestra.run.smithi111.stdout:/usr/bin/ceph: stderr
2024-09-15T22:36:36.382+0000 7ff4fe800640 1 -- 172.21.15.111:0/2891128780 shutdown_connections
2024-09-15T22:36:37.444 INFO:teuthology.orchestra.run.smithi111.stdout:/usr/bin/ceph: stderr
2024-09-15T22:36:36.382+0000 7ff4fe800640 1 -- 172.21.15.111:0/2891128780 wait complete.
2024-09-15T22:36:37.445 INFO:teuthology.orchestra.run.smithi111.stdout:/usr/bin/ceph: stderr
2024-09-15T22:36:36.382+0000 7ff4fe800640 1 Processor -- start
2024-09-15T22:36:37.445 INFO:teuthology.orchestra.run.smithi111.stdout:/usr/bin/ceph: stderr
2024-09-15T22:36:36.383+0000 7ff4fe800640 1 -- start start
2024-09-15T22:36:37.445 INFO:teuthology.orchestra.run.smithi111.stdout:/usr/bin/ceph: stderr
2024-09-15T22:36:36.383+0000 7ff4fe800640 1 --2- >> [v2:172.21.15.111:3300/0,v1:172.21.15.111:6789/0] conn(0x7ff4f807ddd0 0x7ff4f819d7b0 unknown :-1 s=NONE pgs=0 cs=0 l=1 rev1=0 crypto rx=0 tx=0 comp rx=0 tx=0).connect
2024-09-15T22:36:37.445 INFO:teuthology.orchestra.run.smithi111.stdout:/usr/bin/ceph: stderr
2024-09-15T22:36:36.383+0000 7ff4fe800640 1 -- --> [v2:172.21.15.111:3300/0,v1:172.21.15.111:6789/0] -- mon_getmap magic: 0 -- 0x7ff4f810db90 con 0x7ff4f807ddd0
2024-09-15T22:36:37.445 INFO:teuthology.orchestra.run.smithi111.stdout:/usr/bin/ceph: stderr
2024-09-15T22:36:36.383+0000 7ff4fd400640 1 --2- >> [v2:172.21.15.111:3300/0,v1:172.21.15.111:6789/0] conn(0x7ff4f807ddd0 0x7ff4f819d7b0 unknown :-1 s=BANNER_CONNECTING pgs=0 cs=0 l=1 rev1=0 crypto rx=0 tx=0 comp rx=0 tx=0)._handle_peer_banner_payload supported=3 required=0
2024-09-15T22:36:37.445 INFO:teuthology.orchestra.run.smithi111.stdout:/usr/bin/ceph: stderr
2024-09-15T22:36:36.383+0000 7ff4fd400640 1 --2- >> [v2:172.21.15.111:3300/0,v1:172.21.15.111:6789/0] conn(0x7ff4f807ddd0 0x7ff4f819d7b0 unknown :-1 s=HELLO_CONNECTING pgs=0 cs=0 l=1 rev1=1 crypto rx=0 tx=0 comp rx=0 tx=0).handle_hello peer v2:172.21.15.111:3300/0 says I am v2:172.21.15.111:41552/0 (socket says 172.21.15.111:41552)
2024-09-15T22:36:37.445 INFO:teuthology.orchestra.run.smithi111.stdout:/usr/bin/ceph: stderr
2024-09-15T22:36:36.383+0000 7ff4fd400640 1 -- 172.21.15.111:0/3834549821 learned_addr learned my addr 172.21.15.111:0/3834549821 (peer_addr_for_me v2:172.21.15.111:0/0)
2024-09-15T22:36:37.445 INFO:teuthology.orchestra.run.smithi111.stdout:/usr/bin/ceph: stderr
2024-09-15T22:36:36.383+0000 7ff4fd400640 1 -- 172.21.15.111:0/3834549821 --> [v2:172.21.15.111:3300/0,v1:172.21.15.111:6789/0] -- mon_subscribe({config=0+,monmap=0+}) -- 0x7ff4f819dcf0 con 0x7ff4f807ddd0
2024-09-15T22:36:37.445 INFO:teuthology.orchestra.run.smithi111.stdout:/usr/bin/ceph: stderr
2024-09-15T22:36:36.384+0000 7ff4fd400640 1 --2- 172.21.15.111:0/3834549821 >> [v2:172.21.15.111:3300/0,v1:172.21.15.111:6789/0] conn(0x7ff4f807ddd0 0x7ff4f819d7b0 secure :-1 s=READY pgs=44 cs=0 l=1 rev1=1 crypto rx=0x7ff4ec02a820 tx=0x7ff4ec030900 comp rx=0 tx=0).ready entity=mon.0 client_cookie=0 server_cookie=0 in_seq=0 out_seq=0
2024-09-15T22:36:37.445 INFO:teuthology.orchestra.run.smithi111.stdout:/usr/bin/ceph: stderr
2024-09-15T22:36:36.384+0000 7ff4f6000640 1 -- 172.21.15.111:0/3834549821 <== mon.0 v2:172.21.15.111:3300/0 1 ==== mon_map magic: 0 ==== 205+0+0 (secure 0 0 0) 0x7ff4ec037040 con 0x7ff4f807ddd0
2024-09-15T22:36:37.445 INFO:teuthology.orchestra.run.smithi111.stdout:/usr/bin/ceph: stderr
2024-09-15T22:36:36.384+0000 7ff4f6000640 1 -- 172.21.15.111:0/3834549821 <== mon.0 v2:172.21.15.111:3300/0 2 ==== config(27 keys) ==== 1109+0+0 (secure 0 0 0) 0x7ff4ec040070 con 0x7ff4f807ddd0
2024-09-15T22:36:37.445 INFO:teuthology.orchestra.run.smithi111.stdout:/usr/bin/ceph: stderr
2024-09-15T22:36:36.384+0000 7ff4fe800640 1 -- 172.21.15.111:0/3834549821 --> [v2:172.21.15.111:3300/0,v1:172.21.15.111:6789/0] -- mon_subscribe({mgrmap=0+}) -- 0x7ff4f819df80 con 0x7ff4f807ddd0
2024-09-15T22:36:37.445 INFO:teuthology.orchestra.run.smithi111.stdout:/usr/bin/ceph: stderr
2024-09-15T22:36:36.384+0000 7ff4f6000640 1 -- 172.21.15.111:0/3834549821 <== mon.0 v2:172.21.15.111:3300/0 3 ==== mon_map magic: 0 ==== 205+0+0 (secure 0 0 0) 0x7ff4ec03bdd0 con 0x7ff4f807ddd0
2024-09-15T22:36:37.446 INFO:teuthology.orchestra.run.smithi111.stdout:/usr/bin/ceph: stderr
2024-09-15T22:36:36.384+0000 7ff4fe800640 1 -- 172.21.15.111:0/3834549821 --> [v2:172.21.15.111:3300/0,v1:172.21.15.111:6789/0] -- mon_subscribe({osdmap=0}) -- 0x7ff4f81a0c70 con 0x7ff4f807ddd0
2024-09-15T22:36:37.446 INFO:teuthology.orchestra.run.smithi111.stdout:/usr/bin/ceph: stderr
2024-09-15T22:36:36.385+0000 7ff4f6000640 1 -- 172.21.15.111:0/3834549821 <== mon.0 v2:172.21.15.111:3300/0 4 ==== mgrmap(e 8) ==== 46461+0+0 (secure 0 0 0) 0x7ff4ec03b5a0 con 0x7ff4f807ddd0
2024-09-15T22:36:37.446 INFO:teuthology.orchestra.run.smithi111.stdout:/usr/bin/ceph: stderr
2024-09-15T22:36:36.385+0000 7ff4fe800640 1 -- 172.21.15.111:0/3834549821 --> [v2:172.21.15.111:3300/0,v1:172.21.15.111:6789/0] -- mon_command({"prefix": "get_command_descriptions"} v 0) -- 0x7ff4f807c300 con 0x7ff4f807ddd0
2024-09-15T22:36:37.446 INFO:teuthology.orchestra.run.smithi111.stdout:/usr/bin/ceph: stderr
2024-09-15T22:36:36.386+0000 7ff4f6000640 1 --2- 172.21.15.111:0/3834549821 >> [v2:172.21.15.111:6800/2107775445,v1:172.21.15.111:6801/2107775445] conn(0x7ff4e00391b0 0x7ff4e003b670 unknown :-1 s=NONE pgs=0 cs=0 l=1 rev1=0 crypto rx=0 tx=0 comp rx=0 tx=0).connect
2024-09-15T22:36:37.446 INFO:teuthology.orchestra.run.smithi111.stdout:/usr/bin/ceph: stderr
2024-09-15T22:36:36.386+0000 7ff4f6000640 1 -- 172.21.15.111:0/3834549821 <== mon.0 v2:172.21.15.111:3300/0 5 ==== osd_map(2..2 src has 1..2) ==== 940+0+0 (secure 0 0 0) 0x7ff4ec06c3d0 con 0x7ff4f807ddd0
2024-09-15T22:36:37.446 INFO:teuthology.orchestra.run.smithi111.stdout:/usr/bin/ceph: stderr
2024-09-15T22:36:36.386+0000 7ff4fca00640 1 --2- 172.21.15.111:0/3834549821 >> [v2:172.21.15.111:6800/2107775445,v1:172.21.15.111:6801/2107775445] conn(0x7ff4e00391b0 0x7ff4e003b670 unknown :-1 s=BANNER_CONNECTING pgs=0 cs=0 l=1 rev1=0 crypto rx=0 tx=0 comp rx=0 tx=0)._handle_peer_banner_payload supported=3 required=0
2024-09-15T22:36:37.446 INFO:teuthology.orchestra.run.smithi111.stdout:/usr/bin/ceph: stderr
2024-09-15T22:36:36.387+0000 7ff4fca00640 1 --2- 172.21.15.111:0/3834549821 >> [v2:172.21.15.111:6800/2107775445,v1:172.21.15.111:6801/2107775445] conn(0x7ff4e00391b0 0x7ff4e003b670 secure :-1 s=READY pgs=12 cs=0 l=1 rev1=1 crypto rx=0x7ff4e40098c0 tx=0x7ff4e4006db0 comp rx=0 tx=0).ready entity=mgr.14116 client_cookie=0 server_cookie=0 in_seq=0 out_seq=0
2024-09-15T22:36:37.446 INFO:teuthology.orchestra.run.smithi111.stdout:/usr/bin/ceph: stderr
2024-09-15T22:36:36.391+0000 7ff4f6000640 1 -- 172.21.15.111:0/3834549821 <== mon.0 v2:172.21.15.111:3300/0 6 ==== mon_command_ack([{"prefix": "get_command_descriptions"}]=0 v0) ==== 72+0+188821 (secure 0 0 0) 0x7ff4ec0371e0 con 0x7ff4f807ddd0
2024-09-15T22:36:37.446 INFO:teuthology.orchestra.run.smithi111.stdout:/usr/bin/ceph: stderr
2024-09-15T22:36:36.579+0000 7ff4fe800640 1 -- 172.21.15.111:0/3834549821 --> [v2:172.21.15.111:6800/2107775445,v1:172.21.15.111:6801/2107775445] -- mgr_command(tid 0: {"prefix": "orch apply", "service_type": "mon", "unmanaged": true, "target": ["mon-mgr", ""]}) -- 0x7ff4f8104080 con 0x7ff4e00391b0
2024-09-15T22:36:37.446 INFO:teuthology.orchestra.run.smithi111.stdout:/usr/bin/ceph: stderr
2024-09-15T22:36:36.584+0000 7ff4f6000640 1 -- 172.21.15.111:0/3834549821 <== mgr.14116 v2:172.21.15.111:6800/2107775445 1 ==== mgr_command_reply(tid 0: 0 ) ==== 8+0+24 (secure 0 0 0) 0x7ff4f8104080 con 0x7ff4e00391b0
2024-09-15T22:36:37.446 INFO:teuthology.orchestra.run.smithi111.stdout:/usr/bin/ceph: stderr
2024-09-15T22:36:36.586+0000 7ff4fe800640 1 -- 172.21.15.111:0/3834549821 >> [v2:172.21.15.111:6800/2107775445,v1:172.21.15.111:6801/2107775445] conn(0x7ff4e00391b0 msgr2=0x7ff4e003b670 secure :-1 s=STATE_CONNECTION_ESTABLISHED l=1).mark_down
2024-09-15T22:36:37.446 INFO:teuthology.orchestra.run.smithi111.stdout:/usr/bin/ceph: stderr
2024-09-15T22:36:36.586+0000 7ff4fe800640 1 --2- 172.21.15.111:0/3834549821 >> [v2:172.21.15.111:6800/2107775445,v1:172.21.15.111:6801/2107775445] conn(0x7ff4e00391b0 0x7ff4e003b670 secure :-1 s=READY pgs=12 cs=0 l=1 rev1=1 crypto rx=0x7ff4e40098c0 tx=0x7ff4e4006db0 comp rx=0 tx=0).stop
2024-09-15T22:36:37.446 INFO:teuthology.orchestra.run.smithi111.stdout:/usr/bin/ceph: stderr
2024-09-15T22:36:36.586+0000 7ff4fe800640 1 -- 172.21.15.111:0/3834549821 >> [v2:172.21.15.111:3300/0,v1:172.21.15.111:6789/0] conn(0x7ff4f807ddd0 msgr2=0x7ff4f819d7b0 secure :-1 s=STATE_CONNECTION_ESTABLISHED l=1).mark_down
2024-09-15T22:36:37.447 INFO:teuthology.orchestra.run.smithi111.stdout:/usr/bin/ceph: stderr
2024-09-15T22:36:36.586+0000 7ff4fe800640 1 --2- 172.21.15.111:0/3834549821 >> [v2:172.21.15.111:3300/0,v1:172.21.15.111:6789/0] conn(0x7ff4f807ddd0 0x7ff4f819d7b0 secure :-1 s=READY pgs=44 cs=0 l=1 rev1=1 crypto rx=0x7ff4ec02a820 tx=0x7ff4ec030900 comp rx=0 tx=0).stop
2024-09-15T22:36:37.447 INFO:teuthology.orchestra.run.smithi111.stdout:/usr/bin/ceph: stderr
2024-09-15T22:36:36.586+0000 7ff4fe800640 1 -- 172.21.15.111:0/3834549821 shutdown_connections
2024-09-15T22:36:37.447 INFO:teuthology.orchestra.run.smithi111.stdout:/usr/bin/ceph: stderr
2024-09-15T22:36:36.586+0000 7ff4fe800640 1 --2- 172.21.15.111:0/3834549821 >> [v2:172.21.15.111:6800/2107775445,v1:172.21.15.111:6801/2107775445] conn(0x7ff4e00391b0 0x7ff4e003b670 unknown :-1 s=CLOSED pgs=12 cs=0 l=1 rev1=1 crypto rx=0 tx=0 comp rx=0 tx=0).stop
2024-09-15T22:36:37.447 INFO:teuthology.orchestra.run.smithi111.stdout:/usr/bin/ceph: stderr
2024-09-15T22:36:36.586+0000 7ff4fe800640 1 --2- 172.21.15.111:0/3834549821 >> [v2:172.21.15.111:3300/0,v1:172.21.15.111:6789/0] conn(0x7ff4f807ddd0 0x7ff4f819d7b0 unknown :-1 s=CLOSED pgs=44 cs=0 l=1 rev1=1 crypto rx=0 tx=0 comp rx=0 tx=0).stop
2024-09-15T22:36:37.447 INFO:teuthology.orchestra.run.smithi111.stdout:/usr/bin/ceph: stderr
2024-09-15T22:36:36.586+0000 7ff4fe800640 1 -- 172.21.15.111:0/3834549821 >> 172.21.15.111:0/3834549821 conn(0x7ff4f8102d30 msgr2=0x7ff4f8103970 unknown :-1 s=STATE_NONE l=0).mark_down
2024-09-15T22:36:37.447 INFO:teuthology.orchestra.run.smithi111.stdout:/usr/bin/ceph: stderr
2024-09-15T22:36:36.586+0000 7ff4fe800640 1 -- 172.21.15.111:0/3834549821 shutdown_connections
2024-09-15T22:36:37.447 INFO:teuthology.orchestra.run.smithi111.stdout:/usr/bin/ceph: stderr
2024-09-15T22:36:36.587+0000 7ff4fe800640 1 -- 172.21.15.111:0/3834549821 wait complete.
2024-09-15T22:36:37.447 INFO:teuthology.orchestra.run.smithi111.stdout:Deploying unmanaged mgr service...
2024-09-15T22:36:37.809 INFO:journalctl@ceph.mon.a.smithi111.stdout:Sep 15 22:36:37 smithi111 ceph-mon[30629]: from='client.14138 -' entity='client.admin' cmd=[{"prefix": "orch apply", "service_type": "mon", "unmanaged": true, "target": ["mon-mgr", ""]}]: dispatch
2024-09-15T22:36:37.809 INFO:journalctl@ceph.mon.a.smithi111.stdout:Sep 15 22:36:37 smithi111 ceph-mon[30629]: Saving service mon spec with placement count:5
2024-09-15T22:36:37.809 INFO:journalctl@ceph.mon.a.smithi111.stdout:Sep 15 22:36:37 smithi111 ceph-mon[30629]: from='mgr.14116 172.21.15.111:0/472659009' entity='mgr.x'
2024-09-15T22:36:39.917 INFO:teuthology.orchestra.run.smithi111.stdout:/usr/bin/ceph: stdout Scheduled mgr update...
2024-09-15T22:36:39.917 INFO:teuthology.orchestra.run.smithi111.stdout:/usr/bin/ceph: stderr
2024-09-15T22:36:38.830+0000 7f9c89600640 1 Processor -- start
2024-09-15T22:36:39.917 INFO:teuthology.orchestra.run.smithi111.stdout:/usr/bin/ceph: stderr
2024-09-15T22:36:38.831+0000 7f9c89600640 1 -- start start
2024-09-15T22:36:39.917 INFO:teuthology.orchestra.run.smithi111.stdout:/usr/bin/ceph: stderr
2024-09-15T22:36:38.831+0000 7f9c89600640 1 --2- >> [v2:172.21.15.111:3300/0,v1:172.21.15.111:6789/0] conn(0x7f9c8407ddb0 0x7f9c8407c260 unknown :-1 s=NONE pgs=0 cs=0 l=0 rev1=0 crypto rx=0 tx=0 comp rx=0 tx=0).connect
2024-09-15T22:36:39.917 INFO:teuthology.orchestra.run.smithi111.stdout:/usr/bin/ceph: stderr
2024-09-15T22:36:38.831+0000 7f9c89600640 1 -- --> [v2:172.21.15.111:3300/0,v1:172.21.15.111:6789/0] -- mon_getmap magic: 0 -- 0x7f9c8407c7a0 con 0x7f9c8407ddb0
2024-09-15T22:36:39.917 INFO:teuthology.orchestra.run.smithi111.stdout:/usr/bin/ceph: stderr
2024-09-15T22:36:38.831+0000 7f9c83e00640 1 --2- >> [v2:172.21.15.111:3300/0,v1:172.21.15.111:6789/0] conn(0x7f9c8407ddb0 0x7f9c8407c260 unknown :-1 s=BANNER_CONNECTING pgs=0 cs=0 l=0 rev1=0 crypto rx=0 tx=0 comp rx=0 tx=0)._handle_peer_banner_payload supported=3 required=0
2024-09-15T22:36:39.917 INFO:teuthology.orchestra.run.smithi111.stdout:/usr/bin/ceph: stderr
2024-09-15T22:36:38.831+0000 7f9c83e00640 1 --2- >> [v2:172.21.15.111:3300/0,v1:172.21.15.111:6789/0] conn(0x7f9c8407ddb0 0x7f9c8407c260 unknown :-1 s=HELLO_CONNECTING pgs=0 cs=0 l=0 rev1=1 crypto rx=0 tx=0 comp rx=0 tx=0).handle_hello peer v2:172.21.15.111:3300/0 says I am v2:172.21.15.111:41556/0 (socket says 172.21.15.111:41556)
2024-09-15T22:36:39.917 INFO:teuthology.orchestra.run.smithi111.stdout:/usr/bin/ceph: stderr
2024-09-15T22:36:38.831+0000 7f9c83e00640 1 -- 172.21.15.111:0/143764339 learned_addr learned my addr 172.21.15.111:0/143764339 (peer_addr_for_me v2:172.21.15.111:0/0)
2024-09-15T22:36:39.918 INFO:teuthology.orchestra.run.smithi111.stdout:/usr/bin/ceph: stderr
2024-09-15T22:36:38.832+0000 7f9c83e00640 1 -- 172.21.15.111:0/143764339 --> [v2:172.21.15.111:3300/0,v1:172.21.15.111:6789/0] -- mon_subscribe({config=0+,monmap=0+}) -- 0x7f9c8407c920 con 0x7f9c8407ddb0
2024-09-15T22:36:39.918 INFO:teuthology.orchestra.run.smithi111.stdout:/usr/bin/ceph: stderr
2024-09-15T22:36:38.832+0000 7f9c83e00640 1 --2- 172.21.15.111:0/143764339 >> [v2:172.21.15.111:3300/0,v1:172.21.15.111:6789/0] conn(0x7f9c8407ddb0 0x7f9c8407c260 secure :-1 s=READY pgs=45 cs=0 l=1 rev1=1 crypto rx=0x7f9c74009820 tx=0x7f9c7402a270 comp rx=0 tx=0).ready entity=mon.0 client_cookie=33faf5c07250994 server_cookie=0 in_seq=0 out_seq=0
2024-09-15T22:36:39.918 INFO:teuthology.orchestra.run.smithi111.stdout:/usr/bin/ceph: stderr
2024-09-15T22:36:38.833+0000 7f9c83400640 1 -- 172.21.15.111:0/143764339 <== mon.0 v2:172.21.15.111:3300/0 1 ==== mon_map magic: 0 ==== 205+0+0 (secure 0 0 0) 0x7f9c74037070 con 0x7f9c8407ddb0
2024-09-15T22:36:39.918 INFO:teuthology.orchestra.run.smithi111.stdout:/usr/bin/ceph: stderr
2024-09-15T22:36:38.833+0000 7f9c83400640 1 -- 172.21.15.111:0/143764339 <== mon.0 v2:172.21.15.111:3300/0 2 ==== config(27 keys) ==== 1109+0+0 (secure 0 0 0) 0x7f9c74032900 con 0x7f9c8407ddb0
2024-09-15T22:36:39.918 INFO:teuthology.orchestra.run.smithi111.stdout:/usr/bin/ceph: stderr
2024-09-15T22:36:38.833+0000 7f9c83400640 1 -- 172.21.15.111:0/143764339 <== mon.0 v2:172.21.15.111:3300/0 3 ==== mon_map magic: 0 ==== 205+0+0 (secure 0 0 0) 0x7f9c74030850 con 0x7f9c8407ddb0
2024-09-15T22:36:39.918 INFO:teuthology.orchestra.run.smithi111.stdout:/usr/bin/ceph: stderr
2024-09-15T22:36:38.833+0000 7f9c89600640 1 -- 172.21.15.111:0/143764339 >> [v2:172.21.15.111:3300/0,v1:172.21.15.111:6789/0] conn(0x7f9c8407ddb0 msgr2=0x7f9c8407c260 secure :-1 s=STATE_CONNECTION_ESTABLISHED l=1).mark_down
2024-09-15T22:36:39.918 INFO:teuthology.orchestra.run.smithi111.stdout:/usr/bin/ceph: stderr
2024-09-15T22:36:38.833+0000 7f9c89600640 1 --2- 172.21.15.111:0/143764339 >> [v2:172.21.15.111:3300/0,v1:172.21.15.111:6789/0] conn(0x7f9c8407ddb0 0x7f9c8407c260 secure :-1 s=READY pgs=45 cs=0 l=1 rev1=1 crypto rx=0x7f9c74009820 tx=0x7f9c7402a270 comp rx=0 tx=0).stop
2024-09-15T22:36:39.918 INFO:teuthology.orchestra.run.smithi111.stdout:/usr/bin/ceph: stderr
2024-09-15T22:36:38.833+0000 7f9c89600640 1 -- 172.21.15.111:0/143764339 shutdown_connections
2024-09-15T22:36:39.918 INFO:teuthology.orchestra.run.smithi111.stdout:/usr/bin/ceph: stderr
2024-09-15T22:36:38.834+0000 7f9c89600640 1 --2- 172.21.15.111:0/143764339 >> [v2:172.21.15.111:3300/0,v1:172.21.15.111:6789/0] conn(0x7f9c8407ddb0 0x7f9c8407c260 unknown :-1 s=CLOSED pgs=45 cs=0 l=1 rev1=1 crypto rx=0 tx=0 comp rx=0 tx=0).stop
2024-09-15T22:36:39.918 INFO:teuthology.orchestra.run.smithi111.stdout:/usr/bin/ceph: stderr
2024-09-15T22:36:38.834+0000 7f9c89600640 1 -- 172.21.15.111:0/143764339 >> 172.21.15.111:0/143764339 conn(0x7f9c84102d70 msgr2=0x7f9c84105190 unknown :-1 s=STATE_NONE l=0).mark_down
2024-09-15T22:36:39.918 INFO:teuthology.orchestra.run.smithi111.stdout:/usr/bin/ceph: stderr
2024-09-15T22:36:38.834+0000 7f9c89600640 1 -- 172.21.15.111:0/143764339 shutdown_connections
2024-09-15T22:36:39.918 INFO:teuthology.orchestra.run.smithi111.stdout:/usr/bin/ceph: stderr
2024-09-15T22:36:38.834+0000 7f9c89600640 1 -- 172.21.15.111:0/143764339 wait complete.
2024-09-15T22:36:39.918 INFO:teuthology.orchestra.run.smithi111.stdout:/usr/bin/ceph: stderr
2024-09-15T22:36:38.834+0000 7f9c89600640 1 Processor -- start
2024-09-15T22:36:39.919 INFO:teuthology.orchestra.run.smithi111.stdout:/usr/bin/ceph: stderr
2024-09-15T22:36:38.835+0000 7f9c89600640 1 -- start start
2024-09-15T22:36:39.919 INFO:teuthology.orchestra.run.smithi111.stdout:/usr/bin/ceph: stderr
2024-09-15T22:36:38.835+0000 7f9c89600640 1 --2- >> [v2:172.21.15.111:3300/0,v1:172.21.15.111:6789/0] conn(0x7f9c8407ddb0 0x7f9c8419d7b0 unknown :-1 s=NONE pgs=0 cs=0 l=1 rev1=0 crypto rx=0 tx=0 comp rx=0 tx=0).connect
2024-09-15T22:36:39.919 INFO:teuthology.orchestra.run.smithi111.stdout:/usr/bin/ceph: stderr
2024-09-15T22:36:38.835+0000 7f9c89600640 1 -- --> [v2:172.21.15.111:3300/0,v1:172.21.15.111:6789/0] -- mon_getmap magic: 0 -- 0x7f9c8410dbd0 con 0x7f9c8407ddb0
2024-09-15T22:36:39.919 INFO:teuthology.orchestra.run.smithi111.stdout:/usr/bin/ceph: stderr
2024-09-15T22:36:38.835+0000 7f9c83e00640 1 --2- >> [v2:172.21.15.111:3300/0,v1:172.21.15.111:6789/0] conn(0x7f9c8407ddb0 0x7f9c8419d7b0 unknown :-1 s=BANNER_CONNECTING pgs=0 cs=0 l=1 rev1=0 crypto rx=0 tx=0 comp rx=0 tx=0)._handle_peer_banner_payload supported=3 required=0
2024-09-15T22:36:39.919 INFO:teuthology.orchestra.run.smithi111.stdout:/usr/bin/ceph: stderr
2024-09-15T22:36:38.835+0000 7f9c83e00640 1 --2- >> [v2:172.21.15.111:3300/0,v1:172.21.15.111:6789/0] conn(0x7f9c8407ddb0 0x7f9c8419d7b0 unknown :-1 s=HELLO_CONNECTING pgs=0 cs=0 l=1 rev1=1 crypto rx=0 tx=0 comp rx=0 tx=0).handle_hello peer v2:172.21.15.111:3300/0 says I am v2:172.21.15.111:41572/0 (socket says 172.21.15.111:41572)
2024-09-15T22:36:39.919 INFO:teuthology.orchestra.run.smithi111.stdout:/usr/bin/ceph: stderr
2024-09-15T22:36:38.835+0000 7f9c83e00640 1 -- 172.21.15.111:0/576975718 learned_addr learned my addr 172.21.15.111:0/576975718 (peer_addr_for_me v2:172.21.15.111:0/0)
2024-09-15T22:36:39.919 INFO:teuthology.orchestra.run.smithi111.stdout:/usr/bin/ceph: stderr
2024-09-15T22:36:38.835+0000 7f9c83e00640 1 -- 172.21.15.111:0/576975718 --> [v2:172.21.15.111:3300/0,v1:172.21.15.111:6789/0] -- mon_subscribe({config=0+,monmap=0+}) -- 0x7f9c8419dcf0 con 0x7f9c8407ddb0
2024-09-15T22:36:39.919 INFO:teuthology.orchestra.run.smithi111.stdout:/usr/bin/ceph: stderr
2024-09-15T22:36:38.836+0000 7f9c83e00640 1 --2- 172.21.15.111:0/576975718 >> [v2:172.21.15.111:3300/0,v1:172.21.15.111:6789/0] conn(0x7f9c8407ddb0 0x7f9c8419d7b0 secure :-1 s=READY pgs=46 cs=0 l=1 rev1=1 crypto rx=0x7f9c740097f0 tx=0x7f9c74030ec0 comp rx=0 tx=0).ready entity=mon.0 client_cookie=0 server_cookie=0 in_seq=0 out_seq=0
2024-09-15T22:36:39.919 INFO:teuthology.orchestra.run.smithi111.stdout:/usr/bin/ceph: stderr
2024-09-15T22:36:38.836+0000 7f9c81600640 1 -- 172.21.15.111:0/576975718 <== mon.0 v2:172.21.15.111:3300/0 1 ==== mon_map magic: 0 ==== 205+0+0 (secure 0 0 0) 0x7f9c74042070 con 0x7f9c8407ddb0
2024-09-15T22:36:39.919 INFO:teuthology.orchestra.run.smithi111.stdout:/usr/bin/ceph: stderr
2024-09-15T22:36:38.836+0000 7f9c81600640 1 -- 172.21.15.111:0/576975718 <== mon.0 v2:172.21.15.111:3300/0 2 ==== config(27 keys) ==== 1109+0+0 (secure 0 0 0) 0x7f9c74032ca0 con 0x7f9c8407ddb0
2024-09-15T22:36:39.919 INFO:teuthology.orchestra.run.smithi111.stdout:/usr/bin/ceph: stderr
2024-09-15T22:36:38.836+0000 7f9c81600640 1 -- 172.21.15.111:0/576975718 <== mon.0 v2:172.21.15.111:3300/0 3 ==== mon_map magic: 0 ==== 205+0+0 (secure 0 0 0) 0x7f9c74037040 con 0x7f9c8407ddb0
2024-09-15T22:36:39.919 INFO:teuthology.orchestra.run.smithi111.stdout:/usr/bin/ceph: stderr
2024-09-15T22:36:38.836+0000 7f9c89600640 1 -- 172.21.15.111:0/576975718 --> [v2:172.21.15.111:3300/0,v1:172.21.15.111:6789/0] -- mon_subscribe({mgrmap=0+}) -- 0x7f9c8419df80 con 0x7f9c8407ddb0
2024-09-15T22:36:39.919 INFO:teuthology.orchestra.run.smithi111.stdout:/usr/bin/ceph: stderr
2024-09-15T22:36:38.836+0000 7f9c89600640 1 -- 172.21.15.111:0/576975718 --> [v2:172.21.15.111:3300/0,v1:172.21.15.111:6789/0] -- mon_subscribe({osdmap=0}) -- 0x7f9c841a0c70 con 0x7f9c8407ddb0
2024-09-15T22:36:39.920 INFO:teuthology.orchestra.run.smithi111.stdout:/usr/bin/ceph: stderr
2024-09-15T22:36:38.837+0000 7f9c81600640 1 -- 172.21.15.111:0/576975718 <== mon.0 v2:172.21.15.111:3300/0 4 ==== mgrmap(e 8) ==== 46461+0+0 (secure 0 0 0) 0x7f9c74045070 con 0x7f9c8407ddb0
2024-09-15T22:36:39.920 INFO:teuthology.orchestra.run.smithi111.stdout:/usr/bin/ceph: stderr
2024-09-15T22:36:38.837+0000 7f9c89600640 1 -- 172.21.15.111:0/576975718 --> [v2:172.21.15.111:3300/0,v1:172.21.15.111:6789/0] -- mon_command({"prefix": "get_command_descriptions"} v 0) -- 0x7f9c8407c2e0 con 0x7f9c8407ddb0
2024-09-15T22:36:39.920 INFO:teuthology.orchestra.run.smithi111.stdout:/usr/bin/ceph: stderr
2024-09-15T22:36:38.838+0000 7f9c81600640 1 --2- 172.21.15.111:0/576975718 >> [v2:172.21.15.111:6800/2107775445,v1:172.21.15.111:6801/2107775445] conn(0x7f9c680391b0 0x7f9c6803b670 unknown :-1 s=NONE pgs=0 cs=0 l=1 rev1=0 crypto rx=0 tx=0 comp rx=0 tx=0).connect
2024-09-15T22:36:39.920 INFO:teuthology.orchestra.run.smithi111.stdout:/usr/bin/ceph: stderr
2024-09-15T22:36:38.838+0000 7f9c81600640 1 -- 172.21.15.111:0/576975718 <== mon.0 v2:172.21.15.111:3300/0 5 ==== osd_map(2..2 src has 1..2) ==== 940+0+0 (secure 0 0 0) 0x7f9c7406c330 con 0x7f9c8407ddb0
2024-09-15T22:36:39.920 INFO:teuthology.orchestra.run.smithi111.stdout:/usr/bin/ceph: stderr
2024-09-15T22:36:38.838+0000 7f9c7b400640 1 --2- 172.21.15.111:0/576975718 >> [v2:172.21.15.111:6800/2107775445,v1:172.21.15.111:6801/2107775445] conn(0x7f9c680391b0 0x7f9c6803b670 unknown :-1 s=BANNER_CONNECTING pgs=0 cs=0 l=1 rev1=0 crypto rx=0 tx=0 comp rx=0 tx=0)._handle_peer_banner_payload supported=3 required=0
2024-09-15T22:36:39.920 INFO:teuthology.orchestra.run.smithi111.stdout:/usr/bin/ceph: stderr
2024-09-15T22:36:38.839+0000 7f9c7b400640 1 --2- 172.21.15.111:0/576975718 >> [v2:172.21.15.111:6800/2107775445,v1:172.21.15.111:6801/2107775445] conn(0x7f9c680391b0 0x7f9c6803b670 secure :-1 s=READY pgs=13 cs=0 l=1 rev1=1 crypto rx=0x7f9c6c0098c0 tx=0x7f9c6c006db0 comp rx=0 tx=0).ready entity=mgr.14116 client_cookie=0 server_cookie=0 in_seq=0 out_seq=0
2024-09-15T22:36:39.920 INFO:teuthology.orchestra.run.smithi111.stdout:/usr/bin/ceph: stderr
2024-09-15T22:36:38.843+0000 7f9c81600640 1 -- 172.21.15.111:0/576975718 <== mon.0 v2:172.21.15.111:3300/0 6 ==== mon_command_ack([{"prefix": "get_command_descriptions"}]=0 v0) ==== 72+0+188821 (secure 0 0 0) 0x7f9c74045360 con 0x7f9c8407ddb0
2024-09-15T22:36:39.920 INFO:teuthology.orchestra.run.smithi111.stdout:/usr/bin/ceph: stderr
2024-09-15T22:36:39.033+0000 7f9c89600640 1 -- 172.21.15.111:0/576975718 --> [v2:172.21.15.111:6800/2107775445,v1:172.21.15.111:6801/2107775445] -- mgr_command(tid 0: {"prefix": "orch apply", "service_type": "mgr", "unmanaged": true, "target": ["mon-mgr", ""]}) -- 0x7f9c84104080 con 0x7f9c680391b0
2024-09-15T22:36:39.920 INFO:teuthology.orchestra.run.smithi111.stdout:/usr/bin/ceph: stderr
2024-09-15T22:36:39.037+0000 7f9c81600640 1 -- 172.21.15.111:0/576975718 <== mgr.14116 v2:172.21.15.111:6800/2107775445 1 ==== mgr_command_reply(tid 0: 0 ) ==== 8+0+24 (secure 0 0 0) 0x7f9c84104080 con 0x7f9c680391b0
2024-09-15T22:36:39.920 INFO:teuthology.orchestra.run.smithi111.stdout:/usr/bin/ceph: stderr
2024-09-15T22:36:39.040+0000 7f9c89600640 1 -- 172.21.15.111:0/576975718 >> [v2:172.21.15.111:6800/2107775445,v1:172.21.15.111:6801/2107775445] conn(0x7f9c680391b0 msgr2=0x7f9c6803b670 secure :-1 s=STATE_CONNECTION_ESTABLISHED l=1).mark_down
2024-09-15T22:36:39.920 INFO:teuthology.orchestra.run.smithi111.stdout:/usr/bin/ceph: stderr
2024-09-15T22:36:39.040+0000 7f9c89600640 1 --2- 172.21.15.111:0/576975718 >> [v2:172.21.15.111:6800/2107775445,v1:172.21.15.111:6801/2107775445] conn(0x7f9c680391b0 0x7f9c6803b670 secure :-1 s=READY pgs=13 cs=0 l=1 rev1=1 crypto rx=0x7f9c6c0098c0 tx=0x7f9c6c006db0 comp rx=0 tx=0).stop
2024-09-15T22:36:39.920 INFO:teuthology.orchestra.run.smithi111.stdout:/usr/bin/ceph: stderr
2024-09-15T22:36:39.040+0000 7f9c89600640 1 -- 172.21.15.111:0/576975718 >> [v2:172.21.15.111:3300/0,v1:172.21.15.111:6789/0] conn(0x7f9c8407ddb0 msgr2=0x7f9c8419d7b0 secure :-1 s=STATE_CONNECTION_ESTABLISHED l=1).mark_down
2024-09-15T22:36:39.920 INFO:teuthology.orchestra.run.smithi111.stdout:/usr/bin/ceph: stderr
2024-09-15T22:36:39.040+0000 7f9c89600640 1 --2- 172.21.15.111:0/576975718 >> [v2:172.21.15.111:3300/0,v1:172.21.15.111:6789/0] conn(0x7f9c8407ddb0 0x7f9c8419d7b0 secure :-1 s=READY pgs=46 cs=0 l=1 rev1=1 crypto rx=0x7f9c740097f0 tx=0x7f9c74030ec0 comp rx=0 tx=0).stop
2024-09-15T22:36:39.921 INFO:teuthology.orchestra.run.smithi111.stdout:/usr/bin/ceph: stderr
2024-09-15T22:36:39.040+0000 7f9c89600640 1 -- 172.21.15.111:0/576975718 shutdown_connections
2024-09-15T22:36:39.921 INFO:teuthology.orchestra.run.smithi111.stdout:/usr/bin/ceph: stderr
2024-09-15T22:36:39.040+0000 7f9c89600640 1 --2- 172.21.15.111:0/576975718 >> [v2:172.21.15.111:6800/2107775445,v1:172.21.15.111:6801/2107775445] conn(0x7f9c680391b0 0x7f9c6803b670 unknown :-1 s=CLOSED pgs=13 cs=0 l=1 rev1=1 crypto rx=0 tx=0 comp rx=0 tx=0).stop
2024-09-15T22:36:39.921 INFO:teuthology.orchestra.run.smithi111.stdout:/usr/bin/ceph: stderr
2024-09-15T22:36:39.040+0000 7f9c89600640 1 --2- 172.21.15.111:0/576975718 >> [v2:172.21.15.111:3300/0,v1:172.21.15.111:6789/0] conn(0x7f9c8407ddb0 0x7f9c8419d7b0 unknown :-1 s=CLOSED pgs=46 cs=0 l=1 rev1=1 crypto rx=0 tx=0 comp rx=0 tx=0).stop
2024-09-15T22:36:39.921 INFO:teuthology.orchestra.run.smithi111.stdout:/usr/bin/ceph: stderr
2024-09-15T22:36:39.040+0000 7f9c89600640 1 -- 172.21.15.111:0/576975718 >> 172.21.15.111:0/576975718 conn(0x7f9c84102d70 msgr2=0x7f9c84103970 unknown :-1 s=STATE_NONE l=0).mark_down
2024-09-15T22:36:39.921 INFO:teuthology.orchestra.run.smithi111.stdout:/usr/bin/ceph: stderr
2024-09-15T22:36:39.040+0000 7f9c89600640 1 -- 172.21.15.111:0/576975718 shutdown_connections
2024-09-15T22:36:39.921 INFO:teuthology.orchestra.run.smithi111.stdout:/usr/bin/ceph: stderr
2024-09-15T22:36:39.040+0000 7f9c89600640 1 -- 172.21.15.111:0/576975718 wait complete.
2024-09-15T22:36:40.165 INFO:journalctl@ceph.mon.a.smithi111.stdout:Sep 15 22:36:40 smithi111 ceph-mon[30629]: from='client.14140 -' entity='client.admin' cmd=[{"prefix": "orch apply", "service_type": "mgr", "unmanaged": true, "target": ["mon-mgr", ""]}]: dispatch
2024-09-15T22:36:40.166 INFO:journalctl@ceph.mon.a.smithi111.stdout:Sep 15 22:36:40 smithi111 ceph-mon[30629]: Saving service mgr spec with placement count:2
2024-09-15T22:36:40.166 INFO:journalctl@ceph.mon.a.smithi111.stdout:Sep 15 22:36:40 smithi111 ceph-mon[30629]: from='mgr.14116 172.21.15.111:0/472659009' entity='mgr.x'
2024-09-15T22:36:40.166 INFO:journalctl@ceph.mon.a.smithi111.stdout:Sep 15 22:36:40 smithi111 ceph-mon[30629]: from='mgr.14116 172.21.15.111:0/472659009' entity='mgr.x'
2024-09-15T22:36:40.166 INFO:journalctl@ceph.mon.a.smithi111.stdout:Sep 15 22:36:40 smithi111 ceph-mon[30629]: from='mgr.14116 172.21.15.111:0/472659009' entity='mgr.x'
2024-09-15T22:36:41.916 INFO:journalctl@ceph.mon.a.smithi111.stdout:Sep 15 22:36:41 smithi111 ceph-mon[30629]: from='client.? 172.21.15.111:0/2783356798' entity='client.admin'
2024-09-15T22:36:41.927 INFO:teuthology.orchestra.run.smithi111.stdout:/usr/bin/ceph: stderr
2024-09-15T22:36:40.414+0000 7f03a9200640 1 Processor -- start
2024-09-15T22:36:41.933 INFO:teuthology.orchestra.run.smithi111.stdout:/usr/bin/ceph: stderr
2024-09-15T22:36:40.414+0000 7f03a9200640 1 -- start start
2024-09-15T22:36:41.933 INFO:teuthology.orchestra.run.smithi111.stdout:/usr/bin/ceph: stderr
2024-09-15T22:36:40.414+0000 7f03a9200640 1 --2- >> [v2:172.21.15.111:3300/0,v1:172.21.15.111:6789/0] conn(0x7f03a41075e0 0x7f03a41079e0 unknown :-1 s=NONE pgs=0 cs=0 l=0 rev1=0 crypto rx=0 tx=0 comp rx=0 tx=0).connect
2024-09-15T22:36:41.933 INFO:teuthology.orchestra.run.smithi111.stdout:/usr/bin/ceph: stderr
2024-09-15T22:36:40.414+0000 7f03a9200640 1 -- --> [v2:172.21.15.111:3300/0,v1:172.21.15.111:6789/0] -- mon_getmap magic: 0 -- 0x7f03a4107fb0 con 0x7f03a41075e0
2024-09-15T22:36:41.933 INFO:teuthology.orchestra.run.smithi111.stdout:/usr/bin/ceph: stderr
2024-09-15T22:36:40.415+0000 7f03a3400640 1 --2- >> [v2:172.21.15.111:3300/0,v1:172.21.15.111:6789/0] conn(0x7f03a41075e0 0x7f03a41079e0 unknown :-1 s=BANNER_CONNECTING pgs=0 cs=0 l=0 rev1=0 crypto rx=0 tx=0 comp rx=0 tx=0)._handle_peer_banner_payload supported=3 required=0
2024-09-15T22:36:41.933 INFO:teuthology.orchestra.run.smithi111.stdout:/usr/bin/ceph: stderr
2024-09-15T22:36:40.415+0000 7f03a3400640 1 --2- >> [v2:172.21.15.111:3300/0,v1:172.21.15.111:6789/0] conn(0x7f03a41075e0 0x7f03a41079e0 unknown :-1 s=HELLO_CONNECTING pgs=0 cs=0 l=0 rev1=1 crypto rx=0 tx=0 comp rx=0 tx=0).handle_hello peer v2:172.21.15.111:3300/0 says I am v2:172.21.15.111:41576/0 (socket says 172.21.15.111:41576)
2024-09-15T22:36:41.933 INFO:teuthology.orchestra.run.smithi111.stdout:/usr/bin/ceph: stderr
2024-09-15T22:36:40.415+0000 7f03a3400640 1 -- 172.21.15.111:0/193108101 learned_addr learned my addr 172.21.15.111:0/193108101 (peer_addr_for_me v2:172.21.15.111:0/0)
2024-09-15T22:36:41.933 INFO:teuthology.orchestra.run.smithi111.stdout:/usr/bin/ceph: stderr
2024-09-15T22:36:40.415+0000 7f03a3400640 1 -- 172.21.15.111:0/193108101 --> [v2:172.21.15.111:3300/0,v1:172.21.15.111:6789/0] -- mon_subscribe({config=0+,monmap=0+}) -- 0x7f03a4108790 con 0x7f03a41075e0
2024-09-15T22:36:41.933 INFO:teuthology.orchestra.run.smithi111.stdout:/usr/bin/ceph: stderr
2024-09-15T22:36:40.416+0000 7f03a3400640 1 --2- 172.21.15.111:0/193108101 >> [v2:172.21.15.111:3300/0,v1:172.21.15.111:6789/0] conn(0x7f03a41075e0 0x7f03a41079e0 secure :-1 s=READY pgs=47 cs=0 l=1 rev1=1 crypto rx=0x7f0394009820 tx=0x7f039402a270 comp rx=0 tx=0).ready entity=mon.0 client_cookie=201314ff094332e9 server_cookie=0 in_seq=0 out_seq=0
2024-09-15T22:36:41.933 INFO:teuthology.orchestra.run.smithi111.stdout:/usr/bin/ceph: stderr
2024-09-15T22:36:40.416+0000 7f03a2000640 1 -- 172.21.15.111:0/193108101 <== mon.0 v2:172.21.15.111:3300/0 1 ==== mon_map magic: 0 ==== 205+0+0 (secure 0 0 0) 0x7f0394037070 con 0x7f03a41075e0
2024-09-15T22:36:41.933 INFO:teuthology.orchestra.run.smithi111.stdout:/usr/bin/ceph: stderr
2024-09-15T22:36:40.416+0000 7f03a2000640 1 -- 172.21.15.111:0/193108101 <== mon.0 v2:172.21.15.111:3300/0 2 ==== config(27 keys) ==== 1140+0+0 (secure 0 0 0) 0x7f0394032920 con 0x7f03a41075e0
2024-09-15T22:36:41.933 INFO:teuthology.orchestra.run.smithi111.stdout:/usr/bin/ceph: stderr
2024-09-15T22:36:40.416+0000 7f03a2000640 1 -- 172.21.15.111:0/193108101 <== mon.0 v2:172.21.15.111:3300/0 3 ==== mon_map magic: 0 ==== 205+0+0 (secure 0 0 0) 0x7f0394030810 con 0x7f03a41075e0
2024-09-15T22:36:41.934 INFO:teuthology.orchestra.run.smithi111.stdout:/usr/bin/ceph: stderr
2024-09-15T22:36:40.417+0000 7f03a9200640 1 -- 172.21.15.111:0/193108101 >> [v2:172.21.15.111:3300/0,v1:172.21.15.111:6789/0] conn(0x7f03a41075e0 msgr2=0x7f03a41079e0 secure :-1 s=STATE_CONNECTION_ESTABLISHED l=1).mark_down
2024-09-15T22:36:41.934 INFO:teuthology.orchestra.run.smithi111.stdout:/usr/bin/ceph: stderr
2024-09-15T22:36:40.417+0000 7f03a9200640 1 --2- 172.21.15.111:0/193108101 >> [v2:172.21.15.111:3300/0,v1:172.21.15.111:6789/0] conn(0x7f03a41075e0 0x7f03a41079e0 secure :-1 s=READY pgs=47 cs=0 l=1 rev1=1 crypto rx=0x7f0394009820 tx=0x7f039402a270 comp rx=0 tx=0).stop
2024-09-15T22:36:41.934 INFO:teuthology.orchestra.run.smithi111.stdout:/usr/bin/ceph: stderr
2024-09-15T22:36:40.417+0000 7f03a9200640 1 -- 172.21.15.111:0/193108101 shutdown_connections
2024-09-15T22:36:41.934 INFO:teuthology.orchestra.run.smithi111.stdout:/usr/bin/ceph: stderr
