2024-09-15T22:36:02.446+0000 7fbd05c00640 1 -- 172.21.15.111:0/3018757583 --> [v2:172.21.15.111:3300/0,v1:172.21.15.111:6789/0] -- mon_subscribe({config=0+,monmap=0+}) -- 0x7fbd0019dce0 con 0x7fbd0007ddb0
2024-09-15T22:36:03.592 INFO:teuthology.orchestra.run.smithi111.stdout:/usr/bin/ceph: stderr
2024-09-15T22:36:02.446+0000 7fbd05c00640 1 --2- 172.21.15.111:0/3018757583 >> [v2:172.21.15.111:3300/0,v1:172.21.15.111:6789/0] conn(0x7fbd0007ddb0 0x7fbd0019d7a0 secure :-1 s=READY pgs=6 cs=0 l=1 rev1=1 crypto rx=0x7fbcf40097f0 tx=0x7fbcf4030ec0 comp rx=0 tx=0).ready entity=mon.0 client_cookie=0 server_cookie=0 in_seq=0 out_seq=0
2024-09-15T22:36:03.592 INFO:teuthology.orchestra.run.smithi111.stdout:/usr/bin/ceph: stderr
2024-09-15T22:36:02.446+0000 7fbcfe000640 1 -- 172.21.15.111:0/3018757583 <== mon.0 v2:172.21.15.111:3300/0 1 ==== mon_map magic: 0 ==== 205+0+0 (secure 0 0 0) 0x7fbcf4042070 con 0x7fbd0007ddb0
2024-09-15T22:36:03.592 INFO:teuthology.orchestra.run.smithi111.stdout:/usr/bin/ceph: stderr
2024-09-15T22:36:02.446+0000 7fbcfe000640 1 -- 172.21.15.111:0/3018757583 <== mon.0 v2:172.21.15.111:3300/0 2 ==== config(27 keys) ==== 1109+0+0 (secure 0 0 0) 0x7fbcf4032ca0 con 0x7fbd0007ddb0
2024-09-15T22:36:03.592 INFO:teuthology.orchestra.run.smithi111.stdout:/usr/bin/ceph: stderr
2024-09-15T22:36:02.446+0000 7fbd07000640 1 -- 172.21.15.111:0/3018757583 --> [v2:172.21.15.111:3300/0,v1:172.21.15.111:6789/0] -- mon_subscribe({mgrmap=0+}) -- 0x7fbd0019df70 con 0x7fbd0007ddb0
2024-09-15T22:36:03.592 INFO:teuthology.orchestra.run.smithi111.stdout:/usr/bin/ceph: stderr
2024-09-15T22:36:02.446+0000 7fbcfe000640 1 -- 172.21.15.111:0/3018757583 <== mon.0 v2:172.21.15.111:3300/0 3 ==== mon_map magic: 0 ==== 205+0+0 (secure 0 0 0) 0x7fbcf4037040 con 0x7fbd0007ddb0
2024-09-15T22:36:03.592 INFO:teuthology.orchestra.run.smithi111.stdout:/usr/bin/ceph: stderr
2024-09-15T22:36:02.446+0000 7fbd07000640 1 -- 172.21.15.111:0/3018757583 --> [v2:172.21.15.111:3300/0,v1:172.21.15.111:6789/0] -- mon_subscribe({osdmap=0}) -- 0x7fbd001a0c60 con 0x7fbd0007ddb0
2024-09-15T22:36:03.592 INFO:teuthology.orchestra.run.smithi111.stdout:/usr/bin/ceph: stderr
2024-09-15T22:36:02.447+0000 7fbcfe000640 1 -- 172.21.15.111:0/3018757583 <== mon.0 v2:172.21.15.111:3300/0 4 ==== mgrmap(e 1) ==== 807+0+0 (secure 0 0 0) 0x7fbcf4045070 con 0x7fbd0007ddb0
2024-09-15T22:36:03.592 INFO:teuthology.orchestra.run.smithi111.stdout:/usr/bin/ceph: stderr
2024-09-15T22:36:02.447+0000 7fbcfe000640 1 -- 172.21.15.111:0/3018757583 <== mon.0 v2:172.21.15.111:3300/0 5 ==== osd_map(1..1 src has 1..1) ==== 725+0+0 (secure 0 0 0) 0x7fbcf4047a90 con 0x7fbd0007ddb0
2024-09-15T22:36:03.592 INFO:teuthology.orchestra.run.smithi111.stdout:/usr/bin/ceph: stderr
2024-09-15T22:36:02.447+0000 7fbd07000640 1 -- 172.21.15.111:0/3018757583 --> [v2:172.21.15.111:3300/0,v1:172.21.15.111:6789/0] -- mon_command({"prefix": "get_command_descriptions"} v 0) -- 0x7fbd0007c2e0 con 0x7fbd0007ddb0
2024-09-15T22:36:03.592 INFO:teuthology.orchestra.run.smithi111.stdout:/usr/bin/ceph: stderr
2024-09-15T22:36:02.450+0000 7fbcfe000640 1 -- 172.21.15.111:0/3018757583 <== mon.0 v2:172.21.15.111:3300/0 6 ==== mon_command_ack([{"prefix": "get_command_descriptions"}]=0 v0) ==== 72+0+74432 (secure 0 0 0) 0x7fbcf403db10 con 0x7fbd0007ddb0
2024-09-15T22:36:03.593 INFO:teuthology.orchestra.run.smithi111.stdout:/usr/bin/ceph: stderr
2024-09-15T22:36:02.515+0000 7fbd07000640 1 -- 172.21.15.111:0/3018757583 --> [v2:172.21.15.111:3300/0,v1:172.21.15.111:6789/0] -- mon_command({"prefix": "status", "format": "json-pretty"} v 0) -- 0x7fbd001a11d0 con 0x7fbd0007ddb0
2024-09-15T22:36:03.593 INFO:teuthology.orchestra.run.smithi111.stdout:/usr/bin/ceph: stderr
2024-09-15T22:36:02.516+0000 7fbcfe000640 1 -- 172.21.15.111:0/3018757583 <== mon.0 v2:172.21.15.111:3300/0 7 ==== mon_command_ack([{"prefix": "status", "format": "json-pretty"}]=0 v0) ==== 79+0+1291 (secure 0 0 0) 0x7fbcf403d430 con 0x7fbd0007ddb0
2024-09-15T22:36:03.593 INFO:teuthology.orchestra.run.smithi111.stdout:/usr/bin/ceph: stderr
2024-09-15T22:36:02.517+0000 7fbd07000640 1 -- 172.21.15.111:0/3018757583 >> [v2:172.21.15.111:3300/0,v1:172.21.15.111:6789/0] conn(0x7fbd0007ddb0 msgr2=0x7fbd0019d7a0 secure :-1 s=STATE_CONNECTION_ESTABLISHED l=1).mark_down
2024-09-15T22:36:03.593 INFO:teuthology.orchestra.run.smithi111.stdout:/usr/bin/ceph: stderr
2024-09-15T22:36:02.517+0000 7fbd07000640 1 --2- 172.21.15.111:0/3018757583 >> [v2:172.21.15.111:3300/0,v1:172.21.15.111:6789/0] conn(0x7fbd0007ddb0 0x7fbd0019d7a0 secure :-1 s=READY pgs=6 cs=0 l=1 rev1=1 crypto rx=0x7fbcf40097f0 tx=0x7fbcf4030ec0 comp rx=0 tx=0).stop
2024-09-15T22:36:03.593 INFO:teuthology.orchestra.run.smithi111.stdout:/usr/bin/ceph: stderr
2024-09-15T22:36:02.517+0000 7fbd07000640 1 -- 172.21.15.111:0/3018757583 shutdown_connections
2024-09-15T22:36:03.593 INFO:teuthology.orchestra.run.smithi111.stdout:/usr/bin/ceph: stderr
2024-09-15T22:36:02.517+0000 7fbd07000640 1 --2- 172.21.15.111:0/3018757583 >> [v2:172.21.15.111:3300/0,v1:172.21.15.111:6789/0] conn(0x7fbd0007ddb0 0x7fbd0019d7a0 unknown :-1 s=CLOSED pgs=6 cs=0 l=1 rev1=1 crypto rx=0 tx=0 comp rx=0 tx=0).stop
2024-09-15T22:36:03.593 INFO:teuthology.orchestra.run.smithi111.stdout:/usr/bin/ceph: stderr
2024-09-15T22:36:02.517+0000 7fbd07000640 1 -- 172.21.15.111:0/3018757583 >> 172.21.15.111:0/3018757583 conn(0x7fbd00102d30 msgr2=0x7fbd001039b0 unknown :-1 s=STATE_NONE l=0).mark_down
2024-09-15T22:36:03.593 INFO:teuthology.orchestra.run.smithi111.stdout:/usr/bin/ceph: stderr
2024-09-15T22:36:02.517+0000 7fbd07000640 1 -- 172.21.15.111:0/3018757583 shutdown_connections
2024-09-15T22:36:03.593 INFO:teuthology.orchestra.run.smithi111.stdout:/usr/bin/ceph: stderr
2024-09-15T22:36:02.517+0000 7fbd07000640 1 -- 172.21.15.111:0/3018757583 wait complete.
2024-09-15T22:36:03.593 INFO:teuthology.orchestra.run.smithi111.stdout:mgr not available, waiting (1/15)...
2024-09-15T22:36:04.666 INFO:journalctl@ceph.mgr.x.smithi111.stdout:Sep 15 22:36:04 smithi111 ceph-b7614d3c-73b2-11ef-bceb-c7b262605968-mgr-x[30852]:
2024-09-15T22:36:04.233+0000 7f2c2da34040 -1 mgr[py] Module telemetry has missing NOTIFY_TYPES member
2024-09-15T22:36:04.666 INFO:journalctl@ceph.mgr.x.smithi111.stdout:Sep 15 22:36:04 smithi111 ceph-b7614d3c-73b2-11ef-bceb-c7b262605968-mgr-x[30852]:
2024-09-15T22:36:04.313+0000 7f2c2da34040 -1 mgr[py] Module balancer has missing NOTIFY_TYPES member
2024-09-15T22:36:05.573 INFO:journalctl@ceph.mgr.x.smithi111.stdout:Sep 15 22:36:05 smithi111 ceph-b7614d3c-73b2-11ef-bceb-c7b262605968-mgr-x[30852]:
2024-09-15T22:36:05.255+0000 7f2c2da34040 -1 mgr[py] Module rook has missing NOTIFY_TYPES member
2024-09-15T22:36:05.574 INFO:journalctl@ceph.mgr.x.smithi111.stdout:Sep 15 22:36:05 smithi111 ceph-b7614d3c-73b2-11ef-bceb-c7b262605968-mgr-x[30852]:
2024-09-15T22:36:05.394+0000 7f2c2da34040 -1 mgr[py] Module iostat has missing NOTIFY_TYPES member
2024-09-15T22:36:05.574 INFO:journalctl@ceph.mgr.x.smithi111.stdout:Sep 15 22:36:05 smithi111 ceph-b7614d3c-73b2-11ef-bceb-c7b262605968-mgr-x[30852]:
2024-09-15T22:36:05.572+0000 7f2c2da34040 -1 mgr[py] Module orchestrator has missing NOTIFY_TYPES member
2024-09-15T22:36:05.859 INFO:journalctl@ceph.mgr.x.smithi111.stdout:Sep 15 22:36:05 smithi111 ceph-b7614d3c-73b2-11ef-bceb-c7b262605968-mgr-x[30852]:
2024-09-15T22:36:05.656+0000 7f2c2da34040 -1 mgr[py] Module devicehealth has missing NOTIFY_TYPES member
2024-09-15T22:36:05.859 INFO:journalctl@ceph.mgr.x.smithi111.stdout:Sep 15 22:36:05 smithi111 ceph-b7614d3c-73b2-11ef-bceb-c7b262605968-mgr-x[30852]:
2024-09-15T22:36:05.843+0000 7f2c2da34040 -1 mgr[py] Module rgw has missing NOTIFY_TYPES member
2024-09-15T22:36:06.165 INFO:journalctl@ceph.mgr.x.smithi111.stdout:Sep 15 22:36:05 smithi111 ceph-b7614d3c-73b2-11ef-bceb-c7b262605968-mgr-x[30852]:
2024-09-15T22:36:05.939+0000 7f2c2da34040 -1 mgr[py] Module alerts has missing NOTIFY_TYPES member
2024-09-15T22:36:06.165 INFO:journalctl@ceph.mgr.x.smithi111.stdout:Sep 15 22:36:06 smithi111 ceph-b7614d3c-73b2-11ef-bceb-c7b262605968-mgr-x[30852]:
2024-09-15T22:36:06.020+0000 7f2c2da34040 -1 mgr[py] Module progress has missing NOTIFY_TYPES member
2024-09-15T22:36:06.518 INFO:journalctl@ceph.mgr.x.smithi111.stdout:Sep 15 22:36:06 smithi111 ceph-b7614d3c-73b2-11ef-bceb-c7b262605968-mgr-x[30852]:
2024-09-15T22:36:06.200+0000 7f2c2da34040 -1 mgr[py] Module nfs has missing NOTIFY_TYPES member
2024-09-15T22:36:06.518 INFO:journalctl@ceph.mgr.x.smithi111.stdout:Sep 15 22:36:06 smithi111 ceph-b7614d3c-73b2-11ef-bceb-c7b262605968-mgr-x[30852]:
2024-09-15T22:36:06.275+0000 7f2c2da34040 -1 mgr[py] Module status has missing NOTIFY_TYPES member
2024-09-15T22:36:06.518 INFO:journalctl@ceph.mgr.x.smithi111.stdout:Sep 15 22:36:06 smithi111 ceph-b7614d3c-73b2-11ef-bceb-c7b262605968-mgr-x[30852]:
2024-09-15T22:36:06.352+0000 7f2c2da34040 -1 mgr[py] Module pg_autoscaler has missing NOTIFY_TYPES member
2024-09-15T22:36:06.518 INFO:journalctl@ceph.mgr.x.smithi111.stdout:Sep 15 22:36:06 smithi111 ceph-b7614d3c-73b2-11ef-bceb-c7b262605968-mgr-x[30852]:
2024-09-15T22:36:06.447+0000 7f2c2da34040 -1 mgr[py] Module rbd_support has missing NOTIFY_TYPES member
2024-09-15T22:36:06.518 INFO:journalctl@ceph.mgr.x.smithi111.stdout:Sep 15 22:36:06 smithi111 ceph-b7614d3c-73b2-11ef-bceb-c7b262605968-mgr-x[30852]:
2024-09-15T22:36:06.516+0000 7f2c2da34040 -1 mgr[py] Module influx has missing NOTIFY_TYPES member
2024-09-15T22:36:06.915 INFO:journalctl@ceph.mgr.x.smithi111.stdout:Sep 15 22:36:06 smithi111 ceph-b7614d3c-73b2-11ef-bceb-c7b262605968-mgr-x[30852]:
2024-09-15T22:36:06.585+0000 7f2c2da34040 -1 mgr[py] Module zabbix has missing NOTIFY_TYPES member
2024-09-15T22:36:07.916 INFO:journalctl@ceph.mgr.x.smithi111.stdout:Sep 15 22:36:07 smithi111 ceph-b7614d3c-73b2-11ef-bceb-c7b262605968-mgr-x[30852]:
2024-09-15T22:36:07.504+0000 7f2c2da34040 -1 mgr[py] Module telegraf has missing NOTIFY_TYPES member
2024-09-15T22:36:07.916 INFO:journalctl@ceph.mon.a.smithi111.stdout:Sep 15 22:36:07 smithi111 ceph-mon[30629]: Activating manager daemon x
2024-09-15T22:36:07.916 INFO:journalctl@ceph.mon.a.smithi111.stdout:Sep 15 22:36:07 smithi111 ceph-mon[30629]: mgrmap e2: x(active, starting, since 0.00432879s)
2024-09-15T22:36:07.916 INFO:journalctl@ceph.mon.a.smithi111.stdout:Sep 15 22:36:07 smithi111 ceph-mon[30629]: from='mgr.14100 172.21.15.111:0/709251733' entity='mgr.x' cmd=[{"prefix": "mds metadata"}]: dispatch
2024-09-15T22:36:07.916 INFO:journalctl@ceph.mon.a.smithi111.stdout:Sep 15 22:36:07 smithi111 ceph-mon[30629]: from='mgr.14100 172.21.15.111:0/709251733' entity='mgr.x' cmd=[{"prefix": "osd metadata"}]: dispatch
2024-09-15T22:36:07.916 INFO:journalctl@ceph.mon.a.smithi111.stdout:Sep 15 22:36:07 smithi111 ceph-mon[30629]: from='mgr.14100 172.21.15.111:0/709251733' entity='mgr.x' cmd=[{"prefix": "mon metadata"}]: dispatch
2024-09-15T22:36:07.916 INFO:journalctl@ceph.mon.a.smithi111.stdout:Sep 15 22:36:07 smithi111 ceph-mon[30629]: from='mgr.14100 172.21.15.111:0/709251733' entity='mgr.x' cmd=[{"prefix": "mon metadata", "id": "a"}]: dispatch
2024-09-15T22:36:07.916 INFO:journalctl@ceph.mon.a.smithi111.stdout:Sep 15 22:36:07 smithi111 ceph-mon[30629]: from='mgr.14100 172.21.15.111:0/709251733' entity='mgr.x' cmd=[{"prefix": "mgr metadata", "who": "x", "id": "x"}]: dispatch
2024-09-15T22:36:07.917 INFO:journalctl@ceph.mon.a.smithi111.stdout:Sep 15 22:36:07 smithi111 ceph-mon[30629]: Manager daemon x is now available
2024-09-15T22:36:07.917 INFO:journalctl@ceph.mon.a.smithi111.stdout:Sep 15 22:36:07 smithi111 ceph-mon[30629]: from='mgr.14100 172.21.15.111:0/709251733' entity='mgr.x' cmd=[{"prefix":"config rm","who":"mgr","name":"mgr/rbd_support/x/mirror_snapshot_schedule"}]: dispatch
2024-09-15T22:36:07.917 INFO:journalctl@ceph.mon.a.smithi111.stdout:Sep 15 22:36:07 smithi111 ceph-mon[30629]: from='mgr.14100 172.21.15.111:0/709251733' entity='mgr.x'
2024-09-15T22:36:07.917 INFO:journalctl@ceph.mon.a.smithi111.stdout:Sep 15 22:36:07 smithi111 ceph-mon[30629]: from='mgr.14100 172.21.15.111:0/709251733' entity='mgr.x' cmd=[{"prefix":"config rm","who":"mgr","name":"mgr/rbd_support/x/trash_purge_schedule"}]: dispatch
2024-09-15T22:36:07.917 INFO:journalctl@ceph.mon.a.smithi111.stdout:Sep 15 22:36:07 smithi111 ceph-mon[30629]: from='mgr.14100 172.21.15.111:0/709251733' entity='mgr.x'
2024-09-15T22:36:07.917 INFO:journalctl@ceph.mon.a.smithi111.stdout:Sep 15 22:36:07 smithi111 ceph-mon[30629]: from='mgr.14100 172.21.15.111:0/709251733' entity='mgr.x'
2024-09-15T22:36:09.854 INFO:journalctl@ceph.mon.a.smithi111.stdout:Sep 15 22:36:09 smithi111 ceph-mon[30629]: mgrmap e3: x(active, since 1.01032s)
2024-09-15T22:36:10.916 INFO:journalctl@ceph.mon.a.smithi111.stdout:Sep 15 22:36:10 smithi111 ceph-mon[30629]: mgrmap e4: x(active, since 2s)
2024-09-15T22:36:14.166 INFO:journalctl@ceph.mon.a.smithi111.stdout:Sep 15 22:36:13 smithi111 ceph-mon[30629]: from='client.? 172.21.15.111:0/3246185212' entity='client.admin' cmd=[{"prefix": "status", "format": "json-pretty"}]: dispatch
2024-09-15T22:36:14.586 INFO:teuthology.orchestra.run.smithi111.stdout:/usr/bin/ceph: stdout
2024-09-15T22:36:14.586 INFO:teuthology.orchestra.run.smithi111.stdout:/usr/bin/ceph: stdout {
2024-09-15T22:36:14.586 INFO:teuthology.orchestra.run.smithi111.stdout:/usr/bin/ceph: stdout "fsid": "b7614d3c-73b2-11ef-bceb-c7b262605968",
2024-09-15T22:36:14.586 INFO:teuthology.orchestra.run.smithi111.stdout:/usr/bin/ceph: stdout "health": {
2024-09-15T22:36:14.586 INFO:teuthology.orchestra.run.smithi111.stdout:/usr/bin/ceph: stdout "status": "HEALTH_OK",
2024-09-15T22:36:14.586 INFO:teuthology.orchestra.run.smithi111.stdout:/usr/bin/ceph: stdout "checks": {},
2024-09-15T22:36:14.586 INFO:teuthology.orchestra.run.smithi111.stdout:/usr/bin/ceph: stdout "mutes": []
2024-09-15T22:36:14.586 INFO:teuthology.orchestra.run.smithi111.stdout:/usr/bin/ceph: stdout },
2024-09-15T22:36:14.586 INFO:teuthology.orchestra.run.smithi111.stdout:/usr/bin/ceph: stdout "election_epoch": 5,
2024-09-15T22:36:14.586 INFO:teuthology.orchestra.run.smithi111.stdout:/usr/bin/ceph: stdout "quorum": [
2024-09-15T22:36:14.587 INFO:teuthology.orchestra.run.smithi111.stdout:/usr/bin/ceph: stdout 0
2024-09-15T22:36:14.587 INFO:teuthology.orchestra.run.smithi111.stdout:/usr/bin/ceph: stdout ],
2024-09-15T22:36:14.587 INFO:teuthology.orchestra.run.smithi111.stdout:/usr/bin/ceph: stdout "quorum_names": [
2024-09-15T22:36:14.587 INFO:teuthology.orchestra.run.smithi111.stdout:/usr/bin/ceph: stdout "a"
2024-09-15T22:36:14.587 INFO:teuthology.orchestra.run.smithi111.stdout:/usr/bin/ceph: stdout ],
2024-09-15T22:36:14.587 INFO:teuthology.orchestra.run.smithi111.stdout:/usr/bin/ceph: stdout "quorum_age": 15,
2024-09-15T22:36:14.587 INFO:teuthology.orchestra.run.smithi111.stdout:/usr/bin/ceph: stdout "monmap": {
2024-09-15T22:36:14.587 INFO:teuthology.orchestra.run.smithi111.stdout:/usr/bin/ceph: stdout "epoch": 1,
2024-09-15T22:36:14.587 INFO:teuthology.orchestra.run.smithi111.stdout:/usr/bin/ceph: stdout "min_mon_release_name": "squid",
2024-09-15T22:36:14.587 INFO:teuthology.orchestra.run.smithi111.stdout:/usr/bin/ceph: stdout "num_mons": 1
2024-09-15T22:36:14.587 INFO:teuthology.orchestra.run.smithi111.stdout:/usr/bin/ceph: stdout },
2024-09-15T22:36:14.588 INFO:teuthology.orchestra.run.smithi111.stdout:/usr/bin/ceph: stdout "osdmap": {
2024-09-15T22:36:14.588 INFO:teuthology.orchestra.run.smithi111.stdout:/usr/bin/ceph: stdout "epoch": 1,
2024-09-15T22:36:14.588 INFO:teuthology.orchestra.run.smithi111.stdout:/usr/bin/ceph: stdout "num_osds": 0,
2024-09-15T22:36:14.588 INFO:teuthology.orchestra.run.smithi111.stdout:/usr/bin/ceph: stdout "num_up_osds": 0,
2024-09-15T22:36:14.588 INFO:teuthology.orchestra.run.smithi111.stdout:/usr/bin/ceph: stdout "osd_up_since": 0,
2024-09-15T22:36:14.596 INFO:teuthology.orchestra.run.smithi111.stdout:/usr/bin/ceph: stdout "num_in_osds": 0,
2024-09-15T22:36:14.596 INFO:teuthology.orchestra.run.smithi111.stdout:/usr/bin/ceph: stdout "osd_in_since": 0,
2024-09-15T22:36:14.596 INFO:teuthology.orchestra.run.smithi111.stdout:/usr/bin/ceph: stdout "num_remapped_pgs": 0
2024-09-15T22:36:14.596 INFO:teuthology.orchestra.run.smithi111.stdout:/usr/bin/ceph: stdout },
2024-09-15T22:36:14.596 INFO:teuthology.orchestra.run.smithi111.stdout:/usr/bin/ceph: stdout "pgmap": {
2024-09-15T22:36:14.597 INFO:teuthology.orchestra.run.smithi111.stdout:/usr/bin/ceph: stdout "pgs_by_state": [],
2024-09-15T22:36:14.597 INFO:teuthology.orchestra.run.smithi111.stdout:/usr/bin/ceph: stdout "num_pgs": 0,
2024-09-15T22:36:14.597 INFO:teuthology.orchestra.run.smithi111.stdout:/usr/bin/ceph: stdout "num_pools": 0,
2024-09-15T22:36:14.597 INFO:teuthology.orchestra.run.smithi111.stdout:/usr/bin/ceph: stdout "num_objects": 0,
2024-09-15T22:36:14.597 INFO:teuthology.orchestra.run.smithi111.stdout:/usr/bin/ceph: stdout "data_bytes": 0,
2024-09-15T22:36:14.597 INFO:teuthology.orchestra.run.smithi111.stdout:/usr/bin/ceph: stdout "bytes_used": 0,
2024-09-15T22:36:14.597 INFO:teuthology.orchestra.run.smithi111.stdout:/usr/bin/ceph: stdout "bytes_avail": 0,
2024-09-15T22:36:14.597 INFO:teuthology.orchestra.run.smithi111.stdout:/usr/bin/ceph: stdout "bytes_total": 0
2024-09-15T22:36:14.597 INFO:teuthology.orchestra.run.smithi111.stdout:/usr/bin/ceph: stdout },
2024-09-15T22:36:14.597 INFO:teuthology.orchestra.run.smithi111.stdout:/usr/bin/ceph: stdout "fsmap": {
2024-09-15T22:36:14.597 INFO:teuthology.orchestra.run.smithi111.stdout:/usr/bin/ceph: stdout "epoch": 1,
2024-09-15T22:36:14.597 INFO:teuthology.orchestra.run.smithi111.stdout:/usr/bin/ceph: stdout "btime": "2024-09-15T22:35:52:571222+0000",
2024-09-15T22:36:14.597 INFO:teuthology.orchestra.run.smithi111.stdout:/usr/bin/ceph: stdout "by_rank": [],
2024-09-15T22:36:14.597 INFO:teuthology.orchestra.run.smithi111.stdout:/usr/bin/ceph: stdout "up:standby": 0
2024-09-15T22:36:14.598 INFO:teuthology.orchestra.run.smithi111.stdout:/usr/bin/ceph: stdout },
2024-09-15T22:36:14.598 INFO:teuthology.orchestra.run.smithi111.stdout:/usr/bin/ceph: stdout "mgrmap": {
2024-09-15T22:36:14.598 INFO:teuthology.orchestra.run.smithi111.stdout:/usr/bin/ceph: stdout "available": true,
2024-09-15T22:36:14.598 INFO:teuthology.orchestra.run.smithi111.stdout:/usr/bin/ceph: stdout "num_standbys": 0,
2024-09-15T22:36:14.598 INFO:teuthology.orchestra.run.smithi111.stdout:/usr/bin/ceph: stdout "modules": [
2024-09-15T22:36:14.598 INFO:teuthology.orchestra.run.smithi111.stdout:/usr/bin/ceph: stdout "iostat",
2024-09-15T22:36:14.598 INFO:teuthology.orchestra.run.smithi111.stdout:/usr/bin/ceph: stdout "nfs",
2024-09-15T22:36:14.598 INFO:teuthology.orchestra.run.smithi111.stdout:/usr/bin/ceph: stdout "restful"
2024-09-15T22:36:14.598 INFO:teuthology.orchestra.run.smithi111.stdout:/usr/bin/ceph: stdout ],
2024-09-15T22:36:14.598 INFO:teuthology.orchestra.run.smithi111.stdout:/usr/bin/ceph: stdout "services": {}
2024-09-15T22:36:14.598 INFO:teuthology.orchestra.run.smithi111.stdout:/usr/bin/ceph: stdout },
2024-09-15T22:36:14.598 INFO:teuthology.orchestra.run.smithi111.stdout:/usr/bin/ceph: stdout "servicemap": {
2024-09-15T22:36:14.598 INFO:teuthology.orchestra.run.smithi111.stdout:/usr/bin/ceph: stdout "epoch": 1,
2024-09-15T22:36:14.599 INFO:teuthology.orchestra.run.smithi111.stdout:/usr/bin/ceph: stdout "modified": "2024-09-15T22:35:52.571986+0000",
2024-09-15T22:36:14.599 INFO:teuthology.orchestra.run.smithi111.stdout:/usr/bin/ceph: stdout "services": {}
2024-09-15T22:36:14.599 INFO:teuthology.orchestra.run.smithi111.stdout:/usr/bin/ceph: stdout },
2024-09-15T22:36:14.599 INFO:teuthology.orchestra.run.smithi111.stdout:/usr/bin/ceph: stdout "progress_events": {}
2024-09-15T22:36:14.599 INFO:teuthology.orchestra.run.smithi111.stdout:/usr/bin/ceph: stdout }
2024-09-15T22:36:14.599 INFO:teuthology.orchestra.run.smithi111.stdout:/usr/bin/ceph: stderr
2024-09-15T22:36:13.586+0000 7f595c400640 1 Processor -- start
2024-09-15T22:36:14.599 INFO:teuthology.orchestra.run.smithi111.stdout:/usr/bin/ceph: stderr
2024-09-15T22:36:13.586+0000 7f595c400640 1 -- start start
2024-09-15T22:36:14.599 INFO:teuthology.orchestra.run.smithi111.stdout:/usr/bin/ceph: stderr
2024-09-15T22:36:13.587+0000 7f595c400640 1 --2- >> [v2:172.21.15.111:3300/0,v1:172.21.15.111:6789/0] conn(0x7f5954107700 0x7f5954107b00 unknown :-1 s=NONE pgs=0 cs=0 l=0 rev1=0 crypto rx=0 tx=0 comp rx=0 tx=0).connect
2024-09-15T22:36:14.599 INFO:teuthology.orchestra.run.smithi111.stdout:/usr/bin/ceph: stderr
2024-09-15T22:36:13.587+0000 7f595c400640 1 -- --> [v2:172.21.15.111:3300/0,v1:172.21.15.111:6789/0] -- mon_getmap magic: 0 -- 0x7f59541080d0 con 0x7f5954107700
2024-09-15T22:36:14.599 INFO:teuthology.orchestra.run.smithi111.stdout:/usr/bin/ceph: stderr
2024-09-15T22:36:13.587+0000 7f5959a00640 1 --2- >> [v2:172.21.15.111:3300/0,v1:172.21.15.111:6789/0] conn(0x7f5954107700 0x7f5954107b00 unknown :-1 s=BANNER_CONNECTING pgs=0 cs=0 l=0 rev1=0 crypto rx=0 tx=0 comp rx=0 tx=0)._handle_peer_banner_payload supported=3 required=0
2024-09-15T22:36:14.599 INFO:teuthology.orchestra.run.smithi111.stdout:/usr/bin/ceph: stderr
2024-09-15T22:36:13.587+0000 7f5959a00640 1 --2- >> [v2:172.21.15.111:3300/0,v1:172.21.15.111:6789/0] conn(0x7f5954107700 0x7f5954107b00 unknown :-1 s=HELLO_CONNECTING pgs=0 cs=0 l=0 rev1=1 crypto rx=0 tx=0 comp rx=0 tx=0).handle_hello peer v2:172.21.15.111:3300/0 says I am v2:172.21.15.111:48580/0 (socket says 172.21.15.111:48580)
2024-09-15T22:36:14.599 INFO:teuthology.orchestra.run.smithi111.stdout:/usr/bin/ceph: stderr
2024-09-15T22:36:13.587+0000 7f5959a00640 1 -- 172.21.15.111:0/928474289 learned_addr learned my addr 172.21.15.111:0/928474289 (peer_addr_for_me v2:172.21.15.111:0/0)
2024-09-15T22:36:14.599 INFO:teuthology.orchestra.run.smithi111.stdout:/usr/bin/ceph: stderr
2024-09-15T22:36:13.587+0000 7f5959a00640 1 -- 172.21.15.111:0/928474289 --> [v2:172.21.15.111:3300/0,v1:172.21.15.111:6789/0] -- mon_subscribe({config=0+,monmap=0+}) -- 0x7f5954108900 con 0x7f5954107700
2024-09-15T22:36:14.599 INFO:teuthology.orchestra.run.smithi111.stdout:/usr/bin/ceph: stderr
2024-09-15T22:36:13.588+0000 7f5959a00640 1 --2- 172.21.15.111:0/928474289 >> [v2:172.21.15.111:3300/0,v1:172.21.15.111:6789/0] conn(0x7f5954107700 0x7f5954107b00 secure :-1 s=READY pgs=14 cs=0 l=1 rev1=1 crypto rx=0x7f5948009820 tx=0x7f594802a270 comp rx=0 tx=0).ready entity=mon.0 client_cookie=c2d106afc6db158d server_cookie=0 in_seq=0 out_seq=0
2024-09-15T22:36:14.599 INFO:teuthology.orchestra.run.smithi111.stdout:/usr/bin/ceph: stderr
2024-09-15T22:36:13.589+0000 7f5953e00640 1 -- 172.21.15.111:0/928474289 <== mon.0 v2:172.21.15.111:3300/0 1 ==== mon_map magic: 0 ==== 205+0+0 (secure 0 0 0) 0x7f5948037070 con 0x7f5954107700
2024-09-15T22:36:14.600 INFO:teuthology.orchestra.run.smithi111.stdout:/usr/bin/ceph: stderr
2024-09-15T22:36:13.589+0000 7f5953e00640 1 -- 172.21.15.111:0/928474289 <== mon.0 v2:172.21.15.111:3300/0 2 ==== config(27 keys) ==== 1109+0+0 (secure 0 0 0) 0x7f5948032900 con 0x7f5954107700
2024-09-15T22:36:14.600 INFO:teuthology.orchestra.run.smithi111.stdout:/usr/bin/ceph: stderr
2024-09-15T22:36:13.589+0000 7f5953e00640 1 -- 172.21.15.111:0/928474289 <== mon.0 v2:172.21.15.111:3300/0 3 ==== mon_map magic: 0 ==== 205+0+0 (secure 0 0 0) 0x7f5948030850 con 0x7f5954107700
2024-09-15T22:36:14.600 INFO:teuthology.orchestra.run.smithi111.stdout:/usr/bin/ceph: stderr
2024-09-15T22:36:13.589+0000 7f595c400640 1 -- 172.21.15.111:0/928474289 >> [v2:172.21.15.111:3300/0,v1:172.21.15.111:6789/0] conn(0x7f5954107700 msgr2=0x7f5954107b00 secure :-1 s=STATE_CONNECTION_ESTABLISHED l=1).mark_down
2024-09-15T22:36:14.600 INFO:teuthology.orchestra.run.smithi111.stdout:/usr/bin/ceph: stderr
2024-09-15T22:36:13.589+0000 7f595c400640 1 --2- 172.21.15.111:0/928474289 >> [v2:172.21.15.111:3300/0,v1:172.21.15.111:6789/0] conn(0x7f5954107700 0x7f5954107b00 secure :-1 s=READY pgs=14 cs=0 l=1 rev1=1 crypto rx=0x7f5948009820 tx=0x7f594802a270 comp rx=0 tx=0).stop
2024-09-15T22:36:14.600 INFO:teuthology.orchestra.run.smithi111.stdout:/usr/bin/ceph: stderr
2024-09-15T22:36:13.589+0000 7f595c400640 1 -- 172.21.15.111:0/928474289 shutdown_connections
2024-09-15T22:36:14.600 INFO:teuthology.orchestra.run.smithi111.stdout:/usr/bin/ceph: stderr
2024-09-15T22:36:13.589+0000 7f595c400640 1 --2- 172.21.15.111:0/928474289 >> [v2:172.21.15.111:3300/0,v1:172.21.15.111:6789/0] conn(0x7f5954107700 0x7f5954107b00 unknown :-1 s=CLOSED pgs=14 cs=0 l=1 rev1=1 crypto rx=0 tx=0 comp rx=0 tx=0).stop
2024-09-15T22:36:14.600 INFO:teuthology.orchestra.run.smithi111.stdout:/usr/bin/ceph: stderr
2024-09-15T22:36:13.589+0000 7f595c400640 1 -- 172.21.15.111:0/928474289 >> 172.21.15.111:0/928474289 conn(0x7f5954102f30 msgr2=0x7f5954105350 unknown :-1 s=STATE_NONE l=0).mark_down
2024-09-15T22:36:14.600 INFO:teuthology.orchestra.run.smithi111.stdout:/usr/bin/ceph: stderr
2024-09-15T22:36:13.589+0000 7f595c400640 1 -- 172.21.15.111:0/928474289 shutdown_connections
2024-09-15T22:36:14.600 INFO:teuthology.orchestra.run.smithi111.stdout:/usr/bin/ceph: stderr
2024-09-15T22:36:13.590+0000 7f595c400640 1 -- 172.21.15.111:0/928474289 wait complete.
2024-09-15T22:36:14.600 INFO:teuthology.orchestra.run.smithi111.stdout:/usr/bin/ceph: stderr
2024-09-15T22:36:13.590+0000 7f595c400640 1 Processor -- start
2024-09-15T22:36:14.600 INFO:teuthology.orchestra.run.smithi111.stdout:/usr/bin/ceph: stderr
2024-09-15T22:36:13.591+0000 7f595c400640 1 -- start start
2024-09-15T22:36:14.600 INFO:teuthology.orchestra.run.smithi111.stdout:/usr/bin/ceph: stderr
2024-09-15T22:36:13.591+0000 7f595c400640 1 --2- >> [v2:172.21.15.111:3300/0,v1:172.21.15.111:6789/0] conn(0x7f5954107700 0x7f595419d930 unknown :-1 s=NONE pgs=0 cs=0 l=1 rev1=0 crypto rx=0 tx=0 comp rx=0 tx=0).connect
2024-09-15T22:36:14.600 INFO:teuthology.orchestra.run.smithi111.stdout:/usr/bin/ceph: stderr
2024-09-15T22:36:13.591+0000 7f595c400640 1 -- --> [v2:172.21.15.111:3300/0,v1:172.21.15.111:6789/0] -- mon_getmap magic: 0 -- 0x7f595410bcb0 con 0x7f5954107700
2024-09-15T22:36:14.600 INFO:teuthology.orchestra.run.smithi111.stdout:/usr/bin/ceph: stderr
2024-09-15T22:36:13.591+0000 7f5959a00640 1 --2- >> [v2:172.21.15.111:3300/0,v1:172.21.15.111:6789/0] conn(0x7f5954107700 0x7f595419d930 unknown :-1 s=BANNER_CONNECTING pgs=0 cs=0 l=1 rev1=0 crypto rx=0 tx=0 comp rx=0 tx=0)._handle_peer_banner_payload supported=3 required=0
2024-09-15T22:36:14.601 INFO:teuthology.orchestra.run.smithi111.stdout:/usr/bin/ceph: stderr
2024-09-15T22:36:13.591+0000 7f5959a00640 1 --2- >> [v2:172.21.15.111:3300/0,v1:172.21.15.111:6789/0] conn(0x7f5954107700 0x7f595419d930 unknown :-1 s=HELLO_CONNECTING pgs=0 cs=0 l=1 rev1=1 crypto rx=0 tx=0 comp rx=0 tx=0).handle_hello peer v2:172.21.15.111:3300/0 says I am v2:172.21.15.111:48590/0 (socket says 172.21.15.111:48590)
2024-09-15T22:36:14.601 INFO:teuthology.orchestra.run.smithi111.stdout:/usr/bin/ceph: stderr
2024-09-15T22:36:13.591+0000 7f5959a00640 1 -- 172.21.15.111:0/3246185212 learned_addr learned my addr 172.21.15.111:0/3246185212 (peer_addr_for_me v2:172.21.15.111:0/0)
2024-09-15T22:36:14.601 INFO:teuthology.orchestra.run.smithi111.stdout:/usr/bin/ceph: stderr
2024-09-15T22:36:13.591+0000 7f5959a00640 1 -- 172.21.15.111:0/3246185212 --> [v2:172.21.15.111:3300/0,v1:172.21.15.111:6789/0] -- mon_subscribe({config=0+,monmap=0+}) -- 0x7f595419de70 con 0x7f5954107700
2024-09-15T22:36:14.601 INFO:teuthology.orchestra.run.smithi111.stdout:/usr/bin/ceph: stderr
2024-09-15T22:36:13.592+0000 7f5959a00640 1 --2- 172.21.15.111:0/3246185212 >> [v2:172.21.15.111:3300/0,v1:172.21.15.111:6789/0] conn(0x7f5954107700 0x7f595419d930 secure :-1 s=READY pgs=15 cs=0 l=1 rev1=1 crypto rx=0x7f59480097f0 tx=0x7f5948030d80 comp rx=0 tx=0).ready entity=mon.0 client_cookie=0 server_cookie=0 in_seq=0 out_seq=0
2024-09-15T22:36:14.601 INFO:teuthology.orchestra.run.smithi111.stdout:/usr/bin/ceph: stderr
2024-09-15T22:36:13.592+0000 7f5952000640 1 -- 172.21.15.111:0/3246185212 <== mon.0 v2:172.21.15.111:3300/0 1 ==== mon_map magic: 0 ==== 205+0+0 (secure 0 0 0) 0x7f5948037040 con 0x7f5954107700
2024-09-15T22:36:14.601 INFO:teuthology.orchestra.run.smithi111.stdout:/usr/bin/ceph: stderr
2024-09-15T22:36:13.592+0000 7f5952000640 1 -- 172.21.15.111:0/3246185212 <== mon.0 v2:172.21.15.111:3300/0 2 ==== config(27 keys) ==== 1109+0+0 (secure 0 0 0) 0x7f5948040070 con 0x7f5954107700
2024-09-15T22:36:14.601 INFO:teuthology.orchestra.run.smithi111.stdout:/usr/bin/ceph: stderr
2024-09-15T22:36:13.592+0000 7f595c400640 1 -- 172.21.15.111:0/3246185212 --> [v2:172.21.15.111:3300/0,v1:172.21.15.111:6789/0] -- mon_subscribe({mgrmap=0+}) -- 0x7f595419e100 con 0x7f5954107700
2024-09-15T22:36:14.601 INFO:teuthology.orchestra.run.smithi111.stdout:/usr/bin/ceph: stderr
2024-09-15T22:36:13.592+0000 7f5952000640 1 -- 172.21.15.111:0/3246185212 <== mon.0 v2:172.21.15.111:3300/0 3 ==== mon_map magic: 0 ==== 205+0+0 (secure 0 0 0) 0x7f594803a390 con 0x7f5954107700
2024-09-15T22:36:14.601 INFO:teuthology.orchestra.run.smithi111.stdout:/usr/bin/ceph: stderr
2024-09-15T22:36:13.592+0000 7f595c400640 1 -- 172.21.15.111:0/3246185212 --> [v2:172.21.15.111:3300/0,v1:172.21.15.111:6789/0] -- mon_subscribe({osdmap=0}) -- 0x7f59541a0df0 con 0x7f5954107700
2024-09-15T22:36:14.601 INFO:teuthology.orchestra.run.smithi111.stdout:/usr/bin/ceph: stderr
2024-09-15T22:36:13.593+0000 7f5952000640 1 -- 172.21.15.111:0/3246185212 <== mon.0 v2:172.21.15.111:3300/0 4 ==== mgrmap(e 4) ==== 46450+0+0 (secure 0 0 0) 0x7f5948032900 con 0x7f5954107700
2024-09-15T22:36:14.601 INFO:teuthology.orchestra.run.smithi111.stdout:/usr/bin/ceph: stderr
2024-09-15T22:36:13.593+0000 7f595c400640 1 -- 172.21.15.111:0/3246185212 --> [v2:172.21.15.111:3300/0,v1:172.21.15.111:6789/0] -- mon_command({"prefix": "get_command_descriptions"} v 0) -- 0x7f5954107b80 con 0x7f5954107700
2024-09-15T22:36:14.601 INFO:teuthology.orchestra.run.smithi111.stdout:/usr/bin/ceph: stderr
2024-09-15T22:36:13.594+0000 7f5952000640 1 --2- 172.21.15.111:0/3246185212 >> [v2:172.21.15.111:6800/3350425104,v1:172.21.15.111:6801/3350425104] conn(0x7f593c0391b0 0x7f593c03b670 unknown :-1 s=NONE pgs=0 cs=0 l=1 rev1=0 crypto rx=0 tx=0 comp rx=0 tx=0).connect
2024-09-15T22:36:14.601 INFO:teuthology.orchestra.run.smithi111.stdout:/usr/bin/ceph: stderr
2024-09-15T22:36:13.594+0000 7f5952000640 1 -- 172.21.15.111:0/3246185212 <== mon.0 v2:172.21.15.111:3300/0 5 ==== osd_map(1..1 src has 1..1) ==== 725+0+0 (secure 0 0 0) 0x7f594806c360 con 0x7f5954107700
2024-09-15T22:36:14.601 INFO:teuthology.orchestra.run.smithi111.stdout:/usr/bin/ceph: stderr
2024-09-15T22:36:13.594+0000 7f5959000640 1 --2- 172.21.15.111:0/3246185212 >> [v2:172.21.15.111:6800/3350425104,v1:172.21.15.111:6801/3350425104] conn(0x7f593c0391b0 0x7f593c03b670 unknown :-1 s=BANNER_CONNECTING pgs=0 cs=0 l=1 rev1=0 crypto rx=0 tx=0 comp rx=0 tx=0)._handle_peer_banner_payload supported=3 required=0
2024-09-15T22:36:14.602 INFO:teuthology.orchestra.run.smithi111.stdout:/usr/bin/ceph: stderr
2024-09-15T22:36:13.595+0000 7f5959000640 1 --2- 172.21.15.111:0/3246185212 >> [v2:172.21.15.111:6800/3350425104,v1:172.21.15.111:6801/3350425104] conn(0x7f593c0391b0 0x7f593c03b670 secure :-1 s=READY pgs=6 cs=0 l=1 rev1=1 crypto rx=0x7f59400098c0 tx=0x7f5940006db0 comp rx=0 tx=0).ready entity=mgr.14100 client_cookie=0 server_cookie=0 in_seq=0 out_seq=0
2024-09-15T22:36:14.602 INFO:teuthology.orchestra.run.smithi111.stdout:/usr/bin/ceph: stderr
2024-09-15T22:36:13.600+0000 7f5952000640 1 -- 172.21.15.111:0/3246185212 <== mon.0 v2:172.21.15.111:3300/0 6 ==== mon_command_ack([{"prefix": "get_command_descriptions"}]=0 v0) ==== 72+0+188821 (secure 0 0 0) 0x7f594806c0c0 con 0x7f5954107700
2024-09-15T22:36:14.602 INFO:teuthology.orchestra.run.smithi111.stdout:/usr/bin/ceph: stderr
2024-09-15T22:36:13.836+0000 7f595c400640 1 -- 172.21.15.111:0/3246185212 --> [v2:172.21.15.111:3300/0,v1:172.21.15.111:6789/0] -- mon_command({"prefix": "status", "format": "json-pretty"} v 0) -- 0x7f595419e580 con 0x7f5954107700
2024-09-15T22:36:14.602 INFO:teuthology.orchestra.run.smithi111.stdout:/usr/bin/ceph: stderr
2024-09-15T22:36:13.837+0000 7f5952000640 1 -- 172.21.15.111:0/3246185212 <== mon.0 v2:172.21.15.111:3300/0 7 ==== mon_command_ack([{"prefix": "status", "format": "json-pretty"}]=0 v0) ==== 79+0+1291 (secure 0 0 0) 0x7f5948032bf0 con 0x7f5954107700
2024-09-15T22:36:14.602 INFO:teuthology.orchestra.run.smithi111.stdout:/usr/bin/ceph: stderr
2024-09-15T22:36:13.840+0000 7f595c400640 1 -- 172.21.15.111:0/3246185212 >> [v2:172.21.15.111:6800/3350425104,v1:172.21.15.111:6801/3350425104] conn(0x7f593c0391b0 msgr2=0x7f593c03b670 secure :-1 s=STATE_CONNECTION_ESTABLISHED l=1).mark_down
2024-09-15T22:36:14.602 INFO:teuthology.orchestra.run.smithi111.stdout:/usr/bin/ceph: stderr
2024-09-15T22:36:13.840+0000 7f595c400640 1 --2- 172.21.15.111:0/3246185212 >> [v2:172.21.15.111:6800/3350425104,v1:172.21.15.111:6801/3350425104] conn(0x7f593c0391b0 0x7f593c03b670 secure :-1 s=READY pgs=6 cs=0 l=1 rev1=1 crypto rx=0x7f59400098c0 tx=0x7f5940006db0 comp rx=0 tx=0).stop
2024-09-15T22:36:14.602 INFO:teuthology.orchestra.run.smithi111.stdout:/usr/bin/ceph: stderr
2024-09-15T22:36:13.840+0000 7f595c400640 1 -- 172.21.15.111:0/3246185212 >> [v2:172.21.15.111:3300/0,v1:172.21.15.111:6789/0] conn(0x7f5954107700 msgr2=0x7f595419d930 secure :-1 s=STATE_CONNECTION_ESTABLISHED l=1).mark_down
2024-09-15T22:36:14.602 INFO:teuthology.orchestra.run.smithi111.stdout:/usr/bin/ceph: stderr
2024-09-15T22:36:13.840+0000 7f595c400640 1 --2- 172.21.15.111:0/3246185212 >> [v2:172.21.15.111:3300/0,v1:172.21.15.111:6789/0] conn(0x7f5954107700 0x7f595419d930 secure :-1 s=READY pgs=15 cs=0 l=1 rev1=1 crypto rx=0x7f59480097f0 tx=0x7f5948030d80 comp rx=0 tx=0).stop
2024-09-15T22:36:14.602 INFO:teuthology.orchestra.run.smithi111.stdout:/usr/bin/ceph: stderr
2024-09-15T22:36:13.840+0000 7f595c400640 1 -- 172.21.15.111:0/3246185212 shutdown_connections
2024-09-15T22:36:14.602 INFO:teuthology.orchestra.run.smithi111.stdout:/usr/bin/ceph: stderr
2024-09-15T22:36:13.840+0000 7f595c400640 1 --2- 172.21.15.111:0/3246185212 >> [v2:172.21.15.111:6800/3350425104,v1:172.21.15.111:6801/3350425104] conn(0x7f593c0391b0 0x7f593c03b670 unknown :-1 s=CLOSED pgs=6 cs=0 l=1 rev1=1 crypto rx=0 tx=0 comp rx=0 tx=0).stop
2024-09-15T22:36:14.602 INFO:teuthology.orchestra.run.smithi111.stdout:/usr/bin/ceph: stderr
2024-09-15T22:36:13.840+0000 7f595c400640 1 --2- 172.21.15.111:0/3246185212 >> [v2:172.21.15.111:3300/0,v1:172.21.15.111:6789/0] conn(0x7f5954107700 0x7f595419d930 unknown :-1 s=CLOSED pgs=15 cs=0 l=1 rev1=1 crypto rx=0 tx=0 comp rx=0 tx=0).stop
2024-09-15T22:36:14.602 INFO:teuthology.orchestra.run.smithi111.stdout:/usr/bin/ceph: stderr
2024-09-15T22:36:13.840+0000 7f595c400640 1 -- 172.21.15.111:0/3246185212 >> 172.21.15.111:0/3246185212 conn(0x7f5954102f30 msgr2=0x7f5954103a10 unknown :-1 s=STATE_NONE l=0).mark_down
2024-09-15T22:36:14.602 INFO:teuthology.orchestra.run.smithi111.stdout:/usr/bin/ceph: stderr
2024-09-15T22:36:13.840+0000 7f595c400640 1 -- 172.21.15.111:0/3246185212 shutdown_connections
2024-09-15T22:36:14.602 INFO:teuthology.orchestra.run.smithi111.stdout:/usr/bin/ceph: stderr
2024-09-15T22:36:13.840+0000 7f595c400640 1 -- 172.21.15.111:0/3246185212 wait complete.
2024-09-15T22:36:14.602 INFO:teuthology.orchestra.run.smithi111.stdout:mgr is available
2024-09-15T22:36:15.415 INFO:journalctl@ceph.mon.a.smithi111.stdout:Sep 15 22:36:15 smithi111 ceph-mon[30629]: from='client.? 172.21.15.111:0/2734023315' entity='client.admin' cmd=[{"prefix": "config assimilate-conf"}]: dispatch
2024-09-15T22:36:16.031 INFO:teuthology.orchestra.run.smithi111.stdout:/usr/bin/ceph: stdout
2024-09-15T22:36:16.031 INFO:teuthology.orchestra.run.smithi111.stdout:/usr/bin/ceph: stdout [global]
2024-09-15T22:36:16.031 INFO:teuthology.orchestra.run.smithi111.stdout:/usr/bin/ceph: stdout fsid = b7614d3c-73b2-11ef-bceb-c7b262605968
2024-09-15T22:36:16.031 INFO:teuthology.orchestra.run.smithi111.stdout:/usr/bin/ceph: stdout mon_host = [v2:172.21.15.111:3300,v1:172.21.15.111:6789]
2024-09-15T22:36:16.031 INFO:teuthology.orchestra.run.smithi111.stdout:/usr/bin/ceph: stdout mon_osd_allow_pg_remap = true
2024-09-15T22:36:16.031 INFO:teuthology.orchestra.run.smithi111.stdout:/usr/bin/ceph: stdout mon_osd_allow_primary_affinity = true
2024-09-15T22:36:16.032 INFO:teuthology.orchestra.run.smithi111.stdout:/usr/bin/ceph: stdout mon_warn_on_no_sortbitwise = false
2024-09-15T22:36:16.032 INFO:teuthology.orchestra.run.smithi111.stdout:/usr/bin/ceph: stdout osd_crush_chooseleaf_type = 0
2024-09-15T22:36:16.032 INFO:teuthology.orchestra.run.smithi111.stdout:/usr/bin/ceph: stdout
2024-09-15T22:36:16.032 INFO:teuthology.orchestra.run.smithi111.stdout:/usr/bin/ceph: stdout [mgr]
2024-09-15T22:36:16.032 INFO:teuthology.orchestra.run.smithi111.stdout:/usr/bin/ceph: stdout mgr/telemetry/nag = false
2024-09-15T22:36:16.032 INFO:teuthology.orchestra.run.smithi111.stdout:/usr/bin/ceph: stdout
2024-09-15T22:36:16.032 INFO:teuthology.orchestra.run.smithi111.stdout:/usr/bin/ceph: stdout [osd]
2024-09-15T22:36:16.032 INFO:teuthology.orchestra.run.smithi111.stdout:/usr/bin/ceph: stdout mon_osd_backfillfull_ratio = 0.85
2024-09-15T22:36:16.032 INFO:teuthology.orchestra.run.smithi111.stdout:/usr/bin/ceph: stdout mon_osd_full_ratio = 0.9
2024-09-15T22:36:16.032 INFO:teuthology.orchestra.run.smithi111.stdout:/usr/bin/ceph: stdout mon_osd_nearfull_ratio = 0.8
2024-09-15T22:36:16.032 INFO:teuthology.orchestra.run.smithi111.stdout:/usr/bin/ceph: stdout osd_map_max_advance = 10
2024-09-15T22:36:16.032 INFO:teuthology.orchestra.run.smithi111.stdout:/usr/bin/ceph: stdout osd_sloppy_crc = true
2024-09-15T22:36:16.032 INFO:teuthology.orchestra.run.smithi111.stdout:/usr/bin/ceph: stderr
2024-09-15T22:36:15.141+0000 7fc4f0e00640 1 Processor -- start
2024-09-15T22:36:16.033 INFO:teuthology.orchestra.run.smithi111.stdout:/usr/bin/ceph: stderr
2024-09-15T22:36:15.141+0000 7fc4f0e00640 1 -- start start
2024-09-15T22:36:16.033 INFO:teuthology.orchestra.run.smithi111.stdout:/usr/bin/ceph: stderr
2024-09-15T22:36:15.142+0000 7fc4f0e00640 1 --2- >> [v2:172.21.15.111:3300/0,v1:172.21.15.111:6789/0] conn(0x7fc4ec109910 0x7fc4ec109d10 unknown :-1 s=NONE pgs=0 cs=0 l=0 rev1=0 crypto rx=0 tx=0 comp rx=0 tx=0).connect
2024-09-15T22:36:16.033 INFO:teuthology.orchestra.run.smithi111.stdout:/usr/bin/ceph: stderr
2024-09-15T22:36:15.142+0000 7fc4f0e00640 1 -- --> [v2:172.21.15.111:3300/0,v1:172.21.15.111:6789/0] -- mon_getmap magic: 0 -- 0x7fc4ec10a2e0 con 0x7fc4ec109910
2024-09-15T22:36:16.033 INFO:teuthology.orchestra.run.smithi111.stdout:/usr/bin/ceph: stderr
2024-09-15T22:36:15.142+0000 7fc4e9e00640 1 --2- >> [v2:172.21.15.111:3300/0,v1:172.21.15.111:6789/0] conn(0x7fc4ec109910 0x7fc4ec109d10 unknown :-1 s=BANNER_CONNECTING pgs=0 cs=0 l=0 rev1=0 crypto rx=0 tx=0 comp rx=0 tx=0)._handle_peer_banner_payload supported=3 required=0
2024-09-15T22:36:16.033 INFO:teuthology.orchestra.run.smithi111.stdout:/usr/bin/ceph: stderr
2024-09-15T22:36:15.142+0000 7fc4e9e00640 1 --2- >> [v2:172.21.15.111:3300/0,v1:172.21.15.111:6789/0] conn(0x7fc4ec109910 0x7fc4ec109d10 unknown :-1 s=HELLO_CONNECTING pgs=0 cs=0 l=0 rev1=1 crypto rx=0 tx=0 comp rx=0 tx=0).handle_hello peer v2:172.21.15.111:3300/0 says I am v2:172.21.15.111:48606/0 (socket says 172.21.15.111:48606)
2024-09-15T22:36:16.033 INFO:teuthology.orchestra.run.smithi111.stdout:/usr/bin/ceph: stderr
2024-09-15T22:36:15.142+0000 7fc4e9e00640 1 -- 172.21.15.111:0/1968048563 learned_addr learned my addr 172.21.15.111:0/1968048563 (peer_addr_for_me v2:172.21.15.111:0/0)
2024-09-15T22:36:16.033 INFO:teuthology.orchestra.run.smithi111.stdout:/usr/bin/ceph: stderr
2024-09-15T22:36:15.143+0000 7fc4e9e00640 1 -- 172.21.15.111:0/1968048563 --> [v2:172.21.15.111:3300/0,v1:172.21.15.111:6789/0] -- mon_subscribe({config=0+,monmap=0+}) -- 0x7fc4ec10ab10 con 0x7fc4ec109910
2024-09-15T22:36:16.033 INFO:teuthology.orchestra.run.smithi111.stdout:/usr/bin/ceph: stderr
2024-09-15T22:36:15.144+0000 7fc4e9e00640 1 --2- 172.21.15.111:0/1968048563 >> [v2:172.21.15.111:3300/0,v1:172.21.15.111:6789/0] conn(0x7fc4ec109910 0x7fc4ec109d10 secure :-1 s=READY pgs=16 cs=0 l=1 rev1=1 crypto rx=0x7fc4dc009820 tx=0x7fc4dc02a270 comp rx=0 tx=0).ready entity=mon.0 client_cookie=b474bae66564c06c server_cookie=0 in_seq=0 out_seq=0
2024-09-15T22:36:16.033 INFO:teuthology.orchestra.run.smithi111.stdout:/usr/bin/ceph: stderr
2024-09-15T22:36:15.144+0000 7fc4e8a00640 1 -- 172.21.15.111:0/1968048563 <== mon.0 v2:172.21.15.111:3300/0 1 ==== mon_map magic: 0 ==== 205+0+0 (secure 0 0 0) 0x7fc4dc037070 con 0x7fc4ec109910
2024-09-15T22:36:16.033 INFO:teuthology.orchestra.run.smithi111.stdout:/usr/bin/ceph: stderr
2024-09-15T22:36:15.144+0000 7fc4e8a00640 1 -- 172.21.15.111:0/1968048563 <== mon.0 v2:172.21.15.111:3300/0 2 ==== config(27 keys) ==== 1109+0+0 (secure 0 0 0) 0x7fc4dc032900 con 0x7fc4ec109910
2024-09-15T22:36:16.033 INFO:teuthology.orchestra.run.smithi111.stdout:/usr/bin/ceph: stderr
2024-09-15T22:36:15.144+0000 7fc4e8a00640 1 -- 172.21.15.111:0/1968048563 <== mon.0 v2:172.21.15.111:3300/0 3 ==== mon_map magic: 0 ==== 205+0+0 (secure 0 0 0) 0x7fc4dc030850 con 0x7fc4ec109910
2024-09-15T22:36:16.033 INFO:teuthology.orchestra.run.smithi111.stdout:/usr/bin/ceph: stderr
2024-09-15T22:36:15.144+0000 7fc4f0e00640 1 -- 172.21.15.111:0/1968048563 >> [v2:172.21.15.111:3300/0,v1:172.21.15.111:6789/0] conn(0x7fc4ec109910 msgr2=0x7fc4ec109d10 secure :-1 s=STATE_CONNECTION_ESTABLISHED l=1).mark_down
2024-09-15T22:36:16.034 INFO:teuthology.orchestra.run.smithi111.stdout:/usr/bin/ceph: stderr
2024-09-15T22:36:15.144+0000 7fc4f0e00640 1 --2- 172.21.15.111:0/1968048563 >> [v2:172.21.15.111:3300/0,v1:172.21.15.111:6789/0] conn(0x7fc4ec109910 0x7fc4ec109d10 secure :-1 s=READY pgs=16 cs=0 l=1 rev1=1 crypto rx=0x7fc4dc009820 tx=0x7fc4dc02a270 comp rx=0 tx=0).stop
2024-09-15T22:36:16.034 INFO:teuthology.orchestra.run.smithi111.stdout:/usr/bin/ceph: stderr
2024-09-15T22:36:15.145+0000 7fc4f0e00640 1 -- 172.21.15.111:0/1968048563 shutdown_connections
2024-09-15T22:36:16.034 INFO:teuthology.orchestra.run.smithi111.stdout:/usr/bin/ceph: stderr
2024-09-15T22:36:15.145+0000 7fc4f0e00640 1 --2- 172.21.15.111:0/1968048563 >> [v2:172.21.15.111:3300/0,v1:172.21.15.111:6789/0] conn(0x7fc4ec109910 0x7fc4ec109d10 unknown :-1 s=CLOSED pgs=16 cs=0 l=1 rev1=1 crypto rx=0 tx=0 comp rx=0 tx=0).stop
2024-09-15T22:36:16.034 INFO:teuthology.orchestra.run.smithi111.stdout:/usr/bin/ceph: stderr
2024-09-15T22:36:15.145+0000 7fc4f0e00640 1 -- 172.21.15.111:0/1968048563 >> 172.21.15.111:0/1968048563 conn(0x7fc4ec07cef0 msgr2=0x7fc4ec07d300 unknown :-1 s=STATE_NONE l=0).mark_down
2024-09-15T22:36:16.034 INFO:teuthology.orchestra.run.smithi111.stdout:/usr/bin/ceph: stderr
2024-09-15T22:36:15.145+0000 7fc4f0e00640 1 -- 172.21.15.111:0/1968048563 shutdown_connections
2024-09-15T22:36:16.034 INFO:teuthology.orchestra.run.smithi111.stdout:/usr/bin/ceph: stderr
2024-09-15T22:36:15.145+0000 7fc4f0e00640 1 -- 172.21.15.111:0/1968048563 wait complete.
2024-09-15T22:36:16.034 INFO:teuthology.orchestra.run.smithi111.stdout:/usr/bin/ceph: stderr
2024-09-15T22:36:15.145+0000 7fc4f0e00640 1 Processor -- start
2024-09-15T22:36:16.034 INFO:teuthology.orchestra.run.smithi111.stdout:/usr/bin/ceph: stderr
2024-09-15T22:36:15.146+0000 7fc4f0e00640 1 -- start start
2024-09-15T22:36:16.034 INFO:teuthology.orchestra.run.smithi111.stdout:/usr/bin/ceph: stderr
2024-09-15T22:36:15.146+0000 7fc4f0e00640 1 --2- >> [v2:172.21.15.111:3300/0,v1:172.21.15.111:6789/0] conn(0x7fc4ec109910 0x7fc4ec19d910 unknown :-1 s=NONE pgs=0 cs=0 l=1 rev1=0 crypto rx=0 tx=0 comp rx=0 tx=0).connect
2024-09-15T22:36:16.034 INFO:teuthology.orchestra.run.smithi111.stdout:/usr/bin/ceph: stderr
2024-09-15T22:36:15.146+0000 7fc4f0e00640 1 -- --> [v2:172.21.15.111:3300/0,v1:172.21.15.111:6789/0] -- mon_getmap magic: 0 -- 0x7fc4ec10dec0 con 0x7fc4ec109910
2024-09-15T22:36:16.034 INFO:teuthology.orchestra.run.smithi111.stdout:/usr/bin/ceph: stderr
2024-09-15T22:36:15.146+0000 7fc4e9e00640 1 --2- >> [v2:172.21.15.111:3300/0,v1:172.21.15.111:6789/0] conn(0x7fc4ec109910 0x7fc4ec19d910 unknown :-1 s=BANNER_CONNECTING pgs=0 cs=0 l=1 rev1=0 crypto rx=0 tx=0 comp rx=0 tx=0)._handle_peer_banner_payload supported=3 required=0
2024-09-15T22:36:16.034 INFO:teuthology.orchestra.run.smithi111.stdout:/usr/bin/ceph: stderr
2024-09-15T22:36:15.146+0000 7fc4e9e00640 1 --2- >> [v2:172.21.15.111:3300/0,v1:172.21.15.111:6789/0] conn(0x7fc4ec109910 0x7fc4ec19d910 unknown :-1 s=HELLO_CONNECTING pgs=0 cs=0 l=1 rev1=1 crypto rx=0 tx=0 comp rx=0 tx=0).handle_hello peer v2:172.21.15.111:3300/0 says I am v2:172.21.15.111:48622/0 (socket says 172.21.15.111:48622)
2024-09-15T22:36:16.034 INFO:teuthology.orchestra.run.smithi111.stdout:/usr/bin/ceph: stderr
2024-09-15T22:36:15.146+0000 7fc4e9e00640 1 -- 172.21.15.111:0/2734023315 learned_addr learned my addr 172.21.15.111:0/2734023315 (peer_addr_for_me v2:172.21.15.111:0/0)
2024-09-15T22:36:16.035 INFO:teuthology.orchestra.run.smithi111.stdout:/usr/bin/ceph: stderr
2024-09-15T22:36:15.146+0000 7fc4e9e00640 1 -- 172.21.15.111:0/2734023315 --> [v2:172.21.15.111:3300/0,v1:172.21.15.111:6789/0] -- mon_subscribe({config=0+,monmap=0+}) -- 0x7fc4ec19de50 con 0x7fc4ec109910
2024-09-15T22:36:16.035 INFO:teuthology.orchestra.run.smithi111.stdout:/usr/bin/ceph: stderr
2024-09-15T22:36:15.147+0000 7fc4e9e00640 1 --2- 172.21.15.111:0/2734023315 >> [v2:172.21.15.111:3300/0,v1:172.21.15.111:6789/0] conn(0x7fc4ec109910 0x7fc4ec19d910 secure :-1 s=READY pgs=17 cs=0 l=1 rev1=1 crypto rx=0x7fc4dc009940 tx=0x7fc4dc032ce0 comp rx=0 tx=0).ready entity=mon.0 client_cookie=0 server_cookie=0 in_seq=0 out_seq=0
2024-09-15T22:36:16.035 INFO:teuthology.orchestra.run.smithi111.stdout:/usr/bin/ceph: stderr
2024-09-15T22:36:15.147+0000 7fc4e2a00640 1 -- 172.21.15.111:0/2734023315 <== mon.0 v2:172.21.15.111:3300/0 1 ==== mon_map magic: 0 ==== 205+0+0 (secure 0 0 0) 0x7fc4dc042070 con 0x7fc4ec109910
2024-09-15T22:36:16.035 INFO:teuthology.orchestra.run.smithi111.stdout:/usr/bin/ceph: stderr
2024-09-15T22:36:15.147+0000 7fc4e2a00640 1 -- 172.21.15.111:0/2734023315 <== mon.0 v2:172.21.15.111:3300/0 2 ==== config(27 keys) ==== 1109+0+0 (secure 0 0 0) 0x7fc4dc0308c0 con 0x7fc4ec109910
2024-09-15T22:36:16.035 INFO:teuthology.orchestra.run.smithi111.stdout:/usr/bin/ceph: stderr
2024-09-15T22:36:15.147+0000 7fc4e2a00640 1 -- 172.21.15.111:0/2734023315 <== mon.0 v2:172.21.15.111:3300/0 3 ==== mon_map magic: 0 ==== 205+0+0 (secure 0 0 0) 0x7fc4dc037040 con 0x7fc4ec109910
2024-09-15T22:36:16.035 INFO:teuthology.orchestra.run.smithi111.stdout:/usr/bin/ceph: stderr
2024-09-15T22:36:15.147+0000 7fc4f0e00640 1 -- 172.21.15.111:0/2734023315 --> [v2:172.21.15.111:3300/0,v1:172.21.15.111:6789/0] -- mon_subscribe({mgrmap=0+}) -- 0x7fc4ec19e0e0 con 0x7fc4ec109910
2024-09-15T22:36:16.035 INFO:teuthology.orchestra.run.smithi111.stdout:/usr/bin/ceph: stderr
2024-09-15T22:36:15.147+0000 7fc4f0e00640 1 -- 172.21.15.111:0/2734023315 --> [v2:172.21.15.111:3300/0,v1:172.21.15.111:6789/0] -- mon_subscribe({osdmap=0}) -- 0x7fc4ec1a0dd0 con 0x7fc4ec109910
2024-09-15T22:36:16.035 INFO:teuthology.orchestra.run.smithi111.stdout:/usr/bin/ceph: stderr
2024-09-15T22:36:15.148+0000 7fc4e2a00640 1 -- 172.21.15.111:0/2734023315 <== mon.0 v2:172.21.15.111:3300/0 4 ==== mgrmap(e 4) ==== 46450+0+0 (secure 0 0 0) 0x7fc4dc045070 con 0x7fc4ec109910
2024-09-15T22:36:16.035 INFO:teuthology.orchestra.run.smithi111.stdout:/usr/bin/ceph: stderr
2024-09-15T22:36:15.148+0000 7fc4f0e00640 1 -- 172.21.15.111:0/2734023315 --> [v2:172.21.15.111:3300/0,v1:172.21.15.111:6789/0] -- mon_command({"prefix": "get_command_descriptions"} v 0) -- 0x7fc4ec10e040 con 0x7fc4ec109910
2024-09-15T22:36:16.035 INFO:teuthology.orchestra.run.smithi111.stdout:/usr/bin/ceph: stderr
2024-09-15T22:36:15.148+0000 7fc4e2a00640 1 --2- 172.21.15.111:0/2734023315 >> [v2:172.21.15.111:6800/3350425104,v1:172.21.15.111:6801/3350425104] conn(0x7fc4d00391b0 0x7fc4d003b670 unknown :-1 s=NONE pgs=0 cs=0 l=1 rev1=0 crypto rx=0 tx=0 comp rx=0 tx=0).connect
2024-09-15T22:36:16.035 INFO:teuthology.orchestra.run.smithi111.stdout:/usr/bin/ceph: stderr
2024-09-15T22:36:15.148+0000 7fc4e2a00640 1 -- 172.21.15.111:0/2734023315 <== mon.0 v2:172.21.15.111:3300/0 5 ==== osd_map(1..1 src has 1..1) ==== 725+0+0 (secure 0 0 0) 0x7fc4dc06c2a0 con 0x7fc4ec109910
2024-09-15T22:36:16.035 INFO:teuthology.orchestra.run.smithi111.stdout:/usr/bin/ceph: stderr
2024-09-15T22:36:15.149+0000 7fc4e9400640 1 --2- 172.21.15.111:0/2734023315 >> [v2:172.21.15.111:6800/3350425104,v1:172.21.15.111:6801/3350425104] conn(0x7fc4d00391b0 0x7fc4d003b670 unknown :-1 s=BANNER_CONNECTING pgs=0 cs=0 l=1 rev1=0 crypto rx=0 tx=0 comp rx=0 tx=0)._handle_peer_banner_payload supported=3 required=0
2024-09-15T22:36:16.035 INFO:teuthology.orchestra.run.smithi111.stdout:/usr/bin/ceph: stderr
2024-09-15T22:36:15.149+0000 7fc4e9400640 1 --2- 172.21.15.111:0/2734023315 >> [v2:172.21.15.111:6800/3350425104,v1:172.21.15.111:6801/3350425104] conn(0x7fc4d00391b0 0x7fc4d003b670 secure :-1 s=READY pgs=7 cs=0 l=1 rev1=1 crypto rx=0x7fc4d80098c0 tx=0x7fc4d8006db0 comp rx=0 tx=0).ready entity=mgr.14100 client_cookie=0 server_cookie=0 in_seq=0 out_seq=0
2024-09-15T22:36:16.036 INFO:teuthology.orchestra.run.smithi111.stdout:/usr/bin/ceph: stderr
2024-09-15T22:36:15.153+0000 7fc4e2a00640 1 -- 172.21.15.111:0/2734023315 <== mon.0 v2:172.21.15.111:3300/0 6 ==== mon_command_ack([{"prefix": "get_command_descriptions"}]=0 v0) ==== 72+0+188821 (secure 0 0 0) 0x7fc4dc04b170 con 0x7fc4ec109910
2024-09-15T22:36:16.036 INFO:teuthology.orchestra.run.smithi111.stdout:/usr/bin/ceph: stderr
2024-09-15T22:36:15.326+0000 7fc4f0e00640 1 -- 172.21.15.111:0/2734023315 --> [v2:172.21.15.111:3300/0,v1:172.21.15.111:6789/0] -- mon_command({"prefix": "config assimilate-conf"} v 0) -- 0x7fc4ec109d90 con 0x7fc4ec109910
