2024-09-15T22:36:27.240 INFO:teuthology.orchestra.run.smithi111.stdout:/usr/bin/ceph: stderr
2024-09-15T22:36:26.322+0000 7f6042800640 1 --2- >> [v2:172.21.15.111:3300/0,v1:172.21.15.111:6789/0] conn(0x7f6044109990 0x7f604419d9b0 unknown :-1 s=HELLO_CONNECTING pgs=0 cs=0 l=1 rev1=1 crypto rx=0 tx=0 comp rx=0 tx=0).handle_hello peer v2:172.21.15.111:3300/0 says I am v2:172.21.15.111:57176/0 (socket says 172.21.15.111:57176)
2024-09-15T22:36:27.240 INFO:teuthology.orchestra.run.smithi111.stdout:/usr/bin/ceph: stderr
2024-09-15T22:36:26.322+0000 7f6042800640 1 -- 172.21.15.111:0/967884005 learned_addr learned my addr 172.21.15.111:0/967884005 (peer_addr_for_me v2:172.21.15.111:0/0)
2024-09-15T22:36:27.240 INFO:teuthology.orchestra.run.smithi111.stdout:/usr/bin/ceph: stderr
2024-09-15T22:36:26.322+0000 7f6042800640 1 -- 172.21.15.111:0/967884005 --> [v2:172.21.15.111:3300/0,v1:172.21.15.111:6789/0] -- mon_subscribe({config=0+,monmap=0+}) -- 0x7f604419def0 con 0x7f6044109990
2024-09-15T22:36:27.240 INFO:teuthology.orchestra.run.smithi111.stdout:/usr/bin/ceph: stderr
2024-09-15T22:36:26.323+0000 7f6042800640 1 --2- 172.21.15.111:0/967884005 >> [v2:172.21.15.111:3300/0,v1:172.21.15.111:6789/0] conn(0x7f6044109990 0x7f604419d9b0 secure :-1 s=READY pgs=36 cs=0 l=1 rev1=1 crypto rx=0x7f60340097f0 tx=0x7f6034030ec0 comp rx=0 tx=0).ready entity=mon.0 client_cookie=0 server_cookie=0 in_seq=0 out_seq=0
2024-09-15T22:36:27.240 INFO:teuthology.orchestra.run.smithi111.stdout:/usr/bin/ceph: stderr
2024-09-15T22:36:26.323+0000 7f603b400640 1 -- 172.21.15.111:0/967884005 <== mon.0 v2:172.21.15.111:3300/0 1 ==== mon_map magic: 0 ==== 205+0+0 (secure 0 0 0) 0x7f6034042070 con 0x7f6044109990
2024-09-15T22:36:27.240 INFO:teuthology.orchestra.run.smithi111.stdout:/usr/bin/ceph: stderr
2024-09-15T22:36:26.323+0000 7f603b400640 1 -- 172.21.15.111:0/967884005 <== mon.0 v2:172.21.15.111:3300/0 2 ==== config(27 keys) ==== 1109+0+0 (secure 0 0 0) 0x7f6034032ca0 con 0x7f6044109990
2024-09-15T22:36:27.240 INFO:teuthology.orchestra.run.smithi111.stdout:/usr/bin/ceph: stderr
2024-09-15T22:36:26.323+0000 7f6049400640 1 -- 172.21.15.111:0/967884005 --> [v2:172.21.15.111:3300/0,v1:172.21.15.111:6789/0] -- mon_subscribe({mgrmap=0+}) -- 0x7f604419e180 con 0x7f6044109990
2024-09-15T22:36:27.240 INFO:teuthology.orchestra.run.smithi111.stdout:/usr/bin/ceph: stderr
2024-09-15T22:36:26.323+0000 7f603b400640 1 -- 172.21.15.111:0/967884005 <== mon.0 v2:172.21.15.111:3300/0 3 ==== mon_map magic: 0 ==== 205+0+0 (secure 0 0 0) 0x7f6034037040 con 0x7f6044109990
2024-09-15T22:36:27.240 INFO:teuthology.orchestra.run.smithi111.stdout:/usr/bin/ceph: stderr
2024-09-15T22:36:26.323+0000 7f6049400640 1 -- 172.21.15.111:0/967884005 --> [v2:172.21.15.111:3300/0,v1:172.21.15.111:6789/0] -- mon_subscribe({osdmap=0}) -- 0x7f60441a0e70 con 0x7f6044109990
2024-09-15T22:36:27.240 INFO:teuthology.orchestra.run.smithi111.stdout:/usr/bin/ceph: stderr
2024-09-15T22:36:26.324+0000 7f603b400640 1 -- 172.21.15.111:0/967884005 <== mon.0 v2:172.21.15.111:3300/0 4 ==== mgrmap(e 8) ==== 46461+0+0 (secure 0 0 0) 0x7f6034045070 con 0x7f6044109990
2024-09-15T22:36:27.240 INFO:teuthology.orchestra.run.smithi111.stdout:/usr/bin/ceph: stderr
2024-09-15T22:36:26.324+0000 7f6049400640 1 -- 172.21.15.111:0/967884005 --> [v2:172.21.15.111:3300/0,v1:172.21.15.111:6789/0] -- mon_command({"prefix": "get_command_descriptions"} v 0) -- 0x7f604410e070 con 0x7f6044109990
2024-09-15T22:36:27.241 INFO:teuthology.orchestra.run.smithi111.stdout:/usr/bin/ceph: stderr
2024-09-15T22:36:26.324+0000 7f603b400640 1 --2- 172.21.15.111:0/967884005 >> [v2:172.21.15.111:6800/2107775445,v1:172.21.15.111:6801/2107775445] conn(0x7f6028039200 0x7f602803b6c0 unknown :-1 s=NONE pgs=0 cs=0 l=1 rev1=0 crypto rx=0 tx=0 comp rx=0 tx=0).connect
2024-09-15T22:36:27.241 INFO:teuthology.orchestra.run.smithi111.stdout:/usr/bin/ceph: stderr
2024-09-15T22:36:26.325+0000 7f603b400640 1 -- 172.21.15.111:0/967884005 <== mon.0 v2:172.21.15.111:3300/0 5 ==== osd_map(2..2 src has 1..2) ==== 940+0+0 (secure 0 0 0) 0x7f603406c230 con 0x7f6044109990
2024-09-15T22:36:27.241 INFO:teuthology.orchestra.run.smithi111.stdout:/usr/bin/ceph: stderr
2024-09-15T22:36:26.325+0000 7f6041e00640 1 --2- 172.21.15.111:0/967884005 >> [v2:172.21.15.111:6800/2107775445,v1:172.21.15.111:6801/2107775445] conn(0x7f6028039200 0x7f602803b6c0 unknown :-1 s=BANNER_CONNECTING pgs=0 cs=0 l=1 rev1=0 crypto rx=0 tx=0 comp rx=0 tx=0)._handle_peer_banner_payload supported=3 required=0
2024-09-15T22:36:27.241 INFO:teuthology.orchestra.run.smithi111.stdout:/usr/bin/ceph: stderr
2024-09-15T22:36:26.325+0000 7f6041e00640 1 --2- 172.21.15.111:0/967884005 >> [v2:172.21.15.111:6800/2107775445,v1:172.21.15.111:6801/2107775445] conn(0x7f6028039200 0x7f602803b6c0 secure :-1 s=READY pgs=8 cs=0 l=1 rev1=1 crypto rx=0x7f60300098c0 tx=0x7f6030006db0 comp rx=0 tx=0).ready entity=mgr.14116 client_cookie=0 server_cookie=0 in_seq=0 out_seq=0
2024-09-15T22:36:27.241 INFO:teuthology.orchestra.run.smithi111.stdout:/usr/bin/ceph: stderr
2024-09-15T22:36:26.329+0000 7f603b400640 1 -- 172.21.15.111:0/967884005 <== mon.0 v2:172.21.15.111:3300/0 6 ==== mon_command_ack([{"prefix": "get_command_descriptions"}]=0 v0) ==== 72+0+188821 (secure 0 0 0) 0x7f603404b170 con 0x7f6044109990
2024-09-15T22:36:27.241 INFO:teuthology.orchestra.run.smithi111.stdout:/usr/bin/ceph: stderr
2024-09-15T22:36:26.507+0000 7f6049400640 1 -- 172.21.15.111:0/967884005 --> [v2:172.21.15.111:6800/2107775445,v1:172.21.15.111:6801/2107775445] -- mgr_command(tid 0: {"prefix": "cephadm set-user", "user": "root", "target": ["mon-mgr", ""]}) -- 0x7f6044107c60 con 0x7f6028039200
2024-09-15T22:36:27.241 INFO:teuthology.orchestra.run.smithi111.stdout:/usr/bin/ceph: stderr
2024-09-15T22:36:26.508+0000 7f603b400640 1 -- 172.21.15.111:0/967884005 <== mgr.14116 v2:172.21.15.111:6800/2107775445 1 ==== mgr_command_reply(tid 0: 0 ) ==== 8+0+16 (secure 0 0 0) 0x7f6044107c60 con 0x7f6028039200
2024-09-15T22:36:27.241 INFO:teuthology.orchestra.run.smithi111.stdout:/usr/bin/ceph: stderr
2024-09-15T22:36:26.510+0000 7f6049400640 1 -- 172.21.15.111:0/967884005 >> [v2:172.21.15.111:6800/2107775445,v1:172.21.15.111:6801/2107775445] conn(0x7f6028039200 msgr2=0x7f602803b6c0 secure :-1 s=STATE_CONNECTION_ESTABLISHED l=1).mark_down
2024-09-15T22:36:27.241 INFO:teuthology.orchestra.run.smithi111.stdout:/usr/bin/ceph: stderr
2024-09-15T22:36:26.510+0000 7f6049400640 1 --2- 172.21.15.111:0/967884005 >> [v2:172.21.15.111:6800/2107775445,v1:172.21.15.111:6801/2107775445] conn(0x7f6028039200 0x7f602803b6c0 secure :-1 s=READY pgs=8 cs=0 l=1 rev1=1 crypto rx=0x7f60300098c0 tx=0x7f6030006db0 comp rx=0 tx=0).stop
2024-09-15T22:36:27.241 INFO:teuthology.orchestra.run.smithi111.stdout:/usr/bin/ceph: stderr
2024-09-15T22:36:26.510+0000 7f6049400640 1 -- 172.21.15.111:0/967884005 >> [v2:172.21.15.111:3300/0,v1:172.21.15.111:6789/0] conn(0x7f6044109990 msgr2=0x7f604419d9b0 secure :-1 s=STATE_CONNECTION_ESTABLISHED l=1).mark_down
2024-09-15T22:36:27.242 INFO:teuthology.orchestra.run.smithi111.stdout:/usr/bin/ceph: stderr
2024-09-15T22:36:26.510+0000 7f6049400640 1 --2- 172.21.15.111:0/967884005 >> [v2:172.21.15.111:3300/0,v1:172.21.15.111:6789/0] conn(0x7f6044109990 0x7f604419d9b0 secure :-1 s=READY pgs=36 cs=0 l=1 rev1=1 crypto rx=0x7f60340097f0 tx=0x7f6034030ec0 comp rx=0 tx=0).stop
2024-09-15T22:36:27.242 INFO:teuthology.orchestra.run.smithi111.stdout:/usr/bin/ceph: stderr
2024-09-15T22:36:26.510+0000 7f6049400640 1 -- 172.21.15.111:0/967884005 shutdown_connections
2024-09-15T22:36:27.242 INFO:teuthology.orchestra.run.smithi111.stdout:/usr/bin/ceph: stderr
2024-09-15T22:36:26.510+0000 7f6049400640 1 --2- 172.21.15.111:0/967884005 >> [v2:172.21.15.111:6800/2107775445,v1:172.21.15.111:6801/2107775445] conn(0x7f6028039200 0x7f602803b6c0 unknown :-1 s=CLOSED pgs=8 cs=0 l=1 rev1=1 crypto rx=0 tx=0 comp rx=0 tx=0).stop
2024-09-15T22:36:27.242 INFO:teuthology.orchestra.run.smithi111.stdout:/usr/bin/ceph: stderr
2024-09-15T22:36:26.510+0000 7f6049400640 1 --2- 172.21.15.111:0/967884005 >> [v2:172.21.15.111:3300/0,v1:172.21.15.111:6789/0] conn(0x7f6044109990 0x7f604419d9b0 unknown :-1 s=CLOSED pgs=36 cs=0 l=1 rev1=1 crypto rx=0 tx=0 comp rx=0 tx=0).stop
2024-09-15T22:36:27.242 INFO:teuthology.orchestra.run.smithi111.stdout:/usr/bin/ceph: stderr
2024-09-15T22:36:26.510+0000 7f6049400640 1 -- 172.21.15.111:0/967884005 >> 172.21.15.111:0/967884005 conn(0x7f604407cfd0 msgr2=0x7f6044107550 unknown :-1 s=STATE_NONE l=0).mark_down
2024-09-15T22:36:27.242 INFO:teuthology.orchestra.run.smithi111.stdout:/usr/bin/ceph: stderr
2024-09-15T22:36:26.511+0000 7f6049400640 1 -- 172.21.15.111:0/967884005 shutdown_connections
2024-09-15T22:36:27.242 INFO:teuthology.orchestra.run.smithi111.stdout:/usr/bin/ceph: stderr
2024-09-15T22:36:26.511+0000 7f6049400640 1 -- 172.21.15.111:0/967884005 wait complete.
2024-09-15T22:36:27.242 INFO:teuthology.orchestra.run.smithi111.stdout:Generating ssh key...
2024-09-15T22:36:27.758 INFO:journalctl@ceph.mon.a.smithi111.stdout:Sep 15 22:36:27 smithi111 ceph-mon[30629]: from='client.14130 -' entity='client.admin' cmd=[{"prefix": "cephadm set-user", "user": "root", "target": ["mon-mgr", ""]}]: dispatch
2024-09-15T22:36:28.666 INFO:journalctl@ceph.mgr.x.smithi111.stdout:Sep 15 22:36:28 smithi111 ceph-b7614d3c-73b2-11ef-bceb-c7b262605968-mgr-x[30852]: Generating public/private rsa key pair.
2024-09-15T22:36:28.666 INFO:journalctl@ceph.mgr.x.smithi111.stdout:Sep 15 22:36:28 smithi111 ceph-b7614d3c-73b2-11ef-bceb-c7b262605968-mgr-x[30852]: Your identification has been saved in /tmp/tmpyp2yeap7/key
2024-09-15T22:36:28.666 INFO:journalctl@ceph.mgr.x.smithi111.stdout:Sep 15 22:36:28 smithi111 ceph-b7614d3c-73b2-11ef-bceb-c7b262605968-mgr-x[30852]: Your public key has been saved in /tmp/tmpyp2yeap7/key.pub
2024-09-15T22:36:28.666 INFO:journalctl@ceph.mgr.x.smithi111.stdout:Sep 15 22:36:28 smithi111 ceph-b7614d3c-73b2-11ef-bceb-c7b262605968-mgr-x[30852]: The key fingerprint is:
2024-09-15T22:36:28.667 INFO:journalctl@ceph.mgr.x.smithi111.stdout:Sep 15 22:36:28 smithi111 ceph-b7614d3c-73b2-11ef-bceb-c7b262605968-mgr-x[30852]: SHA256:d+kVKV88rYBF6KWSI7edOOWHKOEUW0ntyYjaxDL+LSA ceph-b7614d3c-73b2-11ef-bceb-c7b262605968
2024-09-15T22:36:28.667 INFO:journalctl@ceph.mgr.x.smithi111.stdout:Sep 15 22:36:28 smithi111 ceph-b7614d3c-73b2-11ef-bceb-c7b262605968-mgr-x[30852]: The key's randomart image is:
2024-09-15T22:36:28.667 INFO:journalctl@ceph.mgr.x.smithi111.stdout:Sep 15 22:36:28 smithi111 ceph-b7614d3c-73b2-11ef-bceb-c7b262605968-mgr-x[30852]: +---[RSA 3072]----+
2024-09-15T22:36:28.667 INFO:journalctl@ceph.mgr.x.smithi111.stdout:Sep 15 22:36:28 smithi111 ceph-b7614d3c-73b2-11ef-bceb-c7b262605968-mgr-x[30852]: | ..o oo |
2024-09-15T22:36:28.667 INFO:journalctl@ceph.mgr.x.smithi111.stdout:Sep 15 22:36:28 smithi111 ceph-b7614d3c-73b2-11ef-bceb-c7b262605968-mgr-x[30852]: | . o oo. o.|
2024-09-15T22:36:28.667 INFO:journalctl@ceph.mgr.x.smithi111.stdout:Sep 15 22:36:28 smithi111 ceph-b7614d3c-73b2-11ef-bceb-c7b262605968-mgr-x[30852]: | . = *.+o o.+|
2024-09-15T22:36:28.667 INFO:journalctl@ceph.mgr.x.smithi111.stdout:Sep 15 22:36:28 smithi111 ceph-b7614d3c-73b2-11ef-bceb-c7b262605968-mgr-x[30852]: | o O * B = +.|
2024-09-15T22:36:28.667 INFO:journalctl@ceph.mgr.x.smithi111.stdout:Sep 15 22:36:28 smithi111 ceph-b7614d3c-73b2-11ef-bceb-c7b262605968-mgr-x[30852]: | . O +SX.oo + |
2024-09-15T22:36:28.667 INFO:journalctl@ceph.mgr.x.smithi111.stdout:Sep 15 22:36:28 smithi111 ceph-b7614d3c-73b2-11ef-bceb-c7b262605968-mgr-x[30852]: | E + + =.=o.. |
2024-09-15T22:36:28.667 INFO:journalctl@ceph.mgr.x.smithi111.stdout:Sep 15 22:36:28 smithi111 ceph-b7614d3c-73b2-11ef-bceb-c7b262605968-mgr-x[30852]: | . o o . .. |
2024-09-15T22:36:28.667 INFO:journalctl@ceph.mgr.x.smithi111.stdout:Sep 15 22:36:28 smithi111 ceph-b7614d3c-73b2-11ef-bceb-c7b262605968-mgr-x[30852]: | o . |
2024-09-15T22:36:28.667 INFO:journalctl@ceph.mgr.x.smithi111.stdout:Sep 15 22:36:28 smithi111 ceph-b7614d3c-73b2-11ef-bceb-c7b262605968-mgr-x[30852]: | . |
2024-09-15T22:36:28.667 INFO:journalctl@ceph.mgr.x.smithi111.stdout:Sep 15 22:36:28 smithi111 ceph-b7614d3c-73b2-11ef-bceb-c7b262605968-mgr-x[30852]: +----[SHA256]-----+
2024-09-15T22:36:29.117 INFO:teuthology.orchestra.run.smithi111.stdout:/usr/bin/ceph: stderr
2024-09-15T22:36:27.749+0000 7f0f8f000640 1 Processor -- start
2024-09-15T22:36:29.117 INFO:teuthology.orchestra.run.smithi111.stdout:/usr/bin/ceph: stderr
2024-09-15T22:36:27.749+0000 7f0f8f000640 1 -- start start
2024-09-15T22:36:29.117 INFO:teuthology.orchestra.run.smithi111.stdout:/usr/bin/ceph: stderr
2024-09-15T22:36:27.750+0000 7f0f8f000640 1 --2- >> [v2:172.21.15.111:3300/0,v1:172.21.15.111:6789/0] conn(0x7f0f88109930 0x7f0f88109d30 unknown :-1 s=NONE pgs=0 cs=0 l=0 rev1=0 crypto rx=0 tx=0 comp rx=0 tx=0).connect
2024-09-15T22:36:29.117 INFO:teuthology.orchestra.run.smithi111.stdout:/usr/bin/ceph: stderr
2024-09-15T22:36:27.750+0000 7f0f8f000640 1 -- --> [v2:172.21.15.111:3300/0,v1:172.21.15.111:6789/0] -- mon_getmap magic: 0 -- 0x7f0f8810a300 con 0x7f0f88109930
2024-09-15T22:36:29.117 INFO:teuthology.orchestra.run.smithi111.stdout:/usr/bin/ceph: stderr
2024-09-15T22:36:27.750+0000 7f0f87e00640 1 --2- >> [v2:172.21.15.111:3300/0,v1:172.21.15.111:6789/0] conn(0x7f0f88109930 0x7f0f88109d30 unknown :-1 s=BANNER_CONNECTING pgs=0 cs=0 l=0 rev1=0 crypto rx=0 tx=0 comp rx=0 tx=0)._handle_peer_banner_payload supported=3 required=0
2024-09-15T22:36:29.117 INFO:teuthology.orchestra.run.smithi111.stdout:/usr/bin/ceph: stderr
2024-09-15T22:36:27.750+0000 7f0f87e00640 1 --2- >> [v2:172.21.15.111:3300/0,v1:172.21.15.111:6789/0] conn(0x7f0f88109930 0x7f0f88109d30 unknown :-1 s=HELLO_CONNECTING pgs=0 cs=0 l=0 rev1=1 crypto rx=0 tx=0 comp rx=0 tx=0).handle_hello peer v2:172.21.15.111:3300/0 says I am v2:172.21.15.111:57184/0 (socket says 172.21.15.111:57184)
2024-09-15T22:36:29.117 INFO:teuthology.orchestra.run.smithi111.stdout:/usr/bin/ceph: stderr
2024-09-15T22:36:27.750+0000 7f0f87e00640 1 -- 172.21.15.111:0/2432227182 learned_addr learned my addr 172.21.15.111:0/2432227182 (peer_addr_for_me v2:172.21.15.111:0/0)
2024-09-15T22:36:29.117 INFO:teuthology.orchestra.run.smithi111.stdout:/usr/bin/ceph: stderr
2024-09-15T22:36:27.750+0000 7f0f87e00640 1 -- 172.21.15.111:0/2432227182 --> [v2:172.21.15.111:3300/0,v1:172.21.15.111:6789/0] -- mon_subscribe({config=0+,monmap=0+}) -- 0x7f0f8810ab20 con 0x7f0f88109930
2024-09-15T22:36:29.117 INFO:teuthology.orchestra.run.smithi111.stdout:/usr/bin/ceph: stderr
2024-09-15T22:36:27.751+0000 7f0f87e00640 1 --2- 172.21.15.111:0/2432227182 >> [v2:172.21.15.111:3300/0,v1:172.21.15.111:6789/0] conn(0x7f0f88109930 0x7f0f88109d30 secure :-1 s=READY pgs=37 cs=0 l=1 rev1=1 crypto rx=0x7f0f78009820 tx=0x7f0f7802a270 comp rx=0 tx=0).ready entity=mon.0 client_cookie=8d70233cc474819c server_cookie=0 in_seq=0 out_seq=0
2024-09-15T22:36:29.118 INFO:teuthology.orchestra.run.smithi111.stdout:/usr/bin/ceph: stderr
2024-09-15T22:36:27.752+0000 7f0f86a00640 1 -- 172.21.15.111:0/2432227182 <== mon.0 v2:172.21.15.111:3300/0 1 ==== mon_map magic: 0 ==== 205+0+0 (secure 0 0 0) 0x7f0f78037070 con 0x7f0f88109930
2024-09-15T22:36:29.118 INFO:teuthology.orchestra.run.smithi111.stdout:/usr/bin/ceph: stderr
2024-09-15T22:36:27.752+0000 7f0f86a00640 1 -- 172.21.15.111:0/2432227182 <== mon.0 v2:172.21.15.111:3300/0 2 ==== config(27 keys) ==== 1109+0+0 (secure 0 0 0) 0x7f0f78032900 con 0x7f0f88109930
2024-09-15T22:36:29.118 INFO:teuthology.orchestra.run.smithi111.stdout:/usr/bin/ceph: stderr
2024-09-15T22:36:27.752+0000 7f0f86a00640 1 -- 172.21.15.111:0/2432227182 <== mon.0 v2:172.21.15.111:3300/0 3 ==== mon_map magic: 0 ==== 205+0+0 (secure 0 0 0) 0x7f0f78030850 con 0x7f0f88109930
2024-09-15T22:36:29.118 INFO:teuthology.orchestra.run.smithi111.stdout:/usr/bin/ceph: stderr
2024-09-15T22:36:27.752+0000 7f0f8f000640 1 -- 172.21.15.111:0/2432227182 >> [v2:172.21.15.111:3300/0,v1:172.21.15.111:6789/0] conn(0x7f0f88109930 msgr2=0x7f0f88109d30 secure :-1 s=STATE_CONNECTION_ESTABLISHED l=1).mark_down
2024-09-15T22:36:29.118 INFO:teuthology.orchestra.run.smithi111.stdout:/usr/bin/ceph: stderr
2024-09-15T22:36:27.752+0000 7f0f8f000640 1 --2- 172.21.15.111:0/2432227182 >> [v2:172.21.15.111:3300/0,v1:172.21.15.111:6789/0] conn(0x7f0f88109930 0x7f0f88109d30 secure :-1 s=READY pgs=37 cs=0 l=1 rev1=1 crypto rx=0x7f0f78009820 tx=0x7f0f7802a270 comp rx=0 tx=0).stop
2024-09-15T22:36:29.118 INFO:teuthology.orchestra.run.smithi111.stdout:/usr/bin/ceph: stderr
2024-09-15T22:36:27.752+0000 7f0f8f000640 1 -- 172.21.15.111:0/2432227182 shutdown_connections
2024-09-15T22:36:29.118 INFO:teuthology.orchestra.run.smithi111.stdout:/usr/bin/ceph: stderr
2024-09-15T22:36:27.752+0000 7f0f8f000640 1 --2- 172.21.15.111:0/2432227182 >> [v2:172.21.15.111:3300/0,v1:172.21.15.111:6789/0] conn(0x7f0f88109930 0x7f0f88109d30 unknown :-1 s=CLOSED pgs=37 cs=0 l=1 rev1=1 crypto rx=0 tx=0 comp rx=0 tx=0).stop
2024-09-15T22:36:29.118 INFO:teuthology.orchestra.run.smithi111.stdout:/usr/bin/ceph: stderr
2024-09-15T22:36:27.752+0000 7f0f8f000640 1 -- 172.21.15.111:0/2432227182 >> 172.21.15.111:0/2432227182 conn(0x7f0f8807cfa0 msgr2=0x7f0f8807d3b0 unknown :-1 s=STATE_NONE l=0).mark_down
2024-09-15T22:36:29.118 INFO:teuthology.orchestra.run.smithi111.stdout:/usr/bin/ceph: stderr
2024-09-15T22:36:27.752+0000 7f0f8f000640 1 -- 172.21.15.111:0/2432227182 shutdown_connections
2024-09-15T22:36:29.118 INFO:teuthology.orchestra.run.smithi111.stdout:/usr/bin/ceph: stderr
2024-09-15T22:36:27.752+0000 7f0f8f000640 1 -- 172.21.15.111:0/2432227182 wait complete.
2024-09-15T22:36:29.118 INFO:teuthology.orchestra.run.smithi111.stdout:/usr/bin/ceph: stderr
2024-09-15T22:36:27.753+0000 7f0f8f000640 1 Processor -- start
2024-09-15T22:36:29.118 INFO:teuthology.orchestra.run.smithi111.stdout:/usr/bin/ceph: stderr
2024-09-15T22:36:27.753+0000 7f0f8f000640 1 -- start start
2024-09-15T22:36:29.119 INFO:teuthology.orchestra.run.smithi111.stdout:/usr/bin/ceph: stderr
2024-09-15T22:36:27.754+0000 7f0f8f000640 1 --2- >> [v2:172.21.15.111:3300/0,v1:172.21.15.111:6789/0] conn(0x7f0f88109930 0x7f0f8819d940 unknown :-1 s=NONE pgs=0 cs=0 l=1 rev1=0 crypto rx=0 tx=0 comp rx=0 tx=0).connect
2024-09-15T22:36:29.119 INFO:teuthology.orchestra.run.smithi111.stdout:/usr/bin/ceph: stderr
2024-09-15T22:36:27.754+0000 7f0f8f000640 1 -- --> [v2:172.21.15.111:3300/0,v1:172.21.15.111:6789/0] -- mon_getmap magic: 0 -- 0x7f0f8810ded0 con 0x7f0f88109930
2024-09-15T22:36:29.119 INFO:teuthology.orchestra.run.smithi111.stdout:/usr/bin/ceph: stderr
2024-09-15T22:36:27.754+0000 7f0f87e00640 1 --2- >> [v2:172.21.15.111:3300/0,v1:172.21.15.111:6789/0] conn(0x7f0f88109930 0x7f0f8819d940 unknown :-1 s=BANNER_CONNECTING pgs=0 cs=0 l=1 rev1=0 crypto rx=0 tx=0 comp rx=0 tx=0)._handle_peer_banner_payload supported=3 required=0
2024-09-15T22:36:29.119 INFO:teuthology.orchestra.run.smithi111.stdout:/usr/bin/ceph: stderr
2024-09-15T22:36:27.754+0000 7f0f87e00640 1 --2- >> [v2:172.21.15.111:3300/0,v1:172.21.15.111:6789/0] conn(0x7f0f88109930 0x7f0f8819d940 unknown :-1 s=HELLO_CONNECTING pgs=0 cs=0 l=1 rev1=1 crypto rx=0 tx=0 comp rx=0 tx=0).handle_hello peer v2:172.21.15.111:3300/0 says I am v2:172.21.15.111:57194/0 (socket says 172.21.15.111:57194)
2024-09-15T22:36:29.119 INFO:teuthology.orchestra.run.smithi111.stdout:/usr/bin/ceph: stderr
2024-09-15T22:36:27.754+0000 7f0f87e00640 1 -- 172.21.15.111:0/4188826849 learned_addr learned my addr 172.21.15.111:0/4188826849 (peer_addr_for_me v2:172.21.15.111:0/0)
2024-09-15T22:36:29.119 INFO:teuthology.orchestra.run.smithi111.stdout:/usr/bin/ceph: stderr
2024-09-15T22:36:27.754+0000 7f0f87e00640 1 -- 172.21.15.111:0/4188826849 --> [v2:172.21.15.111:3300/0,v1:172.21.15.111:6789/0] -- mon_subscribe({config=0+,monmap=0+}) -- 0x7f0f8819de80 con 0x7f0f88109930
2024-09-15T22:36:29.119 INFO:teuthology.orchestra.run.smithi111.stdout:/usr/bin/ceph: stderr
2024-09-15T22:36:27.755+0000 7f0f87e00640 1 --2- 172.21.15.111:0/4188826849 >> [v2:172.21.15.111:3300/0,v1:172.21.15.111:6789/0] conn(0x7f0f88109930 0x7f0f8819d940 secure :-1 s=READY pgs=38 cs=0 l=1 rev1=1 crypto rx=0x7f0f780097f0 tx=0x7f0f78030d80 comp rx=0 tx=0).ready entity=mon.0 client_cookie=0 server_cookie=0 in_seq=0 out_seq=0
2024-09-15T22:36:29.119 INFO:teuthology.orchestra.run.smithi111.stdout:/usr/bin/ceph: stderr
2024-09-15T22:36:27.755+0000 7f0f84c00640 1 -- 172.21.15.111:0/4188826849 <== mon.0 v2:172.21.15.111:3300/0 1 ==== mon_map magic: 0 ==== 205+0+0 (secure 0 0 0) 0x7f0f78037040 con 0x7f0f88109930
2024-09-15T22:36:29.119 INFO:teuthology.orchestra.run.smithi111.stdout:/usr/bin/ceph: stderr
2024-09-15T22:36:27.755+0000 7f0f84c00640 1 -- 172.21.15.111:0/4188826849 <== mon.0 v2:172.21.15.111:3300/0 2 ==== config(27 keys) ==== 1109+0+0 (secure 0 0 0) 0x7f0f78040070 con 0x7f0f88109930
2024-09-15T22:36:29.119 INFO:teuthology.orchestra.run.smithi111.stdout:/usr/bin/ceph: stderr
2024-09-15T22:36:27.755+0000 7f0f84c00640 1 -- 172.21.15.111:0/4188826849 <== mon.0 v2:172.21.15.111:3300/0 3 ==== mon_map magic: 0 ==== 205+0+0 (secure 0 0 0) 0x7f0f7803a390 con 0x7f0f88109930
2024-09-15T22:36:29.119 INFO:teuthology.orchestra.run.smithi111.stdout:/usr/bin/ceph: stderr
2024-09-15T22:36:27.755+0000 7f0f8f000640 1 -- 172.21.15.111:0/4188826849 --> [v2:172.21.15.111:3300/0,v1:172.21.15.111:6789/0] -- mon_subscribe({mgrmap=0+}) -- 0x7f0f8819e110 con 0x7f0f88109930
2024-09-15T22:36:29.119 INFO:teuthology.orchestra.run.smithi111.stdout:/usr/bin/ceph: stderr
2024-09-15T22:36:27.755+0000 7f0f8f000640 1 -- 172.21.15.111:0/4188826849 --> [v2:172.21.15.111:3300/0,v1:172.21.15.111:6789/0] -- mon_subscribe({osdmap=0}) -- 0x7f0f881a0e00 con 0x7f0f88109930
2024-09-15T22:36:29.119 INFO:teuthology.orchestra.run.smithi111.stdout:/usr/bin/ceph: stderr
2024-09-15T22:36:27.756+0000 7f0f8f000640 1 -- 172.21.15.111:0/4188826849 --> [v2:172.21.15.111:3300/0,v1:172.21.15.111:6789/0] -- mon_command({"prefix": "get_command_descriptions"} v 0) -- 0x7f0f88109db0 con 0x7f0f88109930
2024-09-15T22:36:29.119 INFO:teuthology.orchestra.run.smithi111.stdout:/usr/bin/ceph: stderr
2024-09-15T22:36:27.756+0000 7f0f84c00640 1 -- 172.21.15.111:0/4188826849 <== mon.0 v2:172.21.15.111:3300/0 4 ==== mgrmap(e 8) ==== 46461+0+0 (secure 0 0 0) 0x7f0f7803b430 con 0x7f0f88109930
2024-09-15T22:36:29.120 INFO:teuthology.orchestra.run.smithi111.stdout:/usr/bin/ceph: stderr
2024-09-15T22:36:27.757+0000 7f0f84c00640 1 --2- 172.21.15.111:0/4188826849 >> [v2:172.21.15.111:6800/2107775445,v1:172.21.15.111:6801/2107775445] conn(0x7f0f6c039200 0x7f0f6c03b6c0 unknown :-1 s=NONE pgs=0 cs=0 l=1 rev1=0 crypto rx=0 tx=0 comp rx=0 tx=0).connect
2024-09-15T22:36:29.120 INFO:teuthology.orchestra.run.smithi111.stdout:/usr/bin/ceph: stderr
2024-09-15T22:36:27.757+0000 7f0f84c00640 1 -- 172.21.15.111:0/4188826849 <== mon.0 v2:172.21.15.111:3300/0 5 ==== osd_map(2..2 src has 1..2) ==== 940+0+0 (secure 0 0 0) 0x7f0f7806c7d0 con 0x7f0f88109930
2024-09-15T22:36:29.120 INFO:teuthology.orchestra.run.smithi111.stdout:/usr/bin/ceph: stderr
2024-09-15T22:36:27.757+0000 7f0f87400640 1 --2- 172.21.15.111:0/4188826849 >> [v2:172.21.15.111:6800/2107775445,v1:172.21.15.111:6801/2107775445] conn(0x7f0f6c039200 0x7f0f6c03b6c0 unknown :-1 s=BANNER_CONNECTING pgs=0 cs=0 l=1 rev1=0 crypto rx=0 tx=0 comp rx=0 tx=0)._handle_peer_banner_payload supported=3 required=0
2024-09-15T22:36:29.120 INFO:teuthology.orchestra.run.smithi111.stdout:/usr/bin/ceph: stderr
2024-09-15T22:36:27.758+0000 7f0f87400640 1 --2- 172.21.15.111:0/4188826849 >> [v2:172.21.15.111:6800/2107775445,v1:172.21.15.111:6801/2107775445] conn(0x7f0f6c039200 0x7f0f6c03b6c0 secure :-1 s=READY pgs=9 cs=0 l=1 rev1=1 crypto rx=0x7f0f740098c0 tx=0x7f0f74006db0 comp rx=0 tx=0).ready entity=mgr.14116 client_cookie=0 server_cookie=0 in_seq=0 out_seq=0
2024-09-15T22:36:29.120 INFO:teuthology.orchestra.run.smithi111.stdout:/usr/bin/ceph: stderr
2024-09-15T22:36:27.764+0000 7f0f84c00640 1 -- 172.21.15.111:0/4188826849 <== mon.0 v2:172.21.15.111:3300/0 6 ==== mon_command_ack([{"prefix": "get_command_descriptions"}]=0 v0) ==== 72+0+188821 (secure 0 0 0) 0x7f0f7806c120 con 0x7f0f88109930
2024-09-15T22:36:29.120 INFO:teuthology.orchestra.run.smithi111.stdout:/usr/bin/ceph: stderr
2024-09-15T22:36:27.941+0000 7f0f8f000640 1 -- 172.21.15.111:0/4188826849 --> [v2:172.21.15.111:6800/2107775445,v1:172.21.15.111:6801/2107775445] -- mgr_command(tid 0: {"prefix": "cephadm generate-key", "target": ["mon-mgr", ""]}) -- 0x7f0f88107c50 con 0x7f0f6c039200
2024-09-15T22:36:29.120 INFO:teuthology.orchestra.run.smithi111.stdout:/usr/bin/ceph: stderr
2024-09-15T22:36:28.398+0000 7f0f84c00640 1 -- 172.21.15.111:0/4188826849 <== mgr.14116 v2:172.21.15.111:6800/2107775445 1 ==== mgr_command_reply(tid 0: 0 ) ==== 8+0+0 (secure 0 0 0) 0x7f0f88107c50 con 0x7f0f6c039200
2024-09-15T22:36:29.120 INFO:teuthology.orchestra.run.smithi111.stdout:/usr/bin/ceph: stderr
2024-09-15T22:36:28.400+0000 7f0f8f000640 1 -- 172.21.15.111:0/4188826849 >> [v2:172.21.15.111:6800/2107775445,v1:172.21.15.111:6801/2107775445] conn(0x7f0f6c039200 msgr2=0x7f0f6c03b6c0 secure :-1 s=STATE_CONNECTION_ESTABLISHED l=1).mark_down
2024-09-15T22:36:29.120 INFO:teuthology.orchestra.run.smithi111.stdout:/usr/bin/ceph: stderr
2024-09-15T22:36:28.400+0000 7f0f8f000640 1 --2- 172.21.15.111:0/4188826849 >> [v2:172.21.15.111:6800/2107775445,v1:172.21.15.111:6801/2107775445] conn(0x7f0f6c039200 0x7f0f6c03b6c0 secure :-1 s=READY pgs=9 cs=0 l=1 rev1=1 crypto rx=0x7f0f740098c0 tx=0x7f0f74006db0 comp rx=0 tx=0).stop
2024-09-15T22:36:29.120 INFO:teuthology.orchestra.run.smithi111.stdout:/usr/bin/ceph: stderr
2024-09-15T22:36:28.400+0000 7f0f8f000640 1 -- 172.21.15.111:0/4188826849 >> [v2:172.21.15.111:3300/0,v1:172.21.15.111:6789/0] conn(0x7f0f88109930 msgr2=0x7f0f8819d940 secure :-1 s=STATE_CONNECTION_ESTABLISHED l=1).mark_down
2024-09-15T22:36:29.120 INFO:teuthology.orchestra.run.smithi111.stdout:/usr/bin/ceph: stderr
2024-09-15T22:36:28.400+0000 7f0f8f000640 1 --2- 172.21.15.111:0/4188826849 >> [v2:172.21.15.111:3300/0,v1:172.21.15.111:6789/0] conn(0x7f0f88109930 0x7f0f8819d940 secure :-1 s=READY pgs=38 cs=0 l=1 rev1=1 crypto rx=0x7f0f780097f0 tx=0x7f0f78030d80 comp rx=0 tx=0).stop
2024-09-15T22:36:29.120 INFO:teuthology.orchestra.run.smithi111.stdout:/usr/bin/ceph: stderr
2024-09-15T22:36:28.400+0000 7f0f8f000640 1 -- 172.21.15.111:0/4188826849 shutdown_connections
2024-09-15T22:36:29.121 INFO:teuthology.orchestra.run.smithi111.stdout:/usr/bin/ceph: stderr
2024-09-15T22:36:28.400+0000 7f0f8f000640 1 --2- 172.21.15.111:0/4188826849 >> [v2:172.21.15.111:6800/2107775445,v1:172.21.15.111:6801/2107775445] conn(0x7f0f6c039200 0x7f0f6c03b6c0 unknown :-1 s=CLOSED pgs=9 cs=0 l=1 rev1=1 crypto rx=0 tx=0 comp rx=0 tx=0).stop
2024-09-15T22:36:29.121 INFO:teuthology.orchestra.run.smithi111.stdout:/usr/bin/ceph: stderr
2024-09-15T22:36:28.400+0000 7f0f8f000640 1 --2- 172.21.15.111:0/4188826849 >> [v2:172.21.15.111:3300/0,v1:172.21.15.111:6789/0] conn(0x7f0f88109930 0x7f0f8819d940 unknown :-1 s=CLOSED pgs=38 cs=0 l=1 rev1=1 crypto rx=0 tx=0 comp rx=0 tx=0).stop
2024-09-15T22:36:29.121 INFO:teuthology.orchestra.run.smithi111.stdout:/usr/bin/ceph: stderr
2024-09-15T22:36:28.400+0000 7f0f8f000640 1 -- 172.21.15.111:0/4188826849 >> 172.21.15.111:0/4188826849 conn(0x7f0f8807cfa0 msgr2=0x7f0f88107540 unknown :-1 s=STATE_NONE l=0).mark_down
2024-09-15T22:36:29.121 INFO:teuthology.orchestra.run.smithi111.stdout:/usr/bin/ceph: stderr
2024-09-15T22:36:28.401+0000 7f0f8f000640 1 -- 172.21.15.111:0/4188826849 shutdown_connections
2024-09-15T22:36:29.121 INFO:teuthology.orchestra.run.smithi111.stdout:/usr/bin/ceph: stderr
2024-09-15T22:36:28.401+0000 7f0f8f000640 1 -- 172.21.15.111:0/4188826849 wait complete.
2024-09-15T22:36:29.648 INFO:journalctl@ceph.mon.a.smithi111.stdout:Sep 15 22:36:29 smithi111 ceph-mon[30629]: from='client.14132 -' entity='client.admin' cmd=[{"prefix": "cephadm generate-key", "target": ["mon-mgr", ""]}]: dispatch
2024-09-15T22:36:29.648 INFO:journalctl@ceph.mon.a.smithi111.stdout:Sep 15 22:36:29 smithi111 ceph-mon[30629]: Generating ssh key...
2024-09-15T22:36:29.648 INFO:journalctl@ceph.mon.a.smithi111.stdout:Sep 15 22:36:29 smithi111 ceph-mon[30629]: from='mgr.14116 172.21.15.111:0/472659009' entity='mgr.x'
2024-09-15T22:36:29.649 INFO:journalctl@ceph.mon.a.smithi111.stdout:Sep 15 22:36:29 smithi111 ceph-mon[30629]: from='mgr.14116 172.21.15.111:0/472659009' entity='mgr.x'
2024-09-15T22:36:30.538 INFO:journalctl@ceph.mon.a.smithi111.stdout:Sep 15 22:36:30 smithi111 ceph-mon[30629]: from='client.14134 -' entity='client.admin' cmd=[{"prefix": "cephadm get-pub-key", "target": ["mon-mgr", ""]}]: dispatch
2024-09-15T22:36:30.549 INFO:teuthology.orchestra.run.smithi111.stdout:/usr/bin/ceph: stdout ssh-rsa AAAAB3NzaC1yc2EAAAADAQABAAABgQCWKCBLmWKt6EZ4bc1UdpbSUq0inAxSTYz/nq36B8tVHl18FhGU/hrKS2h/bxY4YCdrMoxj/xBoKGf46ue/aLao1CiaFeY3dsFltHqHcsyrRZIbXZ/L05f/fDiF5VtNGDAlMAUul+sbPCIyIX0yk2iTSWgRv8ITAADIZMD07NDpsntHSJzgSiQGoD7CYZ9/moFPVHniuzvlbwlE9//UD8LJogTckjVkjTZ0Ukjx2wbtNEihmCmJkHX0YFUH59q9w1MIcsLL6OtwjevxaVUxsFNXF0IwQzjyWzJlknaz+GvuUfpnZlSHwWMdPJOaYeUsdtWPYfLo/GSnA75BMAIWTha7L43B8NoFFS5AKb0oysNRKoxfMVKAe8+0Yn7OVrSEj/y/WkpFhxy0ERyBJVm6XsgdhLK4hY37cPjwUU/VPMR9G7pgW3a1NPqZ0lcexwODi8wuhRla5NIw+BWEkXY1YpytWo6cv8ub00KShJOCkxCaAb+lWloCbp6cjam/bJMyLJ0= ceph-b7614d3c-73b2-11ef-bceb-c7b262605968
2024-09-15T22:36:30.549 INFO:teuthology.orchestra.run.smithi111.stdout:/usr/bin/ceph: stderr
2024-09-15T22:36:29.631+0000 7f146fe00640 1 Processor -- start
2024-09-15T22:36:30.549 INFO:teuthology.orchestra.run.smithi111.stdout:/usr/bin/ceph: stderr
2024-09-15T22:36:29.631+0000 7f146fe00640 1 -- start start
2024-09-15T22:36:30.549 INFO:teuthology.orchestra.run.smithi111.stdout:/usr/bin/ceph: stderr
2024-09-15T22:36:29.631+0000 7f146fe00640 1 --2- >> [v2:172.21.15.111:3300/0,v1:172.21.15.111:6789/0] conn(0x7f1468107700 0x7f1468107b00 unknown :-1 s=NONE pgs=0 cs=0 l=0 rev1=0 crypto rx=0 tx=0 comp rx=0 tx=0).connect
2024-09-15T22:36:30.549 INFO:teuthology.orchestra.run.smithi111.stdout:/usr/bin/ceph: stderr
2024-09-15T22:36:29.631+0000 7f146fe00640 1 -- --> [v2:172.21.15.111:3300/0,v1:172.21.15.111:6789/0] -- mon_getmap magic: 0 -- 0x7f14681080d0 con 0x7f1468107700
2024-09-15T22:36:30.549 INFO:teuthology.orchestra.run.smithi111.stdout:/usr/bin/ceph: stderr
2024-09-15T22:36:29.632+0000 7f146d400640 1 --2- >> [v2:172.21.15.111:3300/0,v1:172.21.15.111:6789/0] conn(0x7f1468107700 0x7f1468107b00 unknown :-1 s=BANNER_CONNECTING pgs=0 cs=0 l=0 rev1=0 crypto rx=0 tx=0 comp rx=0 tx=0)._handle_peer_banner_payload supported=3 required=0
2024-09-15T22:36:30.549 INFO:teuthology.orchestra.run.smithi111.stdout:/usr/bin/ceph: stderr
2024-09-15T22:36:29.632+0000 7f146d400640 1 --2- >> [v2:172.21.15.111:3300/0,v1:172.21.15.111:6789/0] conn(0x7f1468107700 0x7f1468107b00 unknown :-1 s=HELLO_CONNECTING pgs=0 cs=0 l=0 rev1=1 crypto rx=0 tx=0 comp rx=0 tx=0).handle_hello peer v2:172.21.15.111:3300/0 says I am v2:172.21.15.111:57204/0 (socket says 172.21.15.111:57204)
2024-09-15T22:36:30.550 INFO:teuthology.orchestra.run.smithi111.stdout:/usr/bin/ceph: stderr
2024-09-15T22:36:29.632+0000 7f146d400640 1 -- 172.21.15.111:0/2997855836 learned_addr learned my addr 172.21.15.111:0/2997855836 (peer_addr_for_me v2:172.21.15.111:0/0)
2024-09-15T22:36:30.550 INFO:teuthology.orchestra.run.smithi111.stdout:/usr/bin/ceph: stderr
2024-09-15T22:36:29.632+0000 7f146d400640 1 -- 172.21.15.111:0/2997855836 --> [v2:172.21.15.111:3300/0,v1:172.21.15.111:6789/0] -- mon_subscribe({config=0+,monmap=0+}) -- 0x7f1468108900 con 0x7f1468107700
2024-09-15T22:36:30.550 INFO:teuthology.orchestra.run.smithi111.stdout:/usr/bin/ceph: stderr
2024-09-15T22:36:29.633+0000 7f146d400640 1 --2- 172.21.15.111:0/2997855836 >> [v2:172.21.15.111:3300/0,v1:172.21.15.111:6789/0] conn(0x7f1468107700 0x7f1468107b00 secure :-1 s=READY pgs=39 cs=0 l=1 rev1=1 crypto rx=0x7f145c009820 tx=0x7f145c02a270 comp rx=0 tx=0).ready entity=mon.0 client_cookie=d4ef36f5f6493004 server_cookie=0 in_seq=0 out_seq=0
2024-09-15T22:36:30.550 INFO:teuthology.orchestra.run.smithi111.stdout:/usr/bin/ceph: stderr
2024-09-15T22:36:29.633+0000 7f1467e00640 1 -- 172.21.15.111:0/2997855836 <== mon.0 v2:172.21.15.111:3300/0 1 ==== mon_map magic: 0 ==== 205+0+0 (secure 0 0 0) 0x7f145c037070 con 0x7f1468107700
2024-09-15T22:36:30.550 INFO:teuthology.orchestra.run.smithi111.stdout:/usr/bin/ceph: stderr
2024-09-15T22:36:29.633+0000 7f1467e00640 1 -- 172.21.15.111:0/2997855836 <== mon.0 v2:172.21.15.111:3300/0 2 ==== config(27 keys) ==== 1109+0+0 (secure 0 0 0) 0x7f145c032900 con 0x7f1468107700
2024-09-15T22:36:30.550 INFO:teuthology.orchestra.run.smithi111.stdout:/usr/bin/ceph: stderr
2024-09-15T22:36:29.633+0000 7f1467e00640 1 -- 172.21.15.111:0/2997855836 <== mon.0 v2:172.21.15.111:3300/0 3 ==== mon_map magic: 0 ==== 205+0+0 (secure 0 0 0) 0x7f145c030850 con 0x7f1468107700
2024-09-15T22:36:30.550 INFO:teuthology.orchestra.run.smithi111.stdout:/usr/bin/ceph: stderr
2024-09-15T22:36:29.634+0000 7f146fe00640 1 -- 172.21.15.111:0/2997855836 >> [v2:172.21.15.111:3300/0,v1:172.21.15.111:6789/0] conn(0x7f1468107700 msgr2=0x7f1468107b00 secure :-1 s=STATE_CONNECTION_ESTABLISHED l=1).mark_down
2024-09-15T22:36:30.550 INFO:teuthology.orchestra.run.smithi111.stdout:/usr/bin/ceph: stderr
2024-09-15T22:36:29.634+0000 7f146fe00640 1 --2- 172.21.15.111:0/2997855836 >> [v2:172.21.15.111:3300/0,v1:172.21.15.111:6789/0] conn(0x7f1468107700 0x7f1468107b00 secure :-1 s=READY pgs=39 cs=0 l=1 rev1=1 crypto rx=0x7f145c009820 tx=0x7f145c02a270 comp rx=0 tx=0).stop
2024-09-15T22:36:30.550 INFO:teuthology.orchestra.run.smithi111.stdout:/usr/bin/ceph: stderr
2024-09-15T22:36:29.634+0000 7f146fe00640 1 -- 172.21.15.111:0/2997855836 shutdown_connections
2024-09-15T22:36:30.550 INFO:teuthology.orchestra.run.smithi111.stdout:/usr/bin/ceph: stderr
2024-09-15T22:36:29.634+0000 7f146fe00640 1 --2- 172.21.15.111:0/2997855836 >> [v2:172.21.15.111:3300/0,v1:172.21.15.111:6789/0] conn(0x7f1468107700 0x7f1468107b00 unknown :-1 s=CLOSED pgs=39 cs=0 l=1 rev1=1 crypto rx=0 tx=0 comp rx=0 tx=0).stop
2024-09-15T22:36:30.550 INFO:teuthology.orchestra.run.smithi111.stdout:/usr/bin/ceph: stderr
2024-09-15T22:36:29.634+0000 7f146fe00640 1 -- 172.21.15.111:0/2997855836 >> 172.21.15.111:0/2997855836 conn(0x7f1468102f30 msgr2=0x7f1468105350 unknown :-1 s=STATE_NONE l=0).mark_down
2024-09-15T22:36:30.550 INFO:teuthology.orchestra.run.smithi111.stdout:/usr/bin/ceph: stderr
2024-09-15T22:36:29.634+0000 7f146fe00640 1 -- 172.21.15.111:0/2997855836 shutdown_connections
2024-09-15T22:36:30.550 INFO:teuthology.orchestra.run.smithi111.stdout:/usr/bin/ceph: stderr
2024-09-15T22:36:29.634+0000 7f146fe00640 1 -- 172.21.15.111:0/2997855836 wait complete.
2024-09-15T22:36:30.550 INFO:teuthology.orchestra.run.smithi111.stdout:/usr/bin/ceph: stderr
2024-09-15T22:36:29.635+0000 7f146fe00640 1 Processor -- start
2024-09-15T22:36:30.551 INFO:teuthology.orchestra.run.smithi111.stdout:/usr/bin/ceph: stderr
2024-09-15T22:36:29.635+0000 7f146fe00640 1 -- start start
2024-09-15T22:36:30.551 INFO:teuthology.orchestra.run.smithi111.stdout:/usr/bin/ceph: stderr
2024-09-15T22:36:29.636+0000 7f146fe00640 1 --2- >> [v2:172.21.15.111:3300/0,v1:172.21.15.111:6789/0] conn(0x7f1468107700 0x7f146807daf0 unknown :-1 s=NONE pgs=0 cs=0 l=1 rev1=0 crypto rx=0 tx=0 comp rx=0 tx=0).connect
2024-09-15T22:36:30.551 INFO:teuthology.orchestra.run.smithi111.stdout:/usr/bin/ceph: stderr
2024-09-15T22:36:29.636+0000 7f146fe00640 1 -- --> [v2:172.21.15.111:3300/0,v1:172.21.15.111:6789/0] -- mon_getmap magic: 0 -- 0x7f146810bcb0 con 0x7f1468107700
2024-09-15T22:36:30.551 INFO:teuthology.orchestra.run.smithi111.stdout:/usr/bin/ceph: stderr
2024-09-15T22:36:29.636+0000 7f146d400640 1 --2- >> [v2:172.21.15.111:3300/0,v1:172.21.15.111:6789/0] conn(0x7f1468107700 0x7f146807daf0 unknown :-1 s=BANNER_CONNECTING pgs=0 cs=0 l=1 rev1=0 crypto rx=0 tx=0 comp rx=0 tx=0)._handle_peer_banner_payload supported=3 required=0
2024-09-15T22:36:30.551 INFO:teuthology.orchestra.run.smithi111.stdout:/usr/bin/ceph: stderr
2024-09-15T22:36:29.636+0000 7f146d400640 1 --2- >> [v2:172.21.15.111:3300/0,v1:172.21.15.111:6789/0] conn(0x7f1468107700 0x7f146807daf0 unknown :-1 s=HELLO_CONNECTING pgs=0 cs=0 l=1 rev1=1 crypto rx=0 tx=0 comp rx=0 tx=0).handle_hello peer v2:172.21.15.111:3300/0 says I am v2:172.21.15.111:57208/0 (socket says 172.21.15.111:57208)
2024-09-15T22:36:30.551 INFO:teuthology.orchestra.run.smithi111.stdout:/usr/bin/ceph: stderr
2024-09-15T22:36:29.636+0000 7f146d400640 1 -- 172.21.15.111:0/690220051 learned_addr learned my addr 172.21.15.111:0/690220051 (peer_addr_for_me v2:172.21.15.111:0/0)
2024-09-15T22:36:30.551 INFO:teuthology.orchestra.run.smithi111.stdout:/usr/bin/ceph: stderr
2024-09-15T22:36:29.636+0000 7f146d400640 1 -- 172.21.15.111:0/690220051 --> [v2:172.21.15.111:3300/0,v1:172.21.15.111:6789/0] -- mon_subscribe({config=0+,monmap=0+}) -- 0x7f146807e030 con 0x7f1468107700
2024-09-15T22:36:30.551 INFO:teuthology.orchestra.run.smithi111.stdout:/usr/bin/ceph: stderr
2024-09-15T22:36:29.637+0000 7f146d400640 1 --2- 172.21.15.111:0/690220051 >> [v2:172.21.15.111:3300/0,v1:172.21.15.111:6789/0] conn(0x7f1468107700 0x7f146807daf0 secure :-1 s=READY pgs=40 cs=0 l=1 rev1=1 crypto rx=0x7f145c0097f0 tx=0x7f145c030d80 comp rx=0 tx=0).ready entity=mon.0 client_cookie=0 server_cookie=0 in_seq=0 out_seq=0
2024-09-15T22:36:30.551 INFO:teuthology.orchestra.run.smithi111.stdout:/usr/bin/ceph: stderr
2024-09-15T22:36:29.637+0000 7f1466000640 1 -- 172.21.15.111:0/690220051 <== mon.0 v2:172.21.15.111:3300/0 1 ==== mon_map magic: 0 ==== 205+0+0 (secure 0 0 0) 0x7f145c037040 con 0x7f1468107700
2024-09-15T22:36:30.551 INFO:teuthology.orchestra.run.smithi111.stdout:/usr/bin/ceph: stderr
2024-09-15T22:36:29.637+0000 7f1466000640 1 -- 172.21.15.111:0/690220051 <== mon.0 v2:172.21.15.111:3300/0 2 ==== config(27 keys) ==== 1109+0+0 (secure 0 0 0) 0x7f145c040070 con 0x7f1468107700
2024-09-15T22:36:30.551 INFO:teuthology.orchestra.run.smithi111.stdout:/usr/bin/ceph: stderr
2024-09-15T22:36:29.637+0000 7f146fe00640 1 -- 172.21.15.111:0/690220051 --> [v2:172.21.15.111:3300/0,v1:172.21.15.111:6789/0] -- mon_subscribe({mgrmap=0+}) -- 0x7f146807c220 con 0x7f1468107700
2024-09-15T22:36:30.551 INFO:teuthology.orchestra.run.smithi111.stdout:/usr/bin/ceph: stderr
2024-09-15T22:36:29.637+0000 7f146fe00640 1 -- 172.21.15.111:0/690220051 --> [v2:172.21.15.111:3300/0,v1:172.21.15.111:6789/0] -- mon_subscribe({osdmap=0}) -- 0x7f146807c700 con 0x7f1468107700
2024-09-15T22:36:30.551 INFO:teuthology.orchestra.run.smithi111.stdout:/usr/bin/ceph: stderr
2024-09-15T22:36:29.637+0000 7f1466000640 1 -- 172.21.15.111:0/690220051 <== mon.0 v2:172.21.15.111:3300/0 3 ==== mon_map magic: 0 ==== 205+0+0 (secure 0 0 0) 0x7f145c03a390 con 0x7f1468107700
2024-09-15T22:36:30.551 INFO:teuthology.orchestra.run.smithi111.stdout:/usr/bin/ceph: stderr
2024-09-15T22:36:29.638+0000 7f1466000640 1 -- 172.21.15.111:0/690220051 <== mon.0 v2:172.21.15.111:3300/0 4 ==== mgrmap(e 8) ==== 46461+0+0 (secure 0 0 0) 0x7f145c032900 con 0x7f1468107700
2024-09-15T22:36:30.551 INFO:teuthology.orchestra.run.smithi111.stdout:/usr/bin/ceph: stderr
2024-09-15T22:36:29.638+0000 7f146fe00640 1 -- 172.21.15.111:0/690220051 --> [v2:172.21.15.111:3300/0,v1:172.21.15.111:6789/0] -- mon_command({"prefix": "get_command_descriptions"} v 0) -- 0x7f1468107b80 con 0x7f1468107700
2024-09-15T22:36:30.552 INFO:teuthology.orchestra.run.smithi111.stdout:/usr/bin/ceph: stderr
2024-09-15T22:36:29.638+0000 7f1466000640 1 --2- 172.21.15.111:0/690220051 >> [v2:172.21.15.111:6800/2107775445,v1:172.21.15.111:6801/2107775445] conn(0x7f14500391b0 0x7f145003b670 unknown :-1 s=NONE pgs=0 cs=0 l=1 rev1=0 crypto rx=0 tx=0 comp rx=0 tx=0).connect
2024-09-15T22:36:30.552 INFO:teuthology.orchestra.run.smithi111.stdout:/usr/bin/ceph: stderr
2024-09-15T22:36:29.638+0000 7f1466000640 1 -- 172.21.15.111:0/690220051 <== mon.0 v2:172.21.15.111:3300/0 5 ==== osd_map(2..2 src has 1..2) ==== 940+0+0 (secure 0 0 0) 0x7f145c06c810 con 0x7f1468107700
2024-09-15T22:36:30.552 INFO:teuthology.orchestra.run.smithi111.stdout:/usr/bin/ceph: stderr
2024-09-15T22:36:29.639+0000 7f146ca00640 1 --2- 172.21.15.111:0/690220051 >> [v2:172.21.15.111:6800/2107775445,v1:172.21.15.111:6801/2107775445] conn(0x7f14500391b0 0x7f145003b670 unknown :-1 s=BANNER_CONNECTING pgs=0 cs=0 l=1 rev1=0 crypto rx=0 tx=0 comp rx=0 tx=0)._handle_peer_banner_payload supported=3 required=0
2024-09-15T22:36:30.552 INFO:teuthology.orchestra.run.smithi111.stdout:/usr/bin/ceph: stderr
2024-09-15T22:36:29.639+0000 7f146ca00640 1 --2- 172.21.15.111:0/690220051 >> [v2:172.21.15.111:6800/2107775445,v1:172.21.15.111:6801/2107775445] conn(0x7f14500391b0 0x7f145003b670 secure :-1 s=READY pgs=10 cs=0 l=1 rev1=1 crypto rx=0x7f14540098c0 tx=0x7f1454006db0 comp rx=0 tx=0).ready entity=mgr.14116 client_cookie=0 server_cookie=0 in_seq=0 out_seq=0
2024-09-15T22:36:30.552 INFO:teuthology.orchestra.run.smithi111.stdout:/usr/bin/ceph: stderr
2024-09-15T22:36:29.643+0000 7f1466000640 1 -- 172.21.15.111:0/690220051 <== mon.0 v2:172.21.15.111:3300/0 6 ==== mon_command_ack([{"prefix": "get_command_descriptions"}]=0 v0) ==== 72+0+188821 (secure 0 0 0) 0x7f145c06c160 con 0x7f1468107700
2024-09-15T22:36:30.552 INFO:teuthology.orchestra.run.smithi111.stdout:/usr/bin/ceph: stderr
2024-09-15T22:36:29.821+0000 7f146fe00640 1 -- 172.21.15.111:0/690220051 --> [v2:172.21.15.111:6800/2107775445,v1:172.21.15.111:6801/2107775445] -- mgr_command(tid 0: {"prefix": "cephadm get-pub-key", "target": ["mon-mgr", ""]}) -- 0x7f1468104160 con 0x7f14500391b0
2024-09-15T22:36:30.552 INFO:teuthology.orchestra.run.smithi111.stdout:/usr/bin/ceph: stderr
2024-09-15T22:36:29.822+0000 7f1466000640 1 -- 172.21.15.111:0/690220051 <== mgr.14116 v2:172.21.15.111:6800/2107775445 1 ==== mgr_command_reply(tid 0: 0 ) ==== 8+0+595 (secure 0 0 0) 0x7f1468104160 con 0x7f14500391b0
2024-09-15T22:36:30.552 INFO:teuthology.orchestra.run.smithi111.stdout:/usr/bin/ceph: stderr
2024-09-15T22:36:29.824+0000 7f146fe00640 1 -- 172.21.15.111:0/690220051 >> [v2:172.21.15.111:6800/2107775445,v1:172.21.15.111:6801/2107775445] conn(0x7f14500391b0 msgr2=0x7f145003b670 secure :-1 s=STATE_CONNECTION_ESTABLISHED l=1).mark_down
2024-09-15T22:36:30.552 INFO:teuthology.orchestra.run.smithi111.stdout:/usr/bin/ceph: stderr
2024-09-15T22:36:29.824+0000 7f146fe00640 1 --2- 172.21.15.111:0/690220051 >> [v2:172.21.15.111:6800/2107775445,v1:172.21.15.111:6801/2107775445] conn(0x7f14500391b0 0x7f145003b670 secure :-1 s=READY pgs=10 cs=0 l=1 rev1=1 crypto rx=0x7f14540098c0 tx=0x7f1454006db0 comp rx=0 tx=0).stop
2024-09-15T22:36:30.552 INFO:teuthology.orchestra.run.smithi111.stdout:/usr/bin/ceph: stderr
2024-09-15T22:36:29.824+0000 7f146fe00640 1 -- 172.21.15.111:0/690220051 >> [v2:172.21.15.111:3300/0,v1:172.21.15.111:6789/0] conn(0x7f1468107700 msgr2=0x7f146807daf0 secure :-1 s=STATE_CONNECTION_ESTABLISHED l=1).mark_down
2024-09-15T22:36:30.552 INFO:teuthology.orchestra.run.smithi111.stdout:/usr/bin/ceph: stderr
2024-09-15T22:36:29.824+0000 7f146fe00640 1 --2- 172.21.15.111:0/690220051 >> [v2:172.21.15.111:3300/0,v1:172.21.15.111:6789/0] conn(0x7f1468107700 0x7f146807daf0 secure :-1 s=READY pgs=40 cs=0 l=1 rev1=1 crypto rx=0x7f145c0097f0 tx=0x7f145c030d80 comp rx=0 tx=0).stop
2024-09-15T22:36:30.552 INFO:teuthology.orchestra.run.smithi111.stdout:/usr/bin/ceph: stderr
2024-09-15T22:36:29.825+0000 7f146fe00640 1 -- 172.21.15.111:0/690220051 shutdown_connections
2024-09-15T22:36:30.552 INFO:teuthology.orchestra.run.smithi111.stdout:/usr/bin/ceph: stderr
2024-09-15T22:36:29.825+0000 7f146fe00640 1 --2- 172.21.15.111:0/690220051 >> [v2:172.21.15.111:6800/2107775445,v1:172.21.15.111:6801/2107775445] conn(0x7f14500391b0 0x7f145003b670 unknown :-1 s=CLOSED pgs=10 cs=0 l=1 rev1=1 crypto rx=0 tx=0 comp rx=0 tx=0).stop
2024-09-15T22:36:30.552 INFO:teuthology.orchestra.run.smithi111.stdout:/usr/bin/ceph: stderr
2024-09-15T22:36:29.825+0000 7f146fe00640 1 --2- 172.21.15.111:0/690220051 >> [v2:172.21.15.111:3300/0,v1:172.21.15.111:6789/0] conn(0x7f1468107700 0x7f146807daf0 unknown :-1 s=CLOSED pgs=40 cs=0 l=1 rev1=1 crypto rx=0 tx=0 comp rx=0 tx=0).stop
2024-09-15T22:36:30.553 INFO:teuthology.orchestra.run.smithi111.stdout:/usr/bin/ceph: stderr
2024-09-15T22:36:29.825+0000 7f146fe00640 1 -- 172.21.15.111:0/690220051 >> 172.21.15.111:0/690220051 conn(0x7f1468102f30 msgr2=0x7f1468103a50 unknown :-1 s=STATE_NONE l=0).mark_down
2024-09-15T22:36:30.553 INFO:teuthology.orchestra.run.smithi111.stdout:/usr/bin/ceph: stderr
2024-09-15T22:36:29.825+0000 7f146fe00640 1 -- 172.21.15.111:0/690220051 shutdown_connections
2024-09-15T22:36:30.553 INFO:teuthology.orchestra.run.smithi111.stdout:/usr/bin/ceph: stderr
2024-09-15T22:36:29.825+0000 7f146fe00640 1 -- 172.21.15.111:0/690220051 wait complete.
2024-09-15T22:36:30.553 INFO:teuthology.orchestra.run.smithi111.stdout:Wrote public SSH key to /home/ubuntu/cephtest/ceph.pub
2024-09-15T22:36:30.553 INFO:teuthology.orchestra.run.smithi111.stdout:Adding key to root@localhost authorized_keys...
2024-09-15T22:36:30.558 INFO:teuthology.orchestra.run.smithi111.stdout:Adding host smithi111...
2024-09-15T22:36:32.247 INFO:journalctl@ceph.mon.a.smithi111.stdout:Sep 15 22:36:31 smithi111 ceph-mon[30629]: from='client.14136 -' entity='client.admin' cmd=[{"prefix": "orch host add", "hostname": "smithi111", "addr": "172.21.15.111", "target": ["mon-mgr", ""]}]: dispatch
2024-09-15T22:36:33.130 INFO:journalctl@ceph.mon.a.smithi111.stdout:Sep 15 22:36:32 smithi111 ceph-mon[30629]: Deploying cephadm binary to smithi111
2024-09-15T22:36:35.872 INFO:teuthology.orchestra.run.smithi111.stdout:/usr/bin/ceph: stdout Added host 'smithi111' with addr '172.21.15.111'
2024-09-15T22:36:35.872 INFO:teuthology.orchestra.run.smithi111.stdout:/usr/bin/ceph: stderr
2024-09-15T22:36:31.104+0000 7f6192000640 1 Processor -- start
2024-09-15T22:36:35.872 INFO:teuthology.orchestra.run.smithi111.stdout:/usr/bin/ceph: stderr
2024-09-15T22:36:31.104+0000 7f6192000640 1 -- start start
2024-09-15T22:36:35.873 INFO:teuthology.orchestra.run.smithi111.stdout:/usr/bin/ceph: stderr
2024-09-15T22:36:31.105+0000 7f6192000640 1 --2- >> [v2:172.21.15.111:3300/0,v1:172.21.15.111:6789/0] conn(0x7f618c109840 0x7f618c109c40 unknown :-1 s=NONE pgs=0 cs=0 l=0 rev1=0 crypto rx=0 tx=0 comp rx=0 tx=0).connect
2024-09-15T22:36:35.873 INFO:teuthology.orchestra.run.smithi111.stdout:/usr/bin/ceph: stderr
2024-09-15T22:36:31.105+0000 7f6192000640 1 -- --> [v2:172.21.15.111:3300/0,v1:172.21.15.111:6789/0] -- mon_getmap magic: 0 -- 0x7f618c10a210 con 0x7f618c109840
2024-09-15T22:36:35.873 INFO:teuthology.orchestra.run.smithi111.stdout:/usr/bin/ceph: stderr
2024-09-15T22:36:31.105+0000 7f6190c00640 1 --2- >> [v2:172.21.15.111:3300/0,v1:172.21.15.111:6789/0] conn(0x7f618c109840 0x7f618c109c40 unknown :-1 s=BANNER_CONNECTING pgs=0 cs=0 l=0 rev1=0 crypto rx=0 tx=0 comp rx=0 tx=0)._handle_peer_banner_payload supported=3 required=0
2024-09-15T22:36:35.873 INFO:teuthology.orchestra.run.smithi111.stdout:/usr/bin/ceph: stderr
2024-09-15T22:36:31.105+0000 7f6190c00640 1 --2- >> [v2:172.21.15.111:3300/0,v1:172.21.15.111:6789/0] conn(0x7f618c109840 0x7f618c109c40 unknown :-1 s=HELLO_CONNECTING pgs=0 cs=0 l=0 rev1=1 crypto rx=0 tx=0 comp rx=0 tx=0).handle_hello peer v2:172.21.15.111:3300/0 says I am v2:172.21.15.111:41528/0 (socket says 172.21.15.111:41528)
2024-09-15T22:36:35.873 INFO:teuthology.orchestra.run.smithi111.stdout:/usr/bin/ceph: stderr
2024-09-15T22:36:31.105+0000 7f6190c00640 1 -- 172.21.15.111:0/1316698583 learned_addr learned my addr 172.21.15.111:0/1316698583 (peer_addr_for_me v2:172.21.15.111:0/0)
2024-09-15T22:36:35.873 INFO:teuthology.orchestra.run.smithi111.stdout:/usr/bin/ceph: stderr
2024-09-15T22:36:31.105+0000 7f6190c00640 1 -- 172.21.15.111:0/1316698583 --> [v2:172.21.15.111:3300/0,v1:172.21.15.111:6789/0] -- mon_subscribe({config=0+,monmap=0+}) -- 0x7f618c10a950 con 0x7f618c109840
2024-09-15T22:36:35.873 INFO:teuthology.orchestra.run.smithi111.stdout:/usr/bin/ceph: stderr
2024-09-15T22:36:31.106+0000 7f6190c00640 1 --2- 172.21.15.111:0/1316698583 >> [v2:172.21.15.111:3300/0,v1:172.21.15.111:6789/0] conn(0x7f618c109840 0x7f618c109c40 secure :-1 s=READY pgs=41 cs=0 l=1 rev1=1 crypto rx=0x7f6180009820 tx=0x7f618002a270 comp rx=0 tx=0).ready entity=mon.0 client_cookie=c84037d73f26870b server_cookie=0 in_seq=0 out_seq=0
2024-09-15T22:36:35.873 INFO:teuthology.orchestra.run.smithi111.stdout:/usr/bin/ceph: stderr
2024-09-15T22:36:31.106+0000 7f618b400640 1 -- 172.21.15.111:0/1316698583 <== mon.0 v2:172.21.15.111:3300/0 1 ==== mon_map magic: 0 ==== 205+0+0 (secure 0 0 0) 0x7f6180037070 con 0x7f618c109840
2024-09-15T22:36:35.873 INFO:teuthology.orchestra.run.smithi111.stdout:/usr/bin/ceph: stderr
2024-09-15T22:36:31.106+0000 7f618b400640 1 -- 172.21.15.111:0/1316698583 <== mon.0 v2:172.21.15.111:3300/0 2 ==== config(27 keys) ==== 1109+0+0 (secure 0 0 0) 0x7f6180032900 con 0x7f618c109840
2024-09-15T22:36:35.873 INFO:teuthology.orchestra.run.smithi111.stdout:/usr/bin/ceph: stderr
2024-09-15T22:36:31.106+0000 7f618b400640 1 -- 172.21.15.111:0/1316698583 <== mon.0 v2:172.21.15.111:3300/0 3 ==== mon_map magic: 0 ==== 205+0+0 (secure 0 0 0) 0x7f6180030850 con 0x7f618c109840
2024-09-15T22:36:35.873 INFO:teuthology.orchestra.run.smithi111.stdout:/usr/bin/ceph: stderr
2024-09-15T22:36:31.107+0000 7f6192000640 1 -- 172.21.15.111:0/1316698583 >> [v2:172.21.15.111:3300/0,v1:172.21.15.111:6789/0] conn(0x7f618c109840 msgr2=0x7f618c109c40 secure :-1 s=STATE_CONNECTION_ESTABLISHED l=1).mark_down
2024-09-15T22:36:35.873 INFO:teuthology.orchestra.run.smithi111.stdout:/usr/bin/ceph: stderr
