2024-09-15T22:36:46.585+0000 7f222aa00640 1 -- 172.21.15.111:0/4038677182 --> [v2:172.21.15.111:3300/0,v1:172.21.15.111:6789/0] -- mon_subscribe({config=0+,monmap=0+}) -- 0x7f222c10a910 con 0x7f222c107fe0
2024-09-15T22:36:47.537 INFO:teuthology.orchestra.run.smithi111.stdout:/usr/bin/ceph: stderr
2024-09-15T22:36:46.586+0000 7f222aa00640 1 --2- 172.21.15.111:0/4038677182 >> [v2:172.21.15.111:3300/0,v1:172.21.15.111:6789/0] conn(0x7f222c107fe0 0x7f222c10a3d0 secure :-1 s=READY pgs=55 cs=0 l=1 rev1=1 crypto rx=0x7f221c009820 tx=0x7f221c02a270 comp rx=0 tx=0).ready entity=mon.0 client_cookie=cac403a6ea8ae3c0 server_cookie=0 in_seq=0 out_seq=0
2024-09-15T22:36:47.538 INFO:teuthology.orchestra.run.smithi111.stdout:/usr/bin/ceph: stderr
2024-09-15T22:36:46.587+0000 7f222a000640 1 -- 172.21.15.111:0/4038677182 <== mon.0 v2:172.21.15.111:3300/0 1 ==== mon_map magic: 0 ==== 205+0+0 (secure 0 0 0) 0x7f221c037070 con 0x7f222c107fe0
2024-09-15T22:36:47.538 INFO:teuthology.orchestra.run.smithi111.stdout:/usr/bin/ceph: stderr
2024-09-15T22:36:46.587+0000 7f222a000640 1 -- 172.21.15.111:0/4038677182 <== mon.0 v2:172.21.15.111:3300/0 2 ==== config(27 keys) ==== 1140+0+0 (secure 0 0 0) 0x7f221c032920 con 0x7f222c107fe0
2024-09-15T22:36:47.538 INFO:teuthology.orchestra.run.smithi111.stdout:/usr/bin/ceph: stderr
2024-09-15T22:36:46.587+0000 7f222a000640 1 -- 172.21.15.111:0/4038677182 <== mon.0 v2:172.21.15.111:3300/0 3 ==== mon_map magic: 0 ==== 205+0+0 (secure 0 0 0) 0x7f221c030810 con 0x7f222c107fe0
2024-09-15T22:36:47.538 INFO:teuthology.orchestra.run.smithi111.stdout:/usr/bin/ceph: stderr
2024-09-15T22:36:46.587+0000 7f222be00640 1 -- 172.21.15.111:0/4038677182 >> [v2:172.21.15.111:3300/0,v1:172.21.15.111:6789/0] conn(0x7f222c107fe0 msgr2=0x7f222c10a3d0 secure :-1 s=STATE_CONNECTION_ESTABLISHED l=1).mark_down
2024-09-15T22:36:47.538 INFO:teuthology.orchestra.run.smithi111.stdout:/usr/bin/ceph: stderr
2024-09-15T22:36:46.587+0000 7f222be00640 1 --2- 172.21.15.111:0/4038677182 >> [v2:172.21.15.111:3300/0,v1:172.21.15.111:6789/0] conn(0x7f222c107fe0 0x7f222c10a3d0 secure :-1 s=READY pgs=55 cs=0 l=1 rev1=1 crypto rx=0x7f221c009820 tx=0x7f221c02a270 comp rx=0 tx=0).stop
2024-09-15T22:36:47.538 INFO:teuthology.orchestra.run.smithi111.stdout:/usr/bin/ceph: stderr
2024-09-15T22:36:46.587+0000 7f222be00640 1 -- 172.21.15.111:0/4038677182 shutdown_connections
2024-09-15T22:36:47.538 INFO:teuthology.orchestra.run.smithi111.stdout:/usr/bin/ceph: stderr
2024-09-15T22:36:46.587+0000 7f222be00640 1 --2- 172.21.15.111:0/4038677182 >> [v2:172.21.15.111:3300/0,v1:172.21.15.111:6789/0] conn(0x7f222c107fe0 0x7f222c10a3d0 unknown :-1 s=CLOSED pgs=55 cs=0 l=1 rev1=1 crypto rx=0 tx=0 comp rx=0 tx=0).stop
2024-09-15T22:36:47.538 INFO:teuthology.orchestra.run.smithi111.stdout:/usr/bin/ceph: stderr
2024-09-15T22:36:46.587+0000 7f222be00640 1 -- 172.21.15.111:0/4038677182 >> 172.21.15.111:0/4038677182 conn(0x7f222c101bc0 msgr2=0x7f222c103fe0 unknown :-1 s=STATE_NONE l=0).mark_down
2024-09-15T22:36:47.538 INFO:teuthology.orchestra.run.smithi111.stdout:/usr/bin/ceph: stderr
2024-09-15T22:36:46.588+0000 7f222be00640 1 -- 172.21.15.111:0/4038677182 shutdown_connections
2024-09-15T22:36:47.538 INFO:teuthology.orchestra.run.smithi111.stdout:/usr/bin/ceph: stderr
2024-09-15T22:36:46.588+0000 7f222be00640 1 -- 172.21.15.111:0/4038677182 wait complete.
2024-09-15T22:36:47.538 INFO:teuthology.orchestra.run.smithi111.stdout:/usr/bin/ceph: stderr
2024-09-15T22:36:46.588+0000 7f222be00640 1 Processor -- start
2024-09-15T22:36:47.538 INFO:teuthology.orchestra.run.smithi111.stdout:/usr/bin/ceph: stderr
2024-09-15T22:36:46.589+0000 7f222be00640 1 -- start start
2024-09-15T22:36:47.538 INFO:teuthology.orchestra.run.smithi111.stdout:/usr/bin/ceph: stderr
2024-09-15T22:36:46.589+0000 7f222be00640 1 --2- >> [v2:172.21.15.111:3300/0,v1:172.21.15.111:6789/0] conn(0x7f222c107fe0 0x7f222c107860 unknown :-1 s=NONE pgs=0 cs=0 l=1 rev1=0 crypto rx=0 tx=0 comp rx=0 tx=0).connect
2024-09-15T22:36:47.539 INFO:teuthology.orchestra.run.smithi111.stdout:/usr/bin/ceph: stderr
2024-09-15T22:36:46.589+0000 7f222be00640 1 -- --> [v2:172.21.15.111:3300/0,v1:172.21.15.111:6789/0] -- mon_getmap magic: 0 -- 0x7f222c10b990 con 0x7f222c107fe0
2024-09-15T22:36:47.539 INFO:teuthology.orchestra.run.smithi111.stdout:/usr/bin/ceph: stderr
2024-09-15T22:36:46.589+0000 7f222aa00640 1 --2- >> [v2:172.21.15.111:3300/0,v1:172.21.15.111:6789/0] conn(0x7f222c107fe0 0x7f222c107860 unknown :-1 s=BANNER_CONNECTING pgs=0 cs=0 l=1 rev1=0 crypto rx=0 tx=0 comp rx=0 tx=0)._handle_peer_banner_payload supported=3 required=0
2024-09-15T22:36:47.539 INFO:teuthology.orchestra.run.smithi111.stdout:/usr/bin/ceph: stderr
2024-09-15T22:36:46.589+0000 7f222aa00640 1 --2- >> [v2:172.21.15.111:3300/0,v1:172.21.15.111:6789/0] conn(0x7f222c107fe0 0x7f222c107860 unknown :-1 s=HELLO_CONNECTING pgs=0 cs=0 l=1 rev1=1 crypto rx=0 tx=0 comp rx=0 tx=0).handle_hello peer v2:172.21.15.111:3300/0 says I am v2:172.21.15.111:52428/0 (socket says 172.21.15.111:52428)
2024-09-15T22:36:47.539 INFO:teuthology.orchestra.run.smithi111.stdout:/usr/bin/ceph: stderr
2024-09-15T22:36:46.589+0000 7f222aa00640 1 -- 172.21.15.111:0/552233365 learned_addr learned my addr 172.21.15.111:0/552233365 (peer_addr_for_me v2:172.21.15.111:0/0)
2024-09-15T22:36:47.539 INFO:teuthology.orchestra.run.smithi111.stdout:/usr/bin/ceph: stderr
2024-09-15T22:36:46.589+0000 7f222aa00640 1 -- 172.21.15.111:0/552233365 --> [v2:172.21.15.111:3300/0,v1:172.21.15.111:6789/0] -- mon_subscribe({config=0+,monmap=0+}) -- 0x7f222c107da0 con 0x7f222c107fe0
2024-09-15T22:36:47.539 INFO:teuthology.orchestra.run.smithi111.stdout:/usr/bin/ceph: stderr
2024-09-15T22:36:46.590+0000 7f222aa00640 1 --2- 172.21.15.111:0/552233365 >> [v2:172.21.15.111:3300/0,v1:172.21.15.111:6789/0] conn(0x7f222c107fe0 0x7f222c107860 secure :-1 s=READY pgs=56 cs=0 l=1 rev1=1 crypto rx=0x7f221c0097f0 tx=0x7f221c0327b0 comp rx=0 tx=0).ready entity=mon.0 client_cookie=0 server_cookie=0 in_seq=0 out_seq=0
2024-09-15T22:36:47.539 INFO:teuthology.orchestra.run.smithi111.stdout:/usr/bin/ceph: stderr
2024-09-15T22:36:46.590+0000 7f2223400640 1 -- 172.21.15.111:0/552233365 <== mon.0 v2:172.21.15.111:3300/0 1 ==== mon_map magic: 0 ==== 205+0+0 (secure 0 0 0) 0x7f221c037040 con 0x7f222c107fe0
2024-09-15T22:36:47.539 INFO:teuthology.orchestra.run.smithi111.stdout:/usr/bin/ceph: stderr
2024-09-15T22:36:46.590+0000 7f2223400640 1 -- 172.21.15.111:0/552233365 <== mon.0 v2:172.21.15.111:3300/0 2 ==== config(27 keys) ==== 1140+0+0 (secure 0 0 0) 0x7f221c030c40 con 0x7f222c107fe0
2024-09-15T22:36:47.539 INFO:teuthology.orchestra.run.smithi111.stdout:/usr/bin/ceph: stderr
2024-09-15T22:36:46.590+0000 7f222be00640 1 -- 172.21.15.111:0/552233365 --> [v2:172.21.15.111:3300/0,v1:172.21.15.111:6789/0] -- mon_subscribe({mgrmap=0+}) -- 0x7f222c105f90 con 0x7f222c107fe0
2024-09-15T22:36:47.539 INFO:teuthology.orchestra.run.smithi111.stdout:/usr/bin/ceph: stderr
2024-09-15T22:36:46.590+0000 7f2223400640 1 -- 172.21.15.111:0/552233365 <== mon.0 v2:172.21.15.111:3300/0 3 ==== mon_map magic: 0 ==== 205+0+0 (secure 0 0 0) 0x7f221c03a5d0 con 0x7f222c107fe0
2024-09-15T22:36:47.539 INFO:teuthology.orchestra.run.smithi111.stdout:/usr/bin/ceph: stderr
2024-09-15T22:36:46.590+0000 7f222be00640 1 -- 172.21.15.111:0/552233365 --> [v2:172.21.15.111:3300/0,v1:172.21.15.111:6789/0] -- mon_subscribe({osdmap=0}) -- 0x7f222c1064d0 con 0x7f222c107fe0
2024-09-15T22:36:47.539 INFO:teuthology.orchestra.run.smithi111.stdout:/usr/bin/ceph: stderr
2024-09-15T22:36:46.591+0000 7f2223400640 1 -- 172.21.15.111:0/552233365 <== mon.0 v2:172.21.15.111:3300/0 4 ==== mgrmap(e 9) ==== 46474+0+0 (secure 0 0 0) 0x7f221c03b3f0 con 0x7f222c107fe0
2024-09-15T22:36:47.539 INFO:teuthology.orchestra.run.smithi111.stdout:/usr/bin/ceph: stderr
2024-09-15T22:36:46.591+0000 7f222be00640 1 -- 172.21.15.111:0/552233365 --> [v2:172.21.15.111:3300/0,v1:172.21.15.111:6789/0] -- mon_command({"prefix": "get_command_descriptions"} v 0) -- 0x7f222c108440 con 0x7f222c107fe0
2024-09-15T22:36:47.540 INFO:teuthology.orchestra.run.smithi111.stdout:/usr/bin/ceph: stderr
2024-09-15T22:36:46.592+0000 7f2223400640 1 --2- 172.21.15.111:0/552233365 >> [v2:172.21.15.111:6800/2107775445,v1:172.21.15.111:6801/2107775445] conn(0x7f2210039260 0x7f221003b720 unknown :-1 s=NONE pgs=0 cs=0 l=1 rev1=0 crypto rx=0 tx=0 comp rx=0 tx=0).connect
2024-09-15T22:36:47.540 INFO:teuthology.orchestra.run.smithi111.stdout:/usr/bin/ceph: stderr
2024-09-15T22:36:46.592+0000 7f2223400640 1 -- 172.21.15.111:0/552233365 <== mon.0 v2:172.21.15.111:3300/0 5 ==== osd_map(2..2 src has 1..2) ==== 940+0+0 (secure 0 0 0) 0x7f221c06c860 con 0x7f222c107fe0
2024-09-15T22:36:47.540 INFO:teuthology.orchestra.run.smithi111.stdout:/usr/bin/ceph: stderr
2024-09-15T22:36:46.592+0000 7f2223e00640 1 -- 172.21.15.111:0/552233365 >> [v2:172.21.15.111:6800/2107775445,v1:172.21.15.111:6801/2107775445] conn(0x7f2210039260 msgr2=0x7f221003b720 unknown :-1 s=STATE_CONNECTING_RE l=1).process reconnect failed to v2:172.21.15.111:6800/2107775445
2024-09-15T22:36:47.540 INFO:teuthology.orchestra.run.smithi111.stdout:/usr/bin/ceph: stderr
2024-09-15T22:36:46.592+0000 7f2223e00640 1 --2- 172.21.15.111:0/552233365 >> [v2:172.21.15.111:6800/2107775445,v1:172.21.15.111:6801/2107775445] conn(0x7f2210039260 0x7f221003b720 unknown :-1 s=START_CONNECT pgs=0 cs=0 l=1 rev1=0 crypto rx=0 tx=0 comp rx=0 tx=0)._fault waiting 0.200000
2024-09-15T22:36:47.540 INFO:teuthology.orchestra.run.smithi111.stdout:/usr/bin/ceph: stderr
2024-09-15T22:36:46.596+0000 7f2223400640 1 -- 172.21.15.111:0/552233365 <== mon.0 v2:172.21.15.111:3300/0 6 ==== mon_command_ack([{"prefix": "get_command_descriptions"}]=0 v0) ==== 72+0+188821 (secure 0 0 0) 0x7f221c0371e0 con 0x7f222c107fe0
2024-09-15T22:36:47.540 INFO:teuthology.orchestra.run.smithi111.stdout:/usr/bin/ceph: stderr
2024-09-15T22:36:46.793+0000 7f2223e00640 1 -- 172.21.15.111:0/552233365 >> [v2:172.21.15.111:6800/2107775445,v1:172.21.15.111:6801/2107775445] conn(0x7f2210039260 msgr2=0x7f221003b720 unknown :-1 s=STATE_CONNECTING_RE l=1).process reconnect failed to v2:172.21.15.111:6800/2107775445
2024-09-15T22:36:47.540 INFO:teuthology.orchestra.run.smithi111.stdout:/usr/bin/ceph: stderr
2024-09-15T22:36:46.793+0000 7f2223e00640 1 --2- 172.21.15.111:0/552233365 >> [v2:172.21.15.111:6800/2107775445,v1:172.21.15.111:6801/2107775445] conn(0x7f2210039260 0x7f221003b720 unknown :-1 s=START_CONNECT pgs=0 cs=0 l=1 rev1=0 crypto rx=0 tx=0 comp rx=0 tx=0)._fault waiting 0.400000
2024-09-15T22:36:47.540 INFO:teuthology.orchestra.run.smithi111.stdout:/usr/bin/ceph: stderr
2024-09-15T22:36:46.824+0000 7f222be00640 1 -- 172.21.15.111:0/552233365 --> [v2:172.21.15.111:3300/0,v1:172.21.15.111:6789/0] -- mon_command({"prefix": "mgr stat"} v 0) -- 0x7f222c106750 con 0x7f222c107fe0
2024-09-15T22:36:47.540 INFO:teuthology.orchestra.run.smithi111.stdout:/usr/bin/ceph: stderr
2024-09-15T22:36:46.825+0000 7f2223400640 1 -- 172.21.15.111:0/552233365 <== mon.0 v2:172.21.15.111:3300/0 7 ==== mon_command_ack([{"prefix": "mgr stat"}]=0 v9) ==== 56+0+88 (secure 0 0 0) 0x7f221c03a770 con 0x7f222c107fe0
2024-09-15T22:36:47.540 INFO:teuthology.orchestra.run.smithi111.stdout:/usr/bin/ceph: stderr
2024-09-15T22:36:46.827+0000 7f222be00640 1 -- 172.21.15.111:0/552233365 >> [v2:172.21.15.111:6800/2107775445,v1:172.21.15.111:6801/2107775445] conn(0x7f2210039260 msgr2=0x7f221003b720 unknown :-1 s=STATE_CONNECTING l=1).mark_down
2024-09-15T22:36:47.540 INFO:teuthology.orchestra.run.smithi111.stdout:/usr/bin/ceph: stderr
2024-09-15T22:36:46.827+0000 7f222be00640 1 --2- 172.21.15.111:0/552233365 >> [v2:172.21.15.111:6800/2107775445,v1:172.21.15.111:6801/2107775445] conn(0x7f2210039260 0x7f221003b720 unknown :-1 s=START_CONNECT pgs=0 cs=0 l=1 rev1=0 crypto rx=0 tx=0 comp rx=0 tx=0).stop
2024-09-15T22:36:47.540 INFO:teuthology.orchestra.run.smithi111.stdout:/usr/bin/ceph: stderr
2024-09-15T22:36:46.827+0000 7f222be00640 1 -- 172.21.15.111:0/552233365 >> [v2:172.21.15.111:3300/0,v1:172.21.15.111:6789/0] conn(0x7f222c107fe0 msgr2=0x7f222c107860 secure :-1 s=STATE_CONNECTION_ESTABLISHED l=1).mark_down
2024-09-15T22:36:47.540 INFO:teuthology.orchestra.run.smithi111.stdout:/usr/bin/ceph: stderr
2024-09-15T22:36:46.827+0000 7f222be00640 1 --2- 172.21.15.111:0/552233365 >> [v2:172.21.15.111:3300/0,v1:172.21.15.111:6789/0] conn(0x7f222c107fe0 0x7f222c107860 secure :-1 s=READY pgs=56 cs=0 l=1 rev1=1 crypto rx=0x7f221c0097f0 tx=0x7f221c0327b0 comp rx=0 tx=0).stop
2024-09-15T22:36:47.541 INFO:teuthology.orchestra.run.smithi111.stdout:/usr/bin/ceph: stderr
2024-09-15T22:36:46.827+0000 7f222be00640 1 -- 172.21.15.111:0/552233365 shutdown_connections
2024-09-15T22:36:47.541 INFO:teuthology.orchestra.run.smithi111.stdout:/usr/bin/ceph: stderr
2024-09-15T22:36:46.827+0000 7f222be00640 1 --2- 172.21.15.111:0/552233365 >> [v2:172.21.15.111:6800/2107775445,v1:172.21.15.111:6801/2107775445] conn(0x7f2210039260 0x7f221003b720 unknown :-1 s=CLOSED pgs=0 cs=0 l=1 rev1=0 crypto rx=0 tx=0 comp rx=0 tx=0).stop
2024-09-15T22:36:47.541 INFO:teuthology.orchestra.run.smithi111.stdout:/usr/bin/ceph: stderr
2024-09-15T22:36:46.827+0000 7f222be00640 1 --2- 172.21.15.111:0/552233365 >> [v2:172.21.15.111:3300/0,v1:172.21.15.111:6789/0] conn(0x7f222c107fe0 0x7f222c107860 unknown :-1 s=CLOSED pgs=56 cs=0 l=1 rev1=1 crypto rx=0 tx=0 comp rx=0 tx=0).stop
2024-09-15T22:36:47.541 INFO:teuthology.orchestra.run.smithi111.stdout:/usr/bin/ceph: stderr
2024-09-15T22:36:46.827+0000 7f222be00640 1 -- 172.21.15.111:0/552233365 >> 172.21.15.111:0/552233365 conn(0x7f222c101bc0 msgr2=0x7f222c1027c0 unknown :-1 s=STATE_NONE l=0).mark_down
2024-09-15T22:36:47.541 INFO:teuthology.orchestra.run.smithi111.stdout:/usr/bin/ceph: stderr
2024-09-15T22:36:46.828+0000 7f222be00640 1 -- 172.21.15.111:0/552233365 shutdown_connections
2024-09-15T22:36:47.541 INFO:teuthology.orchestra.run.smithi111.stdout:/usr/bin/ceph: stderr
2024-09-15T22:36:46.828+0000 7f222be00640 1 -- 172.21.15.111:0/552233365 wait complete.
2024-09-15T22:36:47.541 INFO:teuthology.orchestra.run.smithi111.stdout:Waiting for the mgr to restart...
2024-09-15T22:36:47.541 INFO:teuthology.orchestra.run.smithi111.stdout:Waiting for mgr epoch 9...
2024-09-15T22:36:48.336 INFO:journalctl@ceph.mgr.x.smithi111.stdout:Sep 15 22:36:48 smithi111 ceph-b7614d3c-73b2-11ef-bceb-c7b262605968-mgr-x[30852]:
2024-09-15T22:36:48.197+0000 7f2a0f410040 -1 mgr[py] Module rook has missing NOTIFY_TYPES member
2024-09-15T22:36:48.336 INFO:journalctl@ceph.mgr.x.smithi111.stdout:Sep 15 22:36:48 smithi111 ceph-b7614d3c-73b2-11ef-bceb-c7b262605968-mgr-x[30852]:
2024-09-15T22:36:48.334+0000 7f2a0f410040 -1 mgr[py] Module iostat has missing NOTIFY_TYPES member
2024-09-15T22:36:48.665 INFO:journalctl@ceph.mgr.x.smithi111.stdout:Sep 15 22:36:48 smithi111 ceph-b7614d3c-73b2-11ef-bceb-c7b262605968-mgr-x[30852]:
2024-09-15T22:36:48.498+0000 7f2a0f410040 -1 mgr[py] Module orchestrator has missing NOTIFY_TYPES member
2024-09-15T22:36:48.666 INFO:journalctl@ceph.mgr.x.smithi111.stdout:Sep 15 22:36:48 smithi111 ceph-b7614d3c-73b2-11ef-bceb-c7b262605968-mgr-x[30852]:
2024-09-15T22:36:48.569+0000 7f2a0f410040 -1 mgr[py] Module devicehealth has missing NOTIFY_TYPES member
2024-09-15T22:36:49.071 INFO:journalctl@ceph.mgr.x.smithi111.stdout:Sep 15 22:36:48 smithi111 ceph-b7614d3c-73b2-11ef-bceb-c7b262605968-mgr-x[30852]:
2024-09-15T22:36:48.740+0000 7f2a0f410040 -1 mgr[py] Module rgw has missing NOTIFY_TYPES member
2024-09-15T22:36:49.072 INFO:journalctl@ceph.mgr.x.smithi111.stdout:Sep 15 22:36:48 smithi111 ceph-b7614d3c-73b2-11ef-bceb-c7b262605968-mgr-x[30852]:
2024-09-15T22:36:48.822+0000 7f2a0f410040 -1 mgr[py] Module alerts has missing NOTIFY_TYPES member
2024-09-15T22:36:49.072 INFO:journalctl@ceph.mgr.x.smithi111.stdout:Sep 15 22:36:48 smithi111 ceph-b7614d3c-73b2-11ef-bceb-c7b262605968-mgr-x[30852]:
2024-09-15T22:36:48.892+0000 7f2a0f410040 -1 mgr[py] Module progress has missing NOTIFY_TYPES member
2024-09-15T22:36:49.072 INFO:journalctl@ceph.mgr.x.smithi111.stdout:Sep 15 22:36:49 smithi111 ceph-b7614d3c-73b2-11ef-bceb-c7b262605968-mgr-x[30852]:
2024-09-15T22:36:49.070+0000 7f2a0f410040 -1 mgr[py] Module nfs has missing NOTIFY_TYPES member
2024-09-15T22:36:49.389 INFO:journalctl@ceph.mgr.x.smithi111.stdout:Sep 15 22:36:49 smithi111 ceph-b7614d3c-73b2-11ef-bceb-c7b262605968-mgr-x[30852]:
2024-09-15T22:36:49.145+0000 7f2a0f410040 -1 mgr[py] Module status has missing NOTIFY_TYPES member
2024-09-15T22:36:49.389 INFO:journalctl@ceph.mgr.x.smithi111.stdout:Sep 15 22:36:49 smithi111 ceph-b7614d3c-73b2-11ef-bceb-c7b262605968-mgr-x[30852]:
2024-09-15T22:36:49.223+0000 7f2a0f410040 -1 mgr[py] Module pg_autoscaler has missing NOTIFY_TYPES member
2024-09-15T22:36:49.390 INFO:journalctl@ceph.mgr.x.smithi111.stdout:Sep 15 22:36:49 smithi111 ceph-b7614d3c-73b2-11ef-bceb-c7b262605968-mgr-x[30852]:
2024-09-15T22:36:49.318+0000 7f2a0f410040 -1 mgr[py] Module rbd_support has missing NOTIFY_TYPES member
2024-09-15T22:36:49.390 INFO:journalctl@ceph.mgr.x.smithi111.stdout:Sep 15 22:36:49 smithi111 ceph-b7614d3c-73b2-11ef-bceb-c7b262605968-mgr-x[30852]:
2024-09-15T22:36:49.387+0000 7f2a0f410040 -1 mgr[py] Module influx has missing NOTIFY_TYPES member
2024-09-15T22:36:49.665 INFO:journalctl@ceph.mgr.x.smithi111.stdout:Sep 15 22:36:49 smithi111 ceph-b7614d3c-73b2-11ef-bceb-c7b262605968-mgr-x[30852]:
2024-09-15T22:36:49.457+0000 7f2a0f410040 -1 mgr[py] Module zabbix has missing NOTIFY_TYPES member
2024-09-15T22:36:50.666 INFO:journalctl@ceph.mgr.x.smithi111.stdout:Sep 15 22:36:50 smithi111 ceph-b7614d3c-73b2-11ef-bceb-c7b262605968-mgr-x[30852]:
2024-09-15T22:36:50.354+0000 7f2a0f410040 -1 mgr[py] Module telegraf has missing NOTIFY_TYPES member
2024-09-15T22:36:50.666 INFO:journalctl@ceph.mon.a.smithi111.stdout:Sep 15 22:36:50 smithi111 ceph-mon[30629]: Active manager daemon x restarted
2024-09-15T22:36:50.666 INFO:journalctl@ceph.mon.a.smithi111.stdout:Sep 15 22:36:50 smithi111 ceph-mon[30629]: Activating manager daemon x
2024-09-15T22:36:50.666 INFO:journalctl@ceph.mon.a.smithi111.stdout:Sep 15 22:36:50 smithi111 ceph-mon[30629]: osdmap e3: 0 total, 0 up, 0 in
2024-09-15T22:36:50.666 INFO:journalctl@ceph.mon.a.smithi111.stdout:Sep 15 22:36:50 smithi111 ceph-mon[30629]: mgrmap e10: x(active, starting, since 0.00399703s)
2024-09-15T22:36:50.666 INFO:journalctl@ceph.mon.a.smithi111.stdout:Sep 15 22:36:50 smithi111 ceph-mon[30629]: from='mgr.14148 172.21.15.111:0/1673667055' entity='mgr.x' cmd=[{"prefix": "mon metadata", "id": "a"}]: dispatch
2024-09-15T22:36:50.666 INFO:journalctl@ceph.mon.a.smithi111.stdout:Sep 15 22:36:50 smithi111 ceph-mon[30629]: from='mgr.14148 172.21.15.111:0/1673667055' entity='mgr.x' cmd=[{"prefix": "mgr metadata", "who": "x", "id": "x"}]: dispatch
2024-09-15T22:36:50.666 INFO:journalctl@ceph.mon.a.smithi111.stdout:Sep 15 22:36:50 smithi111 ceph-mon[30629]: from='mgr.14148 172.21.15.111:0/1673667055' entity='mgr.x' cmd=[{"prefix": "mds metadata"}]: dispatch
2024-09-15T22:36:50.667 INFO:journalctl@ceph.mon.a.smithi111.stdout:Sep 15 22:36:50 smithi111 ceph-mon[30629]: from='mgr.14148 172.21.15.111:0/1673667055' entity='mgr.x' cmd=[{"prefix": "osd metadata"}]: dispatch
2024-09-15T22:36:50.667 INFO:journalctl@ceph.mon.a.smithi111.stdout:Sep 15 22:36:50 smithi111 ceph-mon[30629]: from='mgr.14148 172.21.15.111:0/1673667055' entity='mgr.x' cmd=[{"prefix": "mon metadata"}]: dispatch
2024-09-15T22:36:50.667 INFO:journalctl@ceph.mon.a.smithi111.stdout:Sep 15 22:36:50 smithi111 ceph-mon[30629]: Manager daemon x is now available
2024-09-15T22:36:50.667 INFO:journalctl@ceph.mon.a.smithi111.stdout:Sep 15 22:36:50 smithi111 ceph-mon[30629]: from='mgr.14148 172.21.15.111:0/1673667055' entity='mgr.x' cmd=[{"prefix": "config dump", "format": "json"}]: dispatch
2024-09-15T22:36:51.666 INFO:journalctl@ceph.mon.a.smithi111.stdout:Sep 15 22:36:51 smithi111 ceph-mon[30629]: from='mgr.14148 172.21.15.111:0/1673667055' entity='mgr.x' cmd=[{"prefix":"config rm","who":"mgr","name":"mgr/rbd_support/x/mirror_snapshot_schedule"}]: dispatch
2024-09-15T22:36:51.666 INFO:journalctl@ceph.mon.a.smithi111.stdout:Sep 15 22:36:51 smithi111 ceph-mon[30629]: from='mgr.14148 172.21.15.111:0/1673667055' entity='mgr.x' cmd=[{"prefix":"config rm","who":"mgr","name":"mgr/rbd_support/x/trash_purge_schedule"}]: dispatch
2024-09-15T22:36:51.666 INFO:journalctl@ceph.mon.a.smithi111.stdout:Sep 15 22:36:51 smithi111 ceph-mon[30629]: mgrmap e11: x(active, since 1.00705s)
2024-09-15T22:36:51.666 INFO:journalctl@ceph.mgr.x.smithi111.stdout:Sep 15 22:36:51 smithi111 ceph-b7614d3c-73b2-11ef-bceb-c7b262605968-mgr-x[30852]:
2024-09-15T22:36:51.327+0000 7f296cc00640 -1 log_channel(cephadm) log [ERR] : [15/Sep/2024:22:36:51] ENGINE Error in HTTPServer.serve
2024-09-15T22:36:51.666 INFO:journalctl@ceph.mgr.x.smithi111.stdout:Sep 15 22:36:51 smithi111 ceph-b7614d3c-73b2-11ef-bceb-c7b262605968-mgr-x[30852]: Traceback (most recent call last):
2024-09-15T22:36:51.666 INFO:journalctl@ceph.mgr.x.smithi111.stdout:Sep 15 22:36:51 smithi111 ceph-b7614d3c-73b2-11ef-bceb-c7b262605968-mgr-x[30852]: File "/lib/python3.9/site-packages/cheroot/server.py", line 1823, in serve
2024-09-15T22:36:51.667 INFO:journalctl@ceph.mgr.x.smithi111.stdout:Sep 15 22:36:51 smithi111 ceph-b7614d3c-73b2-11ef-bceb-c7b262605968-mgr-x[30852]: self._connections.run(self.expiration_interval)
2024-09-15T22:36:51.667 INFO:journalctl@ceph.mgr.x.smithi111.stdout:Sep 15 22:36:51 smithi111 ceph-b7614d3c-73b2-11ef-bceb-c7b262605968-mgr-x[30852]: File "/lib/python3.9/site-packages/cheroot/connections.py", line 203, in run
2024-09-15T22:36:51.667 INFO:journalctl@ceph.mgr.x.smithi111.stdout:Sep 15 22:36:51 smithi111 ceph-b7614d3c-73b2-11ef-bceb-c7b262605968-mgr-x[30852]: self._run(expiration_interval)
2024-09-15T22:36:51.667 INFO:journalctl@ceph.mgr.x.smithi111.stdout:Sep 15 22:36:51 smithi111 ceph-b7614d3c-73b2-11ef-bceb-c7b262605968-mgr-x[30852]: File "/lib/python3.9/site-packages/cheroot/connections.py", line 246, in _run
2024-09-15T22:36:51.667 INFO:journalctl@ceph.mgr.x.smithi111.stdout:Sep 15 22:36:51 smithi111 ceph-b7614d3c-73b2-11ef-bceb-c7b262605968-mgr-x[30852]: new_conn = self._from_server_socket(self.server.socket)
2024-09-15T22:36:51.667 INFO:journalctl@ceph.mgr.x.smithi111.stdout:Sep 15 22:36:51 smithi111 ceph-b7614d3c-73b2-11ef-bceb-c7b262605968-mgr-x[30852]: File "/lib/python3.9/site-packages/cheroot/connections.py", line 300, in _from_server_socket
2024-09-15T22:36:51.667 INFO:journalctl@ceph.mgr.x.smithi111.stdout:Sep 15 22:36:51 smithi111 ceph-b7614d3c-73b2-11ef-bceb-c7b262605968-mgr-x[30852]: s, ssl_env = self.server.ssl_adapter.wrap(s)
2024-09-15T22:36:51.667 INFO:journalctl@ceph.mgr.x.smithi111.stdout:Sep 15 22:36:51 smithi111 ceph-b7614d3c-73b2-11ef-bceb-c7b262605968-mgr-x[30852]: File "/lib/python3.9/site-packages/cheroot/ssl/builtin.py", line 277, in wrap
2024-09-15T22:36:51.667 INFO:journalctl@ceph.mgr.x.smithi111.stdout:Sep 15 22:36:51 smithi111 ceph-b7614d3c-73b2-11ef-bceb-c7b262605968-mgr-x[30852]: s = self.context.wrap_socket(
2024-09-15T22:36:51.667 INFO:journalctl@ceph.mgr.x.smithi111.stdout:Sep 15 22:36:51 smithi111 ceph-b7614d3c-73b2-11ef-bceb-c7b262605968-mgr-x[30852]: File "/lib64/python3.9/ssl.py", line 501, in wrap_socket
2024-09-15T22:36:51.667 INFO:journalctl@ceph.mgr.x.smithi111.stdout:Sep 15 22:36:51 smithi111 ceph-b7614d3c-73b2-11ef-bceb-c7b262605968-mgr-x[30852]: return self.sslsocket_class._create(
2024-09-15T22:36:51.667 INFO:journalctl@ceph.mgr.x.smithi111.stdout:Sep 15 22:36:51 smithi111 ceph-b7614d3c-73b2-11ef-bceb-c7b262605968-mgr-x[30852]: File "/lib64/python3.9/ssl.py", line 1074, in _create
2024-09-15T22:36:51.667 INFO:journalctl@ceph.mgr.x.smithi111.stdout:Sep 15 22:36:51 smithi111 ceph-b7614d3c-73b2-11ef-bceb-c7b262605968-mgr-x[30852]: self.do_handshake()
2024-09-15T22:36:51.667 INFO:journalctl@ceph.mgr.x.smithi111.stdout:Sep 15 22:36:51 smithi111 ceph-b7614d3c-73b2-11ef-bceb-c7b262605968-mgr-x[30852]: File "/lib64/python3.9/ssl.py", line 1343, in do_handshake
2024-09-15T22:36:51.667 INFO:journalctl@ceph.mgr.x.smithi111.stdout:Sep 15 22:36:51 smithi111 ceph-b7614d3c-73b2-11ef-bceb-c7b262605968-mgr-x[30852]: self._sslobj.do_handshake()
2024-09-15T22:36:51.668 INFO:journalctl@ceph.mgr.x.smithi111.stdout:Sep 15 22:36:51 smithi111 ceph-b7614d3c-73b2-11ef-bceb-c7b262605968-mgr-x[30852]: ssl.SSLZeroReturnError: TLS/SSL connection has been closed (EOF) (_ssl.c:1133)
2024-09-15T22:36:51.668 INFO:journalctl@ceph.mgr.x.smithi111.stdout:Sep 15 22:36:51 smithi111 ceph-b7614d3c-73b2-11ef-bceb-c7b262605968-mgr-x[30852]:
2024-09-15T22:36:52.591 INFO:journalctl@ceph.mon.a.smithi111.stdout:Sep 15 22:36:52 smithi111 ceph-mon[30629]: [15/Sep/2024:22:36:51] ENGINE Bus STARTING
2024-09-15T22:36:52.591 INFO:journalctl@ceph.mon.a.smithi111.stdout:Sep 15 22:36:52 smithi111 ceph-mon[30629]: [15/Sep/2024:22:36:51] ENGINE Serving on https://172.21.15.111:7150
2024-09-15T22:36:52.591 INFO:journalctl@ceph.mon.a.smithi111.stdout:Sep 15 22:36:52 smithi111 ceph-mon[30629]: [15/Sep/2024:22:36:51] ENGINE Error in HTTPServer.serve
2024-09-15T22:36:52.591 INFO:journalctl@ceph.mon.a.smithi111.stdout: Traceback (most recent call last):
2024-09-15T22:36:52.591 INFO:journalctl@ceph.mon.a.smithi111.stdout: File "/lib/python3.9/site-packages/cheroot/server.py", line 1823, in serve
2024-09-15T22:36:52.591 INFO:journalctl@ceph.mon.a.smithi111.stdout: self._connections.run(self.expiration_interval)
2024-09-15T22:36:52.591 INFO:journalctl@ceph.mon.a.smithi111.stdout: File "/lib/python3.9/site-packages/cheroot/connections.py", line 203, in run
2024-09-15T22:36:52.591 INFO:journalctl@ceph.mon.a.smithi111.stdout: self._run(expiration_interval)
2024-09-15T22:36:52.591 INFO:journalctl@ceph.mon.a.smithi111.stdout: File "/lib/python3.9/site-packages/cheroot/connections.py", line 246, in _run
2024-09-15T22:36:52.591 INFO:journalctl@ceph.mon.a.smithi111.stdout: new_conn = self._from_server_socket(self.server.socket)
2024-09-15T22:36:52.591 INFO:journalctl@ceph.mon.a.smithi111.stdout: File "/lib/python3.9/site-packages/cheroot/connections.py", line 300, in _from_server_socket
2024-09-15T22:36:52.591 INFO:journalctl@ceph.mon.a.smithi111.stdout: s, ssl_env = self.server.ssl_adapter.wrap(s)
2024-09-15T22:36:52.592 INFO:journalctl@ceph.mon.a.smithi111.stdout: File "/lib/python3.9/site-packages/cheroot/ssl/builtin.py", line 277, in wrap
2024-09-15T22:36:52.592 INFO:journalctl@ceph.mon.a.smithi111.stdout: s = self.context.wrap_socket(
2024-09-15T22:36:52.592 INFO:journalctl@ceph.mon.a.smithi111.stdout: File "/lib64/python3.9/ssl.py", line 501, in wrap_socket
2024-09-15T22:36:52.592 INFO:journalctl@ceph.mon.a.smithi111.stdout: return self.sslsocket_class._create(
2024-09-15T22:36:52.592 INFO:journalctl@ceph.mon.a.smithi111.stdout: File "/lib64/python3.9/ssl.py", line 1074, in _create
2024-09-15T22:36:52.592 INFO:journalctl@ceph.mon.a.smithi111.stdout: self.do_handshake()
2024-09-15T22:36:52.592 INFO:journalctl@ceph.mon.a.smithi111.stdout: File "/lib64/python3.9/ssl.py", line 1343, in do_handshake
2024-09-15T22:36:52.592 INFO:journalctl@ceph.mon.a.smithi111.stdout: self._sslobj.do_handshake()
2024-09-15T22:36:52.592 INFO:journalctl@ceph.mon.a.smithi111.stdout: ssl.SSLZeroReturnError: TLS/SSL connection has been closed (EOF) (_ssl.c:1133)
2024-09-15T22:36:52.592 INFO:journalctl@ceph.mon.a.smithi111.stdout:Sep 15 22:36:52 smithi111 ceph-mon[30629]: from='client.14152 -' entity='client.admin' cmd=[{"prefix": "get_command_descriptions"}]: dispatch
2024-09-15T22:36:52.592 INFO:journalctl@ceph.mon.a.smithi111.stdout:Sep 15 22:36:52 smithi111 ceph-mon[30629]: from='client.14152 -' entity='client.admin' cmd=[{"prefix": "mgr_status"}]: dispatch
2024-09-15T22:36:52.592 INFO:journalctl@ceph.mon.a.smithi111.stdout:Sep 15 22:36:52 smithi111 ceph-mon[30629]: [15/Sep/2024:22:36:51] ENGINE Serving on http://172.21.15.111:8765
2024-09-15T22:36:52.592 INFO:journalctl@ceph.mon.a.smithi111.stdout:Sep 15 22:36:52 smithi111 ceph-mon[30629]: [15/Sep/2024:22:36:51] ENGINE Bus STARTED
2024-09-15T22:36:52.592 INFO:journalctl@ceph.mon.a.smithi111.stdout:Sep 15 22:36:52 smithi111 ceph-mon[30629]: from='mgr.14148 172.21.15.111:0/1673667055' entity='mgr.x'
2024-09-15T22:36:52.604 INFO:teuthology.orchestra.run.smithi111.stdout:/usr/bin/ceph: stdout {
2024-09-15T22:36:52.605 INFO:teuthology.orchestra.run.smithi111.stdout:/usr/bin/ceph: stdout "mgrmap_epoch": 11,
2024-09-15T22:36:52.605 INFO:teuthology.orchestra.run.smithi111.stdout:/usr/bin/ceph: stdout "initialized": true
2024-09-15T22:36:52.605 INFO:teuthology.orchestra.run.smithi111.stdout:/usr/bin/ceph: stdout }
2024-09-15T22:36:52.605 INFO:teuthology.orchestra.run.smithi111.stdout:/usr/bin/ceph: stderr
2024-09-15T22:36:48.075+0000 7f3236200640 1 Processor -- start
2024-09-15T22:36:52.605 INFO:teuthology.orchestra.run.smithi111.stdout:/usr/bin/ceph: stderr
2024-09-15T22:36:48.075+0000 7f3236200640 1 -- start start
2024-09-15T22:36:52.605 INFO:teuthology.orchestra.run.smithi111.stdout:/usr/bin/ceph: stderr
2024-09-15T22:36:48.076+0000 7f3236200640 1 --2- >> [v2:172.21.15.111:3300/0,v1:172.21.15.111:6789/0] conn(0x7f32301099c0 0x7f3230109dc0 unknown :-1 s=NONE pgs=0 cs=0 l=0 rev1=0 crypto rx=0 tx=0 comp rx=0 tx=0).connect
2024-09-15T22:36:52.605 INFO:teuthology.orchestra.run.smithi111.stdout:/usr/bin/ceph: stderr
2024-09-15T22:36:48.076+0000 7f3236200640 1 -- --> [v2:172.21.15.111:3300/0,v1:172.21.15.111:6789/0] -- mon_getmap magic: 0 -- 0x7f323010a300 con 0x7f32301099c0
2024-09-15T22:36:52.605 INFO:teuthology.orchestra.run.smithi111.stdout:/usr/bin/ceph: stderr
2024-09-15T22:36:48.076+0000 7f322f400640 1 --2- >> [v2:172.21.15.111:3300/0,v1:172.21.15.111:6789/0] conn(0x7f32301099c0 0x7f3230109dc0 unknown :-1 s=BANNER_CONNECTING pgs=0 cs=0 l=0 rev1=0 crypto rx=0 tx=0 comp rx=0 tx=0)._handle_peer_banner_payload supported=3 required=0
2024-09-15T22:36:52.605 INFO:teuthology.orchestra.run.smithi111.stdout:/usr/bin/ceph: stderr
2024-09-15T22:36:48.076+0000 7f322f400640 1 --2- >> [v2:172.21.15.111:3300/0,v1:172.21.15.111:6789/0] conn(0x7f32301099c0 0x7f3230109dc0 unknown :-1 s=HELLO_CONNECTING pgs=0 cs=0 l=0 rev1=1 crypto rx=0 tx=0 comp rx=0 tx=0).handle_hello peer v2:172.21.15.111:3300/0 says I am v2:172.21.15.111:52430/0 (socket says 172.21.15.111:52430)
2024-09-15T22:36:52.605 INFO:teuthology.orchestra.run.smithi111.stdout:/usr/bin/ceph: stderr
2024-09-15T22:36:48.076+0000 7f322f400640 1 -- 172.21.15.111:0/1638067543 learned_addr learned my addr 172.21.15.111:0/1638067543 (peer_addr_for_me v2:172.21.15.111:0/0)
2024-09-15T22:36:52.605 INFO:teuthology.orchestra.run.smithi111.stdout:/usr/bin/ceph: stderr
2024-09-15T22:36:48.076+0000 7f322f400640 1 -- 172.21.15.111:0/1638067543 --> [v2:172.21.15.111:3300/0,v1:172.21.15.111:6789/0] -- mon_subscribe({config=0+,monmap=0+}) -- 0x7f323010a480 con 0x7f32301099c0
2024-09-15T22:36:52.606 INFO:teuthology.orchestra.run.smithi111.stdout:/usr/bin/ceph: stderr
2024-09-15T22:36:48.077+0000 7f322f400640 1 --2- 172.21.15.111:0/1638067543 >> [v2:172.21.15.111:3300/0,v1:172.21.15.111:6789/0] conn(0x7f32301099c0 0x7f3230109dc0 secure :-1 s=READY pgs=57 cs=0 l=1 rev1=1 crypto rx=0x7f3220009820 tx=0x7f322002a270 comp rx=0 tx=0).ready entity=mon.0 client_cookie=3247c0bb405e5f93 server_cookie=0 in_seq=0 out_seq=0
2024-09-15T22:36:52.606 INFO:teuthology.orchestra.run.smithi111.stdout:/usr/bin/ceph: stderr
2024-09-15T22:36:48.078+0000 7f322e000640 1 -- 172.21.15.111:0/1638067543 <== mon.0 v2:172.21.15.111:3300/0 1 ==== mon_map magic: 0 ==== 205+0+0 (secure 0 0 0) 0x7f3220037070 con 0x7f32301099c0
2024-09-15T22:36:52.606 INFO:teuthology.orchestra.run.smithi111.stdout:/usr/bin/ceph: stderr
2024-09-15T22:36:48.078+0000 7f322e000640 1 -- 172.21.15.111:0/1638067543 <== mon.0 v2:172.21.15.111:3300/0 2 ==== config(27 keys) ==== 1140+0+0 (secure 0 0 0) 0x7f3220032920 con 0x7f32301099c0
2024-09-15T22:36:52.606 INFO:teuthology.orchestra.run.smithi111.stdout:/usr/bin/ceph: stderr
2024-09-15T22:36:48.078+0000 7f322e000640 1 -- 172.21.15.111:0/1638067543 <== mon.0 v2:172.21.15.111:3300/0 3 ==== mon_map magic: 0 ==== 205+0+0 (secure 0 0 0) 0x7f3220030810 con 0x7f32301099c0
2024-09-15T22:36:52.606 INFO:teuthology.orchestra.run.smithi111.stdout:/usr/bin/ceph: stderr
2024-09-15T22:36:48.078+0000 7f3236200640 1 -- 172.21.15.111:0/1638067543 >> [v2:172.21.15.111:3300/0,v1:172.21.15.111:6789/0] conn(0x7f32301099c0 msgr2=0x7f3230109dc0 secure :-1 s=STATE_CONNECTION_ESTABLISHED l=1).mark_down
2024-09-15T22:36:52.606 INFO:teuthology.orchestra.run.smithi111.stdout:/usr/bin/ceph: stderr
2024-09-15T22:36:48.078+0000 7f3236200640 1 --2- 172.21.15.111:0/1638067543 >> [v2:172.21.15.111:3300/0,v1:172.21.15.111:6789/0] conn(0x7f32301099c0 0x7f3230109dc0 secure :-1 s=READY pgs=57 cs=0 l=1 rev1=1 crypto rx=0x7f3220009820 tx=0x7f322002a270 comp rx=0 tx=0).stop
2024-09-15T22:36:52.606 INFO:teuthology.orchestra.run.smithi111.stdout:/usr/bin/ceph: stderr
2024-09-15T22:36:48.078+0000 7f3236200640 1 -- 172.21.15.111:0/1638067543 shutdown_connections
2024-09-15T22:36:52.606 INFO:teuthology.orchestra.run.smithi111.stdout:/usr/bin/ceph: stderr
2024-09-15T22:36:48.078+0000 7f3236200640 1 --2- 172.21.15.111:0/1638067543 >> [v2:172.21.15.111:3300/0,v1:172.21.15.111:6789/0] conn(0x7f32301099c0 0x7f3230109dc0 unknown :-1 s=CLOSED pgs=57 cs=0 l=1 rev1=1 crypto rx=0 tx=0 comp rx=0 tx=0).stop
2024-09-15T22:36:52.606 INFO:teuthology.orchestra.run.smithi111.stdout:/usr/bin/ceph: stderr
2024-09-15T22:36:48.079+0000 7f3236200640 1 -- 172.21.15.111:0/1638067543 >> 172.21.15.111:0/1638067543 conn(0x7f323007d0a0 msgr2=0x7f323007d4b0 unknown :-1 s=STATE_NONE l=0).mark_down
2024-09-15T22:36:52.606 INFO:teuthology.orchestra.run.smithi111.stdout:/usr/bin/ceph: stderr
2024-09-15T22:36:48.079+0000 7f3236200640 1 -- 172.21.15.111:0/1638067543 shutdown_connections
2024-09-15T22:36:52.606 INFO:teuthology.orchestra.run.smithi111.stdout:/usr/bin/ceph: stderr
2024-09-15T22:36:48.079+0000 7f3236200640 1 -- 172.21.15.111:0/1638067543 wait complete.
2024-09-15T22:36:52.607 INFO:teuthology.orchestra.run.smithi111.stdout:/usr/bin/ceph: stderr
2024-09-15T22:36:48.080+0000 7f3236200640 1 Processor -- start
2024-09-15T22:36:52.607 INFO:teuthology.orchestra.run.smithi111.stdout:/usr/bin/ceph: stderr
2024-09-15T22:36:48.080+0000 7f3236200640 1 -- start start
2024-09-15T22:36:52.607 INFO:teuthology.orchestra.run.smithi111.stdout:/usr/bin/ceph: stderr
2024-09-15T22:36:48.080+0000 7f3236200640 1 --2- >> [v2:172.21.15.111:3300/0,v1:172.21.15.111:6789/0] conn(0x7f32301099c0 0x7f323019d980 unknown :-1 s=NONE pgs=0 cs=0 l=1 rev1=0 crypto rx=0 tx=0 comp rx=0 tx=0).connect
2024-09-15T22:36:52.607 INFO:teuthology.orchestra.run.smithi111.stdout:/usr/bin/ceph: stderr
2024-09-15T22:36:48.080+0000 7f3236200640 1 -- --> [v2:172.21.15.111:3300/0,v1:172.21.15.111:6789/0] -- mon_getmap magic: 0 -- 0x7f323010dde0 con 0x7f32301099c0
2024-09-15T22:36:52.607 INFO:teuthology.orchestra.run.smithi111.stdout:/usr/bin/ceph: stderr
2024-09-15T22:36:48.080+0000 7f322f400640 1 --2- >> [v2:172.21.15.111:3300/0,v1:172.21.15.111:6789/0] conn(0x7f32301099c0 0x7f323019d980 unknown :-1 s=BANNER_CONNECTING pgs=0 cs=0 l=1 rev1=0 crypto rx=0 tx=0 comp rx=0 tx=0)._handle_peer_banner_payload supported=3 required=0
2024-09-15T22:36:52.607 INFO:teuthology.orchestra.run.smithi111.stdout:/usr/bin/ceph: stderr
2024-09-15T22:36:48.080+0000 7f322f400640 1 --2- >> [v2:172.21.15.111:3300/0,v1:172.21.15.111:6789/0] conn(0x7f32301099c0 0x7f323019d980 unknown :-1 s=HELLO_CONNECTING pgs=0 cs=0 l=1 rev1=1 crypto rx=0 tx=0 comp rx=0 tx=0).handle_hello peer v2:172.21.15.111:3300/0 says I am v2:172.21.15.111:52446/0 (socket says 172.21.15.111:52446)
2024-09-15T22:36:52.607 INFO:teuthology.orchestra.run.smithi111.stdout:/usr/bin/ceph: stderr
2024-09-15T22:36:48.080+0000 7f322f400640 1 -- 172.21.15.111:0/2350486998 learned_addr learned my addr 172.21.15.111:0/2350486998 (peer_addr_for_me v2:172.21.15.111:0/0)
2024-09-15T22:36:52.607 INFO:teuthology.orchestra.run.smithi111.stdout:/usr/bin/ceph: stderr
2024-09-15T22:36:48.081+0000 7f322f400640 1 -- 172.21.15.111:0/2350486998 --> [v2:172.21.15.111:3300/0,v1:172.21.15.111:6789/0] -- mon_subscribe({config=0+,monmap=0+}) -- 0x7f323019dec0 con 0x7f32301099c0
2024-09-15T22:36:52.607 INFO:teuthology.orchestra.run.smithi111.stdout:/usr/bin/ceph: stderr
2024-09-15T22:36:48.081+0000 7f322f400640 1 --2- 172.21.15.111:0/2350486998 >> [v2:172.21.15.111:3300/0,v1:172.21.15.111:6789/0] conn(0x7f32301099c0 0x7f323019d980 secure :-1 s=READY pgs=58 cs=0 l=1 rev1=1 crypto rx=0x7f32200097f0 tx=0x7f32200327b0 comp rx=0 tx=0).ready entity=mon.0 client_cookie=0 server_cookie=0 in_seq=0 out_seq=0
2024-09-15T22:36:52.607 INFO:teuthology.orchestra.run.smithi111.stdout:/usr/bin/ceph: stderr
2024-09-15T22:36:48.081+0000 7f3227e00640 1 -- 172.21.15.111:0/2350486998 <== mon.0 v2:172.21.15.111:3300/0 1 ==== mon_map magic: 0 ==== 205+0+0 (secure 0 0 0) 0x7f3220037040 con 0x7f32301099c0
2024-09-15T22:36:52.607 INFO:teuthology.orchestra.run.smithi111.stdout:/usr/bin/ceph: stderr
2024-09-15T22:36:48.081+0000 7f3236200640 1 -- 172.21.15.111:0/2350486998 --> [v2:172.21.15.111:3300/0,v1:172.21.15.111:6789/0] -- mon_subscribe({mgrmap=0+}) -- 0x7f323019e150 con 0x7f32301099c0
2024-09-15T22:36:52.607 INFO:teuthology.orchestra.run.smithi111.stdout:/usr/bin/ceph: stderr
2024-09-15T22:36:48.081+0000 7f3227e00640 1 -- 172.21.15.111:0/2350486998 <== mon.0 v2:172.21.15.111:3300/0 2 ==== config(27 keys) ==== 1140+0+0 (secure 0 0 0) 0x7f3220030c40 con 0x7f32301099c0
2024-09-15T22:36:52.607 INFO:teuthology.orchestra.run.smithi111.stdout:/usr/bin/ceph: stderr
2024-09-15T22:36:48.081+0000 7f3227e00640 1 -- 172.21.15.111:0/2350486998 <== mon.0 v2:172.21.15.111:3300/0 3 ==== mon_map magic: 0 ==== 205+0+0 (secure 0 0 0) 0x7f322003a5d0 con 0x7f32301099c0
2024-09-15T22:36:52.607 INFO:teuthology.orchestra.run.smithi111.stdout:/usr/bin/ceph: stderr
2024-09-15T22:36:48.081+0000 7f3236200640 1 -- 172.21.15.111:0/2350486998 --> [v2:172.21.15.111:3300/0,v1:172.21.15.111:6789/0] -- mon_subscribe({osdmap=0}) -- 0x7f32301a0e40 con 0x7f32301099c0
2024-09-15T22:36:52.607 INFO:teuthology.orchestra.run.smithi111.stdout:/usr/bin/ceph: stderr
2024-09-15T22:36:48.083+0000 7f3227e00640 1 -- 172.21.15.111:0/2350486998 <== mon.0 v2:172.21.15.111:3300/0 4 ==== mgrmap(e 9) ==== 46474+0+0 (secure 0 0 0) 0x7f322003b3f0 con 0x7f32301099c0
2024-09-15T22:36:52.608 INFO:teuthology.orchestra.run.smithi111.stdout:/usr/bin/ceph: stderr
2024-09-15T22:36:48.083+0000 7f3227e00640 1 --2- 172.21.15.111:0/2350486998 >> [v2:172.21.15.111:6800/2107775445,v1:172.21.15.111:6801/2107775445] conn(0x7f3214039200 0x7f321403b6c0 unknown :-1 s=NONE pgs=0 cs=0 l=1 rev1=0 crypto rx=0 tx=0 comp rx=0 tx=0).connect
2024-09-15T22:36:52.608 INFO:teuthology.orchestra.run.smithi111.stdout:/usr/bin/ceph: stderr
2024-09-15T22:36:48.083+0000 7f3227e00640 1 -- 172.21.15.111:0/2350486998 --> [v2:172.21.15.111:6800/2107775445,v1:172.21.15.111:6801/2107775445] -- command(tid 0: {"prefix": "get_command_descriptions"}) -- 0x7f321403bdd0 con 0x7f3214039200
2024-09-15T22:36:52.608 INFO:teuthology.orchestra.run.smithi111.stdout:/usr/bin/ceph: stderr
2024-09-15T22:36:48.083+0000 7f3227e00640 1 -- 172.21.15.111:0/2350486998 <== mon.0 v2:172.21.15.111:3300/0 5 ==== osd_map(2..2 src has 1..2) ==== 940+0+0 (secure 0 0 0) 0x7f322006c880 con 0x7f32301099c0
2024-09-15T22:36:52.608 INFO:teuthology.orchestra.run.smithi111.stdout:/usr/bin/ceph: stderr
2024-09-15T22:36:48.083+0000 7f322ea00640 1 -- 172.21.15.111:0/2350486998 >> [v2:172.21.15.111:6800/2107775445,v1:172.21.15.111:6801/2107775445] conn(0x7f3214039200 msgr2=0x7f321403b6c0 unknown :-1 s=STATE_CONNECTING_RE l=1).process reconnect failed to v2:172.21.15.111:6800/2107775445
2024-09-15T22:36:52.608 INFO:teuthology.orchestra.run.smithi111.stdout:/usr/bin/ceph: stderr
2024-09-15T22:36:48.083+0000 7f322ea00640 1 --2- 172.21.15.111:0/2350486998 >> [v2:172.21.15.111:6800/2107775445,v1:172.21.15.111:6801/2107775445] conn(0x7f3214039200 0x7f321403b6c0 unknown :-1 s=START_CONNECT pgs=0 cs=0 l=1 rev1=0 crypto rx=0 tx=0 comp rx=0 tx=0)._fault waiting 0.200000
2024-09-15T22:36:52.608 INFO:teuthology.orchestra.run.smithi111.stdout:/usr/bin/ceph: stderr
2024-09-15T22:36:48.284+0000 7f322ea00640 1 -- 172.21.15.111:0/2350486998 >> [v2:172.21.15.111:6800/2107775445,v1:172.21.15.111:6801/2107775445] conn(0x7f3214039200 msgr2=0x7f321403b6c0 unknown :-1 s=STATE_CONNECTING_RE l=1).process reconnect failed to v2:172.21.15.111:6800/2107775445
2024-09-15T22:36:52.608 INFO:teuthology.orchestra.run.smithi111.stdout:/usr/bin/ceph: stderr
2024-09-15T22:36:48.284+0000 7f322ea00640 1 --2- 172.21.15.111:0/2350486998 >> [v2:172.21.15.111:6800/2107775445,v1:172.21.15.111:6801/2107775445] conn(0x7f3214039200 0x7f321403b6c0 unknown :-1 s=START_CONNECT pgs=0 cs=0 l=1 rev1=0 crypto rx=0 tx=0 comp rx=0 tx=0)._fault waiting 0.400000
2024-09-15T22:36:52.608 INFO:teuthology.orchestra.run.smithi111.stdout:/usr/bin/ceph: stderr
2024-09-15T22:36:48.685+0000 7f322ea00640 1 -- 172.21.15.111:0/2350486998 >> [v2:172.21.15.111:6800/2107775445,v1:172.21.15.111:6801/2107775445] conn(0x7f3214039200 msgr2=0x7f321403b6c0 unknown :-1 s=STATE_CONNECTING_RE l=1).process reconnect failed to v2:172.21.15.111:6800/2107775445
2024-09-15T22:36:52.608 INFO:teuthology.orchestra.run.smithi111.stdout:/usr/bin/ceph: stderr
2024-09-15T22:36:48.685+0000 7f322ea00640 1 --2- 172.21.15.111:0/2350486998 >> [v2:172.21.15.111:6800/2107775445,v1:172.21.15.111:6801/2107775445] conn(0x7f3214039200 0x7f321403b6c0 unknown :-1 s=START_CONNECT pgs=0 cs=0 l=1 rev1=0 crypto rx=0 tx=0 comp rx=0 tx=0)._fault waiting 0.800000
2024-09-15T22:36:52.608 INFO:teuthology.orchestra.run.smithi111.stdout:/usr/bin/ceph: stderr
2024-09-15T22:36:49.486+0000 7f322ea00640 1 -- 172.21.15.111:0/2350486998 >> [v2:172.21.15.111:6800/2107775445,v1:172.21.15.111:6801/2107775445] conn(0x7f3214039200 msgr2=0x7f321403b6c0 unknown :-1 s=STATE_CONNECTING_RE l=1).process reconnect failed to v2:172.21.15.111:6800/2107775445
2024-09-15T22:36:52.608 INFO:teuthology.orchestra.run.smithi111.stdout:/usr/bin/ceph: stderr
2024-09-15T22:36:49.486+0000 7f322ea00640 1 --2- 172.21.15.111:0/2350486998 >> [v2:172.21.15.111:6800/2107775445,v1:172.21.15.111:6801/2107775445] conn(0x7f3214039200 0x7f321403b6c0 unknown :-1 s=START_CONNECT pgs=0 cs=0 l=1 rev1=0 crypto rx=0 tx=0 comp rx=0 tx=0)._fault waiting 1.600000
2024-09-15T22:36:52.608 INFO:teuthology.orchestra.run.smithi111.stdout:/usr/bin/ceph: stderr
2024-09-15T22:36:50.359+0000 7f3227e00640 1 -- 172.21.15.111:0/2350486998 <== mon.0 v2:172.21.15.111:3300/0 6 ==== mgrmap(e 10) ==== 46241+0+0 (secure 0 0 0) 0x7f3220041d10 con 0x7f32301099c0
2024-09-15T22:36:52.608 INFO:teuthology.orchestra.run.smithi111.stdout:/usr/bin/ceph: stderr
2024-09-15T22:36:50.359+0000 7f3227e00640 1 -- 172.21.15.111:0/2350486998 >> [v2:172.21.15.111:6800/2107775445,v1:172.21.15.111:6801/2107775445] conn(0x7f3214039200 msgr2=0x7f321403b6c0 unknown :-1 s=STATE_CONNECTING l=1).mark_down
2024-09-15T22:36:52.609 INFO:teuthology.orchestra.run.smithi111.stdout:/usr/bin/ceph: stderr
2024-09-15T22:36:50.359+0000 7f3227e00640 1 --2- 172.21.15.111:0/2350486998 >> [v2:172.21.15.111:6800/2107775445,v1:172.21.15.111:6801/2107775445] conn(0x7f3214039200 0x7f321403b6c0 unknown :-1 s=START_CONNECT pgs=0 cs=0 l=1 rev1=0 crypto rx=0 tx=0 comp rx=0 tx=0).stop
2024-09-15T22:36:52.609 INFO:teuthology.orchestra.run.smithi111.stdout:/usr/bin/ceph: stderr
2024-09-15T22:36:51.360+0000 7f3227e00640 1 -- 172.21.15.111:0/2350486998 <== mon.0 v2:172.21.15.111:3300/0 7 ==== mgrmap(e 11) ==== 46368+0+0 (secure 0 0 0) 0x7f3220042300 con 0x7f32301099c0
2024-09-15T22:36:52.609 INFO:teuthology.orchestra.run.smithi111.stdout:/usr/bin/ceph: stderr
2024-09-15T22:36:51.361+0000 7f3227e00640 1 --2- 172.21.15.111:0/2350486998 >> [v2:172.21.15.111:6800/3125866964,v1:172.21.15.111:6801/3125866964] conn(0x7f321403ccc0 0x7f321403f0b0 unknown :-1 s=NONE pgs=0 cs=0 l=1 rev1=0 crypto rx=0 tx=0 comp rx=0 tx=0).connect
2024-09-15T22:36:52.609 INFO:teuthology.orchestra.run.smithi111.stdout:/usr/bin/ceph: stderr
2024-09-15T22:36:51.361+0000 7f3227e00640 1 -- 172.21.15.111:0/2350486998 --> [v2:172.21.15.111:6800/3125866964,v1:172.21.15.111:6801/3125866964] -- command(tid 0: {"prefix": "get_command_descriptions"}) -- 0x7f3220047e50 con 0x7f321403ccc0
2024-09-15T22:36:52.609 INFO:teuthology.orchestra.run.smithi111.stdout:/usr/bin/ceph: stderr
2024-09-15T22:36:51.361+0000 7f322ea00640 1 --2- 172.21.15.111:0/2350486998 >> [v2:172.21.15.111:6800/3125866964,v1:172.21.15.111:6801/3125866964] conn(0x7f321403ccc0 0x7f321403f0b0 unknown :-1 s=BANNER_CONNECTING pgs=0 cs=0 l=1 rev1=0 crypto rx=0 tx=0 comp rx=0 tx=0)._handle_peer_banner_payload supported=3 required=0
2024-09-15T22:36:52.609 INFO:teuthology.orchestra.run.smithi111.stdout:/usr/bin/ceph: stderr
2024-09-15T22:36:51.362+0000 7f322ea00640 1 --2- 172.21.15.111:0/2350486998 >> [v2:172.21.15.111:6800/3125866964,v1:172.21.15.111:6801/3125866964] conn(0x7f321403ccc0 0x7f321403f0b0 secure :-1 s=READY pgs=1 cs=0 l=1 rev1=1 crypto rx=0x7f3218003980 tx=0x7f3218006e10 comp rx=0 tx=0).ready entity=mgr.14148 client_cookie=0 server_cookie=0 in_seq=0 out_seq=0
2024-09-15T22:36:52.609 INFO:teuthology.orchestra.run.smithi111.stdout:/usr/bin/ceph: stderr
2024-09-15T22:36:51.363+0000 7f3227e00640 1 -- 172.21.15.111:0/2350486998 <== mgr.14148 v2:172.21.15.111:6800/3125866964 1 ==== command_reply(tid 0: 0 ) ==== 8+0+9564 (secure 0 0 0) 0x7f3220047e50 con 0x7f321403ccc0
2024-09-15T22:36:52.609 INFO:teuthology.orchestra.run.smithi111.stdout:/usr/bin/ceph: stderr
2024-09-15T22:36:51.370+0000 7f3236200640 1 -- 172.21.15.111:0/2350486998 --> [v2:172.21.15.111:6800/3125866964,v1:172.21.15.111:6801/3125866964] -- command(tid 1: {"prefix": "mgr_status"}) -- 0x7f3230109e40 con 0x7f321403ccc0
2024-09-15T22:36:52.609 INFO:teuthology.orchestra.run.smithi111.stdout:/usr/bin/ceph: stderr
2024-09-15T22:36:51.371+0000 7f3227e00640 1 -- 172.21.15.111:0/2350486998 <== mgr.14148 v2:172.21.15.111:6800/3125866964 2 ==== command_reply(tid 1: 0 ) ==== 8+0+52 (secure 0 0 0) 0x7f3230109e40 con 0x7f321403ccc0
2024-09-15T22:36:52.609 INFO:teuthology.orchestra.run.smithi111.stdout:/usr/bin/ceph: stderr
2024-09-15T22:36:51.371+0000 7f3236200640 1 -- 172.21.15.111:0/2350486998 >> [v2:172.21.15.111:6800/3125866964,v1:172.21.15.111:6801/3125866964] conn(0x7f321403ccc0 msgr2=0x7f321403f0b0 secure :-1 s=STATE_CONNECTION_ESTABLISHED l=1).mark_down
2024-09-15T22:36:52.609 INFO:teuthology.orchestra.run.smithi111.stdout:/usr/bin/ceph: stderr
2024-09-15T22:36:51.371+0000 7f3236200640 1 --2- 172.21.15.111:0/2350486998 >> [v2:172.21.15.111:6800/3125866964,v1:172.21.15.111:6801/3125866964] conn(0x7f321403ccc0 0x7f321403f0b0 secure :-1 s=READY pgs=1 cs=0 l=1 rev1=1 crypto rx=0x7f3218003980 tx=0x7f3218006e10 comp rx=0 tx=0).stop
2024-09-15T22:36:52.609 INFO:teuthology.orchestra.run.smithi111.stdout:/usr/bin/ceph: stderr
2024-09-15T22:36:51.371+0000 7f3236200640 1 -- 172.21.15.111:0/2350486998 >> [v2:172.21.15.111:3300/0,v1:172.21.15.111:6789/0] conn(0x7f32301099c0 msgr2=0x7f323019d980 secure :-1 s=STATE_CONNECTION_ESTABLISHED l=1).mark_down
2024-09-15T22:36:52.609 INFO:teuthology.orchestra.run.smithi111.stdout:/usr/bin/ceph: stderr
2024-09-15T22:36:51.371+0000 7f3236200640 1 --2- 172.21.15.111:0/2350486998 >> [v2:172.21.15.111:3300/0,v1:172.21.15.111:6789/0] conn(0x7f32301099c0 0x7f323019d980 secure :-1 s=READY pgs=58 cs=0 l=1 rev1=1 crypto rx=0x7f32200097f0 tx=0x7f32200327b0 comp rx=0 tx=0).stop
2024-09-15T22:36:52.609 INFO:teuthology.orchestra.run.smithi111.stdout:/usr/bin/ceph: stderr
2024-09-15T22:36:51.371+0000 7f3236200640 1 -- 172.21.15.111:0/2350486998 shutdown_connections
2024-09-15T22:36:52.610 INFO:teuthology.orchestra.run.smithi111.stdout:/usr/bin/ceph: stderr
2024-09-15T22:36:51.371+0000 7f3236200640 1 --2- 172.21.15.111:0/2350486998 >> [v2:172.21.15.111:6800/3125866964,v1:172.21.15.111:6801/3125866964] conn(0x7f321403ccc0 0x7f321403f0b0 unknown :-1 s=CLOSED pgs=1 cs=0 l=1 rev1=1 crypto rx=0 tx=0 comp rx=0 tx=0).stop
2024-09-15T22:36:52.610 INFO:teuthology.orchestra.run.smithi111.stdout:/usr/bin/ceph: stderr
2024-09-15T22:36:51.371+0000 7f3236200640 1 --2- 172.21.15.111:0/2350486998 >> [v2:172.21.15.111:6800/2107775445,v1:172.21.15.111:6801/2107775445] conn(0x7f3214039200 0x7f321403b6c0 unknown :-1 s=CLOSED pgs=0 cs=0 l=1 rev1=0 crypto rx=0 tx=0 comp rx=0 tx=0).stop
2024-09-15T22:36:52.610 INFO:teuthology.orchestra.run.smithi111.stdout:/usr/bin/ceph: stderr
2024-09-15T22:36:51.371+0000 7f3236200640 1 --2- 172.21.15.111:0/2350486998 >> [v2:172.21.15.111:3300/0,v1:172.21.15.111:6789/0] conn(0x7f32301099c0 0x7f323019d980 unknown :-1 s=CLOSED pgs=58 cs=0 l=1 rev1=1 crypto rx=0 tx=0 comp rx=0 tx=0).stop
2024-09-15T22:36:52.610 INFO:teuthology.orchestra.run.smithi111.stdout:/usr/bin/ceph: stderr
2024-09-15T22:36:51.371+0000 7f3236200640 1 -- 172.21.15.111:0/2350486998 >> 172.21.15.111:0/2350486998 conn(0x7f323007d0a0 msgr2=0x7f3230107520 unknown :-1 s=STATE_NONE l=0).mark_down
2024-09-15T22:36:52.610 INFO:teuthology.orchestra.run.smithi111.stdout:/usr/bin/ceph: stderr
2024-09-15T22:36:51.371+0000 7f3236200640 1 -- 172.21.15.111:0/2350486998 shutdown_connections
2024-09-15T22:36:52.610 INFO:teuthology.orchestra.run.smithi111.stdout:/usr/bin/ceph: stderr
2024-09-15T22:36:51.371+0000 7f3236200640 1 -- 172.21.15.111:0/2350486998 wait complete.
2024-09-15T22:36:52.610 INFO:teuthology.orchestra.run.smithi111.stdout:mgr epoch 9 is available
2024-09-15T22:36:52.610 INFO:teuthology.orchestra.run.smithi111.stdout:Generating a dashboard self-signed certificate...
2024-09-15T22:36:54.040 INFO:teuthology.orchestra.run.smithi111.stdout:/usr/bin/ceph: stdout Self-signed certificate created
2024-09-15T22:36:54.040 INFO:teuthology.orchestra.run.smithi111.stdout:/usr/bin/ceph: stderr
