2024-09-15T23:01:54.018+0000 7fa4ed452640 1 -- 172.21.15.38:0/3394518696 shutdown_connections
2024-09-15T23:01:54.760 INFO:teuthology.orchestra.run.smithi038.stdout:/usr/bin/ceph: stderr
2024-09-15T23:01:54.018+0000 7fa4ed452640 1 -- 172.21.15.38:0/3394518696 wait complete.
2024-09-15T23:01:54.760 INFO:teuthology.orchestra.run.smithi038.stdout:Fetching dashboard port number...
2024-09-15T23:01:56.092 INFO:journalctl@ceph.mon.a.smithi038.stdout:Sep 15 23:01:55 smithi038 ceph-mon[30975]: from='client.? 172.21.15.38:0/267629649' entity='client.admin' cmd=[{"prefix": "config get", "who": "mgr", "key": "mgr/dashboard/ssl_server_port"}]: dispatch
2024-09-15T23:01:56.459 INFO:teuthology.orchestra.run.smithi038.stdout:/usr/bin/ceph: stdout 8443
2024-09-15T23:01:56.459 INFO:teuthology.orchestra.run.smithi038.stdout:/usr/bin/ceph: stderr
2024-09-15T23:01:55.671+0000 7ff0f8832640 1 Processor -- start
2024-09-15T23:01:56.459 INFO:teuthology.orchestra.run.smithi038.stdout:/usr/bin/ceph: stderr
2024-09-15T23:01:55.671+0000 7ff0f8832640 1 -- start start
2024-09-15T23:01:56.459 INFO:teuthology.orchestra.run.smithi038.stdout:/usr/bin/ceph: stderr
2024-09-15T23:01:55.671+0000 7ff0f8832640 1 --2- >> [v2:172.21.15.38:3300/0,v1:172.21.15.38:6789/0] conn(0x7ff0f407de20 0x7ff0f407c2d0 unknown :-1 s=NONE pgs=0 cs=0 l=0 rev1=0 crypto rx=0 tx=0 comp rx=0 tx=0).connect
2024-09-15T23:01:56.459 INFO:teuthology.orchestra.run.smithi038.stdout:/usr/bin/ceph: stderr
2024-09-15T23:01:55.671+0000 7ff0f8832640 1 -- --> [v2:172.21.15.38:3300/0,v1:172.21.15.38:6789/0] -- mon_getmap magic: 0 -- 0x7ff0f407c810 con 0x7ff0f407de20
2024-09-15T23:01:56.459 INFO:teuthology.orchestra.run.smithi038.stdout:/usr/bin/ceph: stderr
2024-09-15T23:01:55.671+0000 7ff0f259c640 1 --2- >> [v2:172.21.15.38:3300/0,v1:172.21.15.38:6789/0] conn(0x7ff0f407de20 0x7ff0f407c2d0 unknown :-1 s=BANNER_CONNECTING pgs=0 cs=0 l=0 rev1=0 crypto rx=0 tx=0 comp rx=0 tx=0)._handle_peer_banner_payload supported=3 required=0
2024-09-15T23:01:56.459 INFO:teuthology.orchestra.run.smithi038.stdout:/usr/bin/ceph: stderr
2024-09-15T23:01:55.671+0000 7ff0f259c640 1 --2- >> [v2:172.21.15.38:3300/0,v1:172.21.15.38:6789/0] conn(0x7ff0f407de20 0x7ff0f407c2d0 unknown :-1 s=HELLO_CONNECTING pgs=0 cs=0 l=0 rev1=1 crypto rx=0 tx=0 comp rx=0 tx=0).handle_hello peer v2:172.21.15.38:3300/0 says I am v2:172.21.15.38:33038/0 (socket says 172.21.15.38:33038)
2024-09-15T23:01:56.459 INFO:teuthology.orchestra.run.smithi038.stdout:/usr/bin/ceph: stderr
2024-09-15T23:01:55.671+0000 7ff0f259c640 1 -- 172.21.15.38:0/3660641249 learned_addr learned my addr 172.21.15.38:0/3660641249 (peer_addr_for_me v2:172.21.15.38:0/0)
2024-09-15T23:01:56.459 INFO:teuthology.orchestra.run.smithi038.stdout:/usr/bin/ceph: stderr
2024-09-15T23:01:55.671+0000 7ff0f259c640 1 -- 172.21.15.38:0/3660641249 --> [v2:172.21.15.38:3300/0,v1:172.21.15.38:6789/0] -- mon_subscribe({config=0+,monmap=0+}) -- 0x7ff0f407c990 con 0x7ff0f407de20
2024-09-15T23:01:56.460 INFO:teuthology.orchestra.run.smithi038.stdout:/usr/bin/ceph: stderr
2024-09-15T23:01:55.672+0000 7ff0f259c640 1 --2- 172.21.15.38:0/3660641249 >> [v2:172.21.15.38:3300/0,v1:172.21.15.38:6789/0] conn(0x7ff0f407de20 0x7ff0f407c2d0 secure :-1 s=READY pgs=70 cs=0 l=1 rev1=1 crypto rx=0x7ff0e4009820 tx=0x7ff0e402a300 comp rx=0 tx=0).ready entity=mon.0 client_cookie=57b1878bb1af3305 server_cookie=0 in_seq=0 out_seq=0
2024-09-15T23:01:56.460 INFO:teuthology.orchestra.run.smithi038.stdout:/usr/bin/ceph: stderr
2024-09-15T23:01:55.672+0000 7ff0f159a640 1 -- 172.21.15.38:0/3660641249 <== mon.0 v2:172.21.15.38:3300/0 1 ==== mon_map magic: 0 ==== 205+0+0 (secure 0 0 0) 0x7ff0e4037070 con 0x7ff0f407de20
2024-09-15T23:01:56.460 INFO:teuthology.orchestra.run.smithi038.stdout:/usr/bin/ceph: stderr
2024-09-15T23:01:55.672+0000 7ff0f159a640 1 -- 172.21.15.38:0/3660641249 <== mon.0 v2:172.21.15.38:3300/0 2 ==== config(27 keys) ==== 1140+0+0 (secure 0 0 0) 0x7ff0e4032920 con 0x7ff0f407de20
2024-09-15T23:01:56.460 INFO:teuthology.orchestra.run.smithi038.stdout:/usr/bin/ceph: stderr
2024-09-15T23:01:55.672+0000 7ff0f159a640 1 -- 172.21.15.38:0/3660641249 <== mon.0 v2:172.21.15.38:3300/0 3 ==== mon_map magic: 0 ==== 205+0+0 (secure 0 0 0) 0x7ff0e4030890 con 0x7ff0f407de20
2024-09-15T23:01:56.460 INFO:teuthology.orchestra.run.smithi038.stdout:/usr/bin/ceph: stderr
2024-09-15T23:01:55.673+0000 7ff0f8832640 1 -- 172.21.15.38:0/3660641249 >> [v2:172.21.15.38:3300/0,v1:172.21.15.38:6789/0] conn(0x7ff0f407de20 msgr2=0x7ff0f407c2d0 secure :-1 s=STATE_CONNECTION_ESTABLISHED l=1).mark_down
2024-09-15T23:01:56.460 INFO:teuthology.orchestra.run.smithi038.stdout:/usr/bin/ceph: stderr
2024-09-15T23:01:55.673+0000 7ff0f8832640 1 --2- 172.21.15.38:0/3660641249 >> [v2:172.21.15.38:3300/0,v1:172.21.15.38:6789/0] conn(0x7ff0f407de20 0x7ff0f407c2d0 secure :-1 s=READY pgs=70 cs=0 l=1 rev1=1 crypto rx=0x7ff0e4009820 tx=0x7ff0e402a300 comp rx=0 tx=0).stop
2024-09-15T23:01:56.460 INFO:teuthology.orchestra.run.smithi038.stdout:/usr/bin/ceph: stderr
2024-09-15T23:01:55.673+0000 7ff0f8832640 1 -- 172.21.15.38:0/3660641249 shutdown_connections
2024-09-15T23:01:56.460 INFO:teuthology.orchestra.run.smithi038.stdout:/usr/bin/ceph: stderr
2024-09-15T23:01:55.673+0000 7ff0f8832640 1 --2- 172.21.15.38:0/3660641249 >> [v2:172.21.15.38:3300/0,v1:172.21.15.38:6789/0] conn(0x7ff0f407de20 0x7ff0f407c2d0 unknown :-1 s=CLOSED pgs=70 cs=0 l=1 rev1=1 crypto rx=0 tx=0 comp rx=0 tx=0).stop
2024-09-15T23:01:56.460 INFO:teuthology.orchestra.run.smithi038.stdout:/usr/bin/ceph: stderr
2024-09-15T23:01:55.673+0000 7ff0f8832640 1 -- 172.21.15.38:0/3660641249 >> 172.21.15.38:0/3660641249 conn(0x7ff0f4102ce0 msgr2=0x7ff0f4105100 unknown :-1 s=STATE_NONE l=0).mark_down
2024-09-15T23:01:56.460 INFO:teuthology.orchestra.run.smithi038.stdout:/usr/bin/ceph: stderr
2024-09-15T23:01:55.673+0000 7ff0f8832640 1 -- 172.21.15.38:0/3660641249 shutdown_connections
2024-09-15T23:01:56.460 INFO:teuthology.orchestra.run.smithi038.stdout:/usr/bin/ceph: stderr
2024-09-15T23:01:55.673+0000 7ff0f8832640 1 -- 172.21.15.38:0/3660641249 wait complete.
2024-09-15T23:01:56.460 INFO:teuthology.orchestra.run.smithi038.stdout:/usr/bin/ceph: stderr
2024-09-15T23:01:55.674+0000 7ff0f8832640 1 Processor -- start
2024-09-15T23:01:56.460 INFO:teuthology.orchestra.run.smithi038.stdout:/usr/bin/ceph: stderr
2024-09-15T23:01:55.674+0000 7ff0f8832640 1 -- start start
2024-09-15T23:01:56.461 INFO:teuthology.orchestra.run.smithi038.stdout:/usr/bin/ceph: stderr
2024-09-15T23:01:55.674+0000 7ff0f8832640 1 --2- >> [v2:172.21.15.38:3300/0,v1:172.21.15.38:6789/0] conn(0x7ff0f407de20 0x7ff0f419d6e0 unknown :-1 s=NONE pgs=0 cs=0 l=1 rev1=0 crypto rx=0 tx=0 comp rx=0 tx=0).connect
2024-09-15T23:01:56.461 INFO:teuthology.orchestra.run.smithi038.stdout:/usr/bin/ceph: stderr
2024-09-15T23:01:55.674+0000 7ff0f8832640 1 -- --> [v2:172.21.15.38:3300/0,v1:172.21.15.38:6789/0] -- mon_getmap magic: 0 -- 0x7ff0f410db20 con 0x7ff0f407de20
2024-09-15T23:01:56.461 INFO:teuthology.orchestra.run.smithi038.stdout:/usr/bin/ceph: stderr
2024-09-15T23:01:55.674+0000 7ff0f259c640 1 --2- >> [v2:172.21.15.38:3300/0,v1:172.21.15.38:6789/0] conn(0x7ff0f407de20 0x7ff0f419d6e0 unknown :-1 s=BANNER_CONNECTING pgs=0 cs=0 l=1 rev1=0 crypto rx=0 tx=0 comp rx=0 tx=0)._handle_peer_banner_payload supported=3 required=0
2024-09-15T23:01:56.461 INFO:teuthology.orchestra.run.smithi038.stdout:/usr/bin/ceph: stderr
2024-09-15T23:01:55.674+0000 7ff0f259c640 1 --2- >> [v2:172.21.15.38:3300/0,v1:172.21.15.38:6789/0] conn(0x7ff0f407de20 0x7ff0f419d6e0 unknown :-1 s=HELLO_CONNECTING pgs=0 cs=0 l=1 rev1=1 crypto rx=0 tx=0 comp rx=0 tx=0).handle_hello peer v2:172.21.15.38:3300/0 says I am v2:172.21.15.38:33044/0 (socket says 172.21.15.38:33044)
2024-09-15T23:01:56.461 INFO:teuthology.orchestra.run.smithi038.stdout:/usr/bin/ceph: stderr
2024-09-15T23:01:55.674+0000 7ff0f259c640 1 -- 172.21.15.38:0/267629649 learned_addr learned my addr 172.21.15.38:0/267629649 (peer_addr_for_me v2:172.21.15.38:0/0)
2024-09-15T23:01:56.461 INFO:teuthology.orchestra.run.smithi038.stdout:/usr/bin/ceph: stderr
2024-09-15T23:01:55.675+0000 7ff0f259c640 1 -- 172.21.15.38:0/267629649 --> [v2:172.21.15.38:3300/0,v1:172.21.15.38:6789/0] -- mon_subscribe({config=0+,monmap=0+}) -- 0x7ff0f419dc20 con 0x7ff0f407de20
2024-09-15T23:01:56.461 INFO:teuthology.orchestra.run.smithi038.stdout:/usr/bin/ceph: stderr
2024-09-15T23:01:55.675+0000 7ff0f259c640 1 --2- 172.21.15.38:0/267629649 >> [v2:172.21.15.38:3300/0,v1:172.21.15.38:6789/0] conn(0x7ff0f407de20 0x7ff0f419d6e0 secure :-1 s=READY pgs=71 cs=0 l=1 rev1=1 crypto rx=0x7ff0e402a820 tx=0x7ff0e40308b0 comp rx=0 tx=0).ready entity=mon.0 client_cookie=0 server_cookie=0 in_seq=0 out_seq=0
2024-09-15T23:01:56.461 INFO:teuthology.orchestra.run.smithi038.stdout:/usr/bin/ceph: stderr
2024-09-15T23:01:55.675+0000 7ff0e37fe640 1 -- 172.21.15.38:0/267629649 <== mon.0 v2:172.21.15.38:3300/0 1 ==== mon_map magic: 0 ==== 205+0+0 (secure 0 0 0) 0x7ff0e4037040 con 0x7ff0f407de20
2024-09-15T23:01:56.461 INFO:teuthology.orchestra.run.smithi038.stdout:/usr/bin/ceph: stderr
2024-09-15T23:01:55.675+0000 7ff0e37fe640 1 -- 172.21.15.38:0/267629649 <== mon.0 v2:172.21.15.38:3300/0 2 ==== config(27 keys) ==== 1140+0+0 (secure 0 0 0) 0x7ff0e4040070 con 0x7ff0f407de20
2024-09-15T23:01:56.461 INFO:teuthology.orchestra.run.smithi038.stdout:/usr/bin/ceph: stderr
2024-09-15T23:01:55.675+0000 7ff0f8832640 1 -- 172.21.15.38:0/267629649 --> [v2:172.21.15.38:3300/0,v1:172.21.15.38:6789/0] -- mon_subscribe({mgrmap=0+}) -- 0x7ff0f419deb0 con 0x7ff0f407de20
2024-09-15T23:01:56.461 INFO:teuthology.orchestra.run.smithi038.stdout:/usr/bin/ceph: stderr
2024-09-15T23:01:55.675+0000 7ff0e37fe640 1 -- 172.21.15.38:0/267629649 <== mon.0 v2:172.21.15.38:3300/0 3 ==== mon_map magic: 0 ==== 205+0+0 (secure 0 0 0) 0x7ff0e403a390 con 0x7ff0f407de20
2024-09-15T23:01:56.461 INFO:teuthology.orchestra.run.smithi038.stdout:/usr/bin/ceph: stderr
2024-09-15T23:01:55.675+0000 7ff0f8832640 1 -- 172.21.15.38:0/267629649 --> [v2:172.21.15.38:3300/0,v1:172.21.15.38:6789/0] -- mon_subscribe({osdmap=0}) -- 0x7ff0f41a0ba0 con 0x7ff0f407de20
2024-09-15T23:01:56.461 INFO:teuthology.orchestra.run.smithi038.stdout:/usr/bin/ceph: stderr
2024-09-15T23:01:55.676+0000 7ff0e37fe640 1 -- 172.21.15.38:0/267629649 <== mon.0 v2:172.21.15.38:3300/0 4 ==== mgrmap(e 12) ==== 46474+0+0 (secure 0 0 0) 0x7ff0e403a630 con 0x7ff0f407de20
2024-09-15T23:01:56.462 INFO:teuthology.orchestra.run.smithi038.stdout:/usr/bin/ceph: stderr
2024-09-15T23:01:55.676+0000 7ff0f8832640 1 -- 172.21.15.38:0/267629649 --> [v2:172.21.15.38:3300/0,v1:172.21.15.38:6789/0] -- mon_command({"prefix": "get_command_descriptions"} v 0) -- 0x7ff0f407c350 con 0x7ff0f407de20
2024-09-15T23:01:56.462 INFO:teuthology.orchestra.run.smithi038.stdout:/usr/bin/ceph: stderr
2024-09-15T23:01:55.676+0000 7ff0e37fe640 1 --2- 172.21.15.38:0/267629649 >> [v2:172.21.15.38:6800/3982414832,v1:172.21.15.38:6801/3982414832] conn(0x7ff0dc039200 0x7ff0dc03b6c0 unknown :-1 s=NONE pgs=0 cs=0 l=1 rev1=0 crypto rx=0 tx=0 comp rx=0 tx=0).connect
2024-09-15T23:01:56.462 INFO:teuthology.orchestra.run.smithi038.stdout:/usr/bin/ceph: stderr
2024-09-15T23:01:55.676+0000 7ff0e37fe640 1 -- 172.21.15.38:0/267629649 <== mon.0 v2:172.21.15.38:3300/0 5 ==== osd_map(3..3 src has 1..3) ==== 1155+0+0 (secure 0 0 0) 0x7ff0e406c680 con 0x7ff0f407de20
2024-09-15T23:01:56.462 INFO:teuthology.orchestra.run.smithi038.stdout:/usr/bin/ceph: stderr
2024-09-15T23:01:55.676+0000 7ff0f1d9b640 1 --2- 172.21.15.38:0/267629649 >> [v2:172.21.15.38:6800/3982414832,v1:172.21.15.38:6801/3982414832] conn(0x7ff0dc039200 0x7ff0dc03b6c0 unknown :-1 s=BANNER_CONNECTING pgs=0 cs=0 l=1 rev1=0 crypto rx=0 tx=0 comp rx=0 tx=0)._handle_peer_banner_payload supported=3 required=0
2024-09-15T23:01:56.462 INFO:teuthology.orchestra.run.smithi038.stdout:/usr/bin/ceph: stderr
2024-09-15T23:01:55.677+0000 7ff0f1d9b640 1 --2- 172.21.15.38:0/267629649 >> [v2:172.21.15.38:6800/3982414832,v1:172.21.15.38:6801/3982414832] conn(0x7ff0dc039200 0x7ff0dc03b6c0 secure :-1 s=READY pgs=9 cs=0 l=1 rev1=1 crypto rx=0x7ff0e80098c0 tx=0x7ff0e8006db0 comp rx=0 tx=0).ready entity=mgr.14148 client_cookie=0 server_cookie=0 in_seq=0 out_seq=0
2024-09-15T23:01:56.462 INFO:teuthology.orchestra.run.smithi038.stdout:/usr/bin/ceph: stderr
2024-09-15T23:01:55.681+0000 7ff0e37fe640 1 -- 172.21.15.38:0/267629649 <== mon.0 v2:172.21.15.38:3300/0 6 ==== mon_command_ack([{"prefix": "get_command_descriptions"}]=0 v0) ==== 72+0+188821 (secure 0 0 0) 0x7ff0e4041270 con 0x7ff0f407de20
2024-09-15T23:01:56.462 INFO:teuthology.orchestra.run.smithi038.stdout:/usr/bin/ceph: stderr
2024-09-15T23:01:55.858+0000 7ff0f8832640 1 -- 172.21.15.38:0/267629649 --> [v2:172.21.15.38:3300/0,v1:172.21.15.38:6789/0] -- mon_command({"prefix": "config get", "who": "mgr", "key": "mgr/dashboard/ssl_server_port"} v 0) -- 0x7ff0f41a1190 con 0x7ff0f407de20
2024-09-15T23:01:56.462 INFO:teuthology.orchestra.run.smithi038.stdout:/usr/bin/ceph: stderr
2024-09-15T23:01:55.858+0000 7ff0e37fe640 1 -- 172.21.15.38:0/267629649 <== mon.0 v2:172.21.15.38:3300/0 7 ==== mon_command_ack([{"prefix": "config get", "who": "mgr", "key": "mgr/dashboard/ssl_server_port"}]=0 v8) ==== 112+0+5 (secure 0 0 0) 0x7ff0e4043bf0 con 0x7ff0f407de20
2024-09-15T23:01:56.462 INFO:teuthology.orchestra.run.smithi038.stdout:/usr/bin/ceph: stderr
2024-09-15T23:01:55.860+0000 7ff0f8832640 1 -- 172.21.15.38:0/267629649 >> [v2:172.21.15.38:6800/3982414832,v1:172.21.15.38:6801/3982414832] conn(0x7ff0dc039200 msgr2=0x7ff0dc03b6c0 secure :-1 s=STATE_CONNECTION_ESTABLISHED l=1).mark_down
2024-09-15T23:01:56.462 INFO:teuthology.orchestra.run.smithi038.stdout:/usr/bin/ceph: stderr
2024-09-15T23:01:55.860+0000 7ff0f8832640 1 --2- 172.21.15.38:0/267629649 >> [v2:172.21.15.38:6800/3982414832,v1:172.21.15.38:6801/3982414832] conn(0x7ff0dc039200 0x7ff0dc03b6c0 secure :-1 s=READY pgs=9 cs=0 l=1 rev1=1 crypto rx=0x7ff0e80098c0 tx=0x7ff0e8006db0 comp rx=0 tx=0).stop
2024-09-15T23:01:56.462 INFO:teuthology.orchestra.run.smithi038.stdout:/usr/bin/ceph: stderr
2024-09-15T23:01:55.860+0000 7ff0f8832640 1 -- 172.21.15.38:0/267629649 >> [v2:172.21.15.38:3300/0,v1:172.21.15.38:6789/0] conn(0x7ff0f407de20 msgr2=0x7ff0f419d6e0 secure :-1 s=STATE_CONNECTION_ESTABLISHED l=1).mark_down
2024-09-15T23:01:56.462 INFO:teuthology.orchestra.run.smithi038.stdout:/usr/bin/ceph: stderr
2024-09-15T23:01:55.860+0000 7ff0f8832640 1 --2- 172.21.15.38:0/267629649 >> [v2:172.21.15.38:3300/0,v1:172.21.15.38:6789/0] conn(0x7ff0f407de20 0x7ff0f419d6e0 secure :-1 s=READY pgs=71 cs=0 l=1 rev1=1 crypto rx=0x7ff0e402a820 tx=0x7ff0e40308b0 comp rx=0 tx=0).stop
2024-09-15T23:01:56.462 INFO:teuthology.orchestra.run.smithi038.stdout:/usr/bin/ceph: stderr
2024-09-15T23:01:55.860+0000 7ff0f8832640 1 -- 172.21.15.38:0/267629649 shutdown_connections
2024-09-15T23:01:56.462 INFO:teuthology.orchestra.run.smithi038.stdout:/usr/bin/ceph: stderr
2024-09-15T23:01:55.860+0000 7ff0f8832640 1 --2- 172.21.15.38:0/267629649 >> [v2:172.21.15.38:6800/3982414832,v1:172.21.15.38:6801/3982414832] conn(0x7ff0dc039200 0x7ff0dc03b6c0 unknown :-1 s=CLOSED pgs=9 cs=0 l=1 rev1=1 crypto rx=0 tx=0 comp rx=0 tx=0).stop
2024-09-15T23:01:56.463 INFO:teuthology.orchestra.run.smithi038.stdout:/usr/bin/ceph: stderr
2024-09-15T23:01:55.860+0000 7ff0f8832640 1 --2- 172.21.15.38:0/267629649 >> [v2:172.21.15.38:3300/0,v1:172.21.15.38:6789/0] conn(0x7ff0f407de20 0x7ff0f419d6e0 unknown :-1 s=CLOSED pgs=71 cs=0 l=1 rev1=1 crypto rx=0 tx=0 comp rx=0 tx=0).stop
2024-09-15T23:01:56.463 INFO:teuthology.orchestra.run.smithi038.stdout:/usr/bin/ceph: stderr
2024-09-15T23:01:55.860+0000 7ff0f8832640 1 -- 172.21.15.38:0/267629649 >> 172.21.15.38:0/267629649 conn(0x7ff0f4102ce0 msgr2=0x7ff0f4103850 unknown :-1 s=STATE_NONE l=0).mark_down
2024-09-15T23:01:56.463 INFO:teuthology.orchestra.run.smithi038.stdout:/usr/bin/ceph: stderr
2024-09-15T23:01:55.860+0000 7ff0f8832640 1 -- 172.21.15.38:0/267629649 shutdown_connections
2024-09-15T23:01:56.463 INFO:teuthology.orchestra.run.smithi038.stdout:/usr/bin/ceph: stderr
2024-09-15T23:01:55.860+0000 7ff0f8832640 1 -- 172.21.15.38:0/267629649 wait complete.
2024-09-15T23:01:56.468 INFO:teuthology.orchestra.run.smithi038.stdout:Non-zero exit code 1 from systemctl is-enabled firewalld.service
2024-09-15T23:01:56.468 INFO:teuthology.orchestra.run.smithi038.stdout:systemctl: stdout disabled
2024-09-15T23:01:56.476 INFO:teuthology.orchestra.run.smithi038.stdout:Non-zero exit code 3 from systemctl is-active firewalld.service
2024-09-15T23:01:56.476 INFO:teuthology.orchestra.run.smithi038.stdout:systemctl: stdout inactive
2024-09-15T23:01:56.476 INFO:teuthology.orchestra.run.smithi038.stdout:firewalld.service is not enabled
2024-09-15T23:01:56.476 INFO:teuthology.orchestra.run.smithi038.stdout:Not possible to open ports <[8443]>. firewalld.service is not available
2024-09-15T23:01:56.478 INFO:teuthology.orchestra.run.smithi038.stdout:Ceph Dashboard is now available at:
2024-09-15T23:01:56.478 INFO:teuthology.orchestra.run.smithi038.stdout:
2024-09-15T23:01:56.478 INFO:teuthology.orchestra.run.smithi038.stdout: URL: https://smithi038.front.sepia.ceph.com:8443/
2024-09-15T23:01:56.478 INFO:teuthology.orchestra.run.smithi038.stdout: User: admin
2024-09-15T23:01:56.478 INFO:teuthology.orchestra.run.smithi038.stdout: Password: qypiri6fz9
2024-09-15T23:01:56.478 INFO:teuthology.orchestra.run.smithi038.stdout:
2024-09-15T23:01:56.479 INFO:teuthology.orchestra.run.smithi038.stdout:Saving cluster configuration to /var/lib/ceph/3974786e-73b6-11ef-bceb-c7b262605968/config directory
2024-09-15T23:01:57.161 INFO:journalctl@ceph.mon.a.smithi038.stdout:Sep 15 23:01:56 smithi038 ceph-mon[30975]: mgrmap e13: x(active, since 6s)
2024-09-15T23:01:57.716 INFO:teuthology.orchestra.run.smithi038.stdout:/usr/bin/ceph: stderr
2024-09-15T23:01:56.882+0000 7f4e39b66640 1 Processor -- start
2024-09-15T23:01:57.717 INFO:teuthology.orchestra.run.smithi038.stdout:/usr/bin/ceph: stderr
2024-09-15T23:01:56.882+0000 7f4e39b66640 1 -- start start
2024-09-15T23:01:57.717 INFO:teuthology.orchestra.run.smithi038.stdout:/usr/bin/ceph: stderr
2024-09-15T23:01:56.882+0000 7f4e39b66640 1 --2- >> [v2:172.21.15.38:3300/0,v1:172.21.15.38:6789/0] conn(0x7f4e3407de00 0x7f4e3407c2b0 unknown :-1 s=NONE pgs=0 cs=0 l=0 rev1=0 crypto rx=0 tx=0 comp rx=0 tx=0).connect
2024-09-15T23:01:57.717 INFO:teuthology.orchestra.run.smithi038.stdout:/usr/bin/ceph: stderr
2024-09-15T23:01:56.882+0000 7f4e39b66640 1 -- --> [v2:172.21.15.38:3300/0,v1:172.21.15.38:6789/0] -- mon_getmap magic: 0 -- 0x7f4e3407c7f0 con 0x7f4e3407de00
2024-09-15T23:01:57.717 INFO:teuthology.orchestra.run.smithi038.stdout:/usr/bin/ceph: stderr
2024-09-15T23:01:56.883+0000 7f4e337fe640 1 --2- >> [v2:172.21.15.38:3300/0,v1:172.21.15.38:6789/0] conn(0x7f4e3407de00 0x7f4e3407c2b0 unknown :-1 s=BANNER_CONNECTING pgs=0 cs=0 l=0 rev1=0 crypto rx=0 tx=0 comp rx=0 tx=0)._handle_peer_banner_payload supported=3 required=0
2024-09-15T23:01:57.717 INFO:teuthology.orchestra.run.smithi038.stdout:/usr/bin/ceph: stderr
2024-09-15T23:01:56.883+0000 7f4e337fe640 1 --2- >> [v2:172.21.15.38:3300/0,v1:172.21.15.38:6789/0] conn(0x7f4e3407de00 0x7f4e3407c2b0 unknown :-1 s=HELLO_CONNECTING pgs=0 cs=0 l=0 rev1=1 crypto rx=0 tx=0 comp rx=0 tx=0).handle_hello peer v2:172.21.15.38:3300/0 says I am v2:172.21.15.38:33048/0 (socket says 172.21.15.38:33048)
2024-09-15T23:01:57.717 INFO:teuthology.orchestra.run.smithi038.stdout:/usr/bin/ceph: stderr
2024-09-15T23:01:56.883+0000 7f4e337fe640 1 -- 172.21.15.38:0/3656672799 learned_addr learned my addr 172.21.15.38:0/3656672799 (peer_addr_for_me v2:172.21.15.38:0/0)
2024-09-15T23:01:57.717 INFO:teuthology.orchestra.run.smithi038.stdout:/usr/bin/ceph: stderr
2024-09-15T23:01:56.883+0000 7f4e337fe640 1 -- 172.21.15.38:0/3656672799 --> [v2:172.21.15.38:3300/0,v1:172.21.15.38:6789/0] -- mon_subscribe({config=0+,monmap=0+}) -- 0x7f4e3407c970 con 0x7f4e3407de00
2024-09-15T23:01:57.717 INFO:teuthology.orchestra.run.smithi038.stdout:/usr/bin/ceph: stderr
2024-09-15T23:01:56.884+0000 7f4e337fe640 1 --2- 172.21.15.38:0/3656672799 >> [v2:172.21.15.38:3300/0,v1:172.21.15.38:6789/0] conn(0x7f4e3407de00 0x7f4e3407c2b0 secure :-1 s=READY pgs=72 cs=0 l=1 rev1=1 crypto rx=0x7f4e24009820 tx=0x7f4e2402a270 comp rx=0 tx=0).ready entity=mon.0 client_cookie=9724d21d882c3b9b server_cookie=0 in_seq=0 out_seq=0
2024-09-15T23:01:57.717 INFO:teuthology.orchestra.run.smithi038.stdout:/usr/bin/ceph: stderr
2024-09-15T23:01:56.884+0000 7f4e327fc640 1 -- 172.21.15.38:0/3656672799 <== mon.0 v2:172.21.15.38:3300/0 1 ==== mon_map magic: 0 ==== 205+0+0 (secure 0 0 0) 0x7f4e24037070 con 0x7f4e3407de00
2024-09-15T23:01:57.717 INFO:teuthology.orchestra.run.smithi038.stdout:/usr/bin/ceph: stderr
2024-09-15T23:01:56.884+0000 7f4e327fc640 1 -- 172.21.15.38:0/3656672799 <== mon.0 v2:172.21.15.38:3300/0 2 ==== config(27 keys) ==== 1140+0+0 (secure 0 0 0) 0x7f4e24032920 con 0x7f4e3407de00
2024-09-15T23:01:57.717 INFO:teuthology.orchestra.run.smithi038.stdout:/usr/bin/ceph: stderr
2024-09-15T23:01:56.884+0000 7f4e327fc640 1 -- 172.21.15.38:0/3656672799 <== mon.0 v2:172.21.15.38:3300/0 3 ==== mon_map magic: 0 ==== 205+0+0 (secure 0 0 0) 0x7f4e24030810 con 0x7f4e3407de00
2024-09-15T23:01:57.717 INFO:teuthology.orchestra.run.smithi038.stdout:/usr/bin/ceph: stderr
2024-09-15T23:01:56.884+0000 7f4e39b66640 1 -- 172.21.15.38:0/3656672799 >> [v2:172.21.15.38:3300/0,v1:172.21.15.38:6789/0] conn(0x7f4e3407de00 msgr2=0x7f4e3407c2b0 secure :-1 s=STATE_CONNECTION_ESTABLISHED l=1).mark_down
2024-09-15T23:01:57.718 INFO:teuthology.orchestra.run.smithi038.stdout:/usr/bin/ceph: stderr
2024-09-15T23:01:56.884+0000 7f4e39b66640 1 --2- 172.21.15.38:0/3656672799 >> [v2:172.21.15.38:3300/0,v1:172.21.15.38:6789/0] conn(0x7f4e3407de00 0x7f4e3407c2b0 secure :-1 s=READY pgs=72 cs=0 l=1 rev1=1 crypto rx=0x7f4e24009820 tx=0x7f4e2402a270 comp rx=0 tx=0).stop
2024-09-15T23:01:57.718 INFO:teuthology.orchestra.run.smithi038.stdout:/usr/bin/ceph: stderr
2024-09-15T23:01:56.884+0000 7f4e39b66640 1 -- 172.21.15.38:0/3656672799 shutdown_connections
2024-09-15T23:01:57.718 INFO:teuthology.orchestra.run.smithi038.stdout:/usr/bin/ceph: stderr
2024-09-15T23:01:56.884+0000 7f4e39b66640 1 --2- 172.21.15.38:0/3656672799 >> [v2:172.21.15.38:3300/0,v1:172.21.15.38:6789/0] conn(0x7f4e3407de00 0x7f4e3407c2b0 unknown :-1 s=CLOSED pgs=72 cs=0 l=1 rev1=1 crypto rx=0 tx=0 comp rx=0 tx=0).stop
2024-09-15T23:01:57.718 INFO:teuthology.orchestra.run.smithi038.stdout:/usr/bin/ceph: stderr
2024-09-15T23:01:56.884+0000 7f4e39b66640 1 -- 172.21.15.38:0/3656672799 >> 172.21.15.38:0/3656672799 conn(0x7f4e34102ce0 msgr2=0x7f4e34105100 unknown :-1 s=STATE_NONE l=0).mark_down
2024-09-15T23:01:57.718 INFO:teuthology.orchestra.run.smithi038.stdout:/usr/bin/ceph: stderr
2024-09-15T23:01:56.885+0000 7f4e39b66640 1 -- 172.21.15.38:0/3656672799 shutdown_connections
2024-09-15T23:01:57.718 INFO:teuthology.orchestra.run.smithi038.stdout:/usr/bin/ceph: stderr
2024-09-15T23:01:56.885+0000 7f4e39b66640 1 -- 172.21.15.38:0/3656672799 wait complete.
2024-09-15T23:01:57.718 INFO:teuthology.orchestra.run.smithi038.stdout:/usr/bin/ceph: stderr
2024-09-15T23:01:56.885+0000 7f4e39b66640 1 Processor -- start
2024-09-15T23:01:57.718 INFO:teuthology.orchestra.run.smithi038.stdout:/usr/bin/ceph: stderr
2024-09-15T23:01:56.885+0000 7f4e39b66640 1 -- start start
2024-09-15T23:01:57.718 INFO:teuthology.orchestra.run.smithi038.stdout:/usr/bin/ceph: stderr
2024-09-15T23:01:56.886+0000 7f4e39b66640 1 --2- >> [v2:172.21.15.38:3300/0,v1:172.21.15.38:6789/0] conn(0x7f4e3407de00 0x7f4e3419d6d0 unknown :-1 s=NONE pgs=0 cs=0 l=1 rev1=0 crypto rx=0 tx=0 comp rx=0 tx=0).connect
2024-09-15T23:01:57.718 INFO:teuthology.orchestra.run.smithi038.stdout:/usr/bin/ceph: stderr
2024-09-15T23:01:56.886+0000 7f4e39b66640 1 -- --> [v2:172.21.15.38:3300/0,v1:172.21.15.38:6789/0] -- mon_getmap magic: 0 -- 0x7f4e3410db40 con 0x7f4e3407de00
2024-09-15T23:01:57.718 INFO:teuthology.orchestra.run.smithi038.stdout:/usr/bin/ceph: stderr
2024-09-15T23:01:56.886+0000 7f4e337fe640 1 --2- >> [v2:172.21.15.38:3300/0,v1:172.21.15.38:6789/0] conn(0x7f4e3407de00 0x7f4e3419d6d0 unknown :-1 s=BANNER_CONNECTING pgs=0 cs=0 l=1 rev1=0 crypto rx=0 tx=0 comp rx=0 tx=0)._handle_peer_banner_payload supported=3 required=0
2024-09-15T23:01:57.718 INFO:teuthology.orchestra.run.smithi038.stdout:/usr/bin/ceph: stderr
2024-09-15T23:01:56.886+0000 7f4e337fe640 1 --2- >> [v2:172.21.15.38:3300/0,v1:172.21.15.38:6789/0] conn(0x7f4e3407de00 0x7f4e3419d6d0 unknown :-1 s=HELLO_CONNECTING pgs=0 cs=0 l=1 rev1=1 crypto rx=0 tx=0 comp rx=0 tx=0).handle_hello peer v2:172.21.15.38:3300/0 says I am v2:172.21.15.38:33058/0 (socket says 172.21.15.38:33058)
2024-09-15T23:01:57.719 INFO:teuthology.orchestra.run.smithi038.stdout:/usr/bin/ceph: stderr
2024-09-15T23:01:56.886+0000 7f4e337fe640 1 -- 172.21.15.38:0/2970001525 learned_addr learned my addr 172.21.15.38:0/2970001525 (peer_addr_for_me v2:172.21.15.38:0/0)
2024-09-15T23:01:57.719 INFO:teuthology.orchestra.run.smithi038.stdout:/usr/bin/ceph: stderr
2024-09-15T23:01:56.886+0000 7f4e337fe640 1 -- 172.21.15.38:0/2970001525 --> [v2:172.21.15.38:3300/0,v1:172.21.15.38:6789/0] -- mon_subscribe({config=0+,monmap=0+}) -- 0x7f4e3419dc10 con 0x7f4e3407de00
2024-09-15T23:01:57.719 INFO:teuthology.orchestra.run.smithi038.stdout:/usr/bin/ceph: stderr
2024-09-15T23:01:56.886+0000 7f4e337fe640 1 --2- 172.21.15.38:0/2970001525 >> [v2:172.21.15.38:3300/0,v1:172.21.15.38:6789/0] conn(0x7f4e3407de00 0x7f4e3419d6d0 secure :-1 s=READY pgs=73 cs=0 l=1 rev1=1 crypto rx=0x7f4e240097f0 tx=0x7f4e240327b0 comp rx=0 tx=0).ready entity=mon.0 client_cookie=0 server_cookie=0 in_seq=0 out_seq=0
2024-09-15T23:01:57.719 INFO:teuthology.orchestra.run.smithi038.stdout:/usr/bin/ceph: stderr
2024-09-15T23:01:56.886+0000 7f4e30ff9640 1 -- 172.21.15.38:0/2970001525 <== mon.0 v2:172.21.15.38:3300/0 1 ==== mon_map magic: 0 ==== 205+0+0 (secure 0 0 0) 0x7f4e24037040 con 0x7f4e3407de00
2024-09-15T23:01:57.719 INFO:teuthology.orchestra.run.smithi038.stdout:/usr/bin/ceph: stderr
2024-09-15T23:01:56.886+0000 7f4e30ff9640 1 -- 172.21.15.38:0/2970001525 <== mon.0 v2:172.21.15.38:3300/0 2 ==== config(27 keys) ==== 1140+0+0 (secure 0 0 0) 0x7f4e24030cc0 con 0x7f4e3407de00
2024-09-15T23:01:57.719 INFO:teuthology.orchestra.run.smithi038.stdout:/usr/bin/ceph: stderr
2024-09-15T23:01:56.886+0000 7f4e30ff9640 1 -- 172.21.15.38:0/2970001525 <== mon.0 v2:172.21.15.38:3300/0 3 ==== mon_map magic: 0 ==== 205+0+0 (secure 0 0 0) 0x7f4e2403a6b0 con 0x7f4e3407de00
2024-09-15T23:01:57.719 INFO:teuthology.orchestra.run.smithi038.stdout:/usr/bin/ceph: stderr
2024-09-15T23:01:56.886+0000 7f4e39b66640 1 -- 172.21.15.38:0/2970001525 --> [v2:172.21.15.38:3300/0,v1:172.21.15.38:6789/0] -- mon_subscribe({mgrmap=0+}) -- 0x7f4e3419dea0 con 0x7f4e3407de00
2024-09-15T23:01:57.719 INFO:teuthology.orchestra.run.smithi038.stdout:/usr/bin/ceph: stderr
2024-09-15T23:01:56.886+0000 7f4e39b66640 1 -- 172.21.15.38:0/2970001525 --> [v2:172.21.15.38:3300/0,v1:172.21.15.38:6789/0] -- mon_subscribe({osdmap=0}) -- 0x7f4e341a0b90 con 0x7f4e3407de00
2024-09-15T23:01:57.719 INFO:teuthology.orchestra.run.smithi038.stdout:/usr/bin/ceph: stderr
2024-09-15T23:01:56.888+0000 7f4e30ff9640 1 -- 172.21.15.38:0/2970001525 <== mon.0 v2:172.21.15.38:3300/0 4 ==== mgrmap(e 13) ==== 46517+0+0 (secure 0 0 0) 0x7f4e2403baf0 con 0x7f4e3407de00
2024-09-15T23:01:57.719 INFO:teuthology.orchestra.run.smithi038.stdout:/usr/bin/ceph: stderr
2024-09-15T23:01:56.888+0000 7f4e39b66640 1 -- 172.21.15.38:0/2970001525 --> [v2:172.21.15.38:3300/0,v1:172.21.15.38:6789/0] -- mon_command({"prefix": "get_command_descriptions"} v 0) -- 0x7f4e3407c330 con 0x7f4e3407de00
2024-09-15T23:01:57.719 INFO:teuthology.orchestra.run.smithi038.stdout:/usr/bin/ceph: stderr
2024-09-15T23:01:56.888+0000 7f4e30ff9640 1 --2- 172.21.15.38:0/2970001525 >> [v2:172.21.15.38:6800/3982414832,v1:172.21.15.38:6801/3982414832] conn(0x7f4e1c0392a0 0x7f4e1c03b760 unknown :-1 s=NONE pgs=0 cs=0 l=1 rev1=0 crypto rx=0 tx=0 comp rx=0 tx=0).connect
2024-09-15T23:01:57.720 INFO:teuthology.orchestra.run.smithi038.stdout:/usr/bin/ceph: stderr
2024-09-15T23:01:56.888+0000 7f4e30ff9640 1 -- 172.21.15.38:0/2970001525 <== mon.0 v2:172.21.15.38:3300/0 5 ==== osd_map(3..3 src has 1..3) ==== 1155+0+0 (secure 0 0 0) 0x7f4e2406c9c0 con 0x7f4e3407de00
2024-09-15T23:01:57.720 INFO:teuthology.orchestra.run.smithi038.stdout:/usr/bin/ceph: stderr
2024-09-15T23:01:56.888+0000 7f4e32ffd640 1 --2- 172.21.15.38:0/2970001525 >> [v2:172.21.15.38:6800/3982414832,v1:172.21.15.38:6801/3982414832] conn(0x7f4e1c0392a0 0x7f4e1c03b760 unknown :-1 s=BANNER_CONNECTING pgs=0 cs=0 l=1 rev1=0 crypto rx=0 tx=0 comp rx=0 tx=0)._handle_peer_banner_payload supported=3 required=0
2024-09-15T23:01:57.720 INFO:teuthology.orchestra.run.smithi038.stdout:/usr/bin/ceph: stderr
2024-09-15T23:01:56.888+0000 7f4e32ffd640 1 --2- 172.21.15.38:0/2970001525 >> [v2:172.21.15.38:6800/3982414832,v1:172.21.15.38:6801/3982414832] conn(0x7f4e1c0392a0 0x7f4e1c03b760 secure :-1 s=READY pgs=10 cs=0 l=1 rev1=1 crypto rx=0x7f4e280098c0 tx=0x7f4e28006db0 comp rx=0 tx=0).ready entity=mgr.14148 client_cookie=0 server_cookie=0 in_seq=0 out_seq=0
2024-09-15T23:01:57.720 INFO:teuthology.orchestra.run.smithi038.stdout:/usr/bin/ceph: stderr
2024-09-15T23:01:56.893+0000 7f4e30ff9640 1 -- 172.21.15.38:0/2970001525 <== mon.0 v2:172.21.15.38:3300/0 6 ==== mon_command_ack([{"prefix": "get_command_descriptions"}]=0 v0) ==== 72+0+188821 (secure 0 0 0) 0x7f4e2406ee20 con 0x7f4e3407de00
2024-09-15T23:01:57.720 INFO:teuthology.orchestra.run.smithi038.stdout:/usr/bin/ceph: stderr
2024-09-15T23:01:57.159+0000 7f4e39b66640 1 -- 172.21.15.38:0/2970001525 --> [v2:172.21.15.38:3300/0,v1:172.21.15.38:6789/0] -- mon_command([{prefix=config-key set, key=mgr/dashboard/cluster/status}] v 0) -- 0x7f4e341a1180 con 0x7f4e3407de00
2024-09-15T23:01:57.720 INFO:teuthology.orchestra.run.smithi038.stdout:/usr/bin/ceph: stderr
2024-09-15T23:01:57.163+0000 7f4e30ff9640 1 -- 172.21.15.38:0/2970001525 <== mon.0 v2:172.21.15.38:3300/0 7 ==== mon_command_ack([{prefix=config-key set, key=mgr/dashboard/cluster/status}]=0 set mgr/dashboard/cluster/status v28)=0 set mgr/dashboard/cluster/status v28) ==== 153+0+0 (secure 0 0 0) 0x7f4e240418d0 con 0x7f4e3407de00
2024-09-15T23:01:57.720 INFO:teuthology.orchestra.run.smithi038.stdout:/usr/bin/ceph: stderr set mgr/dashboard/cluster/status
2024-09-15T23:01:57.720 INFO:teuthology.orchestra.run.smithi038.stdout:/usr/bin/ceph: stderr
2024-09-15T23:01:57.166+0000 7f4e39b66640 1 -- 172.21.15.38:0/2970001525 >> [v2:172.21.15.38:6800/3982414832,v1:172.21.15.38:6801/3982414832] conn(0x7f4e1c0392a0 msgr2=0x7f4e1c03b760 secure :-1 s=STATE_CONNECTION_ESTABLISHED l=1).mark_down
2024-09-15T23:01:57.720 INFO:teuthology.orchestra.run.smithi038.stdout:/usr/bin/ceph: stderr
2024-09-15T23:01:57.166+0000 7f4e39b66640 1 --2- 172.21.15.38:0/2970001525 >> [v2:172.21.15.38:6800/3982414832,v1:172.21.15.38:6801/3982414832] conn(0x7f4e1c0392a0 0x7f4e1c03b760 secure :-1 s=READY pgs=10 cs=0 l=1 rev1=1 crypto rx=0x7f4e280098c0 tx=0x7f4e28006db0 comp rx=0 tx=0).stop
2024-09-15T23:01:57.720 INFO:teuthology.orchestra.run.smithi038.stdout:/usr/bin/ceph: stderr
2024-09-15T23:01:57.166+0000 7f4e39b66640 1 -- 172.21.15.38:0/2970001525 >> [v2:172.21.15.38:3300/0,v1:172.21.15.38:6789/0] conn(0x7f4e3407de00 msgr2=0x7f4e3419d6d0 secure :-1 s=STATE_CONNECTION_ESTABLISHED l=1).mark_down
2024-09-15T23:01:57.720 INFO:teuthology.orchestra.run.smithi038.stdout:/usr/bin/ceph: stderr
2024-09-15T23:01:57.166+0000 7f4e39b66640 1 --2- 172.21.15.38:0/2970001525 >> [v2:172.21.15.38:3300/0,v1:172.21.15.38:6789/0] conn(0x7f4e3407de00 0x7f4e3419d6d0 secure :-1 s=READY pgs=73 cs=0 l=1 rev1=1 crypto rx=0x7f4e240097f0 tx=0x7f4e240327b0 comp rx=0 tx=0).stop
2024-09-15T23:01:57.720 INFO:teuthology.orchestra.run.smithi038.stdout:/usr/bin/ceph: stderr
2024-09-15T23:01:57.166+0000 7f4e39b66640 1 -- 172.21.15.38:0/2970001525 shutdown_connections
2024-09-15T23:01:57.721 INFO:teuthology.orchestra.run.smithi038.stdout:/usr/bin/ceph: stderr
2024-09-15T23:01:57.166+0000 7f4e39b66640 1 --2- 172.21.15.38:0/2970001525 >> [v2:172.21.15.38:6800/3982414832,v1:172.21.15.38:6801/3982414832] conn(0x7f4e1c0392a0 0x7f4e1c03b760 unknown :-1 s=CLOSED pgs=10 cs=0 l=1 rev1=1 crypto rx=0 tx=0 comp rx=0 tx=0).stop
2024-09-15T23:01:57.721 INFO:teuthology.orchestra.run.smithi038.stdout:/usr/bin/ceph: stderr
2024-09-15T23:01:57.166+0000 7f4e39b66640 1 --2- 172.21.15.38:0/2970001525 >> [v2:172.21.15.38:3300/0,v1:172.21.15.38:6789/0] conn(0x7f4e3407de00 0x7f4e3419d6d0 unknown :-1 s=CLOSED pgs=73 cs=0 l=1 rev1=1 crypto rx=0 tx=0 comp rx=0 tx=0).stop
2024-09-15T23:01:57.721 INFO:teuthology.orchestra.run.smithi038.stdout:/usr/bin/ceph: stderr
2024-09-15T23:01:57.166+0000 7f4e39b66640 1 -- 172.21.15.38:0/2970001525 >> 172.21.15.38:0/2970001525 conn(0x7f4e34102ce0 msgr2=0x7f4e34103870 unknown :-1 s=STATE_NONE l=0).mark_down
2024-09-15T23:01:57.721 INFO:teuthology.orchestra.run.smithi038.stdout:/usr/bin/ceph: stderr
2024-09-15T23:01:57.166+0000 7f4e39b66640 1 -- 172.21.15.38:0/2970001525 shutdown_connections
2024-09-15T23:01:57.721 INFO:teuthology.orchestra.run.smithi038.stdout:/usr/bin/ceph: stderr
2024-09-15T23:01:57.166+0000 7f4e39b66640 1 -- 172.21.15.38:0/2970001525 wait complete.
2024-09-15T23:01:57.721 INFO:teuthology.orchestra.run.smithi038.stdout:You can access the Ceph CLI as following in case of multi-cluster or non-default config:
2024-09-15T23:01:57.721 INFO:teuthology.orchestra.run.smithi038.stdout:
2024-09-15T23:01:57.721 INFO:teuthology.orchestra.run.smithi038.stdout: sudo /home/ubuntu/cephtest/cephadm shell --fsid 3974786e-73b6-11ef-bceb-c7b262605968 -c /etc/ceph/ceph.conf -k /etc/ceph/ceph.client.admin.keyring
2024-09-15T23:01:57.721 INFO:teuthology.orchestra.run.smithi038.stdout:
2024-09-15T23:01:57.721 INFO:teuthology.orchestra.run.smithi038.stdout:Or, if you are only running a single cluster on this host:
2024-09-15T23:01:57.721 INFO:teuthology.orchestra.run.smithi038.stdout:
2024-09-15T23:01:57.721 INFO:teuthology.orchestra.run.smithi038.stdout: sudo /home/ubuntu/cephtest/cephadm shell
2024-09-15T23:01:57.721 INFO:teuthology.orchestra.run.smithi038.stdout:
2024-09-15T23:01:57.722 INFO:teuthology.orchestra.run.smithi038.stdout:Please consider enabling telemetry to help improve Ceph:
2024-09-15T23:01:57.722 INFO:teuthology.orchestra.run.smithi038.stdout:
2024-09-15T23:01:57.722 INFO:teuthology.orchestra.run.smithi038.stdout: ceph telemetry on
2024-09-15T23:01:57.722 INFO:teuthology.orchestra.run.smithi038.stdout:
2024-09-15T23:01:57.722 INFO:teuthology.orchestra.run.smithi038.stdout:For more information see:
2024-09-15T23:01:57.722 INFO:teuthology.orchestra.run.smithi038.stdout:
2024-09-15T23:01:57.722 INFO:teuthology.orchestra.run.smithi038.stdout: https://docs.ceph.com/en/latest/mgr/telemetry/
2024-09-15T23:01:57.722 INFO:teuthology.orchestra.run.smithi038.stdout:
2024-09-15T23:01:57.722 INFO:teuthology.orchestra.run.smithi038.stdout:Bootstrap complete.
2024-09-15T23:01:57.754 INFO:tasks.cephadm:Fetching config...
2024-09-15T23:01:57.754 DEBUG:teuthology.orchestra.run.smithi038:> set -ex
2024-09-15T23:01:57.754 DEBUG:teuthology.orchestra.run.smithi038:> dd if=/etc/ceph/ceph.conf of=/dev/stdout
2024-09-15T23:01:57.771 INFO:tasks.cephadm:Fetching client.admin keyring...
2024-09-15T23:01:57.771 DEBUG:teuthology.orchestra.run.smithi038:> set -ex
2024-09-15T23:01:57.771 DEBUG:teuthology.orchestra.run.smithi038:> dd if=/etc/ceph/ceph.client.admin.keyring of=/dev/stdout
2024-09-15T23:01:57.828 INFO:tasks.cephadm:Fetching mon keyring...
2024-09-15T23:01:57.828 DEBUG:teuthology.orchestra.run.smithi038:> set -ex
2024-09-15T23:01:57.828 DEBUG:teuthology.orchestra.run.smithi038:> sudo dd if=/var/lib/ceph/3974786e-73b6-11ef-bceb-c7b262605968/mon.a/keyring of=/dev/stdout
2024-09-15T23:01:57.894 INFO:tasks.cephadm:Fetching pub ssh key...
2024-09-15T23:01:57.894 DEBUG:teuthology.orchestra.run.smithi038:> set -ex
2024-09-15T23:01:57.894 DEBUG:teuthology.orchestra.run.smithi038:> dd if=/home/ubuntu/cephtest/ceph.pub of=/dev/stdout
2024-09-15T23:01:57.953 INFO:tasks.cephadm:Installing pub ssh key for root users...
2024-09-15T23:01:57.953 DEBUG:teuthology.orchestra.run.smithi038:> sudo install -d -m 0700 /root/.ssh && echo 'ssh-rsa AAAAB3NzaC1yc2EAAAADAQABAAABgQCWl03IZAFXy13HW4pgUctifz3cCz9kIlWKLdJR+Q4gsNhzMHhE37B1mYyfucLaa0+tNkXiiTIE3FoNvZsPvrPHcleBAV9apPJqklJkbFQ/cljQ70rmpFxhdQtzyOH+ST5jY9BGWBlt3sKBStrPnnOJZLhQeDurELAVSbfXoiBxhnDRvzpTepu1YxETrfx4mi7MwQtYzE0m9G4IWyM2yQ+JDj/GrzbaBAPLrup6IrJy/hzEz3vuM12h9gs1BUzRHidJoVVeUt++c6r9sZTmTQACanA/uhJWbiibSH/Uww81fxodnUS5lJtgnKYIMFn1zm2Yo2fTb8W+gfg+pCbWLoiMLePbXNAwKXx0LK7b2SF9zgUUIOWislj4XBe0wrADH3TY2nF3Vhm/xZ2FHD2CCZPrETypdqoGFlcEtGuYjF3l2D7vuyUSQiF4Kqc6eWm6szmmKi9oN+0vjzBMn/zsSAUPTPQuR9c40+PDZI7kHSeIpXAAvshW+OPJxjiiAJz5NdM= ceph-3974786e-73b6-11ef-bceb-c7b262605968' | sudo tee -a /root/.ssh/authorized_keys && sudo chmod 0600 /root/.ssh/authorized_keys
2024-09-15T23:01:58.047 INFO:teuthology.orchestra.run.smithi038.stdout:ssh-rsa AAAAB3NzaC1yc2EAAAADAQABAAABgQCWl03IZAFXy13HW4pgUctifz3cCz9kIlWKLdJR+Q4gsNhzMHhE37B1mYyfucLaa0+tNkXiiTIE3FoNvZsPvrPHcleBAV9apPJqklJkbFQ/cljQ70rmpFxhdQtzyOH+ST5jY9BGWBlt3sKBStrPnnOJZLhQeDurELAVSbfXoiBxhnDRvzpTepu1YxETrfx4mi7MwQtYzE0m9G4IWyM2yQ+JDj/GrzbaBAPLrup6IrJy/hzEz3vuM12h9gs1BUzRHidJoVVeUt++c6r9sZTmTQACanA/uhJWbiibSH/Uww81fxodnUS5lJtgnKYIMFn1zm2Yo2fTb8W+gfg+pCbWLoiMLePbXNAwKXx0LK7b2SF9zgUUIOWislj4XBe0wrADH3TY2nF3Vhm/xZ2FHD2CCZPrETypdqoGFlcEtGuYjF3l2D7vuyUSQiF4Kqc6eWm6szmmKi9oN+0vjzBMn/zsSAUPTPQuR9c40+PDZI7kHSeIpXAAvshW+OPJxjiiAJz5NdM= ceph-3974786e-73b6-11ef-bceb-c7b262605968
2024-09-15T23:01:58.060 DEBUG:teuthology.orchestra.run.smithi073:> sudo install -d -m 0700 /root/.ssh && echo 'ssh-rsa AAAAB3NzaC1yc2EAAAADAQABAAABgQCWl03IZAFXy13HW4pgUctifz3cCz9kIlWKLdJR+Q4gsNhzMHhE37B1mYyfucLaa0+tNkXiiTIE3FoNvZsPvrPHcleBAV9apPJqklJkbFQ/cljQ70rmpFxhdQtzyOH+ST5jY9BGWBlt3sKBStrPnnOJZLhQeDurELAVSbfXoiBxhnDRvzpTepu1YxETrfx4mi7MwQtYzE0m9G4IWyM2yQ+JDj/GrzbaBAPLrup6IrJy/hzEz3vuM12h9gs1BUzRHidJoVVeUt++c6r9sZTmTQACanA/uhJWbiibSH/Uww81fxodnUS5lJtgnKYIMFn1zm2Yo2fTb8W+gfg+pCbWLoiMLePbXNAwKXx0LK7b2SF9zgUUIOWislj4XBe0wrADH3TY2nF3Vhm/xZ2FHD2CCZPrETypdqoGFlcEtGuYjF3l2D7vuyUSQiF4Kqc6eWm6szmmKi9oN+0vjzBMn/zsSAUPTPQuR9c40+PDZI7kHSeIpXAAvshW+OPJxjiiAJz5NdM= ceph-3974786e-73b6-11ef-bceb-c7b262605968' | sudo tee -a /root/.ssh/authorized_keys && sudo chmod 0600 /root/.ssh/authorized_keys
2024-09-15T23:01:58.103 INFO:teuthology.orchestra.run.smithi073.stdout:ssh-rsa AAAAB3NzaC1yc2EAAAADAQABAAABgQCWl03IZAFXy13HW4pgUctifz3cCz9kIlWKLdJR+Q4gsNhzMHhE37B1mYyfucLaa0+tNkXiiTIE3FoNvZsPvrPHcleBAV9apPJqklJkbFQ/cljQ70rmpFxhdQtzyOH+ST5jY9BGWBlt3sKBStrPnnOJZLhQeDurELAVSbfXoiBxhnDRvzpTepu1YxETrfx4mi7MwQtYzE0m9G4IWyM2yQ+JDj/GrzbaBAPLrup6IrJy/hzEz3vuM12h9gs1BUzRHidJoVVeUt++c6r9sZTmTQACanA/uhJWbiibSH/Uww81fxodnUS5lJtgnKYIMFn1zm2Yo2fTb8W+gfg+pCbWLoiMLePbXNAwKXx0LK7b2SF9zgUUIOWislj4XBe0wrADH3TY2nF3Vhm/xZ2FHD2CCZPrETypdqoGFlcEtGuYjF3l2D7vuyUSQiF4Kqc6eWm6szmmKi9oN+0vjzBMn/zsSAUPTPQuR9c40+PDZI7kHSeIpXAAvshW+OPJxjiiAJz5NdM= ceph-3974786e-73b6-11ef-bceb-c7b262605968
2024-09-15T23:01:58.116 DEBUG:teuthology.orchestra.run.smithi122:> sudo install -d -m 0700 /root/.ssh && echo 'ssh-rsa AAAAB3NzaC1yc2EAAAADAQABAAABgQCWl03IZAFXy13HW4pgUctifz3cCz9kIlWKLdJR+Q4gsNhzMHhE37B1mYyfucLaa0+tNkXiiTIE3FoNvZsPvrPHcleBAV9apPJqklJkbFQ/cljQ70rmpFxhdQtzyOH+ST5jY9BGWBlt3sKBStrPnnOJZLhQeDurELAVSbfXoiBxhnDRvzpTepu1YxETrfx4mi7MwQtYzE0m9G4IWyM2yQ+JDj/GrzbaBAPLrup6IrJy/hzEz3vuM12h9gs1BUzRHidJoVVeUt++c6r9sZTmTQACanA/uhJWbiibSH/Uww81fxodnUS5lJtgnKYIMFn1zm2Yo2fTb8W+gfg+pCbWLoiMLePbXNAwKXx0LK7b2SF9zgUUIOWislj4XBe0wrADH3TY2nF3Vhm/xZ2FHD2CCZPrETypdqoGFlcEtGuYjF3l2D7vuyUSQiF4Kqc6eWm6szmmKi9oN+0vjzBMn/zsSAUPTPQuR9c40+PDZI7kHSeIpXAAvshW+OPJxjiiAJz5NdM= ceph-3974786e-73b6-11ef-bceb-c7b262605968' | sudo tee -a /root/.ssh/authorized_keys && sudo chmod 0600 /root/.ssh/authorized_keys
2024-09-15T23:01:58.160 INFO:teuthology.orchestra.run.smithi122.stdout:ssh-rsa AAAAB3NzaC1yc2EAAAADAQABAAABgQCWl03IZAFXy13HW4pgUctifz3cCz9kIlWKLdJR+Q4gsNhzMHhE37B1mYyfucLaa0+tNkXiiTIE3FoNvZsPvrPHcleBAV9apPJqklJkbFQ/cljQ70rmpFxhdQtzyOH+ST5jY9BGWBlt3sKBStrPnnOJZLhQeDurELAVSbfXoiBxhnDRvzpTepu1YxETrfx4mi7MwQtYzE0m9G4IWyM2yQ+JDj/GrzbaBAPLrup6IrJy/hzEz3vuM12h9gs1BUzRHidJoVVeUt++c6r9sZTmTQACanA/uhJWbiibSH/Uww81fxodnUS5lJtgnKYIMFn1zm2Yo2fTb8W+gfg+pCbWLoiMLePbXNAwKXx0LK7b2SF9zgUUIOWislj4XBe0wrADH3TY2nF3Vhm/xZ2FHD2CCZPrETypdqoGFlcEtGuYjF3l2D7vuyUSQiF4Kqc6eWm6szmmKi9oN+0vjzBMn/zsSAUPTPQuR9c40+PDZI7kHSeIpXAAvshW+OPJxjiiAJz5NdM= ceph-3974786e-73b6-11ef-bceb-c7b262605968
2024-09-15T23:01:58.170 DEBUG:teuthology.orchestra.run.smithi038:> sudo /home/ubuntu/cephtest/cephadm --image quay-quay-quay.apps.os.sepia.ceph.com/ceph-ci/ceph:8921c8ef947807b717db041d85f0761b7914d5fc shell -c /etc/ceph/ceph.conf -k /etc/ceph/ceph.client.admin.keyring --fsid 3974786e-73b6-11ef-bceb-c7b262605968 -- ceph config set mgr mgr/cephadm/allow_ptrace true
2024-09-15T23:01:58.342 INFO:journalctl@ceph.mon.a.smithi038.stdout:Sep 15 23:01:58 smithi038 ceph-mon[30975]: from='client.? 172.21.15.38:0/2970001525' entity='client.admin'
2024-09-15T23:01:58.427 INFO:teuthology.orchestra.run.smithi038.stderr:Inferring config /var/lib/ceph/3974786e-73b6-11ef-bceb-c7b262605968/mon.a/config
2024-09-15T23:01:58.876 INFO:teuthology.orchestra.run.smithi038.stderr:2024-09-15T23:01:58.861+0000 7f37aee3a640 1 -- 172.21.15.38:0/2914843618 >> [v2:172.21.15.38:3300/0,v1:172.21.15.38:6789/0] conn(0x7f37a81015e0 msgr2=0x7f37a81019e0 secure :-1 s=STATE_CONNECTION_ESTABLISHED l=1).mark_down
2024-09-15T23:01:58.876 INFO:teuthology.orchestra.run.smithi038.stderr:2024-09-15T23:01:58.861+0000 7f37aee3a640 1 --2- 172.21.15.38:0/2914843618 >> [v2:172.21.15.38:3300/0,v1:172.21.15.38:6789/0] conn(0x7f37a81015e0 0x7f37a81019e0 secure :-1 s=READY pgs=74 cs=0 l=1 rev1=1 crypto rx=0x7f379c009880 tx=0x7f379c02a5d0 comp rx=0 tx=0).stop
2024-09-15T23:01:58.876 INFO:teuthology.orchestra.run.smithi038.stderr:2024-09-15T23:01:58.861+0000 7f37aee3a640 1 -- 172.21.15.38:0/2914843618 shutdown_connections
2024-09-15T23:01:58.876 INFO:teuthology.orchestra.run.smithi038.stderr:2024-09-15T23:01:58.861+0000 7f37aee3a640 1 --2- 172.21.15.38:0/2914843618 >> [v2:172.21.15.38:3300/0,v1:172.21.15.38:6789/0] conn(0x7f37a81015e0 0x7f37a81019e0 unknown :-1 s=CLOSED pgs=74 cs=0 l=1 rev1=1 crypto rx=0 tx=0 comp rx=0 tx=0).stop
2024-09-15T23:01:58.877 INFO:teuthology.orchestra.run.smithi038.stderr:2024-09-15T23:01:58.861+0000 7f37aee3a640 1 -- 172.21.15.38:0/2914843618 >> 172.21.15.38:0/2914843618 conn(0x7f37a80fcd70 msgr2=0x7f37a80ff1b0 unknown :-1 s=STATE_NONE l=0).mark_down
2024-09-15T23:01:58.877 INFO:teuthology.orchestra.run.smithi038.stderr:2024-09-15T23:01:58.861+0000 7f37aee3a640 1 -- 172.21.15.38:0/2914843618 shutdown_connections
2024-09-15T23:01:58.877 INFO:teuthology.orchestra.run.smithi038.stderr:2024-09-15T23:01:58.861+0000 7f37aee3a640 1 -- 172.21.15.38:0/2914843618 wait complete.
2024-09-15T23:01:58.877 INFO:teuthology.orchestra.run.smithi038.stderr:2024-09-15T23:01:58.862+0000 7f37aee3a640 1 Processor -- start
2024-09-15T23:01:58.877 INFO:teuthology.orchestra.run.smithi038.stderr:2024-09-15T23:01:58.862+0000 7f37aee3a640 1 -- start start
2024-09-15T23:01:58.877 INFO:teuthology.orchestra.run.smithi038.stderr:2024-09-15T23:01:58.862+0000 7f37aee3a640 1 --2- >> [v2:172.21.15.38:3300/0,v1:172.21.15.38:6789/0] conn(0x7f37a81015e0 0x7f37a8196d60 unknown :-1 s=NONE pgs=0 cs=0 l=1 rev1=0 crypto rx=0 tx=0 comp rx=0 tx=0).connect
2024-09-15T23:01:58.877 INFO:teuthology.orchestra.run.smithi038.stderr:2024-09-15T23:01:58.862+0000 7f37aee3a640 1 -- --> [v2:172.21.15.38:3300/0,v1:172.21.15.38:6789/0] -- mon_getmap magic: 0 -- 0x7f37a81076f0 con 0x7f37a81015e0
2024-09-15T23:01:58.877 INFO:teuthology.orchestra.run.smithi038.stderr:2024-09-15T23:01:58.863+0000 7f37acbd6640 1 --2- >> [v2:172.21.15.38:3300/0,v1:172.21.15.38:6789/0] conn(0x7f37a81015e0 0x7f37a8196d60 unknown :-1 s=BANNER_CONNECTING pgs=0 cs=0 l=1 rev1=0 crypto rx=0 tx=0 comp rx=0 tx=0)._handle_peer_banner_payload supported=3 required=0
2024-09-15T23:01:58.877 INFO:teuthology.orchestra.run.smithi038.stderr:2024-09-15T23:01:58.863+0000 7f37acbd6640 1 --2- >> [v2:172.21.15.38:3300/0,v1:172.21.15.38:6789/0] conn(0x7f37a81015e0 0x7f37a8196d60 unknown :-1 s=HELLO_CONNECTING pgs=0 cs=0 l=1 rev1=1 crypto rx=0 tx=0 comp rx=0 tx=0).handle_hello peer v2:172.21.15.38:3300/0 says I am v2:172.21.15.38:33066/0 (socket says 172.21.15.38:33066)
2024-09-15T23:01:58.877 INFO:teuthology.orchestra.run.smithi038.stderr:2024-09-15T23:01:58.863+0000 7f37acbd6640 1 -- 172.21.15.38:0/3898472686 learned_addr learned my addr 172.21.15.38:0/3898472686 (peer_addr_for_me v2:172.21.15.38:0/0)
2024-09-15T23:01:58.877 INFO:teuthology.orchestra.run.smithi038.stderr:2024-09-15T23:01:58.863+0000 7f37acbd6640 1 -- 172.21.15.38:0/3898472686 --> [v2:172.21.15.38:3300/0,v1:172.21.15.38:6789/0] -- mon_subscribe({config=0+,monmap=0+}) -- 0x7f37a81972a0 con 0x7f37a81015e0
2024-09-15T23:01:58.877 INFO:teuthology.orchestra.run.smithi038.stderr:2024-09-15T23:01:58.863+0000 7f37acbd6640 1 --2- 172.21.15.38:0/3898472686 >> [v2:172.21.15.38:3300/0,v1:172.21.15.38:6789/0] conn(0x7f37a81015e0 0x7f37a8196d60 secure :-1 s=READY pgs=75 cs=0 l=1 rev1=1 crypto rx=0x7f379c004f60 tx=0x7f379c0048f0 comp rx=0 tx=0).ready entity=mon.0 client_cookie=0 server_cookie=0 in_seq=0 out_seq=0
2024-09-15T23:01:58.878 INFO:teuthology.orchestra.run.smithi038.stderr:2024-09-15T23:01:58.863+0000 7f37a5ffb640 1 -- 172.21.15.38:0/3898472686 <== mon.0 v2:172.21.15.38:3300/0 1 ==== mon_map magic: 0 ==== 205+0+0 (secure 0 0 0) 0x7f379c03f070 con 0x7f37a81015e0
2024-09-15T23:01:58.878 INFO:teuthology.orchestra.run.smithi038.stderr:2024-09-15T23:01:58.863+0000 7f37a5ffb640 1 -- 172.21.15.38:0/3898472686 <== mon.0 v2:172.21.15.38:3300/0 2 ==== config(27 keys) ==== 1140+0+0 (secure 0 0 0) 0x7f379c004cc0 con 0x7f37a81015e0
2024-09-15T23:01:58.878 INFO:teuthology.orchestra.run.smithi038.stderr:2024-09-15T23:01:58.863+0000 7f37a5ffb640 1 -- 172.21.15.38:0/3898472686 <== mon.0 v2:172.21.15.38:3300/0 3 ==== mon_map magic: 0 ==== 205+0+0 (secure 0 0 0) 0x7f379c035030 con 0x7f37a81015e0
2024-09-15T23:01:58.878 INFO:teuthology.orchestra.run.smithi038.stderr:2024-09-15T23:01:58.863+0000 7f37aee3a640 1 -- 172.21.15.38:0/3898472686 --> [v2:172.21.15.38:3300/0,v1:172.21.15.38:6789/0] -- mon_subscribe({mgrmap=0+}) -- 0x7f37a8197530 con 0x7f37a81015e0
2024-09-15T23:01:58.879 INFO:teuthology.orchestra.run.smithi038.stderr:2024-09-15T23:01:58.864+0000 7f37aee3a640 1 -- 172.21.15.38:0/3898472686 --> [v2:172.21.15.38:3300/0,v1:172.21.15.38:6789/0] -- mon_subscribe({osdmap=0}) -- 0x7f37a819a220 con 0x7f37a81015e0
2024-09-15T23:01:58.880 INFO:teuthology.orchestra.run.smithi038.stderr:2024-09-15T23:01:58.865+0000 7f37a5ffb640 1 -- 172.21.15.38:0/3898472686 <== mon.0 v2:172.21.15.38:3300/0 4 ==== mgrmap(e 13) ==== 46517+0+0 (secure 0 0 0) 0x7f379c042070 con 0x7f37a81015e0
2024-09-15T23:01:58.880 INFO:teuthology.orchestra.run.smithi038.stderr:2024-09-15T23:01:58.864+0000 7f37aee3a640 1 -- 172.21.15.38:0/3898472686 --> [v2:172.21.15.38:3300/0,v1:172.21.15.38:6789/0] -- mon_command({"prefix": "get_command_descriptions"} v 0) -- 0x7f37a8107e70 con 0x7f37a81015e0
2024-09-15T23:01:58.880 INFO:teuthology.orchestra.run.smithi038.stderr:2024-09-15T23:01:58.865+0000 7f37a5ffb640 1 --2- 172.21.15.38:0/3898472686 >> [v2:172.21.15.38:6800/3982414832,v1:172.21.15.38:6801/3982414832] conn(0x7f37980392a0 0x7f379803b760 unknown :-1 s=NONE pgs=0 cs=0 l=1 rev1=0 crypto rx=0 tx=0 comp rx=0 tx=0).connect
2024-09-15T23:01:58.880 INFO:teuthology.orchestra.run.smithi038.stderr:2024-09-15T23:01:58.865+0000 7f37a5ffb640 1 -- 172.21.15.38:0/3898472686 <== mon.0 v2:172.21.15.38:3300/0 5 ==== osd_map(3..3 src has 1..3) ==== 1155+0+0 (secure 0 0 0) 0x7f379c06d170 con 0x7f37a81015e0
2024-09-15T23:01:58.880 INFO:teuthology.orchestra.run.smithi038.stderr:2024-09-15T23:01:58.865+0000 7f37a7fff640 1 --2- 172.21.15.38:0/3898472686 >> [v2:172.21.15.38:6800/3982414832,v1:172.21.15.38:6801/3982414832] conn(0x7f37980392a0 0x7f379803b760 unknown :-1 s=BANNER_CONNECTING pgs=0 cs=0 l=1 rev1=0 crypto rx=0 tx=0 comp rx=0 tx=0)._handle_peer_banner_payload supported=3 required=0
2024-09-15T23:01:58.880 INFO:teuthology.orchestra.run.smithi038.stderr:2024-09-15T23:01:58.866+0000 7f37a7fff640 1 --2- 172.21.15.38:0/3898472686 >> [v2:172.21.15.38:6800/3982414832,v1:172.21.15.38:6801/3982414832] conn(0x7f37980392a0 0x7f379803b760 secure :-1 s=READY pgs=11 cs=0 l=1 rev1=1 crypto rx=0x7f37940098c0 tx=0x7f3794006db0 comp rx=0 tx=0).ready entity=mgr.14148 client_cookie=0 server_cookie=0 in_seq=0 out_seq=0
2024-09-15T23:01:58.880 INFO:teuthology.orchestra.run.smithi038.stderr:2024-09-15T23:01:58.870+0000 7f37a5ffb640 1 -- 172.21.15.38:0/3898472686 <== mon.0 v2:172.21.15.38:3300/0 6 ==== mon_command_ack([{"prefix": "get_command_descriptions"}]=0 v0) ==== 72+0+188821 (secure 0 0 0) 0x7f379c003b40 con 0x7f37a81015e0
2024-09-15T23:01:59.050 INFO:teuthology.orchestra.run.smithi038.stderr:2024-09-15T23:01:59.048+0000 7f37aee3a640 1 -- 172.21.15.38:0/3898472686 --> [v2:172.21.15.38:3300/0,v1:172.21.15.38:6789/0] -- mon_command([{prefix=config set, name=mgr/cephadm/allow_ptrace}] v 0) -- 0x7f37a802d830 con 0x7f37a81015e0
2024-09-15T23:01:59.054 INFO:teuthology.orchestra.run.smithi038.stderr:2024-09-15T23:01:59.053+0000 7f37a5ffb640 1 -- 172.21.15.38:0/3898472686 <== mon.0 v2:172.21.15.38:3300/0 7 ==== mon_command_ack([{prefix=config set, name=mgr/cephadm/allow_ptrace}]=0 v9)=0 v9) ==== 125+0+0 (secure 0 0 0) 0x7f379c003dd0 con 0x7f37a81015e0
