2024-09-15T23:01:30.849+0000 7f35477fe640 1 -- 172.21.15.38:0/237137613 learned_addr learned my addr 172.21.15.38:0/237137613 (peer_addr_for_me v2:172.21.15.38:0/0)
2024-09-15T23:01:31.636 INFO:teuthology.orchestra.run.smithi038.stdout:/usr/bin/ceph: stderr
2024-09-15T23:01:30.849+0000 7f35477fe640 1 -- 172.21.15.38:0/237137613 --> [v2:172.21.15.38:3300/0,v1:172.21.15.38:6789/0] -- mon_subscribe({config=0+,monmap=0+}) -- 0x7f354807ca40 con 0x7f354807de40
2024-09-15T23:01:31.637 INFO:teuthology.orchestra.run.smithi038.stdout:/usr/bin/ceph: stderr
2024-09-15T23:01:30.850+0000 7f35477fe640 1 --2- 172.21.15.38:0/237137613 >> [v2:172.21.15.38:3300/0,v1:172.21.15.38:6789/0] conn(0x7f354807de40 0x7f354807c2f0 secure :-1 s=READY pgs=39 cs=0 l=1 rev1=1 crypto rx=0x7f3538009820 tx=0x7f353802a270 comp rx=0 tx=0).ready entity=mon.0 client_cookie=23074f365da62ed6 server_cookie=0 in_seq=0 out_seq=0
2024-09-15T23:01:31.637 INFO:teuthology.orchestra.run.smithi038.stdout:/usr/bin/ceph: stderr
2024-09-15T23:01:30.850+0000 7f35467fc640 1 -- 172.21.15.38:0/237137613 <== mon.0 v2:172.21.15.38:3300/0 1 ==== mon_map magic: 0 ==== 205+0+0 (secure 0 0 0) 0x7f3538037070 con 0x7f354807de40
2024-09-15T23:01:31.637 INFO:teuthology.orchestra.run.smithi038.stdout:/usr/bin/ceph: stderr
2024-09-15T23:01:30.850+0000 7f35467fc640 1 -- 172.21.15.38:0/237137613 <== mon.0 v2:172.21.15.38:3300/0 2 ==== config(27 keys) ==== 1109+0+0 (secure 0 0 0) 0x7f3538032900 con 0x7f354807de40
2024-09-15T23:01:31.637 INFO:teuthology.orchestra.run.smithi038.stdout:/usr/bin/ceph: stderr
2024-09-15T23:01:30.850+0000 7f35467fc640 1 -- 172.21.15.38:0/237137613 <== mon.0 v2:172.21.15.38:3300/0 3 ==== mon_map magic: 0 ==== 205+0+0 (secure 0 0 0) 0x7f3538030850 con 0x7f354807de40
2024-09-15T23:01:31.637 INFO:teuthology.orchestra.run.smithi038.stdout:/usr/bin/ceph: stderr
2024-09-15T23:01:30.851+0000 7f354df45640 1 -- 172.21.15.38:0/237137613 >> [v2:172.21.15.38:3300/0,v1:172.21.15.38:6789/0] conn(0x7f354807de40 msgr2=0x7f354807c2f0 secure :-1 s=STATE_CONNECTION_ESTABLISHED l=1).mark_down
2024-09-15T23:01:31.637 INFO:teuthology.orchestra.run.smithi038.stdout:/usr/bin/ceph: stderr
2024-09-15T23:01:30.851+0000 7f354df45640 1 --2- 172.21.15.38:0/237137613 >> [v2:172.21.15.38:3300/0,v1:172.21.15.38:6789/0] conn(0x7f354807de40 0x7f354807c2f0 secure :-1 s=READY pgs=39 cs=0 l=1 rev1=1 crypto rx=0x7f3538009820 tx=0x7f353802a270 comp rx=0 tx=0).stop
2024-09-15T23:01:31.637 INFO:teuthology.orchestra.run.smithi038.stdout:/usr/bin/ceph: stderr
2024-09-15T23:01:30.851+0000 7f354df45640 1 -- 172.21.15.38:0/237137613 shutdown_connections
2024-09-15T23:01:31.637 INFO:teuthology.orchestra.run.smithi038.stdout:/usr/bin/ceph: stderr
2024-09-15T23:01:30.851+0000 7f354df45640 1 --2- 172.21.15.38:0/237137613 >> [v2:172.21.15.38:3300/0,v1:172.21.15.38:6789/0] conn(0x7f354807de40 0x7f354807c2f0 unknown :-1 s=CLOSED pgs=39 cs=0 l=1 rev1=1 crypto rx=0 tx=0 comp rx=0 tx=0).stop
2024-09-15T23:01:31.637 INFO:teuthology.orchestra.run.smithi038.stdout:/usr/bin/ceph: stderr
2024-09-15T23:01:30.851+0000 7f354df45640 1 -- 172.21.15.38:0/237137613 >> 172.21.15.38:0/237137613 conn(0x7f3548102ce0 msgr2=0x7f3548105100 unknown :-1 s=STATE_NONE l=0).mark_down
2024-09-15T23:01:31.637 INFO:teuthology.orchestra.run.smithi038.stdout:/usr/bin/ceph: stderr
2024-09-15T23:01:30.851+0000 7f354df45640 1 -- 172.21.15.38:0/237137613 shutdown_connections
2024-09-15T23:01:31.637 INFO:teuthology.orchestra.run.smithi038.stdout:/usr/bin/ceph: stderr
2024-09-15T23:01:30.851+0000 7f354df45640 1 -- 172.21.15.38:0/237137613 wait complete.
2024-09-15T23:01:31.637 INFO:teuthology.orchestra.run.smithi038.stdout:/usr/bin/ceph: stderr
2024-09-15T23:01:30.852+0000 7f354df45640 1 Processor -- start
2024-09-15T23:01:31.637 INFO:teuthology.orchestra.run.smithi038.stdout:/usr/bin/ceph: stderr
2024-09-15T23:01:30.852+0000 7f354df45640 1 -- start start
2024-09-15T23:01:31.638 INFO:teuthology.orchestra.run.smithi038.stdout:/usr/bin/ceph: stderr
2024-09-15T23:01:30.852+0000 7f354df45640 1 --2- >> [v2:172.21.15.38:3300/0,v1:172.21.15.38:6789/0] conn(0x7f354807de40 0x7f354819d690 unknown :-1 s=NONE pgs=0 cs=0 l=1 rev1=0 crypto rx=0 tx=0 comp rx=0 tx=0).connect
2024-09-15T23:01:31.638 INFO:teuthology.orchestra.run.smithi038.stdout:/usr/bin/ceph: stderr
2024-09-15T23:01:30.852+0000 7f354df45640 1 -- --> [v2:172.21.15.38:3300/0,v1:172.21.15.38:6789/0] -- mon_getmap magic: 0 -- 0x7f354810db00 con 0x7f354807de40
2024-09-15T23:01:31.638 INFO:teuthology.orchestra.run.smithi038.stdout:/usr/bin/ceph: stderr
2024-09-15T23:01:30.852+0000 7f35477fe640 1 --2- >> [v2:172.21.15.38:3300/0,v1:172.21.15.38:6789/0] conn(0x7f354807de40 0x7f354819d690 unknown :-1 s=BANNER_CONNECTING pgs=0 cs=0 l=1 rev1=0 crypto rx=0 tx=0 comp rx=0 tx=0)._handle_peer_banner_payload supported=3 required=0
2024-09-15T23:01:31.638 INFO:teuthology.orchestra.run.smithi038.stdout:/usr/bin/ceph: stderr
2024-09-15T23:01:30.852+0000 7f35477fe640 1 --2- >> [v2:172.21.15.38:3300/0,v1:172.21.15.38:6789/0] conn(0x7f354807de40 0x7f354819d690 unknown :-1 s=HELLO_CONNECTING pgs=0 cs=0 l=1 rev1=1 crypto rx=0 tx=0 comp rx=0 tx=0).handle_hello peer v2:172.21.15.38:3300/0 says I am v2:172.21.15.38:55896/0 (socket says 172.21.15.38:55896)
2024-09-15T23:01:31.638 INFO:teuthology.orchestra.run.smithi038.stdout:/usr/bin/ceph: stderr
2024-09-15T23:01:30.852+0000 7f35477fe640 1 -- 172.21.15.38:0/2070636929 learned_addr learned my addr 172.21.15.38:0/2070636929 (peer_addr_for_me v2:172.21.15.38:0/0)
2024-09-15T23:01:31.638 INFO:teuthology.orchestra.run.smithi038.stdout:/usr/bin/ceph: stderr
2024-09-15T23:01:30.853+0000 7f35477fe640 1 -- 172.21.15.38:0/2070636929 --> [v2:172.21.15.38:3300/0,v1:172.21.15.38:6789/0] -- mon_subscribe({config=0+,monmap=0+}) -- 0x7f354819dbd0 con 0x7f354807de40
2024-09-15T23:01:31.638 INFO:teuthology.orchestra.run.smithi038.stdout:/usr/bin/ceph: stderr
2024-09-15T23:01:30.853+0000 7f35477fe640 1 --2- 172.21.15.38:0/2070636929 >> [v2:172.21.15.38:3300/0,v1:172.21.15.38:6789/0] conn(0x7f354807de40 0x7f354819d690 secure :-1 s=READY pgs=40 cs=0 l=1 rev1=1 crypto rx=0x7f3538032ce0 tx=0x7f3538032d10 comp rx=0 tx=0).ready entity=mon.0 client_cookie=0 server_cookie=0 in_seq=0 out_seq=0
2024-09-15T23:01:31.638 INFO:teuthology.orchestra.run.smithi038.stdout:/usr/bin/ceph: stderr
2024-09-15T23:01:30.853+0000 7f3544ff9640 1 -- 172.21.15.38:0/2070636929 <== mon.0 v2:172.21.15.38:3300/0 1 ==== mon_map magic: 0 ==== 205+0+0 (secure 0 0 0) 0x7f3538042070 con 0x7f354807de40
2024-09-15T23:01:31.638 INFO:teuthology.orchestra.run.smithi038.stdout:/usr/bin/ceph: stderr
2024-09-15T23:01:30.853+0000 7f3544ff9640 1 -- 172.21.15.38:0/2070636929 <== mon.0 v2:172.21.15.38:3300/0 2 ==== config(27 keys) ==== 1109+0+0 (secure 0 0 0) 0x7f35380308c0 con 0x7f354807de40
2024-09-15T23:01:31.638 INFO:teuthology.orchestra.run.smithi038.stdout:/usr/bin/ceph: stderr
2024-09-15T23:01:30.853+0000 7f354df45640 1 -- 172.21.15.38:0/2070636929 --> [v2:172.21.15.38:3300/0,v1:172.21.15.38:6789/0] -- mon_subscribe({mgrmap=0+}) -- 0x7f354819de60 con 0x7f354807de40
2024-09-15T23:01:31.638 INFO:teuthology.orchestra.run.smithi038.stdout:/usr/bin/ceph: stderr
2024-09-15T23:01:30.853+0000 7f3544ff9640 1 -- 172.21.15.38:0/2070636929 <== mon.0 v2:172.21.15.38:3300/0 3 ==== mon_map magic: 0 ==== 205+0+0 (secure 0 0 0) 0x7f3538037040 con 0x7f354807de40
2024-09-15T23:01:31.638 INFO:teuthology.orchestra.run.smithi038.stdout:/usr/bin/ceph: stderr
2024-09-15T23:01:30.853+0000 7f354df45640 1 -- 172.21.15.38:0/2070636929 --> [v2:172.21.15.38:3300/0,v1:172.21.15.38:6789/0] -- mon_subscribe({osdmap=0}) -- 0x7f35481a0b50 con 0x7f354807de40
2024-09-15T23:01:31.638 INFO:teuthology.orchestra.run.smithi038.stdout:/usr/bin/ceph: stderr
2024-09-15T23:01:30.854+0000 7f3544ff9640 1 -- 172.21.15.38:0/2070636929 <== mon.0 v2:172.21.15.38:3300/0 4 ==== mgrmap(e 8) ==== 46461+0+0 (secure 0 0 0) 0x7f3538045070 con 0x7f354807de40
2024-09-15T23:01:31.639 INFO:teuthology.orchestra.run.smithi038.stdout:/usr/bin/ceph: stderr
2024-09-15T23:01:30.854+0000 7f354df45640 1 -- 172.21.15.38:0/2070636929 --> [v2:172.21.15.38:3300/0,v1:172.21.15.38:6789/0] -- mon_command({"prefix": "get_command_descriptions"} v 0) -- 0x7f354807c370 con 0x7f354807de40
2024-09-15T23:01:31.639 INFO:teuthology.orchestra.run.smithi038.stdout:/usr/bin/ceph: stderr
2024-09-15T23:01:30.854+0000 7f3544ff9640 1 --2- 172.21.15.38:0/2070636929 >> [v2:172.21.15.38:6800/2951134777,v1:172.21.15.38:6801/2951134777] conn(0x7f3530039200 0x7f353003b6c0 unknown :-1 s=NONE pgs=0 cs=0 l=1 rev1=0 crypto rx=0 tx=0 comp rx=0 tx=0).connect
2024-09-15T23:01:31.639 INFO:teuthology.orchestra.run.smithi038.stdout:/usr/bin/ceph: stderr
2024-09-15T23:01:30.854+0000 7f3544ff9640 1 -- 172.21.15.38:0/2070636929 <== mon.0 v2:172.21.15.38:3300/0 5 ==== osd_map(2..2 src has 1..2) ==== 940+0+0 (secure 0 0 0) 0x7f353806c570 con 0x7f354807de40
2024-09-15T23:01:31.639 INFO:teuthology.orchestra.run.smithi038.stdout:/usr/bin/ceph: stderr
2024-09-15T23:01:30.854+0000 7f3546ffd640 1 --2- 172.21.15.38:0/2070636929 >> [v2:172.21.15.38:6800/2951134777,v1:172.21.15.38:6801/2951134777] conn(0x7f3530039200 0x7f353003b6c0 unknown :-1 s=BANNER_CONNECTING pgs=0 cs=0 l=1 rev1=0 crypto rx=0 tx=0 comp rx=0 tx=0)._handle_peer_banner_payload supported=3 required=0
2024-09-15T23:01:31.639 INFO:teuthology.orchestra.run.smithi038.stdout:/usr/bin/ceph: stderr
2024-09-15T23:01:30.855+0000 7f3546ffd640 1 --2- 172.21.15.38:0/2070636929 >> [v2:172.21.15.38:6800/2951134777,v1:172.21.15.38:6801/2951134777] conn(0x7f3530039200 0x7f353003b6c0 secure :-1 s=READY pgs=10 cs=0 l=1 rev1=1 crypto rx=0x7f353c0098c0 tx=0x7f353c006db0 comp rx=0 tx=0).ready entity=mgr.14116 client_cookie=0 server_cookie=0 in_seq=0 out_seq=0
2024-09-15T23:01:31.639 INFO:teuthology.orchestra.run.smithi038.stdout:/usr/bin/ceph: stderr
2024-09-15T23:01:30.859+0000 7f3544ff9640 1 -- 172.21.15.38:0/2070636929 <== mon.0 v2:172.21.15.38:3300/0 6 ==== mon_command_ack([{"prefix": "get_command_descriptions"}]=0 v0) ==== 72+0+188821 (secure 0 0 0) 0x7f3538045520 con 0x7f354807de40
2024-09-15T23:01:31.639 INFO:teuthology.orchestra.run.smithi038.stdout:/usr/bin/ceph: stderr
2024-09-15T23:01:31.037+0000 7f354df45640 1 -- 172.21.15.38:0/2070636929 --> [v2:172.21.15.38:6800/2951134777,v1:172.21.15.38:6801/2951134777] -- mgr_command(tid 0: {"prefix": "cephadm get-pub-key", "target": ["mon-mgr", ""]}) -- 0x7f3548103f60 con 0x7f3530039200
2024-09-15T23:01:31.639 INFO:teuthology.orchestra.run.smithi038.stdout:/usr/bin/ceph: stderr
2024-09-15T23:01:31.038+0000 7f3544ff9640 1 -- 172.21.15.38:0/2070636929 <== mgr.14116 v2:172.21.15.38:6800/2951134777 1 ==== mgr_command_reply(tid 0: 0 ) ==== 8+0+595 (secure 0 0 0) 0x7f3548103f60 con 0x7f3530039200
2024-09-15T23:01:31.639 INFO:teuthology.orchestra.run.smithi038.stdout:/usr/bin/ceph: stderr
2024-09-15T23:01:31.040+0000 7f354df45640 1 -- 172.21.15.38:0/2070636929 >> [v2:172.21.15.38:6800/2951134777,v1:172.21.15.38:6801/2951134777] conn(0x7f3530039200 msgr2=0x7f353003b6c0 secure :-1 s=STATE_CONNECTION_ESTABLISHED l=1).mark_down
2024-09-15T23:01:31.639 INFO:teuthology.orchestra.run.smithi038.stdout:/usr/bin/ceph: stderr
2024-09-15T23:01:31.040+0000 7f354df45640 1 --2- 172.21.15.38:0/2070636929 >> [v2:172.21.15.38:6800/2951134777,v1:172.21.15.38:6801/2951134777] conn(0x7f3530039200 0x7f353003b6c0 secure :-1 s=READY pgs=10 cs=0 l=1 rev1=1 crypto rx=0x7f353c0098c0 tx=0x7f353c006db0 comp rx=0 tx=0).stop
2024-09-15T23:01:31.639 INFO:teuthology.orchestra.run.smithi038.stdout:/usr/bin/ceph: stderr
2024-09-15T23:01:31.040+0000 7f354df45640 1 -- 172.21.15.38:0/2070636929 >> [v2:172.21.15.38:3300/0,v1:172.21.15.38:6789/0] conn(0x7f354807de40 msgr2=0x7f354819d690 secure :-1 s=STATE_CONNECTION_ESTABLISHED l=1).mark_down
2024-09-15T23:01:31.639 INFO:teuthology.orchestra.run.smithi038.stdout:/usr/bin/ceph: stderr
2024-09-15T23:01:31.040+0000 7f354df45640 1 --2- 172.21.15.38:0/2070636929 >> [v2:172.21.15.38:3300/0,v1:172.21.15.38:6789/0] conn(0x7f354807de40 0x7f354819d690 secure :-1 s=READY pgs=40 cs=0 l=1 rev1=1 crypto rx=0x7f3538032ce0 tx=0x7f3538032d10 comp rx=0 tx=0).stop
2024-09-15T23:01:31.640 INFO:teuthology.orchestra.run.smithi038.stdout:/usr/bin/ceph: stderr
2024-09-15T23:01:31.040+0000 7f354df45640 1 -- 172.21.15.38:0/2070636929 shutdown_connections
2024-09-15T23:01:31.640 INFO:teuthology.orchestra.run.smithi038.stdout:/usr/bin/ceph: stderr
2024-09-15T23:01:31.040+0000 7f354df45640 1 --2- 172.21.15.38:0/2070636929 >> [v2:172.21.15.38:6800/2951134777,v1:172.21.15.38:6801/2951134777] conn(0x7f3530039200 0x7f353003b6c0 unknown :-1 s=CLOSED pgs=10 cs=0 l=1 rev1=1 crypto rx=0 tx=0 comp rx=0 tx=0).stop
2024-09-15T23:01:31.640 INFO:teuthology.orchestra.run.smithi038.stdout:/usr/bin/ceph: stderr
2024-09-15T23:01:31.040+0000 7f354df45640 1 --2- 172.21.15.38:0/2070636929 >> [v2:172.21.15.38:3300/0,v1:172.21.15.38:6789/0] conn(0x7f354807de40 0x7f354819d690 unknown :-1 s=CLOSED pgs=40 cs=0 l=1 rev1=1 crypto rx=0 tx=0 comp rx=0 tx=0).stop
2024-09-15T23:01:31.640 INFO:teuthology.orchestra.run.smithi038.stdout:/usr/bin/ceph: stderr
2024-09-15T23:01:31.040+0000 7f354df45640 1 -- 172.21.15.38:0/2070636929 >> 172.21.15.38:0/2070636929 conn(0x7f3548102ce0 msgr2=0x7f3548103850 unknown :-1 s=STATE_NONE l=0).mark_down
2024-09-15T23:01:31.640 INFO:teuthology.orchestra.run.smithi038.stdout:/usr/bin/ceph: stderr
2024-09-15T23:01:31.041+0000 7f354df45640 1 -- 172.21.15.38:0/2070636929 shutdown_connections
2024-09-15T23:01:31.640 INFO:teuthology.orchestra.run.smithi038.stdout:/usr/bin/ceph: stderr
2024-09-15T23:01:31.041+0000 7f354df45640 1 -- 172.21.15.38:0/2070636929 wait complete.
2024-09-15T23:01:31.640 INFO:teuthology.orchestra.run.smithi038.stdout:Wrote public SSH key to /home/ubuntu/cephtest/ceph.pub
2024-09-15T23:01:31.640 INFO:teuthology.orchestra.run.smithi038.stdout:Adding key to root@localhost authorized_keys...
2024-09-15T23:01:31.645 INFO:teuthology.orchestra.run.smithi038.stdout:Adding host smithi038...
2024-09-15T23:01:32.246 INFO:journalctl@ceph.mon.a.smithi038.stdout:Sep 15 23:01:31 smithi038 ceph-mon[30975]: from='client.14134 -' entity='client.admin' cmd=[{"prefix": "cephadm get-pub-key", "target": ["mon-mgr", ""]}]: dispatch
2024-09-15T23:01:33.592 INFO:journalctl@ceph.mon.a.smithi038.stdout:Sep 15 23:01:33 smithi038 ceph-mon[30975]: from='client.14136 -' entity='client.admin' cmd=[{"prefix": "orch host add", "hostname": "smithi038", "addr": "172.21.15.38", "target": ["mon-mgr", ""]}]: dispatch
2024-09-15T23:01:34.523 INFO:journalctl@ceph.mon.a.smithi038.stdout:Sep 15 23:01:34 smithi038 ceph-mon[30975]: Deploying cephadm binary to smithi038
2024-09-15T23:01:36.754 INFO:teuthology.orchestra.run.smithi038.stdout:/usr/bin/ceph: stdout Added host 'smithi038' with addr '172.21.15.38'
2024-09-15T23:01:36.754 INFO:teuthology.orchestra.run.smithi038.stdout:/usr/bin/ceph: stderr
2024-09-15T23:01:32.056+0000 7f8d7f34b640 1 Processor -- start
2024-09-15T23:01:36.754 INFO:teuthology.orchestra.run.smithi038.stdout:/usr/bin/ceph: stderr
2024-09-15T23:01:32.056+0000 7f8d7f34b640 1 -- start start
2024-09-15T23:01:36.754 INFO:teuthology.orchestra.run.smithi038.stdout:/usr/bin/ceph: stderr
2024-09-15T23:01:32.056+0000 7f8d7f34b640 1 --2- >> [v2:172.21.15.38:3300/0,v1:172.21.15.38:6789/0] conn(0x7f8d78107510 0x7f8d78107910 unknown :-1 s=NONE pgs=0 cs=0 l=0 rev1=0 crypto rx=0 tx=0 comp rx=0 tx=0).connect
2024-09-15T23:01:36.754 INFO:teuthology.orchestra.run.smithi038.stdout:/usr/bin/ceph: stderr
2024-09-15T23:01:32.056+0000 7f8d7f34b640 1 -- --> [v2:172.21.15.38:3300/0,v1:172.21.15.38:6789/0] -- mon_getmap magic: 0 -- 0x7f8d78107ee0 con 0x7f8d78107510
2024-09-15T23:01:36.754 INFO:teuthology.orchestra.run.smithi038.stdout:/usr/bin/ceph: stderr
2024-09-15T23:01:32.056+0000 7f8d7d0e7640 1 --2- >> [v2:172.21.15.38:3300/0,v1:172.21.15.38:6789/0] conn(0x7f8d78107510 0x7f8d78107910 unknown :-1 s=BANNER_CONNECTING pgs=0 cs=0 l=0 rev1=0 crypto rx=0 tx=0 comp rx=0 tx=0)._handle_peer_banner_payload supported=3 required=0
2024-09-15T23:01:36.754 INFO:teuthology.orchestra.run.smithi038.stdout:/usr/bin/ceph: stderr
2024-09-15T23:01:32.056+0000 7f8d7d0e7640 1 --2- >> [v2:172.21.15.38:3300/0,v1:172.21.15.38:6789/0] conn(0x7f8d78107510 0x7f8d78107910 unknown :-1 s=HELLO_CONNECTING pgs=0 cs=0 l=0 rev1=1 crypto rx=0 tx=0 comp rx=0 tx=0).handle_hello peer v2:172.21.15.38:3300/0 says I am v2:172.21.15.38:55908/0 (socket says 172.21.15.38:55908)
2024-09-15T23:01:36.754 INFO:teuthology.orchestra.run.smithi038.stdout:/usr/bin/ceph: stderr
2024-09-15T23:01:32.056+0000 7f8d7d0e7640 1 -- 172.21.15.38:0/1354859245 learned_addr learned my addr 172.21.15.38:0/1354859245 (peer_addr_for_me v2:172.21.15.38:0/0)
2024-09-15T23:01:36.754 INFO:teuthology.orchestra.run.smithi038.stdout:/usr/bin/ceph: stderr
2024-09-15T23:01:32.057+0000 7f8d7d0e7640 1 -- 172.21.15.38:0/1354859245 --> [v2:172.21.15.38:3300/0,v1:172.21.15.38:6789/0] -- mon_subscribe({config=0+,monmap=0+}) -- 0x7f8d781086c0 con 0x7f8d78107510
2024-09-15T23:01:36.754 INFO:teuthology.orchestra.run.smithi038.stdout:/usr/bin/ceph: stderr
2024-09-15T23:01:32.057+0000 7f8d7d0e7640 1 --2- 172.21.15.38:0/1354859245 >> [v2:172.21.15.38:3300/0,v1:172.21.15.38:6789/0] conn(0x7f8d78107510 0x7f8d78107910 secure :-1 s=READY pgs=41 cs=0 l=1 rev1=1 crypto rx=0x7f8d74009820 tx=0x7f8d7402a270 comp rx=0 tx=0).ready entity=mon.0 client_cookie=3e32a9d0e78bcc83 server_cookie=0 in_seq=0 out_seq=0
2024-09-15T23:01:36.755 INFO:teuthology.orchestra.run.smithi038.stdout:/usr/bin/ceph: stderr
2024-09-15T23:01:32.058+0000 7f8d6ffff640 1 -- 172.21.15.38:0/1354859245 <== mon.0 v2:172.21.15.38:3300/0 1 ==== mon_map magic: 0 ==== 205+0+0 (secure 0 0 0) 0x7f8d74037070 con 0x7f8d78107510
2024-09-15T23:01:36.755 INFO:teuthology.orchestra.run.smithi038.stdout:/usr/bin/ceph: stderr
2024-09-15T23:01:32.058+0000 7f8d6ffff640 1 -- 172.21.15.38:0/1354859245 <== mon.0 v2:172.21.15.38:3300/0 2 ==== config(27 keys) ==== 1109+0+0 (secure 0 0 0) 0x7f8d74032900 con 0x7f8d78107510
2024-09-15T23:01:36.755 INFO:teuthology.orchestra.run.smithi038.stdout:/usr/bin/ceph: stderr
2024-09-15T23:01:32.058+0000 7f8d6ffff640 1 -- 172.21.15.38:0/1354859245 <== mon.0 v2:172.21.15.38:3300/0 3 ==== mon_map magic: 0 ==== 205+0+0 (secure 0 0 0) 0x7f8d74030850 con 0x7f8d78107510
2024-09-15T23:01:36.755 INFO:teuthology.orchestra.run.smithi038.stdout:/usr/bin/ceph: stderr
2024-09-15T23:01:32.058+0000 7f8d7f34b640 1 -- 172.21.15.38:0/1354859245 >> [v2:172.21.15.38:3300/0,v1:172.21.15.38:6789/0] conn(0x7f8d78107510 msgr2=0x7f8d78107910 secure :-1 s=STATE_CONNECTION_ESTABLISHED l=1).mark_down
2024-09-15T23:01:36.755 INFO:teuthology.orchestra.run.smithi038.stdout:/usr/bin/ceph: stderr
2024-09-15T23:01:32.058+0000 7f8d7f34b640 1 --2- 172.21.15.38:0/1354859245 >> [v2:172.21.15.38:3300/0,v1:172.21.15.38:6789/0] conn(0x7f8d78107510 0x7f8d78107910 secure :-1 s=READY pgs=41 cs=0 l=1 rev1=1 crypto rx=0x7f8d74009820 tx=0x7f8d7402a270 comp rx=0 tx=0).stop
2024-09-15T23:01:36.755 INFO:teuthology.orchestra.run.smithi038.stdout:/usr/bin/ceph: stderr
2024-09-15T23:01:32.058+0000 7f8d7f34b640 1 -- 172.21.15.38:0/1354859245 shutdown_connections
2024-09-15T23:01:36.755 INFO:teuthology.orchestra.run.smithi038.stdout:/usr/bin/ceph: stderr
2024-09-15T23:01:32.058+0000 7f8d7f34b640 1 --2- 172.21.15.38:0/1354859245 >> [v2:172.21.15.38:3300/0,v1:172.21.15.38:6789/0] conn(0x7f8d78107510 0x7f8d78107910 unknown :-1 s=CLOSED pgs=41 cs=0 l=1 rev1=1 crypto rx=0 tx=0 comp rx=0 tx=0).stop
2024-09-15T23:01:36.755 INFO:teuthology.orchestra.run.smithi038.stdout:/usr/bin/ceph: stderr
2024-09-15T23:01:32.058+0000 7f8d7f34b640 1 -- 172.21.15.38:0/1354859245 >> 172.21.15.38:0/1354859245 conn(0x7f8d78102ce0 msgr2=0x7f8d78105100 unknown :-1 s=STATE_NONE l=0).mark_down
2024-09-15T23:01:36.755 INFO:teuthology.orchestra.run.smithi038.stdout:/usr/bin/ceph: stderr
2024-09-15T23:01:32.058+0000 7f8d7f34b640 1 -- 172.21.15.38:0/1354859245 shutdown_connections
2024-09-15T23:01:36.755 INFO:teuthology.orchestra.run.smithi038.stdout:/usr/bin/ceph: stderr
2024-09-15T23:01:32.058+0000 7f8d7f34b640 1 -- 172.21.15.38:0/1354859245 wait complete.
2024-09-15T23:01:36.755 INFO:teuthology.orchestra.run.smithi038.stdout:/usr/bin/ceph: stderr
2024-09-15T23:01:32.059+0000 7f8d7f34b640 1 Processor -- start
2024-09-15T23:01:36.755 INFO:teuthology.orchestra.run.smithi038.stdout:/usr/bin/ceph: stderr
2024-09-15T23:01:32.059+0000 7f8d7f34b640 1 -- start start
2024-09-15T23:01:36.755 INFO:teuthology.orchestra.run.smithi038.stdout:/usr/bin/ceph: stderr
2024-09-15T23:01:32.059+0000 7f8d7f34b640 1 --2- >> [v2:172.21.15.38:3300/0,v1:172.21.15.38:6789/0] conn(0x7f8d78107510 0x7f8d7819b4e0 unknown :-1 s=NONE pgs=0 cs=0 l=1 rev1=0 crypto rx=0 tx=0 comp rx=0 tx=0).connect
2024-09-15T23:01:36.756 INFO:teuthology.orchestra.run.smithi038.stdout:/usr/bin/ceph: stderr
2024-09-15T23:01:32.059+0000 7f8d7f34b640 1 -- --> [v2:172.21.15.38:3300/0,v1:172.21.15.38:6789/0] -- mon_getmap magic: 0 -- 0x7f8d7810ba70 con 0x7f8d78107510
2024-09-15T23:01:36.756 INFO:teuthology.orchestra.run.smithi038.stdout:/usr/bin/ceph: stderr
2024-09-15T23:01:32.059+0000 7f8d7d0e7640 1 --2- >> [v2:172.21.15.38:3300/0,v1:172.21.15.38:6789/0] conn(0x7f8d78107510 0x7f8d7819b4e0 unknown :-1 s=BANNER_CONNECTING pgs=0 cs=0 l=1 rev1=0 crypto rx=0 tx=0 comp rx=0 tx=0)._handle_peer_banner_payload supported=3 required=0
2024-09-15T23:01:36.756 INFO:teuthology.orchestra.run.smithi038.stdout:/usr/bin/ceph: stderr
2024-09-15T23:01:32.059+0000 7f8d7d0e7640 1 --2- >> [v2:172.21.15.38:3300/0,v1:172.21.15.38:6789/0] conn(0x7f8d78107510 0x7f8d7819b4e0 unknown :-1 s=HELLO_CONNECTING pgs=0 cs=0 l=1 rev1=1 crypto rx=0 tx=0 comp rx=0 tx=0).handle_hello peer v2:172.21.15.38:3300/0 says I am v2:172.21.15.38:55914/0 (socket says 172.21.15.38:55914)
2024-09-15T23:01:36.756 INFO:teuthology.orchestra.run.smithi038.stdout:/usr/bin/ceph: stderr
2024-09-15T23:01:32.059+0000 7f8d7d0e7640 1 -- 172.21.15.38:0/2271838440 learned_addr learned my addr 172.21.15.38:0/2271838440 (peer_addr_for_me v2:172.21.15.38:0/0)
2024-09-15T23:01:36.756 INFO:teuthology.orchestra.run.smithi038.stdout:/usr/bin/ceph: stderr
2024-09-15T23:01:32.060+0000 7f8d7d0e7640 1 -- 172.21.15.38:0/2271838440 --> [v2:172.21.15.38:3300/0,v1:172.21.15.38:6789/0] -- mon_subscribe({config=0+,monmap=0+}) -- 0x7f8d7819ba20 con 0x7f8d78107510
2024-09-15T23:01:36.756 INFO:teuthology.orchestra.run.smithi038.stdout:/usr/bin/ceph: stderr
2024-09-15T23:01:32.060+0000 7f8d7d0e7640 1 --2- 172.21.15.38:0/2271838440 >> [v2:172.21.15.38:3300/0,v1:172.21.15.38:6789/0] conn(0x7f8d78107510 0x7f8d7819b4e0 secure :-1 s=READY pgs=42 cs=0 l=1 rev1=1 crypto rx=0x7f8d74009940 tx=0x7f8d74032ce0 comp rx=0 tx=0).ready entity=mon.0 client_cookie=0 server_cookie=0 in_seq=0 out_seq=0
2024-09-15T23:01:36.756 INFO:teuthology.orchestra.run.smithi038.stdout:/usr/bin/ceph: stderr
2024-09-15T23:01:32.060+0000 7f8d6e7fc640 1 -- 172.21.15.38:0/2271838440 <== mon.0 v2:172.21.15.38:3300/0 1 ==== mon_map magic: 0 ==== 205+0+0 (secure 0 0 0) 0x7f8d74042070 con 0x7f8d78107510
2024-09-15T23:01:36.756 INFO:teuthology.orchestra.run.smithi038.stdout:/usr/bin/ceph: stderr
2024-09-15T23:01:32.060+0000 7f8d7f34b640 1 -- 172.21.15.38:0/2271838440 --> [v2:172.21.15.38:3300/0,v1:172.21.15.38:6789/0] -- mon_subscribe({mgrmap=0+}) -- 0x7f8d7819bcb0 con 0x7f8d78107510
2024-09-15T23:01:36.757 INFO:teuthology.orchestra.run.smithi038.stdout:/usr/bin/ceph: stderr
2024-09-15T23:01:32.060+0000 7f8d6e7fc640 1 -- 172.21.15.38:0/2271838440 <== mon.0 v2:172.21.15.38:3300/0 2 ==== config(27 keys) ==== 1109+0+0 (secure 0 0 0) 0x7f8d740308c0 con 0x7f8d78107510
2024-09-15T23:01:36.757 INFO:teuthology.orchestra.run.smithi038.stdout:/usr/bin/ceph: stderr
2024-09-15T23:01:32.060+0000 7f8d6e7fc640 1 -- 172.21.15.38:0/2271838440 <== mon.0 v2:172.21.15.38:3300/0 3 ==== mon_map magic: 0 ==== 205+0+0 (secure 0 0 0) 0x7f8d74037040 con 0x7f8d78107510
2024-09-15T23:01:36.757 INFO:teuthology.orchestra.run.smithi038.stdout:/usr/bin/ceph: stderr
2024-09-15T23:01:32.060+0000 7f8d7f34b640 1 -- 172.21.15.38:0/2271838440 --> [v2:172.21.15.38:3300/0,v1:172.21.15.38:6789/0] -- mon_subscribe({osdmap=0}) -- 0x7f8d7819e9a0 con 0x7f8d78107510
2024-09-15T23:01:36.757 INFO:teuthology.orchestra.run.smithi038.stdout:/usr/bin/ceph: stderr
2024-09-15T23:01:32.061+0000 7f8d6e7fc640 1 -- 172.21.15.38:0/2271838440 <== mon.0 v2:172.21.15.38:3300/0 4 ==== mgrmap(e 8) ==== 46461+0+0 (secure 0 0 0) 0x7f8d74045070 con 0x7f8d78107510
2024-09-15T23:01:36.757 INFO:teuthology.orchestra.run.smithi038.stdout:/usr/bin/ceph: stderr
2024-09-15T23:01:32.061+0000 7f8d6e7fc640 1 --2- 172.21.15.38:0/2271838440 >> [v2:172.21.15.38:6800/2951134777,v1:172.21.15.38:6801/2951134777] conn(0x7f8d640391b0 0x7f8d6403b670 unknown :-1 s=NONE pgs=0 cs=0 l=1 rev1=0 crypto rx=0 tx=0 comp rx=0 tx=0).connect
2024-09-15T23:01:36.757 INFO:teuthology.orchestra.run.smithi038.stdout:/usr/bin/ceph: stderr
2024-09-15T23:01:32.061+0000 7f8d7f34b640 1 -- 172.21.15.38:0/2271838440 --> [v2:172.21.15.38:3300/0,v1:172.21.15.38:6789/0] -- mon_command({"prefix": "get_command_descriptions"} v 0) -- 0x7f8d7810bbf0 con 0x7f8d78107510
2024-09-15T23:01:36.757 INFO:teuthology.orchestra.run.smithi038.stdout:/usr/bin/ceph: stderr
2024-09-15T23:01:32.061+0000 7f8d6e7fc640 1 -- 172.21.15.38:0/2271838440 <== mon.0 v2:172.21.15.38:3300/0 5 ==== osd_map(2..2 src has 1..2) ==== 940+0+0 (secure 0 0 0) 0x7f8d7406c5b0 con 0x7f8d78107510
2024-09-15T23:01:36.757 INFO:teuthology.orchestra.run.smithi038.stdout:/usr/bin/ceph: stderr
2024-09-15T23:01:32.061+0000 7f8d7c8e6640 1 --2- 172.21.15.38:0/2271838440 >> [v2:172.21.15.38:6800/2951134777,v1:172.21.15.38:6801/2951134777] conn(0x7f8d640391b0 0x7f8d6403b670 unknown :-1 s=BANNER_CONNECTING pgs=0 cs=0 l=1 rev1=0 crypto rx=0 tx=0 comp rx=0 tx=0)._handle_peer_banner_payload supported=3 required=0
2024-09-15T23:01:36.757 INFO:teuthology.orchestra.run.smithi038.stdout:/usr/bin/ceph: stderr
2024-09-15T23:01:32.062+0000 7f8d7c8e6640 1 --2- 172.21.15.38:0/2271838440 >> [v2:172.21.15.38:6800/2951134777,v1:172.21.15.38:6801/2951134777] conn(0x7f8d640391b0 0x7f8d6403b670 secure :-1 s=READY pgs=11 cs=0 l=1 rev1=1 crypto rx=0x7f8d680098c0 tx=0x7f8d68006db0 comp rx=0 tx=0).ready entity=mgr.14116 client_cookie=0 server_cookie=0 in_seq=0 out_seq=0
2024-09-15T23:01:36.757 INFO:teuthology.orchestra.run.smithi038.stdout:/usr/bin/ceph: stderr
2024-09-15T23:01:32.066+0000 7f8d6e7fc640 1 -- 172.21.15.38:0/2271838440 <== mon.0 v2:172.21.15.38:3300/0 6 ==== mon_command_ack([{"prefix": "get_command_descriptions"}]=0 v0) ==== 72+0+188821 (secure 0 0 0) 0x7f8d7403cd90 con 0x7f8d78107510
2024-09-15T23:01:36.757 INFO:teuthology.orchestra.run.smithi038.stdout:/usr/bin/ceph: stderr
2024-09-15T23:01:32.246+0000 7f8d7f34b640 1 -- 172.21.15.38:0/2271838440 --> [v2:172.21.15.38:6800/2951134777,v1:172.21.15.38:6801/2951134777] -- mgr_command(tid 0: {"prefix": "orch host add", "hostname": "smithi038", "addr": "172.21.15.38", "target": ["mon-mgr", ""]}) -- 0x7f8d78103f30 con 0x7f8d640391b0
2024-09-15T23:01:36.758 INFO:teuthology.orchestra.run.smithi038.stdout:/usr/bin/ceph: stderr
2024-09-15T23:01:36.167+0000 7f8d6e7fc640 1 -- 172.21.15.38:0/2271838440 <== mgr.14116 v2:172.21.15.38:6800/2951134777 1 ==== mgr_command_reply(tid 0: 0 ) ==== 8+0+48 (secure 0 0 0) 0x7f8d78103f30 con 0x7f8d640391b0
2024-09-15T23:01:36.758 INFO:teuthology.orchestra.run.smithi038.stdout:/usr/bin/ceph: stderr
2024-09-15T23:01:36.169+0000 7f8d7f34b640 1 -- 172.21.15.38:0/2271838440 >> [v2:172.21.15.38:6800/2951134777,v1:172.21.15.38:6801/2951134777] conn(0x7f8d640391b0 msgr2=0x7f8d6403b670 secure :-1 s=STATE_CONNECTION_ESTABLISHED l=1).mark_down
2024-09-15T23:01:36.758 INFO:teuthology.orchestra.run.smithi038.stdout:/usr/bin/ceph: stderr
2024-09-15T23:01:36.169+0000 7f8d7f34b640 1 --2- 172.21.15.38:0/2271838440 >> [v2:172.21.15.38:6800/2951134777,v1:172.21.15.38:6801/2951134777] conn(0x7f8d640391b0 0x7f8d6403b670 secure :-1 s=READY pgs=11 cs=0 l=1 rev1=1 crypto rx=0x7f8d680098c0 tx=0x7f8d68006db0 comp rx=0 tx=0).stop
2024-09-15T23:01:36.758 INFO:teuthology.orchestra.run.smithi038.stdout:/usr/bin/ceph: stderr
2024-09-15T23:01:36.169+0000 7f8d7f34b640 1 -- 172.21.15.38:0/2271838440 >> [v2:172.21.15.38:3300/0,v1:172.21.15.38:6789/0] conn(0x7f8d78107510 msgr2=0x7f8d7819b4e0 secure :-1 s=STATE_CONNECTION_ESTABLISHED l=1).mark_down
2024-09-15T23:01:36.758 INFO:teuthology.orchestra.run.smithi038.stdout:/usr/bin/ceph: stderr
2024-09-15T23:01:36.169+0000 7f8d7f34b640 1 --2- 172.21.15.38:0/2271838440 >> [v2:172.21.15.38:3300/0,v1:172.21.15.38:6789/0] conn(0x7f8d78107510 0x7f8d7819b4e0 secure :-1 s=READY pgs=42 cs=0 l=1 rev1=1 crypto rx=0x7f8d74009940 tx=0x7f8d74032ce0 comp rx=0 tx=0).stop
2024-09-15T23:01:36.758 INFO:teuthology.orchestra.run.smithi038.stdout:/usr/bin/ceph: stderr
2024-09-15T23:01:36.170+0000 7f8d7f34b640 1 -- 172.21.15.38:0/2271838440 shutdown_connections
2024-09-15T23:01:36.758 INFO:teuthology.orchestra.run.smithi038.stdout:/usr/bin/ceph: stderr
2024-09-15T23:01:36.170+0000 7f8d7f34b640 1 --2- 172.21.15.38:0/2271838440 >> [v2:172.21.15.38:6800/2951134777,v1:172.21.15.38:6801/2951134777] conn(0x7f8d640391b0 0x7f8d6403b670 unknown :-1 s=CLOSED pgs=11 cs=0 l=1 rev1=1 crypto rx=0 tx=0 comp rx=0 tx=0).stop
2024-09-15T23:01:36.758 INFO:teuthology.orchestra.run.smithi038.stdout:/usr/bin/ceph: stderr
2024-09-15T23:01:36.170+0000 7f8d7f34b640 1 --2- 172.21.15.38:0/2271838440 >> [v2:172.21.15.38:3300/0,v1:172.21.15.38:6789/0] conn(0x7f8d78107510 0x7f8d7819b4e0 unknown :-1 s=CLOSED pgs=42 cs=0 l=1 rev1=1 crypto rx=0 tx=0 comp rx=0 tx=0).stop
2024-09-15T23:01:36.758 INFO:teuthology.orchestra.run.smithi038.stdout:/usr/bin/ceph: stderr
2024-09-15T23:01:36.170+0000 7f8d7f34b640 1 -- 172.21.15.38:0/2271838440 >> 172.21.15.38:0/2271838440 conn(0x7f8d78102ce0 msgr2=0x7f8d78103820 unknown :-1 s=STATE_NONE l=0).mark_down
2024-09-15T23:01:36.758 INFO:teuthology.orchestra.run.smithi038.stdout:/usr/bin/ceph: stderr
2024-09-15T23:01:36.170+0000 7f8d7f34b640 1 -- 172.21.15.38:0/2271838440 shutdown_connections
2024-09-15T23:01:36.758 INFO:teuthology.orchestra.run.smithi038.stdout:/usr/bin/ceph: stderr
2024-09-15T23:01:36.170+0000 7f8d7f34b640 1 -- 172.21.15.38:0/2271838440 wait complete.
2024-09-15T23:01:36.759 INFO:teuthology.orchestra.run.smithi038.stdout:Deploying unmanaged mon service...
2024-09-15T23:01:37.342 INFO:journalctl@ceph.mon.a.smithi038.stdout:Sep 15 23:01:37 smithi038 ceph-mon[30975]: from='mgr.14116 172.21.15.38:0/624939086' entity='mgr.x'
2024-09-15T23:01:37.342 INFO:journalctl@ceph.mon.a.smithi038.stdout:Sep 15 23:01:37 smithi038 ceph-mon[30975]: Added host smithi038
2024-09-15T23:01:37.342 INFO:journalctl@ceph.mon.a.smithi038.stdout:Sep 15 23:01:37 smithi038 ceph-mon[30975]: from='mgr.14116 172.21.15.38:0/624939086' entity='mgr.x' cmd=[{"prefix": "config dump", "format": "json"}]: dispatch
2024-09-15T23:01:38.130 INFO:teuthology.orchestra.run.smithi038.stdout:/usr/bin/ceph: stdout Scheduled mon update...
2024-09-15T23:01:38.130 INFO:teuthology.orchestra.run.smithi038.stdout:/usr/bin/ceph: stderr
2024-09-15T23:01:37.138+0000 7f7814865640 1 Processor -- start
2024-09-15T23:01:38.130 INFO:teuthology.orchestra.run.smithi038.stdout:/usr/bin/ceph: stderr
2024-09-15T23:01:37.138+0000 7f7814865640 1 -- start start
2024-09-15T23:01:38.130 INFO:teuthology.orchestra.run.smithi038.stdout:/usr/bin/ceph: stderr
2024-09-15T23:01:37.139+0000 7f7814865640 1 --2- >> [v2:172.21.15.38:3300/0,v1:172.21.15.38:6789/0] conn(0x7f781007de20 0x7f781007c2d0 unknown :-1 s=NONE pgs=0 cs=0 l=0 rev1=0 crypto rx=0 tx=0 comp rx=0 tx=0).connect
2024-09-15T23:01:38.130 INFO:teuthology.orchestra.run.smithi038.stdout:/usr/bin/ceph: stderr
2024-09-15T23:01:37.139+0000 7f7814865640 1 -- --> [v2:172.21.15.38:3300/0,v1:172.21.15.38:6789/0] -- mon_getmap magic: 0 -- 0x7f781007c810 con 0x7f781007de20
2024-09-15T23:01:38.130 INFO:teuthology.orchestra.run.smithi038.stdout:/usr/bin/ceph: stderr
2024-09-15T23:01:37.139+0000 7f780e59c640 1 --2- >> [v2:172.21.15.38:3300/0,v1:172.21.15.38:6789/0] conn(0x7f781007de20 0x7f781007c2d0 unknown :-1 s=BANNER_CONNECTING pgs=0 cs=0 l=0 rev1=0 crypto rx=0 tx=0 comp rx=0 tx=0)._handle_peer_banner_payload supported=3 required=0
2024-09-15T23:01:38.130 INFO:teuthology.orchestra.run.smithi038.stdout:/usr/bin/ceph: stderr
2024-09-15T23:01:37.139+0000 7f780e59c640 1 --2- >> [v2:172.21.15.38:3300/0,v1:172.21.15.38:6789/0] conn(0x7f781007de20 0x7f781007c2d0 unknown :-1 s=HELLO_CONNECTING pgs=0 cs=0 l=0 rev1=1 crypto rx=0 tx=0 comp rx=0 tx=0).handle_hello peer v2:172.21.15.38:3300/0 says I am v2:172.21.15.38:55926/0 (socket says 172.21.15.38:55926)
2024-09-15T23:01:38.130 INFO:teuthology.orchestra.run.smithi038.stdout:/usr/bin/ceph: stderr
2024-09-15T23:01:37.139+0000 7f780e59c640 1 -- 172.21.15.38:0/3957717582 learned_addr learned my addr 172.21.15.38:0/3957717582 (peer_addr_for_me v2:172.21.15.38:0/0)
2024-09-15T23:01:38.131 INFO:teuthology.orchestra.run.smithi038.stdout:/usr/bin/ceph: stderr
2024-09-15T23:01:37.139+0000 7f780e59c640 1 -- 172.21.15.38:0/3957717582 --> [v2:172.21.15.38:3300/0,v1:172.21.15.38:6789/0] -- mon_subscribe({config=0+,monmap=0+}) -- 0x7f781007c990 con 0x7f781007de20
2024-09-15T23:01:38.131 INFO:teuthology.orchestra.run.smithi038.stdout:/usr/bin/ceph: stderr
2024-09-15T23:01:37.140+0000 7f780e59c640 1 --2- 172.21.15.38:0/3957717582 >> [v2:172.21.15.38:3300/0,v1:172.21.15.38:6789/0] conn(0x7f781007de20 0x7f781007c2d0 secure :-1 s=READY pgs=43 cs=0 l=1 rev1=1 crypto rx=0x7f7800009820 tx=0x7f780002a300 comp rx=0 tx=0).ready entity=mon.0 client_cookie=ebc7333b96d005af server_cookie=0 in_seq=0 out_seq=0
2024-09-15T23:01:38.131 INFO:teuthology.orchestra.run.smithi038.stdout:/usr/bin/ceph: stderr
2024-09-15T23:01:37.140+0000 7f780d59a640 1 -- 172.21.15.38:0/3957717582 <== mon.0 v2:172.21.15.38:3300/0 1 ==== mon_map magic: 0 ==== 205+0+0 (secure 0 0 0) 0x7f7800037070 con 0x7f781007de20
2024-09-15T23:01:38.131 INFO:teuthology.orchestra.run.smithi038.stdout:/usr/bin/ceph: stderr
2024-09-15T23:01:37.140+0000 7f780d59a640 1 -- 172.21.15.38:0/3957717582 <== mon.0 v2:172.21.15.38:3300/0 2 ==== config(27 keys) ==== 1109+0+0 (secure 0 0 0) 0x7f7800032900 con 0x7f781007de20
2024-09-15T23:01:38.131 INFO:teuthology.orchestra.run.smithi038.stdout:/usr/bin/ceph: stderr
2024-09-15T23:01:37.140+0000 7f780d59a640 1 -- 172.21.15.38:0/3957717582 <== mon.0 v2:172.21.15.38:3300/0 3 ==== mon_map magic: 0 ==== 205+0+0 (secure 0 0 0) 0x7f78000308e0 con 0x7f781007de20
2024-09-15T23:01:38.131 INFO:teuthology.orchestra.run.smithi038.stdout:/usr/bin/ceph: stderr
2024-09-15T23:01:37.141+0000 7f7814865640 1 -- 172.21.15.38:0/3957717582 >> [v2:172.21.15.38:3300/0,v1:172.21.15.38:6789/0] conn(0x7f781007de20 msgr2=0x7f781007c2d0 secure :-1 s=STATE_CONNECTION_ESTABLISHED l=1).mark_down
2024-09-15T23:01:38.131 INFO:teuthology.orchestra.run.smithi038.stdout:/usr/bin/ceph: stderr
2024-09-15T23:01:37.141+0000 7f7814865640 1 --2- 172.21.15.38:0/3957717582 >> [v2:172.21.15.38:3300/0,v1:172.21.15.38:6789/0] conn(0x7f781007de20 0x7f781007c2d0 secure :-1 s=READY pgs=43 cs=0 l=1 rev1=1 crypto rx=0x7f7800009820 tx=0x7f780002a300 comp rx=0 tx=0).stop
2024-09-15T23:01:38.131 INFO:teuthology.orchestra.run.smithi038.stdout:/usr/bin/ceph: stderr
2024-09-15T23:01:37.141+0000 7f7814865640 1 -- 172.21.15.38:0/3957717582 shutdown_connections
2024-09-15T23:01:38.131 INFO:teuthology.orchestra.run.smithi038.stdout:/usr/bin/ceph: stderr
2024-09-15T23:01:37.141+0000 7f7814865640 1 --2- 172.21.15.38:0/3957717582 >> [v2:172.21.15.38:3300/0,v1:172.21.15.38:6789/0] conn(0x7f781007de20 0x7f781007c2d0 unknown :-1 s=CLOSED pgs=43 cs=0 l=1 rev1=1 crypto rx=0 tx=0 comp rx=0 tx=0).stop
2024-09-15T23:01:38.131 INFO:teuthology.orchestra.run.smithi038.stdout:/usr/bin/ceph: stderr
2024-09-15T23:01:37.141+0000 7f7814865640 1 -- 172.21.15.38:0/3957717582 >> 172.21.15.38:0/3957717582 conn(0x7f7810102ce0 msgr2=0x7f7810105100 unknown :-1 s=STATE_NONE l=0).mark_down
2024-09-15T23:01:38.131 INFO:teuthology.orchestra.run.smithi038.stdout:/usr/bin/ceph: stderr
2024-09-15T23:01:37.141+0000 7f7814865640 1 -- 172.21.15.38:0/3957717582 shutdown_connections
2024-09-15T23:01:38.131 INFO:teuthology.orchestra.run.smithi038.stdout:/usr/bin/ceph: stderr
2024-09-15T23:01:37.141+0000 7f7814865640 1 -- 172.21.15.38:0/3957717582 wait complete.
2024-09-15T23:01:38.132 INFO:teuthology.orchestra.run.smithi038.stdout:/usr/bin/ceph: stderr
2024-09-15T23:01:37.142+0000 7f7814865640 1 Processor -- start
2024-09-15T23:01:38.132 INFO:teuthology.orchestra.run.smithi038.stdout:/usr/bin/ceph: stderr
2024-09-15T23:01:37.142+0000 7f7814865640 1 -- start start
2024-09-15T23:01:38.132 INFO:teuthology.orchestra.run.smithi038.stdout:/usr/bin/ceph: stderr
2024-09-15T23:01:37.142+0000 7f7814865640 1 --2- >> [v2:172.21.15.38:3300/0,v1:172.21.15.38:6789/0] conn(0x7f781007de20 0x7f781019d6c0 unknown :-1 s=NONE pgs=0 cs=0 l=1 rev1=0 crypto rx=0 tx=0 comp rx=0 tx=0).connect
2024-09-15T23:01:38.132 INFO:teuthology.orchestra.run.smithi038.stdout:/usr/bin/ceph: stderr
2024-09-15T23:01:37.142+0000 7f7814865640 1 -- --> [v2:172.21.15.38:3300/0,v1:172.21.15.38:6789/0] -- mon_getmap magic: 0 -- 0x7f781010db20 con 0x7f781007de20
2024-09-15T23:01:38.132 INFO:teuthology.orchestra.run.smithi038.stdout:/usr/bin/ceph: stderr
2024-09-15T23:01:37.142+0000 7f780e59c640 1 --2- >> [v2:172.21.15.38:3300/0,v1:172.21.15.38:6789/0] conn(0x7f781007de20 0x7f781019d6c0 unknown :-1 s=BANNER_CONNECTING pgs=0 cs=0 l=1 rev1=0 crypto rx=0 tx=0 comp rx=0 tx=0)._handle_peer_banner_payload supported=3 required=0
2024-09-15T23:01:38.132 INFO:teuthology.orchestra.run.smithi038.stdout:/usr/bin/ceph: stderr
2024-09-15T23:01:37.142+0000 7f780e59c640 1 --2- >> [v2:172.21.15.38:3300/0,v1:172.21.15.38:6789/0] conn(0x7f781007de20 0x7f781019d6c0 unknown :-1 s=HELLO_CONNECTING pgs=0 cs=0 l=1 rev1=1 crypto rx=0 tx=0 comp rx=0 tx=0).handle_hello peer v2:172.21.15.38:3300/0 says I am v2:172.21.15.38:55934/0 (socket says 172.21.15.38:55934)
2024-09-15T23:01:38.132 INFO:teuthology.orchestra.run.smithi038.stdout:/usr/bin/ceph: stderr
2024-09-15T23:01:37.142+0000 7f780e59c640 1 -- 172.21.15.38:0/3086453418 learned_addr learned my addr 172.21.15.38:0/3086453418 (peer_addr_for_me v2:172.21.15.38:0/0)
2024-09-15T23:01:38.132 INFO:teuthology.orchestra.run.smithi038.stdout:/usr/bin/ceph: stderr
2024-09-15T23:01:37.142+0000 7f780e59c640 1 -- 172.21.15.38:0/3086453418 --> [v2:172.21.15.38:3300/0,v1:172.21.15.38:6789/0] -- mon_subscribe({config=0+,monmap=0+}) -- 0x7f781019dc00 con 0x7f781007de20
2024-09-15T23:01:38.132 INFO:teuthology.orchestra.run.smithi038.stdout:/usr/bin/ceph: stderr
2024-09-15T23:01:37.142+0000 7f780e59c640 1 --2- 172.21.15.38:0/3086453418 >> [v2:172.21.15.38:3300/0,v1:172.21.15.38:6789/0] conn(0x7f781007de20 0x7f781019d6c0 secure :-1 s=READY pgs=44 cs=0 l=1 rev1=1 crypto rx=0x7f780002a820 tx=0x7f7800030900 comp rx=0 tx=0).ready entity=mon.0 client_cookie=0 server_cookie=0 in_seq=0 out_seq=0
2024-09-15T23:01:38.132 INFO:teuthology.orchestra.run.smithi038.stdout:/usr/bin/ceph: stderr
2024-09-15T23:01:37.142+0000 7f77ff7fe640 1 -- 172.21.15.38:0/3086453418 <== mon.0 v2:172.21.15.38:3300/0 1 ==== mon_map magic: 0 ==== 205+0+0 (secure 0 0 0) 0x7f7800037040 con 0x7f781007de20
2024-09-15T23:01:38.132 INFO:teuthology.orchestra.run.smithi038.stdout:/usr/bin/ceph: stderr
2024-09-15T23:01:37.142+0000 7f77ff7fe640 1 -- 172.21.15.38:0/3086453418 <== mon.0 v2:172.21.15.38:3300/0 2 ==== config(27 keys) ==== 1109+0+0 (secure 0 0 0) 0x7f7800040070 con 0x7f781007de20
2024-09-15T23:01:38.132 INFO:teuthology.orchestra.run.smithi038.stdout:/usr/bin/ceph: stderr
2024-09-15T23:01:37.142+0000 7f7814865640 1 -- 172.21.15.38:0/3086453418 --> [v2:172.21.15.38:3300/0,v1:172.21.15.38:6789/0] -- mon_subscribe({mgrmap=0+}) -- 0x7f781019de90 con 0x7f781007de20
2024-09-15T23:01:38.132 INFO:teuthology.orchestra.run.smithi038.stdout:/usr/bin/ceph: stderr
2024-09-15T23:01:37.143+0000 7f77ff7fe640 1 -- 172.21.15.38:0/3086453418 <== mon.0 v2:172.21.15.38:3300/0 3 ==== mon_map magic: 0 ==== 205+0+0 (secure 0 0 0) 0x7f780003a390 con 0x7f781007de20
2024-09-15T23:01:38.133 INFO:teuthology.orchestra.run.smithi038.stdout:/usr/bin/ceph: stderr
2024-09-15T23:01:37.143+0000 7f7814865640 1 -- 172.21.15.38:0/3086453418 --> [v2:172.21.15.38:3300/0,v1:172.21.15.38:6789/0] -- mon_subscribe({osdmap=0}) -- 0x7f78101a0b80 con 0x7f781007de20
2024-09-15T23:01:38.133 INFO:teuthology.orchestra.run.smithi038.stdout:/usr/bin/ceph: stderr
2024-09-15T23:01:37.144+0000 7f77ff7fe640 1 -- 172.21.15.38:0/3086453418 <== mon.0 v2:172.21.15.38:3300/0 4 ==== mgrmap(e 8) ==== 46461+0+0 (secure 0 0 0) 0x7f780003a600 con 0x7f781007de20
2024-09-15T23:01:38.133 INFO:teuthology.orchestra.run.smithi038.stdout:/usr/bin/ceph: stderr
2024-09-15T23:01:37.144+0000 7f7814865640 1 -- 172.21.15.38:0/3086453418 --> [v2:172.21.15.38:3300/0,v1:172.21.15.38:6789/0] -- mon_command({"prefix": "get_command_descriptions"} v 0) -- 0x7f781007c350 con 0x7f781007de20
2024-09-15T23:01:38.133 INFO:teuthology.orchestra.run.smithi038.stdout:/usr/bin/ceph: stderr
2024-09-15T23:01:37.144+0000 7f77ff7fe640 1 --2- 172.21.15.38:0/3086453418 >> [v2:172.21.15.38:6800/2951134777,v1:172.21.15.38:6801/2951134777] conn(0x7f77f8039200 0x7f77f803b6c0 unknown :-1 s=NONE pgs=0 cs=0 l=1 rev1=0 crypto rx=0 tx=0 comp rx=0 tx=0).connect
2024-09-15T23:01:38.133 INFO:teuthology.orchestra.run.smithi038.stdout:/usr/bin/ceph: stderr
2024-09-15T23:01:37.144+0000 7f77ff7fe640 1 -- 172.21.15.38:0/3086453418 <== mon.0 v2:172.21.15.38:3300/0 5 ==== osd_map(2..2 src has 1..2) ==== 940+0+0 (secure 0 0 0) 0x7f780006c4d0 con 0x7f781007de20
2024-09-15T23:01:38.133 INFO:teuthology.orchestra.run.smithi038.stdout:/usr/bin/ceph: stderr
2024-09-15T23:01:37.144+0000 7f780dd9b640 1 --2- 172.21.15.38:0/3086453418 >> [v2:172.21.15.38:6800/2951134777,v1:172.21.15.38:6801/2951134777] conn(0x7f77f8039200 0x7f77f803b6c0 unknown :-1 s=BANNER_CONNECTING pgs=0 cs=0 l=1 rev1=0 crypto rx=0 tx=0 comp rx=0 tx=0)._handle_peer_banner_payload supported=3 required=0
2024-09-15T23:01:38.133 INFO:teuthology.orchestra.run.smithi038.stdout:/usr/bin/ceph: stderr
2024-09-15T23:01:37.144+0000 7f780dd9b640 1 --2- 172.21.15.38:0/3086453418 >> [v2:172.21.15.38:6800/2951134777,v1:172.21.15.38:6801/2951134777] conn(0x7f77f8039200 0x7f77f803b6c0 secure :-1 s=READY pgs=12 cs=0 l=1 rev1=1 crypto rx=0x7f78040098c0 tx=0x7f7804006db0 comp rx=0 tx=0).ready entity=mgr.14116 client_cookie=0 server_cookie=0 in_seq=0 out_seq=0
2024-09-15T23:01:38.133 INFO:teuthology.orchestra.run.smithi038.stdout:/usr/bin/ceph: stderr
2024-09-15T23:01:37.149+0000 7f77ff7fe640 1 -- 172.21.15.38:0/3086453418 <== mon.0 v2:172.21.15.38:3300/0 6 ==== mon_command_ack([{"prefix": "get_command_descriptions"}]=0 v0) ==== 72+0+188821 (secure 0 0 0) 0x7f78000392f0 con 0x7f781007de20
2024-09-15T23:01:38.133 INFO:teuthology.orchestra.run.smithi038.stdout:/usr/bin/ceph: stderr
2024-09-15T23:01:37.341+0000 7f7814865640 1 -- 172.21.15.38:0/3086453418 --> [v2:172.21.15.38:6800/2951134777,v1:172.21.15.38:6801/2951134777] -- mgr_command(tid 0: {"prefix": "orch apply", "service_type": "mon", "unmanaged": true, "target": ["mon-mgr", ""]}) -- 0x7f7810103f60 con 0x7f77f8039200
2024-09-15T23:01:38.133 INFO:teuthology.orchestra.run.smithi038.stdout:/usr/bin/ceph: stderr
2024-09-15T23:01:37.347+0000 7f77ff7fe640 1 -- 172.21.15.38:0/3086453418 <== mgr.14116 v2:172.21.15.38:6800/2951134777 1 ==== mgr_command_reply(tid 0: 0 ) ==== 8+0+24 (secure 0 0 0) 0x7f7810103f60 con 0x7f77f8039200
2024-09-15T23:01:38.133 INFO:teuthology.orchestra.run.smithi038.stdout:/usr/bin/ceph: stderr
2024-09-15T23:01:37.349+0000 7f7814865640 1 -- 172.21.15.38:0/3086453418 >> [v2:172.21.15.38:6800/2951134777,v1:172.21.15.38:6801/2951134777] conn(0x7f77f8039200 msgr2=0x7f77f803b6c0 secure :-1 s=STATE_CONNECTION_ESTABLISHED l=1).mark_down
2024-09-15T23:01:38.133 INFO:teuthology.orchestra.run.smithi038.stdout:/usr/bin/ceph: stderr
2024-09-15T23:01:37.349+0000 7f7814865640 1 --2- 172.21.15.38:0/3086453418 >> [v2:172.21.15.38:6800/2951134777,v1:172.21.15.38:6801/2951134777] conn(0x7f77f8039200 0x7f77f803b6c0 secure :-1 s=READY pgs=12 cs=0 l=1 rev1=1 crypto rx=0x7f78040098c0 tx=0x7f7804006db0 comp rx=0 tx=0).stop
2024-09-15T23:01:38.133 INFO:teuthology.orchestra.run.smithi038.stdout:/usr/bin/ceph: stderr
2024-09-15T23:01:37.349+0000 7f7814865640 1 -- 172.21.15.38:0/3086453418 >> [v2:172.21.15.38:3300/0,v1:172.21.15.38:6789/0] conn(0x7f781007de20 msgr2=0x7f781019d6c0 secure :-1 s=STATE_CONNECTION_ESTABLISHED l=1).mark_down
2024-09-15T23:01:38.134 INFO:teuthology.orchestra.run.smithi038.stdout:/usr/bin/ceph: stderr
2024-09-15T23:01:37.349+0000 7f7814865640 1 --2- 172.21.15.38:0/3086453418 >> [v2:172.21.15.38:3300/0,v1:172.21.15.38:6789/0] conn(0x7f781007de20 0x7f781019d6c0 secure :-1 s=READY pgs=44 cs=0 l=1 rev1=1 crypto rx=0x7f780002a820 tx=0x7f7800030900 comp rx=0 tx=0).stop
2024-09-15T23:01:38.134 INFO:teuthology.orchestra.run.smithi038.stdout:/usr/bin/ceph: stderr
2024-09-15T23:01:37.349+0000 7f7814865640 1 -- 172.21.15.38:0/3086453418 shutdown_connections
2024-09-15T23:01:38.134 INFO:teuthology.orchestra.run.smithi038.stdout:/usr/bin/ceph: stderr
2024-09-15T23:01:37.349+0000 7f7814865640 1 --2- 172.21.15.38:0/3086453418 >> [v2:172.21.15.38:6800/2951134777,v1:172.21.15.38:6801/2951134777] conn(0x7f77f8039200 0x7f77f803b6c0 unknown :-1 s=CLOSED pgs=12 cs=0 l=1 rev1=1 crypto rx=0 tx=0 comp rx=0 tx=0).stop
2024-09-15T23:01:38.134 INFO:teuthology.orchestra.run.smithi038.stdout:/usr/bin/ceph: stderr
2024-09-15T23:01:37.349+0000 7f7814865640 1 --2- 172.21.15.38:0/3086453418 >> [v2:172.21.15.38:3300/0,v1:172.21.15.38:6789/0] conn(0x7f781007de20 0x7f781019d6c0 unknown :-1 s=CLOSED pgs=44 cs=0 l=1 rev1=1 crypto rx=0 tx=0 comp rx=0 tx=0).stop
2024-09-15T23:01:38.134 INFO:teuthology.orchestra.run.smithi038.stdout:/usr/bin/ceph: stderr
2024-09-15T23:01:37.349+0000 7f7814865640 1 -- 172.21.15.38:0/3086453418 >> 172.21.15.38:0/3086453418 conn(0x7f7810102ce0 msgr2=0x7f7810103850 unknown :-1 s=STATE_NONE l=0).mark_down
2024-09-15T23:01:38.134 INFO:teuthology.orchestra.run.smithi038.stdout:/usr/bin/ceph: stderr
2024-09-15T23:01:37.349+0000 7f7814865640 1 -- 172.21.15.38:0/3086453418 shutdown_connections
2024-09-15T23:01:38.134 INFO:teuthology.orchestra.run.smithi038.stdout:/usr/bin/ceph: stderr
2024-09-15T23:01:37.349+0000 7f7814865640 1 -- 172.21.15.38:0/3086453418 wait complete.
2024-09-15T23:01:38.134 INFO:teuthology.orchestra.run.smithi038.stdout:Deploying unmanaged mgr service...
2024-09-15T23:01:38.434 INFO:journalctl@ceph.mon.a.smithi038.stdout:Sep 15 23:01:38 smithi038 ceph-mon[30975]: from='client.14138 -' entity='client.admin' cmd=[{"prefix": "orch apply", "service_type": "mon", "unmanaged": true, "target": ["mon-mgr", ""]}]: dispatch
2024-09-15T23:01:38.434 INFO:journalctl@ceph.mon.a.smithi038.stdout:Sep 15 23:01:38 smithi038 ceph-mon[30975]: Saving service mon spec with placement count:5
2024-09-15T23:01:38.434 INFO:journalctl@ceph.mon.a.smithi038.stdout:Sep 15 23:01:38 smithi038 ceph-mon[30975]: from='mgr.14116 172.21.15.38:0/624939086' entity='mgr.x'
2024-09-15T23:01:39.825 INFO:journalctl@ceph.mon.a.smithi038.stdout:Sep 15 23:01:39 smithi038 ceph-mon[30975]: from='client.14140 -' entity='client.admin' cmd=[{"prefix": "orch apply", "service_type": "mgr", "unmanaged": true, "target": ["mon-mgr", ""]}]: dispatch
2024-09-15T23:01:39.825 INFO:journalctl@ceph.mon.a.smithi038.stdout:Sep 15 23:01:39 smithi038 ceph-mon[30975]: Saving service mgr spec with placement count:2
2024-09-15T23:01:39.826 INFO:journalctl@ceph.mon.a.smithi038.stdout:Sep 15 23:01:39 smithi038 ceph-mon[30975]: from='mgr.14116 172.21.15.38:0/624939086' entity='mgr.x'
2024-09-15T23:01:40.296 INFO:teuthology.orchestra.run.smithi038.stdout:/usr/bin/ceph: stdout Scheduled mgr update...
2024-09-15T23:01:40.296 INFO:teuthology.orchestra.run.smithi038.stdout:/usr/bin/ceph: stderr
2024-09-15T23:01:38.515+0000 7fa5c9ddc640 1 Processor -- start
2024-09-15T23:01:40.296 INFO:teuthology.orchestra.run.smithi038.stdout:/usr/bin/ceph: stderr
2024-09-15T23:01:38.515+0000 7fa5c9ddc640 1 -- start start
2024-09-15T23:01:40.297 INFO:teuthology.orchestra.run.smithi038.stdout:/usr/bin/ceph: stderr
2024-09-15T23:01:38.515+0000 7fa5c9ddc640 1 --2- >> [v2:172.21.15.38:3300/0,v1:172.21.15.38:6789/0] conn(0x7fa5c4107f70 0x7fa5c410a360 unknown :-1 s=NONE pgs=0 cs=0 l=0 rev1=0 crypto rx=0 tx=0 comp rx=0 tx=0).connect
2024-09-15T23:01:40.297 INFO:teuthology.orchestra.run.smithi038.stdout:/usr/bin/ceph: stderr
2024-09-15T23:01:38.515+0000 7fa5c9ddc640 1 -- --> [v2:172.21.15.38:3300/0,v1:172.21.15.38:6789/0] -- mon_getmap magic: 0 -- 0x7fa5c407be40 con 0x7fa5c4107f70
2024-09-15T23:01:40.297 INFO:teuthology.orchestra.run.smithi038.stdout:/usr/bin/ceph: stderr
2024-09-15T23:01:38.515+0000 7fa5c37fe640 1 --2- >> [v2:172.21.15.38:3300/0,v1:172.21.15.38:6789/0] conn(0x7fa5c4107f70 0x7fa5c410a360 unknown :-1 s=BANNER_CONNECTING pgs=0 cs=0 l=0 rev1=0 crypto rx=0 tx=0 comp rx=0 tx=0)._handle_peer_banner_payload supported=3 required=0
2024-09-15T23:01:40.297 INFO:teuthology.orchestra.run.smithi038.stdout:/usr/bin/ceph: stderr
2024-09-15T23:01:38.515+0000 7fa5c37fe640 1 --2- >> [v2:172.21.15.38:3300/0,v1:172.21.15.38:6789/0] conn(0x7fa5c4107f70 0x7fa5c410a360 unknown :-1 s=HELLO_CONNECTING pgs=0 cs=0 l=0 rev1=1 crypto rx=0 tx=0 comp rx=0 tx=0).handle_hello peer v2:172.21.15.38:3300/0 says I am v2:172.21.15.38:55942/0 (socket says 172.21.15.38:55942)
2024-09-15T23:01:40.297 INFO:teuthology.orchestra.run.smithi038.stdout:/usr/bin/ceph: stderr
2024-09-15T23:01:38.515+0000 7fa5c37fe640 1 -- 172.21.15.38:0/1032901689 learned_addr learned my addr 172.21.15.38:0/1032901689 (peer_addr_for_me v2:172.21.15.38:0/0)
2024-09-15T23:01:40.297 INFO:teuthology.orchestra.run.smithi038.stdout:/usr/bin/ceph: stderr
