2024-09-15T23:01:21.242+0000 7fce2da37640 1 -- 172.21.15.38:0/2261470740 learned_addr learned my addr 172.21.15.38:0/2261470740 (peer_addr_for_me v2:172.21.15.38:0/0)
2024-09-15T23:01:22.055 INFO:teuthology.orchestra.run.smithi038.stdout:/usr/bin/ceph: stderr
2024-09-15T23:01:21.243+0000 7fce2da37640 1 -- 172.21.15.38:0/2261470740 --> [v2:172.21.15.38:3300/0,v1:172.21.15.38:6789/0] -- mon_subscribe({config=0+,monmap=0+}) -- 0x7fce28107d10 con 0x7fce28107f50
2024-09-15T23:01:22.055 INFO:teuthology.orchestra.run.smithi038.stdout:/usr/bin/ceph: stderr
2024-09-15T23:01:21.243+0000 7fce2da37640 1 --2- 172.21.15.38:0/2261470740 >> [v2:172.21.15.38:3300/0,v1:172.21.15.38:6789/0] conn(0x7fce28107f50 0x7fce281077d0 secure :-1 s=READY pgs=23 cs=0 l=1 rev1=1 crypto rx=0x7fce240097f0 tx=0x7fce24030d80 comp rx=0 tx=0).ready entity=mon.0 client_cookie=0 server_cookie=0 in_seq=0 out_seq=0
2024-09-15T23:01:22.055 INFO:teuthology.orchestra.run.smithi038.stdout:/usr/bin/ceph: stderr
2024-09-15T23:01:21.243+0000 7fce1effd640 1 -- 172.21.15.38:0/2261470740 <== mon.0 v2:172.21.15.38:3300/0 1 ==== mon_map magic: 0 ==== 205+0+0 (secure 0 0 0) 0x7fce24037040 con 0x7fce28107f50
2024-09-15T23:01:22.055 INFO:teuthology.orchestra.run.smithi038.stdout:/usr/bin/ceph: stderr
2024-09-15T23:01:21.243+0000 7fce1effd640 1 -- 172.21.15.38:0/2261470740 <== mon.0 v2:172.21.15.38:3300/0 2 ==== config(27 keys) ==== 1109+0+0 (secure 0 0 0) 0x7fce24040070 con 0x7fce28107f50
2024-09-15T23:01:22.055 INFO:teuthology.orchestra.run.smithi038.stdout:/usr/bin/ceph: stderr
2024-09-15T23:01:21.243+0000 7fce1effd640 1 -- 172.21.15.38:0/2261470740 <== mon.0 v2:172.21.15.38:3300/0 3 ==== mon_map magic: 0 ==== 205+0+0 (secure 0 0 0) 0x7fce2403a390 con 0x7fce28107f50
2024-09-15T23:01:22.055 INFO:teuthology.orchestra.run.smithi038.stdout:/usr/bin/ceph: stderr
2024-09-15T23:01:21.243+0000 7fce2fc9b640 1 -- 172.21.15.38:0/2261470740 --> [v2:172.21.15.38:3300/0,v1:172.21.15.38:6789/0] -- mon_subscribe({mgrmap=0+}) -- 0x7fce28105f00 con 0x7fce28107f50
2024-09-15T23:01:22.056 INFO:teuthology.orchestra.run.smithi038.stdout:/usr/bin/ceph: stderr
2024-09-15T23:01:21.243+0000 7fce2fc9b640 1 -- 172.21.15.38:0/2261470740 --> [v2:172.21.15.38:3300/0,v1:172.21.15.38:6789/0] -- mon_subscribe({osdmap=0}) -- 0x7fce281063e0 con 0x7fce28107f50
2024-09-15T23:01:22.056 INFO:teuthology.orchestra.run.smithi038.stdout:/usr/bin/ceph: stderr
2024-09-15T23:01:21.244+0000 7fce1effd640 1 -- 172.21.15.38:0/2261470740 <== mon.0 v2:172.21.15.38:3300/0 4 ==== mgrmap(e 5) ==== 46461+0+0 (secure 0 0 0) 0x7fce24032900 con 0x7fce28107f50
2024-09-15T23:01:22.056 INFO:teuthology.orchestra.run.smithi038.stdout:/usr/bin/ceph: stderr
2024-09-15T23:01:21.244+0000 7fce2fc9b640 1 -- 172.21.15.38:0/2261470740 --> [v2:172.21.15.38:3300/0,v1:172.21.15.38:6789/0] -- mon_command({"prefix": "get_command_descriptions"} v 0) -- 0x7fce281083b0 con 0x7fce28107f50
2024-09-15T23:01:22.056 INFO:teuthology.orchestra.run.smithi038.stdout:/usr/bin/ceph: stderr
2024-09-15T23:01:21.244+0000 7fce1effd640 1 --2- 172.21.15.38:0/2261470740 >> [v2:172.21.15.38:6800/2124878917,v1:172.21.15.38:6801/2124878917] conn(0x7fce14039200 0x7fce1403b6c0 unknown :-1 s=NONE pgs=0 cs=0 l=1 rev1=0 crypto rx=0 tx=0 comp rx=0 tx=0).connect
2024-09-15T23:01:22.056 INFO:teuthology.orchestra.run.smithi038.stdout:/usr/bin/ceph: stderr
2024-09-15T23:01:21.245+0000 7fce1effd640 1 -- 172.21.15.38:0/2261470740 <== mon.0 v2:172.21.15.38:3300/0 5 ==== osd_map(1..1 src has 1..1) ==== 725+0+0 (secure 0 0 0) 0x7fce2406c470 con 0x7fce28107f50
2024-09-15T23:01:22.056 INFO:teuthology.orchestra.run.smithi038.stdout:/usr/bin/ceph: stderr
2024-09-15T23:01:21.245+0000 7fce2d236640 1 -- 172.21.15.38:0/2261470740 >> [v2:172.21.15.38:6800/2124878917,v1:172.21.15.38:6801/2124878917] conn(0x7fce14039200 msgr2=0x7fce1403b6c0 unknown :-1 s=STATE_CONNECTING_RE l=1).process reconnect failed to v2:172.21.15.38:6800/2124878917
2024-09-15T23:01:22.056 INFO:teuthology.orchestra.run.smithi038.stdout:/usr/bin/ceph: stderr
2024-09-15T23:01:21.245+0000 7fce2d236640 1 --2- 172.21.15.38:0/2261470740 >> [v2:172.21.15.38:6800/2124878917,v1:172.21.15.38:6801/2124878917] conn(0x7fce14039200 0x7fce1403b6c0 unknown :-1 s=START_CONNECT pgs=0 cs=0 l=1 rev1=0 crypto rx=0 tx=0 comp rx=0 tx=0)._fault waiting 0.200000
2024-09-15T23:01:22.056 INFO:teuthology.orchestra.run.smithi038.stdout:/usr/bin/ceph: stderr
2024-09-15T23:01:21.249+0000 7fce1effd640 1 -- 172.21.15.38:0/2261470740 <== mon.0 v2:172.21.15.38:3300/0 6 ==== mon_command_ack([{"prefix": "get_command_descriptions"}]=0 v0) ==== 72+0+188821 (secure 0 0 0) 0x7fce24045e20 con 0x7fce28107f50
2024-09-15T23:01:22.056 INFO:teuthology.orchestra.run.smithi038.stdout:/usr/bin/ceph: stderr
2024-09-15T23:01:21.446+0000 7fce2d236640 1 -- 172.21.15.38:0/2261470740 >> [v2:172.21.15.38:6800/2124878917,v1:172.21.15.38:6801/2124878917] conn(0x7fce14039200 msgr2=0x7fce1403b6c0 unknown :-1 s=STATE_CONNECTING_RE l=1).process reconnect failed to v2:172.21.15.38:6800/2124878917
2024-09-15T23:01:22.056 INFO:teuthology.orchestra.run.smithi038.stdout:/usr/bin/ceph: stderr
2024-09-15T23:01:21.446+0000 7fce2d236640 1 --2- 172.21.15.38:0/2261470740 >> [v2:172.21.15.38:6800/2124878917,v1:172.21.15.38:6801/2124878917] conn(0x7fce14039200 0x7fce1403b6c0 unknown :-1 s=START_CONNECT pgs=0 cs=0 l=1 rev1=0 crypto rx=0 tx=0 comp rx=0 tx=0)._fault waiting 0.400000
2024-09-15T23:01:22.056 INFO:teuthology.orchestra.run.smithi038.stdout:/usr/bin/ceph: stderr
2024-09-15T23:01:21.473+0000 7fce2fc9b640 1 -- 172.21.15.38:0/2261470740 --> [v2:172.21.15.38:3300/0,v1:172.21.15.38:6789/0] -- mon_command({"prefix": "mgr stat"} v 0) -- 0x7fce28106ac0 con 0x7fce28107f50
2024-09-15T23:01:22.056 INFO:teuthology.orchestra.run.smithi038.stdout:/usr/bin/ceph: stderr
2024-09-15T23:01:21.473+0000 7fce1effd640 1 -- 172.21.15.38:0/2261470740 <== mon.0 v2:172.21.15.38:3300/0 7 ==== mon_command_ack([{"prefix": "mgr stat"}]=0 v5) ==== 56+0+88 (secure 0 0 0) 0x7fce24043360 con 0x7fce28107f50
2024-09-15T23:01:22.056 INFO:teuthology.orchestra.run.smithi038.stdout:/usr/bin/ceph: stderr
2024-09-15T23:01:21.475+0000 7fce2fc9b640 1 -- 172.21.15.38:0/2261470740 >> [v2:172.21.15.38:6800/2124878917,v1:172.21.15.38:6801/2124878917] conn(0x7fce14039200 msgr2=0x7fce1403b6c0 unknown :-1 s=STATE_CONNECTING l=1).mark_down
2024-09-15T23:01:22.057 INFO:teuthology.orchestra.run.smithi038.stdout:/usr/bin/ceph: stderr
2024-09-15T23:01:21.475+0000 7fce2fc9b640 1 --2- 172.21.15.38:0/2261470740 >> [v2:172.21.15.38:6800/2124878917,v1:172.21.15.38:6801/2124878917] conn(0x7fce14039200 0x7fce1403b6c0 unknown :-1 s=START_CONNECT pgs=0 cs=0 l=1 rev1=0 crypto rx=0 tx=0 comp rx=0 tx=0).stop
2024-09-15T23:01:22.057 INFO:teuthology.orchestra.run.smithi038.stdout:/usr/bin/ceph: stderr
2024-09-15T23:01:21.475+0000 7fce2fc9b640 1 -- 172.21.15.38:0/2261470740 >> [v2:172.21.15.38:3300/0,v1:172.21.15.38:6789/0] conn(0x7fce28107f50 msgr2=0x7fce281077d0 secure :-1 s=STATE_CONNECTION_ESTABLISHED l=1).mark_down
2024-09-15T23:01:22.057 INFO:teuthology.orchestra.run.smithi038.stdout:/usr/bin/ceph: stderr
2024-09-15T23:01:21.475+0000 7fce2fc9b640 1 --2- 172.21.15.38:0/2261470740 >> [v2:172.21.15.38:3300/0,v1:172.21.15.38:6789/0] conn(0x7fce28107f50 0x7fce281077d0 secure :-1 s=READY pgs=23 cs=0 l=1 rev1=1 crypto rx=0x7fce240097f0 tx=0x7fce24030d80 comp rx=0 tx=0).stop
2024-09-15T23:01:22.057 INFO:teuthology.orchestra.run.smithi038.stdout:/usr/bin/ceph: stderr
2024-09-15T23:01:21.475+0000 7fce2fc9b640 1 -- 172.21.15.38:0/2261470740 shutdown_connections
2024-09-15T23:01:22.057 INFO:teuthology.orchestra.run.smithi038.stdout:/usr/bin/ceph: stderr
2024-09-15T23:01:21.475+0000 7fce2fc9b640 1 --2- 172.21.15.38:0/2261470740 >> [v2:172.21.15.38:6800/2124878917,v1:172.21.15.38:6801/2124878917] conn(0x7fce14039200 0x7fce1403b6c0 unknown :-1 s=CLOSED pgs=0 cs=0 l=1 rev1=0 crypto rx=0 tx=0 comp rx=0 tx=0).stop
2024-09-15T23:01:22.057 INFO:teuthology.orchestra.run.smithi038.stdout:/usr/bin/ceph: stderr
2024-09-15T23:01:21.475+0000 7fce2fc9b640 1 --2- 172.21.15.38:0/2261470740 >> [v2:172.21.15.38:3300/0,v1:172.21.15.38:6789/0] conn(0x7fce28107f50 0x7fce281077d0 unknown :-1 s=CLOSED pgs=23 cs=0 l=1 rev1=1 crypto rx=0 tx=0 comp rx=0 tx=0).stop
2024-09-15T23:01:22.057 INFO:teuthology.orchestra.run.smithi038.stdout:/usr/bin/ceph: stderr
2024-09-15T23:01:21.475+0000 7fce2fc9b640 1 -- 172.21.15.38:0/2261470740 >> 172.21.15.38:0/2261470740 conn(0x7fce28101af0 msgr2=0x7fce281026e0 unknown :-1 s=STATE_NONE l=0).mark_down
2024-09-15T23:01:22.057 INFO:teuthology.orchestra.run.smithi038.stdout:/usr/bin/ceph: stderr
2024-09-15T23:01:21.476+0000 7fce2fc9b640 1 -- 172.21.15.38:0/2261470740 shutdown_connections
2024-09-15T23:01:22.057 INFO:teuthology.orchestra.run.smithi038.stdout:/usr/bin/ceph: stderr
2024-09-15T23:01:21.476+0000 7fce2fc9b640 1 -- 172.21.15.38:0/2261470740 wait complete.
2024-09-15T23:01:22.058 INFO:teuthology.orchestra.run.smithi038.stdout:Waiting for the mgr to restart...
2024-09-15T23:01:22.058 INFO:teuthology.orchestra.run.smithi038.stdout:Waiting for mgr epoch 5...
2024-09-15T23:01:22.430 INFO:journalctl@ceph.mon.a.smithi038.stdout:Sep 15 23:01:22 smithi038 ceph-mon[30975]: from='client.? 172.21.15.38:0/2261470740' entity='client.admin' cmd=[{"prefix": "mgr stat"}]: dispatch
2024-09-15T23:01:22.842 INFO:journalctl@ceph.mgr.x.smithi038.stdout:Sep 15 23:01:22 smithi038 ceph-3974786e-73b6-11ef-bceb-c7b262605968-mgr-x[31201]:
2024-09-15T23:01:22.429+0000 7fccf7b76040 -1 mgr[py] Module telemetry has missing NOTIFY_TYPES member
2024-09-15T23:01:22.842 INFO:journalctl@ceph.mgr.x.smithi038.stdout:Sep 15 23:01:22 smithi038 ceph-3974786e-73b6-11ef-bceb-c7b262605968-mgr-x[31201]:
2024-09-15T23:01:22.502+0000 7fccf7b76040 -1 mgr[py] Module balancer has missing NOTIFY_TYPES member
2024-09-15T23:01:23.342 INFO:journalctl@ceph.mgr.x.smithi038.stdout:Sep 15 23:01:23 smithi038 ceph-3974786e-73b6-11ef-bceb-c7b262605968-mgr-x[31201]:
2024-09-15T23:01:23.250+0000 7fccf7b76040 -1 mgr[py] Module rook has missing NOTIFY_TYPES member
2024-09-15T23:01:23.741 INFO:journalctl@ceph.mgr.x.smithi038.stdout:Sep 15 23:01:23 smithi038 ceph-3974786e-73b6-11ef-bceb-c7b262605968-mgr-x[31201]:
2024-09-15T23:01:23.370+0000 7fccf7b76040 -1 mgr[py] Module iostat has missing NOTIFY_TYPES member
2024-09-15T23:01:23.741 INFO:journalctl@ceph.mgr.x.smithi038.stdout:Sep 15 23:01:23 smithi038 ceph-3974786e-73b6-11ef-bceb-c7b262605968-mgr-x[31201]:
2024-09-15T23:01:23.520+0000 7fccf7b76040 -1 mgr[py] Module orchestrator has missing NOTIFY_TYPES member
2024-09-15T23:01:23.741 INFO:journalctl@ceph.mgr.x.smithi038.stdout:Sep 15 23:01:23 smithi038 ceph-3974786e-73b6-11ef-bceb-c7b262605968-mgr-x[31201]:
2024-09-15T23:01:23.583+0000 7fccf7b76040 -1 mgr[py] Module devicehealth has missing NOTIFY_TYPES member
2024-09-15T23:01:23.741 INFO:journalctl@ceph.mgr.x.smithi038.stdout:Sep 15 23:01:23 smithi038 ceph-3974786e-73b6-11ef-bceb-c7b262605968-mgr-x[31201]:
2024-09-15T23:01:23.739+0000 7fccf7b76040 -1 mgr[py] Module rgw has missing NOTIFY_TYPES member
2024-09-15T23:01:24.041 INFO:journalctl@ceph.mgr.x.smithi038.stdout:Sep 15 23:01:23 smithi038 ceph-3974786e-73b6-11ef-bceb-c7b262605968-mgr-x[31201]:
2024-09-15T23:01:23.811+0000 7fccf7b76040 -1 mgr[py] Module alerts has missing NOTIFY_TYPES member
2024-09-15T23:01:24.041 INFO:journalctl@ceph.mgr.x.smithi038.stdout:Sep 15 23:01:23 smithi038 ceph-3974786e-73b6-11ef-bceb-c7b262605968-mgr-x[31201]:
2024-09-15T23:01:23.873+0000 7fccf7b76040 -1 mgr[py] Module progress has missing NOTIFY_TYPES member
2024-09-15T23:01:24.041 INFO:journalctl@ceph.mgr.x.smithi038.stdout:Sep 15 23:01:24 smithi038 ceph-3974786e-73b6-11ef-bceb-c7b262605968-mgr-x[31201]:
2024-09-15T23:01:24.039+0000 7fccf7b76040 -1 mgr[py] Module nfs has missing NOTIFY_TYPES member
2024-09-15T23:01:24.330 INFO:journalctl@ceph.mgr.x.smithi038.stdout:Sep 15 23:01:24 smithi038 ceph-3974786e-73b6-11ef-bceb-c7b262605968-mgr-x[31201]:
2024-09-15T23:01:24.107+0000 7fccf7b76040 -1 mgr[py] Module status has missing NOTIFY_TYPES member
2024-09-15T23:01:24.330 INFO:journalctl@ceph.mgr.x.smithi038.stdout:Sep 15 23:01:24 smithi038 ceph-3974786e-73b6-11ef-bceb-c7b262605968-mgr-x[31201]:
2024-09-15T23:01:24.177+0000 7fccf7b76040 -1 mgr[py] Module pg_autoscaler has missing NOTIFY_TYPES member
2024-09-15T23:01:24.330 INFO:journalctl@ceph.mgr.x.smithi038.stdout:Sep 15 23:01:24 smithi038 ceph-3974786e-73b6-11ef-bceb-c7b262605968-mgr-x[31201]:
2024-09-15T23:01:24.263+0000 7fccf7b76040 -1 mgr[py] Module rbd_support has missing NOTIFY_TYPES member
2024-09-15T23:01:24.330 INFO:journalctl@ceph.mgr.x.smithi038.stdout:Sep 15 23:01:24 smithi038 ceph-3974786e-73b6-11ef-bceb-c7b262605968-mgr-x[31201]:
2024-09-15T23:01:24.326+0000 7fccf7b76040 -1 mgr[py] Module influx has missing NOTIFY_TYPES member
2024-09-15T23:01:24.592 INFO:journalctl@ceph.mgr.x.smithi038.stdout:Sep 15 23:01:24 smithi038 ceph-3974786e-73b6-11ef-bceb-c7b262605968-mgr-x[31201]:
2024-09-15T23:01:24.387+0000 7fccf7b76040 -1 mgr[py] Module zabbix has missing NOTIFY_TYPES member
2024-09-15T23:01:25.592 INFO:journalctl@ceph.mgr.x.smithi038.stdout:Sep 15 23:01:25 smithi038 ceph-3974786e-73b6-11ef-bceb-c7b262605968-mgr-x[31201]:
2024-09-15T23:01:25.215+0000 7fccf7b76040 -1 mgr[py] Module telegraf has missing NOTIFY_TYPES member
2024-09-15T23:01:25.593 INFO:journalctl@ceph.mon.a.smithi038.stdout:Sep 15 23:01:25 smithi038 ceph-mon[30975]: Active manager daemon x restarted
2024-09-15T23:01:25.593 INFO:journalctl@ceph.mon.a.smithi038.stdout:Sep 15 23:01:25 smithi038 ceph-mon[30975]: Activating manager daemon x
2024-09-15T23:01:25.593 INFO:journalctl@ceph.mon.a.smithi038.stdout:Sep 15 23:01:25 smithi038 ceph-mon[30975]: osdmap e2: 0 total, 0 up, 0 in
2024-09-15T23:01:25.593 INFO:journalctl@ceph.mon.a.smithi038.stdout:Sep 15 23:01:25 smithi038 ceph-mon[30975]: mgrmap e6: x(active, starting, since 0.00356692s)
2024-09-15T23:01:25.593 INFO:journalctl@ceph.mon.a.smithi038.stdout:Sep 15 23:01:25 smithi038 ceph-mon[30975]: from='mgr.14116 172.21.15.38:0/624939086' entity='mgr.x' cmd=[{"prefix": "mon metadata", "id": "a"}]: dispatch
2024-09-15T23:01:25.593 INFO:journalctl@ceph.mon.a.smithi038.stdout:Sep 15 23:01:25 smithi038 ceph-mon[30975]: from='mgr.14116 172.21.15.38:0/624939086' entity='mgr.x' cmd=[{"prefix": "mgr metadata", "who": "x", "id": "x"}]: dispatch
2024-09-15T23:01:25.593 INFO:journalctl@ceph.mon.a.smithi038.stdout:Sep 15 23:01:25 smithi038 ceph-mon[30975]: from='mgr.14116 172.21.15.38:0/624939086' entity='mgr.x' cmd=[{"prefix": "mds metadata"}]: dispatch
2024-09-15T23:01:25.593 INFO:journalctl@ceph.mon.a.smithi038.stdout:Sep 15 23:01:25 smithi038 ceph-mon[30975]: from='mgr.14116 172.21.15.38:0/624939086' entity='mgr.x' cmd=[{"prefix": "osd metadata"}]: dispatch
2024-09-15T23:01:25.593 INFO:journalctl@ceph.mon.a.smithi038.stdout:Sep 15 23:01:25 smithi038 ceph-mon[30975]: from='mgr.14116 172.21.15.38:0/624939086' entity='mgr.x' cmd=[{"prefix": "mon metadata"}]: dispatch
2024-09-15T23:01:25.594 INFO:journalctl@ceph.mon.a.smithi038.stdout:Sep 15 23:01:25 smithi038 ceph-mon[30975]: Manager daemon x is now available
2024-09-15T23:01:25.594 INFO:journalctl@ceph.mon.a.smithi038.stdout:Sep 15 23:01:25 smithi038 ceph-mon[30975]: from='mgr.14116 172.21.15.38:0/624939086' entity='mgr.x'
2024-09-15T23:01:25.594 INFO:journalctl@ceph.mon.a.smithi038.stdout:Sep 15 23:01:25 smithi038 ceph-mon[30975]: from='mgr.14116 172.21.15.38:0/624939086' entity='mgr.x'
2024-09-15T23:01:25.594 INFO:journalctl@ceph.mon.a.smithi038.stdout:Sep 15 23:01:25 smithi038 ceph-mon[30975]: from='mgr.14116 172.21.15.38:0/624939086' entity='mgr.x' cmd=[{"prefix": "config dump", "format": "json"}]: dispatch
2024-09-15T23:01:25.594 INFO:journalctl@ceph.mon.a.smithi038.stdout:Sep 15 23:01:25 smithi038 ceph-mon[30975]: from='mgr.14116 172.21.15.38:0/624939086' entity='mgr.x' cmd=[{"prefix": "config dump", "format": "json"}]: dispatch
2024-09-15T23:01:25.594 INFO:journalctl@ceph.mon.a.smithi038.stdout:Sep 15 23:01:25 smithi038 ceph-mon[30975]: from='mgr.14116 172.21.15.38:0/624939086' entity='mgr.x' cmd=[{"prefix":"config rm","who":"mgr","name":"mgr/rbd_support/x/mirror_snapshot_schedule"}]: dispatch
2024-09-15T23:01:25.594 INFO:journalctl@ceph.mon.a.smithi038.stdout:Sep 15 23:01:25 smithi038 ceph-mon[30975]: from='mgr.14116 172.21.15.38:0/624939086' entity='mgr.x' cmd=[{"prefix":"config rm","who":"mgr","name":"mgr/rbd_support/x/trash_purge_schedule"}]: dispatch
2024-09-15T23:01:26.540 INFO:journalctl@ceph.mon.a.smithi038.stdout:Sep 15 23:01:26 smithi038 ceph-mon[30975]: Found migration_current of "None". Setting to last migration.
2024-09-15T23:01:26.541 INFO:journalctl@ceph.mon.a.smithi038.stdout:Sep 15 23:01:26 smithi038 ceph-mon[30975]: mgrmap e7: x(active, since 1.00993s)
2024-09-15T23:01:26.808 INFO:teuthology.orchestra.run.smithi038.stdout:/usr/bin/ceph: stdout {
2024-09-15T23:01:26.808 INFO:teuthology.orchestra.run.smithi038.stdout:/usr/bin/ceph: stdout "mgrmap_epoch": 7,
2024-09-15T23:01:26.808 INFO:teuthology.orchestra.run.smithi038.stdout:/usr/bin/ceph: stdout "initialized": true
2024-09-15T23:01:26.808 INFO:teuthology.orchestra.run.smithi038.stdout:/usr/bin/ceph: stdout }
2024-09-15T23:01:26.809 INFO:teuthology.orchestra.run.smithi038.stdout:/usr/bin/ceph: stderr
2024-09-15T23:01:22.471+0000 7f8936c86640 1 Processor -- start
2024-09-15T23:01:26.809 INFO:teuthology.orchestra.run.smithi038.stdout:/usr/bin/ceph: stderr
2024-09-15T23:01:22.471+0000 7f8936c86640 1 -- start start
2024-09-15T23:01:26.809 INFO:teuthology.orchestra.run.smithi038.stdout:/usr/bin/ceph: stderr
2024-09-15T23:01:22.471+0000 7f8936c86640 1 --2- >> [v2:172.21.15.38:3300/0,v1:172.21.15.38:6789/0] conn(0x7f8930107f90 0x7f893010a380 unknown :-1 s=NONE pgs=0 cs=0 l=0 rev1=0 crypto rx=0 tx=0 comp rx=0 tx=0).connect
2024-09-15T23:01:26.809 INFO:teuthology.orchestra.run.smithi038.stdout:/usr/bin/ceph: stderr
2024-09-15T23:01:22.471+0000 7f8936c86640 1 -- --> [v2:172.21.15.38:3300/0,v1:172.21.15.38:6789/0] -- mon_getmap magic: 0 -- 0x7f8930075900 con 0x7f8930107f90
2024-09-15T23:01:26.809 INFO:teuthology.orchestra.run.smithi038.stdout:/usr/bin/ceph: stderr
2024-09-15T23:01:22.472+0000 7f8934a22640 1 --2- >> [v2:172.21.15.38:3300/0,v1:172.21.15.38:6789/0] conn(0x7f8930107f90 0x7f893010a380 unknown :-1 s=BANNER_CONNECTING pgs=0 cs=0 l=0 rev1=0 crypto rx=0 tx=0 comp rx=0 tx=0)._handle_peer_banner_payload supported=3 required=0
2024-09-15T23:01:26.809 INFO:teuthology.orchestra.run.smithi038.stdout:/usr/bin/ceph: stderr
2024-09-15T23:01:22.472+0000 7f8934a22640 1 --2- >> [v2:172.21.15.38:3300/0,v1:172.21.15.38:6789/0] conn(0x7f8930107f90 0x7f893010a380 unknown :-1 s=HELLO_CONNECTING pgs=0 cs=0 l=0 rev1=1 crypto rx=0 tx=0 comp rx=0 tx=0).handle_hello peer v2:172.21.15.38:3300/0 says I am v2:172.21.15.38:60602/0 (socket says 172.21.15.38:60602)
2024-09-15T23:01:26.809 INFO:teuthology.orchestra.run.smithi038.stdout:/usr/bin/ceph: stderr
2024-09-15T23:01:22.472+0000 7f8934a22640 1 -- 172.21.15.38:0/1409221016 learned_addr learned my addr 172.21.15.38:0/1409221016 (peer_addr_for_me v2:172.21.15.38:0/0)
2024-09-15T23:01:26.809 INFO:teuthology.orchestra.run.smithi038.stdout:/usr/bin/ceph: stderr
2024-09-15T23:01:22.472+0000 7f8934a22640 1 -- 172.21.15.38:0/1409221016 --> [v2:172.21.15.38:3300/0,v1:172.21.15.38:6789/0] -- mon_subscribe({config=0+,monmap=0+}) -- 0x7f893010a8c0 con 0x7f8930107f90
2024-09-15T23:01:26.809 INFO:teuthology.orchestra.run.smithi038.stdout:/usr/bin/ceph: stderr
2024-09-15T23:01:22.473+0000 7f8934a22640 1 --2- 172.21.15.38:0/1409221016 >> [v2:172.21.15.38:3300/0,v1:172.21.15.38:6789/0] conn(0x7f8930107f90 0x7f893010a380 secure :-1 s=READY pgs=24 cs=0 l=1 rev1=1 crypto rx=0x7f8920009820 tx=0x7f892002a270 comp rx=0 tx=0).ready entity=mon.0 client_cookie=8c77bc0edfda64f7 server_cookie=0 in_seq=0 out_seq=0
2024-09-15T23:01:26.809 INFO:teuthology.orchestra.run.smithi038.stdout:/usr/bin/ceph: stderr
2024-09-15T23:01:22.473+0000 7f892f7fe640 1 -- 172.21.15.38:0/1409221016 <== mon.0 v2:172.21.15.38:3300/0 1 ==== mon_map magic: 0 ==== 205+0+0 (secure 0 0 0) 0x7f8920037070 con 0x7f8930107f90
2024-09-15T23:01:26.809 INFO:teuthology.orchestra.run.smithi038.stdout:/usr/bin/ceph: stderr
2024-09-15T23:01:22.473+0000 7f892f7fe640 1 -- 172.21.15.38:0/1409221016 <== mon.0 v2:172.21.15.38:3300/0 2 ==== config(27 keys) ==== 1109+0+0 (secure 0 0 0) 0x7f8920032900 con 0x7f8930107f90
2024-09-15T23:01:26.809 INFO:teuthology.orchestra.run.smithi038.stdout:/usr/bin/ceph: stderr
2024-09-15T23:01:22.473+0000 7f892f7fe640 1 -- 172.21.15.38:0/1409221016 <== mon.0 v2:172.21.15.38:3300/0 3 ==== mon_map magic: 0 ==== 205+0+0 (secure 0 0 0) 0x7f8920030850 con 0x7f8930107f90
2024-09-15T23:01:26.809 INFO:teuthology.orchestra.run.smithi038.stdout:/usr/bin/ceph: stderr
2024-09-15T23:01:22.474+0000 7f8936c86640 1 -- 172.21.15.38:0/1409221016 >> [v2:172.21.15.38:3300/0,v1:172.21.15.38:6789/0] conn(0x7f8930107f90 msgr2=0x7f893010a380 secure :-1 s=STATE_CONNECTION_ESTABLISHED l=1).mark_down
2024-09-15T23:01:26.809 INFO:teuthology.orchestra.run.smithi038.stdout:/usr/bin/ceph: stderr
2024-09-15T23:01:22.474+0000 7f8936c86640 1 --2- 172.21.15.38:0/1409221016 >> [v2:172.21.15.38:3300/0,v1:172.21.15.38:6789/0] conn(0x7f8930107f90 0x7f893010a380 secure :-1 s=READY pgs=24 cs=0 l=1 rev1=1 crypto rx=0x7f8920009820 tx=0x7f892002a270 comp rx=0 tx=0).stop
2024-09-15T23:01:26.810 INFO:teuthology.orchestra.run.smithi038.stdout:/usr/bin/ceph: stderr
2024-09-15T23:01:22.474+0000 7f8936c86640 1 -- 172.21.15.38:0/1409221016 shutdown_connections
2024-09-15T23:01:26.810 INFO:teuthology.orchestra.run.smithi038.stdout:/usr/bin/ceph: stderr
2024-09-15T23:01:22.474+0000 7f8936c86640 1 --2- 172.21.15.38:0/1409221016 >> [v2:172.21.15.38:3300/0,v1:172.21.15.38:6789/0] conn(0x7f8930107f90 0x7f893010a380 unknown :-1 s=CLOSED pgs=24 cs=0 l=1 rev1=1 crypto rx=0 tx=0 comp rx=0 tx=0).stop
2024-09-15T23:01:26.810 INFO:teuthology.orchestra.run.smithi038.stdout:/usr/bin/ceph: stderr
2024-09-15T23:01:22.474+0000 7f8936c86640 1 -- 172.21.15.38:0/1409221016 >> 172.21.15.38:0/1409221016 conn(0x7f8930101af0 msgr2=0x7f8930103f70 unknown :-1 s=STATE_NONE l=0).mark_down
2024-09-15T23:01:26.810 INFO:teuthology.orchestra.run.smithi038.stdout:/usr/bin/ceph: stderr
2024-09-15T23:01:22.474+0000 7f8936c86640 1 -- 172.21.15.38:0/1409221016 shutdown_connections
2024-09-15T23:01:26.810 INFO:teuthology.orchestra.run.smithi038.stdout:/usr/bin/ceph: stderr
2024-09-15T23:01:22.474+0000 7f8936c86640 1 -- 172.21.15.38:0/1409221016 wait complete.
2024-09-15T23:01:26.810 INFO:teuthology.orchestra.run.smithi038.stdout:/usr/bin/ceph: stderr
2024-09-15T23:01:22.474+0000 7f8936c86640 1 Processor -- start
2024-09-15T23:01:26.810 INFO:teuthology.orchestra.run.smithi038.stdout:/usr/bin/ceph: stderr
2024-09-15T23:01:22.474+0000 7f8936c86640 1 -- start start
2024-09-15T23:01:26.810 INFO:teuthology.orchestra.run.smithi038.stdout:/usr/bin/ceph: stderr
2024-09-15T23:01:22.474+0000 7f8936c86640 1 --2- >> [v2:172.21.15.38:3300/0,v1:172.21.15.38:6789/0] conn(0x7f8930107f90 0x7f8930107810 unknown :-1 s=NONE pgs=0 cs=0 l=1 rev1=0 crypto rx=0 tx=0 comp rx=0 tx=0).connect
2024-09-15T23:01:26.810 INFO:teuthology.orchestra.run.smithi038.stdout:/usr/bin/ceph: stderr
2024-09-15T23:01:22.475+0000 7f8936c86640 1 -- --> [v2:172.21.15.38:3300/0,v1:172.21.15.38:6789/0] -- mon_getmap magic: 0 -- 0x7f893010b9c0 con 0x7f8930107f90
2024-09-15T23:01:26.810 INFO:teuthology.orchestra.run.smithi038.stdout:/usr/bin/ceph: stderr
2024-09-15T23:01:22.475+0000 7f8934a22640 1 --2- >> [v2:172.21.15.38:3300/0,v1:172.21.15.38:6789/0] conn(0x7f8930107f90 0x7f8930107810 unknown :-1 s=BANNER_CONNECTING pgs=0 cs=0 l=1 rev1=0 crypto rx=0 tx=0 comp rx=0 tx=0)._handle_peer_banner_payload supported=3 required=0
2024-09-15T23:01:26.810 INFO:teuthology.orchestra.run.smithi038.stdout:/usr/bin/ceph: stderr
2024-09-15T23:01:22.475+0000 7f8934a22640 1 --2- >> [v2:172.21.15.38:3300/0,v1:172.21.15.38:6789/0] conn(0x7f8930107f90 0x7f8930107810 unknown :-1 s=HELLO_CONNECTING pgs=0 cs=0 l=1 rev1=1 crypto rx=0 tx=0 comp rx=0 tx=0).handle_hello peer v2:172.21.15.38:3300/0 says I am v2:172.21.15.38:60610/0 (socket says 172.21.15.38:60610)
2024-09-15T23:01:26.810 INFO:teuthology.orchestra.run.smithi038.stdout:/usr/bin/ceph: stderr
2024-09-15T23:01:22.475+0000 7f8934a22640 1 -- 172.21.15.38:0/2181463047 learned_addr learned my addr 172.21.15.38:0/2181463047 (peer_addr_for_me v2:172.21.15.38:0/0)
2024-09-15T23:01:26.810 INFO:teuthology.orchestra.run.smithi038.stdout:/usr/bin/ceph: stderr
2024-09-15T23:01:22.475+0000 7f8934a22640 1 -- 172.21.15.38:0/2181463047 --> [v2:172.21.15.38:3300/0,v1:172.21.15.38:6789/0] -- mon_subscribe({config=0+,monmap=0+}) -- 0x7f8930107d50 con 0x7f8930107f90
2024-09-15T23:01:26.811 INFO:teuthology.orchestra.run.smithi038.stdout:/usr/bin/ceph: stderr
2024-09-15T23:01:22.475+0000 7f8934a22640 1 --2- 172.21.15.38:0/2181463047 >> [v2:172.21.15.38:3300/0,v1:172.21.15.38:6789/0] conn(0x7f8930107f90 0x7f8930107810 secure :-1 s=READY pgs=25 cs=0 l=1 rev1=1 crypto rx=0x7f8920032ce0 tx=0x7f8920032d10 comp rx=0 tx=0).ready entity=mon.0 client_cookie=0 server_cookie=0 in_seq=0 out_seq=0
2024-09-15T23:01:26.811 INFO:teuthology.orchestra.run.smithi038.stdout:/usr/bin/ceph: stderr
2024-09-15T23:01:22.475+0000 7f892dffb640 1 -- 172.21.15.38:0/2181463047 <== mon.0 v2:172.21.15.38:3300/0 1 ==== mon_map magic: 0 ==== 205+0+0 (secure 0 0 0) 0x7f8920042070 con 0x7f8930107f90
2024-09-15T23:01:26.811 INFO:teuthology.orchestra.run.smithi038.stdout:/usr/bin/ceph: stderr
2024-09-15T23:01:22.475+0000 7f892dffb640 1 -- 172.21.15.38:0/2181463047 <== mon.0 v2:172.21.15.38:3300/0 2 ==== config(27 keys) ==== 1109+0+0 (secure 0 0 0) 0x7f89200308c0 con 0x7f8930107f90
2024-09-15T23:01:26.811 INFO:teuthology.orchestra.run.smithi038.stdout:/usr/bin/ceph: stderr
2024-09-15T23:01:22.475+0000 7f8936c86640 1 -- 172.21.15.38:0/2181463047 --> [v2:172.21.15.38:3300/0,v1:172.21.15.38:6789/0] -- mon_subscribe({mgrmap=0+}) -- 0x7f8930105f40 con 0x7f8930107f90
2024-09-15T23:01:26.811 INFO:teuthology.orchestra.run.smithi038.stdout:/usr/bin/ceph: stderr
2024-09-15T23:01:22.475+0000 7f892dffb640 1 -- 172.21.15.38:0/2181463047 <== mon.0 v2:172.21.15.38:3300/0 3 ==== mon_map magic: 0 ==== 205+0+0 (secure 0 0 0) 0x7f8920037040 con 0x7f8930107f90
2024-09-15T23:01:26.811 INFO:teuthology.orchestra.run.smithi038.stdout:/usr/bin/ceph: stderr
2024-09-15T23:01:22.476+0000 7f8936c86640 1 -- 172.21.15.38:0/2181463047 --> [v2:172.21.15.38:3300/0,v1:172.21.15.38:6789/0] -- mon_subscribe({osdmap=0}) -- 0x7f8930106480 con 0x7f8930107f90
2024-09-15T23:01:26.811 INFO:teuthology.orchestra.run.smithi038.stdout:/usr/bin/ceph: stderr
2024-09-15T23:01:22.477+0000 7f892dffb640 1 -- 172.21.15.38:0/2181463047 <== mon.0 v2:172.21.15.38:3300/0 4 ==== mgrmap(e 5) ==== 46461+0+0 (secure 0 0 0) 0x7f8920045070 con 0x7f8930107f90
2024-09-15T23:01:26.811 INFO:teuthology.orchestra.run.smithi038.stdout:/usr/bin/ceph: stderr
2024-09-15T23:01:22.477+0000 7f892dffb640 1 --2- 172.21.15.38:0/2181463047 >> [v2:172.21.15.38:6800/2124878917,v1:172.21.15.38:6801/2124878917] conn(0x7f891c0391b0 0x7f891c03b670 unknown :-1 s=NONE pgs=0 cs=0 l=1 rev1=0 crypto rx=0 tx=0 comp rx=0 tx=0).connect
2024-09-15T23:01:26.811 INFO:teuthology.orchestra.run.smithi038.stdout:/usr/bin/ceph: stderr
2024-09-15T23:01:22.477+0000 7f892dffb640 1 -- 172.21.15.38:0/2181463047 --> [v2:172.21.15.38:6800/2124878917,v1:172.21.15.38:6801/2124878917] -- command(tid 0: {"prefix": "get_command_descriptions"}) -- 0x7f891c03bd80 con 0x7f891c0391b0
2024-09-15T23:01:26.811 INFO:teuthology.orchestra.run.smithi038.stdout:/usr/bin/ceph: stderr
2024-09-15T23:01:22.477+0000 7f892dffb640 1 -- 172.21.15.38:0/2181463047 <== mon.0 v2:172.21.15.38:3300/0 5 ==== osd_map(1..1 src has 1..1) ==== 725+0+0 (secure 0 0 0) 0x7f892006c4d0 con 0x7f8930107f90
2024-09-15T23:01:26.811 INFO:teuthology.orchestra.run.smithi038.stdout:/usr/bin/ceph: stderr
2024-09-15T23:01:22.477+0000 7f892ffff640 1 -- 172.21.15.38:0/2181463047 >> [v2:172.21.15.38:6800/2124878917,v1:172.21.15.38:6801/2124878917] conn(0x7f891c0391b0 msgr2=0x7f891c03b670 unknown :-1 s=STATE_CONNECTING_RE l=1).process reconnect failed to v2:172.21.15.38:6800/2124878917
2024-09-15T23:01:26.811 INFO:teuthology.orchestra.run.smithi038.stdout:/usr/bin/ceph: stderr
2024-09-15T23:01:22.477+0000 7f892ffff640 1 --2- 172.21.15.38:0/2181463047 >> [v2:172.21.15.38:6800/2124878917,v1:172.21.15.38:6801/2124878917] conn(0x7f891c0391b0 0x7f891c03b670 unknown :-1 s=START_CONNECT pgs=0 cs=0 l=1 rev1=0 crypto rx=0 tx=0 comp rx=0 tx=0)._fault waiting 0.200000
2024-09-15T23:01:26.812 INFO:teuthology.orchestra.run.smithi038.stdout:/usr/bin/ceph: stderr
2024-09-15T23:01:22.678+0000 7f892ffff640 1 -- 172.21.15.38:0/2181463047 >> [v2:172.21.15.38:6800/2124878917,v1:172.21.15.38:6801/2124878917] conn(0x7f891c0391b0 msgr2=0x7f891c03b670 unknown :-1 s=STATE_CONNECTING_RE l=1).process reconnect failed to v2:172.21.15.38:6800/2124878917
2024-09-15T23:01:26.812 INFO:teuthology.orchestra.run.smithi038.stdout:/usr/bin/ceph: stderr
2024-09-15T23:01:22.678+0000 7f892ffff640 1 --2- 172.21.15.38:0/2181463047 >> [v2:172.21.15.38:6800/2124878917,v1:172.21.15.38:6801/2124878917] conn(0x7f891c0391b0 0x7f891c03b670 unknown :-1 s=START_CONNECT pgs=0 cs=0 l=1 rev1=0 crypto rx=0 tx=0 comp rx=0 tx=0)._fault waiting 0.400000
2024-09-15T23:01:26.812 INFO:teuthology.orchestra.run.smithi038.stdout:/usr/bin/ceph: stderr
2024-09-15T23:01:23.079+0000 7f892ffff640 1 -- 172.21.15.38:0/2181463047 >> [v2:172.21.15.38:6800/2124878917,v1:172.21.15.38:6801/2124878917] conn(0x7f891c0391b0 msgr2=0x7f891c03b670 unknown :-1 s=STATE_CONNECTING_RE l=1).process reconnect failed to v2:172.21.15.38:6800/2124878917
2024-09-15T23:01:26.812 INFO:teuthology.orchestra.run.smithi038.stdout:/usr/bin/ceph: stderr
2024-09-15T23:01:23.079+0000 7f892ffff640 1 --2- 172.21.15.38:0/2181463047 >> [v2:172.21.15.38:6800/2124878917,v1:172.21.15.38:6801/2124878917] conn(0x7f891c0391b0 0x7f891c03b670 unknown :-1 s=START_CONNECT pgs=0 cs=0 l=1 rev1=0 crypto rx=0 tx=0 comp rx=0 tx=0)._fault waiting 0.800000
2024-09-15T23:01:26.812 INFO:teuthology.orchestra.run.smithi038.stdout:/usr/bin/ceph: stderr
2024-09-15T23:01:23.880+0000 7f892ffff640 1 -- 172.21.15.38:0/2181463047 >> [v2:172.21.15.38:6800/2124878917,v1:172.21.15.38:6801/2124878917] conn(0x7f891c0391b0 msgr2=0x7f891c03b670 unknown :-1 s=STATE_CONNECTING_RE l=1).process reconnect failed to v2:172.21.15.38:6800/2124878917
2024-09-15T23:01:26.812 INFO:teuthology.orchestra.run.smithi038.stdout:/usr/bin/ceph: stderr
2024-09-15T23:01:23.880+0000 7f892ffff640 1 --2- 172.21.15.38:0/2181463047 >> [v2:172.21.15.38:6800/2124878917,v1:172.21.15.38:6801/2124878917] conn(0x7f891c0391b0 0x7f891c03b670 unknown :-1 s=START_CONNECT pgs=0 cs=0 l=1 rev1=0 crypto rx=0 tx=0 comp rx=0 tx=0)._fault waiting 1.600000
2024-09-15T23:01:26.812 INFO:teuthology.orchestra.run.smithi038.stdout:/usr/bin/ceph: stderr
2024-09-15T23:01:25.218+0000 7f892dffb640 1 -- 172.21.15.38:0/2181463047 <== mon.0 v2:172.21.15.38:3300/0 6 ==== mgrmap(e 6) ==== 46228+0+0 (secure 0 0 0) 0x7f892006af90 con 0x7f8930107f90
2024-09-15T23:01:26.812 INFO:teuthology.orchestra.run.smithi038.stdout:/usr/bin/ceph: stderr
2024-09-15T23:01:25.218+0000 7f892dffb640 1 -- 172.21.15.38:0/2181463047 >> [v2:172.21.15.38:6800/2124878917,v1:172.21.15.38:6801/2124878917] conn(0x7f891c0391b0 msgr2=0x7f891c03b670 unknown :-1 s=STATE_CONNECTING l=1).mark_down
2024-09-15T23:01:26.812 INFO:teuthology.orchestra.run.smithi038.stdout:/usr/bin/ceph: stderr
2024-09-15T23:01:25.218+0000 7f892dffb640 1 --2- 172.21.15.38:0/2181463047 >> [v2:172.21.15.38:6800/2124878917,v1:172.21.15.38:6801/2124878917] conn(0x7f891c0391b0 0x7f891c03b670 unknown :-1 s=START_CONNECT pgs=0 cs=0 l=1 rev1=0 crypto rx=0 tx=0 comp rx=0 tx=0).stop
2024-09-15T23:01:26.812 INFO:teuthology.orchestra.run.smithi038.stdout:/usr/bin/ceph: stderr
2024-09-15T23:01:26.224+0000 7f892dffb640 1 -- 172.21.15.38:0/2181463047 <== mon.0 v2:172.21.15.38:3300/0 7 ==== mgrmap(e 7) ==== 46355+0+0 (secure 0 0 0) 0x7f8920007040 con 0x7f8930107f90
2024-09-15T23:01:26.812 INFO:teuthology.orchestra.run.smithi038.stdout:/usr/bin/ceph: stderr
2024-09-15T23:01:26.224+0000 7f892dffb640 1 --2- 172.21.15.38:0/2181463047 >> [v2:172.21.15.38:6800/2951134777,v1:172.21.15.38:6801/2951134777] conn(0x7f891c03cae0 0x7f891c03eed0 unknown :-1 s=NONE pgs=0 cs=0 l=1 rev1=0 crypto rx=0 tx=0 comp rx=0 tx=0).connect
2024-09-15T23:01:26.812 INFO:teuthology.orchestra.run.smithi038.stdout:/usr/bin/ceph: stderr
2024-09-15T23:01:26.224+0000 7f892dffb640 1 -- 172.21.15.38:0/2181463047 --> [v2:172.21.15.38:6800/2951134777,v1:172.21.15.38:6801/2951134777] -- command(tid 0: {"prefix": "get_command_descriptions"}) -- 0x7f8920039e50 con 0x7f891c03cae0
2024-09-15T23:01:26.812 INFO:teuthology.orchestra.run.smithi038.stdout:/usr/bin/ceph: stderr
2024-09-15T23:01:26.224+0000 7f892ffff640 1 --2- 172.21.15.38:0/2181463047 >> [v2:172.21.15.38:6800/2951134777,v1:172.21.15.38:6801/2951134777] conn(0x7f891c03cae0 0x7f891c03eed0 unknown :-1 s=BANNER_CONNECTING pgs=0 cs=0 l=1 rev1=0 crypto rx=0 tx=0 comp rx=0 tx=0)._handle_peer_banner_payload supported=3 required=0
2024-09-15T23:01:26.813 INFO:teuthology.orchestra.run.smithi038.stdout:/usr/bin/ceph: stderr
2024-09-15T23:01:26.225+0000 7f892ffff640 1 --2- 172.21.15.38:0/2181463047 >> [v2:172.21.15.38:6800/2951134777,v1:172.21.15.38:6801/2951134777] conn(0x7f891c03cae0 0x7f891c03eed0 secure :-1 s=READY pgs=1 cs=0 l=1 rev1=1 crypto rx=0x7f8918003980 tx=0x7f8918006e10 comp rx=0 tx=0).ready entity=mgr.14116 client_cookie=0 server_cookie=0 in_seq=0 out_seq=0
2024-09-15T23:01:26.813 INFO:teuthology.orchestra.run.smithi038.stdout:/usr/bin/ceph: stderr
2024-09-15T23:01:26.226+0000 7f892dffb640 1 -- 172.21.15.38:0/2181463047 <== mgr.14116 v2:172.21.15.38:6800/2951134777 1 ==== command_reply(tid 0: 0 ) ==== 8+0+9564 (secure 0 0 0) 0x7f8920039e50 con 0x7f891c03cae0
2024-09-15T23:01:26.813 INFO:teuthology.orchestra.run.smithi038.stdout:/usr/bin/ceph: stderr
2024-09-15T23:01:26.232+0000 7f8936c86640 1 -- 172.21.15.38:0/2181463047 --> [v2:172.21.15.38:6800/2951134777,v1:172.21.15.38:6801/2951134777] -- command(tid 1: {"prefix": "mgr_status"}) -- 0x7f89301083f0 con 0x7f891c03cae0
2024-09-15T23:01:26.813 INFO:teuthology.orchestra.run.smithi038.stdout:/usr/bin/ceph: stderr
2024-09-15T23:01:26.233+0000 7f892dffb640 1 -- 172.21.15.38:0/2181463047 <== mgr.14116 v2:172.21.15.38:6800/2951134777 2 ==== command_reply(tid 1: 0 ) ==== 8+0+51 (secure 0 0 0) 0x7f89301083f0 con 0x7f891c03cae0
2024-09-15T23:01:26.813 INFO:teuthology.orchestra.run.smithi038.stdout:/usr/bin/ceph: stderr
2024-09-15T23:01:26.233+0000 7f8936c86640 1 -- 172.21.15.38:0/2181463047 >> [v2:172.21.15.38:6800/2951134777,v1:172.21.15.38:6801/2951134777] conn(0x7f891c03cae0 msgr2=0x7f891c03eed0 secure :-1 s=STATE_CONNECTION_ESTABLISHED l=1).mark_down
2024-09-15T23:01:26.813 INFO:teuthology.orchestra.run.smithi038.stdout:/usr/bin/ceph: stderr
2024-09-15T23:01:26.233+0000 7f8936c86640 1 --2- 172.21.15.38:0/2181463047 >> [v2:172.21.15.38:6800/2951134777,v1:172.21.15.38:6801/2951134777] conn(0x7f891c03cae0 0x7f891c03eed0 secure :-1 s=READY pgs=1 cs=0 l=1 rev1=1 crypto rx=0x7f8918003980 tx=0x7f8918006e10 comp rx=0 tx=0).stop
2024-09-15T23:01:26.813 INFO:teuthology.orchestra.run.smithi038.stdout:/usr/bin/ceph: stderr
2024-09-15T23:01:26.233+0000 7f8936c86640 1 -- 172.21.15.38:0/2181463047 >> [v2:172.21.15.38:3300/0,v1:172.21.15.38:6789/0] conn(0x7f8930107f90 msgr2=0x7f8930107810 secure :-1 s=STATE_CONNECTION_ESTABLISHED l=1).mark_down
2024-09-15T23:01:26.813 INFO:teuthology.orchestra.run.smithi038.stdout:/usr/bin/ceph: stderr
2024-09-15T23:01:26.233+0000 7f8936c86640 1 --2- 172.21.15.38:0/2181463047 >> [v2:172.21.15.38:3300/0,v1:172.21.15.38:6789/0] conn(0x7f8930107f90 0x7f8930107810 secure :-1 s=READY pgs=25 cs=0 l=1 rev1=1 crypto rx=0x7f8920032ce0 tx=0x7f8920032d10 comp rx=0 tx=0).stop
2024-09-15T23:01:26.813 INFO:teuthology.orchestra.run.smithi038.stdout:/usr/bin/ceph: stderr
2024-09-15T23:01:26.233+0000 7f8936c86640 1 -- 172.21.15.38:0/2181463047 shutdown_connections
2024-09-15T23:01:26.813 INFO:teuthology.orchestra.run.smithi038.stdout:/usr/bin/ceph: stderr
2024-09-15T23:01:26.233+0000 7f8936c86640 1 --2- 172.21.15.38:0/2181463047 >> [v2:172.21.15.38:6800/2951134777,v1:172.21.15.38:6801/2951134777] conn(0x7f891c03cae0 0x7f891c03eed0 unknown :-1 s=CLOSED pgs=1 cs=0 l=1 rev1=1 crypto rx=0 tx=0 comp rx=0 tx=0).stop
2024-09-15T23:01:26.813 INFO:teuthology.orchestra.run.smithi038.stdout:/usr/bin/ceph: stderr
2024-09-15T23:01:26.233+0000 7f8936c86640 1 --2- 172.21.15.38:0/2181463047 >> [v2:172.21.15.38:6800/2124878917,v1:172.21.15.38:6801/2124878917] conn(0x7f891c0391b0 0x7f891c03b670 unknown :-1 s=CLOSED pgs=0 cs=0 l=1 rev1=0 crypto rx=0 tx=0 comp rx=0 tx=0).stop
2024-09-15T23:01:26.813 INFO:teuthology.orchestra.run.smithi038.stdout:/usr/bin/ceph: stderr
2024-09-15T23:01:26.233+0000 7f8936c86640 1 --2- 172.21.15.38:0/2181463047 >> [v2:172.21.15.38:3300/0,v1:172.21.15.38:6789/0] conn(0x7f8930107f90 0x7f8930107810 unknown :-1 s=CLOSED pgs=25 cs=0 l=1 rev1=1 crypto rx=0 tx=0 comp rx=0 tx=0).stop
2024-09-15T23:01:26.813 INFO:teuthology.orchestra.run.smithi038.stdout:/usr/bin/ceph: stderr
2024-09-15T23:01:26.233+0000 7f8936c86640 1 -- 172.21.15.38:0/2181463047 >> 172.21.15.38:0/2181463047 conn(0x7f8930101af0 msgr2=0x7f89301026e0 unknown :-1 s=STATE_NONE l=0).mark_down
2024-09-15T23:01:26.814 INFO:teuthology.orchestra.run.smithi038.stdout:/usr/bin/ceph: stderr
2024-09-15T23:01:26.233+0000 7f8936c86640 1 -- 172.21.15.38:0/2181463047 shutdown_connections
2024-09-15T23:01:26.814 INFO:teuthology.orchestra.run.smithi038.stdout:/usr/bin/ceph: stderr
2024-09-15T23:01:26.233+0000 7f8936c86640 1 -- 172.21.15.38:0/2181463047 wait complete.
2024-09-15T23:01:26.814 INFO:teuthology.orchestra.run.smithi038.stdout:mgr epoch 5 is available
2024-09-15T23:01:26.814 INFO:teuthology.orchestra.run.smithi038.stdout:Setting orchestrator backend to cephadm...
2024-09-15T23:01:27.738 INFO:journalctl@ceph.mon.a.smithi038.stdout:Sep 15 23:01:27 smithi038 ceph-mon[30975]: from='client.14120 -' entity='client.admin' cmd=[{"prefix": "get_command_descriptions"}]: dispatch
2024-09-15T23:01:27.738 INFO:journalctl@ceph.mon.a.smithi038.stdout:Sep 15 23:01:27 smithi038 ceph-mon[30975]: from='client.14120 -' entity='client.admin' cmd=[{"prefix": "mgr_status"}]: dispatch
2024-09-15T23:01:27.738 INFO:journalctl@ceph.mon.a.smithi038.stdout:Sep 15 23:01:27 smithi038 ceph-mon[30975]: from='mgr.14116 172.21.15.38:0/624939086' entity='mgr.x'
2024-09-15T23:01:27.739 INFO:journalctl@ceph.mon.a.smithi038.stdout:Sep 15 23:01:27 smithi038 ceph-mon[30975]: from='mgr.14116 172.21.15.38:0/624939086' entity='mgr.x'
2024-09-15T23:01:27.739 INFO:journalctl@ceph.mon.a.smithi038.stdout:Sep 15 23:01:27 smithi038 ceph-mon[30975]: from='mgr.14116 172.21.15.38:0/624939086' entity='mgr.x'
2024-09-15T23:01:27.739 INFO:journalctl@ceph.mon.a.smithi038.stdout:Sep 15 23:01:27 smithi038 ceph-mon[30975]: from='mgr.14116 172.21.15.38:0/624939086' entity='mgr.x' cmd=[{"prefix": "config dump", "format": "json"}]: dispatch
2024-09-15T23:01:27.979 INFO:teuthology.orchestra.run.smithi038.stdout:/usr/bin/ceph: stderr
2024-09-15T23:01:27.214+0000 7ffb7c3ef640 1 Processor -- start
2024-09-15T23:01:27.979 INFO:teuthology.orchestra.run.smithi038.stdout:/usr/bin/ceph: stderr
2024-09-15T23:01:27.214+0000 7ffb7c3ef640 1 -- start start
2024-09-15T23:01:27.979 INFO:teuthology.orchestra.run.smithi038.stdout:/usr/bin/ceph: stderr
2024-09-15T23:01:27.215+0000 7ffb7c3ef640 1 --2- >> [v2:172.21.15.38:3300/0,v1:172.21.15.38:6789/0] conn(0x7ffb74107f90 0x7ffb7410a380 unknown :-1 s=NONE pgs=0 cs=0 l=0 rev1=0 crypto rx=0 tx=0 comp rx=0 tx=0).connect
2024-09-15T23:01:27.979 INFO:teuthology.orchestra.run.smithi038.stdout:/usr/bin/ceph: stderr
2024-09-15T23:01:27.215+0000 7ffb7c3ef640 1 -- --> [v2:172.21.15.38:3300/0,v1:172.21.15.38:6789/0] -- mon_getmap magic: 0 -- 0x7ffb74075900 con 0x7ffb74107f90
2024-09-15T23:01:27.979 INFO:teuthology.orchestra.run.smithi038.stdout:/usr/bin/ceph: stderr
2024-09-15T23:01:27.215+0000 7ffb7a18b640 1 --2- >> [v2:172.21.15.38:3300/0,v1:172.21.15.38:6789/0] conn(0x7ffb74107f90 0x7ffb7410a380 unknown :-1 s=BANNER_CONNECTING pgs=0 cs=0 l=0 rev1=0 crypto rx=0 tx=0 comp rx=0 tx=0)._handle_peer_banner_payload supported=3 required=0
2024-09-15T23:01:27.979 INFO:teuthology.orchestra.run.smithi038.stdout:/usr/bin/ceph: stderr
2024-09-15T23:01:27.215+0000 7ffb7a18b640 1 --2- >> [v2:172.21.15.38:3300/0,v1:172.21.15.38:6789/0] conn(0x7ffb74107f90 0x7ffb7410a380 unknown :-1 s=HELLO_CONNECTING pgs=0 cs=0 l=0 rev1=1 crypto rx=0 tx=0 comp rx=0 tx=0).handle_hello peer v2:172.21.15.38:3300/0 says I am v2:172.21.15.38:60656/0 (socket says 172.21.15.38:60656)
2024-09-15T23:01:27.980 INFO:teuthology.orchestra.run.smithi038.stdout:/usr/bin/ceph: stderr
2024-09-15T23:01:27.215+0000 7ffb7a18b640 1 -- 172.21.15.38:0/3715321757 learned_addr learned my addr 172.21.15.38:0/3715321757 (peer_addr_for_me v2:172.21.15.38:0/0)
2024-09-15T23:01:27.980 INFO:teuthology.orchestra.run.smithi038.stdout:/usr/bin/ceph: stderr
2024-09-15T23:01:27.215+0000 7ffb7a18b640 1 -- 172.21.15.38:0/3715321757 --> [v2:172.21.15.38:3300/0,v1:172.21.15.38:6789/0] -- mon_subscribe({config=0+,monmap=0+}) -- 0x7ffb7410a8c0 con 0x7ffb74107f90
2024-09-15T23:01:27.980 INFO:teuthology.orchestra.run.smithi038.stdout:/usr/bin/ceph: stderr
2024-09-15T23:01:27.216+0000 7ffb7a18b640 1 --2- 172.21.15.38:0/3715321757 >> [v2:172.21.15.38:3300/0,v1:172.21.15.38:6789/0] conn(0x7ffb74107f90 0x7ffb7410a380 secure :-1 s=READY pgs=33 cs=0 l=1 rev1=1 crypto rx=0x7ffb70009820 tx=0x7ffb7002a270 comp rx=0 tx=0).ready entity=mon.0 client_cookie=922e254c5e6f4f1a server_cookie=0 in_seq=0 out_seq=0
2024-09-15T23:01:27.980 INFO:teuthology.orchestra.run.smithi038.stdout:/usr/bin/ceph: stderr
2024-09-15T23:01:27.216+0000 7ffb79189640 1 -- 172.21.15.38:0/3715321757 <== mon.0 v2:172.21.15.38:3300/0 1 ==== mon_map magic: 0 ==== 205+0+0 (secure 0 0 0) 0x7ffb70037070 con 0x7ffb74107f90
2024-09-15T23:01:27.980 INFO:teuthology.orchestra.run.smithi038.stdout:/usr/bin/ceph: stderr
2024-09-15T23:01:27.216+0000 7ffb79189640 1 -- 172.21.15.38:0/3715321757 <== mon.0 v2:172.21.15.38:3300/0 2 ==== config(27 keys) ==== 1109+0+0 (secure 0 0 0) 0x7ffb70032900 con 0x7ffb74107f90
2024-09-15T23:01:27.980 INFO:teuthology.orchestra.run.smithi038.stdout:/usr/bin/ceph: stderr
2024-09-15T23:01:27.216+0000 7ffb79189640 1 -- 172.21.15.38:0/3715321757 <== mon.0 v2:172.21.15.38:3300/0 3 ==== mon_map magic: 0 ==== 205+0+0 (secure 0 0 0) 0x7ffb70030850 con 0x7ffb74107f90
2024-09-15T23:01:27.980 INFO:teuthology.orchestra.run.smithi038.stdout:/usr/bin/ceph: stderr
2024-09-15T23:01:27.217+0000 7ffb7c3ef640 1 -- 172.21.15.38:0/3715321757 >> [v2:172.21.15.38:3300/0,v1:172.21.15.38:6789/0] conn(0x7ffb74107f90 msgr2=0x7ffb7410a380 secure :-1 s=STATE_CONNECTION_ESTABLISHED l=1).mark_down
2024-09-15T23:01:27.980 INFO:teuthology.orchestra.run.smithi038.stdout:/usr/bin/ceph: stderr
2024-09-15T23:01:27.217+0000 7ffb7c3ef640 1 --2- 172.21.15.38:0/3715321757 >> [v2:172.21.15.38:3300/0,v1:172.21.15.38:6789/0] conn(0x7ffb74107f90 0x7ffb7410a380 secure :-1 s=READY pgs=33 cs=0 l=1 rev1=1 crypto rx=0x7ffb70009820 tx=0x7ffb7002a270 comp rx=0 tx=0).stop
2024-09-15T23:01:27.980 INFO:teuthology.orchestra.run.smithi038.stdout:/usr/bin/ceph: stderr
2024-09-15T23:01:27.217+0000 7ffb7c3ef640 1 -- 172.21.15.38:0/3715321757 shutdown_connections
2024-09-15T23:01:27.980 INFO:teuthology.orchestra.run.smithi038.stdout:/usr/bin/ceph: stderr
2024-09-15T23:01:27.217+0000 7ffb7c3ef640 1 --2- 172.21.15.38:0/3715321757 >> [v2:172.21.15.38:3300/0,v1:172.21.15.38:6789/0] conn(0x7ffb74107f90 0x7ffb7410a380 unknown :-1 s=CLOSED pgs=33 cs=0 l=1 rev1=1 crypto rx=0 tx=0 comp rx=0 tx=0).stop
2024-09-15T23:01:27.980 INFO:teuthology.orchestra.run.smithi038.stdout:/usr/bin/ceph: stderr
2024-09-15T23:01:27.217+0000 7ffb7c3ef640 1 -- 172.21.15.38:0/3715321757 >> 172.21.15.38:0/3715321757 conn(0x7ffb74101af0 msgr2=0x7ffb74103f70 unknown :-1 s=STATE_NONE l=0).mark_down
2024-09-15T23:01:27.980 INFO:teuthology.orchestra.run.smithi038.stdout:/usr/bin/ceph: stderr
2024-09-15T23:01:27.217+0000 7ffb7c3ef640 1 -- 172.21.15.38:0/3715321757 shutdown_connections
2024-09-15T23:01:27.980 INFO:teuthology.orchestra.run.smithi038.stdout:/usr/bin/ceph: stderr
2024-09-15T23:01:27.217+0000 7ffb7c3ef640 1 -- 172.21.15.38:0/3715321757 wait complete.
2024-09-15T23:01:27.981 INFO:teuthology.orchestra.run.smithi038.stdout:/usr/bin/ceph: stderr
2024-09-15T23:01:27.217+0000 7ffb7c3ef640 1 Processor -- start
2024-09-15T23:01:27.981 INFO:teuthology.orchestra.run.smithi038.stdout:/usr/bin/ceph: stderr
2024-09-15T23:01:27.218+0000 7ffb7c3ef640 1 -- start start
2024-09-15T23:01:27.981 INFO:teuthology.orchestra.run.smithi038.stdout:/usr/bin/ceph: stderr
2024-09-15T23:01:27.218+0000 7ffb7c3ef640 1 --2- >> [v2:172.21.15.38:3300/0,v1:172.21.15.38:6789/0] conn(0x7ffb74107f90 0x7ffb7419d7d0 unknown :-1 s=NONE pgs=0 cs=0 l=1 rev1=0 crypto rx=0 tx=0 comp rx=0 tx=0).connect
2024-09-15T23:01:27.981 INFO:teuthology.orchestra.run.smithi038.stdout:/usr/bin/ceph: stderr
2024-09-15T23:01:27.218+0000 7ffb7c3ef640 1 -- --> [v2:172.21.15.38:3300/0,v1:172.21.15.38:6789/0] -- mon_getmap magic: 0 -- 0x7ffb7410b9c0 con 0x7ffb74107f90
2024-09-15T23:01:27.981 INFO:teuthology.orchestra.run.smithi038.stdout:/usr/bin/ceph: stderr
2024-09-15T23:01:27.218+0000 7ffb7a18b640 1 --2- >> [v2:172.21.15.38:3300/0,v1:172.21.15.38:6789/0] conn(0x7ffb74107f90 0x7ffb7419d7d0 unknown :-1 s=BANNER_CONNECTING pgs=0 cs=0 l=1 rev1=0 crypto rx=0 tx=0 comp rx=0 tx=0)._handle_peer_banner_payload supported=3 required=0
2024-09-15T23:01:27.981 INFO:teuthology.orchestra.run.smithi038.stdout:/usr/bin/ceph: stderr
2024-09-15T23:01:27.218+0000 7ffb7a18b640 1 --2- >> [v2:172.21.15.38:3300/0,v1:172.21.15.38:6789/0] conn(0x7ffb74107f90 0x7ffb7419d7d0 unknown :-1 s=HELLO_CONNECTING pgs=0 cs=0 l=1 rev1=1 crypto rx=0 tx=0 comp rx=0 tx=0).handle_hello peer v2:172.21.15.38:3300/0 says I am v2:172.21.15.38:60668/0 (socket says 172.21.15.38:60668)
2024-09-15T23:01:27.981 INFO:teuthology.orchestra.run.smithi038.stdout:/usr/bin/ceph: stderr
2024-09-15T23:01:27.218+0000 7ffb7a18b640 1 -- 172.21.15.38:0/3398839810 learned_addr learned my addr 172.21.15.38:0/3398839810 (peer_addr_for_me v2:172.21.15.38:0/0)
2024-09-15T23:01:27.981 INFO:teuthology.orchestra.run.smithi038.stdout:/usr/bin/ceph: stderr
2024-09-15T23:01:27.218+0000 7ffb7a18b640 1 -- 172.21.15.38:0/3398839810 --> [v2:172.21.15.38:3300/0,v1:172.21.15.38:6789/0] -- mon_subscribe({config=0+,monmap=0+}) -- 0x7ffb7419dd10 con 0x7ffb74107f90
2024-09-15T23:01:27.981 INFO:teuthology.orchestra.run.smithi038.stdout:/usr/bin/ceph: stderr
2024-09-15T23:01:27.218+0000 7ffb7a18b640 1 --2- 172.21.15.38:0/3398839810 >> [v2:172.21.15.38:3300/0,v1:172.21.15.38:6789/0] conn(0x7ffb74107f90 0x7ffb7419d7d0 secure :-1 s=READY pgs=34 cs=0 l=1 rev1=1 crypto rx=0x7ffb70032ce0 tx=0x7ffb70032d10 comp rx=0 tx=0).ready entity=mon.0 client_cookie=0 server_cookie=0 in_seq=0 out_seq=0
2024-09-15T23:01:27.981 INFO:teuthology.orchestra.run.smithi038.stdout:/usr/bin/ceph: stderr
2024-09-15T23:01:27.218+0000 7ffb6b7fe640 1 -- 172.21.15.38:0/3398839810 <== mon.0 v2:172.21.15.38:3300/0 1 ==== mon_map magic: 0 ==== 205+0+0 (secure 0 0 0) 0x7ffb70042070 con 0x7ffb74107f90
2024-09-15T23:01:27.981 INFO:teuthology.orchestra.run.smithi038.stdout:/usr/bin/ceph: stderr
2024-09-15T23:01:27.219+0000 7ffb6b7fe640 1 -- 172.21.15.38:0/3398839810 <== mon.0 v2:172.21.15.38:3300/0 2 ==== config(27 keys) ==== 1109+0+0 (secure 0 0 0) 0x7ffb700308c0 con 0x7ffb74107f90
2024-09-15T23:01:27.981 INFO:teuthology.orchestra.run.smithi038.stdout:/usr/bin/ceph: stderr
2024-09-15T23:01:27.219+0000 7ffb6b7fe640 1 -- 172.21.15.38:0/3398839810 <== mon.0 v2:172.21.15.38:3300/0 3 ==== mon_map magic: 0 ==== 205+0+0 (secure 0 0 0) 0x7ffb70037040 con 0x7ffb74107f90
2024-09-15T23:01:27.981 INFO:teuthology.orchestra.run.smithi038.stdout:/usr/bin/ceph: stderr
2024-09-15T23:01:27.219+0000 7ffb7c3ef640 1 -- 172.21.15.38:0/3398839810 --> [v2:172.21.15.38:3300/0,v1:172.21.15.38:6789/0] -- mon_subscribe({mgrmap=0+}) -- 0x7ffb7419dfa0 con 0x7ffb74107f90
2024-09-15T23:01:27.982 INFO:teuthology.orchestra.run.smithi038.stdout:/usr/bin/ceph: stderr
2024-09-15T23:01:27.219+0000 7ffb7c3ef640 1 -- 172.21.15.38:0/3398839810 --> [v2:172.21.15.38:3300/0,v1:172.21.15.38:6789/0] -- mon_subscribe({osdmap=0}) -- 0x7ffb741a0c90 con 0x7ffb74107f90
2024-09-15T23:01:27.982 INFO:teuthology.orchestra.run.smithi038.stdout:/usr/bin/ceph: stderr
2024-09-15T23:01:27.219+0000 7ffb6b7fe640 1 -- 172.21.15.38:0/3398839810 <== mon.0 v2:172.21.15.38:3300/0 4 ==== mgrmap(e 7) ==== 46355+0+0 (secure 0 0 0) 0x7ffb70045070 con 0x7ffb74107f90
2024-09-15T23:01:27.982 INFO:teuthology.orchestra.run.smithi038.stdout:/usr/bin/ceph: stderr
2024-09-15T23:01:27.220+0000 7ffb6b7fe640 1 --2- 172.21.15.38:0/3398839810 >> [v2:172.21.15.38:6800/2951134777,v1:172.21.15.38:6801/2951134777] conn(0x7ffb600390f0 0x7ffb6003b5b0 unknown :-1 s=NONE pgs=0 cs=0 l=1 rev1=0 crypto rx=0 tx=0 comp rx=0 tx=0).connect
2024-09-15T23:01:27.982 INFO:teuthology.orchestra.run.smithi038.stdout:/usr/bin/ceph: stderr
2024-09-15T23:01:27.220+0000 7ffb6b7fe640 1 -- 172.21.15.38:0/3398839810 <== mon.0 v2:172.21.15.38:3300/0 5 ==== osd_map(2..2 src has 1..2) ==== 940+0+0 (secure 0 0 0) 0x7ffb7003d840 con 0x7ffb74107f90
2024-09-15T23:01:27.982 INFO:teuthology.orchestra.run.smithi038.stdout:/usr/bin/ceph: stderr
2024-09-15T23:01:27.220+0000 7ffb7998a640 1 --2- 172.21.15.38:0/3398839810 >> [v2:172.21.15.38:6800/2951134777,v1:172.21.15.38:6801/2951134777] conn(0x7ffb600390f0 0x7ffb6003b5b0 unknown :-1 s=BANNER_CONNECTING pgs=0 cs=0 l=1 rev1=0 crypto rx=0 tx=0 comp rx=0 tx=0)._handle_peer_banner_payload supported=3 required=0
