2024-09-15T23:06:11.299 INFO:teuthology.orchestra.run.smithi062.stdout:/usr/bin/ceph: stderr
2024-09-15T23:06:10.437+0000 7f12c97fa640 1 -- 172.21.15.62:0/2049782677 <== mon.0 v2:172.21.15.62:3300/0 3 ==== mon_map magic: 0 ==== 205+0+0 (secure 0 0 0) 0x7f12bc037040 con 0x7f12cc07de60
2024-09-15T23:06:11.299 INFO:teuthology.orchestra.run.smithi062.stdout:/usr/bin/ceph: stderr
2024-09-15T23:06:10.437+0000 7f12d25a4640 1 -- 172.21.15.62:0/2049782677 --> [v2:172.21.15.62:3300/0,v1:172.21.15.62:6789/0] -- mon_subscribe({osdmap=0}) -- 0x7f12cc1a0c60 con 0x7f12cc07de60
2024-09-15T23:06:11.299 INFO:teuthology.orchestra.run.smithi062.stdout:/usr/bin/ceph: stderr
2024-09-15T23:06:10.438+0000 7f12c97fa640 1 -- 172.21.15.62:0/2049782677 <== mon.0 v2:172.21.15.62:3300/0 4 ==== mgrmap(e 4) ==== 46450+0+0 (secure 0 0 0) 0x7f12bc045070 con 0x7f12cc07de60
2024-09-15T23:06:11.299 INFO:teuthology.orchestra.run.smithi062.stdout:/usr/bin/ceph: stderr
2024-09-15T23:06:10.438+0000 7f12d25a4640 1 -- 172.21.15.62:0/2049782677 --> [v2:172.21.15.62:3300/0,v1:172.21.15.62:6789/0] -- mon_command({"prefix": "get_command_descriptions"} v 0) -- 0x7f12cc07c340 con 0x7f12cc07de60
2024-09-15T23:06:11.299 INFO:teuthology.orchestra.run.smithi062.stdout:/usr/bin/ceph: stderr
2024-09-15T23:06:10.438+0000 7f12c97fa640 1 --2- 172.21.15.62:0/2049782677 >> [v2:172.21.15.62:6800/1277095060,v1:172.21.15.62:6801/1277095060] conn(0x7f12b40391b0 0x7f12b403b670 unknown :-1 s=NONE pgs=0 cs=0 l=1 rev1=0 crypto rx=0 tx=0 comp rx=0 tx=0).connect
2024-09-15T23:06:11.299 INFO:teuthology.orchestra.run.smithi062.stdout:/usr/bin/ceph: stderr
2024-09-15T23:06:10.438+0000 7f12c97fa640 1 -- 172.21.15.62:0/2049782677 <== mon.0 v2:172.21.15.62:3300/0 5 ==== osd_map(1..1 src has 1..1) ==== 725+0+0 (secure 0 0 0) 0x7f12bc06c1b0 con 0x7f12cc07de60
2024-09-15T23:06:11.299 INFO:teuthology.orchestra.run.smithi062.stdout:/usr/bin/ceph: stderr
2024-09-15T23:06:10.438+0000 7f12cb7fe640 1 --2- 172.21.15.62:0/2049782677 >> [v2:172.21.15.62:6800/1277095060,v1:172.21.15.62:6801/1277095060] conn(0x7f12b40391b0 0x7f12b403b670 unknown :-1 s=BANNER_CONNECTING pgs=0 cs=0 l=1 rev1=0 crypto rx=0 tx=0 comp rx=0 tx=0)._handle_peer_banner_payload supported=3 required=0
2024-09-15T23:06:11.299 INFO:teuthology.orchestra.run.smithi062.stdout:/usr/bin/ceph: stderr
2024-09-15T23:06:10.438+0000 7f12cb7fe640 1 --2- 172.21.15.62:0/2049782677 >> [v2:172.21.15.62:6800/1277095060,v1:172.21.15.62:6801/1277095060] conn(0x7f12b40391b0 0x7f12b403b670 secure :-1 s=READY pgs=8 cs=0 l=1 rev1=1 crypto rx=0x7f12c00098c0 tx=0x7f12c0006db0 comp rx=0 tx=0).ready entity=mgr.14100 client_cookie=0 server_cookie=0 in_seq=0 out_seq=0
2024-09-15T23:06:11.299 INFO:teuthology.orchestra.run.smithi062.stdout:/usr/bin/ceph: stderr
2024-09-15T23:06:10.443+0000 7f12c97fa640 1 -- 172.21.15.62:0/2049782677 <== mon.0 v2:172.21.15.62:3300/0 6 ==== mon_command_ack([{"prefix": "get_command_descriptions"}]=0 v0) ==== 72+0+188821 (secure 0 0 0) 0x7f12bc045360 con 0x7f12cc07de60
2024-09-15T23:06:11.299 INFO:teuthology.orchestra.run.smithi062.stdout:/usr/bin/ceph: stderr
2024-09-15T23:06:10.668+0000 7f12d25a4640 1 -- 172.21.15.62:0/2049782677 --> [v2:172.21.15.62:3300/0,v1:172.21.15.62:6789/0] -- mon_command({"prefix": "mgr module enable", "module": "cephadm"} v 0) -- 0x7f12cc1a12e0 con 0x7f12cc07de60
2024-09-15T23:06:11.299 INFO:teuthology.orchestra.run.smithi062.stdout:/usr/bin/ceph: stderr
2024-09-15T23:06:10.755+0000 7f12c97fa640 1 -- 172.21.15.62:0/2049782677 <== mon.0 v2:172.21.15.62:3300/0 7 ==== mon_command_ack([{"prefix": "mgr module enable", "module": "cephadm"}]=0 v5) ==== 86+0+0 (secure 0 0 0) 0x7f12bc02ed90 con 0x7f12cc07de60
2024-09-15T23:06:11.299 INFO:teuthology.orchestra.run.smithi062.stdout:/usr/bin/ceph: stderr
2024-09-15T23:06:10.757+0000 7f12c97fa640 1 -- 172.21.15.62:0/2049782677 <== mon.0 v2:172.21.15.62:3300/0 8 ==== mgrmap(e 5) ==== 46461+0+0 (secure 0 0 0) 0x7f12bc03c760 con 0x7f12cc07de60
2024-09-15T23:06:11.300 INFO:teuthology.orchestra.run.smithi062.stdout:/usr/bin/ceph: stderr
2024-09-15T23:06:10.758+0000 7f12d25a4640 1 -- 172.21.15.62:0/2049782677 >> [v2:172.21.15.62:6800/1277095060,v1:172.21.15.62:6801/1277095060] conn(0x7f12b40391b0 msgr2=0x7f12b403b670 secure :-1 s=STATE_CONNECTION_ESTABLISHED l=1).mark_down
2024-09-15T23:06:11.300 INFO:teuthology.orchestra.run.smithi062.stdout:/usr/bin/ceph: stderr
2024-09-15T23:06:10.758+0000 7f12d25a4640 1 --2- 172.21.15.62:0/2049782677 >> [v2:172.21.15.62:6800/1277095060,v1:172.21.15.62:6801/1277095060] conn(0x7f12b40391b0 0x7f12b403b670 secure :-1 s=READY pgs=8 cs=0 l=1 rev1=1 crypto rx=0x7f12c00098c0 tx=0x7f12c0006db0 comp rx=0 tx=0).stop
2024-09-15T23:06:11.300 INFO:teuthology.orchestra.run.smithi062.stdout:/usr/bin/ceph: stderr
2024-09-15T23:06:10.758+0000 7f12d25a4640 1 -- 172.21.15.62:0/2049782677 >> [v2:172.21.15.62:3300/0,v1:172.21.15.62:6789/0] conn(0x7f12cc07de60 msgr2=0x7f12cc19d7a0 secure :-1 s=STATE_CONNECTION_ESTABLISHED l=1).mark_down
2024-09-15T23:06:11.300 INFO:teuthology.orchestra.run.smithi062.stdout:/usr/bin/ceph: stderr
2024-09-15T23:06:10.758+0000 7f12d25a4640 1 --2- 172.21.15.62:0/2049782677 >> [v2:172.21.15.62:3300/0,v1:172.21.15.62:6789/0] conn(0x7f12cc07de60 0x7f12cc19d7a0 secure :-1 s=READY pgs=21 cs=0 l=1 rev1=1 crypto rx=0x7f12bc009940 tx=0x7f12bc032ce0 comp rx=0 tx=0).stop
2024-09-15T23:06:11.300 INFO:teuthology.orchestra.run.smithi062.stdout:/usr/bin/ceph: stderr
2024-09-15T23:06:10.758+0000 7f12d25a4640 1 -- 172.21.15.62:0/2049782677 shutdown_connections
2024-09-15T23:06:11.300 INFO:teuthology.orchestra.run.smithi062.stdout:/usr/bin/ceph: stderr
2024-09-15T23:06:10.758+0000 7f12d25a4640 1 --2- 172.21.15.62:0/2049782677 >> [v2:172.21.15.62:6800/1277095060,v1:172.21.15.62:6801/1277095060] conn(0x7f12b40391b0 0x7f12b403b670 unknown :-1 s=CLOSED pgs=8 cs=0 l=1 rev1=1 crypto rx=0 tx=0 comp rx=0 tx=0).stop
2024-09-15T23:06:11.300 INFO:teuthology.orchestra.run.smithi062.stdout:/usr/bin/ceph: stderr
2024-09-15T23:06:10.758+0000 7f12d25a4640 1 --2- 172.21.15.62:0/2049782677 >> [v2:172.21.15.62:3300/0,v1:172.21.15.62:6789/0] conn(0x7f12cc07de60 0x7f12cc19d7a0 unknown :-1 s=CLOSED pgs=21 cs=0 l=1 rev1=1 crypto rx=0 tx=0 comp rx=0 tx=0).stop
2024-09-15T23:06:11.300 INFO:teuthology.orchestra.run.smithi062.stdout:/usr/bin/ceph: stderr
2024-09-15T23:06:10.758+0000 7f12d25a4640 1 -- 172.21.15.62:0/2049782677 >> 172.21.15.62:0/2049782677 conn(0x7f12cc102cb0 msgr2=0x7f12cc1038d0 unknown :-1 s=STATE_NONE l=0).mark_down
2024-09-15T23:06:11.300 INFO:teuthology.orchestra.run.smithi062.stdout:/usr/bin/ceph: stderr
2024-09-15T23:06:10.758+0000 7f12d25a4640 1 -- 172.21.15.62:0/2049782677 shutdown_connections
2024-09-15T23:06:11.300 INFO:teuthology.orchestra.run.smithi062.stdout:/usr/bin/ceph: stderr
2024-09-15T23:06:10.758+0000 7f12d25a4640 1 -- 172.21.15.62:0/2049782677 wait complete.
2024-09-15T23:06:11.539 INFO:journalctl@ceph.mgr.x.smithi062.stdout:Sep 15 23:06:11 smithi062 ceph-ee7f888e-73b6-11ef-bceb-c7b262605968-mgr-x[31175]:
2024-09-15T23:06:11.345+0000 7f6942b2c040 -1 mgr[py] Module test_orchestrator has missing NOTIFY_TYPES member
2024-09-15T23:06:11.540 INFO:journalctl@ceph.mgr.x.smithi062.stdout:Sep 15 23:06:11 smithi062 ceph-ee7f888e-73b6-11ef-bceb-c7b262605968-mgr-x[31175]:
2024-09-15T23:06:11.494+0000 7f6942b2c040 -1 mgr[py] Module snap_schedule has missing NOTIFY_TYPES member
2024-09-15T23:06:11.832 INFO:journalctl@ceph.mon.a.smithi062.stdout:Sep 15 23:06:11 smithi062 ceph-mon[30949]: from='client.? 172.21.15.62:0/2049782677' entity='client.admin' cmd='[{"prefix": "mgr module enable", "module": "cephadm"}]': finished
2024-09-15T23:06:11.832 INFO:journalctl@ceph.mon.a.smithi062.stdout:Sep 15 23:06:11 smithi062 ceph-mon[30949]: mgrmap e5: x(active, since 5s)
2024-09-15T23:06:12.094 INFO:journalctl@ceph.mgr.x.smithi062.stdout:Sep 15 23:06:11 smithi062 ceph-ee7f888e-73b6-11ef-bceb-c7b262605968-mgr-x[31175]:
2024-09-15T23:06:11.831+0000 7f6942b2c040 -1 mgr[py] Module prometheus has missing NOTIFY_TYPES member
2024-09-15T23:06:12.094 INFO:journalctl@ceph.mgr.x.smithi062.stdout:Sep 15 23:06:11 smithi062 ceph-ee7f888e-73b6-11ef-bceb-c7b262605968-mgr-x[31175]:
2024-09-15T23:06:11.895+0000 7f6942b2c040 -1 mgr[py] Module selftest has missing NOTIFY_TYPES member
2024-09-15T23:06:12.094 INFO:journalctl@ceph.mgr.x.smithi062.stdout:Sep 15 23:06:12 smithi062 ceph-ee7f888e-73b6-11ef-bceb-c7b262605968-mgr-x[31175]:
2024-09-15T23:06:12.092+0000 7f6942b2c040 -1 mgr[py] Module volumes has missing NOTIFY_TYPES member
2024-09-15T23:06:12.539 INFO:teuthology.orchestra.run.smithi062.stdout:/usr/bin/ceph: stdout {
2024-09-15T23:06:12.539 INFO:teuthology.orchestra.run.smithi062.stdout:/usr/bin/ceph: stdout "epoch": 5,
2024-09-15T23:06:12.539 INFO:teuthology.orchestra.run.smithi062.stdout:/usr/bin/ceph: stdout "available": true,
2024-09-15T23:06:12.539 INFO:teuthology.orchestra.run.smithi062.stdout:/usr/bin/ceph: stdout "active_name": "x",
2024-09-15T23:06:12.539 INFO:teuthology.orchestra.run.smithi062.stdout:/usr/bin/ceph: stdout "num_standby": 0
2024-09-15T23:06:12.539 INFO:teuthology.orchestra.run.smithi062.stdout:/usr/bin/ceph: stdout }
2024-09-15T23:06:12.539 INFO:teuthology.orchestra.run.smithi062.stdout:/usr/bin/ceph: stderr
2024-09-15T23:06:11.702+0000 7f9f28c5c640 1 Processor -- start
2024-09-15T23:06:12.540 INFO:teuthology.orchestra.run.smithi062.stdout:/usr/bin/ceph: stderr
2024-09-15T23:06:11.702+0000 7f9f28c5c640 1 -- start start
2024-09-15T23:06:12.540 INFO:teuthology.orchestra.run.smithi062.stdout:/usr/bin/ceph: stderr
2024-09-15T23:06:11.703+0000 7f9f28c5c640 1 --2- >> [v2:172.21.15.62:3300/0,v1:172.21.15.62:6789/0] conn(0x7f9f24107fa0 0x7f9f2410a390 unknown :-1 s=NONE pgs=0 cs=0 l=0 rev1=0 crypto rx=0 tx=0 comp rx=0 tx=0).connect
2024-09-15T23:06:12.540 INFO:teuthology.orchestra.run.smithi062.stdout:/usr/bin/ceph: stderr
2024-09-15T23:06:11.703+0000 7f9f28c5c640 1 -- --> [v2:172.21.15.62:3300/0,v1:172.21.15.62:6789/0] -- mon_getmap magic: 0 -- 0x7f9f2407be50 con 0x7f9f24107fa0
2024-09-15T23:06:12.540 INFO:teuthology.orchestra.run.smithi062.stdout:/usr/bin/ceph: stderr
2024-09-15T23:06:11.703+0000 7f9f2259c640 1 --2- >> [v2:172.21.15.62:3300/0,v1:172.21.15.62:6789/0] conn(0x7f9f24107fa0 0x7f9f2410a390 unknown :-1 s=BANNER_CONNECTING pgs=0 cs=0 l=0 rev1=0 crypto rx=0 tx=0 comp rx=0 tx=0)._handle_peer_banner_payload supported=3 required=0
2024-09-15T23:06:12.540 INFO:teuthology.orchestra.run.smithi062.stdout:/usr/bin/ceph: stderr
2024-09-15T23:06:11.703+0000 7f9f2259c640 1 --2- >> [v2:172.21.15.62:3300/0,v1:172.21.15.62:6789/0] conn(0x7f9f24107fa0 0x7f9f2410a390 unknown :-1 s=HELLO_CONNECTING pgs=0 cs=0 l=0 rev1=1 crypto rx=0 tx=0 comp rx=0 tx=0).handle_hello peer v2:172.21.15.62:3300/0 says I am v2:172.21.15.62:54568/0 (socket says 172.21.15.62:54568)
2024-09-15T23:06:12.540 INFO:teuthology.orchestra.run.smithi062.stdout:/usr/bin/ceph: stderr
2024-09-15T23:06:11.703+0000 7f9f2259c640 1 -- 172.21.15.62:0/1686307545 learned_addr learned my addr 172.21.15.62:0/1686307545 (peer_addr_for_me v2:172.21.15.62:0/0)
2024-09-15T23:06:12.540 INFO:teuthology.orchestra.run.smithi062.stdout:/usr/bin/ceph: stderr
2024-09-15T23:06:11.703+0000 7f9f2259c640 1 -- 172.21.15.62:0/1686307545 --> [v2:172.21.15.62:3300/0,v1:172.21.15.62:6789/0] -- mon_subscribe({config=0+,monmap=0+}) -- 0x7f9f2410a8d0 con 0x7f9f24107fa0
2024-09-15T23:06:12.540 INFO:teuthology.orchestra.run.smithi062.stdout:/usr/bin/ceph: stderr
2024-09-15T23:06:11.704+0000 7f9f2259c640 1 --2- 172.21.15.62:0/1686307545 >> [v2:172.21.15.62:3300/0,v1:172.21.15.62:6789/0] conn(0x7f9f24107fa0 0x7f9f2410a390 secure :-1 s=READY pgs=24 cs=0 l=1 rev1=1 crypto rx=0x7f9f14009820 tx=0x7f9f1402a270 comp rx=0 tx=0).ready entity=mon.0 client_cookie=18179ee70d247e23 server_cookie=0 in_seq=0 out_seq=0
2024-09-15T23:06:12.540 INFO:teuthology.orchestra.run.smithi062.stdout:/usr/bin/ceph: stderr
2024-09-15T23:06:11.704+0000 7f9f21d9b640 1 -- 172.21.15.62:0/1686307545 <== mon.0 v2:172.21.15.62:3300/0 1 ==== mon_map magic: 0 ==== 205+0+0 (secure 0 0 0) 0x7f9f14037070 con 0x7f9f24107fa0
2024-09-15T23:06:12.540 INFO:teuthology.orchestra.run.smithi062.stdout:/usr/bin/ceph: stderr
2024-09-15T23:06:11.704+0000 7f9f21d9b640 1 -- 172.21.15.62:0/1686307545 <== mon.0 v2:172.21.15.62:3300/0 2 ==== config(27 keys) ==== 1109+0+0 (secure 0 0 0) 0x7f9f14032900 con 0x7f9f24107fa0
2024-09-15T23:06:12.540 INFO:teuthology.orchestra.run.smithi062.stdout:/usr/bin/ceph: stderr
2024-09-15T23:06:11.704+0000 7f9f21d9b640 1 -- 172.21.15.62:0/1686307545 <== mon.0 v2:172.21.15.62:3300/0 3 ==== mon_map magic: 0 ==== 205+0+0 (secure 0 0 0) 0x7f9f14030850 con 0x7f9f24107fa0
2024-09-15T23:06:12.540 INFO:teuthology.orchestra.run.smithi062.stdout:/usr/bin/ceph: stderr
2024-09-15T23:06:11.705+0000 7f9f28c5c640 1 -- 172.21.15.62:0/1686307545 >> [v2:172.21.15.62:3300/0,v1:172.21.15.62:6789/0] conn(0x7f9f24107fa0 msgr2=0x7f9f2410a390 secure :-1 s=STATE_CONNECTION_ESTABLISHED l=1).mark_down
2024-09-15T23:06:12.540 INFO:teuthology.orchestra.run.smithi062.stdout:/usr/bin/ceph: stderr
2024-09-15T23:06:11.705+0000 7f9f28c5c640 1 --2- 172.21.15.62:0/1686307545 >> [v2:172.21.15.62:3300/0,v1:172.21.15.62:6789/0] conn(0x7f9f24107fa0 0x7f9f2410a390 secure :-1 s=READY pgs=24 cs=0 l=1 rev1=1 crypto rx=0x7f9f14009820 tx=0x7f9f1402a270 comp rx=0 tx=0).stop
2024-09-15T23:06:12.541 INFO:teuthology.orchestra.run.smithi062.stdout:/usr/bin/ceph: stderr
2024-09-15T23:06:11.705+0000 7f9f28c5c640 1 -- 172.21.15.62:0/1686307545 shutdown_connections
2024-09-15T23:06:12.541 INFO:teuthology.orchestra.run.smithi062.stdout:/usr/bin/ceph: stderr
2024-09-15T23:06:11.705+0000 7f9f28c5c640 1 --2- 172.21.15.62:0/1686307545 >> [v2:172.21.15.62:3300/0,v1:172.21.15.62:6789/0] conn(0x7f9f24107fa0 0x7f9f2410a390 unknown :-1 s=CLOSED pgs=24 cs=0 l=1 rev1=1 crypto rx=0 tx=0 comp rx=0 tx=0).stop
2024-09-15T23:06:12.541 INFO:teuthology.orchestra.run.smithi062.stdout:/usr/bin/ceph: stderr
2024-09-15T23:06:11.705+0000 7f9f28c5c640 1 -- 172.21.15.62:0/1686307545 >> 172.21.15.62:0/1686307545 conn(0x7f9f24101bc0 msgr2=0x7f9f24104000 unknown :-1 s=STATE_NONE l=0).mark_down
2024-09-15T23:06:12.541 INFO:teuthology.orchestra.run.smithi062.stdout:/usr/bin/ceph: stderr
2024-09-15T23:06:11.705+0000 7f9f28c5c640 1 -- 172.21.15.62:0/1686307545 shutdown_connections
2024-09-15T23:06:12.541 INFO:teuthology.orchestra.run.smithi062.stdout:/usr/bin/ceph: stderr
2024-09-15T23:06:11.705+0000 7f9f28c5c640 1 -- 172.21.15.62:0/1686307545 wait complete.
2024-09-15T23:06:12.541 INFO:teuthology.orchestra.run.smithi062.stdout:/usr/bin/ceph: stderr
2024-09-15T23:06:11.706+0000 7f9f28c5c640 1 Processor -- start
2024-09-15T23:06:12.541 INFO:teuthology.orchestra.run.smithi062.stdout:/usr/bin/ceph: stderr
2024-09-15T23:06:11.706+0000 7f9f28c5c640 1 -- start start
2024-09-15T23:06:12.541 INFO:teuthology.orchestra.run.smithi062.stdout:/usr/bin/ceph: stderr
2024-09-15T23:06:11.706+0000 7f9f28c5c640 1 --2- >> [v2:172.21.15.62:3300/0,v1:172.21.15.62:6789/0] conn(0x7f9f24107fa0 0x7f9f2419b530 unknown :-1 s=NONE pgs=0 cs=0 l=1 rev1=0 crypto rx=0 tx=0 comp rx=0 tx=0).connect
2024-09-15T23:06:12.541 INFO:teuthology.orchestra.run.smithi062.stdout:/usr/bin/ceph: stderr
2024-09-15T23:06:11.706+0000 7f9f28c5c640 1 -- --> [v2:172.21.15.62:3300/0,v1:172.21.15.62:6789/0] -- mon_getmap magic: 0 -- 0x7f9f2410b970 con 0x7f9f24107fa0
2024-09-15T23:06:12.541 INFO:teuthology.orchestra.run.smithi062.stdout:/usr/bin/ceph: stderr
2024-09-15T23:06:11.706+0000 7f9f2259c640 1 --2- >> [v2:172.21.15.62:3300/0,v1:172.21.15.62:6789/0] conn(0x7f9f24107fa0 0x7f9f2419b530 unknown :-1 s=BANNER_CONNECTING pgs=0 cs=0 l=1 rev1=0 crypto rx=0 tx=0 comp rx=0 tx=0)._handle_peer_banner_payload supported=3 required=0
2024-09-15T23:06:12.541 INFO:teuthology.orchestra.run.smithi062.stdout:/usr/bin/ceph: stderr
2024-09-15T23:06:11.706+0000 7f9f2259c640 1 --2- >> [v2:172.21.15.62:3300/0,v1:172.21.15.62:6789/0] conn(0x7f9f24107fa0 0x7f9f2419b530 unknown :-1 s=HELLO_CONNECTING pgs=0 cs=0 l=1 rev1=1 crypto rx=0 tx=0 comp rx=0 tx=0).handle_hello peer v2:172.21.15.62:3300/0 says I am v2:172.21.15.62:54576/0 (socket says 172.21.15.62:54576)
2024-09-15T23:06:12.541 INFO:teuthology.orchestra.run.smithi062.stdout:/usr/bin/ceph: stderr
2024-09-15T23:06:11.706+0000 7f9f2259c640 1 -- 172.21.15.62:0/3372415273 learned_addr learned my addr 172.21.15.62:0/3372415273 (peer_addr_for_me v2:172.21.15.62:0/0)
2024-09-15T23:06:12.541 INFO:teuthology.orchestra.run.smithi062.stdout:/usr/bin/ceph: stderr
2024-09-15T23:06:11.706+0000 7f9f2259c640 1 -- 172.21.15.62:0/3372415273 --> [v2:172.21.15.62:3300/0,v1:172.21.15.62:6789/0] -- mon_subscribe({config=0+,monmap=0+}) -- 0x7f9f2419ba70 con 0x7f9f24107fa0
2024-09-15T23:06:12.541 INFO:teuthology.orchestra.run.smithi062.stdout:/usr/bin/ceph: stderr
2024-09-15T23:06:11.706+0000 7f9f2259c640 1 --2- 172.21.15.62:0/3372415273 >> [v2:172.21.15.62:3300/0,v1:172.21.15.62:6789/0] conn(0x7f9f24107fa0 0x7f9f2419b530 secure :-1 s=READY pgs=25 cs=0 l=1 rev1=1 crypto rx=0x7f9f14032ce0 tx=0x7f9f14032d10 comp rx=0 tx=0).ready entity=mon.0 client_cookie=0 server_cookie=0 in_seq=0 out_seq=0
2024-09-15T23:06:12.542 INFO:teuthology.orchestra.run.smithi062.stdout:/usr/bin/ceph: stderr
2024-09-15T23:06:11.707+0000 7f9f1b7fe640 1 -- 172.21.15.62:0/3372415273 <== mon.0 v2:172.21.15.62:3300/0 1 ==== mon_map magic: 0 ==== 205+0+0 (secure 0 0 0) 0x7f9f14042070 con 0x7f9f24107fa0
2024-09-15T23:06:12.542 INFO:teuthology.orchestra.run.smithi062.stdout:/usr/bin/ceph: stderr
2024-09-15T23:06:11.707+0000 7f9f1b7fe640 1 -- 172.21.15.62:0/3372415273 <== mon.0 v2:172.21.15.62:3300/0 2 ==== config(27 keys) ==== 1109+0+0 (secure 0 0 0) 0x7f9f140308c0 con 0x7f9f24107fa0
2024-09-15T23:06:12.542 INFO:teuthology.orchestra.run.smithi062.stdout:/usr/bin/ceph: stderr
2024-09-15T23:06:11.707+0000 7f9f28c5c640 1 -- 172.21.15.62:0/3372415273 --> [v2:172.21.15.62:3300/0,v1:172.21.15.62:6789/0] -- mon_subscribe({mgrmap=0+}) -- 0x7f9f2419bd00 con 0x7f9f24107fa0
2024-09-15T23:06:12.542 INFO:teuthology.orchestra.run.smithi062.stdout:/usr/bin/ceph: stderr
2024-09-15T23:06:11.707+0000 7f9f28c5c640 1 -- 172.21.15.62:0/3372415273 --> [v2:172.21.15.62:3300/0,v1:172.21.15.62:6789/0] -- mon_subscribe({osdmap=0}) -- 0x7f9f2419e9f0 con 0x7f9f24107fa0
2024-09-15T23:06:12.542 INFO:teuthology.orchestra.run.smithi062.stdout:/usr/bin/ceph: stderr
2024-09-15T23:06:11.707+0000 7f9f1b7fe640 1 -- 172.21.15.62:0/3372415273 <== mon.0 v2:172.21.15.62:3300/0 3 ==== mon_map magic: 0 ==== 205+0+0 (secure 0 0 0) 0x7f9f14037040 con 0x7f9f24107fa0
2024-09-15T23:06:12.542 INFO:teuthology.orchestra.run.smithi062.stdout:/usr/bin/ceph: stderr
2024-09-15T23:06:11.708+0000 7f9f1b7fe640 1 -- 172.21.15.62:0/3372415273 <== mon.0 v2:172.21.15.62:3300/0 4 ==== mgrmap(e 5) ==== 46461+0+0 (secure 0 0 0) 0x7f9f14045070 con 0x7f9f24107fa0
2024-09-15T23:06:12.542 INFO:teuthology.orchestra.run.smithi062.stdout:/usr/bin/ceph: stderr
2024-09-15T23:06:11.708+0000 7f9f28c5c640 1 -- 172.21.15.62:0/3372415273 --> [v2:172.21.15.62:3300/0,v1:172.21.15.62:6789/0] -- mon_command({"prefix": "get_command_descriptions"} v 0) -- 0x7f9f040052c0 con 0x7f9f24107fa0
2024-09-15T23:06:12.542 INFO:teuthology.orchestra.run.smithi062.stdout:/usr/bin/ceph: stderr
2024-09-15T23:06:11.708+0000 7f9f1b7fe640 1 --2- 172.21.15.62:0/3372415273 >> [v2:172.21.15.62:6800/1277095060,v1:172.21.15.62:6801/1277095060] conn(0x7f9f100391b0 0x7f9f1003b670 unknown :-1 s=NONE pgs=0 cs=0 l=1 rev1=0 crypto rx=0 tx=0 comp rx=0 tx=0).connect
2024-09-15T23:06:12.542 INFO:teuthology.orchestra.run.smithi062.stdout:/usr/bin/ceph: stderr
2024-09-15T23:06:11.708+0000 7f9f1b7fe640 1 -- 172.21.15.62:0/3372415273 <== mon.0 v2:172.21.15.62:3300/0 5 ==== osd_map(1..1 src has 1..1) ==== 725+0+0 (secure 0 0 0) 0x7f9f1406c260 con 0x7f9f24107fa0
2024-09-15T23:06:12.542 INFO:teuthology.orchestra.run.smithi062.stdout:/usr/bin/ceph: stderr
2024-09-15T23:06:11.708+0000 7f9f1bfff640 1 -- 172.21.15.62:0/3372415273 >> [v2:172.21.15.62:6800/1277095060,v1:172.21.15.62:6801/1277095060] conn(0x7f9f100391b0 msgr2=0x7f9f1003b670 unknown :-1 s=STATE_CONNECTING_RE l=1).process reconnect failed to v2:172.21.15.62:6800/1277095060
2024-09-15T23:06:12.542 INFO:teuthology.orchestra.run.smithi062.stdout:/usr/bin/ceph: stderr
2024-09-15T23:06:11.708+0000 7f9f1bfff640 1 --2- 172.21.15.62:0/3372415273 >> [v2:172.21.15.62:6800/1277095060,v1:172.21.15.62:6801/1277095060] conn(0x7f9f100391b0 0x7f9f1003b670 unknown :-1 s=START_CONNECT pgs=0 cs=0 l=1 rev1=0 crypto rx=0 tx=0 comp rx=0 tx=0)._fault waiting 0.200000
2024-09-15T23:06:12.542 INFO:teuthology.orchestra.run.smithi062.stdout:/usr/bin/ceph: stderr
2024-09-15T23:06:11.713+0000 7f9f1b7fe640 1 -- 172.21.15.62:0/3372415273 <== mon.0 v2:172.21.15.62:3300/0 6 ==== mon_command_ack([{"prefix": "get_command_descriptions"}]=0 v0) ==== 72+0+188821 (secure 0 0 0) 0x7f9f1403cdd0 con 0x7f9f24107fa0
2024-09-15T23:06:12.542 INFO:teuthology.orchestra.run.smithi062.stdout:/usr/bin/ceph: stderr
2024-09-15T23:06:11.909+0000 7f9f1bfff640 1 -- 172.21.15.62:0/3372415273 >> [v2:172.21.15.62:6800/1277095060,v1:172.21.15.62:6801/1277095060] conn(0x7f9f100391b0 msgr2=0x7f9f1003b670 unknown :-1 s=STATE_CONNECTING_RE l=1).process reconnect failed to v2:172.21.15.62:6800/1277095060
2024-09-15T23:06:12.543 INFO:teuthology.orchestra.run.smithi062.stdout:/usr/bin/ceph: stderr
2024-09-15T23:06:11.909+0000 7f9f1bfff640 1 --2- 172.21.15.62:0/3372415273 >> [v2:172.21.15.62:6800/1277095060,v1:172.21.15.62:6801/1277095060] conn(0x7f9f100391b0 0x7f9f1003b670 unknown :-1 s=START_CONNECT pgs=0 cs=0 l=1 rev1=0 crypto rx=0 tx=0 comp rx=0 tx=0)._fault waiting 0.400000
2024-09-15T23:06:12.543 INFO:teuthology.orchestra.run.smithi062.stdout:/usr/bin/ceph: stderr
2024-09-15T23:06:11.938+0000 7f9f28c5c640 1 -- 172.21.15.62:0/3372415273 --> [v2:172.21.15.62:3300/0,v1:172.21.15.62:6789/0] -- mon_command({"prefix": "mgr stat"} v 0) -- 0x7f9f04005dc0 con 0x7f9f24107fa0
2024-09-15T23:06:12.543 INFO:teuthology.orchestra.run.smithi062.stdout:/usr/bin/ceph: stderr
2024-09-15T23:06:11.938+0000 7f9f1b7fe640 1 -- 172.21.15.62:0/3372415273 <== mon.0 v2:172.21.15.62:3300/0 7 ==== mon_command_ack([{"prefix": "mgr stat"}]=0 v5) ==== 56+0+88 (secure 0 0 0) 0x7f9f1403c870 con 0x7f9f24107fa0
2024-09-15T23:06:12.543 INFO:teuthology.orchestra.run.smithi062.stdout:/usr/bin/ceph: stderr
2024-09-15T23:06:11.940+0000 7f9f28c5c640 1 -- 172.21.15.62:0/3372415273 >> [v2:172.21.15.62:6800/1277095060,v1:172.21.15.62:6801/1277095060] conn(0x7f9f100391b0 msgr2=0x7f9f1003b670 unknown :-1 s=STATE_CONNECTING l=1).mark_down
2024-09-15T23:06:12.543 INFO:teuthology.orchestra.run.smithi062.stdout:/usr/bin/ceph: stderr
2024-09-15T23:06:11.940+0000 7f9f28c5c640 1 --2- 172.21.15.62:0/3372415273 >> [v2:172.21.15.62:6800/1277095060,v1:172.21.15.62:6801/1277095060] conn(0x7f9f100391b0 0x7f9f1003b670 unknown :-1 s=START_CONNECT pgs=0 cs=0 l=1 rev1=0 crypto rx=0 tx=0 comp rx=0 tx=0).stop
2024-09-15T23:06:12.543 INFO:teuthology.orchestra.run.smithi062.stdout:/usr/bin/ceph: stderr
2024-09-15T23:06:11.940+0000 7f9f28c5c640 1 -- 172.21.15.62:0/3372415273 >> [v2:172.21.15.62:3300/0,v1:172.21.15.62:6789/0] conn(0x7f9f24107fa0 msgr2=0x7f9f2419b530 secure :-1 s=STATE_CONNECTION_ESTABLISHED l=1).mark_down
2024-09-15T23:06:12.543 INFO:teuthology.orchestra.run.smithi062.stdout:/usr/bin/ceph: stderr
2024-09-15T23:06:11.940+0000 7f9f28c5c640 1 --2- 172.21.15.62:0/3372415273 >> [v2:172.21.15.62:3300/0,v1:172.21.15.62:6789/0] conn(0x7f9f24107fa0 0x7f9f2419b530 secure :-1 s=READY pgs=25 cs=0 l=1 rev1=1 crypto rx=0x7f9f14032ce0 tx=0x7f9f14032d10 comp rx=0 tx=0).stop
2024-09-15T23:06:12.543 INFO:teuthology.orchestra.run.smithi062.stdout:/usr/bin/ceph: stderr
2024-09-15T23:06:11.940+0000 7f9f28c5c640 1 -- 172.21.15.62:0/3372415273 shutdown_connections
2024-09-15T23:06:12.543 INFO:teuthology.orchestra.run.smithi062.stdout:/usr/bin/ceph: stderr
2024-09-15T23:06:11.940+0000 7f9f28c5c640 1 --2- 172.21.15.62:0/3372415273 >> [v2:172.21.15.62:6800/1277095060,v1:172.21.15.62:6801/1277095060] conn(0x7f9f100391b0 0x7f9f1003b670 unknown :-1 s=CLOSED pgs=0 cs=0 l=1 rev1=0 crypto rx=0 tx=0 comp rx=0 tx=0).stop
2024-09-15T23:06:12.543 INFO:teuthology.orchestra.run.smithi062.stdout:/usr/bin/ceph: stderr
2024-09-15T23:06:11.940+0000 7f9f28c5c640 1 --2- 172.21.15.62:0/3372415273 >> [v2:172.21.15.62:3300/0,v1:172.21.15.62:6789/0] conn(0x7f9f24107fa0 0x7f9f2419b530 unknown :-1 s=CLOSED pgs=25 cs=0 l=1 rev1=1 crypto rx=0 tx=0 comp rx=0 tx=0).stop
2024-09-15T23:06:12.543 INFO:teuthology.orchestra.run.smithi062.stdout:/usr/bin/ceph: stderr
2024-09-15T23:06:11.940+0000 7f9f28c5c640 1 -- 172.21.15.62:0/3372415273 >> 172.21.15.62:0/3372415273 conn(0x7f9f24101bc0 msgr2=0x7f9f24102770 unknown :-1 s=STATE_NONE l=0).mark_down
2024-09-15T23:06:12.543 INFO:teuthology.orchestra.run.smithi062.stdout:/usr/bin/ceph: stderr
2024-09-15T23:06:11.940+0000 7f9f28c5c640 1 -- 172.21.15.62:0/3372415273 shutdown_connections
2024-09-15T23:06:12.544 INFO:teuthology.orchestra.run.smithi062.stdout:/usr/bin/ceph: stderr
2024-09-15T23:06:11.940+0000 7f9f28c5c640 1 -- 172.21.15.62:0/3372415273 wait complete.
2024-09-15T23:06:12.544 INFO:teuthology.orchestra.run.smithi062.stdout:Waiting for the mgr to restart...
2024-09-15T23:06:12.544 INFO:teuthology.orchestra.run.smithi062.stdout:Waiting for mgr epoch 5...
2024-09-15T23:06:12.849 INFO:journalctl@ceph.mon.a.smithi062.stdout:Sep 15 23:06:12 smithi062 ceph-mon[30949]: from='client.? 172.21.15.62:0/3372415273' entity='client.admin' cmd=[{"prefix": "mgr stat"}]: dispatch
2024-09-15T23:06:13.107 INFO:journalctl@ceph.mgr.x.smithi062.stdout:Sep 15 23:06:13 smithi062 ceph-ee7f888e-73b6-11ef-bceb-c7b262605968-mgr-x[31175]:
2024-09-15T23:06:13.035+0000 7f6942b2c040 -1 mgr[py] Module telemetry has missing NOTIFY_TYPES member
2024-09-15T23:06:13.107 INFO:journalctl@ceph.mgr.x.smithi062.stdout:Sep 15 23:06:13 smithi062 ceph-ee7f888e-73b6-11ef-bceb-c7b262605968-mgr-x[31175]:
2024-09-15T23:06:13.105+0000 7f6942b2c040 -1 mgr[py] Module balancer has missing NOTIFY_TYPES member
2024-09-15T23:06:14.121 INFO:journalctl@ceph.mgr.x.smithi062.stdout:Sep 15 23:06:13 smithi062 ceph-ee7f888e-73b6-11ef-bceb-c7b262605968-mgr-x[31175]:
2024-09-15T23:06:13.850+0000 7f6942b2c040 -1 mgr[py] Module rook has missing NOTIFY_TYPES member
2024-09-15T23:06:14.121 INFO:journalctl@ceph.mgr.x.smithi062.stdout:Sep 15 23:06:13 smithi062 ceph-ee7f888e-73b6-11ef-bceb-c7b262605968-mgr-x[31175]:
2024-09-15T23:06:13.971+0000 7f6942b2c040 -1 mgr[py] Module iostat has missing NOTIFY_TYPES member
2024-09-15T23:06:14.412 INFO:journalctl@ceph.mgr.x.smithi062.stdout:Sep 15 23:06:14 smithi062 ceph-ee7f888e-73b6-11ef-bceb-c7b262605968-mgr-x[31175]:
2024-09-15T23:06:14.119+0000 7f6942b2c040 -1 mgr[py] Module orchestrator has missing NOTIFY_TYPES member
2024-09-15T23:06:14.413 INFO:journalctl@ceph.mgr.x.smithi062.stdout:Sep 15 23:06:14 smithi062 ceph-ee7f888e-73b6-11ef-bceb-c7b262605968-mgr-x[31175]:
2024-09-15T23:06:14.183+0000 7f6942b2c040 -1 mgr[py] Module devicehealth has missing NOTIFY_TYPES member
2024-09-15T23:06:14.413 INFO:journalctl@ceph.mgr.x.smithi062.stdout:Sep 15 23:06:14 smithi062 ceph-ee7f888e-73b6-11ef-bceb-c7b262605968-mgr-x[31175]:
2024-09-15T23:06:14.340+0000 7f6942b2c040 -1 mgr[py] Module rgw has missing NOTIFY_TYPES member
2024-09-15T23:06:14.413 INFO:journalctl@ceph.mgr.x.smithi062.stdout:Sep 15 23:06:14 smithi062 ceph-ee7f888e-73b6-11ef-bceb-c7b262605968-mgr-x[31175]:
2024-09-15T23:06:14.411+0000 7f6942b2c040 -1 mgr[py] Module alerts has missing NOTIFY_TYPES member
2024-09-15T23:06:14.709 INFO:journalctl@ceph.mgr.x.smithi062.stdout:Sep 15 23:06:14 smithi062 ceph-ee7f888e-73b6-11ef-bceb-c7b262605968-mgr-x[31175]:
2024-09-15T23:06:14.474+0000 7f6942b2c040 -1 mgr[py] Module progress has missing NOTIFY_TYPES member
2024-09-15T23:06:14.709 INFO:journalctl@ceph.mgr.x.smithi062.stdout:Sep 15 23:06:14 smithi062 ceph-ee7f888e-73b6-11ef-bceb-c7b262605968-mgr-x[31175]:
2024-09-15T23:06:14.639+0000 7f6942b2c040 -1 mgr[py] Module nfs has missing NOTIFY_TYPES member
2024-09-15T23:06:14.709 INFO:journalctl@ceph.mgr.x.smithi062.stdout:Sep 15 23:06:14 smithi062 ceph-ee7f888e-73b6-11ef-bceb-c7b262605968-mgr-x[31175]:
2024-09-15T23:06:14.707+0000 7f6942b2c040 -1 mgr[py] Module status has missing NOTIFY_TYPES member
2024-09-15T23:06:14.980 INFO:journalctl@ceph.mgr.x.smithi062.stdout:Sep 15 23:06:14 smithi062 ceph-ee7f888e-73b6-11ef-bceb-c7b262605968-mgr-x[31175]:
2024-09-15T23:06:14.777+0000 7f6942b2c040 -1 mgr[py] Module pg_autoscaler has missing NOTIFY_TYPES member
2024-09-15T23:06:14.980 INFO:journalctl@ceph.mgr.x.smithi062.stdout:Sep 15 23:06:14 smithi062 ceph-ee7f888e-73b6-11ef-bceb-c7b262605968-mgr-x[31175]:
2024-09-15T23:06:14.863+0000 7f6942b2c040 -1 mgr[py] Module rbd_support has missing NOTIFY_TYPES member
2024-09-15T23:06:14.980 INFO:journalctl@ceph.mgr.x.smithi062.stdout:Sep 15 23:06:14 smithi062 ceph-ee7f888e-73b6-11ef-bceb-c7b262605968-mgr-x[31175]:
2024-09-15T23:06:14.925+0000 7f6942b2c040 -1 mgr[py] Module influx has missing NOTIFY_TYPES member
2024-09-15T23:06:15.480 INFO:journalctl@ceph.mgr.x.smithi062.stdout:Sep 15 23:06:14 smithi062 ceph-ee7f888e-73b6-11ef-bceb-c7b262605968-mgr-x[31175]:
2024-09-15T23:06:14.987+0000 7f6942b2c040 -1 mgr[py] Module zabbix has missing NOTIFY_TYPES member
2024-09-15T23:06:16.230 INFO:journalctl@ceph.mgr.x.smithi062.stdout:Sep 15 23:06:15 smithi062 ceph-ee7f888e-73b6-11ef-bceb-c7b262605968-mgr-x[31175]:
2024-09-15T23:06:15.813+0000 7f6942b2c040 -1 mgr[py] Module telegraf has missing NOTIFY_TYPES member
2024-09-15T23:06:16.230 INFO:journalctl@ceph.mon.a.smithi062.stdout:Sep 15 23:06:15 smithi062 ceph-mon[30949]: Active manager daemon x restarted
2024-09-15T23:06:16.230 INFO:journalctl@ceph.mon.a.smithi062.stdout:Sep 15 23:06:15 smithi062 ceph-mon[30949]: Activating manager daemon x
2024-09-15T23:06:16.230 INFO:journalctl@ceph.mon.a.smithi062.stdout:Sep 15 23:06:15 smithi062 ceph-mon[30949]: osdmap e2: 0 total, 0 up, 0 in
2024-09-15T23:06:16.231 INFO:journalctl@ceph.mon.a.smithi062.stdout:Sep 15 23:06:15 smithi062 ceph-mon[30949]: mgrmap e6: x(active, starting, since 0.00379863s)
2024-09-15T23:06:16.231 INFO:journalctl@ceph.mon.a.smithi062.stdout:Sep 15 23:06:15 smithi062 ceph-mon[30949]: from='mgr.14118 172.21.15.62:0/501367482' entity='mgr.x' cmd=[{"prefix": "mon metadata", "id": "a"}]: dispatch
2024-09-15T23:06:16.231 INFO:journalctl@ceph.mon.a.smithi062.stdout:Sep 15 23:06:15 smithi062 ceph-mon[30949]: from='mgr.14118 172.21.15.62:0/501367482' entity='mgr.x' cmd=[{"prefix": "mgr metadata", "who": "x", "id": "x"}]: dispatch
2024-09-15T23:06:16.231 INFO:journalctl@ceph.mon.a.smithi062.stdout:Sep 15 23:06:15 smithi062 ceph-mon[30949]: from='mgr.14118 172.21.15.62:0/501367482' entity='mgr.x' cmd=[{"prefix": "mds metadata"}]: dispatch
2024-09-15T23:06:16.231 INFO:journalctl@ceph.mon.a.smithi062.stdout:Sep 15 23:06:15 smithi062 ceph-mon[30949]: from='mgr.14118 172.21.15.62:0/501367482' entity='mgr.x' cmd=[{"prefix": "osd metadata"}]: dispatch
2024-09-15T23:06:16.231 INFO:journalctl@ceph.mon.a.smithi062.stdout:Sep 15 23:06:15 smithi062 ceph-mon[30949]: from='mgr.14118 172.21.15.62:0/501367482' entity='mgr.x' cmd=[{"prefix": "mon metadata"}]: dispatch
2024-09-15T23:06:16.231 INFO:journalctl@ceph.mon.a.smithi062.stdout:Sep 15 23:06:15 smithi062 ceph-mon[30949]: Manager daemon x is now available
2024-09-15T23:06:16.231 INFO:journalctl@ceph.mon.a.smithi062.stdout:Sep 15 23:06:15 smithi062 ceph-mon[30949]: from='mgr.14118 172.21.15.62:0/501367482' entity='mgr.x'
2024-09-15T23:06:16.231 INFO:journalctl@ceph.mon.a.smithi062.stdout:Sep 15 23:06:15 smithi062 ceph-mon[30949]: from='mgr.14118 172.21.15.62:0/501367482' entity='mgr.x'
2024-09-15T23:06:16.231 INFO:journalctl@ceph.mon.a.smithi062.stdout:Sep 15 23:06:15 smithi062 ceph-mon[30949]: from='mgr.14118 172.21.15.62:0/501367482' entity='mgr.x' cmd=[{"prefix": "config dump", "format": "json"}]: dispatch
2024-09-15T23:06:16.231 INFO:journalctl@ceph.mon.a.smithi062.stdout:Sep 15 23:06:15 smithi062 ceph-mon[30949]: from='mgr.14118 172.21.15.62:0/501367482' entity='mgr.x' cmd=[{"prefix": "config dump", "format": "json"}]: dispatch
2024-09-15T23:06:16.231 INFO:journalctl@ceph.mon.a.smithi062.stdout:Sep 15 23:06:15 smithi062 ceph-mon[30949]: from='mgr.14118 172.21.15.62:0/501367482' entity='mgr.x' cmd=[{"prefix":"config rm","who":"mgr","name":"mgr/rbd_support/x/mirror_snapshot_schedule"}]: dispatch
2024-09-15T23:06:16.231 INFO:journalctl@ceph.mon.a.smithi062.stdout:Sep 15 23:06:15 smithi062 ceph-mon[30949]: from='mgr.14118 172.21.15.62:0/501367482' entity='mgr.x' cmd=[{"prefix":"config rm","who":"mgr","name":"mgr/rbd_support/x/trash_purge_schedule"}]: dispatch
2024-09-15T23:06:17.393 INFO:teuthology.orchestra.run.smithi062.stdout:/usr/bin/ceph: stdout {
2024-09-15T23:06:17.394 INFO:teuthology.orchestra.run.smithi062.stdout:/usr/bin/ceph: stdout "mgrmap_epoch": 7,
2024-09-15T23:06:17.394 INFO:teuthology.orchestra.run.smithi062.stdout:/usr/bin/ceph: stdout "initialized": true
2024-09-15T23:06:17.394 INFO:teuthology.orchestra.run.smithi062.stdout:/usr/bin/ceph: stdout }
2024-09-15T23:06:17.394 INFO:teuthology.orchestra.run.smithi062.stdout:/usr/bin/ceph: stderr
2024-09-15T23:06:12.927+0000 7f5c8cf5a640 1 Processor -- start
2024-09-15T23:06:17.394 INFO:teuthology.orchestra.run.smithi062.stdout:/usr/bin/ceph: stderr
2024-09-15T23:06:12.927+0000 7f5c8cf5a640 1 -- start start
2024-09-15T23:06:17.394 INFO:teuthology.orchestra.run.smithi062.stdout:/usr/bin/ceph: stderr
2024-09-15T23:06:12.927+0000 7f5c8cf5a640 1 --2- >> [v2:172.21.15.62:3300/0,v1:172.21.15.62:6789/0] conn(0x7f5c88108010 0x7f5c8810a400 unknown :-1 s=NONE pgs=0 cs=0 l=0 rev1=0 crypto rx=0 tx=0 comp rx=0 tx=0).connect
2024-09-15T23:06:17.394 INFO:teuthology.orchestra.run.smithi062.stdout:/usr/bin/ceph: stderr
2024-09-15T23:06:12.927+0000 7f5c8cf5a640 1 -- --> [v2:172.21.15.62:3300/0,v1:172.21.15.62:6789/0] -- mon_getmap magic: 0 -- 0x7f5c8807be50 con 0x7f5c88108010
2024-09-15T23:06:17.394 INFO:teuthology.orchestra.run.smithi062.stdout:/usr/bin/ceph: stderr
2024-09-15T23:06:12.928+0000 7f5c8659c640 1 --2- >> [v2:172.21.15.62:3300/0,v1:172.21.15.62:6789/0] conn(0x7f5c88108010 0x7f5c8810a400 unknown :-1 s=BANNER_CONNECTING pgs=0 cs=0 l=0 rev1=0 crypto rx=0 tx=0 comp rx=0 tx=0)._handle_peer_banner_payload supported=3 required=0
2024-09-15T23:06:17.394 INFO:teuthology.orchestra.run.smithi062.stdout:/usr/bin/ceph: stderr
2024-09-15T23:06:12.928+0000 7f5c8659c640 1 --2- >> [v2:172.21.15.62:3300/0,v1:172.21.15.62:6789/0] conn(0x7f5c88108010 0x7f5c8810a400 unknown :-1 s=HELLO_CONNECTING pgs=0 cs=0 l=0 rev1=1 crypto rx=0 tx=0 comp rx=0 tx=0).handle_hello peer v2:172.21.15.62:3300/0 says I am v2:172.21.15.62:38914/0 (socket says 172.21.15.62:38914)
2024-09-15T23:06:17.394 INFO:teuthology.orchestra.run.smithi062.stdout:/usr/bin/ceph: stderr
2024-09-15T23:06:12.928+0000 7f5c8659c640 1 -- 172.21.15.62:0/3861232963 learned_addr learned my addr 172.21.15.62:0/3861232963 (peer_addr_for_me v2:172.21.15.62:0/0)
2024-09-15T23:06:17.395 INFO:teuthology.orchestra.run.smithi062.stdout:/usr/bin/ceph: stderr
2024-09-15T23:06:12.928+0000 7f5c8659c640 1 -- 172.21.15.62:0/3861232963 --> [v2:172.21.15.62:3300/0,v1:172.21.15.62:6789/0] -- mon_subscribe({config=0+,monmap=0+}) -- 0x7f5c8810a940 con 0x7f5c88108010
2024-09-15T23:06:17.395 INFO:teuthology.orchestra.run.smithi062.stdout:/usr/bin/ceph: stderr
2024-09-15T23:06:12.929+0000 7f5c8659c640 1 --2- 172.21.15.62:0/3861232963 >> [v2:172.21.15.62:3300/0,v1:172.21.15.62:6789/0] conn(0x7f5c88108010 0x7f5c8810a400 secure :-1 s=READY pgs=26 cs=0 l=1 rev1=1 crypto rx=0x7f5c78009820 tx=0x7f5c7802a270 comp rx=0 tx=0).ready entity=mon.0 client_cookie=5c84c3cd2e942767 server_cookie=0 in_seq=0 out_seq=0
2024-09-15T23:06:17.395 INFO:teuthology.orchestra.run.smithi062.stdout:/usr/bin/ceph: stderr
2024-09-15T23:06:12.929+0000 7f5c85d9b640 1 -- 172.21.15.62:0/3861232963 <== mon.0 v2:172.21.15.62:3300/0 1 ==== mon_map magic: 0 ==== 205+0+0 (secure 0 0 0) 0x7f5c78037070 con 0x7f5c88108010
2024-09-15T23:06:17.395 INFO:teuthology.orchestra.run.smithi062.stdout:/usr/bin/ceph: stderr
2024-09-15T23:06:12.929+0000 7f5c85d9b640 1 -- 172.21.15.62:0/3861232963 <== mon.0 v2:172.21.15.62:3300/0 2 ==== config(27 keys) ==== 1109+0+0 (secure 0 0 0) 0x7f5c78032900 con 0x7f5c88108010
2024-09-15T23:06:17.395 INFO:teuthology.orchestra.run.smithi062.stdout:/usr/bin/ceph: stderr
2024-09-15T23:06:12.929+0000 7f5c85d9b640 1 -- 172.21.15.62:0/3861232963 <== mon.0 v2:172.21.15.62:3300/0 3 ==== mon_map magic: 0 ==== 205+0+0 (secure 0 0 0) 0x7f5c78030850 con 0x7f5c88108010
2024-09-15T23:06:17.395 INFO:teuthology.orchestra.run.smithi062.stdout:/usr/bin/ceph: stderr
2024-09-15T23:06:12.930+0000 7f5c8cf5a640 1 -- 172.21.15.62:0/3861232963 >> [v2:172.21.15.62:3300/0,v1:172.21.15.62:6789/0] conn(0x7f5c88108010 msgr2=0x7f5c8810a400 secure :-1 s=STATE_CONNECTION_ESTABLISHED l=1).mark_down
2024-09-15T23:06:17.395 INFO:teuthology.orchestra.run.smithi062.stdout:/usr/bin/ceph: stderr
2024-09-15T23:06:12.930+0000 7f5c8cf5a640 1 --2- 172.21.15.62:0/3861232963 >> [v2:172.21.15.62:3300/0,v1:172.21.15.62:6789/0] conn(0x7f5c88108010 0x7f5c8810a400 secure :-1 s=READY pgs=26 cs=0 l=1 rev1=1 crypto rx=0x7f5c78009820 tx=0x7f5c7802a270 comp rx=0 tx=0).stop
2024-09-15T23:06:17.395 INFO:teuthology.orchestra.run.smithi062.stdout:/usr/bin/ceph: stderr
2024-09-15T23:06:12.930+0000 7f5c8cf5a640 1 -- 172.21.15.62:0/3861232963 shutdown_connections
2024-09-15T23:06:17.395 INFO:teuthology.orchestra.run.smithi062.stdout:/usr/bin/ceph: stderr
2024-09-15T23:06:12.930+0000 7f5c8cf5a640 1 --2- 172.21.15.62:0/3861232963 >> [v2:172.21.15.62:3300/0,v1:172.21.15.62:6789/0] conn(0x7f5c88108010 0x7f5c8810a400 unknown :-1 s=CLOSED pgs=26 cs=0 l=1 rev1=1 crypto rx=0 tx=0 comp rx=0 tx=0).stop
2024-09-15T23:06:17.395 INFO:teuthology.orchestra.run.smithi062.stdout:/usr/bin/ceph: stderr
2024-09-15T23:06:12.930+0000 7f5c8cf5a640 1 -- 172.21.15.62:0/3861232963 >> 172.21.15.62:0/3861232963 conn(0x7f5c88101c10 msgr2=0x7f5c88104070 unknown :-1 s=STATE_NONE l=0).mark_down
2024-09-15T23:06:17.395 INFO:teuthology.orchestra.run.smithi062.stdout:/usr/bin/ceph: stderr
2024-09-15T23:06:12.930+0000 7f5c8cf5a640 1 -- 172.21.15.62:0/3861232963 shutdown_connections
2024-09-15T23:06:17.395 INFO:teuthology.orchestra.run.smithi062.stdout:/usr/bin/ceph: stderr
2024-09-15T23:06:12.930+0000 7f5c8cf5a640 1 -- 172.21.15.62:0/3861232963 wait complete.
2024-09-15T23:06:17.395 INFO:teuthology.orchestra.run.smithi062.stdout:/usr/bin/ceph: stderr
2024-09-15T23:06:12.930+0000 7f5c8cf5a640 1 Processor -- start
2024-09-15T23:06:17.396 INFO:teuthology.orchestra.run.smithi062.stdout:/usr/bin/ceph: stderr
2024-09-15T23:06:12.931+0000 7f5c8cf5a640 1 -- start start
2024-09-15T23:06:17.396 INFO:teuthology.orchestra.run.smithi062.stdout:/usr/bin/ceph: stderr
2024-09-15T23:06:12.931+0000 7f5c8cf5a640 1 --2- >> [v2:172.21.15.62:3300/0,v1:172.21.15.62:6789/0] conn(0x7f5c88108010 0x7f5c88107890 unknown :-1 s=NONE pgs=0 cs=0 l=1 rev1=0 crypto rx=0 tx=0 comp rx=0 tx=0).connect
2024-09-15T23:06:17.396 INFO:teuthology.orchestra.run.smithi062.stdout:/usr/bin/ceph: stderr
2024-09-15T23:06:12.931+0000 7f5c8cf5a640 1 -- --> [v2:172.21.15.62:3300/0,v1:172.21.15.62:6789/0] -- mon_getmap magic: 0 -- 0x7f5c8810b9e0 con 0x7f5c88108010
2024-09-15T23:06:17.396 INFO:teuthology.orchestra.run.smithi062.stdout:/usr/bin/ceph: stderr
2024-09-15T23:06:12.931+0000 7f5c8659c640 1 --2- >> [v2:172.21.15.62:3300/0,v1:172.21.15.62:6789/0] conn(0x7f5c88108010 0x7f5c88107890 unknown :-1 s=BANNER_CONNECTING pgs=0 cs=0 l=1 rev1=0 crypto rx=0 tx=0 comp rx=0 tx=0)._handle_peer_banner_payload supported=3 required=0
2024-09-15T23:06:17.396 INFO:teuthology.orchestra.run.smithi062.stdout:/usr/bin/ceph: stderr
2024-09-15T23:06:12.931+0000 7f5c8659c640 1 --2- >> [v2:172.21.15.62:3300/0,v1:172.21.15.62:6789/0] conn(0x7f5c88108010 0x7f5c88107890 unknown :-1 s=HELLO_CONNECTING pgs=0 cs=0 l=1 rev1=1 crypto rx=0 tx=0 comp rx=0 tx=0).handle_hello peer v2:172.21.15.62:3300/0 says I am v2:172.21.15.62:38924/0 (socket says 172.21.15.62:38924)
2024-09-15T23:06:17.396 INFO:teuthology.orchestra.run.smithi062.stdout:/usr/bin/ceph: stderr
2024-09-15T23:06:12.931+0000 7f5c8659c640 1 -- 172.21.15.62:0/1741355509 learned_addr learned my addr 172.21.15.62:0/1741355509 (peer_addr_for_me v2:172.21.15.62:0/0)
2024-09-15T23:06:17.396 INFO:teuthology.orchestra.run.smithi062.stdout:/usr/bin/ceph: stderr
2024-09-15T23:06:12.931+0000 7f5c8659c640 1 -- 172.21.15.62:0/1741355509 --> [v2:172.21.15.62:3300/0,v1:172.21.15.62:6789/0] -- mon_subscribe({config=0+,monmap=0+}) -- 0x7f5c88107dd0 con 0x7f5c88108010
2024-09-15T23:06:17.396 INFO:teuthology.orchestra.run.smithi062.stdout:/usr/bin/ceph: stderr
2024-09-15T23:06:12.931+0000 7f5c8659c640 1 --2- 172.21.15.62:0/1741355509 >> [v2:172.21.15.62:3300/0,v1:172.21.15.62:6789/0] conn(0x7f5c88108010 0x7f5c88107890 secure :-1 s=READY pgs=27 cs=0 l=1 rev1=1 crypto rx=0x7f5c78031000 tx=0x7f5c780326e0 comp rx=0 tx=0).ready entity=mon.0 client_cookie=0 server_cookie=0 in_seq=0 out_seq=0
2024-09-15T23:06:17.396 INFO:teuthology.orchestra.run.smithi062.stdout:/usr/bin/ceph: stderr
2024-09-15T23:06:12.931+0000 7f5c7f7fe640 1 -- 172.21.15.62:0/1741355509 <== mon.0 v2:172.21.15.62:3300/0 1 ==== mon_map magic: 0 ==== 205+0+0 (secure 0 0 0) 0x7f5c78042070 con 0x7f5c88108010
2024-09-15T23:06:17.396 INFO:teuthology.orchestra.run.smithi062.stdout:/usr/bin/ceph: stderr
2024-09-15T23:06:12.932+0000 7f5c7f7fe640 1 -- 172.21.15.62:0/1741355509 <== mon.0 v2:172.21.15.62:3300/0 2 ==== config(27 keys) ==== 1109+0+0 (secure 0 0 0) 0x7f5c78032be0 con 0x7f5c88108010
2024-09-15T23:06:17.396 INFO:teuthology.orchestra.run.smithi062.stdout:/usr/bin/ceph: stderr
2024-09-15T23:06:12.932+0000 7f5c8cf5a640 1 -- 172.21.15.62:0/1741355509 --> [v2:172.21.15.62:3300/0,v1:172.21.15.62:6789/0] -- mon_subscribe({mgrmap=0+}) -- 0x7f5c88105fc0 con 0x7f5c88108010
2024-09-15T23:06:17.396 INFO:teuthology.orchestra.run.smithi062.stdout:/usr/bin/ceph: stderr
2024-09-15T23:06:12.932+0000 7f5c8cf5a640 1 -- 172.21.15.62:0/1741355509 --> [v2:172.21.15.62:3300/0,v1:172.21.15.62:6789/0] -- mon_subscribe({osdmap=0}) -- 0x7f5c88106500 con 0x7f5c88108010
2024-09-15T23:06:17.396 INFO:teuthology.orchestra.run.smithi062.stdout:/usr/bin/ceph: stderr
2024-09-15T23:06:12.932+0000 7f5c7f7fe640 1 -- 172.21.15.62:0/1741355509 <== mon.0 v2:172.21.15.62:3300/0 3 ==== mon_map magic: 0 ==== 205+0+0 (secure 0 0 0) 0x7f5c78037040 con 0x7f5c88108010
2024-09-15T23:06:17.397 INFO:teuthology.orchestra.run.smithi062.stdout:/usr/bin/ceph: stderr
2024-09-15T23:06:12.933+0000 7f5c7f7fe640 1 -- 172.21.15.62:0/1741355509 <== mon.0 v2:172.21.15.62:3300/0 4 ==== mgrmap(e 5) ==== 46461+0+0 (secure 0 0 0) 0x7f5c78045070 con 0x7f5c88108010
2024-09-15T23:06:17.397 INFO:teuthology.orchestra.run.smithi062.stdout:/usr/bin/ceph: stderr
2024-09-15T23:06:12.933+0000 7f5c7f7fe640 1 --2- 172.21.15.62:0/1741355509 >> [v2:172.21.15.62:6800/1277095060,v1:172.21.15.62:6801/1277095060] conn(0x7f5c740391b0 0x7f5c7403b670 unknown :-1 s=NONE pgs=0 cs=0 l=1 rev1=0 crypto rx=0 tx=0 comp rx=0 tx=0).connect
2024-09-15T23:06:17.397 INFO:teuthology.orchestra.run.smithi062.stdout:/usr/bin/ceph: stderr
2024-09-15T23:06:12.933+0000 7f5c7f7fe640 1 -- 172.21.15.62:0/1741355509 --> [v2:172.21.15.62:6800/1277095060,v1:172.21.15.62:6801/1277095060] -- command(tid 0: {"prefix": "get_command_descriptions"}) -- 0x7f5c7403bd80 con 0x7f5c740391b0
2024-09-15T23:06:17.397 INFO:teuthology.orchestra.run.smithi062.stdout:/usr/bin/ceph: stderr
2024-09-15T23:06:12.933+0000 7f5c7f7fe640 1 -- 172.21.15.62:0/1741355509 <== mon.0 v2:172.21.15.62:3300/0 5 ==== osd_map(1..1 src has 1..1) ==== 725+0+0 (secure 0 0 0) 0x7f5c7806c110 con 0x7f5c88108010
2024-09-15T23:06:17.397 INFO:teuthology.orchestra.run.smithi062.stdout:/usr/bin/ceph: stderr
2024-09-15T23:06:12.933+0000 7f5c7ffff640 1 -- 172.21.15.62:0/1741355509 >> [v2:172.21.15.62:6800/1277095060,v1:172.21.15.62:6801/1277095060] conn(0x7f5c740391b0 msgr2=0x7f5c7403b670 unknown :-1 s=STATE_CONNECTING_RE l=1).process reconnect failed to v2:172.21.15.62:6800/1277095060
2024-09-15T23:06:17.397 INFO:teuthology.orchestra.run.smithi062.stdout:/usr/bin/ceph: stderr
2024-09-15T23:06:12.933+0000 7f5c7ffff640 1 --2- 172.21.15.62:0/1741355509 >> [v2:172.21.15.62:6800/1277095060,v1:172.21.15.62:6801/1277095060] conn(0x7f5c740391b0 0x7f5c7403b670 unknown :-1 s=START_CONNECT pgs=0 cs=0 l=1 rev1=0 crypto rx=0 tx=0 comp rx=0 tx=0)._fault waiting 0.200000
2024-09-15T23:06:17.397 INFO:teuthology.orchestra.run.smithi062.stdout:/usr/bin/ceph: stderr
2024-09-15T23:06:13.134+0000 7f5c7ffff640 1 -- 172.21.15.62:0/1741355509 >> [v2:172.21.15.62:6800/1277095060,v1:172.21.15.62:6801/1277095060] conn(0x7f5c740391b0 msgr2=0x7f5c7403b670 unknown :-1 s=STATE_CONNECTING_RE l=1).process reconnect failed to v2:172.21.15.62:6800/1277095060
2024-09-15T23:06:17.397 INFO:teuthology.orchestra.run.smithi062.stdout:/usr/bin/ceph: stderr
2024-09-15T23:06:13.134+0000 7f5c7ffff640 1 --2- 172.21.15.62:0/1741355509 >> [v2:172.21.15.62:6800/1277095060,v1:172.21.15.62:6801/1277095060] conn(0x7f5c740391b0 0x7f5c7403b670 unknown :-1 s=START_CONNECT pgs=0 cs=0 l=1 rev1=0 crypto rx=0 tx=0 comp rx=0 tx=0)._fault waiting 0.400000
2024-09-15T23:06:17.397 INFO:teuthology.orchestra.run.smithi062.stdout:/usr/bin/ceph: stderr
2024-09-15T23:06:13.535+0000 7f5c7ffff640 1 -- 172.21.15.62:0/1741355509 >> [v2:172.21.15.62:6800/1277095060,v1:172.21.15.62:6801/1277095060] conn(0x7f5c740391b0 msgr2=0x7f5c7403b670 unknown :-1 s=STATE_CONNECTING_RE l=1).process reconnect failed to v2:172.21.15.62:6800/1277095060
2024-09-15T23:06:17.397 INFO:teuthology.orchestra.run.smithi062.stdout:/usr/bin/ceph: stderr
2024-09-15T23:06:13.535+0000 7f5c7ffff640 1 --2- 172.21.15.62:0/1741355509 >> [v2:172.21.15.62:6800/1277095060,v1:172.21.15.62:6801/1277095060] conn(0x7f5c740391b0 0x7f5c7403b670 unknown :-1 s=START_CONNECT pgs=0 cs=0 l=1 rev1=0 crypto rx=0 tx=0 comp rx=0 tx=0)._fault waiting 0.800000
2024-09-15T23:06:17.397 INFO:teuthology.orchestra.run.smithi062.stdout:/usr/bin/ceph: stderr
2024-09-15T23:06:14.336+0000 7f5c7ffff640 1 -- 172.21.15.62:0/1741355509 >> [v2:172.21.15.62:6800/1277095060,v1:172.21.15.62:6801/1277095060] conn(0x7f5c740391b0 msgr2=0x7f5c7403b670 unknown :-1 s=STATE_CONNECTING_RE l=1).process reconnect failed to v2:172.21.15.62:6800/1277095060
2024-09-15T23:06:17.397 INFO:teuthology.orchestra.run.smithi062.stdout:/usr/bin/ceph: stderr
2024-09-15T23:06:14.336+0000 7f5c7ffff640 1 --2- 172.21.15.62:0/1741355509 >> [v2:172.21.15.62:6800/1277095060,v1:172.21.15.62:6801/1277095060] conn(0x7f5c740391b0 0x7f5c7403b670 unknown :-1 s=START_CONNECT pgs=0 cs=0 l=1 rev1=0 crypto rx=0 tx=0 comp rx=0 tx=0)._fault waiting 1.600000
2024-09-15T23:06:17.397 INFO:teuthology.orchestra.run.smithi062.stdout:/usr/bin/ceph: stderr
2024-09-15T23:06:15.817+0000 7f5c7f7fe640 1 -- 172.21.15.62:0/1741355509 <== mon.0 v2:172.21.15.62:3300/0 6 ==== mgrmap(e 6) ==== 46228+0+0 (secure 0 0 0) 0x7f5c7802ed70 con 0x7f5c88108010
2024-09-15T23:06:17.398 INFO:teuthology.orchestra.run.smithi062.stdout:/usr/bin/ceph: stderr
2024-09-15T23:06:15.817+0000 7f5c7f7fe640 1 -- 172.21.15.62:0/1741355509 >> [v2:172.21.15.62:6800/1277095060,v1:172.21.15.62:6801/1277095060] conn(0x7f5c740391b0 msgr2=0x7f5c7403b670 unknown :-1 s=STATE_CONNECTING l=1).mark_down
2024-09-15T23:06:17.398 INFO:teuthology.orchestra.run.smithi062.stdout:/usr/bin/ceph: stderr
2024-09-15T23:06:15.817+0000 7f5c7f7fe640 1 --2- 172.21.15.62:0/1741355509 >> [v2:172.21.15.62:6800/1277095060,v1:172.21.15.62:6801/1277095060] conn(0x7f5c740391b0 0x7f5c7403b670 unknown :-1 s=START_CONNECT pgs=0 cs=0 l=1 rev1=0 crypto rx=0 tx=0 comp rx=0 tx=0).stop
2024-09-15T23:06:17.398 INFO:teuthology.orchestra.run.smithi062.stdout:/usr/bin/ceph: stderr
2024-09-15T23:06:16.817+0000 7f5c7f7fe640 1 -- 172.21.15.62:0/1741355509 <== mon.0 v2:172.21.15.62:3300/0 7 ==== mgrmap(e 7) ==== 46355+0+0 (secure 0 0 0) 0x7f5c7803ad40 con 0x7f5c88108010
2024-09-15T23:06:17.398 INFO:teuthology.orchestra.run.smithi062.stdout:/usr/bin/ceph: stderr
2024-09-15T23:06:16.817+0000 7f5c7f7fe640 1 --2- 172.21.15.62:0/1741355509 >> [v2:172.21.15.62:6800/2614061737,v1:172.21.15.62:6801/2614061737] conn(0x7f5c7403cae0 0x7f5c7403eed0 unknown :-1 s=NONE pgs=0 cs=0 l=1 rev1=0 crypto rx=0 tx=0 comp rx=0 tx=0).connect
2024-09-15T23:06:17.398 INFO:teuthology.orchestra.run.smithi062.stdout:/usr/bin/ceph: stderr
2024-09-15T23:06:16.817+0000 7f5c7f7fe640 1 -- 172.21.15.62:0/1741355509 --> [v2:172.21.15.62:6800/2614061737,v1:172.21.15.62:6801/2614061737] -- command(tid 0: {"prefix": "get_command_descriptions"}) -- 0x7f5c7802bba0 con 0x7f5c7403cae0
2024-09-15T23:06:17.398 INFO:teuthology.orchestra.run.smithi062.stdout:/usr/bin/ceph: stderr
2024-09-15T23:06:16.818+0000 7f5c7ffff640 1 --2- 172.21.15.62:0/1741355509 >> [v2:172.21.15.62:6800/2614061737,v1:172.21.15.62:6801/2614061737] conn(0x7f5c7403cae0 0x7f5c7403eed0 unknown :-1 s=BANNER_CONNECTING pgs=0 cs=0 l=1 rev1=0 crypto rx=0 tx=0 comp rx=0 tx=0)._handle_peer_banner_payload supported=3 required=0
2024-09-15T23:06:17.398 INFO:teuthology.orchestra.run.smithi062.stdout:/usr/bin/ceph: stderr
2024-09-15T23:06:16.818+0000 7f5c7ffff640 1 --2- 172.21.15.62:0/1741355509 >> [v2:172.21.15.62:6800/2614061737,v1:172.21.15.62:6801/2614061737] conn(0x7f5c7403cae0 0x7f5c7403eed0 secure :-1 s=READY pgs=2 cs=0 l=1 rev1=1 crypto rx=0x7f5c70003980 tx=0x7f5c70006e10 comp rx=0 tx=0).ready entity=mgr.14118 client_cookie=0 server_cookie=0 in_seq=0 out_seq=0
2024-09-15T23:06:17.398 INFO:teuthology.orchestra.run.smithi062.stdout:/usr/bin/ceph: stderr
2024-09-15T23:06:16.819+0000 7f5c7f7fe640 1 -- 172.21.15.62:0/1741355509 <== mgr.14118 v2:172.21.15.62:6800/2614061737 1 ==== command_reply(tid 0: 0 ) ==== 8+0+9564 (secure 0 0 0) 0x7f5c7802bba0 con 0x7f5c7403cae0
