2024-09-15T23:06:27.880+0000 7f16c2ffd640 1 -- 172.21.15.62:0/2684999677 <== mon.0 v2:172.21.15.62:3300/0 1 ==== mon_map magic: 0 ==== 205+0+0 (secure 0 0 0) 0x7f16b4037070 con 0x7f16c4107550
2024-09-15T23:06:28.956 INFO:teuthology.orchestra.run.smithi062.stdout:/usr/bin/ceph: stderr
2024-09-15T23:06:27.880+0000 7f16c2ffd640 1 -- 172.21.15.62:0/2684999677 <== mon.0 v2:172.21.15.62:3300/0 2 ==== config(27 keys) ==== 1109+0+0 (secure 0 0 0) 0x7f16b4032900 con 0x7f16c4107550
2024-09-15T23:06:28.956 INFO:teuthology.orchestra.run.smithi062.stdout:/usr/bin/ceph: stderr
2024-09-15T23:06:27.880+0000 7f16c2ffd640 1 -- 172.21.15.62:0/2684999677 <== mon.0 v2:172.21.15.62:3300/0 3 ==== mon_map magic: 0 ==== 205+0+0 (secure 0 0 0) 0x7f16b4030850 con 0x7f16c4107550
2024-09-15T23:06:28.956 INFO:teuthology.orchestra.run.smithi062.stdout:/usr/bin/ceph: stderr
2024-09-15T23:06:27.881+0000 7f16ca945640 1 -- 172.21.15.62:0/2684999677 >> [v2:172.21.15.62:3300/0,v1:172.21.15.62:6789/0] conn(0x7f16c4107550 msgr2=0x7f16c4107950 secure :-1 s=STATE_CONNECTION_ESTABLISHED l=1).mark_down
2024-09-15T23:06:28.956 INFO:teuthology.orchestra.run.smithi062.stdout:/usr/bin/ceph: stderr
2024-09-15T23:06:27.881+0000 7f16ca945640 1 --2- 172.21.15.62:0/2684999677 >> [v2:172.21.15.62:3300/0,v1:172.21.15.62:6789/0] conn(0x7f16c4107550 0x7f16c4107950 secure :-1 s=READY pgs=45 cs=0 l=1 rev1=1 crypto rx=0x7f16b4009820 tx=0x7f16b402a270 comp rx=0 tx=0).stop
2024-09-15T23:06:28.956 INFO:teuthology.orchestra.run.smithi062.stdout:/usr/bin/ceph: stderr
2024-09-15T23:06:27.881+0000 7f16ca945640 1 -- 172.21.15.62:0/2684999677 shutdown_connections
2024-09-15T23:06:28.956 INFO:teuthology.orchestra.run.smithi062.stdout:/usr/bin/ceph: stderr
2024-09-15T23:06:27.881+0000 7f16ca945640 1 --2- 172.21.15.62:0/2684999677 >> [v2:172.21.15.62:3300/0,v1:172.21.15.62:6789/0] conn(0x7f16c4107550 0x7f16c4107950 unknown :-1 s=CLOSED pgs=45 cs=0 l=1 rev1=1 crypto rx=0 tx=0 comp rx=0 tx=0).stop
2024-09-15T23:06:28.956 INFO:teuthology.orchestra.run.smithi062.stdout:/usr/bin/ceph: stderr
2024-09-15T23:06:27.881+0000 7f16ca945640 1 -- 172.21.15.62:0/2684999677 >> 172.21.15.62:0/2684999677 conn(0x7f16c4102ce0 msgr2=0x7f16c4105120 unknown :-1 s=STATE_NONE l=0).mark_down
2024-09-15T23:06:28.956 INFO:teuthology.orchestra.run.smithi062.stdout:/usr/bin/ceph: stderr
2024-09-15T23:06:27.881+0000 7f16ca945640 1 -- 172.21.15.62:0/2684999677 shutdown_connections
2024-09-15T23:06:28.956 INFO:teuthology.orchestra.run.smithi062.stdout:/usr/bin/ceph: stderr
2024-09-15T23:06:27.881+0000 7f16ca945640 1 -- 172.21.15.62:0/2684999677 wait complete.
2024-09-15T23:06:28.956 INFO:teuthology.orchestra.run.smithi062.stdout:/usr/bin/ceph: stderr
2024-09-15T23:06:27.881+0000 7f16ca945640 1 Processor -- start
2024-09-15T23:06:28.956 INFO:teuthology.orchestra.run.smithi062.stdout:/usr/bin/ceph: stderr
2024-09-15T23:06:27.881+0000 7f16ca945640 1 -- start start
2024-09-15T23:06:28.957 INFO:teuthology.orchestra.run.smithi062.stdout:/usr/bin/ceph: stderr
2024-09-15T23:06:27.882+0000 7f16ca945640 1 --2- >> [v2:172.21.15.62:3300/0,v1:172.21.15.62:6789/0] conn(0x7f16c4107550 0x7f16c419b570 unknown :-1 s=NONE pgs=0 cs=0 l=1 rev1=0 crypto rx=0 tx=0 comp rx=0 tx=0).connect
2024-09-15T23:06:28.957 INFO:teuthology.orchestra.run.smithi062.stdout:/usr/bin/ceph: stderr
2024-09-15T23:06:27.882+0000 7f16ca945640 1 -- --> [v2:172.21.15.62:3300/0,v1:172.21.15.62:6789/0] -- mon_getmap magic: 0 -- 0x7f16c410bb00 con 0x7f16c4107550
2024-09-15T23:06:28.957 INFO:teuthology.orchestra.run.smithi062.stdout:/usr/bin/ceph: stderr
2024-09-15T23:06:27.882+0000 7f16c3fff640 1 --2- >> [v2:172.21.15.62:3300/0,v1:172.21.15.62:6789/0] conn(0x7f16c4107550 0x7f16c419b570 unknown :-1 s=BANNER_CONNECTING pgs=0 cs=0 l=1 rev1=0 crypto rx=0 tx=0 comp rx=0 tx=0)._handle_peer_banner_payload supported=3 required=0
2024-09-15T23:06:28.957 INFO:teuthology.orchestra.run.smithi062.stdout:/usr/bin/ceph: stderr
2024-09-15T23:06:27.882+0000 7f16c3fff640 1 --2- >> [v2:172.21.15.62:3300/0,v1:172.21.15.62:6789/0] conn(0x7f16c4107550 0x7f16c419b570 unknown :-1 s=HELLO_CONNECTING pgs=0 cs=0 l=1 rev1=1 crypto rx=0 tx=0 comp rx=0 tx=0).handle_hello peer v2:172.21.15.62:3300/0 says I am v2:172.21.15.62:56544/0 (socket says 172.21.15.62:56544)
2024-09-15T23:06:28.957 INFO:teuthology.orchestra.run.smithi062.stdout:/usr/bin/ceph: stderr
2024-09-15T23:06:27.882+0000 7f16c3fff640 1 -- 172.21.15.62:0/3696864329 learned_addr learned my addr 172.21.15.62:0/3696864329 (peer_addr_for_me v2:172.21.15.62:0/0)
2024-09-15T23:06:28.957 INFO:teuthology.orchestra.run.smithi062.stdout:/usr/bin/ceph: stderr
2024-09-15T23:06:27.882+0000 7f16c3fff640 1 -- 172.21.15.62:0/3696864329 --> [v2:172.21.15.62:3300/0,v1:172.21.15.62:6789/0] -- mon_subscribe({config=0+,monmap=0+}) -- 0x7f16c419bab0 con 0x7f16c4107550
2024-09-15T23:06:28.957 INFO:teuthology.orchestra.run.smithi062.stdout:/usr/bin/ceph: stderr
2024-09-15T23:06:27.882+0000 7f16c3fff640 1 --2- 172.21.15.62:0/3696864329 >> [v2:172.21.15.62:3300/0,v1:172.21.15.62:6789/0] conn(0x7f16c4107550 0x7f16c419b570 secure :-1 s=READY pgs=46 cs=0 l=1 rev1=1 crypto rx=0x7f16b4009940 tx=0x7f16b4032ce0 comp rx=0 tx=0).ready entity=mon.0 client_cookie=0 server_cookie=0 in_seq=0 out_seq=0
2024-09-15T23:06:28.957 INFO:teuthology.orchestra.run.smithi062.stdout:/usr/bin/ceph: stderr
2024-09-15T23:06:27.882+0000 7f16c17fa640 1 -- 172.21.15.62:0/3696864329 <== mon.0 v2:172.21.15.62:3300/0 1 ==== mon_map magic: 0 ==== 205+0+0 (secure 0 0 0) 0x7f16b4042070 con 0x7f16c4107550
2024-09-15T23:06:28.957 INFO:teuthology.orchestra.run.smithi062.stdout:/usr/bin/ceph: stderr
2024-09-15T23:06:27.882+0000 7f16c17fa640 1 -- 172.21.15.62:0/3696864329 <== mon.0 v2:172.21.15.62:3300/0 2 ==== config(27 keys) ==== 1109+0+0 (secure 0 0 0) 0x7f16b40308c0 con 0x7f16c4107550
2024-09-15T23:06:28.957 INFO:teuthology.orchestra.run.smithi062.stdout:/usr/bin/ceph: stderr
2024-09-15T23:06:27.882+0000 7f16c17fa640 1 -- 172.21.15.62:0/3696864329 <== mon.0 v2:172.21.15.62:3300/0 3 ==== mon_map magic: 0 ==== 205+0+0 (secure 0 0 0) 0x7f16b4037040 con 0x7f16c4107550
2024-09-15T23:06:28.957 INFO:teuthology.orchestra.run.smithi062.stdout:/usr/bin/ceph: stderr
2024-09-15T23:06:27.882+0000 7f16ca945640 1 -- 172.21.15.62:0/3696864329 --> [v2:172.21.15.62:3300/0,v1:172.21.15.62:6789/0] -- mon_subscribe({mgrmap=0+}) -- 0x7f16c419bd40 con 0x7f16c4107550
2024-09-15T23:06:28.957 INFO:teuthology.orchestra.run.smithi062.stdout:/usr/bin/ceph: stderr
2024-09-15T23:06:27.883+0000 7f16ca945640 1 -- 172.21.15.62:0/3696864329 --> [v2:172.21.15.62:3300/0,v1:172.21.15.62:6789/0] -- mon_subscribe({osdmap=0}) -- 0x7f16c419ea30 con 0x7f16c4107550
2024-09-15T23:06:28.957 INFO:teuthology.orchestra.run.smithi062.stdout:/usr/bin/ceph: stderr
2024-09-15T23:06:27.883+0000 7f16c17fa640 1 -- 172.21.15.62:0/3696864329 <== mon.0 v2:172.21.15.62:3300/0 4 ==== mgrmap(e 8) ==== 46461+0+0 (secure 0 0 0) 0x7f16b4045070 con 0x7f16c4107550
2024-09-15T23:06:28.957 INFO:teuthology.orchestra.run.smithi062.stdout:/usr/bin/ceph: stderr
2024-09-15T23:06:27.884+0000 7f16c17fa640 1 --2- 172.21.15.62:0/3696864329 >> [v2:172.21.15.62:6800/2614061737,v1:172.21.15.62:6801/2614061737] conn(0x7f16ac0391b0 0x7f16ac03b670 unknown :-1 s=NONE pgs=0 cs=0 l=1 rev1=0 crypto rx=0 tx=0 comp rx=0 tx=0).connect
2024-09-15T23:06:28.958 INFO:teuthology.orchestra.run.smithi062.stdout:/usr/bin/ceph: stderr
2024-09-15T23:06:27.884+0000 7f16ca945640 1 -- 172.21.15.62:0/3696864329 --> [v2:172.21.15.62:3300/0,v1:172.21.15.62:6789/0] -- mon_command({"prefix": "get_command_descriptions"} v 0) -- 0x7f16c410bc80 con 0x7f16c4107550
2024-09-15T23:06:28.958 INFO:teuthology.orchestra.run.smithi062.stdout:/usr/bin/ceph: stderr
2024-09-15T23:06:27.884+0000 7f16c17fa640 1 -- 172.21.15.62:0/3696864329 <== mon.0 v2:172.21.15.62:3300/0 5 ==== osd_map(2..2 src has 1..2) ==== 940+0+0 (secure 0 0 0) 0x7f16b406c320 con 0x7f16c4107550
2024-09-15T23:06:28.958 INFO:teuthology.orchestra.run.smithi062.stdout:/usr/bin/ceph: stderr
2024-09-15T23:06:27.884+0000 7f16c37fe640 1 --2- 172.21.15.62:0/3696864329 >> [v2:172.21.15.62:6800/2614061737,v1:172.21.15.62:6801/2614061737] conn(0x7f16ac0391b0 0x7f16ac03b670 unknown :-1 s=BANNER_CONNECTING pgs=0 cs=0 l=1 rev1=0 crypto rx=0 tx=0 comp rx=0 tx=0)._handle_peer_banner_payload supported=3 required=0
2024-09-15T23:06:28.958 INFO:teuthology.orchestra.run.smithi062.stdout:/usr/bin/ceph: stderr
2024-09-15T23:06:27.884+0000 7f16c37fe640 1 --2- 172.21.15.62:0/3696864329 >> [v2:172.21.15.62:6800/2614061737,v1:172.21.15.62:6801/2614061737] conn(0x7f16ac0391b0 0x7f16ac03b670 secure :-1 s=READY pgs=12 cs=0 l=1 rev1=1 crypto rx=0x7f16b80098c0 tx=0x7f16b8006db0 comp rx=0 tx=0).ready entity=mgr.14118 client_cookie=0 server_cookie=0 in_seq=0 out_seq=0
2024-09-15T23:06:28.958 INFO:teuthology.orchestra.run.smithi062.stdout:/usr/bin/ceph: stderr
2024-09-15T23:06:27.889+0000 7f16c17fa640 1 -- 172.21.15.62:0/3696864329 <== mon.0 v2:172.21.15.62:3300/0 6 ==== mon_command_ack([{"prefix": "get_command_descriptions"}]=0 v0) ==== 72+0+188821 (secure 0 0 0) 0x7f16b403cd90 con 0x7f16c4107550
2024-09-15T23:06:28.958 INFO:teuthology.orchestra.run.smithi062.stdout:/usr/bin/ceph: stderr
2024-09-15T23:06:28.078+0000 7f16ca945640 1 -- 172.21.15.62:0/3696864329 --> [v2:172.21.15.62:6800/2614061737,v1:172.21.15.62:6801/2614061737] -- mgr_command(tid 0: {"prefix": "orch apply", "service_type": "mon", "unmanaged": true, "target": ["mon-mgr", ""]}) -- 0x7f16c4103f90 con 0x7f16ac0391b0
2024-09-15T23:06:28.958 INFO:teuthology.orchestra.run.smithi062.stdout:/usr/bin/ceph: stderr
2024-09-15T23:06:28.083+0000 7f16c17fa640 1 -- 172.21.15.62:0/3696864329 <== mgr.14118 v2:172.21.15.62:6800/2614061737 1 ==== mgr_command_reply(tid 0: 0 ) ==== 8+0+24 (secure 0 0 0) 0x7f16c4103f90 con 0x7f16ac0391b0
2024-09-15T23:06:28.958 INFO:teuthology.orchestra.run.smithi062.stdout:/usr/bin/ceph: stderr
2024-09-15T23:06:28.085+0000 7f16ca945640 1 -- 172.21.15.62:0/3696864329 >> [v2:172.21.15.62:6800/2614061737,v1:172.21.15.62:6801/2614061737] conn(0x7f16ac0391b0 msgr2=0x7f16ac03b670 secure :-1 s=STATE_CONNECTION_ESTABLISHED l=1).mark_down
2024-09-15T23:06:28.958 INFO:teuthology.orchestra.run.smithi062.stdout:/usr/bin/ceph: stderr
2024-09-15T23:06:28.085+0000 7f16ca945640 1 --2- 172.21.15.62:0/3696864329 >> [v2:172.21.15.62:6800/2614061737,v1:172.21.15.62:6801/2614061737] conn(0x7f16ac0391b0 0x7f16ac03b670 secure :-1 s=READY pgs=12 cs=0 l=1 rev1=1 crypto rx=0x7f16b80098c0 tx=0x7f16b8006db0 comp rx=0 tx=0).stop
2024-09-15T23:06:28.958 INFO:teuthology.orchestra.run.smithi062.stdout:/usr/bin/ceph: stderr
2024-09-15T23:06:28.085+0000 7f16ca945640 1 -- 172.21.15.62:0/3696864329 >> [v2:172.21.15.62:3300/0,v1:172.21.15.62:6789/0] conn(0x7f16c4107550 msgr2=0x7f16c419b570 secure :-1 s=STATE_CONNECTION_ESTABLISHED l=1).mark_down
2024-09-15T23:06:28.958 INFO:teuthology.orchestra.run.smithi062.stdout:/usr/bin/ceph: stderr
2024-09-15T23:06:28.085+0000 7f16ca945640 1 --2- 172.21.15.62:0/3696864329 >> [v2:172.21.15.62:3300/0,v1:172.21.15.62:6789/0] conn(0x7f16c4107550 0x7f16c419b570 secure :-1 s=READY pgs=46 cs=0 l=1 rev1=1 crypto rx=0x7f16b4009940 tx=0x7f16b4032ce0 comp rx=0 tx=0).stop
2024-09-15T23:06:28.958 INFO:teuthology.orchestra.run.smithi062.stdout:/usr/bin/ceph: stderr
2024-09-15T23:06:28.085+0000 7f16ca945640 1 -- 172.21.15.62:0/3696864329 shutdown_connections
2024-09-15T23:06:28.958 INFO:teuthology.orchestra.run.smithi062.stdout:/usr/bin/ceph: stderr
2024-09-15T23:06:28.085+0000 7f16ca945640 1 --2- 172.21.15.62:0/3696864329 >> [v2:172.21.15.62:6800/2614061737,v1:172.21.15.62:6801/2614061737] conn(0x7f16ac0391b0 0x7f16ac03b670 unknown :-1 s=CLOSED pgs=12 cs=0 l=1 rev1=1 crypto rx=0 tx=0 comp rx=0 tx=0).stop
2024-09-15T23:06:28.958 INFO:teuthology.orchestra.run.smithi062.stdout:/usr/bin/ceph: stderr
2024-09-15T23:06:28.085+0000 7f16ca945640 1 --2- 172.21.15.62:0/3696864329 >> [v2:172.21.15.62:3300/0,v1:172.21.15.62:6789/0] conn(0x7f16c4107550 0x7f16c419b570 unknown :-1 s=CLOSED pgs=46 cs=0 l=1 rev1=1 crypto rx=0 tx=0 comp rx=0 tx=0).stop
2024-09-15T23:06:28.959 INFO:teuthology.orchestra.run.smithi062.stdout:/usr/bin/ceph: stderr
2024-09-15T23:06:28.085+0000 7f16ca945640 1 -- 172.21.15.62:0/3696864329 >> 172.21.15.62:0/3696864329 conn(0x7f16c4102ce0 msgr2=0x7f16c4103880 unknown :-1 s=STATE_NONE l=0).mark_down
2024-09-15T23:06:28.959 INFO:teuthology.orchestra.run.smithi062.stdout:/usr/bin/ceph: stderr
2024-09-15T23:06:28.085+0000 7f16ca945640 1 -- 172.21.15.62:0/3696864329 shutdown_connections
2024-09-15T23:06:28.959 INFO:teuthology.orchestra.run.smithi062.stdout:/usr/bin/ceph: stderr
2024-09-15T23:06:28.085+0000 7f16ca945640 1 -- 172.21.15.62:0/3696864329 wait complete.
2024-09-15T23:06:28.959 INFO:teuthology.orchestra.run.smithi062.stdout:Deploying unmanaged mgr service...
2024-09-15T23:06:29.230 INFO:journalctl@ceph.mon.a.smithi062.stdout:Sep 15 23:06:29 smithi062 ceph-mon[30949]: from='client.14140 -' entity='client.admin' cmd=[{"prefix": "orch apply", "service_type": "mon", "unmanaged": true, "target": ["mon-mgr", ""]}]: dispatch
2024-09-15T23:06:29.230 INFO:journalctl@ceph.mon.a.smithi062.stdout:Sep 15 23:06:29 smithi062 ceph-mon[30949]: Saving service mon spec with placement count:5
2024-09-15T23:06:29.230 INFO:journalctl@ceph.mon.a.smithi062.stdout:Sep 15 23:06:29 smithi062 ceph-mon[30949]: from='mgr.14118 172.21.15.62:0/501367482' entity='mgr.x'
2024-09-15T23:06:30.723 INFO:teuthology.orchestra.run.smithi062.stdout:/usr/bin/ceph: stdout Scheduled mgr update...
2024-09-15T23:06:30.723 INFO:teuthology.orchestra.run.smithi062.stdout:/usr/bin/ceph: stderr
2024-09-15T23:06:29.648+0000 7f2996051640 1 Processor -- start
2024-09-15T23:06:30.723 INFO:teuthology.orchestra.run.smithi062.stdout:/usr/bin/ceph: stderr
2024-09-15T23:06:29.648+0000 7f2996051640 1 -- start start
2024-09-15T23:06:30.723 INFO:teuthology.orchestra.run.smithi062.stdout:/usr/bin/ceph: stderr
2024-09-15T23:06:29.648+0000 7f2996051640 1 --2- >> [v2:172.21.15.62:3300/0,v1:172.21.15.62:6789/0] conn(0x7f2990106450 0x7f2990106850 unknown :-1 s=NONE pgs=0 cs=0 l=0 rev1=0 crypto rx=0 tx=0 comp rx=0 tx=0).connect
2024-09-15T23:06:30.723 INFO:teuthology.orchestra.run.smithi062.stdout:/usr/bin/ceph: stderr
2024-09-15T23:06:29.648+0000 7f2996051640 1 -- --> [v2:172.21.15.62:3300/0,v1:172.21.15.62:6789/0] -- mon_getmap magic: 0 -- 0x7f2990106e20 con 0x7f2990106450
2024-09-15T23:06:30.723 INFO:teuthology.orchestra.run.smithi062.stdout:/usr/bin/ceph: stderr
2024-09-15T23:06:29.649+0000 7f298f7fe640 1 --2- >> [v2:172.21.15.62:3300/0,v1:172.21.15.62:6789/0] conn(0x7f2990106450 0x7f2990106850 unknown :-1 s=BANNER_CONNECTING pgs=0 cs=0 l=0 rev1=0 crypto rx=0 tx=0 comp rx=0 tx=0)._handle_peer_banner_payload supported=3 required=0
2024-09-15T23:06:30.723 INFO:teuthology.orchestra.run.smithi062.stdout:/usr/bin/ceph: stderr
2024-09-15T23:06:29.649+0000 7f298f7fe640 1 --2- >> [v2:172.21.15.62:3300/0,v1:172.21.15.62:6789/0] conn(0x7f2990106450 0x7f2990106850 unknown :-1 s=HELLO_CONNECTING pgs=0 cs=0 l=0 rev1=1 crypto rx=0 tx=0 comp rx=0 tx=0).handle_hello peer v2:172.21.15.62:3300/0 says I am v2:172.21.15.62:56560/0 (socket says 172.21.15.62:56560)
2024-09-15T23:06:30.723 INFO:teuthology.orchestra.run.smithi062.stdout:/usr/bin/ceph: stderr
2024-09-15T23:06:29.649+0000 7f298f7fe640 1 -- 172.21.15.62:0/1148996088 learned_addr learned my addr 172.21.15.62:0/1148996088 (peer_addr_for_me v2:172.21.15.62:0/0)
2024-09-15T23:06:30.724 INFO:teuthology.orchestra.run.smithi062.stdout:/usr/bin/ceph: stderr
2024-09-15T23:06:29.649+0000 7f298f7fe640 1 -- 172.21.15.62:0/1148996088 --> [v2:172.21.15.62:3300/0,v1:172.21.15.62:6789/0] -- mon_subscribe({config=0+,monmap=0+}) -- 0x7f2990107650 con 0x7f2990106450
2024-09-15T23:06:30.724 INFO:teuthology.orchestra.run.smithi062.stdout:/usr/bin/ceph: stderr
2024-09-15T23:06:29.650+0000 7f298f7fe640 1 --2- 172.21.15.62:0/1148996088 >> [v2:172.21.15.62:3300/0,v1:172.21.15.62:6789/0] conn(0x7f2990106450 0x7f2990106850 secure :-1 s=READY pgs=47 cs=0 l=1 rev1=1 crypto rx=0x7f2980009820 tx=0x7f298002a270 comp rx=0 tx=0).ready entity=mon.0 client_cookie=fc362ec1219a5d47 server_cookie=0 in_seq=0 out_seq=0
2024-09-15T23:06:30.724 INFO:teuthology.orchestra.run.smithi062.stdout:/usr/bin/ceph: stderr
2024-09-15T23:06:29.650+0000 7f298e7fc640 1 -- 172.21.15.62:0/1148996088 <== mon.0 v2:172.21.15.62:3300/0 1 ==== mon_map magic: 0 ==== 205+0+0 (secure 0 0 0) 0x7f2980037070 con 0x7f2990106450
2024-09-15T23:06:30.724 INFO:teuthology.orchestra.run.smithi062.stdout:/usr/bin/ceph: stderr
2024-09-15T23:06:29.650+0000 7f298e7fc640 1 -- 172.21.15.62:0/1148996088 <== mon.0 v2:172.21.15.62:3300/0 2 ==== config(27 keys) ==== 1109+0+0 (secure 0 0 0) 0x7f2980032900 con 0x7f2990106450
2024-09-15T23:06:30.724 INFO:teuthology.orchestra.run.smithi062.stdout:/usr/bin/ceph: stderr
2024-09-15T23:06:29.650+0000 7f298e7fc640 1 -- 172.21.15.62:0/1148996088 <== mon.0 v2:172.21.15.62:3300/0 3 ==== mon_map magic: 0 ==== 205+0+0 (secure 0 0 0) 0x7f2980030850 con 0x7f2990106450
2024-09-15T23:06:30.724 INFO:teuthology.orchestra.run.smithi062.stdout:/usr/bin/ceph: stderr
2024-09-15T23:06:29.650+0000 7f2996051640 1 -- 172.21.15.62:0/1148996088 >> [v2:172.21.15.62:3300/0,v1:172.21.15.62:6789/0] conn(0x7f2990106450 msgr2=0x7f2990106850 secure :-1 s=STATE_CONNECTION_ESTABLISHED l=1).mark_down
2024-09-15T23:06:30.724 INFO:teuthology.orchestra.run.smithi062.stdout:/usr/bin/ceph: stderr
2024-09-15T23:06:29.650+0000 7f2996051640 1 --2- 172.21.15.62:0/1148996088 >> [v2:172.21.15.62:3300/0,v1:172.21.15.62:6789/0] conn(0x7f2990106450 0x7f2990106850 secure :-1 s=READY pgs=47 cs=0 l=1 rev1=1 crypto rx=0x7f2980009820 tx=0x7f298002a270 comp rx=0 tx=0).stop
2024-09-15T23:06:30.724 INFO:teuthology.orchestra.run.smithi062.stdout:/usr/bin/ceph: stderr
2024-09-15T23:06:29.650+0000 7f2996051640 1 -- 172.21.15.62:0/1148996088 shutdown_connections
2024-09-15T23:06:30.724 INFO:teuthology.orchestra.run.smithi062.stdout:/usr/bin/ceph: stderr
2024-09-15T23:06:29.650+0000 7f2996051640 1 --2- 172.21.15.62:0/1148996088 >> [v2:172.21.15.62:3300/0,v1:172.21.15.62:6789/0] conn(0x7f2990106450 0x7f2990106850 unknown :-1 s=CLOSED pgs=47 cs=0 l=1 rev1=1 crypto rx=0 tx=0 comp rx=0 tx=0).stop
2024-09-15T23:06:30.724 INFO:teuthology.orchestra.run.smithi062.stdout:/usr/bin/ceph: stderr
2024-09-15T23:06:29.650+0000 7f2996051640 1 -- 172.21.15.62:0/1148996088 >> 172.21.15.62:0/1148996088 conn(0x7f2990101be0 msgr2=0x7f2990104020 unknown :-1 s=STATE_NONE l=0).mark_down
2024-09-15T23:06:30.724 INFO:teuthology.orchestra.run.smithi062.stdout:/usr/bin/ceph: stderr
2024-09-15T23:06:29.650+0000 7f2996051640 1 -- 172.21.15.62:0/1148996088 shutdown_connections
2024-09-15T23:06:30.724 INFO:teuthology.orchestra.run.smithi062.stdout:/usr/bin/ceph: stderr
2024-09-15T23:06:29.651+0000 7f2996051640 1 -- 172.21.15.62:0/1148996088 wait complete.
2024-09-15T23:06:30.725 INFO:teuthology.orchestra.run.smithi062.stdout:/usr/bin/ceph: stderr
2024-09-15T23:06:29.651+0000 7f2996051640 1 Processor -- start
2024-09-15T23:06:30.725 INFO:teuthology.orchestra.run.smithi062.stdout:/usr/bin/ceph: stderr
2024-09-15T23:06:29.651+0000 7f2996051640 1 -- start start
2024-09-15T23:06:30.725 INFO:teuthology.orchestra.run.smithi062.stdout:/usr/bin/ceph: stderr
2024-09-15T23:06:29.651+0000 7f2996051640 1 --2- >> [v2:172.21.15.62:3300/0,v1:172.21.15.62:6789/0] conn(0x7f2990106450 0x7f299019b530 unknown :-1 s=NONE pgs=0 cs=0 l=1 rev1=0 crypto rx=0 tx=0 comp rx=0 tx=0).connect
2024-09-15T23:06:30.725 INFO:teuthology.orchestra.run.smithi062.stdout:/usr/bin/ceph: stderr
2024-09-15T23:06:29.651+0000 7f2996051640 1 -- --> [v2:172.21.15.62:3300/0,v1:172.21.15.62:6789/0] -- mon_getmap magic: 0 -- 0x7f299007b980 con 0x7f2990106450
2024-09-15T23:06:30.725 INFO:teuthology.orchestra.run.smithi062.stdout:/usr/bin/ceph: stderr
2024-09-15T23:06:29.651+0000 7f298f7fe640 1 --2- >> [v2:172.21.15.62:3300/0,v1:172.21.15.62:6789/0] conn(0x7f2990106450 0x7f299019b530 unknown :-1 s=BANNER_CONNECTING pgs=0 cs=0 l=1 rev1=0 crypto rx=0 tx=0 comp rx=0 tx=0)._handle_peer_banner_payload supported=3 required=0
2024-09-15T23:06:30.725 INFO:teuthology.orchestra.run.smithi062.stdout:/usr/bin/ceph: stderr
2024-09-15T23:06:29.651+0000 7f298f7fe640 1 --2- >> [v2:172.21.15.62:3300/0,v1:172.21.15.62:6789/0] conn(0x7f2990106450 0x7f299019b530 unknown :-1 s=HELLO_CONNECTING pgs=0 cs=0 l=1 rev1=1 crypto rx=0 tx=0 comp rx=0 tx=0).handle_hello peer v2:172.21.15.62:3300/0 says I am v2:172.21.15.62:56564/0 (socket says 172.21.15.62:56564)
2024-09-15T23:06:30.725 INFO:teuthology.orchestra.run.smithi062.stdout:/usr/bin/ceph: stderr
2024-09-15T23:06:29.651+0000 7f298f7fe640 1 -- 172.21.15.62:0/3878880631 learned_addr learned my addr 172.21.15.62:0/3878880631 (peer_addr_for_me v2:172.21.15.62:0/0)
2024-09-15T23:06:30.725 INFO:teuthology.orchestra.run.smithi062.stdout:/usr/bin/ceph: stderr
2024-09-15T23:06:29.652+0000 7f298f7fe640 1 -- 172.21.15.62:0/3878880631 --> [v2:172.21.15.62:3300/0,v1:172.21.15.62:6789/0] -- mon_subscribe({config=0+,monmap=0+}) -- 0x7f299019ba70 con 0x7f2990106450
2024-09-15T23:06:30.725 INFO:teuthology.orchestra.run.smithi062.stdout:/usr/bin/ceph: stderr
2024-09-15T23:06:29.652+0000 7f298f7fe640 1 --2- 172.21.15.62:0/3878880631 >> [v2:172.21.15.62:3300/0,v1:172.21.15.62:6789/0] conn(0x7f2990106450 0x7f299019b530 secure :-1 s=READY pgs=48 cs=0 l=1 rev1=1 crypto rx=0x7f29800097f0 tx=0x7f2980030d80 comp rx=0 tx=0).ready entity=mon.0 client_cookie=0 server_cookie=0 in_seq=0 out_seq=0
2024-09-15T23:06:30.725 INFO:teuthology.orchestra.run.smithi062.stdout:/usr/bin/ceph: stderr
2024-09-15T23:06:29.652+0000 7f298cff9640 1 -- 172.21.15.62:0/3878880631 <== mon.0 v2:172.21.15.62:3300/0 1 ==== mon_map magic: 0 ==== 205+0+0 (secure 0 0 0) 0x7f2980037040 con 0x7f2990106450
2024-09-15T23:06:30.725 INFO:teuthology.orchestra.run.smithi062.stdout:/usr/bin/ceph: stderr
2024-09-15T23:06:29.652+0000 7f298cff9640 1 -- 172.21.15.62:0/3878880631 <== mon.0 v2:172.21.15.62:3300/0 2 ==== config(27 keys) ==== 1109+0+0 (secure 0 0 0) 0x7f2980040070 con 0x7f2990106450
2024-09-15T23:06:30.725 INFO:teuthology.orchestra.run.smithi062.stdout:/usr/bin/ceph: stderr
2024-09-15T23:06:29.652+0000 7f2996051640 1 -- 172.21.15.62:0/3878880631 --> [v2:172.21.15.62:3300/0,v1:172.21.15.62:6789/0] -- mon_subscribe({mgrmap=0+}) -- 0x7f299019bd00 con 0x7f2990106450
2024-09-15T23:06:30.726 INFO:teuthology.orchestra.run.smithi062.stdout:/usr/bin/ceph: stderr
2024-09-15T23:06:29.652+0000 7f298cff9640 1 -- 172.21.15.62:0/3878880631 <== mon.0 v2:172.21.15.62:3300/0 3 ==== mon_map magic: 0 ==== 205+0+0 (secure 0 0 0) 0x7f298003a390 con 0x7f2990106450
2024-09-15T23:06:30.726 INFO:teuthology.orchestra.run.smithi062.stdout:/usr/bin/ceph: stderr
2024-09-15T23:06:29.652+0000 7f2996051640 1 -- 172.21.15.62:0/3878880631 --> [v2:172.21.15.62:3300/0,v1:172.21.15.62:6789/0] -- mon_subscribe({osdmap=0}) -- 0x7f299019e9f0 con 0x7f2990106450
2024-09-15T23:06:30.726 INFO:teuthology.orchestra.run.smithi062.stdout:/usr/bin/ceph: stderr
2024-09-15T23:06:29.653+0000 7f298cff9640 1 -- 172.21.15.62:0/3878880631 <== mon.0 v2:172.21.15.62:3300/0 4 ==== mgrmap(e 8) ==== 46461+0+0 (secure 0 0 0) 0x7f298003a5e0 con 0x7f2990106450
2024-09-15T23:06:30.726 INFO:teuthology.orchestra.run.smithi062.stdout:/usr/bin/ceph: stderr
2024-09-15T23:06:29.653+0000 7f298cff9640 1 --2- 172.21.15.62:0/3878880631 >> [v2:172.21.15.62:6800/2614061737,v1:172.21.15.62:6801/2614061737] conn(0x7f2978039200 0x7f297803b6c0 unknown :-1 s=NONE pgs=0 cs=0 l=1 rev1=0 crypto rx=0 tx=0 comp rx=0 tx=0).connect
2024-09-15T23:06:30.726 INFO:teuthology.orchestra.run.smithi062.stdout:/usr/bin/ceph: stderr
2024-09-15T23:06:29.653+0000 7f298cff9640 1 -- 172.21.15.62:0/3878880631 <== mon.0 v2:172.21.15.62:3300/0 5 ==== osd_map(2..2 src has 1..2) ==== 940+0+0 (secure 0 0 0) 0x7f298006c990 con 0x7f2990106450
2024-09-15T23:06:30.726 INFO:teuthology.orchestra.run.smithi062.stdout:/usr/bin/ceph: stderr
2024-09-15T23:06:29.653+0000 7f2996051640 1 -- 172.21.15.62:0/3878880631 --> [v2:172.21.15.62:3300/0,v1:172.21.15.62:6789/0] -- mon_command({"prefix": "get_command_descriptions"} v 0) -- 0x7f2990106850 con 0x7f2990106450
2024-09-15T23:06:30.726 INFO:teuthology.orchestra.run.smithi062.stdout:/usr/bin/ceph: stderr
2024-09-15T23:06:29.653+0000 7f298effd640 1 --2- 172.21.15.62:0/3878880631 >> [v2:172.21.15.62:6800/2614061737,v1:172.21.15.62:6801/2614061737] conn(0x7f2978039200 0x7f297803b6c0 unknown :-1 s=BANNER_CONNECTING pgs=0 cs=0 l=1 rev1=0 crypto rx=0 tx=0 comp rx=0 tx=0)._handle_peer_banner_payload supported=3 required=0
2024-09-15T23:06:30.726 INFO:teuthology.orchestra.run.smithi062.stdout:/usr/bin/ceph: stderr
2024-09-15T23:06:29.654+0000 7f298effd640 1 --2- 172.21.15.62:0/3878880631 >> [v2:172.21.15.62:6800/2614061737,v1:172.21.15.62:6801/2614061737] conn(0x7f2978039200 0x7f297803b6c0 secure :-1 s=READY pgs=13 cs=0 l=1 rev1=1 crypto rx=0x7f29840098c0 tx=0x7f2984006db0 comp rx=0 tx=0).ready entity=mgr.14118 client_cookie=0 server_cookie=0 in_seq=0 out_seq=0
2024-09-15T23:06:30.726 INFO:teuthology.orchestra.run.smithi062.stdout:/usr/bin/ceph: stderr
2024-09-15T23:06:29.658+0000 7f298cff9640 1 -- 172.21.15.62:0/3878880631 <== mon.0 v2:172.21.15.62:3300/0 6 ==== mon_command_ack([{"prefix": "get_command_descriptions"}]=0 v0) ==== 72+0+188821 (secure 0 0 0) 0x7f2980043760 con 0x7f2990106450
2024-09-15T23:06:30.726 INFO:teuthology.orchestra.run.smithi062.stdout:/usr/bin/ceph: stderr
2024-09-15T23:06:29.848+0000 7f2996051640 1 -- 172.21.15.62:0/3878880631 --> [v2:172.21.15.62:6800/2614061737,v1:172.21.15.62:6801/2614061737] -- mgr_command(tid 0: {"prefix": "orch apply", "service_type": "mgr", "unmanaged": true, "target": ["mon-mgr", ""]}) -- 0x7f299002db30 con 0x7f2978039200
2024-09-15T23:06:30.726 INFO:teuthology.orchestra.run.smithi062.stdout:/usr/bin/ceph: stderr
2024-09-15T23:06:29.852+0000 7f298cff9640 1 -- 172.21.15.62:0/3878880631 <== mgr.14118 v2:172.21.15.62:6800/2614061737 1 ==== mgr_command_reply(tid 0: 0 ) ==== 8+0+24 (secure 0 0 0) 0x7f299002db30 con 0x7f2978039200
2024-09-15T23:06:30.726 INFO:teuthology.orchestra.run.smithi062.stdout:/usr/bin/ceph: stderr
2024-09-15T23:06:29.854+0000 7f2996051640 1 -- 172.21.15.62:0/3878880631 >> [v2:172.21.15.62:6800/2614061737,v1:172.21.15.62:6801/2614061737] conn(0x7f2978039200 msgr2=0x7f297803b6c0 secure :-1 s=STATE_CONNECTION_ESTABLISHED l=1).mark_down
2024-09-15T23:06:30.726 INFO:teuthology.orchestra.run.smithi062.stdout:/usr/bin/ceph: stderr
2024-09-15T23:06:29.854+0000 7f2996051640 1 --2- 172.21.15.62:0/3878880631 >> [v2:172.21.15.62:6800/2614061737,v1:172.21.15.62:6801/2614061737] conn(0x7f2978039200 0x7f297803b6c0 secure :-1 s=READY pgs=13 cs=0 l=1 rev1=1 crypto rx=0x7f29840098c0 tx=0x7f2984006db0 comp rx=0 tx=0).stop
2024-09-15T23:06:30.727 INFO:teuthology.orchestra.run.smithi062.stdout:/usr/bin/ceph: stderr
2024-09-15T23:06:29.854+0000 7f2996051640 1 -- 172.21.15.62:0/3878880631 >> [v2:172.21.15.62:3300/0,v1:172.21.15.62:6789/0] conn(0x7f2990106450 msgr2=0x7f299019b530 secure :-1 s=STATE_CONNECTION_ESTABLISHED l=1).mark_down
2024-09-15T23:06:30.727 INFO:teuthology.orchestra.run.smithi062.stdout:/usr/bin/ceph: stderr
2024-09-15T23:06:29.854+0000 7f2996051640 1 --2- 172.21.15.62:0/3878880631 >> [v2:172.21.15.62:3300/0,v1:172.21.15.62:6789/0] conn(0x7f2990106450 0x7f299019b530 secure :-1 s=READY pgs=48 cs=0 l=1 rev1=1 crypto rx=0x7f29800097f0 tx=0x7f2980030d80 comp rx=0 tx=0).stop
2024-09-15T23:06:30.727 INFO:teuthology.orchestra.run.smithi062.stdout:/usr/bin/ceph: stderr
2024-09-15T23:06:29.854+0000 7f2996051640 1 -- 172.21.15.62:0/3878880631 shutdown_connections
2024-09-15T23:06:30.727 INFO:teuthology.orchestra.run.smithi062.stdout:/usr/bin/ceph: stderr
2024-09-15T23:06:29.854+0000 7f2996051640 1 --2- 172.21.15.62:0/3878880631 >> [v2:172.21.15.62:6800/2614061737,v1:172.21.15.62:6801/2614061737] conn(0x7f2978039200 0x7f297803b6c0 unknown :-1 s=CLOSED pgs=13 cs=0 l=1 rev1=1 crypto rx=0 tx=0 comp rx=0 tx=0).stop
2024-09-15T23:06:30.727 INFO:teuthology.orchestra.run.smithi062.stdout:/usr/bin/ceph: stderr
2024-09-15T23:06:29.854+0000 7f2996051640 1 --2- 172.21.15.62:0/3878880631 >> [v2:172.21.15.62:3300/0,v1:172.21.15.62:6789/0] conn(0x7f2990106450 0x7f299019b530 unknown :-1 s=CLOSED pgs=48 cs=0 l=1 rev1=1 crypto rx=0 tx=0 comp rx=0 tx=0).stop
2024-09-15T23:06:30.727 INFO:teuthology.orchestra.run.smithi062.stdout:/usr/bin/ceph: stderr
2024-09-15T23:06:29.854+0000 7f2996051640 1 -- 172.21.15.62:0/3878880631 >> 172.21.15.62:0/3878880631 conn(0x7f2990101be0 msgr2=0x7f2990102390 unknown :-1 s=STATE_NONE l=0).mark_down
2024-09-15T23:06:30.727 INFO:teuthology.orchestra.run.smithi062.stdout:/usr/bin/ceph: stderr
2024-09-15T23:06:29.855+0000 7f2996051640 1 -- 172.21.15.62:0/3878880631 shutdown_connections
2024-09-15T23:06:30.727 INFO:teuthology.orchestra.run.smithi062.stdout:/usr/bin/ceph: stderr
2024-09-15T23:06:29.855+0000 7f2996051640 1 -- 172.21.15.62:0/3878880631 wait complete.
2024-09-15T23:06:30.980 INFO:journalctl@ceph.mon.a.smithi062.stdout:Sep 15 23:06:30 smithi062 ceph-mon[30949]: from='client.14142 -' entity='client.admin' cmd=[{"prefix": "orch apply", "service_type": "mgr", "unmanaged": true, "target": ["mon-mgr", ""]}]: dispatch
2024-09-15T23:06:30.980 INFO:journalctl@ceph.mon.a.smithi062.stdout:Sep 15 23:06:30 smithi062 ceph-mon[30949]: Saving service mgr spec with placement count:2
2024-09-15T23:06:30.980 INFO:journalctl@ceph.mon.a.smithi062.stdout:Sep 15 23:06:30 smithi062 ceph-mon[30949]: from='mgr.14118 172.21.15.62:0/501367482' entity='mgr.x'
2024-09-15T23:06:30.980 INFO:journalctl@ceph.mon.a.smithi062.stdout:Sep 15 23:06:30 smithi062 ceph-mon[30949]: from='mgr.14118 172.21.15.62:0/501367482' entity='mgr.x'
2024-09-15T23:06:31.879 INFO:teuthology.orchestra.run.smithi062.stdout:/usr/bin/ceph: stderr
2024-09-15T23:06:31.101+0000 7f2641571640 1 Processor -- start
2024-09-15T23:06:31.879 INFO:teuthology.orchestra.run.smithi062.stdout:/usr/bin/ceph: stderr
2024-09-15T23:06:31.101+0000 7f2641571640 1 -- start start
2024-09-15T23:06:31.879 INFO:teuthology.orchestra.run.smithi062.stdout:/usr/bin/ceph: stderr
2024-09-15T23:06:31.102+0000 7f2641571640 1 --2- >> [v2:172.21.15.62:3300/0,v1:172.21.15.62:6789/0] conn(0x7f263c108060 0x7f263c10a450 unknown :-1 s=NONE pgs=0 cs=0 l=0 rev1=0 crypto rx=0 tx=0 comp rx=0 tx=0).connect
2024-09-15T23:06:31.879 INFO:teuthology.orchestra.run.smithi062.stdout:/usr/bin/ceph: stderr
2024-09-15T23:06:31.102+0000 7f2641571640 1 -- --> [v2:172.21.15.62:3300/0,v1:172.21.15.62:6789/0] -- mon_getmap magic: 0 -- 0x7f263c07c5a0 con 0x7f263c108060
2024-09-15T23:06:31.879 INFO:teuthology.orchestra.run.smithi062.stdout:/usr/bin/ceph: stderr
2024-09-15T23:06:31.102+0000 7f263affd640 1 --2- >> [v2:172.21.15.62:3300/0,v1:172.21.15.62:6789/0] conn(0x7f263c108060 0x7f263c10a450 unknown :-1 s=BANNER_CONNECTING pgs=0 cs=0 l=0 rev1=0 crypto rx=0 tx=0 comp rx=0 tx=0)._handle_peer_banner_payload supported=3 required=0
2024-09-15T23:06:31.879 INFO:teuthology.orchestra.run.smithi062.stdout:/usr/bin/ceph: stderr
2024-09-15T23:06:31.102+0000 7f263affd640 1 --2- >> [v2:172.21.15.62:3300/0,v1:172.21.15.62:6789/0] conn(0x7f263c108060 0x7f263c10a450 unknown :-1 s=HELLO_CONNECTING pgs=0 cs=0 l=0 rev1=1 crypto rx=0 tx=0 comp rx=0 tx=0).handle_hello peer v2:172.21.15.62:3300/0 says I am v2:172.21.15.62:56574/0 (socket says 172.21.15.62:56574)
2024-09-15T23:06:31.880 INFO:teuthology.orchestra.run.smithi062.stdout:/usr/bin/ceph: stderr
2024-09-15T23:06:31.102+0000 7f263affd640 1 -- 172.21.15.62:0/1852609757 learned_addr learned my addr 172.21.15.62:0/1852609757 (peer_addr_for_me v2:172.21.15.62:0/0)
2024-09-15T23:06:31.880 INFO:teuthology.orchestra.run.smithi062.stdout:/usr/bin/ceph: stderr
2024-09-15T23:06:31.102+0000 7f263affd640 1 -- 172.21.15.62:0/1852609757 --> [v2:172.21.15.62:3300/0,v1:172.21.15.62:6789/0] -- mon_subscribe({config=0+,monmap=0+}) -- 0x7f263c10a990 con 0x7f263c108060
2024-09-15T23:06:31.880 INFO:teuthology.orchestra.run.smithi062.stdout:/usr/bin/ceph: stderr
2024-09-15T23:06:31.103+0000 7f263affd640 1 --2- 172.21.15.62:0/1852609757 >> [v2:172.21.15.62:3300/0,v1:172.21.15.62:6789/0] conn(0x7f263c108060 0x7f263c10a450 secure :-1 s=READY pgs=49 cs=0 l=1 rev1=1 crypto rx=0x7f262c009820 tx=0x7f262c02a270 comp rx=0 tx=0).ready entity=mon.0 client_cookie=e511969337267c98 server_cookie=0 in_seq=0 out_seq=0
2024-09-15T23:06:31.880 INFO:teuthology.orchestra.run.smithi062.stdout:/usr/bin/ceph: stderr
2024-09-15T23:06:31.103+0000 7f2639ffb640 1 -- 172.21.15.62:0/1852609757 <== mon.0 v2:172.21.15.62:3300/0 1 ==== mon_map magic: 0 ==== 205+0+0 (secure 0 0 0) 0x7f262c037070 con 0x7f263c108060
2024-09-15T23:06:31.880 INFO:teuthology.orchestra.run.smithi062.stdout:/usr/bin/ceph: stderr
2024-09-15T23:06:31.103+0000 7f2639ffb640 1 -- 172.21.15.62:0/1852609757 <== mon.0 v2:172.21.15.62:3300/0 2 ==== config(27 keys) ==== 1140+0+0 (secure 0 0 0) 0x7f262c032920 con 0x7f263c108060
2024-09-15T23:06:31.880 INFO:teuthology.orchestra.run.smithi062.stdout:/usr/bin/ceph: stderr
2024-09-15T23:06:31.103+0000 7f2639ffb640 1 -- 172.21.15.62:0/1852609757 <== mon.0 v2:172.21.15.62:3300/0 3 ==== mon_map magic: 0 ==== 205+0+0 (secure 0 0 0) 0x7f262c030810 con 0x7f263c108060
2024-09-15T23:06:31.880 INFO:teuthology.orchestra.run.smithi062.stdout:/usr/bin/ceph: stderr
2024-09-15T23:06:31.104+0000 7f2641571640 1 -- 172.21.15.62:0/1852609757 >> [v2:172.21.15.62:3300/0,v1:172.21.15.62:6789/0] conn(0x7f263c108060 msgr2=0x7f263c10a450 secure :-1 s=STATE_CONNECTION_ESTABLISHED l=1).mark_down
2024-09-15T23:06:31.880 INFO:teuthology.orchestra.run.smithi062.stdout:/usr/bin/ceph: stderr
2024-09-15T23:06:31.104+0000 7f2641571640 1 --2- 172.21.15.62:0/1852609757 >> [v2:172.21.15.62:3300/0,v1:172.21.15.62:6789/0] conn(0x7f263c108060 0x7f263c10a450 secure :-1 s=READY pgs=49 cs=0 l=1 rev1=1 crypto rx=0x7f262c009820 tx=0x7f262c02a270 comp rx=0 tx=0).stop
2024-09-15T23:06:31.880 INFO:teuthology.orchestra.run.smithi062.stdout:/usr/bin/ceph: stderr
2024-09-15T23:06:31.104+0000 7f2641571640 1 -- 172.21.15.62:0/1852609757 shutdown_connections
2024-09-15T23:06:31.880 INFO:teuthology.orchestra.run.smithi062.stdout:/usr/bin/ceph: stderr
2024-09-15T23:06:31.104+0000 7f2641571640 1 --2- 172.21.15.62:0/1852609757 >> [v2:172.21.15.62:3300/0,v1:172.21.15.62:6789/0] conn(0x7f263c108060 0x7f263c10a450 unknown :-1 s=CLOSED pgs=49 cs=0 l=1 rev1=1 crypto rx=0 tx=0 comp rx=0 tx=0).stop
2024-09-15T23:06:31.880 INFO:teuthology.orchestra.run.smithi062.stdout:/usr/bin/ceph: stderr
2024-09-15T23:06:31.104+0000 7f2641571640 1 -- 172.21.15.62:0/1852609757 >> 172.21.15.62:0/1852609757 conn(0x7f263c101be0 msgr2=0x7f263c104040 unknown :-1 s=STATE_NONE l=0).mark_down
2024-09-15T23:06:31.880 INFO:teuthology.orchestra.run.smithi062.stdout:/usr/bin/ceph: stderr
2024-09-15T23:06:31.104+0000 7f2641571640 1 -- 172.21.15.62:0/1852609757 shutdown_connections
2024-09-15T23:06:31.881 INFO:teuthology.orchestra.run.smithi062.stdout:/usr/bin/ceph: stderr
2024-09-15T23:06:31.104+0000 7f2641571640 1 -- 172.21.15.62:0/1852609757 wait complete.
2024-09-15T23:06:31.881 INFO:teuthology.orchestra.run.smithi062.stdout:/usr/bin/ceph: stderr
2024-09-15T23:06:31.105+0000 7f2641571640 1 Processor -- start
2024-09-15T23:06:31.881 INFO:teuthology.orchestra.run.smithi062.stdout:/usr/bin/ceph: stderr
2024-09-15T23:06:31.105+0000 7f2641571640 1 -- start start
2024-09-15T23:06:31.881 INFO:teuthology.orchestra.run.smithi062.stdout:/usr/bin/ceph: stderr
2024-09-15T23:06:31.105+0000 7f2641571640 1 --2- >> [v2:172.21.15.62:3300/0,v1:172.21.15.62:6789/0] conn(0x7f263c108060 0x7f263c19b4d0 unknown :-1 s=NONE pgs=0 cs=0 l=1 rev1=0 crypto rx=0 tx=0 comp rx=0 tx=0).connect
2024-09-15T23:06:31.881 INFO:teuthology.orchestra.run.smithi062.stdout:/usr/bin/ceph: stderr
2024-09-15T23:06:31.105+0000 7f2641571640 1 -- --> [v2:172.21.15.62:3300/0,v1:172.21.15.62:6789/0] -- mon_getmap magic: 0 -- 0x7f263c10b950 con 0x7f263c108060
2024-09-15T23:06:31.881 INFO:teuthology.orchestra.run.smithi062.stdout:/usr/bin/ceph: stderr
2024-09-15T23:06:31.105+0000 7f263affd640 1 --2- >> [v2:172.21.15.62:3300/0,v1:172.21.15.62:6789/0] conn(0x7f263c108060 0x7f263c19b4d0 unknown :-1 s=BANNER_CONNECTING pgs=0 cs=0 l=1 rev1=0 crypto rx=0 tx=0 comp rx=0 tx=0)._handle_peer_banner_payload supported=3 required=0
2024-09-15T23:06:31.881 INFO:teuthology.orchestra.run.smithi062.stdout:/usr/bin/ceph: stderr
2024-09-15T23:06:31.105+0000 7f263affd640 1 --2- >> [v2:172.21.15.62:3300/0,v1:172.21.15.62:6789/0] conn(0x7f263c108060 0x7f263c19b4d0 unknown :-1 s=HELLO_CONNECTING pgs=0 cs=0 l=1 rev1=1 crypto rx=0 tx=0 comp rx=0 tx=0).handle_hello peer v2:172.21.15.62:3300/0 says I am v2:172.21.15.62:56580/0 (socket says 172.21.15.62:56580)
2024-09-15T23:06:31.881 INFO:teuthology.orchestra.run.smithi062.stdout:/usr/bin/ceph: stderr
2024-09-15T23:06:31.105+0000 7f263affd640 1 -- 172.21.15.62:0/1730904643 learned_addr learned my addr 172.21.15.62:0/1730904643 (peer_addr_for_me v2:172.21.15.62:0/0)
2024-09-15T23:06:31.881 INFO:teuthology.orchestra.run.smithi062.stdout:/usr/bin/ceph: stderr
2024-09-15T23:06:31.106+0000 7f263affd640 1 -- 172.21.15.62:0/1730904643 --> [v2:172.21.15.62:3300/0,v1:172.21.15.62:6789/0] -- mon_subscribe({config=0+,monmap=0+}) -- 0x7f263c19ba10 con 0x7f263c108060
2024-09-15T23:06:31.881 INFO:teuthology.orchestra.run.smithi062.stdout:/usr/bin/ceph: stderr
2024-09-15T23:06:31.106+0000 7f263affd640 1 --2- 172.21.15.62:0/1730904643 >> [v2:172.21.15.62:3300/0,v1:172.21.15.62:6789/0] conn(0x7f263c108060 0x7f263c19b4d0 secure :-1 s=READY pgs=50 cs=0 l=1 rev1=1 crypto rx=0x7f262c030380 tx=0x7f262c032670 comp rx=0 tx=0).ready entity=mon.0 client_cookie=0 server_cookie=0 in_seq=0 out_seq=0
2024-09-15T23:06:31.881 INFO:teuthology.orchestra.run.smithi062.stdout:/usr/bin/ceph: stderr
2024-09-15T23:06:31.106+0000 7f2623fff640 1 -- 172.21.15.62:0/1730904643 <== mon.0 v2:172.21.15.62:3300/0 1 ==== mon_map magic: 0 ==== 205+0+0 (secure 0 0 0) 0x7f262c037040 con 0x7f263c108060
2024-09-15T23:06:31.881 INFO:teuthology.orchestra.run.smithi062.stdout:/usr/bin/ceph: stderr
2024-09-15T23:06:31.106+0000 7f2623fff640 1 -- 172.21.15.62:0/1730904643 <== mon.0 v2:172.21.15.62:3300/0 2 ==== config(27 keys) ==== 1140+0+0 (secure 0 0 0) 0x7f262c040070 con 0x7f263c108060
2024-09-15T23:06:31.881 INFO:teuthology.orchestra.run.smithi062.stdout:/usr/bin/ceph: stderr
2024-09-15T23:06:31.106+0000 7f2641571640 1 -- 172.21.15.62:0/1730904643 --> [v2:172.21.15.62:3300/0,v1:172.21.15.62:6789/0] -- mon_subscribe({mgrmap=0+}) -- 0x7f263c19bca0 con 0x7f263c108060
2024-09-15T23:06:31.881 INFO:teuthology.orchestra.run.smithi062.stdout:/usr/bin/ceph: stderr
2024-09-15T23:06:31.106+0000 7f2623fff640 1 -- 172.21.15.62:0/1730904643 <== mon.0 v2:172.21.15.62:3300/0 3 ==== mon_map magic: 0 ==== 205+0+0 (secure 0 0 0) 0x7f262c03a7b0 con 0x7f263c108060
2024-09-15T23:06:31.882 INFO:teuthology.orchestra.run.smithi062.stdout:/usr/bin/ceph: stderr
2024-09-15T23:06:31.106+0000 7f2641571640 1 -- 172.21.15.62:0/1730904643 --> [v2:172.21.15.62:3300/0,v1:172.21.15.62:6789/0] -- mon_subscribe({osdmap=0}) -- 0x7f263c19e990 con 0x7f263c108060
2024-09-15T23:06:31.882 INFO:teuthology.orchestra.run.smithi062.stdout:/usr/bin/ceph: stderr
2024-09-15T23:06:31.107+0000 7f2623fff640 1 -- 172.21.15.62:0/1730904643 <== mon.0 v2:172.21.15.62:3300/0 4 ==== mgrmap(e 8) ==== 46461+0+0 (secure 0 0 0) 0x7f262c03a9e0 con 0x7f263c108060
2024-09-15T23:06:31.882 INFO:teuthology.orchestra.run.smithi062.stdout:/usr/bin/ceph: stderr
2024-09-15T23:06:31.107+0000 7f2623fff640 1 --2- 172.21.15.62:0/1730904643 >> [v2:172.21.15.62:6800/2614061737,v1:172.21.15.62:6801/2614061737] conn(0x7f2624039200 0x7f262403b6c0 unknown :-1 s=NONE pgs=0 cs=0 l=1 rev1=0 crypto rx=0 tx=0 comp rx=0 tx=0).connect
2024-09-15T23:06:31.882 INFO:teuthology.orchestra.run.smithi062.stdout:/usr/bin/ceph: stderr
2024-09-15T23:06:31.107+0000 7f2623fff640 1 -- 172.21.15.62:0/1730904643 <== mon.0 v2:172.21.15.62:3300/0 5 ==== osd_map(2..2 src has 1..2) ==== 940+0+0 (secure 0 0 0) 0x7f262c06d910 con 0x7f263c108060
2024-09-15T23:06:31.882 INFO:teuthology.orchestra.run.smithi062.stdout:/usr/bin/ceph: stderr
2024-09-15T23:06:31.107+0000 7f263a7fc640 1 --2- 172.21.15.62:0/1730904643 >> [v2:172.21.15.62:6800/2614061737,v1:172.21.15.62:6801/2614061737] conn(0x7f2624039200 0x7f262403b6c0 unknown :-1 s=BANNER_CONNECTING pgs=0 cs=0 l=1 rev1=0 crypto rx=0 tx=0 comp rx=0 tx=0)._handle_peer_banner_payload supported=3 required=0
2024-09-15T23:06:31.882 INFO:teuthology.orchestra.run.smithi062.stdout:/usr/bin/ceph: stderr
2024-09-15T23:06:31.107+0000 7f2641571640 1 -- 172.21.15.62:0/1730904643 --> [v2:172.21.15.62:3300/0,v1:172.21.15.62:6789/0] -- mon_command({"prefix": "get_command_descriptions"} v 0) -- 0x7f263c1084c0 con 0x7f263c108060
2024-09-15T23:06:31.882 INFO:teuthology.orchestra.run.smithi062.stdout:/usr/bin/ceph: stderr
2024-09-15T23:06:31.108+0000 7f263a7fc640 1 --2- 172.21.15.62:0/1730904643 >> [v2:172.21.15.62:6800/2614061737,v1:172.21.15.62:6801/2614061737] conn(0x7f2624039200 0x7f262403b6c0 secure :-1 s=READY pgs=14 cs=0 l=1 rev1=1 crypto rx=0x7f26300098c0 tx=0x7f2630006db0 comp rx=0 tx=0).ready entity=mgr.14118 client_cookie=0 server_cookie=0 in_seq=0 out_seq=0
2024-09-15T23:06:31.882 INFO:teuthology.orchestra.run.smithi062.stdout:/usr/bin/ceph: stderr
2024-09-15T23:06:31.112+0000 7f2623fff640 1 -- 172.21.15.62:0/1730904643 <== mon.0 v2:172.21.15.62:3300/0 6 ==== mon_command_ack([{"prefix": "get_command_descriptions"}]=0 v0) ==== 72+0+188821 (secure 0 0 0) 0x7f262c044c70 con 0x7f263c108060
2024-09-15T23:06:31.882 INFO:teuthology.orchestra.run.smithi062.stdout:/usr/bin/ceph: stderr
2024-09-15T23:06:31.293+0000 7f2641571640 1 -- 172.21.15.62:0/1730904643 --> [v2:172.21.15.62:3300/0,v1:172.21.15.62:6789/0] -- mon_command([{prefix=config set, name=mgr/cephadm/container_init}] v 0) -- 0x7f263c19ee50 con 0x7f263c108060
2024-09-15T23:06:31.882 INFO:teuthology.orchestra.run.smithi062.stdout:/usr/bin/ceph: stderr
2024-09-15T23:06:31.298+0000 7f2623fff640 1 -- 172.21.15.62:0/1730904643 <== mon.0 v2:172.21.15.62:3300/0 7 ==== mon_command_ack([{prefix=config set, name=mgr/cephadm/container_init}]=0 v7)=0 v7) ==== 142+0+0 (secure 0 0 0) 0x7f262c041270 con 0x7f263c108060
2024-09-15T23:06:31.882 INFO:teuthology.orchestra.run.smithi062.stdout:/usr/bin/ceph: stderr
2024-09-15T23:06:31.301+0000 7f2641571640 1 -- 172.21.15.62:0/1730904643 >> [v2:172.21.15.62:6800/2614061737,v1:172.21.15.62:6801/2614061737] conn(0x7f2624039200 msgr2=0x7f262403b6c0 secure :-1 s=STATE_CONNECTION_ESTABLISHED l=1).mark_down
2024-09-15T23:06:31.882 INFO:teuthology.orchestra.run.smithi062.stdout:/usr/bin/ceph: stderr
2024-09-15T23:06:31.301+0000 7f2641571640 1 --2- 172.21.15.62:0/1730904643 >> [v2:172.21.15.62:6800/2614061737,v1:172.21.15.62:6801/2614061737] conn(0x7f2624039200 0x7f262403b6c0 secure :-1 s=READY pgs=14 cs=0 l=1 rev1=1 crypto rx=0x7f26300098c0 tx=0x7f2630006db0 comp rx=0 tx=0).stop
2024-09-15T23:06:31.882 INFO:teuthology.orchestra.run.smithi062.stdout:/usr/bin/ceph: stderr
2024-09-15T23:06:31.301+0000 7f2641571640 1 -- 172.21.15.62:0/1730904643 >> [v2:172.21.15.62:3300/0,v1:172.21.15.62:6789/0] conn(0x7f263c108060 msgr2=0x7f263c19b4d0 secure :-1 s=STATE_CONNECTION_ESTABLISHED l=1).mark_down
2024-09-15T23:06:31.883 INFO:teuthology.orchestra.run.smithi062.stdout:/usr/bin/ceph: stderr
2024-09-15T23:06:31.301+0000 7f2641571640 1 --2- 172.21.15.62:0/1730904643 >> [v2:172.21.15.62:3300/0,v1:172.21.15.62:6789/0] conn(0x7f263c108060 0x7f263c19b4d0 secure :-1 s=READY pgs=50 cs=0 l=1 rev1=1 crypto rx=0x7f262c030380 tx=0x7f262c032670 comp rx=0 tx=0).stop
2024-09-15T23:06:31.883 INFO:teuthology.orchestra.run.smithi062.stdout:/usr/bin/ceph: stderr
2024-09-15T23:06:31.301+0000 7f2641571640 1 -- 172.21.15.62:0/1730904643 shutdown_connections
2024-09-15T23:06:31.883 INFO:teuthology.orchestra.run.smithi062.stdout:/usr/bin/ceph: stderr
2024-09-15T23:06:31.301+0000 7f2641571640 1 --2- 172.21.15.62:0/1730904643 >> [v2:172.21.15.62:6800/2614061737,v1:172.21.15.62:6801/2614061737] conn(0x7f2624039200 0x7f262403b6c0 unknown :-1 s=CLOSED pgs=14 cs=0 l=1 rev1=1 crypto rx=0 tx=0 comp rx=0 tx=0).stop
2024-09-15T23:06:31.883 INFO:teuthology.orchestra.run.smithi062.stdout:/usr/bin/ceph: stderr
2024-09-15T23:06:31.301+0000 7f2641571640 1 --2- 172.21.15.62:0/1730904643 >> [v2:172.21.15.62:3300/0,v1:172.21.15.62:6789/0] conn(0x7f263c108060 0x7f263c19b4d0 unknown :-1 s=CLOSED pgs=50 cs=0 l=1 rev1=1 crypto rx=0 tx=0 comp rx=0 tx=0).stop
2024-09-15T23:06:31.883 INFO:teuthology.orchestra.run.smithi062.stdout:/usr/bin/ceph: stderr
2024-09-15T23:06:31.301+0000 7f2641571640 1 -- 172.21.15.62:0/1730904643 >> 172.21.15.62:0/1730904643 conn(0x7f263c101be0 msgr2=0x7f263c1027d0 unknown :-1 s=STATE_NONE l=0).mark_down
2024-09-15T23:06:31.883 INFO:teuthology.orchestra.run.smithi062.stdout:/usr/bin/ceph: stderr
2024-09-15T23:06:31.301+0000 7f2641571640 1 -- 172.21.15.62:0/1730904643 shutdown_connections
2024-09-15T23:06:31.883 INFO:teuthology.orchestra.run.smithi062.stdout:/usr/bin/ceph: stderr
2024-09-15T23:06:31.301+0000 7f2641571640 1 -- 172.21.15.62:0/1730904643 wait complete.
2024-09-15T23:06:32.469 INFO:journalctl@ceph.mon.a.smithi062.stdout:Sep 15 23:06:32 smithi062 ceph-mon[30949]: from='mgr.14118 172.21.15.62:0/501367482' entity='mgr.x'
2024-09-15T23:06:32.469 INFO:journalctl@ceph.mon.a.smithi062.stdout:Sep 15 23:06:32 smithi062 ceph-mon[30949]: from='client.? 172.21.15.62:0/1730904643' entity='client.admin'
2024-09-15T23:06:33.305 INFO:teuthology.orchestra.run.smithi062.stdout:/usr/bin/ceph: stderr
2024-09-15T23:06:32.274+0000 7ff154238640 1 Processor -- start
2024-09-15T23:06:33.305 INFO:teuthology.orchestra.run.smithi062.stdout:/usr/bin/ceph: stderr
2024-09-15T23:06:32.274+0000 7ff154238640 1 -- start start
2024-09-15T23:06:33.305 INFO:teuthology.orchestra.run.smithi062.stdout:/usr/bin/ceph: stderr
2024-09-15T23:06:32.275+0000 7ff154238640 1 --2- >> [v2:172.21.15.62:3300/0,v1:172.21.15.62:6789/0] conn(0x7ff14c107fa0 0x7ff14c10a390 unknown :-1 s=NONE pgs=0 cs=0 l=0 rev1=0 crypto rx=0 tx=0 comp rx=0 tx=0).connect
2024-09-15T23:06:33.305 INFO:teuthology.orchestra.run.smithi062.stdout:/usr/bin/ceph: stderr
2024-09-15T23:06:32.275+0000 7ff154238640 1 -- --> [v2:172.21.15.62:3300/0,v1:172.21.15.62:6789/0] -- mon_getmap magic: 0 -- 0x7ff14c07be50 con 0x7ff14c107fa0
2024-09-15T23:06:33.305 INFO:teuthology.orchestra.run.smithi062.stdout:/usr/bin/ceph: stderr
2024-09-15T23:06:32.275+0000 7ff151fd4640 1 --2- >> [v2:172.21.15.62:3300/0,v1:172.21.15.62:6789/0] conn(0x7ff14c107fa0 0x7ff14c10a390 unknown :-1 s=BANNER_CONNECTING pgs=0 cs=0 l=0 rev1=0 crypto rx=0 tx=0 comp rx=0 tx=0)._handle_peer_banner_payload supported=3 required=0
2024-09-15T23:06:33.305 INFO:teuthology.orchestra.run.smithi062.stdout:/usr/bin/ceph: stderr
2024-09-15T23:06:32.275+0000 7ff151fd4640 1 --2- >> [v2:172.21.15.62:3300/0,v1:172.21.15.62:6789/0] conn(0x7ff14c107fa0 0x7ff14c10a390 unknown :-1 s=HELLO_CONNECTING pgs=0 cs=0 l=0 rev1=1 crypto rx=0 tx=0 comp rx=0 tx=0).handle_hello peer v2:172.21.15.62:3300/0 says I am v2:172.21.15.62:56588/0 (socket says 172.21.15.62:56588)
2024-09-15T23:06:33.305 INFO:teuthology.orchestra.run.smithi062.stdout:/usr/bin/ceph: stderr
2024-09-15T23:06:32.275+0000 7ff151fd4640 1 -- 172.21.15.62:0/1683709928 learned_addr learned my addr 172.21.15.62:0/1683709928 (peer_addr_for_me v2:172.21.15.62:0/0)
2024-09-15T23:06:33.305 INFO:teuthology.orchestra.run.smithi062.stdout:/usr/bin/ceph: stderr
2024-09-15T23:06:32.275+0000 7ff151fd4640 1 -- 172.21.15.62:0/1683709928 --> [v2:172.21.15.62:3300/0,v1:172.21.15.62:6789/0] -- mon_subscribe({config=0+,monmap=0+}) -- 0x7ff14c10a8d0 con 0x7ff14c107fa0
2024-09-15T23:06:33.305 INFO:teuthology.orchestra.run.smithi062.stdout:/usr/bin/ceph: stderr
2024-09-15T23:06:32.276+0000 7ff151fd4640 1 --2- 172.21.15.62:0/1683709928 >> [v2:172.21.15.62:3300/0,v1:172.21.15.62:6789/0] conn(0x7ff14c107fa0 0x7ff14c10a390 secure :-1 s=READY pgs=51 cs=0 l=1 rev1=1 crypto rx=0x7ff148009820 tx=0x7ff14802a270 comp rx=0 tx=0).ready entity=mon.0 client_cookie=33f8ae7cc72d1fbe server_cookie=0 in_seq=0 out_seq=0
2024-09-15T23:06:33.306 INFO:teuthology.orchestra.run.smithi062.stdout:/usr/bin/ceph: stderr
2024-09-15T23:06:32.276+0000 7ff150fd2640 1 -- 172.21.15.62:0/1683709928 <== mon.0 v2:172.21.15.62:3300/0 1 ==== mon_map magic: 0 ==== 205+0+0 (secure 0 0 0) 0x7ff148037070 con 0x7ff14c107fa0
2024-09-15T23:06:33.306 INFO:teuthology.orchestra.run.smithi062.stdout:/usr/bin/ceph: stderr
2024-09-15T23:06:32.276+0000 7ff150fd2640 1 -- 172.21.15.62:0/1683709928 <== mon.0 v2:172.21.15.62:3300/0 2 ==== config(27 keys) ==== 1140+0+0 (secure 0 0 0) 0x7ff148032920 con 0x7ff14c107fa0
2024-09-15T23:06:33.306 INFO:teuthology.orchestra.run.smithi062.stdout:/usr/bin/ceph: stderr
2024-09-15T23:06:32.276+0000 7ff150fd2640 1 -- 172.21.15.62:0/1683709928 <== mon.0 v2:172.21.15.62:3300/0 3 ==== mon_map magic: 0 ==== 205+0+0 (secure 0 0 0) 0x7ff148030810 con 0x7ff14c107fa0
2024-09-15T23:06:33.306 INFO:teuthology.orchestra.run.smithi062.stdout:/usr/bin/ceph: stderr
2024-09-15T23:06:32.277+0000 7ff154238640 1 -- 172.21.15.62:0/1683709928 >> [v2:172.21.15.62:3300/0,v1:172.21.15.62:6789/0] conn(0x7ff14c107fa0 msgr2=0x7ff14c10a390 secure :-1 s=STATE_CONNECTION_ESTABLISHED l=1).mark_down
2024-09-15T23:06:33.306 INFO:teuthology.orchestra.run.smithi062.stdout:/usr/bin/ceph: stderr
2024-09-15T23:06:32.277+0000 7ff154238640 1 --2- 172.21.15.62:0/1683709928 >> [v2:172.21.15.62:3300/0,v1:172.21.15.62:6789/0] conn(0x7ff14c107fa0 0x7ff14c10a390 secure :-1 s=READY pgs=51 cs=0 l=1 rev1=1 crypto rx=0x7ff148009820 tx=0x7ff14802a270 comp rx=0 tx=0).stop
2024-09-15T23:06:33.306 INFO:teuthology.orchestra.run.smithi062.stdout:/usr/bin/ceph: stderr
2024-09-15T23:06:32.277+0000 7ff154238640 1 -- 172.21.15.62:0/1683709928 shutdown_connections
2024-09-15T23:06:33.306 INFO:teuthology.orchestra.run.smithi062.stdout:/usr/bin/ceph: stderr
