2024-09-15T23:05:42.419+0000 7f9efdffb640 1 -- 172.21.15.2:0/925348645 <== mon.0 v2:172.21.15.2:3300/0 7 ==== mgrmap(e 11) ==== 46368+0+0 (secure 0 0 0) 0x7f9ef003b330 con 0x7f9f00106400
2024-09-15T23:05:43.545 INFO:teuthology.orchestra.run.smithi002.stdout:/usr/bin/ceph: stderr
2024-09-15T23:05:42.419+0000 7f9efdffb640 1 --2- 172.21.15.2:0/925348645 >> [v2:172.21.15.2:6800/2564114882,v1:172.21.15.2:6801/2564114882] conn(0x7f9ee803ccc0 0x7f9ee803f0b0 unknown :-1 s=NONE pgs=0 cs=0 l=1 rev1=0 crypto rx=0 tx=0 comp rx=0 tx=0).connect
2024-09-15T23:05:43.545 INFO:teuthology.orchestra.run.smithi002.stdout:/usr/bin/ceph: stderr
2024-09-15T23:05:42.419+0000 7f9efdffb640 1 -- 172.21.15.2:0/925348645 --> [v2:172.21.15.2:6800/2564114882,v1:172.21.15.2:6801/2564114882] -- command(tid 0: {"prefix": "get_command_descriptions"}) -- 0x7f9ee803bdd0 con 0x7f9ee803ccc0
2024-09-15T23:05:43.545 INFO:teuthology.orchestra.run.smithi002.stdout:/usr/bin/ceph: stderr
2024-09-15T23:05:42.419+0000 7f9efffff640 1 --2- 172.21.15.2:0/925348645 >> [v2:172.21.15.2:6800/2564114882,v1:172.21.15.2:6801/2564114882] conn(0x7f9ee803ccc0 0x7f9ee803f0b0 unknown :-1 s=BANNER_CONNECTING pgs=0 cs=0 l=1 rev1=0 crypto rx=0 tx=0 comp rx=0 tx=0)._handle_peer_banner_payload supported=3 required=0
2024-09-15T23:05:43.545 INFO:teuthology.orchestra.run.smithi002.stdout:/usr/bin/ceph: stderr
2024-09-15T23:05:42.420+0000 7f9efffff640 1 --2- 172.21.15.2:0/925348645 >> [v2:172.21.15.2:6800/2564114882,v1:172.21.15.2:6801/2564114882] conn(0x7f9ee803ccc0 0x7f9ee803f0b0 secure :-1 s=READY pgs=1 cs=0 l=1 rev1=1 crypto rx=0x7f9ef4003980 tx=0x7f9ef4006e10 comp rx=0 tx=0).ready entity=mgr.14150 client_cookie=0 server_cookie=0 in_seq=0 out_seq=0
2024-09-15T23:05:43.545 INFO:teuthology.orchestra.run.smithi002.stdout:/usr/bin/ceph: stderr
2024-09-15T23:05:42.421+0000 7f9efdffb640 1 -- 172.21.15.2:0/925348645 <== mgr.14150 v2:172.21.15.2:6800/2564114882 1 ==== command_reply(tid 0: 0 ) ==== 8+0+9564 (secure 0 0 0) 0x7f9ee803bdd0 con 0x7f9ee803ccc0
2024-09-15T23:05:43.545 INFO:teuthology.orchestra.run.smithi002.stdout:/usr/bin/ceph: stderr
2024-09-15T23:05:42.428+0000 7f9f06e4d640 1 -- 172.21.15.2:0/925348645 --> [v2:172.21.15.2:6800/2564114882,v1:172.21.15.2:6801/2564114882] -- command(tid 1: {"prefix": "mgr_status"}) -- 0x7f9f0010aae0 con 0x7f9ee803ccc0
2024-09-15T23:05:43.545 INFO:teuthology.orchestra.run.smithi002.stdout:/usr/bin/ceph: stderr
2024-09-15T23:05:42.428+0000 7f9efdffb640 1 -- 172.21.15.2:0/925348645 <== mgr.14150 v2:172.21.15.2:6800/2564114882 2 ==== command_reply(tid 1: 0 ) ==== 8+0+52 (secure 0 0 0) 0x7f9f0010aae0 con 0x7f9ee803ccc0
2024-09-15T23:05:43.545 INFO:teuthology.orchestra.run.smithi002.stdout:/usr/bin/ceph: stderr
2024-09-15T23:05:42.428+0000 7f9f06e4d640 1 -- 172.21.15.2:0/925348645 >> [v2:172.21.15.2:6800/2564114882,v1:172.21.15.2:6801/2564114882] conn(0x7f9ee803ccc0 msgr2=0x7f9ee803f0b0 secure :-1 s=STATE_CONNECTION_ESTABLISHED l=1).mark_down
2024-09-15T23:05:43.546 INFO:teuthology.orchestra.run.smithi002.stdout:/usr/bin/ceph: stderr
2024-09-15T23:05:42.428+0000 7f9f06e4d640 1 --2- 172.21.15.2:0/925348645 >> [v2:172.21.15.2:6800/2564114882,v1:172.21.15.2:6801/2564114882] conn(0x7f9ee803ccc0 0x7f9ee803f0b0 secure :-1 s=READY pgs=1 cs=0 l=1 rev1=1 crypto rx=0x7f9ef4003980 tx=0x7f9ef4006e10 comp rx=0 tx=0).stop
2024-09-15T23:05:43.546 INFO:teuthology.orchestra.run.smithi002.stdout:/usr/bin/ceph: stderr
2024-09-15T23:05:42.428+0000 7f9f06e4d640 1 -- 172.21.15.2:0/925348645 >> [v2:172.21.15.2:3300/0,v1:172.21.15.2:6789/0] conn(0x7f9f00106400 msgr2=0x7f9f0019b4b0 secure :-1 s=STATE_CONNECTION_ESTABLISHED l=1).mark_down
2024-09-15T23:05:43.546 INFO:teuthology.orchestra.run.smithi002.stdout:/usr/bin/ceph: stderr
2024-09-15T23:05:42.428+0000 7f9f06e4d640 1 --2- 172.21.15.2:0/925348645 >> [v2:172.21.15.2:3300/0,v1:172.21.15.2:6789/0] conn(0x7f9f00106400 0x7f9f0019b4b0 secure :-1 s=READY pgs=60 cs=0 l=1 rev1=1 crypto rx=0x7f9ef0009940 tx=0x7f9ef0030cc0 comp rx=0 tx=0).stop
2024-09-15T23:05:43.546 INFO:teuthology.orchestra.run.smithi002.stdout:/usr/bin/ceph: stderr
2024-09-15T23:05:42.429+0000 7f9f06e4d640 1 -- 172.21.15.2:0/925348645 shutdown_connections
2024-09-15T23:05:43.546 INFO:teuthology.orchestra.run.smithi002.stdout:/usr/bin/ceph: stderr
2024-09-15T23:05:42.429+0000 7f9f06e4d640 1 --2- 172.21.15.2:0/925348645 >> [v2:172.21.15.2:6800/2564114882,v1:172.21.15.2:6801/2564114882] conn(0x7f9ee803ccc0 0x7f9ee803f0b0 unknown :-1 s=CLOSED pgs=1 cs=0 l=1 rev1=1 crypto rx=0 tx=0 comp rx=0 tx=0).stop
2024-09-15T23:05:43.546 INFO:teuthology.orchestra.run.smithi002.stdout:/usr/bin/ceph: stderr
2024-09-15T23:05:42.429+0000 7f9f06e4d640 1 --2- 172.21.15.2:0/925348645 >> [v2:172.21.15.2:6800/938645794,v1:172.21.15.2:6801/938645794] conn(0x7f9ee8039200 0x7f9ee803b6c0 unknown :-1 s=CLOSED pgs=0 cs=0 l=1 rev1=0 crypto rx=0 tx=0 comp rx=0 tx=0).stop
2024-09-15T23:05:43.546 INFO:teuthology.orchestra.run.smithi002.stdout:/usr/bin/ceph: stderr
2024-09-15T23:05:42.429+0000 7f9f06e4d640 1 --2- 172.21.15.2:0/925348645 >> [v2:172.21.15.2:3300/0,v1:172.21.15.2:6789/0] conn(0x7f9f00106400 0x7f9f0019b4b0 unknown :-1 s=CLOSED pgs=60 cs=0 l=1 rev1=1 crypto rx=0 tx=0 comp rx=0 tx=0).stop
2024-09-15T23:05:43.546 INFO:teuthology.orchestra.run.smithi002.stdout:/usr/bin/ceph: stderr
2024-09-15T23:05:42.429+0000 7f9f06e4d640 1 -- 172.21.15.2:0/925348645 >> 172.21.15.2:0/925348645 conn(0x7f9f00101bb0 msgr2=0x7f9f00102ab0 unknown :-1 s=STATE_NONE l=0).mark_down
2024-09-15T23:05:43.546 INFO:teuthology.orchestra.run.smithi002.stdout:/usr/bin/ceph: stderr
2024-09-15T23:05:42.429+0000 7f9f06e4d640 1 -- 172.21.15.2:0/925348645 shutdown_connections
2024-09-15T23:05:43.547 INFO:teuthology.orchestra.run.smithi002.stdout:/usr/bin/ceph: stderr
2024-09-15T23:05:42.429+0000 7f9f06e4d640 1 -- 172.21.15.2:0/925348645 wait complete.
2024-09-15T23:05:43.547 INFO:teuthology.orchestra.run.smithi002.stdout:mgr epoch 9 is available
2024-09-15T23:05:43.547 INFO:teuthology.orchestra.run.smithi002.stdout:Generating a dashboard self-signed certificate...
2024-09-15T23:05:43.679 INFO:journalctl@ceph.mon.a.smithi002.stdout:Sep 15 23:05:43 smithi002 ceph-mon[31019]: from='client.14154 -' entity='client.admin' cmd=[{"prefix": "get_command_descriptions"}]: dispatch
2024-09-15T23:05:43.679 INFO:journalctl@ceph.mon.a.smithi002.stdout:Sep 15 23:05:43 smithi002 ceph-mon[31019]: mgrmap e11: x(active, since 1.006s)
2024-09-15T23:05:43.679 INFO:journalctl@ceph.mon.a.smithi002.stdout:Sep 15 23:05:43 smithi002 ceph-mon[31019]: from='client.14154 -' entity='client.admin' cmd=[{"prefix": "mgr_status"}]: dispatch
2024-09-15T23:05:43.679 INFO:journalctl@ceph.mon.a.smithi002.stdout:Sep 15 23:05:43 smithi002 ceph-mon[31019]: from='mgr.14150 172.21.15.2:0/1521960996' entity='mgr.x'
2024-09-15T23:05:44.808 INFO:journalctl@ceph.mon.a.smithi002.stdout:Sep 15 23:05:44 smithi002 ceph-mon[31019]: from='mgr.14150 172.21.15.2:0/1521960996' entity='mgr.x'
2024-09-15T23:05:44.808 INFO:journalctl@ceph.mon.a.smithi002.stdout:Sep 15 23:05:44 smithi002 ceph-mon[31019]: mgrmap e12: x(active, since 2s)
2024-09-15T23:05:44.808 INFO:journalctl@ceph.mon.a.smithi002.stdout:Sep 15 23:05:44 smithi002 ceph-mon[31019]: from='mgr.14150 172.21.15.2:0/1521960996' entity='mgr.x'
2024-09-15T23:05:44.808 INFO:journalctl@ceph.mon.a.smithi002.stdout:Sep 15 23:05:44 smithi002 ceph-mon[31019]: from='mgr.14150 172.21.15.2:0/1521960996' entity='mgr.x'
2024-09-15T23:05:44.808 INFO:journalctl@ceph.mon.a.smithi002.stdout:Sep 15 23:05:44 smithi002 ceph-mon[31019]: [15/Sep/2024:23:05:44] ENGINE Bus STARTING
2024-09-15T23:05:44.809 INFO:journalctl@ceph.mgr.x.smithi002.stdout:Sep 15 23:05:44 smithi002 ceph-cb7ab3ae-73b6-11ef-bceb-c7b262605968-mgr-x[31246]:
2024-09-15T23:05:44.509+0000 7f157392f640 -1 log_channel(cephadm) log [ERR] : [15/Sep/2024:23:05:44] ENGINE Error in HTTPServer.serve
2024-09-15T23:05:44.809 INFO:journalctl@ceph.mgr.x.smithi002.stdout:Sep 15 23:05:44 smithi002 ceph-cb7ab3ae-73b6-11ef-bceb-c7b262605968-mgr-x[31246]: Traceback (most recent call last):
2024-09-15T23:05:44.809 INFO:journalctl@ceph.mgr.x.smithi002.stdout:Sep 15 23:05:44 smithi002 ceph-cb7ab3ae-73b6-11ef-bceb-c7b262605968-mgr-x[31246]: File "/lib/python3.9/site-packages/cheroot/server.py", line 1823, in serve
2024-09-15T23:05:44.809 INFO:journalctl@ceph.mgr.x.smithi002.stdout:Sep 15 23:05:44 smithi002 ceph-cb7ab3ae-73b6-11ef-bceb-c7b262605968-mgr-x[31246]: self._connections.run(self.expiration_interval)
2024-09-15T23:05:44.809 INFO:journalctl@ceph.mgr.x.smithi002.stdout:Sep 15 23:05:44 smithi002 ceph-cb7ab3ae-73b6-11ef-bceb-c7b262605968-mgr-x[31246]: File "/lib/python3.9/site-packages/cheroot/connections.py", line 203, in run
2024-09-15T23:05:44.809 INFO:journalctl@ceph.mgr.x.smithi002.stdout:Sep 15 23:05:44 smithi002 ceph-cb7ab3ae-73b6-11ef-bceb-c7b262605968-mgr-x[31246]: self._run(expiration_interval)
2024-09-15T23:05:44.809 INFO:journalctl@ceph.mgr.x.smithi002.stdout:Sep 15 23:05:44 smithi002 ceph-cb7ab3ae-73b6-11ef-bceb-c7b262605968-mgr-x[31246]: File "/lib/python3.9/site-packages/cheroot/connections.py", line 246, in _run
2024-09-15T23:05:44.809 INFO:journalctl@ceph.mgr.x.smithi002.stdout:Sep 15 23:05:44 smithi002 ceph-cb7ab3ae-73b6-11ef-bceb-c7b262605968-mgr-x[31246]: new_conn = self._from_server_socket(self.server.socket)
2024-09-15T23:05:44.809 INFO:journalctl@ceph.mgr.x.smithi002.stdout:Sep 15 23:05:44 smithi002 ceph-cb7ab3ae-73b6-11ef-bceb-c7b262605968-mgr-x[31246]: File "/lib/python3.9/site-packages/cheroot/connections.py", line 300, in _from_server_socket
2024-09-15T23:05:44.809 INFO:journalctl@ceph.mgr.x.smithi002.stdout:Sep 15 23:05:44 smithi002 ceph-cb7ab3ae-73b6-11ef-bceb-c7b262605968-mgr-x[31246]: s, ssl_env = self.server.ssl_adapter.wrap(s)
2024-09-15T23:05:44.809 INFO:journalctl@ceph.mgr.x.smithi002.stdout:Sep 15 23:05:44 smithi002 ceph-cb7ab3ae-73b6-11ef-bceb-c7b262605968-mgr-x[31246]: File "/lib/python3.9/site-packages/cheroot/ssl/builtin.py", line 277, in wrap
2024-09-15T23:05:44.810 INFO:journalctl@ceph.mgr.x.smithi002.stdout:Sep 15 23:05:44 smithi002 ceph-cb7ab3ae-73b6-11ef-bceb-c7b262605968-mgr-x[31246]: s = self.context.wrap_socket(
2024-09-15T23:05:44.810 INFO:journalctl@ceph.mgr.x.smithi002.stdout:Sep 15 23:05:44 smithi002 ceph-cb7ab3ae-73b6-11ef-bceb-c7b262605968-mgr-x[31246]: File "/lib64/python3.9/ssl.py", line 501, in wrap_socket
2024-09-15T23:05:44.810 INFO:journalctl@ceph.mgr.x.smithi002.stdout:Sep 15 23:05:44 smithi002 ceph-cb7ab3ae-73b6-11ef-bceb-c7b262605968-mgr-x[31246]: return self.sslsocket_class._create(
2024-09-15T23:05:44.810 INFO:journalctl@ceph.mgr.x.smithi002.stdout:Sep 15 23:05:44 smithi002 ceph-cb7ab3ae-73b6-11ef-bceb-c7b262605968-mgr-x[31246]: File "/lib64/python3.9/ssl.py", line 1074, in _create
2024-09-15T23:05:44.810 INFO:journalctl@ceph.mgr.x.smithi002.stdout:Sep 15 23:05:44 smithi002 ceph-cb7ab3ae-73b6-11ef-bceb-c7b262605968-mgr-x[31246]: self.do_handshake()
2024-09-15T23:05:44.810 INFO:journalctl@ceph.mgr.x.smithi002.stdout:Sep 15 23:05:44 smithi002 ceph-cb7ab3ae-73b6-11ef-bceb-c7b262605968-mgr-x[31246]: File "/lib64/python3.9/ssl.py", line 1343, in do_handshake
2024-09-15T23:05:44.810 INFO:journalctl@ceph.mgr.x.smithi002.stdout:Sep 15 23:05:44 smithi002 ceph-cb7ab3ae-73b6-11ef-bceb-c7b262605968-mgr-x[31246]: self._sslobj.do_handshake()
2024-09-15T23:05:44.810 INFO:journalctl@ceph.mgr.x.smithi002.stdout:Sep 15 23:05:44 smithi002 ceph-cb7ab3ae-73b6-11ef-bceb-c7b262605968-mgr-x[31246]: ssl.SSLZeroReturnError: TLS/SSL connection has been closed (EOF) (_ssl.c:1133)
2024-09-15T23:05:44.810 INFO:journalctl@ceph.mgr.x.smithi002.stdout:Sep 15 23:05:44 smithi002 ceph-cb7ab3ae-73b6-11ef-bceb-c7b262605968-mgr-x[31246]:
2024-09-15T23:05:44.872 INFO:teuthology.orchestra.run.smithi002.stdout:/usr/bin/ceph: stdout Self-signed certificate created
2024-09-15T23:05:44.872 INFO:teuthology.orchestra.run.smithi002.stdout:/usr/bin/ceph: stderr
2024-09-15T23:05:43.976+0000 7f859c3ce640 1 Processor -- start
2024-09-15T23:05:44.872 INFO:teuthology.orchestra.run.smithi002.stdout:/usr/bin/ceph: stderr
2024-09-15T23:05:43.976+0000 7f859c3ce640 1 -- start start
2024-09-15T23:05:44.872 INFO:teuthology.orchestra.run.smithi002.stdout:/usr/bin/ceph: stderr
2024-09-15T23:05:43.977+0000 7f859c3ce640 1 --2- >> [v2:172.21.15.2:3300/0,v1:172.21.15.2:6789/0] conn(0x7f8594105e00 0x7f8594106200 unknown :-1 s=NONE pgs=0 cs=0 l=0 rev1=0 crypto rx=0 tx=0 comp rx=0 tx=0).connect
2024-09-15T23:05:44.872 INFO:teuthology.orchestra.run.smithi002.stdout:/usr/bin/ceph: stderr
2024-09-15T23:05:43.977+0000 7f859c3ce640 1 -- --> [v2:172.21.15.2:3300/0,v1:172.21.15.2:6789/0] -- mon_getmap magic: 0 -- 0x7f859407bd70 con 0x7f8594105e00
2024-09-15T23:05:44.872 INFO:teuthology.orchestra.run.smithi002.stdout:/usr/bin/ceph: stderr
2024-09-15T23:05:43.977+0000 7f859a16a640 1 --2- >> [v2:172.21.15.2:3300/0,v1:172.21.15.2:6789/0] conn(0x7f8594105e00 0x7f8594106200 unknown :-1 s=BANNER_CONNECTING pgs=0 cs=0 l=0 rev1=0 crypto rx=0 tx=0 comp rx=0 tx=0)._handle_peer_banner_payload supported=3 required=0
2024-09-15T23:05:44.872 INFO:teuthology.orchestra.run.smithi002.stdout:/usr/bin/ceph: stderr
2024-09-15T23:05:43.977+0000 7f859a16a640 1 --2- >> [v2:172.21.15.2:3300/0,v1:172.21.15.2:6789/0] conn(0x7f8594105e00 0x7f8594106200 unknown :-1 s=HELLO_CONNECTING pgs=0 cs=0 l=0 rev1=1 crypto rx=0 tx=0 comp rx=0 tx=0).handle_hello peer v2:172.21.15.2:3300/0 says I am v2:172.21.15.2:47722/0 (socket says 172.21.15.2:47722)
2024-09-15T23:05:44.872 INFO:teuthology.orchestra.run.smithi002.stdout:/usr/bin/ceph: stderr
2024-09-15T23:05:43.977+0000 7f859a16a640 1 -- 172.21.15.2:0/1083662618 learned_addr learned my addr 172.21.15.2:0/1083662618 (peer_addr_for_me v2:172.21.15.2:0/0)
2024-09-15T23:05:44.872 INFO:teuthology.orchestra.run.smithi002.stdout:/usr/bin/ceph: stderr
2024-09-15T23:05:43.977+0000 7f859a16a640 1 -- 172.21.15.2:0/1083662618 --> [v2:172.21.15.2:3300/0,v1:172.21.15.2:6789/0] -- mon_subscribe({config=0+,monmap=0+}) -- 0x7f8594106740 con 0x7f8594105e00
2024-09-15T23:05:44.872 INFO:teuthology.orchestra.run.smithi002.stdout:/usr/bin/ceph: stderr
2024-09-15T23:05:43.978+0000 7f859a16a640 1 --2- 172.21.15.2:0/1083662618 >> [v2:172.21.15.2:3300/0,v1:172.21.15.2:6789/0] conn(0x7f8594105e00 0x7f8594106200 secure :-1 s=READY pgs=68 cs=0 l=1 rev1=1 crypto rx=0x7f8590009820 tx=0x7f859002a270 comp rx=0 tx=0).ready entity=mon.0 client_cookie=1ae3eb4be74a4534 server_cookie=0 in_seq=0 out_seq=0
2024-09-15T23:05:44.872 INFO:teuthology.orchestra.run.smithi002.stdout:/usr/bin/ceph: stderr
2024-09-15T23:05:43.978+0000 7f8599168640 1 -- 172.21.15.2:0/1083662618 <== mon.0 v2:172.21.15.2:3300/0 1 ==== mon_map magic: 0 ==== 205+0+0 (secure 0 0 0) 0x7f8590037070 con 0x7f8594105e00
2024-09-15T23:05:44.873 INFO:teuthology.orchestra.run.smithi002.stdout:/usr/bin/ceph: stderr
2024-09-15T23:05:43.978+0000 7f8599168640 1 -- 172.21.15.2:0/1083662618 <== mon.0 v2:172.21.15.2:3300/0 2 ==== config(26 keys) ==== 1102+0+0 (secure 0 0 0) 0x7f85900328f0 con 0x7f8594105e00
2024-09-15T23:05:44.873 INFO:teuthology.orchestra.run.smithi002.stdout:/usr/bin/ceph: stderr
2024-09-15T23:05:43.978+0000 7f8599168640 1 -- 172.21.15.2:0/1083662618 <== mon.0 v2:172.21.15.2:3300/0 3 ==== mon_map magic: 0 ==== 205+0+0 (secure 0 0 0) 0x7f8590030740 con 0x7f8594105e00
2024-09-15T23:05:44.873 INFO:teuthology.orchestra.run.smithi002.stdout:/usr/bin/ceph: stderr
2024-09-15T23:05:43.979+0000 7f859c3ce640 1 -- 172.21.15.2:0/1083662618 >> [v2:172.21.15.2:3300/0,v1:172.21.15.2:6789/0] conn(0x7f8594105e00 msgr2=0x7f8594106200 secure :-1 s=STATE_CONNECTION_ESTABLISHED l=1).mark_down
2024-09-15T23:05:44.873 INFO:teuthology.orchestra.run.smithi002.stdout:/usr/bin/ceph: stderr
2024-09-15T23:05:43.979+0000 7f859c3ce640 1 --2- 172.21.15.2:0/1083662618 >> [v2:172.21.15.2:3300/0,v1:172.21.15.2:6789/0] conn(0x7f8594105e00 0x7f8594106200 secure :-1 s=READY pgs=68 cs=0 l=1 rev1=1 crypto rx=0x7f8590009820 tx=0x7f859002a270 comp rx=0 tx=0).stop
2024-09-15T23:05:44.873 INFO:teuthology.orchestra.run.smithi002.stdout:/usr/bin/ceph: stderr
2024-09-15T23:05:43.979+0000 7f859c3ce640 1 -- 172.21.15.2:0/1083662618 shutdown_connections
2024-09-15T23:05:44.873 INFO:teuthology.orchestra.run.smithi002.stdout:/usr/bin/ceph: stderr
2024-09-15T23:05:43.979+0000 7f859c3ce640 1 --2- 172.21.15.2:0/1083662618 >> [v2:172.21.15.2:3300/0,v1:172.21.15.2:6789/0] conn(0x7f8594105e00 0x7f8594106200 unknown :-1 s=CLOSED pgs=68 cs=0 l=1 rev1=1 crypto rx=0 tx=0 comp rx=0 tx=0).stop
2024-09-15T23:05:44.873 INFO:teuthology.orchestra.run.smithi002.stdout:/usr/bin/ceph: stderr
2024-09-15T23:05:43.979+0000 7f859c3ce640 1 -- 172.21.15.2:0/1083662618 >> 172.21.15.2:0/1083662618 conn(0x7f8594101bb0 msgr2=0x7f8594103fd0 unknown :-1 s=STATE_NONE l=0).mark_down
2024-09-15T23:05:44.873 INFO:teuthology.orchestra.run.smithi002.stdout:/usr/bin/ceph: stderr
2024-09-15T23:05:43.979+0000 7f859c3ce640 1 -- 172.21.15.2:0/1083662618 shutdown_connections
2024-09-15T23:05:44.873 INFO:teuthology.orchestra.run.smithi002.stdout:/usr/bin/ceph: stderr
2024-09-15T23:05:43.979+0000 7f859c3ce640 1 -- 172.21.15.2:0/1083662618 wait complete.
2024-09-15T23:05:44.873 INFO:teuthology.orchestra.run.smithi002.stdout:/usr/bin/ceph: stderr
2024-09-15T23:05:43.980+0000 7f859c3ce640 1 Processor -- start
2024-09-15T23:05:44.873 INFO:teuthology.orchestra.run.smithi002.stdout:/usr/bin/ceph: stderr
2024-09-15T23:05:43.980+0000 7f859c3ce640 1 -- start start
2024-09-15T23:05:44.873 INFO:teuthology.orchestra.run.smithi002.stdout:/usr/bin/ceph: stderr
2024-09-15T23:05:43.980+0000 7f859c3ce640 1 --2- >> [v2:172.21.15.2:3300/0,v1:172.21.15.2:6789/0] conn(0x7f8594105e00 0x7f859419d630 unknown :-1 s=NONE pgs=0 cs=0 l=1 rev1=0 crypto rx=0 tx=0 comp rx=0 tx=0).connect
2024-09-15T23:05:44.873 INFO:teuthology.orchestra.run.smithi002.stdout:/usr/bin/ceph: stderr
2024-09-15T23:05:43.980+0000 7f859c3ce640 1 -- --> [v2:172.21.15.2:3300/0,v1:172.21.15.2:6789/0] -- mon_getmap magic: 0 -- 0x7f8594107820 con 0x7f8594105e00
2024-09-15T23:05:44.873 INFO:teuthology.orchestra.run.smithi002.stdout:/usr/bin/ceph: stderr
2024-09-15T23:05:43.980+0000 7f859a16a640 1 --2- >> [v2:172.21.15.2:3300/0,v1:172.21.15.2:6789/0] conn(0x7f8594105e00 0x7f859419d630 unknown :-1 s=BANNER_CONNECTING pgs=0 cs=0 l=1 rev1=0 crypto rx=0 tx=0 comp rx=0 tx=0)._handle_peer_banner_payload supported=3 required=0
2024-09-15T23:05:44.874 INFO:teuthology.orchestra.run.smithi002.stdout:/usr/bin/ceph: stderr
2024-09-15T23:05:43.980+0000 7f859a16a640 1 --2- >> [v2:172.21.15.2:3300/0,v1:172.21.15.2:6789/0] conn(0x7f8594105e00 0x7f859419d630 unknown :-1 s=HELLO_CONNECTING pgs=0 cs=0 l=1 rev1=1 crypto rx=0 tx=0 comp rx=0 tx=0).handle_hello peer v2:172.21.15.2:3300/0 says I am v2:172.21.15.2:47732/0 (socket says 172.21.15.2:47732)
2024-09-15T23:05:44.874 INFO:teuthology.orchestra.run.smithi002.stdout:/usr/bin/ceph: stderr
2024-09-15T23:05:43.980+0000 7f859a16a640 1 -- 172.21.15.2:0/4028048078 learned_addr learned my addr 172.21.15.2:0/4028048078 (peer_addr_for_me v2:172.21.15.2:0/0)
2024-09-15T23:05:44.874 INFO:teuthology.orchestra.run.smithi002.stdout:/usr/bin/ceph: stderr
2024-09-15T23:05:43.980+0000 7f859a16a640 1 -- 172.21.15.2:0/4028048078 --> [v2:172.21.15.2:3300/0,v1:172.21.15.2:6789/0] -- mon_subscribe({config=0+,monmap=0+}) -- 0x7f859419db70 con 0x7f8594105e00
2024-09-15T23:05:44.874 INFO:teuthology.orchestra.run.smithi002.stdout:/usr/bin/ceph: stderr
2024-09-15T23:05:43.981+0000 7f859a16a640 1 --2- 172.21.15.2:0/4028048078 >> [v2:172.21.15.2:3300/0,v1:172.21.15.2:6789/0] conn(0x7f8594105e00 0x7f859419d630 secure :-1 s=READY pgs=69 cs=0 l=1 rev1=1 crypto rx=0x7f85900097f0 tx=0x7f8590030c70 comp rx=0 tx=0).ready entity=mon.0 client_cookie=0 server_cookie=0 in_seq=0 out_seq=0
2024-09-15T23:05:44.874 INFO:teuthology.orchestra.run.smithi002.stdout:/usr/bin/ceph: stderr
2024-09-15T23:05:43.981+0000 7f858b7fe640 1 -- 172.21.15.2:0/4028048078 <== mon.0 v2:172.21.15.2:3300/0 1 ==== mon_map magic: 0 ==== 205+0+0 (secure 0 0 0) 0x7f8590042070 con 0x7f8594105e00
2024-09-15T23:05:44.874 INFO:teuthology.orchestra.run.smithi002.stdout:/usr/bin/ceph: stderr
2024-09-15T23:05:43.981+0000 7f858b7fe640 1 -- 172.21.15.2:0/4028048078 <== mon.0 v2:172.21.15.2:3300/0 2 ==== config(26 keys) ==== 1102+0+0 (secure 0 0 0) 0x7f8590030d80 con 0x7f8594105e00
2024-09-15T23:05:44.874 INFO:teuthology.orchestra.run.smithi002.stdout:/usr/bin/ceph: stderr
2024-09-15T23:05:43.981+0000 7f858b7fe640 1 -- 172.21.15.2:0/4028048078 <== mon.0 v2:172.21.15.2:3300/0 3 ==== mon_map magic: 0 ==== 205+0+0 (secure 0 0 0) 0x7f8590037040 con 0x7f8594105e00
2024-09-15T23:05:44.874 INFO:teuthology.orchestra.run.smithi002.stdout:/usr/bin/ceph: stderr
2024-09-15T23:05:43.981+0000 7f859c3ce640 1 -- 172.21.15.2:0/4028048078 --> [v2:172.21.15.2:3300/0,v1:172.21.15.2:6789/0] -- mon_subscribe({mgrmap=0+}) -- 0x7f859419de00 con 0x7f8594105e00
2024-09-15T23:05:44.874 INFO:teuthology.orchestra.run.smithi002.stdout:/usr/bin/ceph: stderr
2024-09-15T23:05:43.981+0000 7f859c3ce640 1 -- 172.21.15.2:0/4028048078 --> [v2:172.21.15.2:3300/0,v1:172.21.15.2:6789/0] -- mon_subscribe({osdmap=0}) -- 0x7f85941a0af0 con 0x7f8594105e00
2024-09-15T23:05:44.874 INFO:teuthology.orchestra.run.smithi002.stdout:/usr/bin/ceph: stderr
2024-09-15T23:05:43.982+0000 7f858b7fe640 1 -- 172.21.15.2:0/4028048078 <== mon.0 v2:172.21.15.2:3300/0 4 ==== mgrmap(e 12) ==== 46474+0+0 (secure 0 0 0) 0x7f8590045070 con 0x7f8594105e00
2024-09-15T23:05:44.874 INFO:teuthology.orchestra.run.smithi002.stdout:/usr/bin/ceph: stderr
2024-09-15T23:05:43.982+0000 7f859c3ce640 1 -- 172.21.15.2:0/4028048078 --> [v2:172.21.15.2:3300/0,v1:172.21.15.2:6789/0] -- mon_command({"prefix": "get_command_descriptions"} v 0) -- 0x7f8594106200 con 0x7f8594105e00
2024-09-15T23:05:44.874 INFO:teuthology.orchestra.run.smithi002.stdout:/usr/bin/ceph: stderr
2024-09-15T23:05:43.982+0000 7f858b7fe640 1 --2- 172.21.15.2:0/4028048078 >> [v2:172.21.15.2:6800/2564114882,v1:172.21.15.2:6801/2564114882] conn(0x7f8580039260 0x7f858003b720 unknown :-1 s=NONE pgs=0 cs=0 l=1 rev1=0 crypto rx=0 tx=0 comp rx=0 tx=0).connect
2024-09-15T23:05:44.874 INFO:teuthology.orchestra.run.smithi002.stdout:/usr/bin/ceph: stderr
2024-09-15T23:05:43.982+0000 7f858b7fe640 1 -- 172.21.15.2:0/4028048078 <== mon.0 v2:172.21.15.2:3300/0 5 ==== osd_map(3..3 src has 1..3) ==== 1155+0+0 (secure 0 0 0) 0x7f859006c440 con 0x7f8594105e00
2024-09-15T23:05:44.874 INFO:teuthology.orchestra.run.smithi002.stdout:/usr/bin/ceph: stderr
2024-09-15T23:05:43.982+0000 7f8599969640 1 --2- 172.21.15.2:0/4028048078 >> [v2:172.21.15.2:6800/2564114882,v1:172.21.15.2:6801/2564114882] conn(0x7f8580039260 0x7f858003b720 unknown :-1 s=BANNER_CONNECTING pgs=0 cs=0 l=1 rev1=0 crypto rx=0 tx=0 comp rx=0 tx=0)._handle_peer_banner_payload supported=3 required=0
2024-09-15T23:05:44.875 INFO:teuthology.orchestra.run.smithi002.stdout:/usr/bin/ceph: stderr
2024-09-15T23:05:43.983+0000 7f8599969640 1 --2- 172.21.15.2:0/4028048078 >> [v2:172.21.15.2:6800/2564114882,v1:172.21.15.2:6801/2564114882] conn(0x7f8580039260 0x7f858003b720 secure :-1 s=READY pgs=7 cs=0 l=1 rev1=1 crypto rx=0x7f85840098c0 tx=0x7f8584006db0 comp rx=0 tx=0).ready entity=mgr.14150 client_cookie=0 server_cookie=0 in_seq=0 out_seq=0
2024-09-15T23:05:44.875 INFO:teuthology.orchestra.run.smithi002.stdout:/usr/bin/ceph: stderr
2024-09-15T23:05:43.987+0000 7f858b7fe640 1 -- 172.21.15.2:0/4028048078 <== mon.0 v2:172.21.15.2:3300/0 6 ==== mon_command_ack([{"prefix": "get_command_descriptions"}]=0 v0) ==== 72+0+188821 (secure 0 0 0) 0x7f8590045360 con 0x7f8594105e00
2024-09-15T23:05:44.875 INFO:teuthology.orchestra.run.smithi002.stdout:/usr/bin/ceph: stderr
2024-09-15T23:05:44.185+0000 7f859c3ce640 1 -- 172.21.15.2:0/4028048078 --> [v2:172.21.15.2:6800/2564114882,v1:172.21.15.2:6801/2564114882] -- mgr_command(tid 0: {"prefix": "dashboard create-self-signed-cert", "target": ["mon-mgr", ""]}) -- 0x7f8594062630 con 0x7f8580039260
2024-09-15T23:05:44.875 INFO:teuthology.orchestra.run.smithi002.stdout:/usr/bin/ceph: stderr
2024-09-15T23:05:44.227+0000 7f858b7fe640 1 -- 172.21.15.2:0/4028048078 <== mgr.14150 v2:172.21.15.2:6800/2564114882 1 ==== mgr_command_reply(tid 0: 0 ) ==== 8+0+32 (secure 0 0 0) 0x7f8594062630 con 0x7f8580039260
2024-09-15T23:05:44.875 INFO:teuthology.orchestra.run.smithi002.stdout:/usr/bin/ceph: stderr
2024-09-15T23:05:44.230+0000 7f859c3ce640 1 -- 172.21.15.2:0/4028048078 >> [v2:172.21.15.2:6800/2564114882,v1:172.21.15.2:6801/2564114882] conn(0x7f8580039260 msgr2=0x7f858003b720 secure :-1 s=STATE_CONNECTION_ESTABLISHED l=1).mark_down
2024-09-15T23:05:44.875 INFO:teuthology.orchestra.run.smithi002.stdout:/usr/bin/ceph: stderr
2024-09-15T23:05:44.230+0000 7f859c3ce640 1 --2- 172.21.15.2:0/4028048078 >> [v2:172.21.15.2:6800/2564114882,v1:172.21.15.2:6801/2564114882] conn(0x7f8580039260 0x7f858003b720 secure :-1 s=READY pgs=7 cs=0 l=1 rev1=1 crypto rx=0x7f85840098c0 tx=0x7f8584006db0 comp rx=0 tx=0).stop
2024-09-15T23:05:44.875 INFO:teuthology.orchestra.run.smithi002.stdout:/usr/bin/ceph: stderr
2024-09-15T23:05:44.230+0000 7f859c3ce640 1 -- 172.21.15.2:0/4028048078 >> [v2:172.21.15.2:3300/0,v1:172.21.15.2:6789/0] conn(0x7f8594105e00 msgr2=0x7f859419d630 secure :-1 s=STATE_CONNECTION_ESTABLISHED l=1).mark_down
2024-09-15T23:05:44.875 INFO:teuthology.orchestra.run.smithi002.stdout:/usr/bin/ceph: stderr
2024-09-15T23:05:44.230+0000 7f859c3ce640 1 --2- 172.21.15.2:0/4028048078 >> [v2:172.21.15.2:3300/0,v1:172.21.15.2:6789/0] conn(0x7f8594105e00 0x7f859419d630 secure :-1 s=READY pgs=69 cs=0 l=1 rev1=1 crypto rx=0x7f85900097f0 tx=0x7f8590030c70 comp rx=0 tx=0).stop
2024-09-15T23:05:44.875 INFO:teuthology.orchestra.run.smithi002.stdout:/usr/bin/ceph: stderr
2024-09-15T23:05:44.230+0000 7f859c3ce640 1 -- 172.21.15.2:0/4028048078 shutdown_connections
2024-09-15T23:05:44.875 INFO:teuthology.orchestra.run.smithi002.stdout:/usr/bin/ceph: stderr
2024-09-15T23:05:44.230+0000 7f859c3ce640 1 --2- 172.21.15.2:0/4028048078 >> [v2:172.21.15.2:6800/2564114882,v1:172.21.15.2:6801/2564114882] conn(0x7f8580039260 0x7f858003b720 unknown :-1 s=CLOSED pgs=7 cs=0 l=1 rev1=1 crypto rx=0 tx=0 comp rx=0 tx=0).stop
2024-09-15T23:05:44.875 INFO:teuthology.orchestra.run.smithi002.stdout:/usr/bin/ceph: stderr
2024-09-15T23:05:44.230+0000 7f859c3ce640 1 --2- 172.21.15.2:0/4028048078 >> [v2:172.21.15.2:3300/0,v1:172.21.15.2:6789/0] conn(0x7f8594105e00 0x7f859419d630 unknown :-1 s=CLOSED pgs=69 cs=0 l=1 rev1=1 crypto rx=0 tx=0 comp rx=0 tx=0).stop
2024-09-15T23:05:44.875 INFO:teuthology.orchestra.run.smithi002.stdout:/usr/bin/ceph: stderr
2024-09-15T23:05:44.230+0000 7f859c3ce640 1 -- 172.21.15.2:0/4028048078 >> 172.21.15.2:0/4028048078 conn(0x7f8594101bb0 msgr2=0x7f8594191a80 unknown :-1 s=STATE_NONE l=0).mark_down
2024-09-15T23:05:44.875 INFO:teuthology.orchestra.run.smithi002.stdout:/usr/bin/ceph: stderr
2024-09-15T23:05:44.230+0000 7f859c3ce640 1 -- 172.21.15.2:0/4028048078 shutdown_connections
2024-09-15T23:05:44.875 INFO:teuthology.orchestra.run.smithi002.stdout:/usr/bin/ceph: stderr
2024-09-15T23:05:44.230+0000 7f859c3ce640 1 -- 172.21.15.2:0/4028048078 wait complete.
2024-09-15T23:05:44.875 INFO:teuthology.orchestra.run.smithi002.stdout:Creating initial admin user...
2024-09-15T23:05:45.806 INFO:journalctl@ceph.mon.a.smithi002.stdout:Sep 15 23:05:45 smithi002 ceph-mon[31019]: [15/Sep/2024:23:05:44] ENGINE Serving on https://172.21.15.2:7150
2024-09-15T23:05:45.806 INFO:journalctl@ceph.mon.a.smithi002.stdout:Sep 15 23:05:45 smithi002 ceph-mon[31019]: [15/Sep/2024:23:05:44] ENGINE Error in HTTPServer.serve
2024-09-15T23:05:45.806 INFO:journalctl@ceph.mon.a.smithi002.stdout: Traceback (most recent call last):
2024-09-15T23:05:45.807 INFO:journalctl@ceph.mon.a.smithi002.stdout: File "/lib/python3.9/site-packages/cheroot/server.py", line 1823, in serve
2024-09-15T23:05:45.807 INFO:journalctl@ceph.mon.a.smithi002.stdout: self._connections.run(self.expiration_interval)
2024-09-15T23:05:45.807 INFO:journalctl@ceph.mon.a.smithi002.stdout: File "/lib/python3.9/site-packages/cheroot/connections.py", line 203, in run
2024-09-15T23:05:45.807 INFO:journalctl@ceph.mon.a.smithi002.stdout: self._run(expiration_interval)
2024-09-15T23:05:45.807 INFO:journalctl@ceph.mon.a.smithi002.stdout: File "/lib/python3.9/site-packages/cheroot/connections.py", line 246, in _run
2024-09-15T23:05:45.807 INFO:journalctl@ceph.mon.a.smithi002.stdout: new_conn = self._from_server_socket(self.server.socket)
2024-09-15T23:05:45.807 INFO:journalctl@ceph.mon.a.smithi002.stdout: File "/lib/python3.9/site-packages/cheroot/connections.py", line 300, in _from_server_socket
2024-09-15T23:05:45.807 INFO:journalctl@ceph.mon.a.smithi002.stdout: s, ssl_env = self.server.ssl_adapter.wrap(s)
2024-09-15T23:05:45.807 INFO:journalctl@ceph.mon.a.smithi002.stdout: File "/lib/python3.9/site-packages/cheroot/ssl/builtin.py", line 277, in wrap
2024-09-15T23:05:45.807 INFO:journalctl@ceph.mon.a.smithi002.stdout: s = self.context.wrap_socket(
2024-09-15T23:05:45.807 INFO:journalctl@ceph.mon.a.smithi002.stdout: File "/lib64/python3.9/ssl.py", line 501, in wrap_socket
2024-09-15T23:05:45.808 INFO:journalctl@ceph.mon.a.smithi002.stdout: return self.sslsocket_class._create(
2024-09-15T23:05:45.808 INFO:journalctl@ceph.mon.a.smithi002.stdout: File "/lib64/python3.9/ssl.py", line 1074, in _create
2024-09-15T23:05:45.808 INFO:journalctl@ceph.mon.a.smithi002.stdout: self.do_handshake()
2024-09-15T23:05:45.808 INFO:journalctl@ceph.mon.a.smithi002.stdout: File "/lib64/python3.9/ssl.py", line 1343, in do_handshake
2024-09-15T23:05:45.808 INFO:journalctl@ceph.mon.a.smithi002.stdout: self._sslobj.do_handshake()
2024-09-15T23:05:45.808 INFO:journalctl@ceph.mon.a.smithi002.stdout: ssl.SSLZeroReturnError: TLS/SSL connection has been closed (EOF) (_ssl.c:1133)
2024-09-15T23:05:45.808 INFO:journalctl@ceph.mon.a.smithi002.stdout:Sep 15 23:05:45 smithi002 ceph-mon[31019]: [15/Sep/2024:23:05:44] ENGINE Serving on http://172.21.15.2:8765
2024-09-15T23:05:45.808 INFO:journalctl@ceph.mon.a.smithi002.stdout:Sep 15 23:05:45 smithi002 ceph-mon[31019]: [15/Sep/2024:23:05:44] ENGINE Bus STARTED
2024-09-15T23:05:46.512 INFO:teuthology.orchestra.run.smithi002.stdout:/usr/bin/ceph: stdout {"username": "admin", "password": "$2b$12$w0g9ykM86BIgYxklDbZYFeIG99Cg56tt0WJMKk0ED.Ac5Brz2glLO", "roles": ["administrator"], "name": null, "email": null, "lastUpdate": 1726441545, "enabled": true, "pwdExpirationDate": null, "pwdUpdateRequired": true}
2024-09-15T23:05:46.512 INFO:teuthology.orchestra.run.smithi002.stdout:/usr/bin/ceph: stderr
2024-09-15T23:05:45.353+0000 7f10f0461640 1 Processor -- start
2024-09-15T23:05:46.512 INFO:teuthology.orchestra.run.smithi002.stdout:/usr/bin/ceph: stderr
2024-09-15T23:05:45.354+0000 7f10f0461640 1 -- start start
2024-09-15T23:05:46.512 INFO:teuthology.orchestra.run.smithi002.stdout:/usr/bin/ceph: stderr
2024-09-15T23:05:45.354+0000 7f10f0461640 1 --2- >> [v2:172.21.15.2:3300/0,v1:172.21.15.2:6789/0] conn(0x7f10e8107f90 0x7f10e810a380 unknown :-1 s=NONE pgs=0 cs=0 l=0 rev1=0 crypto rx=0 tx=0 comp rx=0 tx=0).connect
2024-09-15T23:05:46.512 INFO:teuthology.orchestra.run.smithi002.stdout:/usr/bin/ceph: stderr
2024-09-15T23:05:45.354+0000 7f10f0461640 1 -- --> [v2:172.21.15.2:3300/0,v1:172.21.15.2:6789/0] -- mon_getmap magic: 0 -- 0x7f10e807be00 con 0x7f10e8107f90
2024-09-15T23:05:46.512 INFO:teuthology.orchestra.run.smithi002.stdout:/usr/bin/ceph: stderr
2024-09-15T23:05:45.354+0000 7f10ee1fd640 1 --2- >> [v2:172.21.15.2:3300/0,v1:172.21.15.2:6789/0] conn(0x7f10e8107f90 0x7f10e810a380 unknown :-1 s=BANNER_CONNECTING pgs=0 cs=0 l=0 rev1=0 crypto rx=0 tx=0 comp rx=0 tx=0)._handle_peer_banner_payload supported=3 required=0
2024-09-15T23:05:46.513 INFO:teuthology.orchestra.run.smithi002.stdout:/usr/bin/ceph: stderr
2024-09-15T23:05:45.354+0000 7f10ee1fd640 1 --2- >> [v2:172.21.15.2:3300/0,v1:172.21.15.2:6789/0] conn(0x7f10e8107f90 0x7f10e810a380 unknown :-1 s=HELLO_CONNECTING pgs=0 cs=0 l=0 rev1=1 crypto rx=0 tx=0 comp rx=0 tx=0).handle_hello peer v2:172.21.15.2:3300/0 says I am v2:172.21.15.2:47736/0 (socket says 172.21.15.2:47736)
2024-09-15T23:05:46.513 INFO:teuthology.orchestra.run.smithi002.stdout:/usr/bin/ceph: stderr
2024-09-15T23:05:45.354+0000 7f10ee1fd640 1 -- 172.21.15.2:0/2834067671 learned_addr learned my addr 172.21.15.2:0/2834067671 (peer_addr_for_me v2:172.21.15.2:0/0)
2024-09-15T23:05:46.513 INFO:teuthology.orchestra.run.smithi002.stdout:/usr/bin/ceph: stderr
2024-09-15T23:05:45.354+0000 7f10ee1fd640 1 -- 172.21.15.2:0/2834067671 --> [v2:172.21.15.2:3300/0,v1:172.21.15.2:6789/0] -- mon_subscribe({config=0+,monmap=0+}) -- 0x7f10e810a8c0 con 0x7f10e8107f90
2024-09-15T23:05:46.513 INFO:teuthology.orchestra.run.smithi002.stdout:/usr/bin/ceph: stderr
2024-09-15T23:05:45.355+0000 7f10ee1fd640 1 --2- 172.21.15.2:0/2834067671 >> [v2:172.21.15.2:3300/0,v1:172.21.15.2:6789/0] conn(0x7f10e8107f90 0x7f10e810a380 secure :-1 s=READY pgs=70 cs=0 l=1 rev1=1 crypto rx=0x7f10e4009820 tx=0x7f10e402a270 comp rx=0 tx=0).ready entity=mon.0 client_cookie=33e856f2e5a833c9 server_cookie=0 in_seq=0 out_seq=0
2024-09-15T23:05:46.513 INFO:teuthology.orchestra.run.smithi002.stdout:/usr/bin/ceph: stderr
2024-09-15T23:05:45.355+0000 7f10ed1fb640 1 -- 172.21.15.2:0/2834067671 <== mon.0 v2:172.21.15.2:3300/0 1 ==== mon_map magic: 0 ==== 205+0+0 (secure 0 0 0) 0x7f10e4037070 con 0x7f10e8107f90
2024-09-15T23:05:46.513 INFO:teuthology.orchestra.run.smithi002.stdout:/usr/bin/ceph: stderr
2024-09-15T23:05:45.355+0000 7f10ed1fb640 1 -- 172.21.15.2:0/2834067671 <== mon.0 v2:172.21.15.2:3300/0 2 ==== config(26 keys) ==== 1102+0+0 (secure 0 0 0) 0x7f10e40328f0 con 0x7f10e8107f90
2024-09-15T23:05:46.513 INFO:teuthology.orchestra.run.smithi002.stdout:/usr/bin/ceph: stderr
2024-09-15T23:05:45.355+0000 7f10ed1fb640 1 -- 172.21.15.2:0/2834067671 <== mon.0 v2:172.21.15.2:3300/0 3 ==== mon_map magic: 0 ==== 205+0+0 (secure 0 0 0) 0x7f10e4030740 con 0x7f10e8107f90
2024-09-15T23:05:46.513 INFO:teuthology.orchestra.run.smithi002.stdout:/usr/bin/ceph: stderr
2024-09-15T23:05:45.356+0000 7f10f0461640 1 -- 172.21.15.2:0/2834067671 >> [v2:172.21.15.2:3300/0,v1:172.21.15.2:6789/0] conn(0x7f10e8107f90 msgr2=0x7f10e810a380 secure :-1 s=STATE_CONNECTION_ESTABLISHED l=1).mark_down
2024-09-15T23:05:46.513 INFO:teuthology.orchestra.run.smithi002.stdout:/usr/bin/ceph: stderr
2024-09-15T23:05:45.356+0000 7f10f0461640 1 --2- 172.21.15.2:0/2834067671 >> [v2:172.21.15.2:3300/0,v1:172.21.15.2:6789/0] conn(0x7f10e8107f90 0x7f10e810a380 secure :-1 s=READY pgs=70 cs=0 l=1 rev1=1 crypto rx=0x7f10e4009820 tx=0x7f10e402a270 comp rx=0 tx=0).stop
2024-09-15T23:05:46.513 INFO:teuthology.orchestra.run.smithi002.stdout:/usr/bin/ceph: stderr
2024-09-15T23:05:45.356+0000 7f10f0461640 1 -- 172.21.15.2:0/2834067671 shutdown_connections
2024-09-15T23:05:46.513 INFO:teuthology.orchestra.run.smithi002.stdout:/usr/bin/ceph: stderr
2024-09-15T23:05:45.356+0000 7f10f0461640 1 --2- 172.21.15.2:0/2834067671 >> [v2:172.21.15.2:3300/0,v1:172.21.15.2:6789/0] conn(0x7f10e8107f90 0x7f10e810a380 unknown :-1 s=CLOSED pgs=70 cs=0 l=1 rev1=1 crypto rx=0 tx=0 comp rx=0 tx=0).stop
2024-09-15T23:05:46.513 INFO:teuthology.orchestra.run.smithi002.stdout:/usr/bin/ceph: stderr
2024-09-15T23:05:45.356+0000 7f10f0461640 1 -- 172.21.15.2:0/2834067671 >> 172.21.15.2:0/2834067671 conn(0x7f10e8101bd0 msgr2=0x7f10e8103ff0 unknown :-1 s=STATE_NONE l=0).mark_down
2024-09-15T23:05:46.513 INFO:teuthology.orchestra.run.smithi002.stdout:/usr/bin/ceph: stderr
2024-09-15T23:05:45.356+0000 7f10f0461640 1 -- 172.21.15.2:0/2834067671 shutdown_connections
2024-09-15T23:05:46.513 INFO:teuthology.orchestra.run.smithi002.stdout:/usr/bin/ceph: stderr
2024-09-15T23:05:45.356+0000 7f10f0461640 1 -- 172.21.15.2:0/2834067671 wait complete.
2024-09-15T23:05:46.514 INFO:teuthology.orchestra.run.smithi002.stdout:/usr/bin/ceph: stderr
2024-09-15T23:05:45.357+0000 7f10f0461640 1 Processor -- start
2024-09-15T23:05:46.514 INFO:teuthology.orchestra.run.smithi002.stdout:/usr/bin/ceph: stderr
2024-09-15T23:05:45.357+0000 7f10f0461640 1 -- start start
2024-09-15T23:05:46.514 INFO:teuthology.orchestra.run.smithi002.stdout:/usr/bin/ceph: stderr
2024-09-15T23:05:45.357+0000 7f10f0461640 1 --2- >> [v2:172.21.15.2:3300/0,v1:172.21.15.2:6789/0] conn(0x7f10e8107f90 0x7f10e819b440 unknown :-1 s=NONE pgs=0 cs=0 l=1 rev1=0 crypto rx=0 tx=0 comp rx=0 tx=0).connect
2024-09-15T23:05:46.514 INFO:teuthology.orchestra.run.smithi002.stdout:/usr/bin/ceph: stderr
2024-09-15T23:05:45.357+0000 7f10f0461640 1 -- --> [v2:172.21.15.2:3300/0,v1:172.21.15.2:6789/0] -- mon_getmap magic: 0 -- 0x7f10e810b8e0 con 0x7f10e8107f90
2024-09-15T23:05:46.514 INFO:teuthology.orchestra.run.smithi002.stdout:/usr/bin/ceph: stderr
2024-09-15T23:05:45.357+0000 7f10ee1fd640 1 --2- >> [v2:172.21.15.2:3300/0,v1:172.21.15.2:6789/0] conn(0x7f10e8107f90 0x7f10e819b440 unknown :-1 s=BANNER_CONNECTING pgs=0 cs=0 l=1 rev1=0 crypto rx=0 tx=0 comp rx=0 tx=0)._handle_peer_banner_payload supported=3 required=0
2024-09-15T23:05:46.514 INFO:teuthology.orchestra.run.smithi002.stdout:/usr/bin/ceph: stderr
2024-09-15T23:05:45.357+0000 7f10ee1fd640 1 --2- >> [v2:172.21.15.2:3300/0,v1:172.21.15.2:6789/0] conn(0x7f10e8107f90 0x7f10e819b440 unknown :-1 s=HELLO_CONNECTING pgs=0 cs=0 l=1 rev1=1 crypto rx=0 tx=0 comp rx=0 tx=0).handle_hello peer v2:172.21.15.2:3300/0 says I am v2:172.21.15.2:47738/0 (socket says 172.21.15.2:47738)
2024-09-15T23:05:46.514 INFO:teuthology.orchestra.run.smithi002.stdout:/usr/bin/ceph: stderr
2024-09-15T23:05:45.357+0000 7f10ee1fd640 1 -- 172.21.15.2:0/241439879 learned_addr learned my addr 172.21.15.2:0/241439879 (peer_addr_for_me v2:172.21.15.2:0/0)
2024-09-15T23:05:46.514 INFO:teuthology.orchestra.run.smithi002.stdout:/usr/bin/ceph: stderr
2024-09-15T23:05:45.358+0000 7f10ee1fd640 1 -- 172.21.15.2:0/241439879 --> [v2:172.21.15.2:3300/0,v1:172.21.15.2:6789/0] -- mon_subscribe({config=0+,monmap=0+}) -- 0x7f10e819b980 con 0x7f10e8107f90
2024-09-15T23:05:46.514 INFO:teuthology.orchestra.run.smithi002.stdout:/usr/bin/ceph: stderr
2024-09-15T23:05:45.358+0000 7f10ee1fd640 1 --2- 172.21.15.2:0/241439879 >> [v2:172.21.15.2:3300/0,v1:172.21.15.2:6789/0] conn(0x7f10e8107f90 0x7f10e819b440 secure :-1 s=READY pgs=71 cs=0 l=1 rev1=1 crypto rx=0x7f10e40097f0 tx=0x7f10e4030c70 comp rx=0 tx=0).ready entity=mon.0 client_cookie=0 server_cookie=0 in_seq=0 out_seq=0
2024-09-15T23:05:46.514 INFO:teuthology.orchestra.run.smithi002.stdout:/usr/bin/ceph: stderr
2024-09-15T23:05:45.358+0000 7f10db7fe640 1 -- 172.21.15.2:0/241439879 <== mon.0 v2:172.21.15.2:3300/0 1 ==== mon_map magic: 0 ==== 205+0+0 (secure 0 0 0) 0x7f10e4042070 con 0x7f10e8107f90
2024-09-15T23:05:46.514 INFO:teuthology.orchestra.run.smithi002.stdout:/usr/bin/ceph: stderr
2024-09-15T23:05:45.358+0000 7f10db7fe640 1 -- 172.21.15.2:0/241439879 <== mon.0 v2:172.21.15.2:3300/0 2 ==== config(26 keys) ==== 1102+0+0 (secure 0 0 0) 0x7f10e4030d80 con 0x7f10e8107f90
2024-09-15T23:05:46.514 INFO:teuthology.orchestra.run.smithi002.stdout:/usr/bin/ceph: stderr
2024-09-15T23:05:45.358+0000 7f10db7fe640 1 -- 172.21.15.2:0/241439879 <== mon.0 v2:172.21.15.2:3300/0 3 ==== mon_map magic: 0 ==== 205+0+0 (secure 0 0 0) 0x7f10e4037040 con 0x7f10e8107f90
2024-09-15T23:05:46.514 INFO:teuthology.orchestra.run.smithi002.stdout:/usr/bin/ceph: stderr
2024-09-15T23:05:45.358+0000 7f10f0461640 1 -- 172.21.15.2:0/241439879 --> [v2:172.21.15.2:3300/0,v1:172.21.15.2:6789/0] -- mon_subscribe({mgrmap=0+}) -- 0x7f10e819bc10 con 0x7f10e8107f90
2024-09-15T23:05:46.514 INFO:teuthology.orchestra.run.smithi002.stdout:/usr/bin/ceph: stderr
2024-09-15T23:05:45.358+0000 7f10f0461640 1 -- 172.21.15.2:0/241439879 --> [v2:172.21.15.2:3300/0,v1:172.21.15.2:6789/0] -- mon_subscribe({osdmap=0}) -- 0x7f10e819e900 con 0x7f10e8107f90
2024-09-15T23:05:46.515 INFO:teuthology.orchestra.run.smithi002.stdout:/usr/bin/ceph: stderr
2024-09-15T23:05:45.359+0000 7f10db7fe640 1 -- 172.21.15.2:0/241439879 <== mon.0 v2:172.21.15.2:3300/0 4 ==== mgrmap(e 12) ==== 46474+0+0 (secure 0 0 0) 0x7f10e4045070 con 0x7f10e8107f90
2024-09-15T23:05:46.515 INFO:teuthology.orchestra.run.smithi002.stdout:/usr/bin/ceph: stderr
2024-09-15T23:05:45.359+0000 7f10db7fe640 1 --2- 172.21.15.2:0/241439879 >> [v2:172.21.15.2:6800/2564114882,v1:172.21.15.2:6801/2564114882] conn(0x7f10d40392b0 0x7f10d403b770 unknown :-1 s=NONE pgs=0 cs=0 l=1 rev1=0 crypto rx=0 tx=0 comp rx=0 tx=0).connect
2024-09-15T23:05:46.515 INFO:teuthology.orchestra.run.smithi002.stdout:/usr/bin/ceph: stderr
2024-09-15T23:05:45.359+0000 7f10f0461640 1 -- 172.21.15.2:0/241439879 --> [v2:172.21.15.2:3300/0,v1:172.21.15.2:6789/0] -- mon_command({"prefix": "get_command_descriptions"} v 0) -- 0x7f10e81083f0 con 0x7f10e8107f90
2024-09-15T23:05:46.515 INFO:teuthology.orchestra.run.smithi002.stdout:/usr/bin/ceph: stderr
2024-09-15T23:05:45.359+0000 7f10db7fe640 1 -- 172.21.15.2:0/241439879 <== mon.0 v2:172.21.15.2:3300/0 5 ==== osd_map(3..3 src has 1..3) ==== 1155+0+0 (secure 0 0 0) 0x7f10e406c650 con 0x7f10e8107f90
2024-09-15T23:05:46.515 INFO:teuthology.orchestra.run.smithi002.stdout:/usr/bin/ceph: stderr
2024-09-15T23:05:45.359+0000 7f10ed9fc640 1 --2- 172.21.15.2:0/241439879 >> [v2:172.21.15.2:6800/2564114882,v1:172.21.15.2:6801/2564114882] conn(0x7f10d40392b0 0x7f10d403b770 unknown :-1 s=BANNER_CONNECTING pgs=0 cs=0 l=1 rev1=0 crypto rx=0 tx=0 comp rx=0 tx=0)._handle_peer_banner_payload supported=3 required=0
2024-09-15T23:05:46.515 INFO:teuthology.orchestra.run.smithi002.stdout:/usr/bin/ceph: stderr
2024-09-15T23:05:45.360+0000 7f10ed9fc640 1 --2- 172.21.15.2:0/241439879 >> [v2:172.21.15.2:6800/2564114882,v1:172.21.15.2:6801/2564114882] conn(0x7f10d40392b0 0x7f10d403b770 secure :-1 s=READY pgs=8 cs=0 l=1 rev1=1 crypto rx=0x7f10dc0098c0 tx=0x7f10dc006db0 comp rx=0 tx=0).ready entity=mgr.14150 client_cookie=0 server_cookie=0 in_seq=0 out_seq=0
2024-09-15T23:05:46.515 INFO:teuthology.orchestra.run.smithi002.stdout:/usr/bin/ceph: stderr
2024-09-15T23:05:45.364+0000 7f10db7fe640 1 -- 172.21.15.2:0/241439879 <== mon.0 v2:172.21.15.2:3300/0 6 ==== mon_command_ack([{"prefix": "get_command_descriptions"}]=0 v0) ==== 72+0+188821 (secure 0 0 0) 0x7f10e403d770 con 0x7f10e8107f90
2024-09-15T23:05:46.515 INFO:teuthology.orchestra.run.smithi002.stdout:/usr/bin/ceph: stderr
2024-09-15T23:05:45.557+0000 7f10f0461640 1 -- 172.21.15.2:0/241439879 --> [v2:172.21.15.2:6800/2564114882,v1:172.21.15.2:6801/2564114882] -- mgr_command(tid 0: {"prefix": "dashboard ac-user-create", "username": "admin", "rolename": "administrator", "force_password": true, "pwd_update_required": true, "target": ["mon-mgr", ""]}) -- 0x7f10e8102df0 con 0x7f10d40392b0
2024-09-15T23:05:46.515 INFO:teuthology.orchestra.run.smithi002.stdout:/usr/bin/ceph: stderr
2024-09-15T23:05:45.805+0000 7f10db7fe640 1 -- 172.21.15.2:0/241439879 <== mgr.14150 v2:172.21.15.2:6800/2564114882 1 ==== mgr_command_reply(tid 0: 0 ) ==== 8+0+252 (secure 0 0 0) 0x7f10e8102df0 con 0x7f10d40392b0
2024-09-15T23:05:46.515 INFO:teuthology.orchestra.run.smithi002.stdout:/usr/bin/ceph: stderr
2024-09-15T23:05:45.807+0000 7f10f0461640 1 -- 172.21.15.2:0/241439879 >> [v2:172.21.15.2:6800/2564114882,v1:172.21.15.2:6801/2564114882] conn(0x7f10d40392b0 msgr2=0x7f10d403b770 secure :-1 s=STATE_CONNECTION_ESTABLISHED l=1).mark_down
2024-09-15T23:05:46.515 INFO:teuthology.orchestra.run.smithi002.stdout:/usr/bin/ceph: stderr
2024-09-15T23:05:45.807+0000 7f10f0461640 1 --2- 172.21.15.2:0/241439879 >> [v2:172.21.15.2:6800/2564114882,v1:172.21.15.2:6801/2564114882] conn(0x7f10d40392b0 0x7f10d403b770 secure :-1 s=READY pgs=8 cs=0 l=1 rev1=1 crypto rx=0x7f10dc0098c0 tx=0x7f10dc006db0 comp rx=0 tx=0).stop
2024-09-15T23:05:46.515 INFO:teuthology.orchestra.run.smithi002.stdout:/usr/bin/ceph: stderr
2024-09-15T23:05:45.807+0000 7f10f0461640 1 -- 172.21.15.2:0/241439879 >> [v2:172.21.15.2:3300/0,v1:172.21.15.2:6789/0] conn(0x7f10e8107f90 msgr2=0x7f10e819b440 secure :-1 s=STATE_CONNECTION_ESTABLISHED l=1).mark_down
2024-09-15T23:05:46.515 INFO:teuthology.orchestra.run.smithi002.stdout:/usr/bin/ceph: stderr
2024-09-15T23:05:45.807+0000 7f10f0461640 1 --2- 172.21.15.2:0/241439879 >> [v2:172.21.15.2:3300/0,v1:172.21.15.2:6789/0] conn(0x7f10e8107f90 0x7f10e819b440 secure :-1 s=READY pgs=71 cs=0 l=1 rev1=1 crypto rx=0x7f10e40097f0 tx=0x7f10e4030c70 comp rx=0 tx=0).stop
2024-09-15T23:05:46.515 INFO:teuthology.orchestra.run.smithi002.stdout:/usr/bin/ceph: stderr
2024-09-15T23:05:45.807+0000 7f10f0461640 1 -- 172.21.15.2:0/241439879 shutdown_connections
2024-09-15T23:05:46.516 INFO:teuthology.orchestra.run.smithi002.stdout:/usr/bin/ceph: stderr
2024-09-15T23:05:45.807+0000 7f10f0461640 1 --2- 172.21.15.2:0/241439879 >> [v2:172.21.15.2:6800/2564114882,v1:172.21.15.2:6801/2564114882] conn(0x7f10d40392b0 0x7f10d403b770 unknown :-1 s=CLOSED pgs=8 cs=0 l=1 rev1=1 crypto rx=0 tx=0 comp rx=0 tx=0).stop
2024-09-15T23:05:46.516 INFO:teuthology.orchestra.run.smithi002.stdout:/usr/bin/ceph: stderr
2024-09-15T23:05:45.807+0000 7f10f0461640 1 --2- 172.21.15.2:0/241439879 >> [v2:172.21.15.2:3300/0,v1:172.21.15.2:6789/0] conn(0x7f10e8107f90 0x7f10e819b440 unknown :-1 s=CLOSED pgs=71 cs=0 l=1 rev1=1 crypto rx=0 tx=0 comp rx=0 tx=0).stop
2024-09-15T23:05:46.516 INFO:teuthology.orchestra.run.smithi002.stdout:/usr/bin/ceph: stderr
2024-09-15T23:05:45.807+0000 7f10f0461640 1 -- 172.21.15.2:0/241439879 >> 172.21.15.2:0/241439879 conn(0x7f10e8101bd0 msgr2=0x7f10e81026e0 unknown :-1 s=STATE_NONE l=0).mark_down
2024-09-15T23:05:46.516 INFO:teuthology.orchestra.run.smithi002.stdout:/usr/bin/ceph: stderr
2024-09-15T23:05:45.808+0000 7f10f0461640 1 -- 172.21.15.2:0/241439879 shutdown_connections
2024-09-15T23:05:46.516 INFO:teuthology.orchestra.run.smithi002.stdout:/usr/bin/ceph: stderr
2024-09-15T23:05:45.808+0000 7f10f0461640 1 -- 172.21.15.2:0/241439879 wait complete.
2024-09-15T23:05:46.516 INFO:teuthology.orchestra.run.smithi002.stdout:Fetching dashboard port number...
2024-09-15T23:05:47.052 INFO:journalctl@ceph.mon.a.smithi002.stdout:Sep 15 23:05:46 smithi002 ceph-mon[31019]: from='client.14164 -' entity='client.admin' cmd=[{"prefix": "dashboard ac-user-create", "username": "admin", "rolename": "administrator", "force_password": true, "pwd_update_required": true, "target": ["mon-mgr", ""]}]: dispatch
2024-09-15T23:05:47.052 INFO:journalctl@ceph.mon.a.smithi002.stdout:Sep 15 23:05:46 smithi002 ceph-mon[31019]: from='mgr.14150 172.21.15.2:0/1521960996' entity='mgr.x'
2024-09-15T23:05:47.779 INFO:teuthology.orchestra.run.smithi002.stdout:/usr/bin/ceph: stdout 8443
2024-09-15T23:05:47.779 INFO:teuthology.orchestra.run.smithi002.stdout:/usr/bin/ceph: stderr
2024-09-15T23:05:46.930+0000 7f28e78c1640 1 Processor -- start
2024-09-15T23:05:47.780 INFO:teuthology.orchestra.run.smithi002.stdout:/usr/bin/ceph: stderr
2024-09-15T23:05:46.930+0000 7f28e78c1640 1 -- start start
2024-09-15T23:05:47.780 INFO:teuthology.orchestra.run.smithi002.stdout:/usr/bin/ceph: stderr
2024-09-15T23:05:46.930+0000 7f28e78c1640 1 --2- >> [v2:172.21.15.2:3300/0,v1:172.21.15.2:6789/0] conn(0x7f28e0105da0 0x7f28e01061a0 unknown :-1 s=NONE pgs=0 cs=0 l=0 rev1=0 crypto rx=0 tx=0 comp rx=0 tx=0).connect
2024-09-15T23:05:47.780 INFO:teuthology.orchestra.run.smithi002.stdout:/usr/bin/ceph: stderr
2024-09-15T23:05:46.930+0000 7f28e78c1640 1 -- --> [v2:172.21.15.2:3300/0,v1:172.21.15.2:6789/0] -- mon_getmap magic: 0 -- 0x7f28e007bde0 con 0x7f28e0105da0
2024-09-15T23:05:47.780 INFO:teuthology.orchestra.run.smithi002.stdout:/usr/bin/ceph: stderr
2024-09-15T23:05:46.930+0000 7f28e565d640 1 --2- >> [v2:172.21.15.2:3300/0,v1:172.21.15.2:6789/0] conn(0x7f28e0105da0 0x7f28e01061a0 unknown :-1 s=BANNER_CONNECTING pgs=0 cs=0 l=0 rev1=0 crypto rx=0 tx=0 comp rx=0 tx=0)._handle_peer_banner_payload supported=3 required=0
2024-09-15T23:05:47.780 INFO:teuthology.orchestra.run.smithi002.stdout:/usr/bin/ceph: stderr
2024-09-15T23:05:46.930+0000 7f28e565d640 1 --2- >> [v2:172.21.15.2:3300/0,v1:172.21.15.2:6789/0] conn(0x7f28e0105da0 0x7f28e01061a0 unknown :-1 s=HELLO_CONNECTING pgs=0 cs=0 l=0 rev1=1 crypto rx=0 tx=0 comp rx=0 tx=0).handle_hello peer v2:172.21.15.2:3300/0 says I am v2:172.21.15.2:46898/0 (socket says 172.21.15.2:46898)
2024-09-15T23:05:47.780 INFO:teuthology.orchestra.run.smithi002.stdout:/usr/bin/ceph: stderr
2024-09-15T23:05:46.930+0000 7f28e565d640 1 -- 172.21.15.2:0/3491273874 learned_addr learned my addr 172.21.15.2:0/3491273874 (peer_addr_for_me v2:172.21.15.2:0/0)
2024-09-15T23:05:47.780 INFO:teuthology.orchestra.run.smithi002.stdout:/usr/bin/ceph: stderr
2024-09-15T23:05:46.931+0000 7f28e565d640 1 -- 172.21.15.2:0/3491273874 --> [v2:172.21.15.2:3300/0,v1:172.21.15.2:6789/0] -- mon_subscribe({config=0+,monmap=0+}) -- 0x7f28e01066e0 con 0x7f28e0105da0
2024-09-15T23:05:47.780 INFO:teuthology.orchestra.run.smithi002.stdout:/usr/bin/ceph: stderr
2024-09-15T23:05:46.931+0000 7f28e565d640 1 --2- 172.21.15.2:0/3491273874 >> [v2:172.21.15.2:3300/0,v1:172.21.15.2:6789/0] conn(0x7f28e0105da0 0x7f28e01061a0 secure :-1 s=READY pgs=72 cs=0 l=1 rev1=1 crypto rx=0x7f28dc009820 tx=0x7f28dc02a270 comp rx=0 tx=0).ready entity=mon.0 client_cookie=cb649f15c8815dd5 server_cookie=0 in_seq=0 out_seq=0
2024-09-15T23:05:47.780 INFO:teuthology.orchestra.run.smithi002.stdout:/usr/bin/ceph: stderr
2024-09-15T23:05:46.932+0000 7f28d7fff640 1 -- 172.21.15.2:0/3491273874 <== mon.0 v2:172.21.15.2:3300/0 1 ==== mon_map magic: 0 ==== 205+0+0 (secure 0 0 0) 0x7f28dc037070 con 0x7f28e0105da0
2024-09-15T23:05:47.780 INFO:teuthology.orchestra.run.smithi002.stdout:/usr/bin/ceph: stderr
2024-09-15T23:05:46.932+0000 7f28d7fff640 1 -- 172.21.15.2:0/3491273874 <== mon.0 v2:172.21.15.2:3300/0 2 ==== config(26 keys) ==== 1102+0+0 (secure 0 0 0) 0x7f28dc0328f0 con 0x7f28e0105da0
2024-09-15T23:05:47.780 INFO:teuthology.orchestra.run.smithi002.stdout:/usr/bin/ceph: stderr
