2024-09-15T23:07:25.786 INFO:journalctl@ceph.mgr.x.smithi134.stdout:Sep 15 23:07:25 smithi134 ceph-1fd515ca-73b7-11ef-bceb-c7b262605968-mgr-x[31176]:
2024-09-15T23:07:25.785+0000 7fc90a366040 -1 mgr[py] Module status has missing NOTIFY_TYPES member
2024-09-15T23:07:26.055 INFO:journalctl@ceph.mgr.x.smithi134.stdout:Sep 15 23:07:25 smithi134 ceph-1fd515ca-73b7-11ef-bceb-c7b262605968-mgr-x[31176]:
2024-09-15T23:07:25.852+0000 7fc90a366040 -1 mgr[py] Module pg_autoscaler has missing NOTIFY_TYPES member
2024-09-15T23:07:26.055 INFO:journalctl@ceph.mgr.x.smithi134.stdout:Sep 15 23:07:25 smithi134 ceph-1fd515ca-73b7-11ef-bceb-c7b262605968-mgr-x[31176]:
2024-09-15T23:07:25.935+0000 7fc90a366040 -1 mgr[py] Module rbd_support has missing NOTIFY_TYPES member
2024-09-15T23:07:26.055 INFO:journalctl@ceph.mgr.x.smithi134.stdout:Sep 15 23:07:25 smithi134 ceph-1fd515ca-73b7-11ef-bceb-c7b262605968-mgr-x[31176]:
2024-09-15T23:07:25.995+0000 7fc90a366040 -1 mgr[py] Module influx has missing NOTIFY_TYPES member
2024-09-15T23:07:26.055 INFO:journalctl@ceph.mgr.x.smithi134.stdout:Sep 15 23:07:26 smithi134 ceph-1fd515ca-73b7-11ef-bceb-c7b262605968-mgr-x[31176]:
2024-09-15T23:07:26.053+0000 7fc90a366040 -1 mgr[py] Module zabbix has missing NOTIFY_TYPES member
2024-09-15T23:07:27.135 INFO:journalctl@ceph.mgr.x.smithi134.stdout:Sep 15 23:07:26 smithi134 ceph-1fd515ca-73b7-11ef-bceb-c7b262605968-mgr-x[31176]:
2024-09-15T23:07:26.853+0000 7fc90a366040 -1 mgr[py] Module telegraf has missing NOTIFY_TYPES member
2024-09-15T23:07:27.136 INFO:journalctl@ceph.mon.a.smithi134.stdout:Sep 15 23:07:26 smithi134 ceph-mon[30950]: Active manager daemon x restarted
2024-09-15T23:07:27.136 INFO:journalctl@ceph.mon.a.smithi134.stdout:Sep 15 23:07:26 smithi134 ceph-mon[30950]: Activating manager daemon x
2024-09-15T23:07:27.136 INFO:journalctl@ceph.mon.a.smithi134.stdout:Sep 15 23:07:26 smithi134 ceph-mon[30950]: osdmap e2: 0 total, 0 up, 0 in
2024-09-15T23:07:27.136 INFO:journalctl@ceph.mon.a.smithi134.stdout:Sep 15 23:07:26 smithi134 ceph-mon[30950]: mgrmap e6: x(active, starting, since 0.00333609s)
2024-09-15T23:07:27.136 INFO:journalctl@ceph.mon.a.smithi134.stdout:Sep 15 23:07:26 smithi134 ceph-mon[30950]: from='mgr.14118 172.21.15.134:0/1357018870' entity='mgr.x' cmd=[{"prefix": "mon metadata", "id": "a"}]: dispatch
2024-09-15T23:07:27.136 INFO:journalctl@ceph.mon.a.smithi134.stdout:Sep 15 23:07:26 smithi134 ceph-mon[30950]: from='mgr.14118 172.21.15.134:0/1357018870' entity='mgr.x' cmd=[{"prefix": "mgr metadata", "who": "x", "id": "x"}]: dispatch
2024-09-15T23:07:27.136 INFO:journalctl@ceph.mon.a.smithi134.stdout:Sep 15 23:07:26 smithi134 ceph-mon[30950]: from='mgr.14118 172.21.15.134:0/1357018870' entity='mgr.x' cmd=[{"prefix": "mds metadata"}]: dispatch
2024-09-15T23:07:27.136 INFO:journalctl@ceph.mon.a.smithi134.stdout:Sep 15 23:07:26 smithi134 ceph-mon[30950]: from='mgr.14118 172.21.15.134:0/1357018870' entity='mgr.x' cmd=[{"prefix": "osd metadata"}]: dispatch
2024-09-15T23:07:27.136 INFO:journalctl@ceph.mon.a.smithi134.stdout:Sep 15 23:07:26 smithi134 ceph-mon[30950]: from='mgr.14118 172.21.15.134:0/1357018870' entity='mgr.x' cmd=[{"prefix": "mon metadata"}]: dispatch
2024-09-15T23:07:27.137 INFO:journalctl@ceph.mon.a.smithi134.stdout:Sep 15 23:07:26 smithi134 ceph-mon[30950]: Manager daemon x is now available
2024-09-15T23:07:27.137 INFO:journalctl@ceph.mon.a.smithi134.stdout:Sep 15 23:07:26 smithi134 ceph-mon[30950]: from='mgr.14118 172.21.15.134:0/1357018870' entity='mgr.x'
2024-09-15T23:07:27.137 INFO:journalctl@ceph.mon.a.smithi134.stdout:Sep 15 23:07:26 smithi134 ceph-mon[30950]: from='mgr.14118 172.21.15.134:0/1357018870' entity='mgr.x'
2024-09-15T23:07:27.137 INFO:journalctl@ceph.mon.a.smithi134.stdout:Sep 15 23:07:26 smithi134 ceph-mon[30950]: from='mgr.14118 172.21.15.134:0/1357018870' entity='mgr.x' cmd=[{"prefix": "config dump", "format": "json"}]: dispatch
2024-09-15T23:07:27.137 INFO:journalctl@ceph.mon.a.smithi134.stdout:Sep 15 23:07:26 smithi134 ceph-mon[30950]: from='mgr.14118 172.21.15.134:0/1357018870' entity='mgr.x' cmd=[{"prefix": "config dump", "format": "json"}]: dispatch
2024-09-15T23:07:27.137 INFO:journalctl@ceph.mon.a.smithi134.stdout:Sep 15 23:07:26 smithi134 ceph-mon[30950]: from='mgr.14118 172.21.15.134:0/1357018870' entity='mgr.x' cmd=[{"prefix":"config rm","who":"mgr","name":"mgr/rbd_support/x/mirror_snapshot_schedule"}]: dispatch
2024-09-15T23:07:27.137 INFO:journalctl@ceph.mon.a.smithi134.stdout:Sep 15 23:07:26 smithi134 ceph-mon[30950]: from='mgr.14118 172.21.15.134:0/1357018870' entity='mgr.x' cmd=[{"prefix":"config rm","who":"mgr","name":"mgr/rbd_support/x/trash_purge_schedule"}]: dispatch
2024-09-15T23:07:27.891 INFO:teuthology.orchestra.run.smithi134.stdout:/usr/bin/ceph: stderr
2024-09-15T23:07:21.352+0000 7f6e5abe0640 1 Processor -- start
2024-09-15T23:07:27.896 INFO:teuthology.orchestra.run.smithi134.stdout:/usr/bin/ceph: stderr
2024-09-15T23:07:21.352+0000 7f6e5abe0640 1 -- start start
2024-09-15T23:07:27.896 INFO:teuthology.orchestra.run.smithi134.stdout:/usr/bin/ceph: stderr
2024-09-15T23:07:21.352+0000 7f6e5abe0640 1 --2- >> [v2:172.21.15.134:3300/0,v1:172.21.15.134:6789/0] conn(0x7f6e54105b00 0x7f6e54105f00 unknown :-1 s=NONE pgs=0 cs=0 l=0 rev1=0 crypto rx=0 tx=0 comp rx=0 tx=0).connect
2024-09-15T23:07:27.896 INFO:teuthology.orchestra.run.smithi134.stdout:/usr/bin/ceph: stderr
2024-09-15T23:07:21.352+0000 7f6e5abe0640 1 -- --> [v2:172.21.15.134:3300/0,v1:172.21.15.134:6789/0] -- mon_getmap magic: 0 -- 0x7f6e541064d0 con 0x7f6e54105b00
2024-09-15T23:07:27.896 INFO:teuthology.orchestra.run.smithi134.stdout:/usr/bin/ceph: stderr
2024-09-15T23:07:21.352+0000 7f6e5897c640 1 --2- >> [v2:172.21.15.134:3300/0,v1:172.21.15.134:6789/0] conn(0x7f6e54105b00 0x7f6e54105f00 unknown :-1 s=BANNER_CONNECTING pgs=0 cs=0 l=0 rev1=0 crypto rx=0 tx=0 comp rx=0 tx=0)._handle_peer_banner_payload supported=3 required=0
2024-09-15T23:07:27.897 INFO:teuthology.orchestra.run.smithi134.stdout:/usr/bin/ceph: stderr
2024-09-15T23:07:21.352+0000 7f6e5897c640 1 --2- >> [v2:172.21.15.134:3300/0,v1:172.21.15.134:6789/0] conn(0x7f6e54105b00 0x7f6e54105f00 unknown :-1 s=HELLO_CONNECTING pgs=0 cs=0 l=0 rev1=1 crypto rx=0 tx=0 comp rx=0 tx=0).handle_hello peer v2:172.21.15.134:3300/0 says I am v2:172.21.15.134:34866/0 (socket says 172.21.15.134:34866)
2024-09-15T23:07:27.897 INFO:teuthology.orchestra.run.smithi134.stdout:/usr/bin/ceph: stderr
2024-09-15T23:07:21.352+0000 7f6e5897c640 1 -- 172.21.15.134:0/3485541179 learned_addr learned my addr 172.21.15.134:0/3485541179 (peer_addr_for_me v2:172.21.15.134:0/0)
2024-09-15T23:07:27.897 INFO:teuthology.orchestra.run.smithi134.stdout:/usr/bin/ceph: stderr
2024-09-15T23:07:21.352+0000 7f6e5897c640 1 -- 172.21.15.134:0/3485541179 --> [v2:172.21.15.134:3300/0,v1:172.21.15.134:6789/0] -- mon_subscribe({config=0+,monmap=0+}) -- 0x7f6e54108ae0 con 0x7f6e54105b00
2024-09-15T23:07:27.897 INFO:teuthology.orchestra.run.smithi134.stdout:/usr/bin/ceph: stderr
2024-09-15T23:07:21.353+0000 7f6e5897c640 1 --2- 172.21.15.134:0/3485541179 >> [v2:172.21.15.134:3300/0,v1:172.21.15.134:6789/0] conn(0x7f6e54105b00 0x7f6e54105f00 secure :-1 s=READY pgs=20 cs=0 l=1 rev1=1 crypto rx=0x7f6e50009820 tx=0x7f6e5002a270 comp rx=0 tx=0).ready entity=mon.0 client_cookie=d2bb646f4e937f61 server_cookie=0 in_seq=0 out_seq=0
2024-09-15T23:07:27.897 INFO:teuthology.orchestra.run.smithi134.stdout:/usr/bin/ceph: stderr
2024-09-15T23:07:21.353+0000 7f6e4b7fe640 1 -- 172.21.15.134:0/3485541179 <== mon.0 v2:172.21.15.134:3300/0 1 ==== mon_map magic: 0 ==== 205+0+0 (secure 0 0 0) 0x7f6e50037070 con 0x7f6e54105b00
2024-09-15T23:07:27.897 INFO:teuthology.orchestra.run.smithi134.stdout:/usr/bin/ceph: stderr
2024-09-15T23:07:21.353+0000 7f6e4b7fe640 1 -- 172.21.15.134:0/3485541179 <== mon.0 v2:172.21.15.134:3300/0 2 ==== config(28 keys) ==== 1143+0+0 (secure 0 0 0) 0x7f6e50032920 con 0x7f6e54105b00
2024-09-15T23:07:27.897 INFO:teuthology.orchestra.run.smithi134.stdout:/usr/bin/ceph: stderr
2024-09-15T23:07:21.353+0000 7f6e4b7fe640 1 -- 172.21.15.134:0/3485541179 <== mon.0 v2:172.21.15.134:3300/0 3 ==== mon_map magic: 0 ==== 205+0+0 (secure 0 0 0) 0x7f6e50030950 con 0x7f6e54105b00
2024-09-15T23:07:27.897 INFO:teuthology.orchestra.run.smithi134.stdout:/usr/bin/ceph: stderr
2024-09-15T23:07:21.354+0000 7f6e5abe0640 1 -- 172.21.15.134:0/3485541179 >> [v2:172.21.15.134:3300/0,v1:172.21.15.134:6789/0] conn(0x7f6e54105b00 msgr2=0x7f6e54105f00 secure :-1 s=STATE_CONNECTION_ESTABLISHED l=1).mark_down
2024-09-15T23:07:27.897 INFO:teuthology.orchestra.run.smithi134.stdout:/usr/bin/ceph: stderr
2024-09-15T23:07:21.354+0000 7f6e5abe0640 1 --2- 172.21.15.134:0/3485541179 >> [v2:172.21.15.134:3300/0,v1:172.21.15.134:6789/0] conn(0x7f6e54105b00 0x7f6e54105f00 secure :-1 s=READY pgs=20 cs=0 l=1 rev1=1 crypto rx=0x7f6e50009820 tx=0x7f6e5002a270 comp rx=0 tx=0).stop
2024-09-15T23:07:27.897 INFO:teuthology.orchestra.run.smithi134.stdout:/usr/bin/ceph: stderr
2024-09-15T23:07:21.354+0000 7f6e5abe0640 1 -- 172.21.15.134:0/3485541179 shutdown_connections
2024-09-15T23:07:27.897 INFO:teuthology.orchestra.run.smithi134.stdout:/usr/bin/ceph: stderr
2024-09-15T23:07:21.354+0000 7f6e5abe0640 1 --2- 172.21.15.134:0/3485541179 >> [v2:172.21.15.134:3300/0,v1:172.21.15.134:6789/0] conn(0x7f6e54105b00 0x7f6e54105f00 unknown :-1 s=CLOSED pgs=20 cs=0 l=1 rev1=1 crypto rx=0 tx=0 comp rx=0 tx=0).stop
2024-09-15T23:07:27.897 INFO:teuthology.orchestra.run.smithi134.stdout:/usr/bin/ceph: stderr
2024-09-15T23:07:21.354+0000 7f6e5abe0640 1 -- 172.21.15.134:0/3485541179 >> 172.21.15.134:0/3485541179 conn(0x7f6e54101670 msgr2=0x7f6e54103a90 unknown :-1 s=STATE_NONE l=0).mark_down
2024-09-15T23:07:27.897 INFO:teuthology.orchestra.run.smithi134.stdout:/usr/bin/ceph: stderr
2024-09-15T23:07:21.354+0000 7f6e5abe0640 1 -- 172.21.15.134:0/3485541179 shutdown_connections
2024-09-15T23:07:27.898 INFO:teuthology.orchestra.run.smithi134.stdout:/usr/bin/ceph: stderr
2024-09-15T23:07:21.354+0000 7f6e5abe0640 1 -- 172.21.15.134:0/3485541179 wait complete.
2024-09-15T23:07:27.898 INFO:teuthology.orchestra.run.smithi134.stdout:/usr/bin/ceph: stderr
2024-09-15T23:07:21.354+0000 7f6e5abe0640 1 Processor -- start
2024-09-15T23:07:27.898 INFO:teuthology.orchestra.run.smithi134.stdout:/usr/bin/ceph: stderr
2024-09-15T23:07:21.355+0000 7f6e5abe0640 1 -- start start
2024-09-15T23:07:27.898 INFO:teuthology.orchestra.run.smithi134.stdout:/usr/bin/ceph: stderr
2024-09-15T23:07:21.355+0000 7f6e5abe0640 1 --2- >> [v2:172.21.15.134:3300/0,v1:172.21.15.134:6789/0] conn(0x7f6e54105b00 0x7f6e5419b8f0 unknown :-1 s=NONE pgs=0 cs=0 l=1 rev1=0 crypto rx=0 tx=0 comp rx=0 tx=0).connect
2024-09-15T23:07:27.898 INFO:teuthology.orchestra.run.smithi134.stdout:/usr/bin/ceph: stderr
2024-09-15T23:07:21.355+0000 7f6e5abe0640 1 -- --> [v2:172.21.15.134:3300/0,v1:172.21.15.134:6789/0] -- mon_getmap magic: 0 -- 0x7f6e5410bd10 con 0x7f6e54105b00
2024-09-15T23:07:27.898 INFO:teuthology.orchestra.run.smithi134.stdout:/usr/bin/ceph: stderr
2024-09-15T23:07:21.355+0000 7f6e5897c640 1 --2- >> [v2:172.21.15.134:3300/0,v1:172.21.15.134:6789/0] conn(0x7f6e54105b00 0x7f6e5419b8f0 unknown :-1 s=BANNER_CONNECTING pgs=0 cs=0 l=1 rev1=0 crypto rx=0 tx=0 comp rx=0 tx=0)._handle_peer_banner_payload supported=3 required=0
2024-09-15T23:07:27.898 INFO:teuthology.orchestra.run.smithi134.stdout:/usr/bin/ceph: stderr
2024-09-15T23:07:21.355+0000 7f6e5897c640 1 --2- >> [v2:172.21.15.134:3300/0,v1:172.21.15.134:6789/0] conn(0x7f6e54105b00 0x7f6e5419b8f0 unknown :-1 s=HELLO_CONNECTING pgs=0 cs=0 l=1 rev1=1 crypto rx=0 tx=0 comp rx=0 tx=0).handle_hello peer v2:172.21.15.134:3300/0 says I am v2:172.21.15.134:34880/0 (socket says 172.21.15.134:34880)
2024-09-15T23:07:27.898 INFO:teuthology.orchestra.run.smithi134.stdout:/usr/bin/ceph: stderr
2024-09-15T23:07:21.355+0000 7f6e5897c640 1 -- 172.21.15.134:0/3205475470 learned_addr learned my addr 172.21.15.134:0/3205475470 (peer_addr_for_me v2:172.21.15.134:0/0)
2024-09-15T23:07:27.898 INFO:teuthology.orchestra.run.smithi134.stdout:/usr/bin/ceph: stderr
2024-09-15T23:07:21.355+0000 7f6e5897c640 1 -- 172.21.15.134:0/3205475470 --> [v2:172.21.15.134:3300/0,v1:172.21.15.134:6789/0] -- mon_subscribe({config=0+,monmap=0+}) -- 0x7f6e5419be30 con 0x7f6e54105b00
2024-09-15T23:07:27.898 INFO:teuthology.orchestra.run.smithi134.stdout:/usr/bin/ceph: stderr
2024-09-15T23:07:21.355+0000 7f6e5897c640 1 --2- 172.21.15.134:0/3205475470 >> [v2:172.21.15.134:3300/0,v1:172.21.15.134:6789/0] conn(0x7f6e54105b00 0x7f6e5419b8f0 secure :-1 s=READY pgs=21 cs=0 l=1 rev1=1 crypto rx=0x7f6e50009940 tx=0x7f6e50032e40 comp rx=0 tx=0).ready entity=mon.0 client_cookie=0 server_cookie=0 in_seq=0 out_seq=0
2024-09-15T23:07:27.898 INFO:teuthology.orchestra.run.smithi134.stdout:/usr/bin/ceph: stderr
2024-09-15T23:07:21.355+0000 7f6e49ffb640 1 -- 172.21.15.134:0/3205475470 <== mon.0 v2:172.21.15.134:3300/0 1 ==== mon_map magic: 0 ==== 205+0+0 (secure 0 0 0) 0x7f6e50042070 con 0x7f6e54105b00
2024-09-15T23:07:27.898 INFO:teuthology.orchestra.run.smithi134.stdout:/usr/bin/ceph: stderr
2024-09-15T23:07:21.355+0000 7f6e5abe0640 1 -- 172.21.15.134:0/3205475470 --> [v2:172.21.15.134:3300/0,v1:172.21.15.134:6789/0] -- mon_subscribe({mgrmap=0+}) -- 0x7f6e5419c0c0 con 0x7f6e54105b00
2024-09-15T23:07:27.898 INFO:teuthology.orchestra.run.smithi134.stdout:/usr/bin/ceph: stderr
2024-09-15T23:07:21.355+0000 7f6e49ffb640 1 -- 172.21.15.134:0/3205475470 <== mon.0 v2:172.21.15.134:3300/0 2 ==== config(28 keys) ==== 1143+0+0 (secure 0 0 0) 0x7f6e500325f0 con 0x7f6e54105b00
2024-09-15T23:07:27.899 INFO:teuthology.orchestra.run.smithi134.stdout:/usr/bin/ceph: stderr
2024-09-15T23:07:21.355+0000 7f6e49ffb640 1 -- 172.21.15.134:0/3205475470 <== mon.0 v2:172.21.15.134:3300/0 3 ==== mon_map magic: 0 ==== 205+0+0 (secure 0 0 0) 0x7f6e50037040 con 0x7f6e54105b00
2024-09-15T23:07:27.899 INFO:teuthology.orchestra.run.smithi134.stdout:/usr/bin/ceph: stderr
2024-09-15T23:07:21.356+0000 7f6e5abe0640 1 -- 172.21.15.134:0/3205475470 --> [v2:172.21.15.134:3300/0,v1:172.21.15.134:6789/0] -- mon_subscribe({osdmap=0}) -- 0x7f6e5419edb0 con 0x7f6e54105b00
2024-09-15T23:07:27.899 INFO:teuthology.orchestra.run.smithi134.stdout:/usr/bin/ceph: stderr
2024-09-15T23:07:21.356+0000 7f6e49ffb640 1 -- 172.21.15.134:0/3205475470 <== mon.0 v2:172.21.15.134:3300/0 4 ==== mgrmap(e 4) ==== 46450+0+0 (secure 0 0 0) 0x7f6e50045070 con 0x7f6e54105b00
2024-09-15T23:07:27.899 INFO:teuthology.orchestra.run.smithi134.stdout:/usr/bin/ceph: stderr
2024-09-15T23:07:21.357+0000 7f6e49ffb640 1 --2- 172.21.15.134:0/3205475470 >> [v2:172.21.15.134:6800/1156837957,v1:172.21.15.134:6801/1156837957] conn(0x7f6e3c039160 0x7f6e3c03b620 unknown :-1 s=NONE pgs=0 cs=0 l=1 rev1=0 crypto rx=0 tx=0 comp rx=0 tx=0).connect
2024-09-15T23:07:27.899 INFO:teuthology.orchestra.run.smithi134.stdout:/usr/bin/ceph: stderr
2024-09-15T23:07:21.357+0000 7f6e5abe0640 1 -- 172.21.15.134:0/3205475470 --> [v2:172.21.15.134:3300/0,v1:172.21.15.134:6789/0] -- mon_command({"prefix": "get_command_descriptions"} v 0) -- 0x7f6e54105f80 con 0x7f6e54105b00
2024-09-15T23:07:27.899 INFO:teuthology.orchestra.run.smithi134.stdout:/usr/bin/ceph: stderr
2024-09-15T23:07:21.357+0000 7f6e49ffb640 1 -- 172.21.15.134:0/3205475470 <== mon.0 v2:172.21.15.134:3300/0 5 ==== osd_map(1..1 src has 1..1) ==== 725+0+0 (secure 0 0 0) 0x7f6e5006c1a0 con 0x7f6e54105b00
2024-09-15T23:07:27.899 INFO:teuthology.orchestra.run.smithi134.stdout:/usr/bin/ceph: stderr
2024-09-15T23:07:21.357+0000 7f6e4bfff640 1 --2- 172.21.15.134:0/3205475470 >> [v2:172.21.15.134:6800/1156837957,v1:172.21.15.134:6801/1156837957] conn(0x7f6e3c039160 0x7f6e3c03b620 unknown :-1 s=BANNER_CONNECTING pgs=0 cs=0 l=1 rev1=0 crypto rx=0 tx=0 comp rx=0 tx=0)._handle_peer_banner_payload supported=3 required=0
2024-09-15T23:07:27.899 INFO:teuthology.orchestra.run.smithi134.stdout:/usr/bin/ceph: stderr
2024-09-15T23:07:21.357+0000 7f6e4bfff640 1 --2- 172.21.15.134:0/3205475470 >> [v2:172.21.15.134:6800/1156837957,v1:172.21.15.134:6801/1156837957] conn(0x7f6e3c039160 0x7f6e3c03b620 secure :-1 s=READY pgs=8 cs=0 l=1 rev1=1 crypto rx=0x7f6e440098c0 tx=0x7f6e44006db0 comp rx=0 tx=0).ready entity=mgr.14100 client_cookie=0 server_cookie=0 in_seq=0 out_seq=0
2024-09-15T23:07:27.899 INFO:teuthology.orchestra.run.smithi134.stdout:/usr/bin/ceph: stderr
2024-09-15T23:07:21.361+0000 7f6e49ffb640 1 -- 172.21.15.134:0/3205475470 <== mon.0 v2:172.21.15.134:3300/0 6 ==== mon_command_ack([{"prefix": "get_command_descriptions"}]=0 v0) ==== 72+0+188821 (secure 0 0 0) 0x7f6e5003cd60 con 0x7f6e54105b00
2024-09-15T23:07:27.899 INFO:teuthology.orchestra.run.smithi134.stdout:/usr/bin/ceph: stderr
2024-09-15T23:07:21.577+0000 7f6e5abe0640 1 -- 172.21.15.134:0/3205475470 --> [v2:172.21.15.134:3300/0,v1:172.21.15.134:6789/0] -- mon_command({"prefix": "mgr module enable", "module": "cephadm"} v 0) -- 0x7f6e5419f360 con 0x7f6e54105b00
2024-09-15T23:07:27.899 INFO:teuthology.orchestra.run.smithi134.stdout:/usr/bin/ceph: stderr
2024-09-15T23:07:21.968+0000 7f6e49ffb640 1 -- 172.21.15.134:0/3205475470 <== mon.0 v2:172.21.15.134:3300/0 7 ==== mon_command_ack([{"prefix": "mgr module enable", "module": "cephadm"}]=0 v5) ==== 86+0+0 (secure 0 0 0) 0x7f6e500603a0 con 0x7f6e54105b00
2024-09-15T23:07:27.899 INFO:teuthology.orchestra.run.smithi134.stdout:/usr/bin/ceph: stderr
2024-09-15T23:07:21.970+0000 7f6e49ffb640 1 -- 172.21.15.134:0/3205475470 <== mon.0 v2:172.21.15.134:3300/0 8 ==== mgrmap(e 5) ==== 46461+0+0 (secure 0 0 0) 0x7f6e5003c7f0 con 0x7f6e54105b00
2024-09-15T23:07:27.899 INFO:teuthology.orchestra.run.smithi134.stdout:/usr/bin/ceph: stderr
2024-09-15T23:07:21.973+0000 7f6e5abe0640 1 -- 172.21.15.134:0/3205475470 >> [v2:172.21.15.134:6800/1156837957,v1:172.21.15.134:6801/1156837957] conn(0x7f6e3c039160 msgr2=0x7f6e3c03b620 secure :-1 s=STATE_CONNECTION_ESTABLISHED l=1).mark_down
2024-09-15T23:07:27.900 INFO:teuthology.orchestra.run.smithi134.stdout:/usr/bin/ceph: stderr
2024-09-15T23:07:21.973+0000 7f6e5abe0640 1 --2- 172.21.15.134:0/3205475470 >> [v2:172.21.15.134:6800/1156837957,v1:172.21.15.134:6801/1156837957] conn(0x7f6e3c039160 0x7f6e3c03b620 secure :-1 s=READY pgs=8 cs=0 l=1 rev1=1 crypto rx=0x7f6e440098c0 tx=0x7f6e44006db0 comp rx=0 tx=0).stop
2024-09-15T23:07:27.900 INFO:teuthology.orchestra.run.smithi134.stdout:/usr/bin/ceph: stderr
2024-09-15T23:07:21.973+0000 7f6e5abe0640 1 -- 172.21.15.134:0/3205475470 >> [v2:172.21.15.134:3300/0,v1:172.21.15.134:6789/0] conn(0x7f6e54105b00 msgr2=0x7f6e5419b8f0 secure :-1 s=STATE_CONNECTION_ESTABLISHED l=1).mark_down
2024-09-15T23:07:27.900 INFO:teuthology.orchestra.run.smithi134.stdout:/usr/bin/ceph: stderr
2024-09-15T23:07:21.973+0000 7f6e5abe0640 1 --2- 172.21.15.134:0/3205475470 >> [v2:172.21.15.134:3300/0,v1:172.21.15.134:6789/0] conn(0x7f6e54105b00 0x7f6e5419b8f0 secure :-1 s=READY pgs=21 cs=0 l=1 rev1=1 crypto rx=0x7f6e50009940 tx=0x7f6e50032e40 comp rx=0 tx=0).stop
2024-09-15T23:07:27.900 INFO:teuthology.orchestra.run.smithi134.stdout:/usr/bin/ceph: stderr
2024-09-15T23:07:21.973+0000 7f6e5abe0640 1 -- 172.21.15.134:0/3205475470 shutdown_connections
2024-09-15T23:07:27.900 INFO:teuthology.orchestra.run.smithi134.stdout:/usr/bin/ceph: stderr
2024-09-15T23:07:21.973+0000 7f6e5abe0640 1 --2- 172.21.15.134:0/3205475470 >> [v2:172.21.15.134:6800/1156837957,v1:172.21.15.134:6801/1156837957] conn(0x7f6e3c039160 0x7f6e3c03b620 unknown :-1 s=CLOSED pgs=8 cs=0 l=1 rev1=1 crypto rx=0 tx=0 comp rx=0 tx=0).stop
2024-09-15T23:07:27.900 INFO:teuthology.orchestra.run.smithi134.stdout:/usr/bin/ceph: stderr
2024-09-15T23:07:21.973+0000 7f6e5abe0640 1 --2- 172.21.15.134:0/3205475470 >> [v2:172.21.15.134:3300/0,v1:172.21.15.134:6789/0] conn(0x7f6e54105b00 0x7f6e5419b8f0 unknown :-1 s=CLOSED pgs=21 cs=0 l=1 rev1=1 crypto rx=0 tx=0 comp rx=0 tx=0).stop
2024-09-15T23:07:27.900 INFO:teuthology.orchestra.run.smithi134.stdout:/usr/bin/ceph: stderr
2024-09-15T23:07:21.973+0000 7f6e5abe0640 1 -- 172.21.15.134:0/3205475470 >> 172.21.15.134:0/3205475470 conn(0x7f6e54101670 msgr2=0x7f6e54102210 unknown :-1 s=STATE_NONE l=0).mark_down
2024-09-15T23:07:27.900 INFO:teuthology.orchestra.run.smithi134.stdout:/usr/bin/ceph: stderr
2024-09-15T23:07:21.973+0000 7f6e5abe0640 1 -- 172.21.15.134:0/3205475470 shutdown_connections
2024-09-15T23:07:27.900 INFO:teuthology.orchestra.run.smithi134.stdout:/usr/bin/ceph: stderr
2024-09-15T23:07:21.973+0000 7f6e5abe0640 1 -- 172.21.15.134:0/3205475470 wait complete.
2024-09-15T23:07:28.385 INFO:journalctl@ceph.mon.a.smithi134.stdout:Sep 15 23:07:27 smithi134 ceph-mon[30950]: Found migration_current of "None". Setting to last migration.
2024-09-15T23:07:28.386 INFO:journalctl@ceph.mon.a.smithi134.stdout:Sep 15 23:07:27 smithi134 ceph-mon[30950]: from='mgr.14118 172.21.15.134:0/1357018870' entity='mgr.x'
2024-09-15T23:07:28.386 INFO:journalctl@ceph.mon.a.smithi134.stdout:Sep 15 23:07:27 smithi134 ceph-mon[30950]: from='mgr.14118 172.21.15.134:0/1357018870' entity='mgr.x'
2024-09-15T23:07:28.386 INFO:journalctl@ceph.mon.a.smithi134.stdout:Sep 15 23:07:27 smithi134 ceph-mon[30950]: mgrmap e7: x(active, since 1.00503s)
2024-09-15T23:07:29.636 INFO:journalctl@ceph.mgr.x.smithi134.stdout:Sep 15 23:07:29 smithi134 ceph-1fd515ca-73b7-11ef-bceb-c7b262605968-mgr-x[31176]:
2024-09-15T23:07:29.201+0000 7fc876ecb640 -1 log_channel(cephadm) log [ERR] : [15/Sep/2024:23:07:29] ENGINE Error in HTTPServer.serve
2024-09-15T23:07:29.636 INFO:journalctl@ceph.mgr.x.smithi134.stdout:Sep 15 23:07:29 smithi134 ceph-1fd515ca-73b7-11ef-bceb-c7b262605968-mgr-x[31176]: Traceback (most recent call last):
2024-09-15T23:07:29.636 INFO:journalctl@ceph.mgr.x.smithi134.stdout:Sep 15 23:07:29 smithi134 ceph-1fd515ca-73b7-11ef-bceb-c7b262605968-mgr-x[31176]: File "/lib/python3.9/site-packages/cheroot/server.py", line 1823, in serve
2024-09-15T23:07:29.636 INFO:journalctl@ceph.mgr.x.smithi134.stdout:Sep 15 23:07:29 smithi134 ceph-1fd515ca-73b7-11ef-bceb-c7b262605968-mgr-x[31176]: self._connections.run(self.expiration_interval)
2024-09-15T23:07:29.636 INFO:journalctl@ceph.mgr.x.smithi134.stdout:Sep 15 23:07:29 smithi134 ceph-1fd515ca-73b7-11ef-bceb-c7b262605968-mgr-x[31176]: File "/lib/python3.9/site-packages/cheroot/connections.py", line 203, in run
2024-09-15T23:07:29.636 INFO:journalctl@ceph.mgr.x.smithi134.stdout:Sep 15 23:07:29 smithi134 ceph-1fd515ca-73b7-11ef-bceb-c7b262605968-mgr-x[31176]: self._run(expiration_interval)
2024-09-15T23:07:29.636 INFO:journalctl@ceph.mgr.x.smithi134.stdout:Sep 15 23:07:29 smithi134 ceph-1fd515ca-73b7-11ef-bceb-c7b262605968-mgr-x[31176]: File "/lib/python3.9/site-packages/cheroot/connections.py", line 246, in _run
2024-09-15T23:07:29.637 INFO:journalctl@ceph.mgr.x.smithi134.stdout:Sep 15 23:07:29 smithi134 ceph-1fd515ca-73b7-11ef-bceb-c7b262605968-mgr-x[31176]: new_conn = self._from_server_socket(self.server.socket)
2024-09-15T23:07:29.637 INFO:journalctl@ceph.mgr.x.smithi134.stdout:Sep 15 23:07:29 smithi134 ceph-1fd515ca-73b7-11ef-bceb-c7b262605968-mgr-x[31176]: File "/lib/python3.9/site-packages/cheroot/connections.py", line 300, in _from_server_socket
2024-09-15T23:07:29.637 INFO:journalctl@ceph.mgr.x.smithi134.stdout:Sep 15 23:07:29 smithi134 ceph-1fd515ca-73b7-11ef-bceb-c7b262605968-mgr-x[31176]: s, ssl_env = self.server.ssl_adapter.wrap(s)
2024-09-15T23:07:29.637 INFO:journalctl@ceph.mgr.x.smithi134.stdout:Sep 15 23:07:29 smithi134 ceph-1fd515ca-73b7-11ef-bceb-c7b262605968-mgr-x[31176]: File "/lib/python3.9/site-packages/cheroot/ssl/builtin.py", line 277, in wrap
2024-09-15T23:07:29.637 INFO:journalctl@ceph.mgr.x.smithi134.stdout:Sep 15 23:07:29 smithi134 ceph-1fd515ca-73b7-11ef-bceb-c7b262605968-mgr-x[31176]: s = self.context.wrap_socket(
2024-09-15T23:07:29.637 INFO:journalctl@ceph.mgr.x.smithi134.stdout:Sep 15 23:07:29 smithi134 ceph-1fd515ca-73b7-11ef-bceb-c7b262605968-mgr-x[31176]: File "/lib64/python3.9/ssl.py", line 501, in wrap_socket
2024-09-15T23:07:29.637 INFO:journalctl@ceph.mgr.x.smithi134.stdout:Sep 15 23:07:29 smithi134 ceph-1fd515ca-73b7-11ef-bceb-c7b262605968-mgr-x[31176]: return self.sslsocket_class._create(
2024-09-15T23:07:29.637 INFO:journalctl@ceph.mgr.x.smithi134.stdout:Sep 15 23:07:29 smithi134 ceph-1fd515ca-73b7-11ef-bceb-c7b262605968-mgr-x[31176]: File "/lib64/python3.9/ssl.py", line 1074, in _create
2024-09-15T23:07:29.637 INFO:journalctl@ceph.mgr.x.smithi134.stdout:Sep 15 23:07:29 smithi134 ceph-1fd515ca-73b7-11ef-bceb-c7b262605968-mgr-x[31176]: self.do_handshake()
2024-09-15T23:07:29.637 INFO:journalctl@ceph.mgr.x.smithi134.stdout:Sep 15 23:07:29 smithi134 ceph-1fd515ca-73b7-11ef-bceb-c7b262605968-mgr-x[31176]: File "/lib64/python3.9/ssl.py", line 1343, in do_handshake
2024-09-15T23:07:29.637 INFO:journalctl@ceph.mgr.x.smithi134.stdout:Sep 15 23:07:29 smithi134 ceph-1fd515ca-73b7-11ef-bceb-c7b262605968-mgr-x[31176]: self._sslobj.do_handshake()
2024-09-15T23:07:29.637 INFO:journalctl@ceph.mgr.x.smithi134.stdout:Sep 15 23:07:29 smithi134 ceph-1fd515ca-73b7-11ef-bceb-c7b262605968-mgr-x[31176]: ssl.SSLZeroReturnError: TLS/SSL connection has been closed (EOF) (_ssl.c:1133)
2024-09-15T23:07:29.638 INFO:journalctl@ceph.mgr.x.smithi134.stdout:Sep 15 23:07:29 smithi134 ceph-1fd515ca-73b7-11ef-bceb-c7b262605968-mgr-x[31176]:
2024-09-15T23:07:30.136 INFO:journalctl@ceph.mon.a.smithi134.stdout:Sep 15 23:07:29 smithi134 ceph-mon[30950]: mgrmap e8: x(active, since 2s)
2024-09-15T23:07:30.136 INFO:journalctl@ceph.mon.a.smithi134.stdout:Sep 15 23:07:29 smithi134 ceph-mon[30950]: from='mgr.14118 172.21.15.134:0/1357018870' entity='mgr.x' cmd=[{"prefix": "config dump", "format": "json"}]: dispatch
2024-09-15T23:07:31.132 INFO:journalctl@ceph.mon.a.smithi134.stdout:Sep 15 23:07:30 smithi134 ceph-mon[30950]: [15/Sep/2024:23:07:29] ENGINE Bus STARTING
2024-09-15T23:07:31.133 INFO:journalctl@ceph.mon.a.smithi134.stdout:Sep 15 23:07:30 smithi134 ceph-mon[30950]: [15/Sep/2024:23:07:29] ENGINE Serving on https://172.21.15.134:7150
2024-09-15T23:07:31.133 INFO:journalctl@ceph.mon.a.smithi134.stdout:Sep 15 23:07:30 smithi134 ceph-mon[30950]: [15/Sep/2024:23:07:29] ENGINE Error in HTTPServer.serve
2024-09-15T23:07:31.133 INFO:journalctl@ceph.mon.a.smithi134.stdout: Traceback (most recent call last):
2024-09-15T23:07:31.133 INFO:journalctl@ceph.mon.a.smithi134.stdout: File "/lib/python3.9/site-packages/cheroot/server.py", line 1823, in serve
2024-09-15T23:07:31.133 INFO:journalctl@ceph.mon.a.smithi134.stdout: self._connections.run(self.expiration_interval)
2024-09-15T23:07:31.133 INFO:journalctl@ceph.mon.a.smithi134.stdout: File "/lib/python3.9/site-packages/cheroot/connections.py", line 203, in run
2024-09-15T23:07:31.133 INFO:journalctl@ceph.mon.a.smithi134.stdout: self._run(expiration_interval)
2024-09-15T23:07:31.133 INFO:journalctl@ceph.mon.a.smithi134.stdout: File "/lib/python3.9/site-packages/cheroot/connections.py", line 246, in _run
2024-09-15T23:07:31.133 INFO:journalctl@ceph.mon.a.smithi134.stdout: new_conn = self._from_server_socket(self.server.socket)
2024-09-15T23:07:31.133 INFO:journalctl@ceph.mon.a.smithi134.stdout: File "/lib/python3.9/site-packages/cheroot/connections.py", line 300, in _from_server_socket
2024-09-15T23:07:31.133 INFO:journalctl@ceph.mon.a.smithi134.stdout: s, ssl_env = self.server.ssl_adapter.wrap(s)
2024-09-15T23:07:31.133 INFO:journalctl@ceph.mon.a.smithi134.stdout: File "/lib/python3.9/site-packages/cheroot/ssl/builtin.py", line 277, in wrap
2024-09-15T23:07:31.133 INFO:journalctl@ceph.mon.a.smithi134.stdout: s = self.context.wrap_socket(
2024-09-15T23:07:31.134 INFO:journalctl@ceph.mon.a.smithi134.stdout: File "/lib64/python3.9/ssl.py", line 501, in wrap_socket
2024-09-15T23:07:31.134 INFO:journalctl@ceph.mon.a.smithi134.stdout: return self.sslsocket_class._create(
2024-09-15T23:07:31.134 INFO:journalctl@ceph.mon.a.smithi134.stdout: File "/lib64/python3.9/ssl.py", line 1074, in _create
2024-09-15T23:07:31.134 INFO:journalctl@ceph.mon.a.smithi134.stdout: self.do_handshake()
2024-09-15T23:07:31.134 INFO:journalctl@ceph.mon.a.smithi134.stdout: File "/lib64/python3.9/ssl.py", line 1343, in do_handshake
2024-09-15T23:07:31.134 INFO:journalctl@ceph.mon.a.smithi134.stdout: self._sslobj.do_handshake()
2024-09-15T23:07:31.134 INFO:journalctl@ceph.mon.a.smithi134.stdout: ssl.SSLZeroReturnError: TLS/SSL connection has been closed (EOF) (_ssl.c:1133)
2024-09-15T23:07:31.134 INFO:journalctl@ceph.mon.a.smithi134.stdout:Sep 15 23:07:30 smithi134 ceph-mon[30950]: [15/Sep/2024:23:07:29] ENGINE Serving on http://172.21.15.134:8765
2024-09-15T23:07:31.134 INFO:journalctl@ceph.mon.a.smithi134.stdout:Sep 15 23:07:30 smithi134 ceph-mon[30950]: [15/Sep/2024:23:07:29] ENGINE Bus STARTED
2024-09-15T23:07:32.135 INFO:journalctl@ceph.mon.a.smithi134.stdout:Sep 15 23:07:31 smithi134 ceph-mon[30950]: from='client.? 172.21.15.134:0/1813310494' entity='client.admin' cmd=[{"prefix": "mgr stat"}]: dispatch
2024-09-15T23:07:34.877 INFO:teuthology.orchestra.run.smithi134.stdout:/usr/bin/ceph: stdout {
2024-09-15T23:07:34.877 INFO:teuthology.orchestra.run.smithi134.stdout:/usr/bin/ceph: stdout "epoch": 8,
2024-09-15T23:07:34.877 INFO:teuthology.orchestra.run.smithi134.stdout:/usr/bin/ceph: stdout "available": true,
2024-09-15T23:07:34.877 INFO:teuthology.orchestra.run.smithi134.stdout:/usr/bin/ceph: stdout "active_name": "x",
2024-09-15T23:07:34.877 INFO:teuthology.orchestra.run.smithi134.stdout:/usr/bin/ceph: stdout "num_standby": 0
2024-09-15T23:07:34.877 INFO:teuthology.orchestra.run.smithi134.stdout:/usr/bin/ceph: stdout }
2024-09-15T23:07:34.877 INFO:teuthology.orchestra.run.smithi134.stdout:/usr/bin/ceph: stderr
2024-09-15T23:07:30.905+0000 7f0a0c84a640 1 Processor -- start
2024-09-15T23:07:34.878 INFO:teuthology.orchestra.run.smithi134.stdout:/usr/bin/ceph: stderr
2024-09-15T23:07:30.906+0000 7f0a0c84a640 1 -- start start
2024-09-15T23:07:34.878 INFO:teuthology.orchestra.run.smithi134.stdout:/usr/bin/ceph: stderr
2024-09-15T23:07:30.906+0000 7f0a0c84a640 1 --2- >> [v2:172.21.15.134:3300/0,v1:172.21.15.134:6789/0] conn(0x7f0a08107770 0x7f0a08107b70 unknown :-1 s=NONE pgs=0 cs=0 l=0 rev1=0 crypto rx=0 tx=0 comp rx=0 tx=0).connect
2024-09-15T23:07:34.878 INFO:teuthology.orchestra.run.smithi134.stdout:/usr/bin/ceph: stderr
2024-09-15T23:07:30.906+0000 7f0a0c84a640 1 -- --> [v2:172.21.15.134:3300/0,v1:172.21.15.134:6789/0] -- mon_getmap magic: 0 -- 0x7f0a08108140 con 0x7f0a08107770
2024-09-15T23:07:34.878 INFO:teuthology.orchestra.run.smithi134.stdout:/usr/bin/ceph: stderr
2024-09-15T23:07:30.906+0000 7f0a0659c640 1 --2- >> [v2:172.21.15.134:3300/0,v1:172.21.15.134:6789/0] conn(0x7f0a08107770 0x7f0a08107b70 unknown :-1 s=BANNER_CONNECTING pgs=0 cs=0 l=0 rev1=0 crypto rx=0 tx=0 comp rx=0 tx=0)._handle_peer_banner_payload supported=3 required=0
2024-09-15T23:07:34.878 INFO:teuthology.orchestra.run.smithi134.stdout:/usr/bin/ceph: stderr
2024-09-15T23:07:30.906+0000 7f0a0659c640 1 --2- >> [v2:172.21.15.134:3300/0,v1:172.21.15.134:6789/0] conn(0x7f0a08107770 0x7f0a08107b70 unknown :-1 s=HELLO_CONNECTING pgs=0 cs=0 l=0 rev1=1 crypto rx=0 tx=0 comp rx=0 tx=0).handle_hello peer v2:172.21.15.134:3300/0 says I am v2:172.21.15.134:53294/0 (socket says 172.21.15.134:53294)
2024-09-15T23:07:34.878 INFO:teuthology.orchestra.run.smithi134.stdout:/usr/bin/ceph: stderr
2024-09-15T23:07:30.906+0000 7f0a0659c640 1 -- 172.21.15.134:0/3844809881 learned_addr learned my addr 172.21.15.134:0/3844809881 (peer_addr_for_me v2:172.21.15.134:0/0)
2024-09-15T23:07:34.878 INFO:teuthology.orchestra.run.smithi134.stdout:/usr/bin/ceph: stderr
2024-09-15T23:07:30.906+0000 7f0a0659c640 1 -- 172.21.15.134:0/3844809881 --> [v2:172.21.15.134:3300/0,v1:172.21.15.134:6789/0] -- mon_subscribe({config=0+,monmap=0+}) -- 0x7f0a08108970 con 0x7f0a08107770
2024-09-15T23:07:34.878 INFO:teuthology.orchestra.run.smithi134.stdout:/usr/bin/ceph: stderr
2024-09-15T23:07:30.907+0000 7f0a0659c640 1 --2- 172.21.15.134:0/3844809881 >> [v2:172.21.15.134:3300/0,v1:172.21.15.134:6789/0] conn(0x7f0a08107770 0x7f0a08107b70 secure :-1 s=READY pgs=31 cs=0 l=1 rev1=1 crypto rx=0x7f09f8009820 tx=0x7f09f802a270 comp rx=0 tx=0).ready entity=mon.0 client_cookie=7b61e26b412a3c61 server_cookie=0 in_seq=0 out_seq=0
2024-09-15T23:07:34.878 INFO:teuthology.orchestra.run.smithi134.stdout:/usr/bin/ceph: stderr
2024-09-15T23:07:30.907+0000 7f0a05d9b640 1 -- 172.21.15.134:0/3844809881 <== mon.0 v2:172.21.15.134:3300/0 1 ==== mon_map magic: 0 ==== 205+0+0 (secure 0 0 0) 0x7f09f8037070 con 0x7f0a08107770
2024-09-15T23:07:34.878 INFO:teuthology.orchestra.run.smithi134.stdout:/usr/bin/ceph: stderr
2024-09-15T23:07:30.907+0000 7f0a05d9b640 1 -- 172.21.15.134:0/3844809881 <== mon.0 v2:172.21.15.134:3300/0 2 ==== config(28 keys) ==== 1143+0+0 (secure 0 0 0) 0x7f09f8032920 con 0x7f0a08107770
2024-09-15T23:07:34.878 INFO:teuthology.orchestra.run.smithi134.stdout:/usr/bin/ceph: stderr
2024-09-15T23:07:30.907+0000 7f0a05d9b640 1 -- 172.21.15.134:0/3844809881 <== mon.0 v2:172.21.15.134:3300/0 3 ==== mon_map magic: 0 ==== 205+0+0 (secure 0 0 0) 0x7f09f8030950 con 0x7f0a08107770
2024-09-15T23:07:34.878 INFO:teuthology.orchestra.run.smithi134.stdout:/usr/bin/ceph: stderr
2024-09-15T23:07:30.908+0000 7f0a0c84a640 1 -- 172.21.15.134:0/3844809881 >> [v2:172.21.15.134:3300/0,v1:172.21.15.134:6789/0] conn(0x7f0a08107770 msgr2=0x7f0a08107b70 secure :-1 s=STATE_CONNECTION_ESTABLISHED l=1).mark_down
2024-09-15T23:07:34.879 INFO:teuthology.orchestra.run.smithi134.stdout:/usr/bin/ceph: stderr
2024-09-15T23:07:30.908+0000 7f0a0c84a640 1 --2- 172.21.15.134:0/3844809881 >> [v2:172.21.15.134:3300/0,v1:172.21.15.134:6789/0] conn(0x7f0a08107770 0x7f0a08107b70 secure :-1 s=READY pgs=31 cs=0 l=1 rev1=1 crypto rx=0x7f09f8009820 tx=0x7f09f802a270 comp rx=0 tx=0).stop
2024-09-15T23:07:34.879 INFO:teuthology.orchestra.run.smithi134.stdout:/usr/bin/ceph: stderr
2024-09-15T23:07:30.908+0000 7f0a0c84a640 1 -- 172.21.15.134:0/3844809881 shutdown_connections
2024-09-15T23:07:34.879 INFO:teuthology.orchestra.run.smithi134.stdout:/usr/bin/ceph: stderr
2024-09-15T23:07:30.908+0000 7f0a0c84a640 1 --2- 172.21.15.134:0/3844809881 >> [v2:172.21.15.134:3300/0,v1:172.21.15.134:6789/0] conn(0x7f0a08107770 0x7f0a08107b70 unknown :-1 s=CLOSED pgs=31 cs=0 l=1 rev1=1 crypto rx=0 tx=0 comp rx=0 tx=0).stop
2024-09-15T23:07:34.879 INFO:teuthology.orchestra.run.smithi134.stdout:/usr/bin/ceph: stderr
2024-09-15T23:07:30.908+0000 7f0a0c84a640 1 -- 172.21.15.134:0/3844809881 >> 172.21.15.134:0/3844809881 conn(0x7f0a08102f00 msgr2=0x7f0a08105340 unknown :-1 s=STATE_NONE l=0).mark_down
2024-09-15T23:07:34.879 INFO:teuthology.orchestra.run.smithi134.stdout:/usr/bin/ceph: stderr
2024-09-15T23:07:30.908+0000 7f0a0c84a640 1 -- 172.21.15.134:0/3844809881 shutdown_connections
2024-09-15T23:07:34.879 INFO:teuthology.orchestra.run.smithi134.stdout:/usr/bin/ceph: stderr
2024-09-15T23:07:30.908+0000 7f0a0c84a640 1 -- 172.21.15.134:0/3844809881 wait complete.
2024-09-15T23:07:34.879 INFO:teuthology.orchestra.run.smithi134.stdout:/usr/bin/ceph: stderr
2024-09-15T23:07:30.909+0000 7f0a0c84a640 1 Processor -- start
2024-09-15T23:07:34.879 INFO:teuthology.orchestra.run.smithi134.stdout:/usr/bin/ceph: stderr
2024-09-15T23:07:30.909+0000 7f0a0c84a640 1 -- start start
2024-09-15T23:07:34.879 INFO:teuthology.orchestra.run.smithi134.stdout:/usr/bin/ceph: stderr
2024-09-15T23:07:30.909+0000 7f0a0c84a640 1 --2- >> [v2:172.21.15.134:3300/0,v1:172.21.15.134:6789/0] conn(0x7f0a08107770 0x7f0a0807db20 unknown :-1 s=NONE pgs=0 cs=0 l=1 rev1=0 crypto rx=0 tx=0 comp rx=0 tx=0).connect
2024-09-15T23:07:34.879 INFO:teuthology.orchestra.run.smithi134.stdout:/usr/bin/ceph: stderr
2024-09-15T23:07:30.909+0000 7f0a0c84a640 1 -- --> [v2:172.21.15.134:3300/0,v1:172.21.15.134:6789/0] -- mon_getmap magic: 0 -- 0x7f0a0810bd20 con 0x7f0a08107770
2024-09-15T23:07:34.879 INFO:teuthology.orchestra.run.smithi134.stdout:/usr/bin/ceph: stderr
2024-09-15T23:07:30.909+0000 7f0a0659c640 1 --2- >> [v2:172.21.15.134:3300/0,v1:172.21.15.134:6789/0] conn(0x7f0a08107770 0x7f0a0807db20 unknown :-1 s=BANNER_CONNECTING pgs=0 cs=0 l=1 rev1=0 crypto rx=0 tx=0 comp rx=0 tx=0)._handle_peer_banner_payload supported=3 required=0
2024-09-15T23:07:34.879 INFO:teuthology.orchestra.run.smithi134.stdout:/usr/bin/ceph: stderr
2024-09-15T23:07:30.909+0000 7f0a0659c640 1 --2- >> [v2:172.21.15.134:3300/0,v1:172.21.15.134:6789/0] conn(0x7f0a08107770 0x7f0a0807db20 unknown :-1 s=HELLO_CONNECTING pgs=0 cs=0 l=1 rev1=1 crypto rx=0 tx=0 comp rx=0 tx=0).handle_hello peer v2:172.21.15.134:3300/0 says I am v2:172.21.15.134:53302/0 (socket says 172.21.15.134:53302)
2024-09-15T23:07:34.879 INFO:teuthology.orchestra.run.smithi134.stdout:/usr/bin/ceph: stderr
2024-09-15T23:07:30.909+0000 7f0a0659c640 1 -- 172.21.15.134:0/1813310494 learned_addr learned my addr 172.21.15.134:0/1813310494 (peer_addr_for_me v2:172.21.15.134:0/0)
2024-09-15T23:07:34.880 INFO:teuthology.orchestra.run.smithi134.stdout:/usr/bin/ceph: stderr
2024-09-15T23:07:30.910+0000 7f0a0659c640 1 -- 172.21.15.134:0/1813310494 --> [v2:172.21.15.134:3300/0,v1:172.21.15.134:6789/0] -- mon_subscribe({config=0+,monmap=0+}) -- 0x7f0a0807e060 con 0x7f0a08107770
2024-09-15T23:07:34.880 INFO:teuthology.orchestra.run.smithi134.stdout:/usr/bin/ceph: stderr
2024-09-15T23:07:30.910+0000 7f0a0659c640 1 --2- 172.21.15.134:0/1813310494 >> [v2:172.21.15.134:3300/0,v1:172.21.15.134:6789/0] conn(0x7f0a08107770 0x7f0a0807db20 secure :-1 s=READY pgs=32 cs=0 l=1 rev1=1 crypto rx=0x7f09f80097f0 tx=0x7f09f8032d00 comp rx=0 tx=0).ready entity=mon.0 client_cookie=0 server_cookie=0 in_seq=0 out_seq=0
2024-09-15T23:07:34.880 INFO:teuthology.orchestra.run.smithi134.stdout:/usr/bin/ceph: stderr
2024-09-15T23:07:30.911+0000 7f09ff7fe640 1 -- 172.21.15.134:0/1813310494 <== mon.0 v2:172.21.15.134:3300/0 1 ==== mon_map magic: 0 ==== 205+0+0 (secure 0 0 0) 0x7f09f8037040 con 0x7f0a08107770
2024-09-15T23:07:34.880 INFO:teuthology.orchestra.run.smithi134.stdout:/usr/bin/ceph: stderr
2024-09-15T23:07:30.911+0000 7f0a0c84a640 1 -- 172.21.15.134:0/1813310494 --> [v2:172.21.15.134:3300/0,v1:172.21.15.134:6789/0] -- mon_subscribe({mgrmap=0+}) -- 0x7f0a0807c250 con 0x7f0a08107770
2024-09-15T23:07:34.880 INFO:teuthology.orchestra.run.smithi134.stdout:/usr/bin/ceph: stderr
2024-09-15T23:07:30.911+0000 7f0a0c84a640 1 -- 172.21.15.134:0/1813310494 --> [v2:172.21.15.134:3300/0,v1:172.21.15.134:6789/0] -- mon_subscribe({osdmap=0}) -- 0x7f0a0807c790 con 0x7f0a08107770
2024-09-15T23:07:34.880 INFO:teuthology.orchestra.run.smithi134.stdout:/usr/bin/ceph: stderr
2024-09-15T23:07:30.911+0000 7f09ff7fe640 1 -- 172.21.15.134:0/1813310494 <== mon.0 v2:172.21.15.134:3300/0 2 ==== config(28 keys) ==== 1143+0+0 (secure 0 0 0) 0x7f09f8040070 con 0x7f0a08107770
2024-09-15T23:07:34.880 INFO:teuthology.orchestra.run.smithi134.stdout:/usr/bin/ceph: stderr
2024-09-15T23:07:30.911+0000 7f09ff7fe640 1 -- 172.21.15.134:0/1813310494 <== mon.0 v2:172.21.15.134:3300/0 3 ==== mon_map magic: 0 ==== 205+0+0 (secure 0 0 0) 0x7f09f803b770 con 0x7f0a08107770
2024-09-15T23:07:34.880 INFO:teuthology.orchestra.run.smithi134.stdout:/usr/bin/ceph: stderr
2024-09-15T23:07:30.912+0000 7f09ff7fe640 1 -- 172.21.15.134:0/1813310494 <== mon.0 v2:172.21.15.134:3300/0 4 ==== mgrmap(e 8) ==== 46461+0+0 (secure 0 0 0) 0x7f09f803b910 con 0x7f0a08107770
2024-09-15T23:07:34.880 INFO:teuthology.orchestra.run.smithi134.stdout:/usr/bin/ceph: stderr
2024-09-15T23:07:30.912+0000 7f0a0c84a640 1 -- 172.21.15.134:0/1813310494 --> [v2:172.21.15.134:3300/0,v1:172.21.15.134:6789/0] -- mon_command({"prefix": "get_command_descriptions"} v 0) -- 0x7f0a08107bf0 con 0x7f0a08107770
2024-09-15T23:07:34.881 INFO:teuthology.orchestra.run.smithi134.stdout:/usr/bin/ceph: stderr
2024-09-15T23:07:30.912+0000 7f09ff7fe640 1 --2- 172.21.15.134:0/1813310494 >> [v2:172.21.15.134:6800/1157580018,v1:172.21.15.134:6801/1157580018] conn(0x7f09f40391b0 0x7f09f403b670 unknown :-1 s=NONE pgs=0 cs=0 l=1 rev1=0 crypto rx=0 tx=0 comp rx=0 tx=0).connect
2024-09-15T23:07:34.881 INFO:teuthology.orchestra.run.smithi134.stdout:/usr/bin/ceph: stderr
2024-09-15T23:07:30.913+0000 7f09ff7fe640 1 -- 172.21.15.134:0/1813310494 <== mon.0 v2:172.21.15.134:3300/0 5 ==== osd_map(2..2 src has 1..2) ==== 940+0+0 (secure 0 0 0) 0x7f09f806c880 con 0x7f0a08107770
2024-09-15T23:07:34.881 INFO:teuthology.orchestra.run.smithi134.stdout:/usr/bin/ceph: stderr
2024-09-15T23:07:30.913+0000 7f09fffff640 1 --2- 172.21.15.134:0/1813310494 >> [v2:172.21.15.134:6800/1157580018,v1:172.21.15.134:6801/1157580018] conn(0x7f09f40391b0 0x7f09f403b670 unknown :-1 s=BANNER_CONNECTING pgs=0 cs=0 l=1 rev1=0 crypto rx=0 tx=0 comp rx=0 tx=0)._handle_peer_banner_payload supported=3 required=0
2024-09-15T23:07:34.881 INFO:teuthology.orchestra.run.smithi134.stdout:/usr/bin/ceph: stderr
2024-09-15T23:07:30.913+0000 7f09fffff640 1 --2- 172.21.15.134:0/1813310494 >> [v2:172.21.15.134:6800/1157580018,v1:172.21.15.134:6801/1157580018] conn(0x7f09f40391b0 0x7f09f403b670 secure :-1 s=READY pgs=6 cs=0 l=1 rev1=1 crypto rx=0x7f09f00098c0 tx=0x7f09f0006db0 comp rx=0 tx=0).ready entity=mgr.14118 client_cookie=0 server_cookie=0 in_seq=0 out_seq=0
2024-09-15T23:07:34.881 INFO:teuthology.orchestra.run.smithi134.stdout:/usr/bin/ceph: stderr
2024-09-15T23:07:30.917+0000 7f09ff7fe640 1 -- 172.21.15.134:0/1813310494 <== mon.0 v2:172.21.15.134:3300/0 6 ==== mon_command_ack([{"prefix": "get_command_descriptions"}]=0 v0) ==== 72+0+188821 (secure 0 0 0) 0x7f09f8039970 con 0x7f0a08107770
2024-09-15T23:07:34.881 INFO:teuthology.orchestra.run.smithi134.stdout:/usr/bin/ceph: stderr
2024-09-15T23:07:31.131+0000 7f0a0c84a640 1 -- 172.21.15.134:0/1813310494 --> [v2:172.21.15.134:3300/0,v1:172.21.15.134:6789/0] -- mon_command({"prefix": "mgr stat"} v 0) -- 0x7f0a0807d050 con 0x7f0a08107770
2024-09-15T23:07:34.881 INFO:teuthology.orchestra.run.smithi134.stdout:/usr/bin/ceph: stderr
2024-09-15T23:07:31.132+0000 7f09ff7fe640 1 -- 172.21.15.134:0/1813310494 <== mon.0 v2:172.21.15.134:3300/0 7 ==== mon_command_ack([{"prefix": "mgr stat"}]=0 v8) ==== 56+0+88 (secure 0 0 0) 0x7f09f8041270 con 0x7f0a08107770
2024-09-15T23:07:34.881 INFO:teuthology.orchestra.run.smithi134.stdout:/usr/bin/ceph: stderr
2024-09-15T23:07:31.133+0000 7f0a0c84a640 1 -- 172.21.15.134:0/1813310494 >> [v2:172.21.15.134:6800/1157580018,v1:172.21.15.134:6801/1157580018] conn(0x7f09f40391b0 msgr2=0x7f09f403b670 secure :-1 s=STATE_CONNECTION_ESTABLISHED l=1).mark_down
2024-09-15T23:07:34.881 INFO:teuthology.orchestra.run.smithi134.stdout:/usr/bin/ceph: stderr
2024-09-15T23:07:31.133+0000 7f0a0c84a640 1 --2- 172.21.15.134:0/1813310494 >> [v2:172.21.15.134:6800/1157580018,v1:172.21.15.134:6801/1157580018] conn(0x7f09f40391b0 0x7f09f403b670 secure :-1 s=READY pgs=6 cs=0 l=1 rev1=1 crypto rx=0x7f09f00098c0 tx=0x7f09f0006db0 comp rx=0 tx=0).stop
2024-09-15T23:07:34.881 INFO:teuthology.orchestra.run.smithi134.stdout:/usr/bin/ceph: stderr
2024-09-15T23:07:31.134+0000 7f0a0c84a640 1 -- 172.21.15.134:0/1813310494 >> [v2:172.21.15.134:3300/0,v1:172.21.15.134:6789/0] conn(0x7f0a08107770 msgr2=0x7f0a0807db20 secure :-1 s=STATE_CONNECTION_ESTABLISHED l=1).mark_down
2024-09-15T23:07:34.881 INFO:teuthology.orchestra.run.smithi134.stdout:/usr/bin/ceph: stderr
2024-09-15T23:07:31.134+0000 7f0a0c84a640 1 --2- 172.21.15.134:0/1813310494 >> [v2:172.21.15.134:3300/0,v1:172.21.15.134:6789/0] conn(0x7f0a08107770 0x7f0a0807db20 secure :-1 s=READY pgs=32 cs=0 l=1 rev1=1 crypto rx=0x7f09f80097f0 tx=0x7f09f8032d00 comp rx=0 tx=0).stop
2024-09-15T23:07:34.881 INFO:teuthology.orchestra.run.smithi134.stdout:/usr/bin/ceph: stderr
2024-09-15T23:07:31.134+0000 7f0a0c84a640 1 -- 172.21.15.134:0/1813310494 shutdown_connections
2024-09-15T23:07:34.881 INFO:teuthology.orchestra.run.smithi134.stdout:/usr/bin/ceph: stderr
2024-09-15T23:07:31.134+0000 7f0a0c84a640 1 --2- 172.21.15.134:0/1813310494 >> [v2:172.21.15.134:6800/1157580018,v1:172.21.15.134:6801/1157580018] conn(0x7f09f40391b0 0x7f09f403b670 unknown :-1 s=CLOSED pgs=6 cs=0 l=1 rev1=1 crypto rx=0 tx=0 comp rx=0 tx=0).stop
2024-09-15T23:07:34.882 INFO:teuthology.orchestra.run.smithi134.stdout:/usr/bin/ceph: stderr
2024-09-15T23:07:31.134+0000 7f0a0c84a640 1 --2- 172.21.15.134:0/1813310494 >> [v2:172.21.15.134:3300/0,v1:172.21.15.134:6789/0] conn(0x7f0a08107770 0x7f0a0807db20 unknown :-1 s=CLOSED pgs=32 cs=0 l=1 rev1=1 crypto rx=0 tx=0 comp rx=0 tx=0).stop
2024-09-15T23:07:34.882 INFO:teuthology.orchestra.run.smithi134.stdout:/usr/bin/ceph: stderr
2024-09-15T23:07:31.134+0000 7f0a0c84a640 1 -- 172.21.15.134:0/1813310494 >> 172.21.15.134:0/1813310494 conn(0x7f0a08102f00 msgr2=0x7f0a08103aa0 unknown :-1 s=STATE_NONE l=0).mark_down
2024-09-15T23:07:34.882 INFO:teuthology.orchestra.run.smithi134.stdout:/usr/bin/ceph: stderr
2024-09-15T23:07:31.134+0000 7f0a0c84a640 1 -- 172.21.15.134:0/1813310494 shutdown_connections
2024-09-15T23:07:34.882 INFO:teuthology.orchestra.run.smithi134.stdout:/usr/bin/ceph: stderr
2024-09-15T23:07:31.134+0000 7f0a0c84a640 1 -- 172.21.15.134:0/1813310494 wait complete.
2024-09-15T23:07:34.882 INFO:teuthology.orchestra.run.smithi134.stdout:Waiting for the mgr to restart...
2024-09-15T23:07:34.882 INFO:teuthology.orchestra.run.smithi134.stdout:Waiting for mgr epoch 8...
2024-09-15T23:07:35.932 INFO:teuthology.orchestra.run.smithi134.stdout:/usr/bin/ceph: stdout {
2024-09-15T23:07:35.932 INFO:teuthology.orchestra.run.smithi134.stdout:/usr/bin/ceph: stdout "mgrmap_epoch": 8,
2024-09-15T23:07:35.932 INFO:teuthology.orchestra.run.smithi134.stdout:/usr/bin/ceph: stdout "initialized": true
2024-09-15T23:07:35.932 INFO:teuthology.orchestra.run.smithi134.stdout:/usr/bin/ceph: stdout }
2024-09-15T23:07:35.932 INFO:teuthology.orchestra.run.smithi134.stdout:/usr/bin/ceph: stderr
2024-09-15T23:07:35.318+0000 7fb0fca08640 1 Processor -- start
2024-09-15T23:07:35.932 INFO:teuthology.orchestra.run.smithi134.stdout:/usr/bin/ceph: stderr
2024-09-15T23:07:35.318+0000 7fb0fca08640 1 -- start start
2024-09-15T23:07:35.932 INFO:teuthology.orchestra.run.smithi134.stdout:/usr/bin/ceph: stderr
2024-09-15T23:07:35.319+0000 7fb0fca08640 1 --2- >> [v2:172.21.15.134:3300/0,v1:172.21.15.134:6789/0] conn(0x7fb0f807e6c0 0x7fb0f807cb20 unknown :-1 s=NONE pgs=0 cs=0 l=0 rev1=0 crypto rx=0 tx=0 comp rx=0 tx=0).connect
2024-09-15T23:07:35.932 INFO:teuthology.orchestra.run.smithi134.stdout:/usr/bin/ceph: stderr
2024-09-15T23:07:35.319+0000 7fb0fca08640 1 -- --> [v2:172.21.15.134:3300/0,v1:172.21.15.134:6789/0] -- mon_getmap magic: 0 -- 0x7fb0f807d0f0 con 0x7fb0f807e6c0
2024-09-15T23:07:35.933 INFO:teuthology.orchestra.run.smithi134.stdout:/usr/bin/ceph: stderr
2024-09-15T23:07:35.319+0000 7fb0f659c640 1 --2- >> [v2:172.21.15.134:3300/0,v1:172.21.15.134:6789/0] conn(0x7fb0f807e6c0 0x7fb0f807cb20 unknown :-1 s=BANNER_CONNECTING pgs=0 cs=0 l=0 rev1=0 crypto rx=0 tx=0 comp rx=0 tx=0)._handle_peer_banner_payload supported=3 required=0
2024-09-15T23:07:35.933 INFO:teuthology.orchestra.run.smithi134.stdout:/usr/bin/ceph: stderr
2024-09-15T23:07:35.319+0000 7fb0f659c640 1 --2- >> [v2:172.21.15.134:3300/0,v1:172.21.15.134:6789/0] conn(0x7fb0f807e6c0 0x7fb0f807cb20 unknown :-1 s=HELLO_CONNECTING pgs=0 cs=0 l=0 rev1=1 crypto rx=0 tx=0 comp rx=0 tx=0).handle_hello peer v2:172.21.15.134:3300/0 says I am v2:172.21.15.134:53318/0 (socket says 172.21.15.134:53318)
2024-09-15T23:07:35.933 INFO:teuthology.orchestra.run.smithi134.stdout:/usr/bin/ceph: stderr
2024-09-15T23:07:35.319+0000 7fb0f659c640 1 -- 172.21.15.134:0/2984290075 learned_addr learned my addr 172.21.15.134:0/2984290075 (peer_addr_for_me v2:172.21.15.134:0/0)
2024-09-15T23:07:35.933 INFO:teuthology.orchestra.run.smithi134.stdout:/usr/bin/ceph: stderr
2024-09-15T23:07:35.319+0000 7fb0f659c640 1 -- 172.21.15.134:0/2984290075 --> [v2:172.21.15.134:3300/0,v1:172.21.15.134:6789/0] -- mon_subscribe({config=0+,monmap=0+}) -- 0x7fb0f807d270 con 0x7fb0f807e6c0
2024-09-15T23:07:35.933 INFO:teuthology.orchestra.run.smithi134.stdout:/usr/bin/ceph: stderr
2024-09-15T23:07:35.320+0000 7fb0f659c640 1 --2- 172.21.15.134:0/2984290075 >> [v2:172.21.15.134:3300/0,v1:172.21.15.134:6789/0] conn(0x7fb0f807e6c0 0x7fb0f807cb20 secure :-1 s=READY pgs=33 cs=0 l=1 rev1=1 crypto rx=0x7fb0e8009820 tx=0x7fb0e802a270 comp rx=0 tx=0).ready entity=mon.0 client_cookie=f33dc82c6d4e6e01 server_cookie=0 in_seq=0 out_seq=0
2024-09-15T23:07:35.933 INFO:teuthology.orchestra.run.smithi134.stdout:/usr/bin/ceph: stderr
2024-09-15T23:07:35.320+0000 7fb0f559a640 1 -- 172.21.15.134:0/2984290075 <== mon.0 v2:172.21.15.134:3300/0 1 ==== mon_map magic: 0 ==== 205+0+0 (secure 0 0 0) 0x7fb0e8037070 con 0x7fb0f807e6c0
2024-09-15T23:07:35.933 INFO:teuthology.orchestra.run.smithi134.stdout:/usr/bin/ceph: stderr
2024-09-15T23:07:35.320+0000 7fb0f559a640 1 -- 172.21.15.134:0/2984290075 <== mon.0 v2:172.21.15.134:3300/0 2 ==== config(28 keys) ==== 1143+0+0 (secure 0 0 0) 0x7fb0e8032920 con 0x7fb0f807e6c0
2024-09-15T23:07:35.933 INFO:teuthology.orchestra.run.smithi134.stdout:/usr/bin/ceph: stderr
2024-09-15T23:07:35.320+0000 7fb0f559a640 1 -- 172.21.15.134:0/2984290075 <== mon.0 v2:172.21.15.134:3300/0 3 ==== mon_map magic: 0 ==== 205+0+0 (secure 0 0 0) 0x7fb0e8030950 con 0x7fb0f807e6c0
2024-09-15T23:07:35.933 INFO:teuthology.orchestra.run.smithi134.stdout:/usr/bin/ceph: stderr
2024-09-15T23:07:35.321+0000 7fb0fca08640 1 -- 172.21.15.134:0/2984290075 >> [v2:172.21.15.134:3300/0,v1:172.21.15.134:6789/0] conn(0x7fb0f807e6c0 msgr2=0x7fb0f807cb20 secure :-1 s=STATE_CONNECTION_ESTABLISHED l=1).mark_down
2024-09-15T23:07:35.933 INFO:teuthology.orchestra.run.smithi134.stdout:/usr/bin/ceph: stderr
2024-09-15T23:07:35.321+0000 7fb0fca08640 1 --2- 172.21.15.134:0/2984290075 >> [v2:172.21.15.134:3300/0,v1:172.21.15.134:6789/0] conn(0x7fb0f807e6c0 0x7fb0f807cb20 secure :-1 s=READY pgs=33 cs=0 l=1 rev1=1 crypto rx=0x7fb0e8009820 tx=0x7fb0e802a270 comp rx=0 tx=0).stop
2024-09-15T23:07:35.933 INFO:teuthology.orchestra.run.smithi134.stdout:/usr/bin/ceph: stderr
