2024-09-15T23:11:57.770 INFO:teuthology.orchestra.run.smithi031.stdout:/usr/bin/ceph: stderr
2024-09-15T23:11:57.210+0000 7f3edb7a6640 1 --2- 172.21.15.31:0/4090692266 >> [v2:172.21.15.31:6800/1177321687,v1:172.21.15.31:6801/1177321687] conn(0x7f3ec0039260 0x7f3ec003b720 unknown :-1 s=CLOSED pgs=7 cs=0 l=1 rev1=1 crypto rx=0 tx=0 comp rx=0 tx=0).stop
2024-09-15T23:11:57.771 INFO:teuthology.orchestra.run.smithi031.stdout:/usr/bin/ceph: stderr
2024-09-15T23:11:57.210+0000 7f3edb7a6640 1 --2- 172.21.15.31:0/4090692266 >> [v2:172.21.15.31:3300/0,v1:172.21.15.31:6789/0] conn(0x7f3ed4108050 0x7f3ed419b5b0 unknown :-1 s=CLOSED pgs=69 cs=0 l=1 rev1=1 crypto rx=0 tx=0 comp rx=0 tx=0).stop
2024-09-15T23:11:57.771 INFO:teuthology.orchestra.run.smithi031.stdout:/usr/bin/ceph: stderr
2024-09-15T23:11:57.210+0000 7f3edb7a6640 1 -- 172.21.15.31:0/4090692266 >> 172.21.15.31:0/4090692266 conn(0x7f3ed4101c30 msgr2=0x7f3ed41027d0 unknown :-1 s=STATE_NONE l=0).mark_down
2024-09-15T23:11:57.771 INFO:teuthology.orchestra.run.smithi031.stdout:/usr/bin/ceph: stderr
2024-09-15T23:11:57.211+0000 7f3edb7a6640 1 -- 172.21.15.31:0/4090692266 shutdown_connections
2024-09-15T23:11:57.771 INFO:teuthology.orchestra.run.smithi031.stdout:/usr/bin/ceph: stderr
2024-09-15T23:11:57.211+0000 7f3edb7a6640 1 -- 172.21.15.31:0/4090692266 wait complete.
2024-09-15T23:11:57.771 INFO:teuthology.orchestra.run.smithi031.stdout:Creating initial admin user...
2024-09-15T23:11:58.215 INFO:journalctl@ceph.mon.a.smithi031.stdout:Sep 15 23:11:57 smithi031 ceph-mon[31627]: mgrmap e12: x(active, since 2s)
2024-09-15T23:11:58.216 INFO:journalctl@ceph.mon.a.smithi031.stdout:Sep 15 23:11:57 smithi031 ceph-mon[31627]: from='client.14162 -' entity='client.admin' cmd=[{"prefix": "dashboard create-self-signed-cert", "target": ["mon-mgr", ""]}]: dispatch
2024-09-15T23:11:58.216 INFO:journalctl@ceph.mon.a.smithi031.stdout:Sep 15 23:11:57 smithi031 ceph-mon[31627]: from='mgr.14150 172.21.15.31:0/1737834634' entity='mgr.x'
2024-09-15T23:11:58.216 INFO:journalctl@ceph.mon.a.smithi031.stdout:Sep 15 23:11:57 smithi031 ceph-mon[31627]: from='mgr.14150 172.21.15.31:0/1737834634' entity='mgr.x'
2024-09-15T23:11:58.216 INFO:journalctl@ceph.mon.a.smithi031.stdout:Sep 15 23:11:57 smithi031 ceph-mon[31627]: from='mgr.14150 172.21.15.31:0/1737834634' entity='mgr.x'
2024-09-15T23:11:59.215 INFO:journalctl@ceph.mon.a.smithi031.stdout:Sep 15 23:11:58 smithi031 ceph-mon[31627]: from='client.14164 -' entity='client.admin' cmd=[{"prefix": "dashboard ac-user-create", "username": "admin", "rolename": "administrator", "force_password": true, "pwd_update_required": true, "target": ["mon-mgr", ""]}]: dispatch
2024-09-15T23:11:59.215 INFO:journalctl@ceph.mon.a.smithi031.stdout:Sep 15 23:11:58 smithi031 ceph-mon[31627]: from='mgr.14150 172.21.15.31:0/1737834634' entity='mgr.x'
2024-09-15T23:11:59.341 INFO:teuthology.orchestra.run.smithi031.stdout:/usr/bin/ceph: stdout {"username": "admin", "password": "$2b$12$xy83vUAvKwekM11JlmeNvuAgSyjiubHzw45hlEHSulGijt/eyTpTq", "roles": ["administrator"], "name": null, "email": null, "lastUpdate": 1726441918, "enabled": true, "pwdExpirationDate": null, "pwdUpdateRequired": true}
2024-09-15T23:11:59.341 INFO:teuthology.orchestra.run.smithi031.stdout:/usr/bin/ceph: stderr
2024-09-15T23:11:58.165+0000 7f551d35f640 1 Processor -- start
2024-09-15T23:11:59.341 INFO:teuthology.orchestra.run.smithi031.stdout:/usr/bin/ceph: stderr
2024-09-15T23:11:58.165+0000 7f551d35f640 1 -- start start
2024-09-15T23:11:59.341 INFO:teuthology.orchestra.run.smithi031.stdout:/usr/bin/ceph: stderr
2024-09-15T23:11:58.165+0000 7f551d35f640 1 --2- >> [v2:172.21.15.31:3300/0,v1:172.21.15.31:6789/0] conn(0x7f551807bce0 0x7f551810a140 unknown :-1 s=NONE pgs=0 cs=0 l=0 rev1=0 crypto rx=0 tx=0 comp rx=0 tx=0).connect
2024-09-15T23:11:59.342 INFO:teuthology.orchestra.run.smithi031.stdout:/usr/bin/ceph: stderr
2024-09-15T23:11:58.165+0000 7f551d35f640 1 -- --> [v2:172.21.15.31:3300/0,v1:172.21.15.31:6789/0] -- mon_getmap magic: 0 -- 0x7f551810a710 con 0x7f551807bce0
2024-09-15T23:11:59.342 INFO:teuthology.orchestra.run.smithi031.stdout:/usr/bin/ceph: stderr
2024-09-15T23:11:58.165+0000 7f5516ffd640 1 --2- >> [v2:172.21.15.31:3300/0,v1:172.21.15.31:6789/0] conn(0x7f551807bce0 0x7f551810a140 unknown :-1 s=BANNER_CONNECTING pgs=0 cs=0 l=0 rev1=0 crypto rx=0 tx=0 comp rx=0 tx=0)._handle_peer_banner_payload supported=3 required=0
2024-09-15T23:11:59.342 INFO:teuthology.orchestra.run.smithi031.stdout:/usr/bin/ceph: stderr
2024-09-15T23:11:58.165+0000 7f5516ffd640 1 --2- >> [v2:172.21.15.31:3300/0,v1:172.21.15.31:6789/0] conn(0x7f551807bce0 0x7f551810a140 unknown :-1 s=HELLO_CONNECTING pgs=0 cs=0 l=0 rev1=1 crypto rx=0 tx=0 comp rx=0 tx=0).handle_hello peer v2:172.21.15.31:3300/0 says I am v2:172.21.15.31:35280/0 (socket says 172.21.15.31:35280)
2024-09-15T23:11:59.342 INFO:teuthology.orchestra.run.smithi031.stdout:/usr/bin/ceph: stderr
2024-09-15T23:11:58.165+0000 7f5516ffd640 1 -- 172.21.15.31:0/1502569815 learned_addr learned my addr 172.21.15.31:0/1502569815 (peer_addr_for_me v2:172.21.15.31:0/0)
2024-09-15T23:11:59.342 INFO:teuthology.orchestra.run.smithi031.stdout:/usr/bin/ceph: stderr
2024-09-15T23:11:58.166+0000 7f5516ffd640 1 -- 172.21.15.31:0/1502569815 --> [v2:172.21.15.31:3300/0,v1:172.21.15.31:6789/0] -- mon_subscribe({config=0+,monmap=0+}) -- 0x7f551810a890 con 0x7f551807bce0
2024-09-15T23:11:59.342 INFO:teuthology.orchestra.run.smithi031.stdout:/usr/bin/ceph: stderr
2024-09-15T23:11:58.166+0000 7f5516ffd640 1 --2- 172.21.15.31:0/1502569815 >> [v2:172.21.15.31:3300/0,v1:172.21.15.31:6789/0] conn(0x7f551807bce0 0x7f551810a140 secure :-1 s=READY pgs=70 cs=0 l=1 rev1=1 crypto rx=0x7f5508009820 tx=0x7f550802a270 comp rx=0 tx=0).ready entity=mon.0 client_cookie=91f2d600f3b6c08a server_cookie=0 in_seq=0 out_seq=0
2024-09-15T23:11:59.342 INFO:teuthology.orchestra.run.smithi031.stdout:/usr/bin/ceph: stderr
2024-09-15T23:11:58.166+0000 7f55167fc640 1 -- 172.21.15.31:0/1502569815 <== mon.0 v2:172.21.15.31:3300/0 1 ==== mon_map magic: 0 ==== 205+0+0 (secure 0 0 0) 0x7f5508037070 con 0x7f551807bce0
2024-09-15T23:11:59.342 INFO:teuthology.orchestra.run.smithi031.stdout:/usr/bin/ceph: stderr
2024-09-15T23:11:58.167+0000 7f55167fc640 1 -- 172.21.15.31:0/1502569815 <== mon.0 v2:172.21.15.31:3300/0 2 ==== config(27 keys) ==== 1140+0+0 (secure 0 0 0) 0x7f5508032920 con 0x7f551807bce0
2024-09-15T23:11:59.342 INFO:teuthology.orchestra.run.smithi031.stdout:/usr/bin/ceph: stderr
2024-09-15T23:11:58.167+0000 7f55167fc640 1 -- 172.21.15.31:0/1502569815 <== mon.0 v2:172.21.15.31:3300/0 3 ==== mon_map magic: 0 ==== 205+0+0 (secure 0 0 0) 0x7f5508030810 con 0x7f551807bce0
2024-09-15T23:11:59.342 INFO:teuthology.orchestra.run.smithi031.stdout:/usr/bin/ceph: stderr
2024-09-15T23:11:58.167+0000 7f551d35f640 1 -- 172.21.15.31:0/1502569815 >> [v2:172.21.15.31:3300/0,v1:172.21.15.31:6789/0] conn(0x7f551807bce0 msgr2=0x7f551810a140 secure :-1 s=STATE_CONNECTION_ESTABLISHED l=1).mark_down
2024-09-15T23:11:59.342 INFO:teuthology.orchestra.run.smithi031.stdout:/usr/bin/ceph: stderr
2024-09-15T23:11:58.167+0000 7f551d35f640 1 --2- 172.21.15.31:0/1502569815 >> [v2:172.21.15.31:3300/0,v1:172.21.15.31:6789/0] conn(0x7f551807bce0 0x7f551810a140 secure :-1 s=READY pgs=70 cs=0 l=1 rev1=1 crypto rx=0x7f5508009820 tx=0x7f550802a270 comp rx=0 tx=0).stop
2024-09-15T23:11:59.342 INFO:teuthology.orchestra.run.smithi031.stdout:/usr/bin/ceph: stderr
2024-09-15T23:11:58.167+0000 7f551d35f640 1 -- 172.21.15.31:0/1502569815 shutdown_connections
2024-09-15T23:11:59.342 INFO:teuthology.orchestra.run.smithi031.stdout:/usr/bin/ceph: stderr
2024-09-15T23:11:58.167+0000 7f551d35f640 1 --2- 172.21.15.31:0/1502569815 >> [v2:172.21.15.31:3300/0,v1:172.21.15.31:6789/0] conn(0x7f551807bce0 0x7f551810a140 unknown :-1 s=CLOSED pgs=70 cs=0 l=1 rev1=1 crypto rx=0 tx=0 comp rx=0 tx=0).stop
2024-09-15T23:11:59.342 INFO:teuthology.orchestra.run.smithi031.stdout:/usr/bin/ceph: stderr
2024-09-15T23:11:58.167+0000 7f551d35f640 1 -- 172.21.15.31:0/1502569815 >> 172.21.15.31:0/1502569815 conn(0x7f5518101c30 msgr2=0x7f55181040b0 unknown :-1 s=STATE_NONE l=0).mark_down
2024-09-15T23:11:59.343 INFO:teuthology.orchestra.run.smithi031.stdout:/usr/bin/ceph: stderr
2024-09-15T23:11:58.167+0000 7f551d35f640 1 -- 172.21.15.31:0/1502569815 shutdown_connections
2024-09-15T23:11:59.343 INFO:teuthology.orchestra.run.smithi031.stdout:/usr/bin/ceph: stderr
2024-09-15T23:11:58.167+0000 7f551d35f640 1 -- 172.21.15.31:0/1502569815 wait complete.
2024-09-15T23:11:59.343 INFO:teuthology.orchestra.run.smithi031.stdout:/usr/bin/ceph: stderr
2024-09-15T23:11:58.168+0000 7f551d35f640 1 Processor -- start
2024-09-15T23:11:59.343 INFO:teuthology.orchestra.run.smithi031.stdout:/usr/bin/ceph: stderr
2024-09-15T23:11:58.168+0000 7f551d35f640 1 -- start start
2024-09-15T23:11:59.343 INFO:teuthology.orchestra.run.smithi031.stdout:/usr/bin/ceph: stderr
2024-09-15T23:11:58.168+0000 7f551d35f640 1 --2- >> [v2:172.21.15.31:3300/0,v1:172.21.15.31:6789/0] conn(0x7f5518107970 0x7f55181060e0 unknown :-1 s=NONE pgs=0 cs=0 l=1 rev1=0 crypto rx=0 tx=0 comp rx=0 tx=0).connect
2024-09-15T23:11:59.343 INFO:teuthology.orchestra.run.smithi031.stdout:/usr/bin/ceph: stderr
2024-09-15T23:11:58.168+0000 7f551d35f640 1 -- --> [v2:172.21.15.31:3300/0,v1:172.21.15.31:6789/0] -- mon_getmap magic: 0 -- 0x7f551810b9d0 con 0x7f5518107970
2024-09-15T23:11:59.343 INFO:teuthology.orchestra.run.smithi031.stdout:/usr/bin/ceph: stderr
2024-09-15T23:11:58.168+0000 7f5516ffd640 1 --2- >> [v2:172.21.15.31:3300/0,v1:172.21.15.31:6789/0] conn(0x7f5518107970 0x7f55181060e0 unknown :-1 s=BANNER_CONNECTING pgs=0 cs=0 l=1 rev1=0 crypto rx=0 tx=0 comp rx=0 tx=0)._handle_peer_banner_payload supported=3 required=0
2024-09-15T23:11:59.343 INFO:teuthology.orchestra.run.smithi031.stdout:/usr/bin/ceph: stderr
2024-09-15T23:11:58.168+0000 7f5516ffd640 1 --2- >> [v2:172.21.15.31:3300/0,v1:172.21.15.31:6789/0] conn(0x7f5518107970 0x7f55181060e0 unknown :-1 s=HELLO_CONNECTING pgs=0 cs=0 l=1 rev1=1 crypto rx=0 tx=0 comp rx=0 tx=0).handle_hello peer v2:172.21.15.31:3300/0 says I am v2:172.21.15.31:35294/0 (socket says 172.21.15.31:35294)
2024-09-15T23:11:59.343 INFO:teuthology.orchestra.run.smithi031.stdout:/usr/bin/ceph: stderr
2024-09-15T23:11:58.168+0000 7f5516ffd640 1 -- 172.21.15.31:0/4019977563 learned_addr learned my addr 172.21.15.31:0/4019977563 (peer_addr_for_me v2:172.21.15.31:0/0)
2024-09-15T23:11:59.343 INFO:teuthology.orchestra.run.smithi031.stdout:/usr/bin/ceph: stderr
2024-09-15T23:11:58.169+0000 7f5516ffd640 1 -- 172.21.15.31:0/4019977563 --> [v2:172.21.15.31:3300/0,v1:172.21.15.31:6789/0] -- mon_subscribe({config=0+,monmap=0+}) -- 0x7f5518107d90 con 0x7f5518107970
2024-09-15T23:11:59.343 INFO:teuthology.orchestra.run.smithi031.stdout:/usr/bin/ceph: stderr
2024-09-15T23:11:58.169+0000 7f5516ffd640 1 --2- 172.21.15.31:0/4019977563 >> [v2:172.21.15.31:3300/0,v1:172.21.15.31:6789/0] conn(0x7f5518107970 0x7f55181060e0 secure :-1 s=READY pgs=71 cs=0 l=1 rev1=1 crypto rx=0x7f5508030380 tx=0x7f5508032670 comp rx=0 tx=0).ready entity=mon.0 client_cookie=0 server_cookie=0 in_seq=0 out_seq=0
2024-09-15T23:11:59.343 INFO:teuthology.orchestra.run.smithi031.stdout:/usr/bin/ceph: stderr
2024-09-15T23:11:58.169+0000 7f5514ff9640 1 -- 172.21.15.31:0/4019977563 <== mon.0 v2:172.21.15.31:3300/0 1 ==== mon_map magic: 0 ==== 205+0+0 (secure 0 0 0) 0x7f5508037040 con 0x7f5518107970
2024-09-15T23:11:59.343 INFO:teuthology.orchestra.run.smithi031.stdout:/usr/bin/ceph: stderr
2024-09-15T23:11:58.169+0000 7f5514ff9640 1 -- 172.21.15.31:0/4019977563 <== mon.0 v2:172.21.15.31:3300/0 2 ==== config(27 keys) ==== 1140+0+0 (secure 0 0 0) 0x7f5508040070 con 0x7f5518107970
2024-09-15T23:11:59.344 INFO:teuthology.orchestra.run.smithi031.stdout:/usr/bin/ceph: stderr
2024-09-15T23:11:58.169+0000 7f551d35f640 1 -- 172.21.15.31:0/4019977563 --> [v2:172.21.15.31:3300/0,v1:172.21.15.31:6789/0] -- mon_subscribe({mgrmap=0+}) -- 0x7f5518106620 con 0x7f5518107970
2024-09-15T23:11:59.344 INFO:teuthology.orchestra.run.smithi031.stdout:/usr/bin/ceph: stderr
2024-09-15T23:11:58.169+0000 7f5514ff9640 1 -- 172.21.15.31:0/4019977563 <== mon.0 v2:172.21.15.31:3300/0 3 ==== mon_map magic: 0 ==== 205+0+0 (secure 0 0 0) 0x7f550803a7b0 con 0x7f5518107970
2024-09-15T23:11:59.344 INFO:teuthology.orchestra.run.smithi031.stdout:/usr/bin/ceph: stderr
2024-09-15T23:11:58.169+0000 7f551d35f640 1 -- 172.21.15.31:0/4019977563 --> [v2:172.21.15.31:3300/0,v1:172.21.15.31:6789/0] -- mon_subscribe({osdmap=0}) -- 0x7f5518106b00 con 0x7f5518107970
2024-09-15T23:11:59.344 INFO:teuthology.orchestra.run.smithi031.stdout:/usr/bin/ceph: stderr
2024-09-15T23:11:58.170+0000 7f5514ff9640 1 -- 172.21.15.31:0/4019977563 <== mon.0 v2:172.21.15.31:3300/0 4 ==== mgrmap(e 12) ==== 46474+0+0 (secure 0 0 0) 0x7f550803aa30 con 0x7f5518107970
2024-09-15T23:11:59.344 INFO:teuthology.orchestra.run.smithi031.stdout:/usr/bin/ceph: stderr
2024-09-15T23:11:58.170+0000 7f551d35f640 1 -- 172.21.15.31:0/4019977563 --> [v2:172.21.15.31:3300/0,v1:172.21.15.31:6789/0] -- mon_command({"prefix": "get_command_descriptions"} v 0) -- 0x7f5518107f60 con 0x7f5518107970
2024-09-15T23:11:59.344 INFO:teuthology.orchestra.run.smithi031.stdout:/usr/bin/ceph: stderr
2024-09-15T23:11:58.170+0000 7f5514ff9640 1 --2- 172.21.15.31:0/4019977563 >> [v2:172.21.15.31:6800/1177321687,v1:172.21.15.31:6801/1177321687] conn(0x7f5504039200 0x7f550403b6c0 unknown :-1 s=NONE pgs=0 cs=0 l=1 rev1=0 crypto rx=0 tx=0 comp rx=0 tx=0).connect
2024-09-15T23:11:59.344 INFO:teuthology.orchestra.run.smithi031.stdout:/usr/bin/ceph: stderr
2024-09-15T23:11:58.170+0000 7f5514ff9640 1 -- 172.21.15.31:0/4019977563 <== mon.0 v2:172.21.15.31:3300/0 5 ==== osd_map(3..3 src has 1..3) ==== 1155+0+0 (secure 0 0 0) 0x7f550806ca40 con 0x7f5518107970
2024-09-15T23:11:59.344 INFO:teuthology.orchestra.run.smithi031.stdout:/usr/bin/ceph: stderr
2024-09-15T23:11:58.170+0000 7f550ffff640 1 --2- 172.21.15.31:0/4019977563 >> [v2:172.21.15.31:6800/1177321687,v1:172.21.15.31:6801/1177321687] conn(0x7f5504039200 0x7f550403b6c0 unknown :-1 s=BANNER_CONNECTING pgs=0 cs=0 l=1 rev1=0 crypto rx=0 tx=0 comp rx=0 tx=0)._handle_peer_banner_payload supported=3 required=0
2024-09-15T23:11:59.344 INFO:teuthology.orchestra.run.smithi031.stdout:/usr/bin/ceph: stderr
2024-09-15T23:11:58.171+0000 7f550ffff640 1 --2- 172.21.15.31:0/4019977563 >> [v2:172.21.15.31:6800/1177321687,v1:172.21.15.31:6801/1177321687] conn(0x7f5504039200 0x7f550403b6c0 secure :-1 s=READY pgs=8 cs=0 l=1 rev1=1 crypto rx=0x7f55000098c0 tx=0x7f5500006db0 comp rx=0 tx=0).ready entity=mgr.14150 client_cookie=0 server_cookie=0 in_seq=0 out_seq=0
2024-09-15T23:11:59.344 INFO:teuthology.orchestra.run.smithi031.stdout:/usr/bin/ceph: stderr
2024-09-15T23:11:58.176+0000 7f5514ff9640 1 -- 172.21.15.31:0/4019977563 <== mon.0 v2:172.21.15.31:3300/0 6 ==== mon_command_ack([{"prefix": "get_command_descriptions"}]=0 v0) ==== 72+0+188821 (secure 0 0 0) 0x7f5508044c70 con 0x7f5518107970
2024-09-15T23:11:59.344 INFO:teuthology.orchestra.run.smithi031.stdout:/usr/bin/ceph: stderr
2024-09-15T23:11:58.370+0000 7f551d35f640 1 -- 172.21.15.31:0/4019977563 --> [v2:172.21.15.31:6800/1177321687,v1:172.21.15.31:6801/1177321687] -- mgr_command(tid 0: {"prefix": "dashboard ac-user-create", "username": "admin", "rolename": "administrator", "force_password": true, "pwd_update_required": true, "target": ["mon-mgr", ""]}) -- 0x7f551807bd80 con 0x7f5504039200
2024-09-15T23:11:59.344 INFO:teuthology.orchestra.run.smithi031.stdout:/usr/bin/ceph: stderr
2024-09-15T23:11:58.618+0000 7f5514ff9640 1 -- 172.21.15.31:0/4019977563 <== mgr.14150 v2:172.21.15.31:6800/1177321687 1 ==== mgr_command_reply(tid 0: 0 ) ==== 8+0+252 (secure 0 0 0) 0x7f551807bd80 con 0x7f5504039200
2024-09-15T23:11:59.344 INFO:teuthology.orchestra.run.smithi031.stdout:/usr/bin/ceph: stderr
2024-09-15T23:11:58.621+0000 7f551d35f640 1 -- 172.21.15.31:0/4019977563 >> [v2:172.21.15.31:6800/1177321687,v1:172.21.15.31:6801/1177321687] conn(0x7f5504039200 msgr2=0x7f550403b6c0 secure :-1 s=STATE_CONNECTION_ESTABLISHED l=1).mark_down
2024-09-15T23:11:59.345 INFO:teuthology.orchestra.run.smithi031.stdout:/usr/bin/ceph: stderr
2024-09-15T23:11:58.621+0000 7f551d35f640 1 --2- 172.21.15.31:0/4019977563 >> [v2:172.21.15.31:6800/1177321687,v1:172.21.15.31:6801/1177321687] conn(0x7f5504039200 0x7f550403b6c0 secure :-1 s=READY pgs=8 cs=0 l=1 rev1=1 crypto rx=0x7f55000098c0 tx=0x7f5500006db0 comp rx=0 tx=0).stop
2024-09-15T23:11:59.345 INFO:teuthology.orchestra.run.smithi031.stdout:/usr/bin/ceph: stderr
2024-09-15T23:11:58.621+0000 7f551d35f640 1 -- 172.21.15.31:0/4019977563 >> [v2:172.21.15.31:3300/0,v1:172.21.15.31:6789/0] conn(0x7f5518107970 msgr2=0x7f55181060e0 secure :-1 s=STATE_CONNECTION_ESTABLISHED l=1).mark_down
2024-09-15T23:11:59.345 INFO:teuthology.orchestra.run.smithi031.stdout:/usr/bin/ceph: stderr
2024-09-15T23:11:58.621+0000 7f551d35f640 1 --2- 172.21.15.31:0/4019977563 >> [v2:172.21.15.31:3300/0,v1:172.21.15.31:6789/0] conn(0x7f5518107970 0x7f55181060e0 secure :-1 s=READY pgs=71 cs=0 l=1 rev1=1 crypto rx=0x7f5508030380 tx=0x7f5508032670 comp rx=0 tx=0).stop
2024-09-15T23:11:59.345 INFO:teuthology.orchestra.run.smithi031.stdout:/usr/bin/ceph: stderr
2024-09-15T23:11:58.621+0000 7f551d35f640 1 -- 172.21.15.31:0/4019977563 shutdown_connections
2024-09-15T23:11:59.345 INFO:teuthology.orchestra.run.smithi031.stdout:/usr/bin/ceph: stderr
2024-09-15T23:11:58.621+0000 7f551d35f640 1 --2- 172.21.15.31:0/4019977563 >> [v2:172.21.15.31:6800/1177321687,v1:172.21.15.31:6801/1177321687] conn(0x7f5504039200 0x7f550403b6c0 unknown :-1 s=CLOSED pgs=8 cs=0 l=1 rev1=1 crypto rx=0 tx=0 comp rx=0 tx=0).stop
2024-09-15T23:11:59.345 INFO:teuthology.orchestra.run.smithi031.stdout:/usr/bin/ceph: stderr
2024-09-15T23:11:58.621+0000 7f551d35f640 1 --2- 172.21.15.31:0/4019977563 >> [v2:172.21.15.31:3300/0,v1:172.21.15.31:6789/0] conn(0x7f5518107970 0x7f55181060e0 unknown :-1 s=CLOSED pgs=71 cs=0 l=1 rev1=1 crypto rx=0 tx=0 comp rx=0 tx=0).stop
2024-09-15T23:11:59.345 INFO:teuthology.orchestra.run.smithi031.stdout:/usr/bin/ceph: stderr
2024-09-15T23:11:58.621+0000 7f551d35f640 1 -- 172.21.15.31:0/4019977563 >> 172.21.15.31:0/4019977563 conn(0x7f5518101c30 msgr2=0x7f55181027c0 unknown :-1 s=STATE_NONE l=0).mark_down
2024-09-15T23:11:59.345 INFO:teuthology.orchestra.run.smithi031.stdout:/usr/bin/ceph: stderr
2024-09-15T23:11:58.621+0000 7f551d35f640 1 -- 172.21.15.31:0/4019977563 shutdown_connections
2024-09-15T23:11:59.345 INFO:teuthology.orchestra.run.smithi031.stdout:/usr/bin/ceph: stderr
2024-09-15T23:11:58.621+0000 7f551d35f640 1 -- 172.21.15.31:0/4019977563 wait complete.
2024-09-15T23:11:59.346 INFO:teuthology.orchestra.run.smithi031.stdout:Fetching dashboard port number...
2024-09-15T23:12:00.715 INFO:journalctl@ceph.mon.a.smithi031.stdout:Sep 15 23:12:00 smithi031 ceph-mon[31627]: from='client.? 172.21.15.31:0/74292789' entity='client.admin' cmd=[{"prefix": "config get", "who": "mgr", "key": "mgr/dashboard/ssl_server_port"}]: dispatch
2024-09-15T23:12:00.983 INFO:teuthology.orchestra.run.smithi031.stdout:/usr/bin/ceph: stdout 8443
2024-09-15T23:12:00.983 INFO:teuthology.orchestra.run.smithi031.stdout:/usr/bin/ceph: stderr
2024-09-15T23:12:00.084+0000 7f1fabbf6640 1 Processor -- start
2024-09-15T23:12:00.983 INFO:teuthology.orchestra.run.smithi031.stdout:/usr/bin/ceph: stderr
2024-09-15T23:12:00.084+0000 7f1fabbf6640 1 -- start start
2024-09-15T23:12:00.983 INFO:teuthology.orchestra.run.smithi031.stdout:/usr/bin/ceph: stderr
2024-09-15T23:12:00.085+0000 7f1fabbf6640 1 --2- >> [v2:172.21.15.31:3300/0,v1:172.21.15.31:6789/0] conn(0x7f1fa41064e0 0x7f1fa41068e0 unknown :-1 s=NONE pgs=0 cs=0 l=0 rev1=0 crypto rx=0 tx=0 comp rx=0 tx=0).connect
2024-09-15T23:12:00.983 INFO:teuthology.orchestra.run.smithi031.stdout:/usr/bin/ceph: stderr
2024-09-15T23:12:00.085+0000 7f1fabbf6640 1 -- --> [v2:172.21.15.31:3300/0,v1:172.21.15.31:6789/0] -- mon_getmap magic: 0 -- 0x7f1fa4106eb0 con 0x7f1fa41064e0
2024-09-15T23:12:00.983 INFO:teuthology.orchestra.run.smithi031.stdout:/usr/bin/ceph: stderr
2024-09-15T23:12:00.085+0000 7f1fa9992640 1 --2- >> [v2:172.21.15.31:3300/0,v1:172.21.15.31:6789/0] conn(0x7f1fa41064e0 0x7f1fa41068e0 unknown :-1 s=BANNER_CONNECTING pgs=0 cs=0 l=0 rev1=0 crypto rx=0 tx=0 comp rx=0 tx=0)._handle_peer_banner_payload supported=3 required=0
2024-09-15T23:12:00.983 INFO:teuthology.orchestra.run.smithi031.stdout:/usr/bin/ceph: stderr
2024-09-15T23:12:00.085+0000 7f1fa9992640 1 --2- >> [v2:172.21.15.31:3300/0,v1:172.21.15.31:6789/0] conn(0x7f1fa41064e0 0x7f1fa41068e0 unknown :-1 s=HELLO_CONNECTING pgs=0 cs=0 l=0 rev1=1 crypto rx=0 tx=0 comp rx=0 tx=0).handle_hello peer v2:172.21.15.31:3300/0 says I am v2:172.21.15.31:35304/0 (socket says 172.21.15.31:35304)
2024-09-15T23:12:00.983 INFO:teuthology.orchestra.run.smithi031.stdout:/usr/bin/ceph: stderr
2024-09-15T23:12:00.085+0000 7f1fa9992640 1 -- 172.21.15.31:0/1284877054 learned_addr learned my addr 172.21.15.31:0/1284877054 (peer_addr_for_me v2:172.21.15.31:0/0)
2024-09-15T23:12:00.984 INFO:teuthology.orchestra.run.smithi031.stdout:/usr/bin/ceph: stderr
2024-09-15T23:12:00.085+0000 7f1fa9992640 1 -- 172.21.15.31:0/1284877054 --> [v2:172.21.15.31:3300/0,v1:172.21.15.31:6789/0] -- mon_subscribe({config=0+,monmap=0+}) -- 0x7f1fa4107690 con 0x7f1fa41064e0
2024-09-15T23:12:00.984 INFO:teuthology.orchestra.run.smithi031.stdout:/usr/bin/ceph: stderr
2024-09-15T23:12:00.086+0000 7f1fa9992640 1 --2- 172.21.15.31:0/1284877054 >> [v2:172.21.15.31:3300/0,v1:172.21.15.31:6789/0] conn(0x7f1fa41064e0 0x7f1fa41068e0 secure :-1 s=READY pgs=72 cs=0 l=1 rev1=1 crypto rx=0x7f1fa0009820 tx=0x7f1fa002a270 comp rx=0 tx=0).ready entity=mon.0 client_cookie=b58b9a1a6a38e292 server_cookie=0 in_seq=0 out_seq=0
2024-09-15T23:12:00.984 INFO:teuthology.orchestra.run.smithi031.stdout:/usr/bin/ceph: stderr
2024-09-15T23:12:00.086+0000 7f1fa8990640 1 -- 172.21.15.31:0/1284877054 <== mon.0 v2:172.21.15.31:3300/0 1 ==== mon_map magic: 0 ==== 205+0+0 (secure 0 0 0) 0x7f1fa0037070 con 0x7f1fa41064e0
2024-09-15T23:12:00.984 INFO:teuthology.orchestra.run.smithi031.stdout:/usr/bin/ceph: stderr
2024-09-15T23:12:00.086+0000 7f1fa8990640 1 -- 172.21.15.31:0/1284877054 <== mon.0 v2:172.21.15.31:3300/0 2 ==== config(27 keys) ==== 1140+0+0 (secure 0 0 0) 0x7f1fa0032920 con 0x7f1fa41064e0
2024-09-15T23:12:00.984 INFO:teuthology.orchestra.run.smithi031.stdout:/usr/bin/ceph: stderr
2024-09-15T23:12:00.086+0000 7f1fa8990640 1 -- 172.21.15.31:0/1284877054 <== mon.0 v2:172.21.15.31:3300/0 3 ==== mon_map magic: 0 ==== 205+0+0 (secure 0 0 0) 0x7f1fa0030810 con 0x7f1fa41064e0
2024-09-15T23:12:00.984 INFO:teuthology.orchestra.run.smithi031.stdout:/usr/bin/ceph: stderr
2024-09-15T23:12:00.087+0000 7f1fabbf6640 1 -- 172.21.15.31:0/1284877054 >> [v2:172.21.15.31:3300/0,v1:172.21.15.31:6789/0] conn(0x7f1fa41064e0 msgr2=0x7f1fa41068e0 secure :-1 s=STATE_CONNECTION_ESTABLISHED l=1).mark_down
2024-09-15T23:12:00.984 INFO:teuthology.orchestra.run.smithi031.stdout:/usr/bin/ceph: stderr
2024-09-15T23:12:00.087+0000 7f1fabbf6640 1 --2- 172.21.15.31:0/1284877054 >> [v2:172.21.15.31:3300/0,v1:172.21.15.31:6789/0] conn(0x7f1fa41064e0 0x7f1fa41068e0 secure :-1 s=READY pgs=72 cs=0 l=1 rev1=1 crypto rx=0x7f1fa0009820 tx=0x7f1fa002a270 comp rx=0 tx=0).stop
2024-09-15T23:12:00.984 INFO:teuthology.orchestra.run.smithi031.stdout:/usr/bin/ceph: stderr
2024-09-15T23:12:00.087+0000 7f1fabbf6640 1 -- 172.21.15.31:0/1284877054 shutdown_connections
2024-09-15T23:12:00.984 INFO:teuthology.orchestra.run.smithi031.stdout:/usr/bin/ceph: stderr
2024-09-15T23:12:00.087+0000 7f1fabbf6640 1 --2- 172.21.15.31:0/1284877054 >> [v2:172.21.15.31:3300/0,v1:172.21.15.31:6789/0] conn(0x7f1fa41064e0 0x7f1fa41068e0 unknown :-1 s=CLOSED pgs=72 cs=0 l=1 rev1=1 crypto rx=0 tx=0 comp rx=0 tx=0).stop
2024-09-15T23:12:00.984 INFO:teuthology.orchestra.run.smithi031.stdout:/usr/bin/ceph: stderr
2024-09-15T23:12:00.087+0000 7f1fabbf6640 1 -- 172.21.15.31:0/1284877054 >> 172.21.15.31:0/1284877054 conn(0x7f1fa4101c30 msgr2=0x7f1fa41040b0 unknown :-1 s=STATE_NONE l=0).mark_down
2024-09-15T23:12:00.984 INFO:teuthology.orchestra.run.smithi031.stdout:/usr/bin/ceph: stderr
2024-09-15T23:12:00.087+0000 7f1fabbf6640 1 -- 172.21.15.31:0/1284877054 shutdown_connections
2024-09-15T23:12:00.984 INFO:teuthology.orchestra.run.smithi031.stdout:/usr/bin/ceph: stderr
2024-09-15T23:12:00.087+0000 7f1fabbf6640 1 -- 172.21.15.31:0/1284877054 wait complete.
2024-09-15T23:12:00.984 INFO:teuthology.orchestra.run.smithi031.stdout:/usr/bin/ceph: stderr
2024-09-15T23:12:00.087+0000 7f1fabbf6640 1 Processor -- start
2024-09-15T23:12:00.985 INFO:teuthology.orchestra.run.smithi031.stdout:/usr/bin/ceph: stderr
2024-09-15T23:12:00.087+0000 7f1fabbf6640 1 -- start start
2024-09-15T23:12:00.985 INFO:teuthology.orchestra.run.smithi031.stdout:/usr/bin/ceph: stderr
2024-09-15T23:12:00.087+0000 7f1fabbf6640 1 --2- >> [v2:172.21.15.31:3300/0,v1:172.21.15.31:6789/0] conn(0x7f1fa41064e0 0x7f1fa407ba80 unknown :-1 s=NONE pgs=0 cs=0 l=1 rev1=0 crypto rx=0 tx=0 comp rx=0 tx=0).connect
2024-09-15T23:12:00.985 INFO:teuthology.orchestra.run.smithi031.stdout:/usr/bin/ceph: stderr
2024-09-15T23:12:00.087+0000 7f1fabbf6640 1 -- --> [v2:172.21.15.31:3300/0,v1:172.21.15.31:6789/0] -- mon_getmap magic: 0 -- 0x7f1fa410aa40 con 0x7f1fa41064e0
2024-09-15T23:12:00.985 INFO:teuthology.orchestra.run.smithi031.stdout:/usr/bin/ceph: stderr
2024-09-15T23:12:00.088+0000 7f1fa9992640 1 --2- >> [v2:172.21.15.31:3300/0,v1:172.21.15.31:6789/0] conn(0x7f1fa41064e0 0x7f1fa407ba80 unknown :-1 s=BANNER_CONNECTING pgs=0 cs=0 l=1 rev1=0 crypto rx=0 tx=0 comp rx=0 tx=0)._handle_peer_banner_payload supported=3 required=0
2024-09-15T23:12:00.985 INFO:teuthology.orchestra.run.smithi031.stdout:/usr/bin/ceph: stderr
2024-09-15T23:12:00.088+0000 7f1fa9992640 1 --2- >> [v2:172.21.15.31:3300/0,v1:172.21.15.31:6789/0] conn(0x7f1fa41064e0 0x7f1fa407ba80 unknown :-1 s=HELLO_CONNECTING pgs=0 cs=0 l=1 rev1=1 crypto rx=0 tx=0 comp rx=0 tx=0).handle_hello peer v2:172.21.15.31:3300/0 says I am v2:172.21.15.31:35314/0 (socket says 172.21.15.31:35314)
2024-09-15T23:12:00.985 INFO:teuthology.orchestra.run.smithi031.stdout:/usr/bin/ceph: stderr
2024-09-15T23:12:00.088+0000 7f1fa9992640 1 -- 172.21.15.31:0/74292789 learned_addr learned my addr 172.21.15.31:0/74292789 (peer_addr_for_me v2:172.21.15.31:0/0)
2024-09-15T23:12:00.985 INFO:teuthology.orchestra.run.smithi031.stdout:/usr/bin/ceph: stderr
2024-09-15T23:12:00.088+0000 7f1fa9992640 1 -- 172.21.15.31:0/74292789 --> [v2:172.21.15.31:3300/0,v1:172.21.15.31:6789/0] -- mon_subscribe({config=0+,monmap=0+}) -- 0x7f1fa419e2f0 con 0x7f1fa41064e0
2024-09-15T23:12:00.985 INFO:teuthology.orchestra.run.smithi031.stdout:/usr/bin/ceph: stderr
2024-09-15T23:12:00.088+0000 7f1fa9992640 1 --2- 172.21.15.31:0/74292789 >> [v2:172.21.15.31:3300/0,v1:172.21.15.31:6789/0] conn(0x7f1fa41064e0 0x7f1fa407ba80 secure :-1 s=READY pgs=73 cs=0 l=1 rev1=1 crypto rx=0x7f1fa0030560 tx=0x7f1fa0032670 comp rx=0 tx=0).ready entity=mon.0 client_cookie=0 server_cookie=0 in_seq=0 out_seq=0
2024-09-15T23:12:00.985 INFO:teuthology.orchestra.run.smithi031.stdout:/usr/bin/ceph: stderr
2024-09-15T23:12:00.088+0000 7f1f9affd640 1 -- 172.21.15.31:0/74292789 <== mon.0 v2:172.21.15.31:3300/0 1 ==== mon_map magic: 0 ==== 205+0+0 (secure 0 0 0) 0x7f1fa0037040 con 0x7f1fa41064e0
2024-09-15T23:12:00.985 INFO:teuthology.orchestra.run.smithi031.stdout:/usr/bin/ceph: stderr
2024-09-15T23:12:00.088+0000 7f1f9affd640 1 -- 172.21.15.31:0/74292789 <== mon.0 v2:172.21.15.31:3300/0 2 ==== config(27 keys) ==== 1140+0+0 (secure 0 0 0) 0x7f1fa0040070 con 0x7f1fa41064e0
2024-09-15T23:12:00.985 INFO:teuthology.orchestra.run.smithi031.stdout:/usr/bin/ceph: stderr
2024-09-15T23:12:00.088+0000 7f1fabbf6640 1 -- 172.21.15.31:0/74292789 --> [v2:172.21.15.31:3300/0,v1:172.21.15.31:6789/0] -- mon_subscribe({mgrmap=0+}) -- 0x7f1fa419e4c0 con 0x7f1fa41064e0
2024-09-15T23:12:00.985 INFO:teuthology.orchestra.run.smithi031.stdout:/usr/bin/ceph: stderr
2024-09-15T23:12:00.088+0000 7f1f9affd640 1 -- 172.21.15.31:0/74292789 <== mon.0 v2:172.21.15.31:3300/0 3 ==== mon_map magic: 0 ==== 205+0+0 (secure 0 0 0) 0x7f1fa003a740 con 0x7f1fa41064e0
2024-09-15T23:12:00.985 INFO:teuthology.orchestra.run.smithi031.stdout:/usr/bin/ceph: stderr
2024-09-15T23:12:00.088+0000 7f1fabbf6640 1 -- 172.21.15.31:0/74292789 --> [v2:172.21.15.31:3300/0,v1:172.21.15.31:6789/0] -- mon_subscribe({osdmap=0}) -- 0x7f1fa419e8e0 con 0x7f1fa41064e0
2024-09-15T23:12:00.986 INFO:teuthology.orchestra.run.smithi031.stdout:/usr/bin/ceph: stderr
2024-09-15T23:12:00.089+0000 7f1f9affd640 1 -- 172.21.15.31:0/74292789 <== mon.0 v2:172.21.15.31:3300/0 4 ==== mgrmap(e 12) ==== 46474+0+0 (secure 0 0 0) 0x7f1fa003a8e0 con 0x7f1fa41064e0
2024-09-15T23:12:00.986 INFO:teuthology.orchestra.run.smithi031.stdout:/usr/bin/ceph: stderr
2024-09-15T23:12:00.089+0000 7f1f9affd640 1 --2- 172.21.15.31:0/74292789 >> [v2:172.21.15.31:6800/1177321687,v1:172.21.15.31:6801/1177321687] conn(0x7f1f90039260 0x7f1f9003b720 unknown :-1 s=NONE pgs=0 cs=0 l=1 rev1=0 crypto rx=0 tx=0 comp rx=0 tx=0).connect
2024-09-15T23:12:00.986 INFO:teuthology.orchestra.run.smithi031.stdout:/usr/bin/ceph: stderr
2024-09-15T23:12:00.089+0000 7f1f9affd640 1 -- 172.21.15.31:0/74292789 <== mon.0 v2:172.21.15.31:3300/0 5 ==== osd_map(3..3 src has 1..3) ==== 1155+0+0 (secure 0 0 0) 0x7f1fa006c950 con 0x7f1fa41064e0
2024-09-15T23:12:00.986 INFO:teuthology.orchestra.run.smithi031.stdout:/usr/bin/ceph: stderr
2024-09-15T23:12:00.089+0000 7f1fabbf6640 1 -- 172.21.15.31:0/74292789 --> [v2:172.21.15.31:3300/0,v1:172.21.15.31:6789/0] -- mon_command({"prefix": "get_command_descriptions"} v 0) -- 0x7f1fa4106960 con 0x7f1fa41064e0
2024-09-15T23:12:00.986 INFO:teuthology.orchestra.run.smithi031.stdout:/usr/bin/ceph: stderr
2024-09-15T23:12:00.089+0000 7f1fa9191640 1 --2- 172.21.15.31:0/74292789 >> [v2:172.21.15.31:6800/1177321687,v1:172.21.15.31:6801/1177321687] conn(0x7f1f90039260 0x7f1f9003b720 unknown :-1 s=BANNER_CONNECTING pgs=0 cs=0 l=1 rev1=0 crypto rx=0 tx=0 comp rx=0 tx=0)._handle_peer_banner_payload supported=3 required=0
2024-09-15T23:12:00.986 INFO:teuthology.orchestra.run.smithi031.stdout:/usr/bin/ceph: stderr
2024-09-15T23:12:00.090+0000 7f1fa9191640 1 --2- 172.21.15.31:0/74292789 >> [v2:172.21.15.31:6800/1177321687,v1:172.21.15.31:6801/1177321687] conn(0x7f1f90039260 0x7f1f9003b720 secure :-1 s=READY pgs=9 cs=0 l=1 rev1=1 crypto rx=0x7f1f940098c0 tx=0x7f1f94006db0 comp rx=0 tx=0).ready entity=mgr.14150 client_cookie=0 server_cookie=0 in_seq=0 out_seq=0
2024-09-15T23:12:00.986 INFO:teuthology.orchestra.run.smithi031.stdout:/usr/bin/ceph: stderr
2024-09-15T23:12:00.094+0000 7f1f9affd640 1 -- 172.21.15.31:0/74292789 <== mon.0 v2:172.21.15.31:3300/0 6 ==== mon_command_ack([{"prefix": "get_command_descriptions"}]=0 v0) ==== 72+0+188821 (secure 0 0 0) 0x7f1fa0041270 con 0x7f1fa41064e0
2024-09-15T23:12:00.986 INFO:teuthology.orchestra.run.smithi031.stdout:/usr/bin/ceph: stderr
2024-09-15T23:12:00.271+0000 7f1fabbf6640 1 -- 172.21.15.31:0/74292789 --> [v2:172.21.15.31:3300/0,v1:172.21.15.31:6789/0] -- mon_command({"prefix": "config get", "who": "mgr", "key": "mgr/dashboard/ssl_server_port"} v 0) -- 0x7f1fa419ecf0 con 0x7f1fa41064e0
2024-09-15T23:12:00.986 INFO:teuthology.orchestra.run.smithi031.stdout:/usr/bin/ceph: stderr
2024-09-15T23:12:00.272+0000 7f1f9affd640 1 -- 172.21.15.31:0/74292789 <== mon.0 v2:172.21.15.31:3300/0 7 ==== mon_command_ack([{"prefix": "config get", "who": "mgr", "key": "mgr/dashboard/ssl_server_port"}]=0 v8) ==== 112+0+5 (secure 0 0 0) 0x7f1fa419ecf0 con 0x7f1fa41064e0
2024-09-15T23:12:00.986 INFO:teuthology.orchestra.run.smithi031.stdout:/usr/bin/ceph: stderr
2024-09-15T23:12:00.274+0000 7f1fabbf6640 1 -- 172.21.15.31:0/74292789 >> [v2:172.21.15.31:6800/1177321687,v1:172.21.15.31:6801/1177321687] conn(0x7f1f90039260 msgr2=0x7f1f9003b720 secure :-1 s=STATE_CONNECTION_ESTABLISHED l=1).mark_down
2024-09-15T23:12:00.986 INFO:teuthology.orchestra.run.smithi031.stdout:/usr/bin/ceph: stderr
2024-09-15T23:12:00.274+0000 7f1fabbf6640 1 --2- 172.21.15.31:0/74292789 >> [v2:172.21.15.31:6800/1177321687,v1:172.21.15.31:6801/1177321687] conn(0x7f1f90039260 0x7f1f9003b720 secure :-1 s=READY pgs=9 cs=0 l=1 rev1=1 crypto rx=0x7f1f940098c0 tx=0x7f1f94006db0 comp rx=0 tx=0).stop
2024-09-15T23:12:00.986 INFO:teuthology.orchestra.run.smithi031.stdout:/usr/bin/ceph: stderr
2024-09-15T23:12:00.274+0000 7f1fabbf6640 1 -- 172.21.15.31:0/74292789 >> [v2:172.21.15.31:3300/0,v1:172.21.15.31:6789/0] conn(0x7f1fa41064e0 msgr2=0x7f1fa407ba80 secure :-1 s=STATE_CONNECTION_ESTABLISHED l=1).mark_down
2024-09-15T23:12:00.987 INFO:teuthology.orchestra.run.smithi031.stdout:/usr/bin/ceph: stderr
2024-09-15T23:12:00.274+0000 7f1fabbf6640 1 --2- 172.21.15.31:0/74292789 >> [v2:172.21.15.31:3300/0,v1:172.21.15.31:6789/0] conn(0x7f1fa41064e0 0x7f1fa407ba80 secure :-1 s=READY pgs=73 cs=0 l=1 rev1=1 crypto rx=0x7f1fa0030560 tx=0x7f1fa0032670 comp rx=0 tx=0).stop
2024-09-15T23:12:00.987 INFO:teuthology.orchestra.run.smithi031.stdout:/usr/bin/ceph: stderr
2024-09-15T23:12:00.274+0000 7f1fabbf6640 1 -- 172.21.15.31:0/74292789 shutdown_connections
2024-09-15T23:12:00.987 INFO:teuthology.orchestra.run.smithi031.stdout:/usr/bin/ceph: stderr
2024-09-15T23:12:00.274+0000 7f1fabbf6640 1 --2- 172.21.15.31:0/74292789 >> [v2:172.21.15.31:6800/1177321687,v1:172.21.15.31:6801/1177321687] conn(0x7f1f90039260 0x7f1f9003b720 unknown :-1 s=CLOSED pgs=9 cs=0 l=1 rev1=1 crypto rx=0 tx=0 comp rx=0 tx=0).stop
2024-09-15T23:12:00.987 INFO:teuthology.orchestra.run.smithi031.stdout:/usr/bin/ceph: stderr
2024-09-15T23:12:00.274+0000 7f1fabbf6640 1 --2- 172.21.15.31:0/74292789 >> [v2:172.21.15.31:3300/0,v1:172.21.15.31:6789/0] conn(0x7f1fa41064e0 0x7f1fa407ba80 unknown :-1 s=CLOSED pgs=73 cs=0 l=1 rev1=1 crypto rx=0 tx=0 comp rx=0 tx=0).stop
2024-09-15T23:12:00.987 INFO:teuthology.orchestra.run.smithi031.stdout:/usr/bin/ceph: stderr
2024-09-15T23:12:00.274+0000 7f1fabbf6640 1 -- 172.21.15.31:0/74292789 >> 172.21.15.31:0/74292789 conn(0x7f1fa4101c30 msgr2=0x7f1fa4102810 unknown :-1 s=STATE_NONE l=0).mark_down
2024-09-15T23:12:00.987 INFO:teuthology.orchestra.run.smithi031.stdout:/usr/bin/ceph: stderr
2024-09-15T23:12:00.274+0000 7f1fabbf6640 1 -- 172.21.15.31:0/74292789 shutdown_connections
2024-09-15T23:12:00.987 INFO:teuthology.orchestra.run.smithi031.stdout:/usr/bin/ceph: stderr
2024-09-15T23:12:00.274+0000 7f1fabbf6640 1 -- 172.21.15.31:0/74292789 wait complete.
2024-09-15T23:12:00.992 INFO:teuthology.orchestra.run.smithi031.stdout:Non-zero exit code 1 from systemctl is-enabled firewalld.service
2024-09-15T23:12:00.992 INFO:teuthology.orchestra.run.smithi031.stdout:systemctl: stdout disabled
2024-09-15T23:12:01.001 INFO:teuthology.orchestra.run.smithi031.stdout:Non-zero exit code 3 from systemctl is-active firewalld.service
2024-09-15T23:12:01.001 INFO:teuthology.orchestra.run.smithi031.stdout:systemctl: stdout inactive
2024-09-15T23:12:01.001 INFO:teuthology.orchestra.run.smithi031.stdout:firewalld.service is not enabled
2024-09-15T23:12:01.001 INFO:teuthology.orchestra.run.smithi031.stdout:Not possible to open ports <[8443]>. firewalld.service is not available
2024-09-15T23:12:01.003 INFO:teuthology.orchestra.run.smithi031.stdout:Ceph Dashboard is now available at:
2024-09-15T23:12:01.003 INFO:teuthology.orchestra.run.smithi031.stdout:
2024-09-15T23:12:01.003 INFO:teuthology.orchestra.run.smithi031.stdout: URL: https://smithi031.front.sepia.ceph.com:8443/
2024-09-15T23:12:01.003 INFO:teuthology.orchestra.run.smithi031.stdout: User: admin
2024-09-15T23:12:01.003 INFO:teuthology.orchestra.run.smithi031.stdout: Password: mxzx3lepbf
2024-09-15T23:12:01.003 INFO:teuthology.orchestra.run.smithi031.stdout:
2024-09-15T23:12:01.003 INFO:teuthology.orchestra.run.smithi031.stdout:Saving cluster configuration to /var/lib/ceph/9cda9d7e-73b7-11ef-bceb-c7b262605968/config directory
2024-09-15T23:12:02.248 INFO:teuthology.orchestra.run.smithi031.stdout:/usr/bin/ceph: stderr
2024-09-15T23:12:01.354+0000 7f811a216640 1 Processor -- start
2024-09-15T23:12:02.248 INFO:teuthology.orchestra.run.smithi031.stdout:/usr/bin/ceph: stderr
2024-09-15T23:12:01.354+0000 7f811a216640 1 -- start start
2024-09-15T23:12:02.248 INFO:teuthology.orchestra.run.smithi031.stdout:/usr/bin/ceph: stderr
2024-09-15T23:12:01.354+0000 7f811a216640 1 --2- >> [v2:172.21.15.31:3300/0,v1:172.21.15.31:6789/0] conn(0x7f8114108090 0x7f811410a480 unknown :-1 s=NONE pgs=0 cs=0 l=0 rev1=0 crypto rx=0 tx=0 comp rx=0 tx=0).connect
2024-09-15T23:12:02.248 INFO:teuthology.orchestra.run.smithi031.stdout:/usr/bin/ceph: stderr
2024-09-15T23:12:01.355+0000 7f811a216640 1 -- --> [v2:172.21.15.31:3300/0,v1:172.21.15.31:6789/0] -- mon_getmap magic: 0 -- 0x7f811407be10 con 0x7f8114108090
2024-09-15T23:12:02.248 INFO:teuthology.orchestra.run.smithi031.stdout:/usr/bin/ceph: stderr
2024-09-15T23:12:01.355+0000 7f81137fe640 1 --2- >> [v2:172.21.15.31:3300/0,v1:172.21.15.31:6789/0] conn(0x7f8114108090 0x7f811410a480 unknown :-1 s=BANNER_CONNECTING pgs=0 cs=0 l=0 rev1=0 crypto rx=0 tx=0 comp rx=0 tx=0)._handle_peer_banner_payload supported=3 required=0
2024-09-15T23:12:02.248 INFO:teuthology.orchestra.run.smithi031.stdout:/usr/bin/ceph: stderr
2024-09-15T23:12:01.355+0000 7f81137fe640 1 --2- >> [v2:172.21.15.31:3300/0,v1:172.21.15.31:6789/0] conn(0x7f8114108090 0x7f811410a480 unknown :-1 s=HELLO_CONNECTING pgs=0 cs=0 l=0 rev1=1 crypto rx=0 tx=0 comp rx=0 tx=0).handle_hello peer v2:172.21.15.31:3300/0 says I am v2:172.21.15.31:35330/0 (socket says 172.21.15.31:35330)
2024-09-15T23:12:02.248 INFO:teuthology.orchestra.run.smithi031.stdout:/usr/bin/ceph: stderr
2024-09-15T23:12:01.355+0000 7f81137fe640 1 -- 172.21.15.31:0/2102891181 learned_addr learned my addr 172.21.15.31:0/2102891181 (peer_addr_for_me v2:172.21.15.31:0/0)
2024-09-15T23:12:02.248 INFO:teuthology.orchestra.run.smithi031.stdout:/usr/bin/ceph: stderr
2024-09-15T23:12:01.355+0000 7f81137fe640 1 -- 172.21.15.31:0/2102891181 --> [v2:172.21.15.31:3300/0,v1:172.21.15.31:6789/0] -- mon_subscribe({config=0+,monmap=0+}) -- 0x7f811410a9c0 con 0x7f8114108090
2024-09-15T23:12:02.248 INFO:teuthology.orchestra.run.smithi031.stdout:/usr/bin/ceph: stderr
2024-09-15T23:12:01.356+0000 7f81137fe640 1 --2- 172.21.15.31:0/2102891181 >> [v2:172.21.15.31:3300/0,v1:172.21.15.31:6789/0] conn(0x7f8114108090 0x7f811410a480 secure :-1 s=READY pgs=74 cs=0 l=1 rev1=1 crypto rx=0x7f8104009e80 tx=0x7f810402a7a0 comp rx=0 tx=0).ready entity=mon.0 client_cookie=38ebb29890866744 server_cookie=0 in_seq=0 out_seq=0
2024-09-15T23:12:02.249 INFO:teuthology.orchestra.run.smithi031.stdout:/usr/bin/ceph: stderr
2024-09-15T23:12:01.356+0000 7f81127fc640 1 -- 172.21.15.31:0/2102891181 <== mon.0 v2:172.21.15.31:3300/0 1 ==== mon_map magic: 0 ==== 205+0+0 (secure 0 0 0) 0x7f8104036070 con 0x7f8114108090
2024-09-15T23:12:02.249 INFO:teuthology.orchestra.run.smithi031.stdout:/usr/bin/ceph: stderr
2024-09-15T23:12:01.356+0000 7f81127fc640 1 -- 172.21.15.31:0/2102891181 <== mon.0 v2:172.21.15.31:3300/0 2 ==== config(27 keys) ==== 1140+0+0 (secure 0 0 0) 0x7f81040318e0 con 0x7f8114108090
2024-09-15T23:12:02.249 INFO:teuthology.orchestra.run.smithi031.stdout:/usr/bin/ceph: stderr
2024-09-15T23:12:01.356+0000 7f81127fc640 1 -- 172.21.15.31:0/2102891181 <== mon.0 v2:172.21.15.31:3300/0 3 ==== mon_map magic: 0 ==== 205+0+0 (secure 0 0 0) 0x7f8104007a00 con 0x7f8114108090
2024-09-15T23:12:02.249 INFO:teuthology.orchestra.run.smithi031.stdout:/usr/bin/ceph: stderr
2024-09-15T23:12:01.357+0000 7f811a216640 1 -- 172.21.15.31:0/2102891181 >> [v2:172.21.15.31:3300/0,v1:172.21.15.31:6789/0] conn(0x7f8114108090 msgr2=0x7f811410a480 secure :-1 s=STATE_CONNECTION_ESTABLISHED l=1).mark_down
2024-09-15T23:12:02.249 INFO:teuthology.orchestra.run.smithi031.stdout:/usr/bin/ceph: stderr
2024-09-15T23:12:01.357+0000 7f811a216640 1 --2- 172.21.15.31:0/2102891181 >> [v2:172.21.15.31:3300/0,v1:172.21.15.31:6789/0] conn(0x7f8114108090 0x7f811410a480 secure :-1 s=READY pgs=74 cs=0 l=1 rev1=1 crypto rx=0x7f8104009e80 tx=0x7f810402a7a0 comp rx=0 tx=0).stop
2024-09-15T23:12:02.249 INFO:teuthology.orchestra.run.smithi031.stdout:/usr/bin/ceph: stderr
2024-09-15T23:12:01.357+0000 7f811a216640 1 -- 172.21.15.31:0/2102891181 shutdown_connections
2024-09-15T23:12:02.249 INFO:teuthology.orchestra.run.smithi031.stdout:/usr/bin/ceph: stderr
2024-09-15T23:12:01.357+0000 7f811a216640 1 --2- 172.21.15.31:0/2102891181 >> [v2:172.21.15.31:3300/0,v1:172.21.15.31:6789/0] conn(0x7f8114108090 0x7f811410a480 unknown :-1 s=CLOSED pgs=74 cs=0 l=1 rev1=1 crypto rx=0 tx=0 comp rx=0 tx=0).stop
2024-09-15T23:12:02.249 INFO:teuthology.orchestra.run.smithi031.stdout:/usr/bin/ceph: stderr
2024-09-15T23:12:01.357+0000 7f811a216640 1 -- 172.21.15.31:0/2102891181 >> 172.21.15.31:0/2102891181 conn(0x7f8114101c30 msgr2=0x7f81141040b0 unknown :-1 s=STATE_NONE l=0).mark_down
2024-09-15T23:12:02.249 INFO:teuthology.orchestra.run.smithi031.stdout:/usr/bin/ceph: stderr
2024-09-15T23:12:01.357+0000 7f811a216640 1 -- 172.21.15.31:0/2102891181 shutdown_connections
2024-09-15T23:12:02.249 INFO:teuthology.orchestra.run.smithi031.stdout:/usr/bin/ceph: stderr
2024-09-15T23:12:01.357+0000 7f811a216640 1 -- 172.21.15.31:0/2102891181 wait complete.
2024-09-15T23:12:02.249 INFO:teuthology.orchestra.run.smithi031.stdout:/usr/bin/ceph: stderr
2024-09-15T23:12:01.357+0000 7f811a216640 1 Processor -- start
2024-09-15T23:12:02.249 INFO:teuthology.orchestra.run.smithi031.stdout:/usr/bin/ceph: stderr
2024-09-15T23:12:01.358+0000 7f811a216640 1 -- start start
2024-09-15T23:12:02.249 INFO:teuthology.orchestra.run.smithi031.stdout:/usr/bin/ceph: stderr
2024-09-15T23:12:01.358+0000 7f811a216640 1 --2- >> [v2:172.21.15.31:3300/0,v1:172.21.15.31:6789/0] conn(0x7f8114108090 0x7f811419b5b0 unknown :-1 s=NONE pgs=0 cs=0 l=1 rev1=0 crypto rx=0 tx=0 comp rx=0 tx=0).connect
2024-09-15T23:12:02.249 INFO:teuthology.orchestra.run.smithi031.stdout:/usr/bin/ceph: stderr
2024-09-15T23:12:01.358+0000 7f811a216640 1 -- --> [v2:172.21.15.31:3300/0,v1:172.21.15.31:6789/0] -- mon_getmap magic: 0 -- 0x7f811410b9e0 con 0x7f8114108090
2024-09-15T23:12:02.250 INFO:teuthology.orchestra.run.smithi031.stdout:/usr/bin/ceph: stderr
2024-09-15T23:12:01.358+0000 7f81137fe640 1 --2- >> [v2:172.21.15.31:3300/0,v1:172.21.15.31:6789/0] conn(0x7f8114108090 0x7f811419b5b0 unknown :-1 s=BANNER_CONNECTING pgs=0 cs=0 l=1 rev1=0 crypto rx=0 tx=0 comp rx=0 tx=0)._handle_peer_banner_payload supported=3 required=0
2024-09-15T23:12:02.250 INFO:teuthology.orchestra.run.smithi031.stdout:/usr/bin/ceph: stderr
2024-09-15T23:12:01.358+0000 7f81137fe640 1 --2- >> [v2:172.21.15.31:3300/0,v1:172.21.15.31:6789/0] conn(0x7f8114108090 0x7f811419b5b0 unknown :-1 s=HELLO_CONNECTING pgs=0 cs=0 l=1 rev1=1 crypto rx=0 tx=0 comp rx=0 tx=0).handle_hello peer v2:172.21.15.31:3300/0 says I am v2:172.21.15.31:35332/0 (socket says 172.21.15.31:35332)
2024-09-15T23:12:02.250 INFO:teuthology.orchestra.run.smithi031.stdout:/usr/bin/ceph: stderr
2024-09-15T23:12:01.358+0000 7f81137fe640 1 -- 172.21.15.31:0/105098691 learned_addr learned my addr 172.21.15.31:0/105098691 (peer_addr_for_me v2:172.21.15.31:0/0)
2024-09-15T23:12:02.250 INFO:teuthology.orchestra.run.smithi031.stdout:/usr/bin/ceph: stderr
2024-09-15T23:12:01.358+0000 7f81137fe640 1 -- 172.21.15.31:0/105098691 --> [v2:172.21.15.31:3300/0,v1:172.21.15.31:6789/0] -- mon_subscribe({config=0+,monmap=0+}) -- 0x7f811419baf0 con 0x7f8114108090
2024-09-15T23:12:02.250 INFO:teuthology.orchestra.run.smithi031.stdout:/usr/bin/ceph: stderr
2024-09-15T23:12:01.358+0000 7f81137fe640 1 --2- 172.21.15.31:0/105098691 >> [v2:172.21.15.31:3300/0,v1:172.21.15.31:6789/0] conn(0x7f8114108090 0x7f811419b5b0 secure :-1 s=READY pgs=75 cs=0 l=1 rev1=1 crypto rx=0x7f810402acc0 tx=0x7f8104031cc0 comp rx=0 tx=0).ready entity=mon.0 client_cookie=0 server_cookie=0 in_seq=0 out_seq=0
2024-09-15T23:12:02.250 INFO:teuthology.orchestra.run.smithi031.stdout:/usr/bin/ceph: stderr
2024-09-15T23:12:01.359+0000 7f8110ff9640 1 -- 172.21.15.31:0/105098691 <== mon.0 v2:172.21.15.31:3300/0 1 ==== mon_map magic: 0 ==== 205+0+0 (secure 0 0 0) 0x7f8104036050 con 0x7f8114108090
2024-09-15T23:12:02.250 INFO:teuthology.orchestra.run.smithi031.stdout:/usr/bin/ceph: stderr
2024-09-15T23:12:01.359+0000 7f8110ff9640 1 -- 172.21.15.31:0/105098691 <== mon.0 v2:172.21.15.31:3300/0 2 ==== config(27 keys) ==== 1140+0+0 (secure 0 0 0) 0x7f8104037040 con 0x7f8114108090
2024-09-15T23:12:02.250 INFO:teuthology.orchestra.run.smithi031.stdout:/usr/bin/ceph: stderr
2024-09-15T23:12:01.359+0000 7f811a216640 1 -- 172.21.15.31:0/105098691 --> [v2:172.21.15.31:3300/0,v1:172.21.15.31:6789/0] -- mon_subscribe({mgrmap=0+}) -- 0x7f811419bd80 con 0x7f8114108090
2024-09-15T23:12:02.250 INFO:teuthology.orchestra.run.smithi031.stdout:/usr/bin/ceph: stderr
2024-09-15T23:12:01.359+0000 7f811a216640 1 -- 172.21.15.31:0/105098691 --> [v2:172.21.15.31:3300/0,v1:172.21.15.31:6789/0] -- mon_subscribe({osdmap=0}) -- 0x7f811419ea70 con 0x7f8114108090
2024-09-15T23:12:02.250 INFO:teuthology.orchestra.run.smithi031.stdout:/usr/bin/ceph: stderr
2024-09-15T23:12:01.359+0000 7f8110ff9640 1 -- 172.21.15.31:0/105098691 <== mon.0 v2:172.21.15.31:3300/0 3 ==== mon_map magic: 0 ==== 205+0+0 (secure 0 0 0) 0x7f810403d8e0 con 0x7f8114108090
2024-09-15T23:12:02.250 INFO:teuthology.orchestra.run.smithi031.stdout:/usr/bin/ceph: stderr
2024-09-15T23:12:01.360+0000 7f8110ff9640 1 -- 172.21.15.31:0/105098691 <== mon.0 v2:172.21.15.31:3300/0 4 ==== mgrmap(e 13) ==== 46517+0+0 (secure 0 0 0) 0x7f8104044020 con 0x7f8114108090
2024-09-15T23:12:02.250 INFO:teuthology.orchestra.run.smithi031.stdout:/usr/bin/ceph: stderr
2024-09-15T23:12:01.360+0000 7f811a216640 1 -- 172.21.15.31:0/105098691 --> [v2:172.21.15.31:3300/0,v1:172.21.15.31:6789/0] -- mon_command({"prefix": "get_command_descriptions"} v 0) -- 0x7f81000052c0 con 0x7f8114108090
2024-09-15T23:12:02.251 INFO:teuthology.orchestra.run.smithi031.stdout:/usr/bin/ceph: stderr
2024-09-15T23:12:01.360+0000 7f8110ff9640 1 --2- 172.21.15.31:0/105098691 >> [v2:172.21.15.31:6800/1177321687,v1:172.21.15.31:6801/1177321687] conn(0x7f80fc039300 0x7f80fc03b7c0 unknown :-1 s=NONE pgs=0 cs=0 l=1 rev1=0 crypto rx=0 tx=0 comp rx=0 tx=0).connect
2024-09-15T23:12:02.251 INFO:teuthology.orchestra.run.smithi031.stdout:/usr/bin/ceph: stderr
2024-09-15T23:12:01.360+0000 7f8110ff9640 1 -- 172.21.15.31:0/105098691 <== mon.0 v2:172.21.15.31:3300/0 5 ==== osd_map(3..3 src has 1..3) ==== 1155+0+0 (secure 0 0 0) 0x7f8104042020 con 0x7f8114108090
2024-09-15T23:12:02.251 INFO:teuthology.orchestra.run.smithi031.stdout:/usr/bin/ceph: stderr
2024-09-15T23:12:01.360+0000 7f8112ffd640 1 --2- 172.21.15.31:0/105098691 >> [v2:172.21.15.31:6800/1177321687,v1:172.21.15.31:6801/1177321687] conn(0x7f80fc039300 0x7f80fc03b7c0 unknown :-1 s=BANNER_CONNECTING pgs=0 cs=0 l=1 rev1=0 crypto rx=0 tx=0 comp rx=0 tx=0)._handle_peer_banner_payload supported=3 required=0
2024-09-15T23:12:02.251 INFO:teuthology.orchestra.run.smithi031.stdout:/usr/bin/ceph: stderr
2024-09-15T23:12:01.361+0000 7f8112ffd640 1 --2- 172.21.15.31:0/105098691 >> [v2:172.21.15.31:6800/1177321687,v1:172.21.15.31:6801/1177321687] conn(0x7f80fc039300 0x7f80fc03b7c0 secure :-1 s=READY pgs=10 cs=0 l=1 rev1=1 crypto rx=0x7f81080098c0 tx=0x7f8108006db0 comp rx=0 tx=0).ready entity=mgr.14150 client_cookie=0 server_cookie=0 in_seq=0 out_seq=0
2024-09-15T23:12:02.251 INFO:teuthology.orchestra.run.smithi031.stdout:/usr/bin/ceph: stderr
2024-09-15T23:12:01.365+0000 7f8110ff9640 1 -- 172.21.15.31:0/105098691 <== mon.0 v2:172.21.15.31:3300/0 6 ==== mon_command_ack([{"prefix": "get_command_descriptions"}]=0 v0) ==== 72+0+188821 (secure 0 0 0) 0x7f810404b020 con 0x7f8114108090
2024-09-15T23:12:02.251 INFO:teuthology.orchestra.run.smithi031.stdout:/usr/bin/ceph: stderr
2024-09-15T23:12:01.628+0000 7f811a216640 1 -- 172.21.15.31:0/105098691 --> [v2:172.21.15.31:3300/0,v1:172.21.15.31:6789/0] -- mon_command([{prefix=config-key set, key=mgr/dashboard/cluster/status}] v 0) -- 0x7f81000055b0 con 0x7f8114108090
2024-09-15T23:12:02.251 INFO:teuthology.orchestra.run.smithi031.stdout:/usr/bin/ceph: stderr
2024-09-15T23:12:01.631+0000 7f8110ff9640 1 -- 172.21.15.31:0/105098691 <== mon.0 v2:172.21.15.31:3300/0 7 ==== mon_command_ack([{prefix=config-key set, key=mgr/dashboard/cluster/status}]=0 set mgr/dashboard/cluster/status v28)=0 set mgr/dashboard/cluster/status v28) ==== 153+0+0 (secure 0 0 0) 0x7f8104039b70 con 0x7f8114108090
2024-09-15T23:12:02.251 INFO:teuthology.orchestra.run.smithi031.stdout:/usr/bin/ceph: stderr set mgr/dashboard/cluster/status
2024-09-15T23:12:02.251 INFO:teuthology.orchestra.run.smithi031.stdout:/usr/bin/ceph: stderr
2024-09-15T23:12:01.633+0000 7f811a216640 1 -- 172.21.15.31:0/105098691 >> [v2:172.21.15.31:6800/1177321687,v1:172.21.15.31:6801/1177321687] conn(0x7f80fc039300 msgr2=0x7f80fc03b7c0 secure :-1 s=STATE_CONNECTION_ESTABLISHED l=1).mark_down
2024-09-15T23:12:02.251 INFO:teuthology.orchestra.run.smithi031.stdout:/usr/bin/ceph: stderr
2024-09-15T23:12:01.633+0000 7f811a216640 1 --2- 172.21.15.31:0/105098691 >> [v2:172.21.15.31:6800/1177321687,v1:172.21.15.31:6801/1177321687] conn(0x7f80fc039300 0x7f80fc03b7c0 secure :-1 s=READY pgs=10 cs=0 l=1 rev1=1 crypto rx=0x7f81080098c0 tx=0x7f8108006db0 comp rx=0 tx=0).stop
2024-09-15T23:12:02.251 INFO:teuthology.orchestra.run.smithi031.stdout:/usr/bin/ceph: stderr
2024-09-15T23:12:01.633+0000 7f811a216640 1 -- 172.21.15.31:0/105098691 >> [v2:172.21.15.31:3300/0,v1:172.21.15.31:6789/0] conn(0x7f8114108090 msgr2=0x7f811419b5b0 secure :-1 s=STATE_CONNECTION_ESTABLISHED l=1).mark_down
2024-09-15T23:12:02.251 INFO:teuthology.orchestra.run.smithi031.stdout:/usr/bin/ceph: stderr
