2024-09-15T23:11:51.429 INFO:teuthology.orchestra.run.smithi031.stdout:Waiting for the mgr to restart...
2024-09-15T23:11:51.429 INFO:teuthology.orchestra.run.smithi031.stdout:Waiting for mgr epoch 9...
2024-09-15T23:11:51.715 INFO:journalctl@ceph.mon.a.smithi031.stdout:Sep 15 23:11:51 smithi031 ceph-mon[31627]: from='client.? 172.21.15.31:0/2689240212' entity='client.admin' cmd=[{"prefix": "mgr stat"}]: dispatch
2024-09-15T23:11:52.056 INFO:journalctl@ceph.mgr.x.smithi031.stdout:Sep 15 23:11:51 smithi031 ceph-9cda9d7e-73b7-11ef-bceb-c7b262605968-mgr-x[31850]:
2024-09-15T23:11:51.801+0000 7f6aab9ec040 -1 mgr[py] Module telemetry has missing NOTIFY_TYPES member
2024-09-15T23:11:52.056 INFO:journalctl@ceph.mgr.x.smithi031.stdout:Sep 15 23:11:51 smithi031 ceph-9cda9d7e-73b7-11ef-bceb-c7b262605968-mgr-x[31850]:
2024-09-15T23:11:51.875+0000 7f6aab9ec040 -1 mgr[py] Module balancer has missing NOTIFY_TYPES member
2024-09-15T23:11:52.715 INFO:journalctl@ceph.mgr.x.smithi031.stdout:Sep 15 23:11:52 smithi031 ceph-9cda9d7e-73b7-11ef-bceb-c7b262605968-mgr-x[31850]:
2024-09-15T23:11:52.622+0000 7f6aab9ec040 -1 mgr[py] Module rook has missing NOTIFY_TYPES member
2024-09-15T23:11:53.114 INFO:journalctl@ceph.mgr.x.smithi031.stdout:Sep 15 23:11:52 smithi031 ceph-9cda9d7e-73b7-11ef-bceb-c7b262605968-mgr-x[31850]:
2024-09-15T23:11:52.743+0000 7f6aab9ec040 -1 mgr[py] Module iostat has missing NOTIFY_TYPES member
2024-09-15T23:11:53.114 INFO:journalctl@ceph.mgr.x.smithi031.stdout:Sep 15 23:11:52 smithi031 ceph-9cda9d7e-73b7-11ef-bceb-c7b262605968-mgr-x[31850]:
2024-09-15T23:11:52.892+0000 7f6aab9ec040 -1 mgr[py] Module orchestrator has missing NOTIFY_TYPES member
2024-09-15T23:11:53.114 INFO:journalctl@ceph.mgr.x.smithi031.stdout:Sep 15 23:11:52 smithi031 ceph-9cda9d7e-73b7-11ef-bceb-c7b262605968-mgr-x[31850]:
2024-09-15T23:11:52.957+0000 7f6aab9ec040 -1 mgr[py] Module devicehealth has missing NOTIFY_TYPES member
2024-09-15T23:11:53.114 INFO:journalctl@ceph.mgr.x.smithi031.stdout:Sep 15 23:11:53 smithi031 ceph-9cda9d7e-73b7-11ef-bceb-c7b262605968-mgr-x[31850]:
2024-09-15T23:11:53.113+0000 7f6aab9ec040 -1 mgr[py] Module rgw has missing NOTIFY_TYPES member
2024-09-15T23:11:53.414 INFO:journalctl@ceph.mgr.x.smithi031.stdout:Sep 15 23:11:53 smithi031 ceph-9cda9d7e-73b7-11ef-bceb-c7b262605968-mgr-x[31850]:
2024-09-15T23:11:53.184+0000 7f6aab9ec040 -1 mgr[py] Module alerts has missing NOTIFY_TYPES member
2024-09-15T23:11:53.414 INFO:journalctl@ceph.mgr.x.smithi031.stdout:Sep 15 23:11:53 smithi031 ceph-9cda9d7e-73b7-11ef-bceb-c7b262605968-mgr-x[31850]:
2024-09-15T23:11:53.247+0000 7f6aab9ec040 -1 mgr[py] Module progress has missing NOTIFY_TYPES member
2024-09-15T23:11:53.414 INFO:journalctl@ceph.mgr.x.smithi031.stdout:Sep 15 23:11:53 smithi031 ceph-9cda9d7e-73b7-11ef-bceb-c7b262605968-mgr-x[31850]:
2024-09-15T23:11:53.412+0000 7f6aab9ec040 -1 mgr[py] Module nfs has missing NOTIFY_TYPES member
2024-09-15T23:11:53.699 INFO:journalctl@ceph.mgr.x.smithi031.stdout:Sep 15 23:11:53 smithi031 ceph-9cda9d7e-73b7-11ef-bceb-c7b262605968-mgr-x[31850]:
2024-09-15T23:11:53.480+0000 7f6aab9ec040 -1 mgr[py] Module status has missing NOTIFY_TYPES member
2024-09-15T23:11:53.699 INFO:journalctl@ceph.mgr.x.smithi031.stdout:Sep 15 23:11:53 smithi031 ceph-9cda9d7e-73b7-11ef-bceb-c7b262605968-mgr-x[31850]:
2024-09-15T23:11:53.550+0000 7f6aab9ec040 -1 mgr[py] Module pg_autoscaler has missing NOTIFY_TYPES member
2024-09-15T23:11:53.699 INFO:journalctl@ceph.mgr.x.smithi031.stdout:Sep 15 23:11:53 smithi031 ceph-9cda9d7e-73b7-11ef-bceb-c7b262605968-mgr-x[31850]:
2024-09-15T23:11:53.636+0000 7f6aab9ec040 -1 mgr[py] Module rbd_support has missing NOTIFY_TYPES member
2024-09-15T23:11:53.699 INFO:journalctl@ceph.mgr.x.smithi031.stdout:Sep 15 23:11:53 smithi031 ceph-9cda9d7e-73b7-11ef-bceb-c7b262605968-mgr-x[31850]:
2024-09-15T23:11:53.698+0000 7f6aab9ec040 -1 mgr[py] Module influx has missing NOTIFY_TYPES member
2024-09-15T23:11:53.965 INFO:journalctl@ceph.mgr.x.smithi031.stdout:Sep 15 23:11:53 smithi031 ceph-9cda9d7e-73b7-11ef-bceb-c7b262605968-mgr-x[31850]:
2024-09-15T23:11:53.759+0000 7f6aab9ec040 -1 mgr[py] Module zabbix has missing NOTIFY_TYPES member
2024-09-15T23:11:54.842 INFO:journalctl@ceph.mgr.x.smithi031.stdout:Sep 15 23:11:54 smithi031 ceph-9cda9d7e-73b7-11ef-bceb-c7b262605968-mgr-x[31850]:
2024-09-15T23:11:54.585+0000 7f6aab9ec040 -1 mgr[py] Module telegraf has missing NOTIFY_TYPES member
2024-09-15T23:11:54.842 INFO:journalctl@ceph.mon.a.smithi031.stdout:Sep 15 23:11:54 smithi031 ceph-mon[31627]: Active manager daemon x restarted
2024-09-15T23:11:54.842 INFO:journalctl@ceph.mon.a.smithi031.stdout:Sep 15 23:11:54 smithi031 ceph-mon[31627]: Activating manager daemon x
2024-09-15T23:11:54.843 INFO:journalctl@ceph.mon.a.smithi031.stdout:Sep 15 23:11:54 smithi031 ceph-mon[31627]: osdmap e3: 0 total, 0 up, 0 in
2024-09-15T23:11:54.843 INFO:journalctl@ceph.mon.a.smithi031.stdout:Sep 15 23:11:54 smithi031 ceph-mon[31627]: mgrmap e10: x(active, starting, since 0.0033121s)
2024-09-15T23:11:54.843 INFO:journalctl@ceph.mon.a.smithi031.stdout:Sep 15 23:11:54 smithi031 ceph-mon[31627]: from='mgr.14150 172.21.15.31:0/1737834634' entity='mgr.x' cmd=[{"prefix": "mon metadata", "id": "a"}]: dispatch
2024-09-15T23:11:54.843 INFO:journalctl@ceph.mon.a.smithi031.stdout:Sep 15 23:11:54 smithi031 ceph-mon[31627]: from='mgr.14150 172.21.15.31:0/1737834634' entity='mgr.x' cmd=[{"prefix": "mgr metadata", "who": "x", "id": "x"}]: dispatch
2024-09-15T23:11:54.843 INFO:journalctl@ceph.mon.a.smithi031.stdout:Sep 15 23:11:54 smithi031 ceph-mon[31627]: from='mgr.14150 172.21.15.31:0/1737834634' entity='mgr.x' cmd=[{"prefix": "mds metadata"}]: dispatch
2024-09-15T23:11:54.843 INFO:journalctl@ceph.mon.a.smithi031.stdout:Sep 15 23:11:54 smithi031 ceph-mon[31627]: from='mgr.14150 172.21.15.31:0/1737834634' entity='mgr.x' cmd=[{"prefix": "osd metadata"}]: dispatch
2024-09-15T23:11:54.843 INFO:journalctl@ceph.mon.a.smithi031.stdout:Sep 15 23:11:54 smithi031 ceph-mon[31627]: from='mgr.14150 172.21.15.31:0/1737834634' entity='mgr.x' cmd=[{"prefix": "mon metadata"}]: dispatch
2024-09-15T23:11:54.843 INFO:journalctl@ceph.mon.a.smithi031.stdout:Sep 15 23:11:54 smithi031 ceph-mon[31627]: Manager daemon x is now available
2024-09-15T23:11:54.843 INFO:journalctl@ceph.mon.a.smithi031.stdout:Sep 15 23:11:54 smithi031 ceph-mon[31627]: from='mgr.14150 172.21.15.31:0/1737834634' entity='mgr.x' cmd=[{"prefix": "config dump", "format": "json"}]: dispatch
2024-09-15T23:11:54.843 INFO:journalctl@ceph.mon.a.smithi031.stdout:Sep 15 23:11:54 smithi031 ceph-mon[31627]: from='mgr.14150 172.21.15.31:0/1737834634' entity='mgr.x' cmd=[{"prefix":"config rm","who":"mgr","name":"mgr/rbd_support/x/mirror_snapshot_schedule"}]: dispatch
2024-09-15T23:11:54.843 INFO:journalctl@ceph.mon.a.smithi031.stdout:Sep 15 23:11:54 smithi031 ceph-mon[31627]: from='mgr.14150 172.21.15.31:0/1737834634' entity='mgr.x' cmd=[{"prefix":"config rm","who":"mgr","name":"mgr/rbd_support/x/trash_purge_schedule"}]: dispatch
2024-09-15T23:11:56.501 INFO:journalctl@ceph.mgr.x.smithi031.stdout:Sep 15 23:11:56 smithi031 ceph-9cda9d7e-73b7-11ef-bceb-c7b262605968-mgr-x[31850]:
2024-09-15T23:11:56.330+0000 7f6a114b5640 -1 log_channel(cephadm) log [ERR] : [15/Sep/2024:23:11:56] ENGINE Error in HTTPServer.serve
2024-09-15T23:11:56.501 INFO:journalctl@ceph.mgr.x.smithi031.stdout:Sep 15 23:11:56 smithi031 ceph-9cda9d7e-73b7-11ef-bceb-c7b262605968-mgr-x[31850]: Traceback (most recent call last):
2024-09-15T23:11:56.501 INFO:journalctl@ceph.mgr.x.smithi031.stdout:Sep 15 23:11:56 smithi031 ceph-9cda9d7e-73b7-11ef-bceb-c7b262605968-mgr-x[31850]: File "/lib/python3.9/site-packages/cheroot/server.py", line 1823, in serve
2024-09-15T23:11:56.501 INFO:journalctl@ceph.mgr.x.smithi031.stdout:Sep 15 23:11:56 smithi031 ceph-9cda9d7e-73b7-11ef-bceb-c7b262605968-mgr-x[31850]: self._connections.run(self.expiration_interval)
2024-09-15T23:11:56.501 INFO:journalctl@ceph.mgr.x.smithi031.stdout:Sep 15 23:11:56 smithi031 ceph-9cda9d7e-73b7-11ef-bceb-c7b262605968-mgr-x[31850]: File "/lib/python3.9/site-packages/cheroot/connections.py", line 203, in run
2024-09-15T23:11:56.501 INFO:journalctl@ceph.mgr.x.smithi031.stdout:Sep 15 23:11:56 smithi031 ceph-9cda9d7e-73b7-11ef-bceb-c7b262605968-mgr-x[31850]: self._run(expiration_interval)
2024-09-15T23:11:56.501 INFO:journalctl@ceph.mgr.x.smithi031.stdout:Sep 15 23:11:56 smithi031 ceph-9cda9d7e-73b7-11ef-bceb-c7b262605968-mgr-x[31850]: File "/lib/python3.9/site-packages/cheroot/connections.py", line 246, in _run
2024-09-15T23:11:56.501 INFO:journalctl@ceph.mgr.x.smithi031.stdout:Sep 15 23:11:56 smithi031 ceph-9cda9d7e-73b7-11ef-bceb-c7b262605968-mgr-x[31850]: new_conn = self._from_server_socket(self.server.socket)
2024-09-15T23:11:56.502 INFO:journalctl@ceph.mgr.x.smithi031.stdout:Sep 15 23:11:56 smithi031 ceph-9cda9d7e-73b7-11ef-bceb-c7b262605968-mgr-x[31850]: File "/lib/python3.9/site-packages/cheroot/connections.py", line 300, in _from_server_socket
2024-09-15T23:11:56.502 INFO:journalctl@ceph.mgr.x.smithi031.stdout:Sep 15 23:11:56 smithi031 ceph-9cda9d7e-73b7-11ef-bceb-c7b262605968-mgr-x[31850]: s, ssl_env = self.server.ssl_adapter.wrap(s)
2024-09-15T23:11:56.502 INFO:journalctl@ceph.mgr.x.smithi031.stdout:Sep 15 23:11:56 smithi031 ceph-9cda9d7e-73b7-11ef-bceb-c7b262605968-mgr-x[31850]: File "/lib/python3.9/site-packages/cheroot/ssl/builtin.py", line 277, in wrap
2024-09-15T23:11:56.502 INFO:journalctl@ceph.mgr.x.smithi031.stdout:Sep 15 23:11:56 smithi031 ceph-9cda9d7e-73b7-11ef-bceb-c7b262605968-mgr-x[31850]: s = self.context.wrap_socket(
2024-09-15T23:11:56.502 INFO:journalctl@ceph.mgr.x.smithi031.stdout:Sep 15 23:11:56 smithi031 ceph-9cda9d7e-73b7-11ef-bceb-c7b262605968-mgr-x[31850]: File "/lib64/python3.9/ssl.py", line 501, in wrap_socket
2024-09-15T23:11:56.502 INFO:journalctl@ceph.mgr.x.smithi031.stdout:Sep 15 23:11:56 smithi031 ceph-9cda9d7e-73b7-11ef-bceb-c7b262605968-mgr-x[31850]: return self.sslsocket_class._create(
2024-09-15T23:11:56.502 INFO:journalctl@ceph.mgr.x.smithi031.stdout:Sep 15 23:11:56 smithi031 ceph-9cda9d7e-73b7-11ef-bceb-c7b262605968-mgr-x[31850]: File "/lib64/python3.9/ssl.py", line 1074, in _create
2024-09-15T23:11:56.502 INFO:journalctl@ceph.mgr.x.smithi031.stdout:Sep 15 23:11:56 smithi031 ceph-9cda9d7e-73b7-11ef-bceb-c7b262605968-mgr-x[31850]: self.do_handshake()
2024-09-15T23:11:56.502 INFO:journalctl@ceph.mgr.x.smithi031.stdout:Sep 15 23:11:56 smithi031 ceph-9cda9d7e-73b7-11ef-bceb-c7b262605968-mgr-x[31850]: File "/lib64/python3.9/ssl.py", line 1343, in do_handshake
2024-09-15T23:11:56.502 INFO:journalctl@ceph.mgr.x.smithi031.stdout:Sep 15 23:11:56 smithi031 ceph-9cda9d7e-73b7-11ef-bceb-c7b262605968-mgr-x[31850]: self._sslobj.do_handshake()
2024-09-15T23:11:56.502 INFO:journalctl@ceph.mgr.x.smithi031.stdout:Sep 15 23:11:56 smithi031 ceph-9cda9d7e-73b7-11ef-bceb-c7b262605968-mgr-x[31850]: ssl.SSLZeroReturnError: TLS/SSL connection has been closed (EOF) (_ssl.c:1133)
2024-09-15T23:11:56.503 INFO:journalctl@ceph.mgr.x.smithi031.stdout:Sep 15 23:11:56 smithi031 ceph-9cda9d7e-73b7-11ef-bceb-c7b262605968-mgr-x[31850]:
2024-09-15T23:11:56.509 INFO:teuthology.orchestra.run.smithi031.stdout:/usr/bin/ceph: stdout {
2024-09-15T23:11:56.510 INFO:teuthology.orchestra.run.smithi031.stdout:/usr/bin/ceph: stdout "mgrmap_epoch": 11,
2024-09-15T23:11:56.510 INFO:teuthology.orchestra.run.smithi031.stdout:/usr/bin/ceph: stdout "initialized": true
2024-09-15T23:11:56.510 INFO:teuthology.orchestra.run.smithi031.stdout:/usr/bin/ceph: stdout }
2024-09-15T23:11:56.510 INFO:teuthology.orchestra.run.smithi031.stdout:/usr/bin/ceph: stderr
2024-09-15T23:11:51.848+0000 7f8199d32640 1 Processor -- start
2024-09-15T23:11:56.510 INFO:teuthology.orchestra.run.smithi031.stdout:/usr/bin/ceph: stderr
2024-09-15T23:11:51.848+0000 7f8199d32640 1 -- start start
2024-09-15T23:11:56.510 INFO:teuthology.orchestra.run.smithi031.stdout:/usr/bin/ceph: stderr
2024-09-15T23:11:51.848+0000 7f8199d32640 1 --2- >> [v2:172.21.15.31:3300/0,v1:172.21.15.31:6789/0] conn(0x7f8194108050 0x7f819410a440 unknown :-1 s=NONE pgs=0 cs=0 l=0 rev1=0 crypto rx=0 tx=0 comp rx=0 tx=0).connect
2024-09-15T23:11:56.510 INFO:teuthology.orchestra.run.smithi031.stdout:/usr/bin/ceph: stderr
2024-09-15T23:11:51.848+0000 7f8199d32640 1 -- --> [v2:172.21.15.31:3300/0,v1:172.21.15.31:6789/0] -- mon_getmap magic: 0 -- 0x7f819407bea0 con 0x7f8194108050
2024-09-15T23:11:56.510 INFO:teuthology.orchestra.run.smithi031.stdout:/usr/bin/ceph: stderr
2024-09-15T23:11:51.849+0000 7f81937fe640 1 --2- >> [v2:172.21.15.31:3300/0,v1:172.21.15.31:6789/0] conn(0x7f8194108050 0x7f819410a440 unknown :-1 s=BANNER_CONNECTING pgs=0 cs=0 l=0 rev1=0 crypto rx=0 tx=0 comp rx=0 tx=0)._handle_peer_banner_payload supported=3 required=0
2024-09-15T23:11:56.510 INFO:teuthology.orchestra.run.smithi031.stdout:/usr/bin/ceph: stderr
2024-09-15T23:11:51.849+0000 7f81937fe640 1 --2- >> [v2:172.21.15.31:3300/0,v1:172.21.15.31:6789/0] conn(0x7f8194108050 0x7f819410a440 unknown :-1 s=HELLO_CONNECTING pgs=0 cs=0 l=0 rev1=1 crypto rx=0 tx=0 comp rx=0 tx=0).handle_hello peer v2:172.21.15.31:3300/0 says I am v2:172.21.15.31:46402/0 (socket says 172.21.15.31:46402)
2024-09-15T23:11:56.510 INFO:teuthology.orchestra.run.smithi031.stdout:/usr/bin/ceph: stderr
2024-09-15T23:11:51.849+0000 7f81937fe640 1 -- 172.21.15.31:0/569790340 learned_addr learned my addr 172.21.15.31:0/569790340 (peer_addr_for_me v2:172.21.15.31:0/0)
2024-09-15T23:11:56.510 INFO:teuthology.orchestra.run.smithi031.stdout:/usr/bin/ceph: stderr
2024-09-15T23:11:51.849+0000 7f81937fe640 1 -- 172.21.15.31:0/569790340 --> [v2:172.21.15.31:3300/0,v1:172.21.15.31:6789/0] -- mon_subscribe({config=0+,monmap=0+}) -- 0x7f819410a980 con 0x7f8194108050
2024-09-15T23:11:56.510 INFO:teuthology.orchestra.run.smithi031.stdout:/usr/bin/ceph: stderr
2024-09-15T23:11:51.850+0000 7f81937fe640 1 --2- 172.21.15.31:0/569790340 >> [v2:172.21.15.31:3300/0,v1:172.21.15.31:6789/0] conn(0x7f8194108050 0x7f819410a440 secure :-1 s=READY pgs=59 cs=0 l=1 rev1=1 crypto rx=0x7f8184009820 tx=0x7f818402a270 comp rx=0 tx=0).ready entity=mon.0 client_cookie=b4d707974f0d7efb server_cookie=0 in_seq=0 out_seq=0
2024-09-15T23:11:56.510 INFO:teuthology.orchestra.run.smithi031.stdout:/usr/bin/ceph: stderr
2024-09-15T23:11:51.850+0000 7f81927fc640 1 -- 172.21.15.31:0/569790340 <== mon.0 v2:172.21.15.31:3300/0 1 ==== mon_map magic: 0 ==== 205+0+0 (secure 0 0 0) 0x7f8184037070 con 0x7f8194108050
2024-09-15T23:11:56.511 INFO:teuthology.orchestra.run.smithi031.stdout:/usr/bin/ceph: stderr
2024-09-15T23:11:51.850+0000 7f81927fc640 1 -- 172.21.15.31:0/569790340 <== mon.0 v2:172.21.15.31:3300/0 2 ==== config(27 keys) ==== 1140+0+0 (secure 0 0 0) 0x7f8184032920 con 0x7f8194108050
2024-09-15T23:11:56.511 INFO:teuthology.orchestra.run.smithi031.stdout:/usr/bin/ceph: stderr
2024-09-15T23:11:51.850+0000 7f81927fc640 1 -- 172.21.15.31:0/569790340 <== mon.0 v2:172.21.15.31:3300/0 3 ==== mon_map magic: 0 ==== 205+0+0 (secure 0 0 0) 0x7f8184030810 con 0x7f8194108050
2024-09-15T23:11:56.511 INFO:teuthology.orchestra.run.smithi031.stdout:/usr/bin/ceph: stderr
2024-09-15T23:11:51.851+0000 7f8199d32640 1 -- 172.21.15.31:0/569790340 >> [v2:172.21.15.31:3300/0,v1:172.21.15.31:6789/0] conn(0x7f8194108050 msgr2=0x7f819410a440 secure :-1 s=STATE_CONNECTION_ESTABLISHED l=1).mark_down
2024-09-15T23:11:56.511 INFO:teuthology.orchestra.run.smithi031.stdout:/usr/bin/ceph: stderr
2024-09-15T23:11:51.851+0000 7f8199d32640 1 --2- 172.21.15.31:0/569790340 >> [v2:172.21.15.31:3300/0,v1:172.21.15.31:6789/0] conn(0x7f8194108050 0x7f819410a440 secure :-1 s=READY pgs=59 cs=0 l=1 rev1=1 crypto rx=0x7f8184009820 tx=0x7f818402a270 comp rx=0 tx=0).stop
2024-09-15T23:11:56.511 INFO:teuthology.orchestra.run.smithi031.stdout:/usr/bin/ceph: stderr
2024-09-15T23:11:51.851+0000 7f8199d32640 1 -- 172.21.15.31:0/569790340 shutdown_connections
2024-09-15T23:11:56.511 INFO:teuthology.orchestra.run.smithi031.stdout:/usr/bin/ceph: stderr
2024-09-15T23:11:51.851+0000 7f8199d32640 1 --2- 172.21.15.31:0/569790340 >> [v2:172.21.15.31:3300/0,v1:172.21.15.31:6789/0] conn(0x7f8194108050 0x7f819410a440 unknown :-1 s=CLOSED pgs=59 cs=0 l=1 rev1=1 crypto rx=0 tx=0 comp rx=0 tx=0).stop
2024-09-15T23:11:56.511 INFO:teuthology.orchestra.run.smithi031.stdout:/usr/bin/ceph: stderr
2024-09-15T23:11:51.851+0000 7f8199d32640 1 -- 172.21.15.31:0/569790340 >> 172.21.15.31:0/569790340 conn(0x7f8194101c30 msgr2=0x7f81941040b0 unknown :-1 s=STATE_NONE l=0).mark_down
2024-09-15T23:11:56.511 INFO:teuthology.orchestra.run.smithi031.stdout:/usr/bin/ceph: stderr
2024-09-15T23:11:51.851+0000 7f8199d32640 1 -- 172.21.15.31:0/569790340 shutdown_connections
2024-09-15T23:11:56.511 INFO:teuthology.orchestra.run.smithi031.stdout:/usr/bin/ceph: stderr
2024-09-15T23:11:51.851+0000 7f8199d32640 1 -- 172.21.15.31:0/569790340 wait complete.
2024-09-15T23:11:56.511 INFO:teuthology.orchestra.run.smithi031.stdout:/usr/bin/ceph: stderr
2024-09-15T23:11:51.851+0000 7f8199d32640 1 Processor -- start
2024-09-15T23:11:56.511 INFO:teuthology.orchestra.run.smithi031.stdout:/usr/bin/ceph: stderr
2024-09-15T23:11:51.851+0000 7f8199d32640 1 -- start start
2024-09-15T23:11:56.511 INFO:teuthology.orchestra.run.smithi031.stdout:/usr/bin/ceph: stderr
2024-09-15T23:11:51.852+0000 7f8199d32640 1 --2- >> [v2:172.21.15.31:3300/0,v1:172.21.15.31:6789/0] conn(0x7f8194108050 0x7f819419b600 unknown :-1 s=NONE pgs=0 cs=0 l=1 rev1=0 crypto rx=0 tx=0 comp rx=0 tx=0).connect
2024-09-15T23:11:56.511 INFO:teuthology.orchestra.run.smithi031.stdout:/usr/bin/ceph: stderr
2024-09-15T23:11:51.852+0000 7f8199d32640 1 -- --> [v2:172.21.15.31:3300/0,v1:172.21.15.31:6789/0] -- mon_getmap magic: 0 -- 0x7f819410ba60 con 0x7f8194108050
2024-09-15T23:11:56.512 INFO:teuthology.orchestra.run.smithi031.stdout:/usr/bin/ceph: stderr
2024-09-15T23:11:51.852+0000 7f81937fe640 1 --2- >> [v2:172.21.15.31:3300/0,v1:172.21.15.31:6789/0] conn(0x7f8194108050 0x7f819419b600 unknown :-1 s=BANNER_CONNECTING pgs=0 cs=0 l=1 rev1=0 crypto rx=0 tx=0 comp rx=0 tx=0)._handle_peer_banner_payload supported=3 required=0
2024-09-15T23:11:56.512 INFO:teuthology.orchestra.run.smithi031.stdout:/usr/bin/ceph: stderr
2024-09-15T23:11:51.852+0000 7f81937fe640 1 --2- >> [v2:172.21.15.31:3300/0,v1:172.21.15.31:6789/0] conn(0x7f8194108050 0x7f819419b600 unknown :-1 s=HELLO_CONNECTING pgs=0 cs=0 l=1 rev1=1 crypto rx=0 tx=0 comp rx=0 tx=0).handle_hello peer v2:172.21.15.31:3300/0 says I am v2:172.21.15.31:46412/0 (socket says 172.21.15.31:46412)
2024-09-15T23:11:56.512 INFO:teuthology.orchestra.run.smithi031.stdout:/usr/bin/ceph: stderr
2024-09-15T23:11:51.852+0000 7f81937fe640 1 -- 172.21.15.31:0/370444298 learned_addr learned my addr 172.21.15.31:0/370444298 (peer_addr_for_me v2:172.21.15.31:0/0)
2024-09-15T23:11:56.512 INFO:teuthology.orchestra.run.smithi031.stdout:/usr/bin/ceph: stderr
2024-09-15T23:11:51.852+0000 7f81937fe640 1 -- 172.21.15.31:0/370444298 --> [v2:172.21.15.31:3300/0,v1:172.21.15.31:6789/0] -- mon_subscribe({config=0+,monmap=0+}) -- 0x7f819419bb40 con 0x7f8194108050
2024-09-15T23:11:56.512 INFO:teuthology.orchestra.run.smithi031.stdout:/usr/bin/ceph: stderr
2024-09-15T23:11:51.852+0000 7f81937fe640 1 --2- 172.21.15.31:0/370444298 >> [v2:172.21.15.31:3300/0,v1:172.21.15.31:6789/0] conn(0x7f8194108050 0x7f819419b600 secure :-1 s=READY pgs=60 cs=0 l=1 rev1=1 crypto rx=0x7f8184030420 tx=0x7f8184032670 comp rx=0 tx=0).ready entity=mon.0 client_cookie=0 server_cookie=0 in_seq=0 out_seq=0
2024-09-15T23:11:56.512 INFO:teuthology.orchestra.run.smithi031.stdout:/usr/bin/ceph: stderr
2024-09-15T23:11:51.853+0000 7f8190ff9640 1 -- 172.21.15.31:0/370444298 <== mon.0 v2:172.21.15.31:3300/0 1 ==== mon_map magic: 0 ==== 205+0+0 (secure 0 0 0) 0x7f8184037040 con 0x7f8194108050
2024-09-15T23:11:56.512 INFO:teuthology.orchestra.run.smithi031.stdout:/usr/bin/ceph: stderr
2024-09-15T23:11:51.853+0000 7f8190ff9640 1 -- 172.21.15.31:0/370444298 <== mon.0 v2:172.21.15.31:3300/0 2 ==== config(27 keys) ==== 1140+0+0 (secure 0 0 0) 0x7f8184040070 con 0x7f8194108050
2024-09-15T23:11:56.512 INFO:teuthology.orchestra.run.smithi031.stdout:/usr/bin/ceph: stderr
2024-09-15T23:11:51.853+0000 7f8199d32640 1 -- 172.21.15.31:0/370444298 --> [v2:172.21.15.31:3300/0,v1:172.21.15.31:6789/0] -- mon_subscribe({mgrmap=0+}) -- 0x7f819419bdd0 con 0x7f8194108050
2024-09-15T23:11:56.512 INFO:teuthology.orchestra.run.smithi031.stdout:/usr/bin/ceph: stderr
2024-09-15T23:11:51.853+0000 7f8199d32640 1 -- 172.21.15.31:0/370444298 --> [v2:172.21.15.31:3300/0,v1:172.21.15.31:6789/0] -- mon_subscribe({osdmap=0}) -- 0x7f819419eac0 con 0x7f8194108050
2024-09-15T23:11:56.512 INFO:teuthology.orchestra.run.smithi031.stdout:/usr/bin/ceph: stderr
2024-09-15T23:11:51.853+0000 7f8190ff9640 1 -- 172.21.15.31:0/370444298 <== mon.0 v2:172.21.15.31:3300/0 3 ==== mon_map magic: 0 ==== 205+0+0 (secure 0 0 0) 0x7f818403a6e0 con 0x7f8194108050
2024-09-15T23:11:56.512 INFO:teuthology.orchestra.run.smithi031.stdout:/usr/bin/ceph: stderr
2024-09-15T23:11:51.854+0000 7f8190ff9640 1 -- 172.21.15.31:0/370444298 <== mon.0 v2:172.21.15.31:3300/0 4 ==== mgrmap(e 9) ==== 46474+0+0 (secure 0 0 0) 0x7f818403a9e0 con 0x7f8194108050
2024-09-15T23:11:56.512 INFO:teuthology.orchestra.run.smithi031.stdout:/usr/bin/ceph: stderr
2024-09-15T23:11:51.854+0000 7f8190ff9640 1 --2- 172.21.15.31:0/370444298 >> [v2:172.21.15.31:6800/3144158002,v1:172.21.15.31:6801/3144158002] conn(0x7f8180039200 0x7f818003b6c0 unknown :-1 s=NONE pgs=0 cs=0 l=1 rev1=0 crypto rx=0 tx=0 comp rx=0 tx=0).connect
2024-09-15T23:11:56.512 INFO:teuthology.orchestra.run.smithi031.stdout:/usr/bin/ceph: stderr
2024-09-15T23:11:51.854+0000 7f8190ff9640 1 -- 172.21.15.31:0/370444298 --> [v2:172.21.15.31:6800/3144158002,v1:172.21.15.31:6801/3144158002] -- command(tid 0: {"prefix": "get_command_descriptions"}) -- 0x7f818003bdd0 con 0x7f8180039200
2024-09-15T23:11:56.512 INFO:teuthology.orchestra.run.smithi031.stdout:/usr/bin/ceph: stderr
2024-09-15T23:11:51.854+0000 7f8190ff9640 1 -- 172.21.15.31:0/370444298 <== mon.0 v2:172.21.15.31:3300/0 5 ==== osd_map(2..2 src has 1..2) ==== 940+0+0 (secure 0 0 0) 0x7f818406c8c0 con 0x7f8194108050
2024-09-15T23:11:56.513 INFO:teuthology.orchestra.run.smithi031.stdout:/usr/bin/ceph: stderr
2024-09-15T23:11:51.854+0000 7f8192ffd640 1 -- 172.21.15.31:0/370444298 >> [v2:172.21.15.31:6800/3144158002,v1:172.21.15.31:6801/3144158002] conn(0x7f8180039200 msgr2=0x7f818003b6c0 unknown :-1 s=STATE_CONNECTING_RE l=1).process reconnect failed to v2:172.21.15.31:6800/3144158002
2024-09-15T23:11:56.513 INFO:teuthology.orchestra.run.smithi031.stdout:/usr/bin/ceph: stderr
2024-09-15T23:11:51.854+0000 7f8192ffd640 1 --2- 172.21.15.31:0/370444298 >> [v2:172.21.15.31:6800/3144158002,v1:172.21.15.31:6801/3144158002] conn(0x7f8180039200 0x7f818003b6c0 unknown :-1 s=START_CONNECT pgs=0 cs=0 l=1 rev1=0 crypto rx=0 tx=0 comp rx=0 tx=0)._fault waiting 0.200000
2024-09-15T23:11:56.513 INFO:teuthology.orchestra.run.smithi031.stdout:/usr/bin/ceph: stderr
2024-09-15T23:11:52.055+0000 7f8192ffd640 1 -- 172.21.15.31:0/370444298 >> [v2:172.21.15.31:6800/3144158002,v1:172.21.15.31:6801/3144158002] conn(0x7f8180039200 msgr2=0x7f818003b6c0 unknown :-1 s=STATE_CONNECTING_RE l=1).process reconnect failed to v2:172.21.15.31:6800/3144158002
2024-09-15T23:11:56.513 INFO:teuthology.orchestra.run.smithi031.stdout:/usr/bin/ceph: stderr
2024-09-15T23:11:52.055+0000 7f8192ffd640 1 --2- 172.21.15.31:0/370444298 >> [v2:172.21.15.31:6800/3144158002,v1:172.21.15.31:6801/3144158002] conn(0x7f8180039200 0x7f818003b6c0 unknown :-1 s=START_CONNECT pgs=0 cs=0 l=1 rev1=0 crypto rx=0 tx=0 comp rx=0 tx=0)._fault waiting 0.400000
2024-09-15T23:11:56.513 INFO:teuthology.orchestra.run.smithi031.stdout:/usr/bin/ceph: stderr
2024-09-15T23:11:52.456+0000 7f8192ffd640 1 -- 172.21.15.31:0/370444298 >> [v2:172.21.15.31:6800/3144158002,v1:172.21.15.31:6801/3144158002] conn(0x7f8180039200 msgr2=0x7f818003b6c0 unknown :-1 s=STATE_CONNECTING_RE l=1).process reconnect failed to v2:172.21.15.31:6800/3144158002
2024-09-15T23:11:56.513 INFO:teuthology.orchestra.run.smithi031.stdout:/usr/bin/ceph: stderr
2024-09-15T23:11:52.456+0000 7f8192ffd640 1 --2- 172.21.15.31:0/370444298 >> [v2:172.21.15.31:6800/3144158002,v1:172.21.15.31:6801/3144158002] conn(0x7f8180039200 0x7f818003b6c0 unknown :-1 s=START_CONNECT pgs=0 cs=0 l=1 rev1=0 crypto rx=0 tx=0 comp rx=0 tx=0)._fault waiting 0.800000
2024-09-15T23:11:56.513 INFO:teuthology.orchestra.run.smithi031.stdout:/usr/bin/ceph: stderr
2024-09-15T23:11:53.257+0000 7f8192ffd640 1 -- 172.21.15.31:0/370444298 >> [v2:172.21.15.31:6800/3144158002,v1:172.21.15.31:6801/3144158002] conn(0x7f8180039200 msgr2=0x7f818003b6c0 unknown :-1 s=STATE_CONNECTING_RE l=1).process reconnect failed to v2:172.21.15.31:6800/3144158002
2024-09-15T23:11:56.513 INFO:teuthology.orchestra.run.smithi031.stdout:/usr/bin/ceph: stderr
2024-09-15T23:11:53.257+0000 7f8192ffd640 1 --2- 172.21.15.31:0/370444298 >> [v2:172.21.15.31:6800/3144158002,v1:172.21.15.31:6801/3144158002] conn(0x7f8180039200 0x7f818003b6c0 unknown :-1 s=START_CONNECT pgs=0 cs=0 l=1 rev1=0 crypto rx=0 tx=0 comp rx=0 tx=0)._fault waiting 1.600000
2024-09-15T23:11:56.513 INFO:teuthology.orchestra.run.smithi031.stdout:/usr/bin/ceph: stderr
2024-09-15T23:11:54.589+0000 7f8190ff9640 1 -- 172.21.15.31:0/370444298 <== mon.0 v2:172.21.15.31:3300/0 6 ==== mgrmap(e 10) ==== 46241+0+0 (secure 0 0 0) 0x7f818406b370 con 0x7f8194108050
2024-09-15T23:11:56.513 INFO:teuthology.orchestra.run.smithi031.stdout:/usr/bin/ceph: stderr
2024-09-15T23:11:54.589+0000 7f8190ff9640 1 -- 172.21.15.31:0/370444298 >> [v2:172.21.15.31:6800/3144158002,v1:172.21.15.31:6801/3144158002] conn(0x7f8180039200 msgr2=0x7f818003b6c0 unknown :-1 s=STATE_CONNECTING l=1).mark_down
2024-09-15T23:11:56.513 INFO:teuthology.orchestra.run.smithi031.stdout:/usr/bin/ceph: stderr
2024-09-15T23:11:54.589+0000 7f8190ff9640 1 --2- 172.21.15.31:0/370444298 >> [v2:172.21.15.31:6800/3144158002,v1:172.21.15.31:6801/3144158002] conn(0x7f8180039200 0x7f818003b6c0 unknown :-1 s=START_CONNECT pgs=0 cs=0 l=1 rev1=0 crypto rx=0 tx=0 comp rx=0 tx=0).stop
2024-09-15T23:11:56.513 INFO:teuthology.orchestra.run.smithi031.stdout:/usr/bin/ceph: stderr
2024-09-15T23:11:55.590+0000 7f8190ff9640 1 -- 172.21.15.31:0/370444298 <== mon.0 v2:172.21.15.31:3300/0 7 ==== mgrmap(e 11) ==== 46368+0+0 (secure 0 0 0) 0x7f8184045460 con 0x7f8194108050
2024-09-15T23:11:56.513 INFO:teuthology.orchestra.run.smithi031.stdout:/usr/bin/ceph: stderr
2024-09-15T23:11:55.590+0000 7f8190ff9640 1 --2- 172.21.15.31:0/370444298 >> [v2:172.21.15.31:6800/1177321687,v1:172.21.15.31:6801/1177321687] conn(0x7f818003ccc0 0x7f818003f0b0 unknown :-1 s=NONE pgs=0 cs=0 l=1 rev1=0 crypto rx=0 tx=0 comp rx=0 tx=0).connect
2024-09-15T23:11:56.514 INFO:teuthology.orchestra.run.smithi031.stdout:/usr/bin/ceph: stderr
2024-09-15T23:11:55.590+0000 7f8190ff9640 1 -- 172.21.15.31:0/370444298 --> [v2:172.21.15.31:6800/1177321687,v1:172.21.15.31:6801/1177321687] -- command(tid 0: {"prefix": "get_command_descriptions"}) -- 0x7f8184033e50 con 0x7f818003ccc0
2024-09-15T23:11:56.514 INFO:teuthology.orchestra.run.smithi031.stdout:/usr/bin/ceph: stderr
2024-09-15T23:11:55.590+0000 7f8192ffd640 1 --2- 172.21.15.31:0/370444298 >> [v2:172.21.15.31:6800/1177321687,v1:172.21.15.31:6801/1177321687] conn(0x7f818003ccc0 0x7f818003f0b0 unknown :-1 s=BANNER_CONNECTING pgs=0 cs=0 l=1 rev1=0 crypto rx=0 tx=0 comp rx=0 tx=0)._handle_peer_banner_payload supported=3 required=0
2024-09-15T23:11:56.514 INFO:teuthology.orchestra.run.smithi031.stdout:/usr/bin/ceph: stderr
2024-09-15T23:11:55.591+0000 7f8192ffd640 1 --2- 172.21.15.31:0/370444298 >> [v2:172.21.15.31:6800/1177321687,v1:172.21.15.31:6801/1177321687] conn(0x7f818003ccc0 0x7f818003f0b0 secure :-1 s=READY pgs=1 cs=0 l=1 rev1=1 crypto rx=0x7f817c003980 tx=0x7f817c006e10 comp rx=0 tx=0).ready entity=mgr.14150 client_cookie=0 server_cookie=0 in_seq=0 out_seq=0
2024-09-15T23:11:56.514 INFO:teuthology.orchestra.run.smithi031.stdout:/usr/bin/ceph: stderr
2024-09-15T23:11:55.592+0000 7f8190ff9640 1 -- 172.21.15.31:0/370444298 <== mgr.14150 v2:172.21.15.31:6800/1177321687 1 ==== command_reply(tid 0: 0 ) ==== 8+0+9564 (secure 0 0 0) 0x7f8184033e50 con 0x7f818003ccc0
2024-09-15T23:11:56.514 INFO:teuthology.orchestra.run.smithi031.stdout:/usr/bin/ceph: stderr
2024-09-15T23:11:55.599+0000 7f8199d32640 1 -- 172.21.15.31:0/370444298 --> [v2:172.21.15.31:6800/1177321687,v1:172.21.15.31:6801/1177321687] -- command(tid 1: {"prefix": "mgr_status"}) -- 0x7f81740025a0 con 0x7f818003ccc0
2024-09-15T23:11:56.514 INFO:teuthology.orchestra.run.smithi031.stdout:/usr/bin/ceph: stderr
2024-09-15T23:11:55.600+0000 7f8190ff9640 1 -- 172.21.15.31:0/370444298 <== mgr.14150 v2:172.21.15.31:6800/1177321687 2 ==== command_reply(tid 1: 0 ) ==== 8+0+52 (secure 0 0 0) 0x7f81740025a0 con 0x7f818003ccc0
2024-09-15T23:11:56.514 INFO:teuthology.orchestra.run.smithi031.stdout:/usr/bin/ceph: stderr
2024-09-15T23:11:55.600+0000 7f8199d32640 1 -- 172.21.15.31:0/370444298 >> [v2:172.21.15.31:6800/1177321687,v1:172.21.15.31:6801/1177321687] conn(0x7f818003ccc0 msgr2=0x7f818003f0b0 secure :-1 s=STATE_CONNECTION_ESTABLISHED l=1).mark_down
2024-09-15T23:11:56.514 INFO:teuthology.orchestra.run.smithi031.stdout:/usr/bin/ceph: stderr
2024-09-15T23:11:55.600+0000 7f8199d32640 1 --2- 172.21.15.31:0/370444298 >> [v2:172.21.15.31:6800/1177321687,v1:172.21.15.31:6801/1177321687] conn(0x7f818003ccc0 0x7f818003f0b0 secure :-1 s=READY pgs=1 cs=0 l=1 rev1=1 crypto rx=0x7f817c003980 tx=0x7f817c006e10 comp rx=0 tx=0).stop
2024-09-15T23:11:56.514 INFO:teuthology.orchestra.run.smithi031.stdout:/usr/bin/ceph: stderr
2024-09-15T23:11:55.600+0000 7f8199d32640 1 -- 172.21.15.31:0/370444298 >> [v2:172.21.15.31:3300/0,v1:172.21.15.31:6789/0] conn(0x7f8194108050 msgr2=0x7f819419b600 secure :-1 s=STATE_CONNECTION_ESTABLISHED l=1).mark_down
2024-09-15T23:11:56.514 INFO:teuthology.orchestra.run.smithi031.stdout:/usr/bin/ceph: stderr
2024-09-15T23:11:55.600+0000 7f8199d32640 1 --2- 172.21.15.31:0/370444298 >> [v2:172.21.15.31:3300/0,v1:172.21.15.31:6789/0] conn(0x7f8194108050 0x7f819419b600 secure :-1 s=READY pgs=60 cs=0 l=1 rev1=1 crypto rx=0x7f8184030420 tx=0x7f8184032670 comp rx=0 tx=0).stop
2024-09-15T23:11:56.514 INFO:teuthology.orchestra.run.smithi031.stdout:/usr/bin/ceph: stderr
2024-09-15T23:11:55.600+0000 7f8199d32640 1 -- 172.21.15.31:0/370444298 shutdown_connections
2024-09-15T23:11:56.514 INFO:teuthology.orchestra.run.smithi031.stdout:/usr/bin/ceph: stderr
2024-09-15T23:11:55.600+0000 7f8199d32640 1 --2- 172.21.15.31:0/370444298 >> [v2:172.21.15.31:6800/1177321687,v1:172.21.15.31:6801/1177321687] conn(0x7f818003ccc0 0x7f818003f0b0 unknown :-1 s=CLOSED pgs=1 cs=0 l=1 rev1=1 crypto rx=0 tx=0 comp rx=0 tx=0).stop
2024-09-15T23:11:56.514 INFO:teuthology.orchestra.run.smithi031.stdout:/usr/bin/ceph: stderr
2024-09-15T23:11:55.600+0000 7f8199d32640 1 --2- 172.21.15.31:0/370444298 >> [v2:172.21.15.31:6800/3144158002,v1:172.21.15.31:6801/3144158002] conn(0x7f8180039200 0x7f818003b6c0 unknown :-1 s=CLOSED pgs=0 cs=0 l=1 rev1=0 crypto rx=0 tx=0 comp rx=0 tx=0).stop
2024-09-15T23:11:56.514 INFO:teuthology.orchestra.run.smithi031.stdout:/usr/bin/ceph: stderr
2024-09-15T23:11:55.600+0000 7f8199d32640 1 --2- 172.21.15.31:0/370444298 >> [v2:172.21.15.31:3300/0,v1:172.21.15.31:6789/0] conn(0x7f8194108050 0x7f819419b600 unknown :-1 s=CLOSED pgs=60 cs=0 l=1 rev1=1 crypto rx=0 tx=0 comp rx=0 tx=0).stop
2024-09-15T23:11:56.515 INFO:teuthology.orchestra.run.smithi031.stdout:/usr/bin/ceph: stderr
2024-09-15T23:11:55.600+0000 7f8199d32640 1 -- 172.21.15.31:0/370444298 >> 172.21.15.31:0/370444298 conn(0x7f8194101c30 msgr2=0x7f8194102800 unknown :-1 s=STATE_NONE l=0).mark_down
2024-09-15T23:11:56.515 INFO:teuthology.orchestra.run.smithi031.stdout:/usr/bin/ceph: stderr
2024-09-15T23:11:55.600+0000 7f8199d32640 1 -- 172.21.15.31:0/370444298 shutdown_connections
2024-09-15T23:11:56.515 INFO:teuthology.orchestra.run.smithi031.stdout:/usr/bin/ceph: stderr
2024-09-15T23:11:55.600+0000 7f8199d32640 1 -- 172.21.15.31:0/370444298 wait complete.
2024-09-15T23:11:56.515 INFO:teuthology.orchestra.run.smithi031.stdout:mgr epoch 9 is available
2024-09-15T23:11:56.515 INFO:teuthology.orchestra.run.smithi031.stdout:Generating a dashboard self-signed certificate...
2024-09-15T23:11:56.757 INFO:journalctl@ceph.mon.a.smithi031.stdout:Sep 15 23:11:56 smithi031 ceph-mon[31627]: mgrmap e11: x(active, since 1.00617s)
2024-09-15T23:11:56.757 INFO:journalctl@ceph.mon.a.smithi031.stdout:Sep 15 23:11:56 smithi031 ceph-mon[31627]: from='mgr.14150 172.21.15.31:0/1737834634' entity='mgr.x'
2024-09-15T23:11:56.757 INFO:journalctl@ceph.mon.a.smithi031.stdout:Sep 15 23:11:56 smithi031 ceph-mon[31627]: [15/Sep/2024:23:11:56] ENGINE Bus STARTING
2024-09-15T23:11:56.758 INFO:journalctl@ceph.mon.a.smithi031.stdout:Sep 15 23:11:56 smithi031 ceph-mon[31627]: [15/Sep/2024:23:11:56] ENGINE Serving on http://172.21.15.31:8765
2024-09-15T23:11:56.758 INFO:journalctl@ceph.mon.a.smithi031.stdout:Sep 15 23:11:56 smithi031 ceph-mon[31627]: [15/Sep/2024:23:11:56] ENGINE Serving on https://172.21.15.31:7150
2024-09-15T23:11:56.758 INFO:journalctl@ceph.mon.a.smithi031.stdout:Sep 15 23:11:56 smithi031 ceph-mon[31627]: [15/Sep/2024:23:11:56] ENGINE Bus STARTED
2024-09-15T23:11:56.758 INFO:journalctl@ceph.mon.a.smithi031.stdout:Sep 15 23:11:56 smithi031 ceph-mon[31627]: [15/Sep/2024:23:11:56] ENGINE Error in HTTPServer.serve
2024-09-15T23:11:56.758 INFO:journalctl@ceph.mon.a.smithi031.stdout: Traceback (most recent call last):
2024-09-15T23:11:56.758 INFO:journalctl@ceph.mon.a.smithi031.stdout: File "/lib/python3.9/site-packages/cheroot/server.py", line 1823, in serve
2024-09-15T23:11:56.758 INFO:journalctl@ceph.mon.a.smithi031.stdout: self._connections.run(self.expiration_interval)
2024-09-15T23:11:56.758 INFO:journalctl@ceph.mon.a.smithi031.stdout: File "/lib/python3.9/site-packages/cheroot/connections.py", line 203, in run
2024-09-15T23:11:56.758 INFO:journalctl@ceph.mon.a.smithi031.stdout: self._run(expiration_interval)
2024-09-15T23:11:56.758 INFO:journalctl@ceph.mon.a.smithi031.stdout: File "/lib/python3.9/site-packages/cheroot/connections.py", line 246, in _run
2024-09-15T23:11:56.758 INFO:journalctl@ceph.mon.a.smithi031.stdout: new_conn = self._from_server_socket(self.server.socket)
2024-09-15T23:11:56.758 INFO:journalctl@ceph.mon.a.smithi031.stdout: File "/lib/python3.9/site-packages/cheroot/connections.py", line 300, in _from_server_socket
2024-09-15T23:11:56.758 INFO:journalctl@ceph.mon.a.smithi031.stdout: s, ssl_env = self.server.ssl_adapter.wrap(s)
2024-09-15T23:11:56.759 INFO:journalctl@ceph.mon.a.smithi031.stdout: File "/lib/python3.9/site-packages/cheroot/ssl/builtin.py", line 277, in wrap
2024-09-15T23:11:56.759 INFO:journalctl@ceph.mon.a.smithi031.stdout: s = self.context.wrap_socket(
2024-09-15T23:11:56.759 INFO:journalctl@ceph.mon.a.smithi031.stdout: File "/lib64/python3.9/ssl.py", line 501, in wrap_socket
2024-09-15T23:11:56.759 INFO:journalctl@ceph.mon.a.smithi031.stdout: return self.sslsocket_class._create(
2024-09-15T23:11:56.759 INFO:journalctl@ceph.mon.a.smithi031.stdout: File "/lib64/python3.9/ssl.py", line 1074, in _create
2024-09-15T23:11:56.759 INFO:journalctl@ceph.mon.a.smithi031.stdout: self.do_handshake()
2024-09-15T23:11:56.759 INFO:journalctl@ceph.mon.a.smithi031.stdout: File "/lib64/python3.9/ssl.py", line 1343, in do_handshake
2024-09-15T23:11:56.759 INFO:journalctl@ceph.mon.a.smithi031.stdout: self._sslobj.do_handshake()
2024-09-15T23:11:56.759 INFO:journalctl@ceph.mon.a.smithi031.stdout: ssl.SSLZeroReturnError: TLS/SSL connection has been closed (EOF) (_ssl.c:1133)
2024-09-15T23:11:57.750 INFO:teuthology.orchestra.run.smithi031.stdout:/usr/bin/ceph: stdout Self-signed certificate created
2024-09-15T23:11:57.762 INFO:teuthology.orchestra.run.smithi031.stdout:/usr/bin/ceph: stderr
2024-09-15T23:11:56.958+0000 7f3edb7a6640 1 Processor -- start
2024-09-15T23:11:57.762 INFO:teuthology.orchestra.run.smithi031.stdout:/usr/bin/ceph: stderr
2024-09-15T23:11:56.958+0000 7f3edb7a6640 1 -- start start
2024-09-15T23:11:57.763 INFO:teuthology.orchestra.run.smithi031.stdout:/usr/bin/ceph: stderr
2024-09-15T23:11:56.959+0000 7f3edb7a6640 1 --2- >> [v2:172.21.15.31:3300/0,v1:172.21.15.31:6789/0] conn(0x7f3ed4108050 0x7f3ed410a440 unknown :-1 s=NONE pgs=0 cs=0 l=0 rev1=0 crypto rx=0 tx=0 comp rx=0 tx=0).connect
2024-09-15T23:11:57.763 INFO:teuthology.orchestra.run.smithi031.stdout:/usr/bin/ceph: stderr
2024-09-15T23:11:56.959+0000 7f3edb7a6640 1 -- --> [v2:172.21.15.31:3300/0,v1:172.21.15.31:6789/0] -- mon_getmap magic: 0 -- 0x7f3ed407be50 con 0x7f3ed4108050
2024-09-15T23:11:57.763 INFO:teuthology.orchestra.run.smithi031.stdout:/usr/bin/ceph: stderr
2024-09-15T23:11:56.959+0000 7f3ed9542640 1 --2- >> [v2:172.21.15.31:3300/0,v1:172.21.15.31:6789/0] conn(0x7f3ed4108050 0x7f3ed410a440 unknown :-1 s=BANNER_CONNECTING pgs=0 cs=0 l=0 rev1=0 crypto rx=0 tx=0 comp rx=0 tx=0)._handle_peer_banner_payload supported=3 required=0
2024-09-15T23:11:57.763 INFO:teuthology.orchestra.run.smithi031.stdout:/usr/bin/ceph: stderr
2024-09-15T23:11:56.959+0000 7f3ed9542640 1 --2- >> [v2:172.21.15.31:3300/0,v1:172.21.15.31:6789/0] conn(0x7f3ed4108050 0x7f3ed410a440 unknown :-1 s=HELLO_CONNECTING pgs=0 cs=0 l=0 rev1=1 crypto rx=0 tx=0 comp rx=0 tx=0).handle_hello peer v2:172.21.15.31:3300/0 says I am v2:172.21.15.31:35264/0 (socket says 172.21.15.31:35264)
2024-09-15T23:11:57.763 INFO:teuthology.orchestra.run.smithi031.stdout:/usr/bin/ceph: stderr
2024-09-15T23:11:56.959+0000 7f3ed9542640 1 -- 172.21.15.31:0/1899714691 learned_addr learned my addr 172.21.15.31:0/1899714691 (peer_addr_for_me v2:172.21.15.31:0/0)
2024-09-15T23:11:57.763 INFO:teuthology.orchestra.run.smithi031.stdout:/usr/bin/ceph: stderr
2024-09-15T23:11:56.959+0000 7f3ed9542640 1 -- 172.21.15.31:0/1899714691 --> [v2:172.21.15.31:3300/0,v1:172.21.15.31:6789/0] -- mon_subscribe({config=0+,monmap=0+}) -- 0x7f3ed410a980 con 0x7f3ed4108050
2024-09-15T23:11:57.763 INFO:teuthology.orchestra.run.smithi031.stdout:/usr/bin/ceph: stderr
2024-09-15T23:11:56.960+0000 7f3ed9542640 1 --2- 172.21.15.31:0/1899714691 >> [v2:172.21.15.31:3300/0,v1:172.21.15.31:6789/0] conn(0x7f3ed4108050 0x7f3ed410a440 secure :-1 s=READY pgs=68 cs=0 l=1 rev1=1 crypto rx=0x7f3ed0009820 tx=0x7f3ed002a270 comp rx=0 tx=0).ready entity=mon.0 client_cookie=b0a69c42d22236c2 server_cookie=0 in_seq=0 out_seq=0
2024-09-15T23:11:57.763 INFO:teuthology.orchestra.run.smithi031.stdout:/usr/bin/ceph: stderr
2024-09-15T23:11:56.960+0000 7f3ecbfff640 1 -- 172.21.15.31:0/1899714691 <== mon.0 v2:172.21.15.31:3300/0 1 ==== mon_map magic: 0 ==== 205+0+0 (secure 0 0 0) 0x7f3ed0037070 con 0x7f3ed4108050
2024-09-15T23:11:57.763 INFO:teuthology.orchestra.run.smithi031.stdout:/usr/bin/ceph: stderr
2024-09-15T23:11:56.960+0000 7f3ecbfff640 1 -- 172.21.15.31:0/1899714691 <== mon.0 v2:172.21.15.31:3300/0 2 ==== config(27 keys) ==== 1140+0+0 (secure 0 0 0) 0x7f3ed0032920 con 0x7f3ed4108050
2024-09-15T23:11:57.763 INFO:teuthology.orchestra.run.smithi031.stdout:/usr/bin/ceph: stderr
2024-09-15T23:11:56.960+0000 7f3ecbfff640 1 -- 172.21.15.31:0/1899714691 <== mon.0 v2:172.21.15.31:3300/0 3 ==== mon_map magic: 0 ==== 205+0+0 (secure 0 0 0) 0x7f3ed0030810 con 0x7f3ed4108050
2024-09-15T23:11:57.763 INFO:teuthology.orchestra.run.smithi031.stdout:/usr/bin/ceph: stderr
2024-09-15T23:11:56.961+0000 7f3edb7a6640 1 -- 172.21.15.31:0/1899714691 >> [v2:172.21.15.31:3300/0,v1:172.21.15.31:6789/0] conn(0x7f3ed4108050 msgr2=0x7f3ed410a440 secure :-1 s=STATE_CONNECTION_ESTABLISHED l=1).mark_down
2024-09-15T23:11:57.764 INFO:teuthology.orchestra.run.smithi031.stdout:/usr/bin/ceph: stderr
2024-09-15T23:11:56.961+0000 7f3edb7a6640 1 --2- 172.21.15.31:0/1899714691 >> [v2:172.21.15.31:3300/0,v1:172.21.15.31:6789/0] conn(0x7f3ed4108050 0x7f3ed410a440 secure :-1 s=READY pgs=68 cs=0 l=1 rev1=1 crypto rx=0x7f3ed0009820 tx=0x7f3ed002a270 comp rx=0 tx=0).stop
2024-09-15T23:11:57.764 INFO:teuthology.orchestra.run.smithi031.stdout:/usr/bin/ceph: stderr
2024-09-15T23:11:56.961+0000 7f3edb7a6640 1 -- 172.21.15.31:0/1899714691 shutdown_connections
2024-09-15T23:11:57.768 INFO:teuthology.orchestra.run.smithi031.stdout:/usr/bin/ceph: stderr
2024-09-15T23:11:56.961+0000 7f3edb7a6640 1 --2- 172.21.15.31:0/1899714691 >> [v2:172.21.15.31:3300/0,v1:172.21.15.31:6789/0] conn(0x7f3ed4108050 0x7f3ed410a440 unknown :-1 s=CLOSED pgs=68 cs=0 l=1 rev1=1 crypto rx=0 tx=0 comp rx=0 tx=0).stop
2024-09-15T23:11:57.768 INFO:teuthology.orchestra.run.smithi031.stdout:/usr/bin/ceph: stderr
2024-09-15T23:11:56.961+0000 7f3edb7a6640 1 -- 172.21.15.31:0/1899714691 >> 172.21.15.31:0/1899714691 conn(0x7f3ed4101c30 msgr2=0x7f3ed41040b0 unknown :-1 s=STATE_NONE l=0).mark_down
2024-09-15T23:11:57.768 INFO:teuthology.orchestra.run.smithi031.stdout:/usr/bin/ceph: stderr
2024-09-15T23:11:56.961+0000 7f3edb7a6640 1 -- 172.21.15.31:0/1899714691 shutdown_connections
2024-09-15T23:11:57.768 INFO:teuthology.orchestra.run.smithi031.stdout:/usr/bin/ceph: stderr
2024-09-15T23:11:56.961+0000 7f3edb7a6640 1 -- 172.21.15.31:0/1899714691 wait complete.
2024-09-15T23:11:57.768 INFO:teuthology.orchestra.run.smithi031.stdout:/usr/bin/ceph: stderr
2024-09-15T23:11:56.961+0000 7f3edb7a6640 1 Processor -- start
2024-09-15T23:11:57.768 INFO:teuthology.orchestra.run.smithi031.stdout:/usr/bin/ceph: stderr
2024-09-15T23:11:56.961+0000 7f3edb7a6640 1 -- start start
2024-09-15T23:11:57.768 INFO:teuthology.orchestra.run.smithi031.stdout:/usr/bin/ceph: stderr
2024-09-15T23:11:56.962+0000 7f3edb7a6640 1 --2- >> [v2:172.21.15.31:3300/0,v1:172.21.15.31:6789/0] conn(0x7f3ed4108050 0x7f3ed419b5b0 unknown :-1 s=NONE pgs=0 cs=0 l=1 rev1=0 crypto rx=0 tx=0 comp rx=0 tx=0).connect
2024-09-15T23:11:57.768 INFO:teuthology.orchestra.run.smithi031.stdout:/usr/bin/ceph: stderr
2024-09-15T23:11:56.962+0000 7f3edb7a6640 1 -- --> [v2:172.21.15.31:3300/0,v1:172.21.15.31:6789/0] -- mon_getmap magic: 0 -- 0x7f3ed410ba00 con 0x7f3ed4108050
2024-09-15T23:11:57.768 INFO:teuthology.orchestra.run.smithi031.stdout:/usr/bin/ceph: stderr
2024-09-15T23:11:56.962+0000 7f3ed9542640 1 --2- >> [v2:172.21.15.31:3300/0,v1:172.21.15.31:6789/0] conn(0x7f3ed4108050 0x7f3ed419b5b0 unknown :-1 s=BANNER_CONNECTING pgs=0 cs=0 l=1 rev1=0 crypto rx=0 tx=0 comp rx=0 tx=0)._handle_peer_banner_payload supported=3 required=0
2024-09-15T23:11:57.768 INFO:teuthology.orchestra.run.smithi031.stdout:/usr/bin/ceph: stderr
2024-09-15T23:11:56.962+0000 7f3ed9542640 1 --2- >> [v2:172.21.15.31:3300/0,v1:172.21.15.31:6789/0] conn(0x7f3ed4108050 0x7f3ed419b5b0 unknown :-1 s=HELLO_CONNECTING pgs=0 cs=0 l=1 rev1=1 crypto rx=0 tx=0 comp rx=0 tx=0).handle_hello peer v2:172.21.15.31:3300/0 says I am v2:172.21.15.31:35272/0 (socket says 172.21.15.31:35272)
2024-09-15T23:11:57.769 INFO:teuthology.orchestra.run.smithi031.stdout:/usr/bin/ceph: stderr
2024-09-15T23:11:56.962+0000 7f3ed9542640 1 -- 172.21.15.31:0/4090692266 learned_addr learned my addr 172.21.15.31:0/4090692266 (peer_addr_for_me v2:172.21.15.31:0/0)
2024-09-15T23:11:57.769 INFO:teuthology.orchestra.run.smithi031.stdout:/usr/bin/ceph: stderr
2024-09-15T23:11:56.962+0000 7f3ed9542640 1 -- 172.21.15.31:0/4090692266 --> [v2:172.21.15.31:3300/0,v1:172.21.15.31:6789/0] -- mon_subscribe({config=0+,monmap=0+}) -- 0x7f3ed419baf0 con 0x7f3ed4108050
2024-09-15T23:11:57.769 INFO:teuthology.orchestra.run.smithi031.stdout:/usr/bin/ceph: stderr
2024-09-15T23:11:56.962+0000 7f3ed9542640 1 --2- 172.21.15.31:0/4090692266 >> [v2:172.21.15.31:3300/0,v1:172.21.15.31:6789/0] conn(0x7f3ed4108050 0x7f3ed419b5b0 secure :-1 s=READY pgs=69 cs=0 l=1 rev1=1 crypto rx=0x7f3ed00097f0 tx=0x7f3ed00327b0 comp rx=0 tx=0).ready entity=mon.0 client_cookie=0 server_cookie=0 in_seq=0 out_seq=0
2024-09-15T23:11:57.769 INFO:teuthology.orchestra.run.smithi031.stdout:/usr/bin/ceph: stderr
2024-09-15T23:11:56.962+0000 7f3eca7fc640 1 -- 172.21.15.31:0/4090692266 <== mon.0 v2:172.21.15.31:3300/0 1 ==== mon_map magic: 0 ==== 205+0+0 (secure 0 0 0) 0x7f3ed0037040 con 0x7f3ed4108050
2024-09-15T23:11:57.769 INFO:teuthology.orchestra.run.smithi031.stdout:/usr/bin/ceph: stderr
2024-09-15T23:11:56.962+0000 7f3eca7fc640 1 -- 172.21.15.31:0/4090692266 <== mon.0 v2:172.21.15.31:3300/0 2 ==== config(27 keys) ==== 1140+0+0 (secure 0 0 0) 0x7f3ed0030cc0 con 0x7f3ed4108050
2024-09-15T23:11:57.769 INFO:teuthology.orchestra.run.smithi031.stdout:/usr/bin/ceph: stderr
2024-09-15T23:11:56.962+0000 7f3edb7a6640 1 -- 172.21.15.31:0/4090692266 --> [v2:172.21.15.31:3300/0,v1:172.21.15.31:6789/0] -- mon_subscribe({mgrmap=0+}) -- 0x7f3ed419bd80 con 0x7f3ed4108050
2024-09-15T23:11:57.769 INFO:teuthology.orchestra.run.smithi031.stdout:/usr/bin/ceph: stderr
2024-09-15T23:11:56.962+0000 7f3eca7fc640 1 -- 172.21.15.31:0/4090692266 <== mon.0 v2:172.21.15.31:3300/0 3 ==== mon_map magic: 0 ==== 205+0+0 (secure 0 0 0) 0x7f3ed003a6b0 con 0x7f3ed4108050
2024-09-15T23:11:57.769 INFO:teuthology.orchestra.run.smithi031.stdout:/usr/bin/ceph: stderr
2024-09-15T23:11:56.962+0000 7f3edb7a6640 1 -- 172.21.15.31:0/4090692266 --> [v2:172.21.15.31:3300/0,v1:172.21.15.31:6789/0] -- mon_subscribe({osdmap=0}) -- 0x7f3ed419ea70 con 0x7f3ed4108050
2024-09-15T23:11:57.769 INFO:teuthology.orchestra.run.smithi031.stdout:/usr/bin/ceph: stderr
2024-09-15T23:11:56.963+0000 7f3eca7fc640 1 -- 172.21.15.31:0/4090692266 <== mon.0 v2:172.21.15.31:3300/0 4 ==== mgrmap(e 12) ==== 46474+0+0 (secure 0 0 0) 0x7f3ed003baf0 con 0x7f3ed4108050
2024-09-15T23:11:57.769 INFO:teuthology.orchestra.run.smithi031.stdout:/usr/bin/ceph: stderr
2024-09-15T23:11:56.963+0000 7f3edb7a6640 1 -- 172.21.15.31:0/4090692266 --> [v2:172.21.15.31:3300/0,v1:172.21.15.31:6789/0] -- mon_command({"prefix": "get_command_descriptions"} v 0) -- 0x7f3ed41084b0 con 0x7f3ed4108050
2024-09-15T23:11:57.769 INFO:teuthology.orchestra.run.smithi031.stdout:/usr/bin/ceph: stderr
2024-09-15T23:11:56.963+0000 7f3eca7fc640 1 --2- 172.21.15.31:0/4090692266 >> [v2:172.21.15.31:6800/1177321687,v1:172.21.15.31:6801/1177321687] conn(0x7f3ec0039260 0x7f3ec003b720 unknown :-1 s=NONE pgs=0 cs=0 l=1 rev1=0 crypto rx=0 tx=0 comp rx=0 tx=0).connect
2024-09-15T23:11:57.770 INFO:teuthology.orchestra.run.smithi031.stdout:/usr/bin/ceph: stderr
2024-09-15T23:11:56.963+0000 7f3eca7fc640 1 -- 172.21.15.31:0/4090692266 <== mon.0 v2:172.21.15.31:3300/0 5 ==== osd_map(3..3 src has 1..3) ==== 1155+0+0 (secure 0 0 0) 0x7f3ed006c8e0 con 0x7f3ed4108050
2024-09-15T23:11:57.770 INFO:teuthology.orchestra.run.smithi031.stdout:/usr/bin/ceph: stderr
2024-09-15T23:11:56.964+0000 7f3ed8d41640 1 --2- 172.21.15.31:0/4090692266 >> [v2:172.21.15.31:6800/1177321687,v1:172.21.15.31:6801/1177321687] conn(0x7f3ec0039260 0x7f3ec003b720 unknown :-1 s=BANNER_CONNECTING pgs=0 cs=0 l=1 rev1=0 crypto rx=0 tx=0 comp rx=0 tx=0)._handle_peer_banner_payload supported=3 required=0
2024-09-15T23:11:57.770 INFO:teuthology.orchestra.run.smithi031.stdout:/usr/bin/ceph: stderr
2024-09-15T23:11:56.964+0000 7f3ed8d41640 1 --2- 172.21.15.31:0/4090692266 >> [v2:172.21.15.31:6800/1177321687,v1:172.21.15.31:6801/1177321687] conn(0x7f3ec0039260 0x7f3ec003b720 secure :-1 s=READY pgs=7 cs=0 l=1 rev1=1 crypto rx=0x7f3ec40098c0 tx=0x7f3ec4006db0 comp rx=0 tx=0).ready entity=mgr.14150 client_cookie=0 server_cookie=0 in_seq=0 out_seq=0
2024-09-15T23:11:57.770 INFO:teuthology.orchestra.run.smithi031.stdout:/usr/bin/ceph: stderr
2024-09-15T23:11:56.968+0000 7f3eca7fc640 1 -- 172.21.15.31:0/4090692266 <== mon.0 v2:172.21.15.31:3300/0 6 ==== mon_command_ack([{"prefix": "get_command_descriptions"}]=0 v0) ==== 72+0+188821 (secure 0 0 0) 0x7f3ed0042dc0 con 0x7f3ed4108050
2024-09-15T23:11:57.770 INFO:teuthology.orchestra.run.smithi031.stdout:/usr/bin/ceph: stderr
2024-09-15T23:11:57.150+0000 7f3edb7a6640 1 -- 172.21.15.31:0/4090692266 --> [v2:172.21.15.31:6800/1177321687,v1:172.21.15.31:6801/1177321687] -- mgr_command(tid 0: {"prefix": "dashboard create-self-signed-cert", "target": ["mon-mgr", ""]}) -- 0x7f3ed4102ee0 con 0x7f3ec0039260
2024-09-15T23:11:57.770 INFO:teuthology.orchestra.run.smithi031.stdout:/usr/bin/ceph: stderr
2024-09-15T23:11:57.208+0000 7f3eca7fc640 1 -- 172.21.15.31:0/4090692266 <== mgr.14150 v2:172.21.15.31:6800/1177321687 1 ==== mgr_command_reply(tid 0: 0 ) ==== 8+0+32 (secure 0 0 0) 0x7f3ed4102ee0 con 0x7f3ec0039260
2024-09-15T23:11:57.770 INFO:teuthology.orchestra.run.smithi031.stdout:/usr/bin/ceph: stderr
2024-09-15T23:11:57.210+0000 7f3edb7a6640 1 -- 172.21.15.31:0/4090692266 >> [v2:172.21.15.31:6800/1177321687,v1:172.21.15.31:6801/1177321687] conn(0x7f3ec0039260 msgr2=0x7f3ec003b720 secure :-1 s=STATE_CONNECTION_ESTABLISHED l=1).mark_down
2024-09-15T23:11:57.770 INFO:teuthology.orchestra.run.smithi031.stdout:/usr/bin/ceph: stderr
2024-09-15T23:11:57.210+0000 7f3edb7a6640 1 --2- 172.21.15.31:0/4090692266 >> [v2:172.21.15.31:6800/1177321687,v1:172.21.15.31:6801/1177321687] conn(0x7f3ec0039260 0x7f3ec003b720 secure :-1 s=READY pgs=7 cs=0 l=1 rev1=1 crypto rx=0x7f3ec40098c0 tx=0x7f3ec4006db0 comp rx=0 tx=0).stop
2024-09-15T23:11:57.770 INFO:teuthology.orchestra.run.smithi031.stdout:/usr/bin/ceph: stderr
2024-09-15T23:11:57.210+0000 7f3edb7a6640 1 -- 172.21.15.31:0/4090692266 >> [v2:172.21.15.31:3300/0,v1:172.21.15.31:6789/0] conn(0x7f3ed4108050 msgr2=0x7f3ed419b5b0 secure :-1 s=STATE_CONNECTION_ESTABLISHED l=1).mark_down
2024-09-15T23:11:57.770 INFO:teuthology.orchestra.run.smithi031.stdout:/usr/bin/ceph: stderr
2024-09-15T23:11:57.210+0000 7f3edb7a6640 1 --2- 172.21.15.31:0/4090692266 >> [v2:172.21.15.31:3300/0,v1:172.21.15.31:6789/0] conn(0x7f3ed4108050 0x7f3ed419b5b0 secure :-1 s=READY pgs=69 cs=0 l=1 rev1=1 crypto rx=0x7f3ed00097f0 tx=0x7f3ed00327b0 comp rx=0 tx=0).stop
2024-09-15T23:11:57.770 INFO:teuthology.orchestra.run.smithi031.stdout:/usr/bin/ceph: stderr
2024-09-15T23:11:57.210+0000 7f3edb7a6640 1 -- 172.21.15.31:0/4090692266 shutdown_connections
