2024-09-15T23:11:32.078 INFO:teuthology.orchestra.run.smithi031.stdout:/usr/bin/ceph: stderr
2024-09-15T23:11:30.466+0000 7f5a27fff640 1 --2- 172.21.15.31:0/3720247314 >> [v2:172.21.15.31:6800/1172757449,v1:172.21.15.31:6801/1172757449] conn(0x7f5a28039200 0x7f5a2803b6c0 unknown :-1 s=START_CONNECT pgs=0 cs=0 l=1 rev1=0 crypto rx=0 tx=0 comp rx=0 tx=0).stop
2024-09-15T23:11:32.078 INFO:teuthology.orchestra.run.smithi031.stdout:/usr/bin/ceph: stderr
2024-09-15T23:11:31.466+0000 7f5a27fff640 1 -- 172.21.15.31:0/3720247314 <== mon.0 v2:172.21.15.31:3300/0 7 ==== mgrmap(e 7) ==== 46355+0+0 (secure 0 0 0) 0x7f5a3003c720 con 0x7f5a40108090
2024-09-15T23:11:32.079 INFO:teuthology.orchestra.run.smithi031.stdout:/usr/bin/ceph: stderr
2024-09-15T23:11:31.467+0000 7f5a27fff640 1 --2- 172.21.15.31:0/3720247314 >> [v2:172.21.15.31:6800/3144158002,v1:172.21.15.31:6801/3144158002] conn(0x7f5a2803c940 0x7f5a2803ed30 unknown :-1 s=NONE pgs=0 cs=0 l=1 rev1=0 crypto rx=0 tx=0 comp rx=0 tx=0).connect
2024-09-15T23:11:32.079 INFO:teuthology.orchestra.run.smithi031.stdout:/usr/bin/ceph: stderr
2024-09-15T23:11:31.467+0000 7f5a27fff640 1 -- 172.21.15.31:0/3720247314 --> [v2:172.21.15.31:6800/3144158002,v1:172.21.15.31:6801/3144158002] -- command(tid 0: {"prefix": "get_command_descriptions"}) -- 0x7f5a3003d940 con 0x7f5a2803c940
2024-09-15T23:11:32.079 INFO:teuthology.orchestra.run.smithi031.stdout:/usr/bin/ceph: stderr
2024-09-15T23:11:31.467+0000 7f5a3e7fc640 1 --2- 172.21.15.31:0/3720247314 >> [v2:172.21.15.31:6800/3144158002,v1:172.21.15.31:6801/3144158002] conn(0x7f5a2803c940 0x7f5a2803ed30 unknown :-1 s=BANNER_CONNECTING pgs=0 cs=0 l=1 rev1=0 crypto rx=0 tx=0 comp rx=0 tx=0)._handle_peer_banner_payload supported=3 required=0
2024-09-15T23:11:32.079 INFO:teuthology.orchestra.run.smithi031.stdout:/usr/bin/ceph: stderr
2024-09-15T23:11:31.468+0000 7f5a3e7fc640 1 --2- 172.21.15.31:0/3720247314 >> [v2:172.21.15.31:6800/3144158002,v1:172.21.15.31:6801/3144158002] conn(0x7f5a2803c940 0x7f5a2803ed30 secure :-1 s=READY pgs=1 cs=0 l=1 rev1=1 crypto rx=0x7f5a34003980 tx=0x7f5a340092b0 comp rx=0 tx=0).ready entity=mgr.14118 client_cookie=0 server_cookie=0 in_seq=0 out_seq=0
2024-09-15T23:11:32.079 INFO:teuthology.orchestra.run.smithi031.stdout:/usr/bin/ceph: stderr
2024-09-15T23:11:31.468+0000 7f5a27fff640 1 -- 172.21.15.31:0/3720247314 <== mgr.14118 v2:172.21.15.31:6800/3144158002 1 ==== command_reply(tid 0: 0 ) ==== 8+0+9564 (secure 0 0 0) 0x7f5a3003d940 con 0x7f5a2803c940
2024-09-15T23:11:32.079 INFO:teuthology.orchestra.run.smithi031.stdout:/usr/bin/ceph: stderr
2024-09-15T23:11:31.475+0000 7f5a45794640 1 -- 172.21.15.31:0/3720247314 --> [v2:172.21.15.31:6800/3144158002,v1:172.21.15.31:6801/3144158002] -- command(tid 1: {"prefix": "mgr_status"}) -- 0x7f5a40102fe0 con 0x7f5a2803c940
2024-09-15T23:11:32.079 INFO:teuthology.orchestra.run.smithi031.stdout:/usr/bin/ceph: stderr
2024-09-15T23:11:31.476+0000 7f5a27fff640 1 -- 172.21.15.31:0/3720247314 <== mgr.14118 v2:172.21.15.31:6800/3144158002 2 ==== command_reply(tid 1: 0 ) ==== 8+0+51 (secure 0 0 0) 0x7f5a40102fe0 con 0x7f5a2803c940
2024-09-15T23:11:32.079 INFO:teuthology.orchestra.run.smithi031.stdout:/usr/bin/ceph: stderr
2024-09-15T23:11:31.476+0000 7f5a45794640 1 -- 172.21.15.31:0/3720247314 >> [v2:172.21.15.31:6800/3144158002,v1:172.21.15.31:6801/3144158002] conn(0x7f5a2803c940 msgr2=0x7f5a2803ed30 secure :-1 s=STATE_CONNECTION_ESTABLISHED l=1).mark_down
2024-09-15T23:11:32.079 INFO:teuthology.orchestra.run.smithi031.stdout:/usr/bin/ceph: stderr
2024-09-15T23:11:31.476+0000 7f5a45794640 1 --2- 172.21.15.31:0/3720247314 >> [v2:172.21.15.31:6800/3144158002,v1:172.21.15.31:6801/3144158002] conn(0x7f5a2803c940 0x7f5a2803ed30 secure :-1 s=READY pgs=1 cs=0 l=1 rev1=1 crypto rx=0x7f5a34003980 tx=0x7f5a340092b0 comp rx=0 tx=0).stop
2024-09-15T23:11:32.079 INFO:teuthology.orchestra.run.smithi031.stdout:/usr/bin/ceph: stderr
2024-09-15T23:11:31.476+0000 7f5a45794640 1 -- 172.21.15.31:0/3720247314 >> [v2:172.21.15.31:3300/0,v1:172.21.15.31:6789/0] conn(0x7f5a40108090 msgr2=0x7f5a4019b660 secure :-1 s=STATE_CONNECTION_ESTABLISHED l=1).mark_down
2024-09-15T23:11:32.079 INFO:teuthology.orchestra.run.smithi031.stdout:/usr/bin/ceph: stderr
2024-09-15T23:11:31.476+0000 7f5a45794640 1 --2- 172.21.15.31:0/3720247314 >> [v2:172.21.15.31:3300/0,v1:172.21.15.31:6789/0] conn(0x7f5a40108090 0x7f5a4019b660 secure :-1 s=READY pgs=27 cs=0 l=1 rev1=1 crypto rx=0x7f5a300097f0 tx=0x7f5a30030ec0 comp rx=0 tx=0).stop
2024-09-15T23:11:32.079 INFO:teuthology.orchestra.run.smithi031.stdout:/usr/bin/ceph: stderr
2024-09-15T23:11:31.476+0000 7f5a45794640 1 -- 172.21.15.31:0/3720247314 shutdown_connections
2024-09-15T23:11:32.079 INFO:teuthology.orchestra.run.smithi031.stdout:/usr/bin/ceph: stderr
2024-09-15T23:11:31.476+0000 7f5a45794640 1 --2- 172.21.15.31:0/3720247314 >> [v2:172.21.15.31:6800/3144158002,v1:172.21.15.31:6801/3144158002] conn(0x7f5a2803c940 0x7f5a2803ed30 unknown :-1 s=CLOSED pgs=1 cs=0 l=1 rev1=1 crypto rx=0 tx=0 comp rx=0 tx=0).stop
2024-09-15T23:11:32.080 INFO:teuthology.orchestra.run.smithi031.stdout:/usr/bin/ceph: stderr
2024-09-15T23:11:31.476+0000 7f5a45794640 1 --2- 172.21.15.31:0/3720247314 >> [v2:172.21.15.31:6800/1172757449,v1:172.21.15.31:6801/1172757449] conn(0x7f5a28039200 0x7f5a2803b6c0 unknown :-1 s=CLOSED pgs=0 cs=0 l=1 rev1=0 crypto rx=0 tx=0 comp rx=0 tx=0).stop
2024-09-15T23:11:32.080 INFO:teuthology.orchestra.run.smithi031.stdout:/usr/bin/ceph: stderr
2024-09-15T23:11:31.476+0000 7f5a45794640 1 --2- 172.21.15.31:0/3720247314 >> [v2:172.21.15.31:3300/0,v1:172.21.15.31:6789/0] conn(0x7f5a40108090 0x7f5a4019b660 unknown :-1 s=CLOSED pgs=27 cs=0 l=1 rev1=1 crypto rx=0 tx=0 comp rx=0 tx=0).stop
2024-09-15T23:11:32.080 INFO:teuthology.orchestra.run.smithi031.stdout:/usr/bin/ceph: stderr
2024-09-15T23:11:31.476+0000 7f5a45794640 1 -- 172.21.15.31:0/3720247314 >> 172.21.15.31:0/3720247314 conn(0x7f5a40101cd0 msgr2=0x7f5a401028d0 unknown :-1 s=STATE_NONE l=0).mark_down
2024-09-15T23:11:32.080 INFO:teuthology.orchestra.run.smithi031.stdout:/usr/bin/ceph: stderr
2024-09-15T23:11:31.476+0000 7f5a45794640 1 -- 172.21.15.31:0/3720247314 shutdown_connections
2024-09-15T23:11:32.080 INFO:teuthology.orchestra.run.smithi031.stdout:/usr/bin/ceph: stderr
2024-09-15T23:11:31.476+0000 7f5a45794640 1 -- 172.21.15.31:0/3720247314 wait complete.
2024-09-15T23:11:32.080 INFO:teuthology.orchestra.run.smithi031.stdout:mgr epoch 5 is available
2024-09-15T23:11:32.080 INFO:teuthology.orchestra.run.smithi031.stdout:Setting orchestrator backend to cephadm...
2024-09-15T23:11:32.358 INFO:journalctl@ceph.mon.a.smithi031.stdout:Sep 15 23:11:32 smithi031 ceph-mon[31627]: Found migration_current of "None". Setting to last migration.
2024-09-15T23:11:32.358 INFO:journalctl@ceph.mon.a.smithi031.stdout:Sep 15 23:11:32 smithi031 ceph-mon[31627]: from='mgr.14118 172.21.15.31:0/646543695' entity='mgr.x'
2024-09-15T23:11:32.359 INFO:journalctl@ceph.mon.a.smithi031.stdout:Sep 15 23:11:32 smithi031 ceph-mon[31627]: from='mgr.14118 172.21.15.31:0/646543695' entity='mgr.x'
2024-09-15T23:11:32.359 INFO:journalctl@ceph.mon.a.smithi031.stdout:Sep 15 23:11:32 smithi031 ceph-mon[31627]: mgrmap e7: x(active, since 1.00505s)
2024-09-15T23:11:33.195 INFO:journalctl@ceph.mon.a.smithi031.stdout:Sep 15 23:11:33 smithi031 ceph-mon[31627]: from='client.14122 -' entity='client.admin' cmd=[{"prefix": "get_command_descriptions"}]: dispatch
2024-09-15T23:11:33.196 INFO:journalctl@ceph.mon.a.smithi031.stdout:Sep 15 23:11:33 smithi031 ceph-mon[31627]: from='client.14122 -' entity='client.admin' cmd=[{"prefix": "mgr_status"}]: dispatch
2024-09-15T23:11:33.196 INFO:journalctl@ceph.mon.a.smithi031.stdout:Sep 15 23:11:33 smithi031 ceph-mon[31627]: from='mgr.14118 172.21.15.31:0/646543695' entity='mgr.x'
2024-09-15T23:11:33.196 INFO:journalctl@ceph.mon.a.smithi031.stdout:Sep 15 23:11:33 smithi031 ceph-mon[31627]: from='mgr.14118 172.21.15.31:0/646543695' entity='mgr.x' cmd=[{"prefix": "config dump", "format": "json"}]: dispatch
2024-09-15T23:11:33.196 INFO:journalctl@ceph.mgr.x.smithi031.stdout:Sep 15 23:11:33 smithi031 ceph-9cda9d7e-73b7-11ef-bceb-c7b262605968-mgr-x[31850]:
2024-09-15T23:11:33.159+0000 7faa3c4e7640 -1 log_channel(cephadm) log [ERR] : [15/Sep/2024:23:11:33] ENGINE Error in HTTPServer.serve
2024-09-15T23:11:33.196 INFO:journalctl@ceph.mgr.x.smithi031.stdout:Sep 15 23:11:33 smithi031 ceph-9cda9d7e-73b7-11ef-bceb-c7b262605968-mgr-x[31850]: Traceback (most recent call last):
2024-09-15T23:11:33.196 INFO:journalctl@ceph.mgr.x.smithi031.stdout:Sep 15 23:11:33 smithi031 ceph-9cda9d7e-73b7-11ef-bceb-c7b262605968-mgr-x[31850]: File "/lib/python3.9/site-packages/cheroot/server.py", line 1823, in serve
2024-09-15T23:11:33.197 INFO:journalctl@ceph.mgr.x.smithi031.stdout:Sep 15 23:11:33 smithi031 ceph-9cda9d7e-73b7-11ef-bceb-c7b262605968-mgr-x[31850]: self._connections.run(self.expiration_interval)
2024-09-15T23:11:33.197 INFO:journalctl@ceph.mgr.x.smithi031.stdout:Sep 15 23:11:33 smithi031 ceph-9cda9d7e-73b7-11ef-bceb-c7b262605968-mgr-x[31850]: File "/lib/python3.9/site-packages/cheroot/connections.py", line 203, in run
2024-09-15T23:11:33.197 INFO:journalctl@ceph.mgr.x.smithi031.stdout:Sep 15 23:11:33 smithi031 ceph-9cda9d7e-73b7-11ef-bceb-c7b262605968-mgr-x[31850]: self._run(expiration_interval)
2024-09-15T23:11:33.197 INFO:journalctl@ceph.mgr.x.smithi031.stdout:Sep 15 23:11:33 smithi031 ceph-9cda9d7e-73b7-11ef-bceb-c7b262605968-mgr-x[31850]: File "/lib/python3.9/site-packages/cheroot/connections.py", line 246, in _run
2024-09-15T23:11:33.197 INFO:journalctl@ceph.mgr.x.smithi031.stdout:Sep 15 23:11:33 smithi031 ceph-9cda9d7e-73b7-11ef-bceb-c7b262605968-mgr-x[31850]: new_conn = self._from_server_socket(self.server.socket)
2024-09-15T23:11:33.197 INFO:journalctl@ceph.mgr.x.smithi031.stdout:Sep 15 23:11:33 smithi031 ceph-9cda9d7e-73b7-11ef-bceb-c7b262605968-mgr-x[31850]: File "/lib/python3.9/site-packages/cheroot/connections.py", line 300, in _from_server_socket
2024-09-15T23:11:33.197 INFO:journalctl@ceph.mgr.x.smithi031.stdout:Sep 15 23:11:33 smithi031 ceph-9cda9d7e-73b7-11ef-bceb-c7b262605968-mgr-x[31850]: s, ssl_env = self.server.ssl_adapter.wrap(s)
2024-09-15T23:11:33.197 INFO:journalctl@ceph.mgr.x.smithi031.stdout:Sep 15 23:11:33 smithi031 ceph-9cda9d7e-73b7-11ef-bceb-c7b262605968-mgr-x[31850]: File "/lib/python3.9/site-packages/cheroot/ssl/builtin.py", line 277, in wrap
2024-09-15T23:11:33.197 INFO:journalctl@ceph.mgr.x.smithi031.stdout:Sep 15 23:11:33 smithi031 ceph-9cda9d7e-73b7-11ef-bceb-c7b262605968-mgr-x[31850]: s = self.context.wrap_socket(
2024-09-15T23:11:33.197 INFO:journalctl@ceph.mgr.x.smithi031.stdout:Sep 15 23:11:33 smithi031 ceph-9cda9d7e-73b7-11ef-bceb-c7b262605968-mgr-x[31850]: File "/lib64/python3.9/ssl.py", line 501, in wrap_socket
2024-09-15T23:11:33.197 INFO:journalctl@ceph.mgr.x.smithi031.stdout:Sep 15 23:11:33 smithi031 ceph-9cda9d7e-73b7-11ef-bceb-c7b262605968-mgr-x[31850]: return self.sslsocket_class._create(
2024-09-15T23:11:33.197 INFO:journalctl@ceph.mgr.x.smithi031.stdout:Sep 15 23:11:33 smithi031 ceph-9cda9d7e-73b7-11ef-bceb-c7b262605968-mgr-x[31850]: File "/lib64/python3.9/ssl.py", line 1074, in _create
2024-09-15T23:11:33.197 INFO:journalctl@ceph.mgr.x.smithi031.stdout:Sep 15 23:11:33 smithi031 ceph-9cda9d7e-73b7-11ef-bceb-c7b262605968-mgr-x[31850]: self.do_handshake()
2024-09-15T23:11:33.197 INFO:journalctl@ceph.mgr.x.smithi031.stdout:Sep 15 23:11:33 smithi031 ceph-9cda9d7e-73b7-11ef-bceb-c7b262605968-mgr-x[31850]: File "/lib64/python3.9/ssl.py", line 1343, in do_handshake
2024-09-15T23:11:33.197 INFO:journalctl@ceph.mgr.x.smithi031.stdout:Sep 15 23:11:33 smithi031 ceph-9cda9d7e-73b7-11ef-bceb-c7b262605968-mgr-x[31850]: self._sslobj.do_handshake()
2024-09-15T23:11:33.198 INFO:journalctl@ceph.mgr.x.smithi031.stdout:Sep 15 23:11:33 smithi031 ceph-9cda9d7e-73b7-11ef-bceb-c7b262605968-mgr-x[31850]: ssl.SSLZeroReturnError: TLS/SSL connection has been closed (EOF) (_ssl.c:1133)
2024-09-15T23:11:33.198 INFO:journalctl@ceph.mgr.x.smithi031.stdout:Sep 15 23:11:33 smithi031 ceph-9cda9d7e-73b7-11ef-bceb-c7b262605968-mgr-x[31850]:
2024-09-15T23:11:33.203 INFO:teuthology.orchestra.run.smithi031.stdout:/usr/bin/ceph: stderr
2024-09-15T23:11:32.438+0000 7f239d4cb640 1 Processor -- start
2024-09-15T23:11:33.203 INFO:teuthology.orchestra.run.smithi031.stdout:/usr/bin/ceph: stderr
2024-09-15T23:11:32.438+0000 7f239d4cb640 1 -- start start
2024-09-15T23:11:33.203 INFO:teuthology.orchestra.run.smithi031.stdout:/usr/bin/ceph: stderr
2024-09-15T23:11:32.438+0000 7f239d4cb640 1 --2- >> [v2:172.21.15.31:3300/0,v1:172.21.15.31:6789/0] conn(0x7f239807e720 0x7f239807cb80 unknown :-1 s=NONE pgs=0 cs=0 l=0 rev1=0 crypto rx=0 tx=0 comp rx=0 tx=0).connect
2024-09-15T23:11:33.203 INFO:teuthology.orchestra.run.smithi031.stdout:/usr/bin/ceph: stderr
2024-09-15T23:11:32.438+0000 7f239d4cb640 1 -- --> [v2:172.21.15.31:3300/0,v1:172.21.15.31:6789/0] -- mon_getmap magic: 0 -- 0x7f239807d150 con 0x7f239807e720
2024-09-15T23:11:33.203 INFO:teuthology.orchestra.run.smithi031.stdout:/usr/bin/ceph: stderr
2024-09-15T23:11:32.438+0000 7f2396ffd640 1 --2- >> [v2:172.21.15.31:3300/0,v1:172.21.15.31:6789/0] conn(0x7f239807e720 0x7f239807cb80 unknown :-1 s=BANNER_CONNECTING pgs=0 cs=0 l=0 rev1=0 crypto rx=0 tx=0 comp rx=0 tx=0)._handle_peer_banner_payload supported=3 required=0
2024-09-15T23:11:33.203 INFO:teuthology.orchestra.run.smithi031.stdout:/usr/bin/ceph: stderr
2024-09-15T23:11:32.438+0000 7f2396ffd640 1 --2- >> [v2:172.21.15.31:3300/0,v1:172.21.15.31:6789/0] conn(0x7f239807e720 0x7f239807cb80 unknown :-1 s=HELLO_CONNECTING pgs=0 cs=0 l=0 rev1=1 crypto rx=0 tx=0 comp rx=0 tx=0).handle_hello peer v2:172.21.15.31:3300/0 says I am v2:172.21.15.31:37402/0 (socket says 172.21.15.31:37402)
2024-09-15T23:11:33.203 INFO:teuthology.orchestra.run.smithi031.stdout:/usr/bin/ceph: stderr
2024-09-15T23:11:32.438+0000 7f2396ffd640 1 -- 172.21.15.31:0/3570833594 learned_addr learned my addr 172.21.15.31:0/3570833594 (peer_addr_for_me v2:172.21.15.31:0/0)
2024-09-15T23:11:33.203 INFO:teuthology.orchestra.run.smithi031.stdout:/usr/bin/ceph: stderr
2024-09-15T23:11:32.439+0000 7f2396ffd640 1 -- 172.21.15.31:0/3570833594 --> [v2:172.21.15.31:3300/0,v1:172.21.15.31:6789/0] -- mon_subscribe({config=0+,monmap=0+}) -- 0x7f239807d2d0 con 0x7f239807e720
2024-09-15T23:11:33.203 INFO:teuthology.orchestra.run.smithi031.stdout:/usr/bin/ceph: stderr
2024-09-15T23:11:32.439+0000 7f2396ffd640 1 --2- 172.21.15.31:0/3570833594 >> [v2:172.21.15.31:3300/0,v1:172.21.15.31:6789/0] conn(0x7f239807e720 0x7f239807cb80 secure :-1 s=READY pgs=35 cs=0 l=1 rev1=1 crypto rx=0x7f2388009820 tx=0x7f238802a270 comp rx=0 tx=0).ready entity=mon.0 client_cookie=48c13e36eab37220 server_cookie=0 in_seq=0 out_seq=0
2024-09-15T23:11:33.203 INFO:teuthology.orchestra.run.smithi031.stdout:/usr/bin/ceph: stderr
2024-09-15T23:11:32.440+0000 7f23967fc640 1 -- 172.21.15.31:0/3570833594 <== mon.0 v2:172.21.15.31:3300/0 1 ==== mon_map magic: 0 ==== 205+0+0 (secure 0 0 0) 0x7f2388037070 con 0x7f239807e720
2024-09-15T23:11:33.203 INFO:teuthology.orchestra.run.smithi031.stdout:/usr/bin/ceph: stderr
2024-09-15T23:11:32.440+0000 7f23967fc640 1 -- 172.21.15.31:0/3570833594 <== mon.0 v2:172.21.15.31:3300/0 2 ==== config(27 keys) ==== 1109+0+0 (secure 0 0 0) 0x7f2388032900 con 0x7f239807e720
2024-09-15T23:11:33.203 INFO:teuthology.orchestra.run.smithi031.stdout:/usr/bin/ceph: stderr
2024-09-15T23:11:32.440+0000 7f23967fc640 1 -- 172.21.15.31:0/3570833594 <== mon.0 v2:172.21.15.31:3300/0 3 ==== mon_map magic: 0 ==== 205+0+0 (secure 0 0 0) 0x7f2388030850 con 0x7f239807e720
2024-09-15T23:11:33.203 INFO:teuthology.orchestra.run.smithi031.stdout:/usr/bin/ceph: stderr
2024-09-15T23:11:32.440+0000 7f239d4cb640 1 -- 172.21.15.31:0/3570833594 >> [v2:172.21.15.31:3300/0,v1:172.21.15.31:6789/0] conn(0x7f239807e720 msgr2=0x7f239807cb80 secure :-1 s=STATE_CONNECTION_ESTABLISHED l=1).mark_down
2024-09-15T23:11:33.204 INFO:teuthology.orchestra.run.smithi031.stdout:/usr/bin/ceph: stderr
2024-09-15T23:11:32.440+0000 7f239d4cb640 1 --2- 172.21.15.31:0/3570833594 >> [v2:172.21.15.31:3300/0,v1:172.21.15.31:6789/0] conn(0x7f239807e720 0x7f239807cb80 secure :-1 s=READY pgs=35 cs=0 l=1 rev1=1 crypto rx=0x7f2388009820 tx=0x7f238802a270 comp rx=0 tx=0).stop
2024-09-15T23:11:33.204 INFO:teuthology.orchestra.run.smithi031.stdout:/usr/bin/ceph: stderr
2024-09-15T23:11:32.440+0000 7f239d4cb640 1 -- 172.21.15.31:0/3570833594 shutdown_connections
2024-09-15T23:11:33.204 INFO:teuthology.orchestra.run.smithi031.stdout:/usr/bin/ceph: stderr
2024-09-15T23:11:32.440+0000 7f239d4cb640 1 --2- 172.21.15.31:0/3570833594 >> [v2:172.21.15.31:3300/0,v1:172.21.15.31:6789/0] conn(0x7f239807e720 0x7f239807cb80 unknown :-1 s=CLOSED pgs=35 cs=0 l=1 rev1=1 crypto rx=0 tx=0 comp rx=0 tx=0).stop
2024-09-15T23:11:33.204 INFO:teuthology.orchestra.run.smithi031.stdout:/usr/bin/ceph: stderr
2024-09-15T23:11:32.440+0000 7f239d4cb640 1 -- 172.21.15.31:0/3570833594 >> 172.21.15.31:0/3570833594 conn(0x7f2398102ea0 msgr2=0x7f2398105290 unknown :-1 s=STATE_NONE l=0).mark_down
2024-09-15T23:11:33.204 INFO:teuthology.orchestra.run.smithi031.stdout:/usr/bin/ceph: stderr
2024-09-15T23:11:32.440+0000 7f239d4cb640 1 -- 172.21.15.31:0/3570833594 shutdown_connections
2024-09-15T23:11:33.204 INFO:teuthology.orchestra.run.smithi031.stdout:/usr/bin/ceph: stderr
2024-09-15T23:11:32.440+0000 7f239d4cb640 1 -- 172.21.15.31:0/3570833594 wait complete.
2024-09-15T23:11:33.204 INFO:teuthology.orchestra.run.smithi031.stdout:/usr/bin/ceph: stderr
2024-09-15T23:11:32.441+0000 7f239d4cb640 1 Processor -- start
2024-09-15T23:11:33.204 INFO:teuthology.orchestra.run.smithi031.stdout:/usr/bin/ceph: stderr
2024-09-15T23:11:32.441+0000 7f239d4cb640 1 -- start start
2024-09-15T23:11:33.204 INFO:teuthology.orchestra.run.smithi031.stdout:/usr/bin/ceph: stderr
2024-09-15T23:11:32.441+0000 7f239d4cb640 1 --2- >> [v2:172.21.15.31:3300/0,v1:172.21.15.31:6789/0] conn(0x7f239807e720 0x7f239819d7f0 unknown :-1 s=NONE pgs=0 cs=0 l=1 rev1=0 crypto rx=0 tx=0 comp rx=0 tx=0).connect
2024-09-15T23:11:33.204 INFO:teuthology.orchestra.run.smithi031.stdout:/usr/bin/ceph: stderr
2024-09-15T23:11:32.441+0000 7f239d4cb640 1 -- --> [v2:172.21.15.31:3300/0,v1:172.21.15.31:6789/0] -- mon_getmap magic: 0 -- 0x7f239810dc90 con 0x7f239807e720
2024-09-15T23:11:33.204 INFO:teuthology.orchestra.run.smithi031.stdout:/usr/bin/ceph: stderr
2024-09-15T23:11:32.441+0000 7f2396ffd640 1 --2- >> [v2:172.21.15.31:3300/0,v1:172.21.15.31:6789/0] conn(0x7f239807e720 0x7f239819d7f0 unknown :-1 s=BANNER_CONNECTING pgs=0 cs=0 l=1 rev1=0 crypto rx=0 tx=0 comp rx=0 tx=0)._handle_peer_banner_payload supported=3 required=0
2024-09-15T23:11:33.204 INFO:teuthology.orchestra.run.smithi031.stdout:/usr/bin/ceph: stderr
2024-09-15T23:11:32.441+0000 7f2396ffd640 1 --2- >> [v2:172.21.15.31:3300/0,v1:172.21.15.31:6789/0] conn(0x7f239807e720 0x7f239819d7f0 unknown :-1 s=HELLO_CONNECTING pgs=0 cs=0 l=1 rev1=1 crypto rx=0 tx=0 comp rx=0 tx=0).handle_hello peer v2:172.21.15.31:3300/0 says I am v2:172.21.15.31:37418/0 (socket says 172.21.15.31:37418)
2024-09-15T23:11:33.204 INFO:teuthology.orchestra.run.smithi031.stdout:/usr/bin/ceph: stderr
2024-09-15T23:11:32.441+0000 7f2396ffd640 1 -- 172.21.15.31:0/1309259970 learned_addr learned my addr 172.21.15.31:0/1309259970 (peer_addr_for_me v2:172.21.15.31:0/0)
2024-09-15T23:11:33.205 INFO:teuthology.orchestra.run.smithi031.stdout:/usr/bin/ceph: stderr
2024-09-15T23:11:32.442+0000 7f2396ffd640 1 -- 172.21.15.31:0/1309259970 --> [v2:172.21.15.31:3300/0,v1:172.21.15.31:6789/0] -- mon_subscribe({config=0+,monmap=0+}) -- 0x7f239819dd30 con 0x7f239807e720
2024-09-15T23:11:33.205 INFO:teuthology.orchestra.run.smithi031.stdout:/usr/bin/ceph: stderr
2024-09-15T23:11:32.442+0000 7f2396ffd640 1 --2- 172.21.15.31:0/1309259970 >> [v2:172.21.15.31:3300/0,v1:172.21.15.31:6789/0] conn(0x7f239807e720 0x7f239819d7f0 secure :-1 s=READY pgs=36 cs=0 l=1 rev1=1 crypto rx=0x7f23880097f0 tx=0x7f2388030d80 comp rx=0 tx=0).ready entity=mon.0 client_cookie=0 server_cookie=0 in_seq=0 out_seq=0
2024-09-15T23:11:33.205 INFO:teuthology.orchestra.run.smithi031.stdout:/usr/bin/ceph: stderr
2024-09-15T23:11:32.442+0000 7f2394ff9640 1 -- 172.21.15.31:0/1309259970 <== mon.0 v2:172.21.15.31:3300/0 1 ==== mon_map magic: 0 ==== 205+0+0 (secure 0 0 0) 0x7f2388037040 con 0x7f239807e720
2024-09-15T23:11:33.205 INFO:teuthology.orchestra.run.smithi031.stdout:/usr/bin/ceph: stderr
2024-09-15T23:11:32.442+0000 7f2394ff9640 1 -- 172.21.15.31:0/1309259970 <== mon.0 v2:172.21.15.31:3300/0 2 ==== config(27 keys) ==== 1109+0+0 (secure 0 0 0) 0x7f2388040070 con 0x7f239807e720
2024-09-15T23:11:33.205 INFO:teuthology.orchestra.run.smithi031.stdout:/usr/bin/ceph: stderr
2024-09-15T23:11:32.442+0000 7f239d4cb640 1 -- 172.21.15.31:0/1309259970 --> [v2:172.21.15.31:3300/0,v1:172.21.15.31:6789/0] -- mon_subscribe({mgrmap=0+}) -- 0x7f239819dfc0 con 0x7f239807e720
2024-09-15T23:11:33.205 INFO:teuthology.orchestra.run.smithi031.stdout:/usr/bin/ceph: stderr
2024-09-15T23:11:32.442+0000 7f2394ff9640 1 -- 172.21.15.31:0/1309259970 <== mon.0 v2:172.21.15.31:3300/0 3 ==== mon_map magic: 0 ==== 205+0+0 (secure 0 0 0) 0x7f238803a390 con 0x7f239807e720
2024-09-15T23:11:33.205 INFO:teuthology.orchestra.run.smithi031.stdout:/usr/bin/ceph: stderr
2024-09-15T23:11:32.442+0000 7f239d4cb640 1 -- 172.21.15.31:0/1309259970 --> [v2:172.21.15.31:3300/0,v1:172.21.15.31:6789/0] -- mon_subscribe({osdmap=0}) -- 0x7f23981a0cb0 con 0x7f239807e720
2024-09-15T23:11:33.205 INFO:teuthology.orchestra.run.smithi031.stdout:/usr/bin/ceph: stderr
2024-09-15T23:11:32.443+0000 7f2394ff9640 1 -- 172.21.15.31:0/1309259970 <== mon.0 v2:172.21.15.31:3300/0 4 ==== mgrmap(e 7) ==== 46355+0+0 (secure 0 0 0) 0x7f238803a630 con 0x7f239807e720
2024-09-15T23:11:33.205 INFO:teuthology.orchestra.run.smithi031.stdout:/usr/bin/ceph: stderr
2024-09-15T23:11:32.443+0000 7f239d4cb640 1 -- 172.21.15.31:0/1309259970 --> [v2:172.21.15.31:3300/0,v1:172.21.15.31:6789/0] -- mon_command({"prefix": "get_command_descriptions"} v 0) -- 0x7f239807cc00 con 0x7f239807e720
2024-09-15T23:11:33.205 INFO:teuthology.orchestra.run.smithi031.stdout:/usr/bin/ceph: stderr
2024-09-15T23:11:32.443+0000 7f2394ff9640 1 --2- 172.21.15.31:0/1309259970 >> [v2:172.21.15.31:6800/3144158002,v1:172.21.15.31:6801/3144158002] conn(0x7f23840390a0 0x7f238403b560 unknown :-1 s=NONE pgs=0 cs=0 l=1 rev1=0 crypto rx=0 tx=0 comp rx=0 tx=0).connect
2024-09-15T23:11:33.205 INFO:teuthology.orchestra.run.smithi031.stdout:/usr/bin/ceph: stderr
2024-09-15T23:11:32.443+0000 7f2394ff9640 1 -- 172.21.15.31:0/1309259970 <== mon.0 v2:172.21.15.31:3300/0 5 ==== osd_map(2..2 src has 1..2) ==== 940+0+0 (secure 0 0 0) 0x7f238806c5e0 con 0x7f239807e720
2024-09-15T23:11:33.205 INFO:teuthology.orchestra.run.smithi031.stdout:/usr/bin/ceph: stderr
2024-09-15T23:11:32.443+0000 7f238ffff640 1 --2- 172.21.15.31:0/1309259970 >> [v2:172.21.15.31:6800/3144158002,v1:172.21.15.31:6801/3144158002] conn(0x7f23840390a0 0x7f238403b560 unknown :-1 s=BANNER_CONNECTING pgs=0 cs=0 l=1 rev1=0 crypto rx=0 tx=0 comp rx=0 tx=0)._handle_peer_banner_payload supported=3 required=0
2024-09-15T23:11:33.205 INFO:teuthology.orchestra.run.smithi031.stdout:/usr/bin/ceph: stderr
2024-09-15T23:11:32.444+0000 7f238ffff640 1 --2- 172.21.15.31:0/1309259970 >> [v2:172.21.15.31:6800/3144158002,v1:172.21.15.31:6801/3144158002] conn(0x7f23840390a0 0x7f238403b560 secure :-1 s=READY pgs=7 cs=0 l=1 rev1=1 crypto rx=0x7f23800098c0 tx=0x7f2380006db0 comp rx=0 tx=0).ready entity=mgr.14118 client_cookie=0 server_cookie=0 in_seq=0 out_seq=0
2024-09-15T23:11:33.205 INFO:teuthology.orchestra.run.smithi031.stdout:/usr/bin/ceph: stderr
2024-09-15T23:11:32.448+0000 7f2394ff9640 1 -- 172.21.15.31:0/1309259970 <== mon.0 v2:172.21.15.31:3300/0 6 ==== mon_command_ack([{"prefix": "get_command_descriptions"}]=0 v0) ==== 72+0+188821 (secure 0 0 0) 0x7f238804a200 con 0x7f239807e720
2024-09-15T23:11:33.206 INFO:teuthology.orchestra.run.smithi031.stdout:/usr/bin/ceph: stderr
2024-09-15T23:11:32.637+0000 7f239d4cb640 1 -- 172.21.15.31:0/1309259970 --> [v2:172.21.15.31:6800/3144158002,v1:172.21.15.31:6801/3144158002] -- mgr_command(tid 0: {"prefix": "orch set backend", "module_name": "cephadm", "target": ["mon-mgr", ""]}) -- 0x7f23981040a0 con 0x7f23840390a0
2024-09-15T23:11:33.206 INFO:teuthology.orchestra.run.smithi031.stdout:/usr/bin/ceph: stderr
2024-09-15T23:11:32.643+0000 7f2394ff9640 1 -- 172.21.15.31:0/1309259970 <== mgr.14118 v2:172.21.15.31:6800/3144158002 1 ==== mgr_command_reply(tid 0: 0 ) ==== 8+0+0 (secure 0 0 0) 0x7f23981040a0 con 0x7f23840390a0
2024-09-15T23:11:33.206 INFO:teuthology.orchestra.run.smithi031.stdout:/usr/bin/ceph: stderr
2024-09-15T23:11:32.645+0000 7f239d4cb640 1 -- 172.21.15.31:0/1309259970 >> [v2:172.21.15.31:6800/3144158002,v1:172.21.15.31:6801/3144158002] conn(0x7f23840390a0 msgr2=0x7f238403b560 secure :-1 s=STATE_CONNECTION_ESTABLISHED l=1).mark_down
2024-09-15T23:11:33.206 INFO:teuthology.orchestra.run.smithi031.stdout:/usr/bin/ceph: stderr
2024-09-15T23:11:32.645+0000 7f239d4cb640 1 --2- 172.21.15.31:0/1309259970 >> [v2:172.21.15.31:6800/3144158002,v1:172.21.15.31:6801/3144158002] conn(0x7f23840390a0 0x7f238403b560 secure :-1 s=READY pgs=7 cs=0 l=1 rev1=1 crypto rx=0x7f23800098c0 tx=0x7f2380006db0 comp rx=0 tx=0).stop
2024-09-15T23:11:33.206 INFO:teuthology.orchestra.run.smithi031.stdout:/usr/bin/ceph: stderr
2024-09-15T23:11:32.645+0000 7f239d4cb640 1 -- 172.21.15.31:0/1309259970 >> [v2:172.21.15.31:3300/0,v1:172.21.15.31:6789/0] conn(0x7f239807e720 msgr2=0x7f239819d7f0 secure :-1 s=STATE_CONNECTION_ESTABLISHED l=1).mark_down
2024-09-15T23:11:33.206 INFO:teuthology.orchestra.run.smithi031.stdout:/usr/bin/ceph: stderr
2024-09-15T23:11:32.645+0000 7f239d4cb640 1 --2- 172.21.15.31:0/1309259970 >> [v2:172.21.15.31:3300/0,v1:172.21.15.31:6789/0] conn(0x7f239807e720 0x7f239819d7f0 secure :-1 s=READY pgs=36 cs=0 l=1 rev1=1 crypto rx=0x7f23880097f0 tx=0x7f2388030d80 comp rx=0 tx=0).stop
2024-09-15T23:11:33.206 INFO:teuthology.orchestra.run.smithi031.stdout:/usr/bin/ceph: stderr
2024-09-15T23:11:32.645+0000 7f239d4cb640 1 -- 172.21.15.31:0/1309259970 shutdown_connections
2024-09-15T23:11:33.206 INFO:teuthology.orchestra.run.smithi031.stdout:/usr/bin/ceph: stderr
2024-09-15T23:11:32.645+0000 7f239d4cb640 1 --2- 172.21.15.31:0/1309259970 >> [v2:172.21.15.31:6800/3144158002,v1:172.21.15.31:6801/3144158002] conn(0x7f23840390a0 0x7f238403b560 unknown :-1 s=CLOSED pgs=7 cs=0 l=1 rev1=1 crypto rx=0 tx=0 comp rx=0 tx=0).stop
2024-09-15T23:11:33.206 INFO:teuthology.orchestra.run.smithi031.stdout:/usr/bin/ceph: stderr
2024-09-15T23:11:32.645+0000 7f239d4cb640 1 --2- 172.21.15.31:0/1309259970 >> [v2:172.21.15.31:3300/0,v1:172.21.15.31:6789/0] conn(0x7f239807e720 0x7f239819d7f0 unknown :-1 s=CLOSED pgs=36 cs=0 l=1 rev1=1 crypto rx=0 tx=0 comp rx=0 tx=0).stop
2024-09-15T23:11:33.206 INFO:teuthology.orchestra.run.smithi031.stdout:/usr/bin/ceph: stderr
2024-09-15T23:11:32.645+0000 7f239d4cb640 1 -- 172.21.15.31:0/1309259970 >> 172.21.15.31:0/1309259970 conn(0x7f2398102ea0 msgr2=0x7f2398103990 unknown :-1 s=STATE_NONE l=0).mark_down
2024-09-15T23:11:33.206 INFO:teuthology.orchestra.run.smithi031.stdout:/usr/bin/ceph: stderr
2024-09-15T23:11:32.645+0000 7f239d4cb640 1 -- 172.21.15.31:0/1309259970 shutdown_connections
2024-09-15T23:11:33.206 INFO:teuthology.orchestra.run.smithi031.stdout:/usr/bin/ceph: stderr
2024-09-15T23:11:32.646+0000 7f239d4cb640 1 -- 172.21.15.31:0/1309259970 wait complete.
2024-09-15T23:11:34.302 INFO:journalctl@ceph.mon.a.smithi031.stdout:Sep 15 23:11:34 smithi031 ceph-mon[31627]: from='client.14130 -' entity='client.admin' cmd=[{"prefix": "orch set backend", "module_name": "cephadm", "target": ["mon-mgr", ""]}]: dispatch
2024-09-15T23:11:34.302 INFO:journalctl@ceph.mon.a.smithi031.stdout:Sep 15 23:11:34 smithi031 ceph-mon[31627]: [15/Sep/2024:23:11:33] ENGINE Bus STARTING
2024-09-15T23:11:34.302 INFO:journalctl@ceph.mon.a.smithi031.stdout:Sep 15 23:11:34 smithi031 ceph-mon[31627]: mgrmap e8: x(active, since 2s)
2024-09-15T23:11:34.302 INFO:journalctl@ceph.mon.a.smithi031.stdout:Sep 15 23:11:34 smithi031 ceph-mon[31627]: [15/Sep/2024:23:11:33] ENGINE Serving on https://172.21.15.31:7150
2024-09-15T23:11:34.302 INFO:journalctl@ceph.mon.a.smithi031.stdout:Sep 15 23:11:34 smithi031 ceph-mon[31627]: [15/Sep/2024:23:11:33] ENGINE Error in HTTPServer.serve
2024-09-15T23:11:34.302 INFO:journalctl@ceph.mon.a.smithi031.stdout: Traceback (most recent call last):
2024-09-15T23:11:34.302 INFO:journalctl@ceph.mon.a.smithi031.stdout: File "/lib/python3.9/site-packages/cheroot/server.py", line 1823, in serve
2024-09-15T23:11:34.302 INFO:journalctl@ceph.mon.a.smithi031.stdout: self._connections.run(self.expiration_interval)
2024-09-15T23:11:34.303 INFO:journalctl@ceph.mon.a.smithi031.stdout: File "/lib/python3.9/site-packages/cheroot/connections.py", line 203, in run
2024-09-15T23:11:34.303 INFO:journalctl@ceph.mon.a.smithi031.stdout: self._run(expiration_interval)
2024-09-15T23:11:34.303 INFO:journalctl@ceph.mon.a.smithi031.stdout: File "/lib/python3.9/site-packages/cheroot/connections.py", line 246, in _run
2024-09-15T23:11:34.303 INFO:journalctl@ceph.mon.a.smithi031.stdout: new_conn = self._from_server_socket(self.server.socket)
2024-09-15T23:11:34.303 INFO:journalctl@ceph.mon.a.smithi031.stdout: File "/lib/python3.9/site-packages/cheroot/connections.py", line 300, in _from_server_socket
2024-09-15T23:11:34.303 INFO:journalctl@ceph.mon.a.smithi031.stdout: s, ssl_env = self.server.ssl_adapter.wrap(s)
2024-09-15T23:11:34.303 INFO:journalctl@ceph.mon.a.smithi031.stdout: File "/lib/python3.9/site-packages/cheroot/ssl/builtin.py", line 277, in wrap
2024-09-15T23:11:34.303 INFO:journalctl@ceph.mon.a.smithi031.stdout: s = self.context.wrap_socket(
2024-09-15T23:11:34.303 INFO:journalctl@ceph.mon.a.smithi031.stdout: File "/lib64/python3.9/ssl.py", line 501, in wrap_socket
2024-09-15T23:11:34.303 INFO:journalctl@ceph.mon.a.smithi031.stdout: return self.sslsocket_class._create(
2024-09-15T23:11:34.303 INFO:journalctl@ceph.mon.a.smithi031.stdout: File "/lib64/python3.9/ssl.py", line 1074, in _create
2024-09-15T23:11:34.303 INFO:journalctl@ceph.mon.a.smithi031.stdout: self.do_handshake()
2024-09-15T23:11:34.303 INFO:journalctl@ceph.mon.a.smithi031.stdout: File "/lib64/python3.9/ssl.py", line 1343, in do_handshake
2024-09-15T23:11:34.304 INFO:journalctl@ceph.mon.a.smithi031.stdout: self._sslobj.do_handshake()
2024-09-15T23:11:34.304 INFO:journalctl@ceph.mon.a.smithi031.stdout: ssl.SSLZeroReturnError: TLS/SSL connection has been closed (EOF) (_ssl.c:1133)
2024-09-15T23:11:34.304 INFO:journalctl@ceph.mon.a.smithi031.stdout:Sep 15 23:11:34 smithi031 ceph-mon[31627]: [15/Sep/2024:23:11:33] ENGINE Serving on http://172.21.15.31:8765
2024-09-15T23:11:34.304 INFO:journalctl@ceph.mon.a.smithi031.stdout:Sep 15 23:11:34 smithi031 ceph-mon[31627]: [15/Sep/2024:23:11:33] ENGINE Bus STARTED
2024-09-15T23:11:34.304 INFO:journalctl@ceph.mon.a.smithi031.stdout:Sep 15 23:11:34 smithi031 ceph-mon[31627]: from='mgr.14118 172.21.15.31:0/646543695' entity='mgr.x' cmd=[{"prefix": "config dump", "format": "json"}]: dispatch
2024-09-15T23:11:34.309 INFO:teuthology.orchestra.run.smithi031.stdout:/usr/bin/ceph: stdout value unchanged
2024-09-15T23:11:34.309 INFO:teuthology.orchestra.run.smithi031.stdout:/usr/bin/ceph: stderr
2024-09-15T23:11:33.543+0000 7f5a131d9640 1 Processor -- start
2024-09-15T23:11:34.309 INFO:teuthology.orchestra.run.smithi031.stdout:/usr/bin/ceph: stderr
2024-09-15T23:11:33.543+0000 7f5a131d9640 1 -- start start
2024-09-15T23:11:34.309 INFO:teuthology.orchestra.run.smithi031.stdout:/usr/bin/ceph: stderr
2024-09-15T23:11:33.543+0000 7f5a131d9640 1 --2- >> [v2:172.21.15.31:3300/0,v1:172.21.15.31:6789/0] conn(0x7f5a0c107620 0x7f5a0c107a20 unknown :-1 s=NONE pgs=0 cs=0 l=0 rev1=0 crypto rx=0 tx=0 comp rx=0 tx=0).connect
2024-09-15T23:11:34.309 INFO:teuthology.orchestra.run.smithi031.stdout:/usr/bin/ceph: stderr
2024-09-15T23:11:33.543+0000 7f5a131d9640 1 -- --> [v2:172.21.15.31:3300/0,v1:172.21.15.31:6789/0] -- mon_getmap magic: 0 -- 0x7f5a0c107ff0 con 0x7f5a0c107620
2024-09-15T23:11:34.310 INFO:teuthology.orchestra.run.smithi031.stdout:/usr/bin/ceph: stderr
2024-09-15T23:11:33.543+0000 7f5a10f75640 1 --2- >> [v2:172.21.15.31:3300/0,v1:172.21.15.31:6789/0] conn(0x7f5a0c107620 0x7f5a0c107a20 unknown :-1 s=BANNER_CONNECTING pgs=0 cs=0 l=0 rev1=0 crypto rx=0 tx=0 comp rx=0 tx=0)._handle_peer_banner_payload supported=3 required=0
2024-09-15T23:11:34.310 INFO:teuthology.orchestra.run.smithi031.stdout:/usr/bin/ceph: stderr
2024-09-15T23:11:33.543+0000 7f5a10f75640 1 --2- >> [v2:172.21.15.31:3300/0,v1:172.21.15.31:6789/0] conn(0x7f5a0c107620 0x7f5a0c107a20 unknown :-1 s=HELLO_CONNECTING pgs=0 cs=0 l=0 rev1=1 crypto rx=0 tx=0 comp rx=0 tx=0).handle_hello peer v2:172.21.15.31:3300/0 says I am v2:172.21.15.31:37422/0 (socket says 172.21.15.31:37422)
2024-09-15T23:11:34.310 INFO:teuthology.orchestra.run.smithi031.stdout:/usr/bin/ceph: stderr
2024-09-15T23:11:33.543+0000 7f5a10f75640 1 -- 172.21.15.31:0/1067670876 learned_addr learned my addr 172.21.15.31:0/1067670876 (peer_addr_for_me v2:172.21.15.31:0/0)
2024-09-15T23:11:34.310 INFO:teuthology.orchestra.run.smithi031.stdout:/usr/bin/ceph: stderr
2024-09-15T23:11:33.544+0000 7f5a10f75640 1 -- 172.21.15.31:0/1067670876 --> [v2:172.21.15.31:3300/0,v1:172.21.15.31:6789/0] -- mon_subscribe({config=0+,monmap=0+}) -- 0x7f5a0c108820 con 0x7f5a0c107620
2024-09-15T23:11:34.310 INFO:teuthology.orchestra.run.smithi031.stdout:/usr/bin/ceph: stderr
2024-09-15T23:11:33.544+0000 7f5a10f75640 1 --2- 172.21.15.31:0/1067670876 >> [v2:172.21.15.31:3300/0,v1:172.21.15.31:6789/0] conn(0x7f5a0c107620 0x7f5a0c107a20 secure :-1 s=READY pgs=37 cs=0 l=1 rev1=1 crypto rx=0x7f5a00009820 tx=0x7f5a0002a270 comp rx=0 tx=0).ready entity=mon.0 client_cookie=8c3f057f4a09ef1c server_cookie=0 in_seq=0 out_seq=0
2024-09-15T23:11:34.310 INFO:teuthology.orchestra.run.smithi031.stdout:/usr/bin/ceph: stderr
2024-09-15T23:11:33.544+0000 7f5a0b7fe640 1 -- 172.21.15.31:0/1067670876 <== mon.0 v2:172.21.15.31:3300/0 1 ==== mon_map magic: 0 ==== 205+0+0 (secure 0 0 0) 0x7f5a00037070 con 0x7f5a0c107620
2024-09-15T23:11:34.310 INFO:teuthology.orchestra.run.smithi031.stdout:/usr/bin/ceph: stderr
2024-09-15T23:11:33.545+0000 7f5a0b7fe640 1 -- 172.21.15.31:0/1067670876 <== mon.0 v2:172.21.15.31:3300/0 2 ==== config(27 keys) ==== 1109+0+0 (secure 0 0 0) 0x7f5a00032900 con 0x7f5a0c107620
2024-09-15T23:11:34.310 INFO:teuthology.orchestra.run.smithi031.stdout:/usr/bin/ceph: stderr
2024-09-15T23:11:33.545+0000 7f5a0b7fe640 1 -- 172.21.15.31:0/1067670876 <== mon.0 v2:172.21.15.31:3300/0 3 ==== mon_map magic: 0 ==== 205+0+0 (secure 0 0 0) 0x7f5a00030850 con 0x7f5a0c107620
2024-09-15T23:11:34.310 INFO:teuthology.orchestra.run.smithi031.stdout:/usr/bin/ceph: stderr
2024-09-15T23:11:33.545+0000 7f5a131d9640 1 -- 172.21.15.31:0/1067670876 >> [v2:172.21.15.31:3300/0,v1:172.21.15.31:6789/0] conn(0x7f5a0c107620 msgr2=0x7f5a0c107a20 secure :-1 s=STATE_CONNECTION_ESTABLISHED l=1).mark_down
2024-09-15T23:11:34.310 INFO:teuthology.orchestra.run.smithi031.stdout:/usr/bin/ceph: stderr
2024-09-15T23:11:33.545+0000 7f5a131d9640 1 --2- 172.21.15.31:0/1067670876 >> [v2:172.21.15.31:3300/0,v1:172.21.15.31:6789/0] conn(0x7f5a0c107620 0x7f5a0c107a20 secure :-1 s=READY pgs=37 cs=0 l=1 rev1=1 crypto rx=0x7f5a00009820 tx=0x7f5a0002a270 comp rx=0 tx=0).stop
2024-09-15T23:11:34.310 INFO:teuthology.orchestra.run.smithi031.stdout:/usr/bin/ceph: stderr
2024-09-15T23:11:33.545+0000 7f5a131d9640 1 -- 172.21.15.31:0/1067670876 shutdown_connections
2024-09-15T23:11:34.310 INFO:teuthology.orchestra.run.smithi031.stdout:/usr/bin/ceph: stderr
2024-09-15T23:11:33.545+0000 7f5a131d9640 1 --2- 172.21.15.31:0/1067670876 >> [v2:172.21.15.31:3300/0,v1:172.21.15.31:6789/0] conn(0x7f5a0c107620 0x7f5a0c107a20 unknown :-1 s=CLOSED pgs=37 cs=0 l=1 rev1=1 crypto rx=0 tx=0 comp rx=0 tx=0).stop
2024-09-15T23:11:34.310 INFO:teuthology.orchestra.run.smithi031.stdout:/usr/bin/ceph: stderr
2024-09-15T23:11:33.545+0000 7f5a131d9640 1 -- 172.21.15.31:0/1067670876 >> 172.21.15.31:0/1067670876 conn(0x7f5a0c102ea0 msgr2=0x7f5a0c105290 unknown :-1 s=STATE_NONE l=0).mark_down
2024-09-15T23:11:34.310 INFO:teuthology.orchestra.run.smithi031.stdout:/usr/bin/ceph: stderr
2024-09-15T23:11:33.545+0000 7f5a131d9640 1 -- 172.21.15.31:0/1067670876 shutdown_connections
2024-09-15T23:11:34.311 INFO:teuthology.orchestra.run.smithi031.stdout:/usr/bin/ceph: stderr
2024-09-15T23:11:33.545+0000 7f5a131d9640 1 -- 172.21.15.31:0/1067670876 wait complete.
2024-09-15T23:11:34.311 INFO:teuthology.orchestra.run.smithi031.stdout:/usr/bin/ceph: stderr
2024-09-15T23:11:33.546+0000 7f5a131d9640 1 Processor -- start
2024-09-15T23:11:34.311 INFO:teuthology.orchestra.run.smithi031.stdout:/usr/bin/ceph: stderr
2024-09-15T23:11:33.546+0000 7f5a131d9640 1 -- start start
2024-09-15T23:11:34.311 INFO:teuthology.orchestra.run.smithi031.stdout:/usr/bin/ceph: stderr
2024-09-15T23:11:33.546+0000 7f5a131d9640 1 --2- >> [v2:172.21.15.31:3300/0,v1:172.21.15.31:6789/0] conn(0x7f5a0c107620 0x7f5a0c19d930 unknown :-1 s=NONE pgs=0 cs=0 l=1 rev1=0 crypto rx=0 tx=0 comp rx=0 tx=0).connect
2024-09-15T23:11:34.311 INFO:teuthology.orchestra.run.smithi031.stdout:/usr/bin/ceph: stderr
2024-09-15T23:11:33.546+0000 7f5a131d9640 1 -- --> [v2:172.21.15.31:3300/0,v1:172.21.15.31:6789/0] -- mon_getmap magic: 0 -- 0x7f5a0c10bbd0 con 0x7f5a0c107620
2024-09-15T23:11:34.311 INFO:teuthology.orchestra.run.smithi031.stdout:/usr/bin/ceph: stderr
2024-09-15T23:11:33.546+0000 7f5a10f75640 1 --2- >> [v2:172.21.15.31:3300/0,v1:172.21.15.31:6789/0] conn(0x7f5a0c107620 0x7f5a0c19d930 unknown :-1 s=BANNER_CONNECTING pgs=0 cs=0 l=1 rev1=0 crypto rx=0 tx=0 comp rx=0 tx=0)._handle_peer_banner_payload supported=3 required=0
2024-09-15T23:11:34.311 INFO:teuthology.orchestra.run.smithi031.stdout:/usr/bin/ceph: stderr
2024-09-15T23:11:33.546+0000 7f5a10f75640 1 --2- >> [v2:172.21.15.31:3300/0,v1:172.21.15.31:6789/0] conn(0x7f5a0c107620 0x7f5a0c19d930 unknown :-1 s=HELLO_CONNECTING pgs=0 cs=0 l=1 rev1=1 crypto rx=0 tx=0 comp rx=0 tx=0).handle_hello peer v2:172.21.15.31:3300/0 says I am v2:172.21.15.31:37424/0 (socket says 172.21.15.31:37424)
2024-09-15T23:11:34.311 INFO:teuthology.orchestra.run.smithi031.stdout:/usr/bin/ceph: stderr
2024-09-15T23:11:33.546+0000 7f5a10f75640 1 -- 172.21.15.31:0/3655404040 learned_addr learned my addr 172.21.15.31:0/3655404040 (peer_addr_for_me v2:172.21.15.31:0/0)
2024-09-15T23:11:34.311 INFO:teuthology.orchestra.run.smithi031.stdout:/usr/bin/ceph: stderr
2024-09-15T23:11:33.546+0000 7f5a10f75640 1 -- 172.21.15.31:0/3655404040 --> [v2:172.21.15.31:3300/0,v1:172.21.15.31:6789/0] -- mon_subscribe({config=0+,monmap=0+}) -- 0x7f5a0c19de70 con 0x7f5a0c107620
2024-09-15T23:11:34.311 INFO:teuthology.orchestra.run.smithi031.stdout:/usr/bin/ceph: stderr
2024-09-15T23:11:33.547+0000 7f5a10f75640 1 --2- 172.21.15.31:0/3655404040 >> [v2:172.21.15.31:3300/0,v1:172.21.15.31:6789/0] conn(0x7f5a0c107620 0x7f5a0c19d930 secure :-1 s=READY pgs=38 cs=0 l=1 rev1=1 crypto rx=0x7f5a00009940 tx=0x7f5a000326e0 comp rx=0 tx=0).ready entity=mon.0 client_cookie=0 server_cookie=0 in_seq=0 out_seq=0
2024-09-15T23:11:34.311 INFO:teuthology.orchestra.run.smithi031.stdout:/usr/bin/ceph: stderr
2024-09-15T23:11:33.547+0000 7f5a09ffb640 1 -- 172.21.15.31:0/3655404040 <== mon.0 v2:172.21.15.31:3300/0 1 ==== mon_map magic: 0 ==== 205+0+0 (secure 0 0 0) 0x7f5a00042070 con 0x7f5a0c107620
2024-09-15T23:11:34.311 INFO:teuthology.orchestra.run.smithi031.stdout:/usr/bin/ceph: stderr
2024-09-15T23:11:33.547+0000 7f5a09ffb640 1 -- 172.21.15.31:0/3655404040 <== mon.0 v2:172.21.15.31:3300/0 2 ==== config(27 keys) ==== 1109+0+0 (secure 0 0 0) 0x7f5a00032be0 con 0x7f5a0c107620
2024-09-15T23:11:34.312 INFO:teuthology.orchestra.run.smithi031.stdout:/usr/bin/ceph: stderr
2024-09-15T23:11:33.547+0000 7f5a131d9640 1 -- 172.21.15.31:0/3655404040 --> [v2:172.21.15.31:3300/0,v1:172.21.15.31:6789/0] -- mon_subscribe({mgrmap=0+}) -- 0x7f5a0c19e100 con 0x7f5a0c107620
2024-09-15T23:11:34.312 INFO:teuthology.orchestra.run.smithi031.stdout:/usr/bin/ceph: stderr
2024-09-15T23:11:33.547+0000 7f5a09ffb640 1 -- 172.21.15.31:0/3655404040 <== mon.0 v2:172.21.15.31:3300/0 3 ==== mon_map magic: 0 ==== 205+0+0 (secure 0 0 0) 0x7f5a00037040 con 0x7f5a0c107620
2024-09-15T23:11:34.312 INFO:teuthology.orchestra.run.smithi031.stdout:/usr/bin/ceph: stderr
2024-09-15T23:11:33.547+0000 7f5a131d9640 1 -- 172.21.15.31:0/3655404040 --> [v2:172.21.15.31:3300/0,v1:172.21.15.31:6789/0] -- mon_subscribe({osdmap=0}) -- 0x7f5a0c1a0df0 con 0x7f5a0c107620
2024-09-15T23:11:34.312 INFO:teuthology.orchestra.run.smithi031.stdout:/usr/bin/ceph: stderr
2024-09-15T23:11:33.548+0000 7f5a09ffb640 1 -- 172.21.15.31:0/3655404040 <== mon.0 v2:172.21.15.31:3300/0 4 ==== mgrmap(e 8) ==== 46461+0+0 (secure 0 0 0) 0x7f5a00045070 con 0x7f5a0c107620
2024-09-15T23:11:34.312 INFO:teuthology.orchestra.run.smithi031.stdout:/usr/bin/ceph: stderr
2024-09-15T23:11:33.548+0000 7f5a131d9640 1 -- 172.21.15.31:0/3655404040 --> [v2:172.21.15.31:3300/0,v1:172.21.15.31:6789/0] -- mon_command({"prefix": "get_command_descriptions"} v 0) -- 0x7f5a0c10bd50 con 0x7f5a0c107620
2024-09-15T23:11:34.312 INFO:teuthology.orchestra.run.smithi031.stdout:/usr/bin/ceph: stderr
2024-09-15T23:11:33.548+0000 7f5a09ffb640 1 --2- 172.21.15.31:0/3655404040 >> [v2:172.21.15.31:6800/3144158002,v1:172.21.15.31:6801/3144158002] conn(0x7f59fc039200 0x7f59fc03b6c0 unknown :-1 s=NONE pgs=0 cs=0 l=1 rev1=0 crypto rx=0 tx=0 comp rx=0 tx=0).connect
2024-09-15T23:11:34.312 INFO:teuthology.orchestra.run.smithi031.stdout:/usr/bin/ceph: stderr
2024-09-15T23:11:33.548+0000 7f5a09ffb640 1 -- 172.21.15.31:0/3655404040 <== mon.0 v2:172.21.15.31:3300/0 5 ==== osd_map(2..2 src has 1..2) ==== 940+0+0 (secure 0 0 0) 0x7f5a0006c450 con 0x7f5a0c107620
2024-09-15T23:11:34.312 INFO:teuthology.orchestra.run.smithi031.stdout:/usr/bin/ceph: stderr
2024-09-15T23:11:33.548+0000 7f5a0bfff640 1 --2- 172.21.15.31:0/3655404040 >> [v2:172.21.15.31:6800/3144158002,v1:172.21.15.31:6801/3144158002] conn(0x7f59fc039200 0x7f59fc03b6c0 unknown :-1 s=BANNER_CONNECTING pgs=0 cs=0 l=1 rev1=0 crypto rx=0 tx=0 comp rx=0 tx=0)._handle_peer_banner_payload supported=3 required=0
2024-09-15T23:11:34.312 INFO:teuthology.orchestra.run.smithi031.stdout:/usr/bin/ceph: stderr
2024-09-15T23:11:33.549+0000 7f5a0bfff640 1 --2- 172.21.15.31:0/3655404040 >> [v2:172.21.15.31:6800/3144158002,v1:172.21.15.31:6801/3144158002] conn(0x7f59fc039200 0x7f59fc03b6c0 secure :-1 s=READY pgs=8 cs=0 l=1 rev1=1 crypto rx=0x7f59f80098c0 tx=0x7f59f8006db0 comp rx=0 tx=0).ready entity=mgr.14118 client_cookie=0 server_cookie=0 in_seq=0 out_seq=0
2024-09-15T23:11:34.312 INFO:teuthology.orchestra.run.smithi031.stdout:/usr/bin/ceph: stderr
2024-09-15T23:11:33.553+0000 7f5a09ffb640 1 -- 172.21.15.31:0/3655404040 <== mon.0 v2:172.21.15.31:3300/0 6 ==== mon_command_ack([{"prefix": "get_command_descriptions"}]=0 v0) ==== 72+0+188821 (secure 0 0 0) 0x7f5a00045360 con 0x7f5a0c107620
2024-09-15T23:11:34.312 INFO:teuthology.orchestra.run.smithi031.stdout:/usr/bin/ceph: stderr
2024-09-15T23:11:33.730+0000 7f5a131d9640 1 -- 172.21.15.31:0/3655404040 --> [v2:172.21.15.31:6800/3144158002,v1:172.21.15.31:6801/3144158002] -- mgr_command(tid 0: {"prefix": "cephadm set-user", "user": "root", "target": ["mon-mgr", ""]}) -- 0x7f5a0c1040c0 con 0x7f59fc039200
2024-09-15T23:11:34.312 INFO:teuthology.orchestra.run.smithi031.stdout:/usr/bin/ceph: stderr
2024-09-15T23:11:33.730+0000 7f5a09ffb640 1 -- 172.21.15.31:0/3655404040 <== mgr.14118 v2:172.21.15.31:6800/3144158002 1 ==== mgr_command_reply(tid 0: 0 ) ==== 8+0+16 (secure 0 0 0) 0x7f5a0c1040c0 con 0x7f59fc039200
2024-09-15T23:11:34.312 INFO:teuthology.orchestra.run.smithi031.stdout:/usr/bin/ceph: stderr
2024-09-15T23:11:33.732+0000 7f5a131d9640 1 -- 172.21.15.31:0/3655404040 >> [v2:172.21.15.31:6800/3144158002,v1:172.21.15.31:6801/3144158002] conn(0x7f59fc039200 msgr2=0x7f59fc03b6c0 secure :-1 s=STATE_CONNECTION_ESTABLISHED l=1).mark_down
2024-09-15T23:11:34.313 INFO:teuthology.orchestra.run.smithi031.stdout:/usr/bin/ceph: stderr
2024-09-15T23:11:33.732+0000 7f5a131d9640 1 --2- 172.21.15.31:0/3655404040 >> [v2:172.21.15.31:6800/3144158002,v1:172.21.15.31:6801/3144158002] conn(0x7f59fc039200 0x7f59fc03b6c0 secure :-1 s=READY pgs=8 cs=0 l=1 rev1=1 crypto rx=0x7f59f80098c0 tx=0x7f59f8006db0 comp rx=0 tx=0).stop
2024-09-15T23:11:34.313 INFO:teuthology.orchestra.run.smithi031.stdout:/usr/bin/ceph: stderr
2024-09-15T23:11:33.732+0000 7f5a131d9640 1 -- 172.21.15.31:0/3655404040 >> [v2:172.21.15.31:3300/0,v1:172.21.15.31:6789/0] conn(0x7f5a0c107620 msgr2=0x7f5a0c19d930 secure :-1 s=STATE_CONNECTION_ESTABLISHED l=1).mark_down
2024-09-15T23:11:34.313 INFO:teuthology.orchestra.run.smithi031.stdout:/usr/bin/ceph: stderr
2024-09-15T23:11:33.732+0000 7f5a131d9640 1 --2- 172.21.15.31:0/3655404040 >> [v2:172.21.15.31:3300/0,v1:172.21.15.31:6789/0] conn(0x7f5a0c107620 0x7f5a0c19d930 secure :-1 s=READY pgs=38 cs=0 l=1 rev1=1 crypto rx=0x7f5a00009940 tx=0x7f5a000326e0 comp rx=0 tx=0).stop
2024-09-15T23:11:34.313 INFO:teuthology.orchestra.run.smithi031.stdout:/usr/bin/ceph: stderr
2024-09-15T23:11:33.732+0000 7f5a131d9640 1 -- 172.21.15.31:0/3655404040 shutdown_connections
2024-09-15T23:11:34.313 INFO:teuthology.orchestra.run.smithi031.stdout:/usr/bin/ceph: stderr
2024-09-15T23:11:33.732+0000 7f5a131d9640 1 --2- 172.21.15.31:0/3655404040 >> [v2:172.21.15.31:6800/3144158002,v1:172.21.15.31:6801/3144158002] conn(0x7f59fc039200 0x7f59fc03b6c0 unknown :-1 s=CLOSED pgs=8 cs=0 l=1 rev1=1 crypto rx=0 tx=0 comp rx=0 tx=0).stop
2024-09-15T23:11:34.313 INFO:teuthology.orchestra.run.smithi031.stdout:/usr/bin/ceph: stderr
2024-09-15T23:11:33.732+0000 7f5a131d9640 1 --2- 172.21.15.31:0/3655404040 >> [v2:172.21.15.31:3300/0,v1:172.21.15.31:6789/0] conn(0x7f5a0c107620 0x7f5a0c19d930 unknown :-1 s=CLOSED pgs=38 cs=0 l=1 rev1=1 crypto rx=0 tx=0 comp rx=0 tx=0).stop
2024-09-15T23:11:34.313 INFO:teuthology.orchestra.run.smithi031.stdout:/usr/bin/ceph: stderr
2024-09-15T23:11:33.732+0000 7f5a131d9640 1 -- 172.21.15.31:0/3655404040 >> 172.21.15.31:0/3655404040 conn(0x7f5a0c102ea0 msgr2=0x7f5a0c1039b0 unknown :-1 s=STATE_NONE l=0).mark_down
2024-09-15T23:11:34.313 INFO:teuthology.orchestra.run.smithi031.stdout:/usr/bin/ceph: stderr
2024-09-15T23:11:33.733+0000 7f5a131d9640 1 -- 172.21.15.31:0/3655404040 shutdown_connections
2024-09-15T23:11:34.313 INFO:teuthology.orchestra.run.smithi031.stdout:/usr/bin/ceph: stderr
2024-09-15T23:11:33.733+0000 7f5a131d9640 1 -- 172.21.15.31:0/3655404040 wait complete.
2024-09-15T23:11:34.314 INFO:teuthology.orchestra.run.smithi031.stdout:Generating ssh key...
2024-09-15T23:11:35.215 INFO:journalctl@ceph.mon.a.smithi031.stdout:Sep 15 23:11:35 smithi031 ceph-mon[31627]: from='client.14132 -' entity='client.admin' cmd=[{"prefix": "cephadm set-user", "user": "root", "target": ["mon-mgr", ""]}]: dispatch
2024-09-15T23:11:35.215 INFO:journalctl@ceph.mon.a.smithi031.stdout:Sep 15 23:11:35 smithi031 ceph-mon[31627]: from='mgr.14118 172.21.15.31:0/646543695' entity='mgr.x'
2024-09-15T23:11:35.216 INFO:journalctl@ceph.mon.a.smithi031.stdout:Sep 15 23:11:35 smithi031 ceph-mon[31627]: from='mgr.14118 172.21.15.31:0/646543695' entity='mgr.x'
2024-09-15T23:11:35.216 INFO:journalctl@ceph.mgr.x.smithi031.stdout:Sep 15 23:11:35 smithi031 ceph-9cda9d7e-73b7-11ef-bceb-c7b262605968-mgr-x[31850]: Generating public/private rsa key pair.
2024-09-15T23:11:35.216 INFO:journalctl@ceph.mgr.x.smithi031.stdout:Sep 15 23:11:35 smithi031 ceph-9cda9d7e-73b7-11ef-bceb-c7b262605968-mgr-x[31850]: Your identification has been saved in /tmp/tmpqksumzqb/key
2024-09-15T23:11:35.216 INFO:journalctl@ceph.mgr.x.smithi031.stdout:Sep 15 23:11:35 smithi031 ceph-9cda9d7e-73b7-11ef-bceb-c7b262605968-mgr-x[31850]: Your public key has been saved in /tmp/tmpqksumzqb/key.pub
2024-09-15T23:11:35.216 INFO:journalctl@ceph.mgr.x.smithi031.stdout:Sep 15 23:11:35 smithi031 ceph-9cda9d7e-73b7-11ef-bceb-c7b262605968-mgr-x[31850]: The key fingerprint is:
2024-09-15T23:11:35.216 INFO:journalctl@ceph.mgr.x.smithi031.stdout:Sep 15 23:11:35 smithi031 ceph-9cda9d7e-73b7-11ef-bceb-c7b262605968-mgr-x[31850]: SHA256:aJ3OzEUxdxpLWiacieoD6bumXeWywdgRGPwVcz3bcb4 ceph-9cda9d7e-73b7-11ef-bceb-c7b262605968
2024-09-15T23:11:35.216 INFO:journalctl@ceph.mgr.x.smithi031.stdout:Sep 15 23:11:35 smithi031 ceph-9cda9d7e-73b7-11ef-bceb-c7b262605968-mgr-x[31850]: The key's randomart image is:
2024-09-15T23:11:35.216 INFO:journalctl@ceph.mgr.x.smithi031.stdout:Sep 15 23:11:35 smithi031 ceph-9cda9d7e-73b7-11ef-bceb-c7b262605968-mgr-x[31850]: +---[RSA 3072]----+
2024-09-15T23:11:35.217 INFO:journalctl@ceph.mgr.x.smithi031.stdout:Sep 15 23:11:35 smithi031 ceph-9cda9d7e-73b7-11ef-bceb-c7b262605968-mgr-x[31850]: | .. o+=+* . |
2024-09-15T23:11:35.217 INFO:journalctl@ceph.mgr.x.smithi031.stdout:Sep 15 23:11:35 smithi031 ceph-9cda9d7e-73b7-11ef-bceb-c7b262605968-mgr-x[31850]: | .o oo+Xo=. .|
2024-09-15T23:11:35.217 INFO:journalctl@ceph.mgr.x.smithi031.stdout:Sep 15 23:11:35 smithi031 ceph-9cda9d7e-73b7-11ef-bceb-c7b262605968-mgr-x[31850]: | .o.o o o+ + |
2024-09-15T23:11:35.217 INFO:journalctl@ceph.mgr.x.smithi031.stdout:Sep 15 23:11:35 smithi031 ceph-9cda9d7e-73b7-11ef-bceb-c7b262605968-mgr-x[31850]: | o o+ o . . .|
2024-09-15T23:11:35.217 INFO:journalctl@ceph.mgr.x.smithi031.stdout:Sep 15 23:11:35 smithi031 ceph-9cda9d7e-73b7-11ef-bceb-c7b262605968-mgr-x[31850]: | . o+ S . .|
2024-09-15T23:11:35.217 INFO:journalctl@ceph.mgr.x.smithi031.stdout:Sep 15 23:11:35 smithi031 ceph-9cda9d7e-73b7-11ef-bceb-c7b262605968-mgr-x[31850]: | .=oO . E |
