2024-09-15T23:14:27.294+0000 7fb8ab378640 1 --2- >> [v2:172.21.15.89:3300/0,v1:172.21.15.89:6789/0] conn(0x7fb8a407dee0 0x7fb8a407c340 unknown :-1 s=NONE pgs=0 cs=0 l=0 rev1=0 crypto rx=0 tx=0 comp rx=0 tx=0).connect
2024-09-15T23:14:33.972 INFO:teuthology.orchestra.run.smithi089.stdout:/usr/bin/ceph: stderr
2024-09-15T23:14:27.294+0000 7fb8ab378640 1 -- --> [v2:172.21.15.89:3300/0,v1:172.21.15.89:6789/0] -- mon_getmap magic: 0 -- 0x7fb8a407c910 con 0x7fb8a407dee0
2024-09-15T23:14:33.972 INFO:teuthology.orchestra.run.smithi089.stdout:/usr/bin/ceph: stderr
2024-09-15T23:14:27.294+0000 7fb8a9114640 1 --2- >> [v2:172.21.15.89:3300/0,v1:172.21.15.89:6789/0] conn(0x7fb8a407dee0 0x7fb8a407c340 unknown :-1 s=BANNER_CONNECTING pgs=0 cs=0 l=0 rev1=0 crypto rx=0 tx=0 comp rx=0 tx=0)._handle_peer_banner_payload supported=3 required=0
2024-09-15T23:14:33.973 INFO:teuthology.orchestra.run.smithi089.stdout:/usr/bin/ceph: stderr
2024-09-15T23:14:27.295+0000 7fb8a9114640 1 --2- >> [v2:172.21.15.89:3300/0,v1:172.21.15.89:6789/0] conn(0x7fb8a407dee0 0x7fb8a407c340 unknown :-1 s=HELLO_CONNECTING pgs=0 cs=0 l=0 rev1=1 crypto rx=0 tx=0 comp rx=0 tx=0).handle_hello peer v2:172.21.15.89:3300/0 says I am v2:172.21.15.89:51466/0 (socket says 172.21.15.89:51466)
2024-09-15T23:14:33.973 INFO:teuthology.orchestra.run.smithi089.stdout:/usr/bin/ceph: stderr
2024-09-15T23:14:27.295+0000 7fb8a9114640 1 -- 172.21.15.89:0/393318232 learned_addr learned my addr 172.21.15.89:0/393318232 (peer_addr_for_me v2:172.21.15.89:0/0)
2024-09-15T23:14:33.976 INFO:teuthology.orchestra.run.smithi089.stdout:/usr/bin/ceph: stderr
2024-09-15T23:14:27.295+0000 7fb8a9114640 1 -- 172.21.15.89:0/393318232 --> [v2:172.21.15.89:3300/0,v1:172.21.15.89:6789/0] -- mon_subscribe({config=0+,monmap=0+}) -- 0x7fb8a407ca90 con 0x7fb8a407dee0
2024-09-15T23:14:33.976 INFO:teuthology.orchestra.run.smithi089.stdout:/usr/bin/ceph: stderr
2024-09-15T23:14:27.295+0000 7fb8a9114640 1 --2- 172.21.15.89:0/393318232 >> [v2:172.21.15.89:3300/0,v1:172.21.15.89:6789/0] conn(0x7fb8a407dee0 0x7fb8a407c340 secure :-1 s=READY pgs=20 cs=0 l=1 rev1=1 crypto rx=0x7fb8a0009820 tx=0x7fb8a002a270 comp rx=0 tx=0).ready entity=mon.0 client_cookie=8e58e14ba0fd1fe1 server_cookie=0 in_seq=0 out_seq=0
2024-09-15T23:14:33.976 INFO:teuthology.orchestra.run.smithi089.stdout:/usr/bin/ceph: stderr
2024-09-15T23:14:27.296+0000 7fb89bfff640 1 -- 172.21.15.89:0/393318232 <== mon.0 v2:172.21.15.89:3300/0 1 ==== mon_map magic: 0 ==== 205+0+0 (secure 0 0 0) 0x7fb8a0037070 con 0x7fb8a407dee0
2024-09-15T23:14:33.977 INFO:teuthology.orchestra.run.smithi089.stdout:/usr/bin/ceph: stderr
2024-09-15T23:14:27.296+0000 7fb89bfff640 1 -- 172.21.15.89:0/393318232 <== mon.0 v2:172.21.15.89:3300/0 2 ==== config(27 keys) ==== 1109+0+0 (secure 0 0 0) 0x7fb8a0032900 con 0x7fb8a407dee0
2024-09-15T23:14:33.977 INFO:teuthology.orchestra.run.smithi089.stdout:/usr/bin/ceph: stderr
2024-09-15T23:14:27.296+0000 7fb89bfff640 1 -- 172.21.15.89:0/393318232 <== mon.0 v2:172.21.15.89:3300/0 3 ==== mon_map magic: 0 ==== 205+0+0 (secure 0 0 0) 0x7fb8a0030850 con 0x7fb8a407dee0
2024-09-15T23:14:33.977 INFO:teuthology.orchestra.run.smithi089.stdout:/usr/bin/ceph: stderr
2024-09-15T23:14:27.296+0000 7fb8ab378640 1 -- 172.21.15.89:0/393318232 >> [v2:172.21.15.89:3300/0,v1:172.21.15.89:6789/0] conn(0x7fb8a407dee0 msgr2=0x7fb8a407c340 secure :-1 s=STATE_CONNECTION_ESTABLISHED l=1).mark_down
2024-09-15T23:14:33.977 INFO:teuthology.orchestra.run.smithi089.stdout:/usr/bin/ceph: stderr
2024-09-15T23:14:27.296+0000 7fb8ab378640 1 --2- 172.21.15.89:0/393318232 >> [v2:172.21.15.89:3300/0,v1:172.21.15.89:6789/0] conn(0x7fb8a407dee0 0x7fb8a407c340 secure :-1 s=READY pgs=20 cs=0 l=1 rev1=1 crypto rx=0x7fb8a0009820 tx=0x7fb8a002a270 comp rx=0 tx=0).stop
2024-09-15T23:14:33.977 INFO:teuthology.orchestra.run.smithi089.stdout:/usr/bin/ceph: stderr
2024-09-15T23:14:27.296+0000 7fb8ab378640 1 -- 172.21.15.89:0/393318232 shutdown_connections
2024-09-15T23:14:33.977 INFO:teuthology.orchestra.run.smithi089.stdout:/usr/bin/ceph: stderr
2024-09-15T23:14:27.296+0000 7fb8ab378640 1 --2- 172.21.15.89:0/393318232 >> [v2:172.21.15.89:3300/0,v1:172.21.15.89:6789/0] conn(0x7fb8a407dee0 0x7fb8a407c340 unknown :-1 s=CLOSED pgs=20 cs=0 l=1 rev1=1 crypto rx=0 tx=0 comp rx=0 tx=0).stop
2024-09-15T23:14:33.977 INFO:teuthology.orchestra.run.smithi089.stdout:/usr/bin/ceph: stderr
2024-09-15T23:14:27.296+0000 7fb8ab378640 1 -- 172.21.15.89:0/393318232 >> 172.21.15.89:0/393318232 conn(0x7fb8a4102ed0 msgr2=0x7fb8a41052f0 unknown :-1 s=STATE_NONE l=0).mark_down
2024-09-15T23:14:33.977 INFO:teuthology.orchestra.run.smithi089.stdout:/usr/bin/ceph: stderr
2024-09-15T23:14:27.296+0000 7fb8ab378640 1 -- 172.21.15.89:0/393318232 shutdown_connections
2024-09-15T23:14:33.977 INFO:teuthology.orchestra.run.smithi089.stdout:/usr/bin/ceph: stderr
2024-09-15T23:14:27.296+0000 7fb8ab378640 1 -- 172.21.15.89:0/393318232 wait complete.
2024-09-15T23:14:33.977 INFO:teuthology.orchestra.run.smithi089.stdout:/usr/bin/ceph: stderr
2024-09-15T23:14:27.297+0000 7fb8ab378640 1 Processor -- start
2024-09-15T23:14:33.977 INFO:teuthology.orchestra.run.smithi089.stdout:/usr/bin/ceph: stderr
2024-09-15T23:14:27.297+0000 7fb8ab378640 1 -- start start
2024-09-15T23:14:33.977 INFO:teuthology.orchestra.run.smithi089.stdout:/usr/bin/ceph: stderr
2024-09-15T23:14:27.297+0000 7fb8ab378640 1 --2- >> [v2:172.21.15.89:3300/0,v1:172.21.15.89:6789/0] conn(0x7fb8a407dee0 0x7fb8a419d900 unknown :-1 s=NONE pgs=0 cs=0 l=1 rev1=0 crypto rx=0 tx=0 comp rx=0 tx=0).connect
2024-09-15T23:14:33.977 INFO:teuthology.orchestra.run.smithi089.stdout:/usr/bin/ceph: stderr
2024-09-15T23:14:27.297+0000 7fb8ab378640 1 -- --> [v2:172.21.15.89:3300/0,v1:172.21.15.89:6789/0] -- mon_getmap magic: 0 -- 0x7fb8a410dd10 con 0x7fb8a407dee0
2024-09-15T23:14:33.978 INFO:teuthology.orchestra.run.smithi089.stdout:/usr/bin/ceph: stderr
2024-09-15T23:14:27.297+0000 7fb8a9114640 1 --2- >> [v2:172.21.15.89:3300/0,v1:172.21.15.89:6789/0] conn(0x7fb8a407dee0 0x7fb8a419d900 unknown :-1 s=BANNER_CONNECTING pgs=0 cs=0 l=1 rev1=0 crypto rx=0 tx=0 comp rx=0 tx=0)._handle_peer_banner_payload supported=3 required=0
2024-09-15T23:14:33.978 INFO:teuthology.orchestra.run.smithi089.stdout:/usr/bin/ceph: stderr
2024-09-15T23:14:27.297+0000 7fb8a9114640 1 --2- >> [v2:172.21.15.89:3300/0,v1:172.21.15.89:6789/0] conn(0x7fb8a407dee0 0x7fb8a419d900 unknown :-1 s=HELLO_CONNECTING pgs=0 cs=0 l=1 rev1=1 crypto rx=0 tx=0 comp rx=0 tx=0).handle_hello peer v2:172.21.15.89:3300/0 says I am v2:172.21.15.89:51472/0 (socket says 172.21.15.89:51472)
2024-09-15T23:14:33.978 INFO:teuthology.orchestra.run.smithi089.stdout:/usr/bin/ceph: stderr
2024-09-15T23:14:27.297+0000 7fb8a9114640 1 -- 172.21.15.89:0/3468385660 learned_addr learned my addr 172.21.15.89:0/3468385660 (peer_addr_for_me v2:172.21.15.89:0/0)
2024-09-15T23:14:33.978 INFO:teuthology.orchestra.run.smithi089.stdout:/usr/bin/ceph: stderr
2024-09-15T23:14:27.298+0000 7fb8a9114640 1 -- 172.21.15.89:0/3468385660 --> [v2:172.21.15.89:3300/0,v1:172.21.15.89:6789/0] -- mon_subscribe({config=0+,monmap=0+}) -- 0x7fb8a419de40 con 0x7fb8a407dee0
2024-09-15T23:14:33.978 INFO:teuthology.orchestra.run.smithi089.stdout:/usr/bin/ceph: stderr
2024-09-15T23:14:27.298+0000 7fb8a9114640 1 --2- 172.21.15.89:0/3468385660 >> [v2:172.21.15.89:3300/0,v1:172.21.15.89:6789/0] conn(0x7fb8a407dee0 0x7fb8a419d900 secure :-1 s=READY pgs=21 cs=0 l=1 rev1=1 crypto rx=0x7fb8a00097f0 tx=0x7fb8a0030ec0 comp rx=0 tx=0).ready entity=mon.0 client_cookie=0 server_cookie=0 in_seq=0 out_seq=0
2024-09-15T23:14:33.978 INFO:teuthology.orchestra.run.smithi089.stdout:/usr/bin/ceph: stderr
2024-09-15T23:14:27.298+0000 7fb89a7fc640 1 -- 172.21.15.89:0/3468385660 <== mon.0 v2:172.21.15.89:3300/0 1 ==== mon_map magic: 0 ==== 205+0+0 (secure 0 0 0) 0x7fb8a0042070 con 0x7fb8a407dee0
2024-09-15T23:14:33.978 INFO:teuthology.orchestra.run.smithi089.stdout:/usr/bin/ceph: stderr
2024-09-15T23:14:27.298+0000 7fb89a7fc640 1 -- 172.21.15.89:0/3468385660 <== mon.0 v2:172.21.15.89:3300/0 2 ==== config(27 keys) ==== 1109+0+0 (secure 0 0 0) 0x7fb8a0032ca0 con 0x7fb8a407dee0
2024-09-15T23:14:33.978 INFO:teuthology.orchestra.run.smithi089.stdout:/usr/bin/ceph: stderr
2024-09-15T23:14:27.298+0000 7fb8ab378640 1 -- 172.21.15.89:0/3468385660 --> [v2:172.21.15.89:3300/0,v1:172.21.15.89:6789/0] -- mon_subscribe({mgrmap=0+}) -- 0x7fb8a419e0d0 con 0x7fb8a407dee0
2024-09-15T23:14:33.978 INFO:teuthology.orchestra.run.smithi089.stdout:/usr/bin/ceph: stderr
2024-09-15T23:14:27.298+0000 7fb89a7fc640 1 -- 172.21.15.89:0/3468385660 <== mon.0 v2:172.21.15.89:3300/0 3 ==== mon_map magic: 0 ==== 205+0+0 (secure 0 0 0) 0x7fb8a0037040 con 0x7fb8a407dee0
2024-09-15T23:14:33.978 INFO:teuthology.orchestra.run.smithi089.stdout:/usr/bin/ceph: stderr
2024-09-15T23:14:27.298+0000 7fb8ab378640 1 -- 172.21.15.89:0/3468385660 --> [v2:172.21.15.89:3300/0,v1:172.21.15.89:6789/0] -- mon_subscribe({osdmap=0}) -- 0x7fb8a41a0dc0 con 0x7fb8a407dee0
2024-09-15T23:14:33.978 INFO:teuthology.orchestra.run.smithi089.stdout:/usr/bin/ceph: stderr
2024-09-15T23:14:27.299+0000 7fb89a7fc640 1 -- 172.21.15.89:0/3468385660 <== mon.0 v2:172.21.15.89:3300/0 4 ==== mgrmap(e 4) ==== 46450+0+0 (secure 0 0 0) 0x7fb8a0045070 con 0x7fb8a407dee0
2024-09-15T23:14:33.978 INFO:teuthology.orchestra.run.smithi089.stdout:/usr/bin/ceph: stderr
2024-09-15T23:14:27.299+0000 7fb89a7fc640 1 --2- 172.21.15.89:0/3468385660 >> [v2:172.21.15.89:6800/4057509998,v1:172.21.15.89:6801/4057509998] conn(0x7fb8900391b0 0x7fb89003b670 unknown :-1 s=NONE pgs=0 cs=0 l=1 rev1=0 crypto rx=0 tx=0 comp rx=0 tx=0).connect
2024-09-15T23:14:33.978 INFO:teuthology.orchestra.run.smithi089.stdout:/usr/bin/ceph: stderr
2024-09-15T23:14:27.299+0000 7fb8ab378640 1 -- 172.21.15.89:0/3468385660 --> [v2:172.21.15.89:3300/0,v1:172.21.15.89:6789/0] -- mon_command({"prefix": "get_command_descriptions"} v 0) -- 0x7fb8a407c3c0 con 0x7fb8a407dee0
2024-09-15T23:14:33.979 INFO:teuthology.orchestra.run.smithi089.stdout:/usr/bin/ceph: stderr
2024-09-15T23:14:27.299+0000 7fb89a7fc640 1 -- 172.21.15.89:0/3468385660 <== mon.0 v2:172.21.15.89:3300/0 5 ==== osd_map(1..1 src has 1..1) ==== 725+0+0 (secure 0 0 0) 0x7fb8a006c210 con 0x7fb8a407dee0
2024-09-15T23:14:33.979 INFO:teuthology.orchestra.run.smithi089.stdout:/usr/bin/ceph: stderr
2024-09-15T23:14:27.299+0000 7fb8a8913640 1 --2- 172.21.15.89:0/3468385660 >> [v2:172.21.15.89:6800/4057509998,v1:172.21.15.89:6801/4057509998] conn(0x7fb8900391b0 0x7fb89003b670 unknown :-1 s=BANNER_CONNECTING pgs=0 cs=0 l=1 rev1=0 crypto rx=0 tx=0 comp rx=0 tx=0)._handle_peer_banner_payload supported=3 required=0
2024-09-15T23:14:33.979 INFO:teuthology.orchestra.run.smithi089.stdout:/usr/bin/ceph: stderr
2024-09-15T23:14:27.300+0000 7fb8a8913640 1 --2- 172.21.15.89:0/3468385660 >> [v2:172.21.15.89:6800/4057509998,v1:172.21.15.89:6801/4057509998] conn(0x7fb8900391b0 0x7fb89003b670 secure :-1 s=READY pgs=8 cs=0 l=1 rev1=1 crypto rx=0x7fb8940098c0 tx=0x7fb894006db0 comp rx=0 tx=0).ready entity=mgr.14100 client_cookie=0 server_cookie=0 in_seq=0 out_seq=0
2024-09-15T23:14:33.979 INFO:teuthology.orchestra.run.smithi089.stdout:/usr/bin/ceph: stderr
2024-09-15T23:14:27.304+0000 7fb89a7fc640 1 -- 172.21.15.89:0/3468385660 <== mon.0 v2:172.21.15.89:3300/0 6 ==== mon_command_ack([{"prefix": "get_command_descriptions"}]=0 v0) ==== 72+0+188821 (secure 0 0 0) 0x7fb8a0045520 con 0x7fb8a407dee0
2024-09-15T23:14:33.979 INFO:teuthology.orchestra.run.smithi089.stdout:/usr/bin/ceph: stderr
2024-09-15T23:14:27.517+0000 7fb8ab378640 1 -- 172.21.15.89:0/3468385660 --> [v2:172.21.15.89:3300/0,v1:172.21.15.89:6789/0] -- mon_command({"prefix": "mgr module enable", "module": "cephadm"} v 0) -- 0x7fb8a41a1440 con 0x7fb8a407dee0
2024-09-15T23:14:33.979 INFO:teuthology.orchestra.run.smithi089.stdout:/usr/bin/ceph: stderr
2024-09-15T23:14:27.568+0000 7fb89a7fc640 1 -- 172.21.15.89:0/3468385660 <== mon.0 v2:172.21.15.89:3300/0 7 ==== mon_command_ack([{"prefix": "mgr module enable", "module": "cephadm"}]=0 v5) ==== 86+0+0 (secure 0 0 0) 0x7fb8a0050090 con 0x7fb8a407dee0
2024-09-15T23:14:33.979 INFO:teuthology.orchestra.run.smithi089.stdout:/usr/bin/ceph: stderr
2024-09-15T23:14:27.570+0000 7fb89a7fc640 1 -- 172.21.15.89:0/3468385660 <== mon.0 v2:172.21.15.89:3300/0 8 ==== mgrmap(e 5) ==== 46461+0+0 (secure 0 0 0) 0x7fb8a003c6a0 con 0x7fb8a407dee0
2024-09-15T23:14:33.979 INFO:teuthology.orchestra.run.smithi089.stdout:/usr/bin/ceph: stderr
2024-09-15T23:14:27.571+0000 7fb8ab378640 1 -- 172.21.15.89:0/3468385660 >> [v2:172.21.15.89:6800/4057509998,v1:172.21.15.89:6801/4057509998] conn(0x7fb8900391b0 msgr2=0x7fb89003b670 secure :-1 s=STATE_CONNECTION_ESTABLISHED l=1).mark_down
2024-09-15T23:14:33.979 INFO:teuthology.orchestra.run.smithi089.stdout:/usr/bin/ceph: stderr
2024-09-15T23:14:27.571+0000 7fb8ab378640 1 --2- 172.21.15.89:0/3468385660 >> [v2:172.21.15.89:6800/4057509998,v1:172.21.15.89:6801/4057509998] conn(0x7fb8900391b0 0x7fb89003b670 secure :-1 s=READY pgs=8 cs=0 l=1 rev1=1 crypto rx=0x7fb8940098c0 tx=0x7fb894006db0 comp rx=0 tx=0).stop
2024-09-15T23:14:33.979 INFO:teuthology.orchestra.run.smithi089.stdout:/usr/bin/ceph: stderr
2024-09-15T23:14:27.571+0000 7fb8ab378640 1 -- 172.21.15.89:0/3468385660 >> [v2:172.21.15.89:3300/0,v1:172.21.15.89:6789/0] conn(0x7fb8a407dee0 msgr2=0x7fb8a419d900 secure :-1 s=STATE_CONNECTION_ESTABLISHED l=1).mark_down
2024-09-15T23:14:33.979 INFO:teuthology.orchestra.run.smithi089.stdout:/usr/bin/ceph: stderr
2024-09-15T23:14:27.571+0000 7fb8ab378640 1 --2- 172.21.15.89:0/3468385660 >> [v2:172.21.15.89:3300/0,v1:172.21.15.89:6789/0] conn(0x7fb8a407dee0 0x7fb8a419d900 secure :-1 s=READY pgs=21 cs=0 l=1 rev1=1 crypto rx=0x7fb8a00097f0 tx=0x7fb8a0030ec0 comp rx=0 tx=0).stop
2024-09-15T23:14:33.979 INFO:teuthology.orchestra.run.smithi089.stdout:/usr/bin/ceph: stderr
2024-09-15T23:14:27.571+0000 7fb8ab378640 1 -- 172.21.15.89:0/3468385660 shutdown_connections
2024-09-15T23:14:33.979 INFO:teuthology.orchestra.run.smithi089.stdout:/usr/bin/ceph: stderr
2024-09-15T23:14:27.571+0000 7fb8ab378640 1 --2- 172.21.15.89:0/3468385660 >> [v2:172.21.15.89:6800/4057509998,v1:172.21.15.89:6801/4057509998] conn(0x7fb8900391b0 0x7fb89003b670 unknown :-1 s=CLOSED pgs=8 cs=0 l=1 rev1=1 crypto rx=0 tx=0 comp rx=0 tx=0).stop
2024-09-15T23:14:33.980 INFO:teuthology.orchestra.run.smithi089.stdout:/usr/bin/ceph: stderr
2024-09-15T23:14:27.571+0000 7fb8ab378640 1 --2- 172.21.15.89:0/3468385660 >> [v2:172.21.15.89:3300/0,v1:172.21.15.89:6789/0] conn(0x7fb8a407dee0 0x7fb8a419d900 unknown :-1 s=CLOSED pgs=21 cs=0 l=1 rev1=1 crypto rx=0 tx=0 comp rx=0 tx=0).stop
2024-09-15T23:14:33.980 INFO:teuthology.orchestra.run.smithi089.stdout:/usr/bin/ceph: stderr
2024-09-15T23:14:27.571+0000 7fb8ab378640 1 -- 172.21.15.89:0/3468385660 >> 172.21.15.89:0/3468385660 conn(0x7fb8a4102ed0 msgr2=0x7fb8a4103ac0 unknown :-1 s=STATE_NONE l=0).mark_down
2024-09-15T23:14:33.980 INFO:teuthology.orchestra.run.smithi089.stdout:/usr/bin/ceph: stderr
2024-09-15T23:14:27.571+0000 7fb8ab378640 1 -- 172.21.15.89:0/3468385660 shutdown_connections
2024-09-15T23:14:33.980 INFO:teuthology.orchestra.run.smithi089.stdout:/usr/bin/ceph: stderr
2024-09-15T23:14:27.571+0000 7fb8ab378640 1 -- 172.21.15.89:0/3468385660 wait complete.
2024-09-15T23:14:34.810 INFO:journalctl@ceph.mon.a.smithi089.stdout:Sep 15 23:14:34 smithi089 ceph-mon[30933]: from='mgr.14118 172.21.15.89:0/953684906' entity='mgr.x' cmd=[{"prefix": "config dump", "format": "json"}]: dispatch
2024-09-15T23:14:34.811 INFO:journalctl@ceph.mgr.x.smithi089.stdout:Sep 15 23:14:34 smithi089 ceph-1b4e699c-73b8-11ef-bceb-c7b262605968-mgr-x[31161]:
2024-09-15T23:14:34.471+0000 7f62a791c640 -1 log_channel(cephadm) log [ERR] : [15/Sep/2024:23:14:34] ENGINE Error in HTTPServer.serve
2024-09-15T23:14:34.811 INFO:journalctl@ceph.mgr.x.smithi089.stdout:Sep 15 23:14:34 smithi089 ceph-1b4e699c-73b8-11ef-bceb-c7b262605968-mgr-x[31161]: Traceback (most recent call last):
2024-09-15T23:14:34.811 INFO:journalctl@ceph.mgr.x.smithi089.stdout:Sep 15 23:14:34 smithi089 ceph-1b4e699c-73b8-11ef-bceb-c7b262605968-mgr-x[31161]: File "/lib/python3.9/site-packages/cheroot/server.py", line 1823, in serve
2024-09-15T23:14:34.811 INFO:journalctl@ceph.mgr.x.smithi089.stdout:Sep 15 23:14:34 smithi089 ceph-1b4e699c-73b8-11ef-bceb-c7b262605968-mgr-x[31161]: self._connections.run(self.expiration_interval)
2024-09-15T23:14:34.811 INFO:journalctl@ceph.mgr.x.smithi089.stdout:Sep 15 23:14:34 smithi089 ceph-1b4e699c-73b8-11ef-bceb-c7b262605968-mgr-x[31161]: File "/lib/python3.9/site-packages/cheroot/connections.py", line 203, in run
2024-09-15T23:14:34.811 INFO:journalctl@ceph.mgr.x.smithi089.stdout:Sep 15 23:14:34 smithi089 ceph-1b4e699c-73b8-11ef-bceb-c7b262605968-mgr-x[31161]: self._run(expiration_interval)
2024-09-15T23:14:34.811 INFO:journalctl@ceph.mgr.x.smithi089.stdout:Sep 15 23:14:34 smithi089 ceph-1b4e699c-73b8-11ef-bceb-c7b262605968-mgr-x[31161]: File "/lib/python3.9/site-packages/cheroot/connections.py", line 246, in _run
2024-09-15T23:14:34.811 INFO:journalctl@ceph.mgr.x.smithi089.stdout:Sep 15 23:14:34 smithi089 ceph-1b4e699c-73b8-11ef-bceb-c7b262605968-mgr-x[31161]: new_conn = self._from_server_socket(self.server.socket)
2024-09-15T23:14:34.811 INFO:journalctl@ceph.mgr.x.smithi089.stdout:Sep 15 23:14:34 smithi089 ceph-1b4e699c-73b8-11ef-bceb-c7b262605968-mgr-x[31161]: File "/lib/python3.9/site-packages/cheroot/connections.py", line 300, in _from_server_socket
2024-09-15T23:14:34.811 INFO:journalctl@ceph.mgr.x.smithi089.stdout:Sep 15 23:14:34 smithi089 ceph-1b4e699c-73b8-11ef-bceb-c7b262605968-mgr-x[31161]: s, ssl_env = self.server.ssl_adapter.wrap(s)
2024-09-15T23:14:34.812 INFO:journalctl@ceph.mgr.x.smithi089.stdout:Sep 15 23:14:34 smithi089 ceph-1b4e699c-73b8-11ef-bceb-c7b262605968-mgr-x[31161]: File "/lib/python3.9/site-packages/cheroot/ssl/builtin.py", line 277, in wrap
2024-09-15T23:14:34.812 INFO:journalctl@ceph.mgr.x.smithi089.stdout:Sep 15 23:14:34 smithi089 ceph-1b4e699c-73b8-11ef-bceb-c7b262605968-mgr-x[31161]: s = self.context.wrap_socket(
2024-09-15T23:14:34.812 INFO:journalctl@ceph.mgr.x.smithi089.stdout:Sep 15 23:14:34 smithi089 ceph-1b4e699c-73b8-11ef-bceb-c7b262605968-mgr-x[31161]: File "/lib64/python3.9/ssl.py", line 501, in wrap_socket
2024-09-15T23:14:34.812 INFO:journalctl@ceph.mgr.x.smithi089.stdout:Sep 15 23:14:34 smithi089 ceph-1b4e699c-73b8-11ef-bceb-c7b262605968-mgr-x[31161]: return self.sslsocket_class._create(
2024-09-15T23:14:34.812 INFO:journalctl@ceph.mgr.x.smithi089.stdout:Sep 15 23:14:34 smithi089 ceph-1b4e699c-73b8-11ef-bceb-c7b262605968-mgr-x[31161]: File "/lib64/python3.9/ssl.py", line 1074, in _create
2024-09-15T23:14:34.812 INFO:journalctl@ceph.mgr.x.smithi089.stdout:Sep 15 23:14:34 smithi089 ceph-1b4e699c-73b8-11ef-bceb-c7b262605968-mgr-x[31161]: self.do_handshake()
2024-09-15T23:14:34.812 INFO:journalctl@ceph.mgr.x.smithi089.stdout:Sep 15 23:14:34 smithi089 ceph-1b4e699c-73b8-11ef-bceb-c7b262605968-mgr-x[31161]: File "/lib64/python3.9/ssl.py", line 1343, in do_handshake
2024-09-15T23:14:34.812 INFO:journalctl@ceph.mgr.x.smithi089.stdout:Sep 15 23:14:34 smithi089 ceph-1b4e699c-73b8-11ef-bceb-c7b262605968-mgr-x[31161]: self._sslobj.do_handshake()
2024-09-15T23:14:34.812 INFO:journalctl@ceph.mgr.x.smithi089.stdout:Sep 15 23:14:34 smithi089 ceph-1b4e699c-73b8-11ef-bceb-c7b262605968-mgr-x[31161]: ssl.SSLZeroReturnError: TLS/SSL connection has been closed (EOF) (_ssl.c:1133)
2024-09-15T23:14:34.812 INFO:journalctl@ceph.mgr.x.smithi089.stdout:Sep 15 23:14:34 smithi089 ceph-1b4e699c-73b8-11ef-bceb-c7b262605968-mgr-x[31161]:
2024-09-15T23:14:35.810 INFO:journalctl@ceph.mon.a.smithi089.stdout:Sep 15 23:14:35 smithi089 ceph-mon[30933]: [15/Sep/2024:23:14:34] ENGINE Bus STARTING
2024-09-15T23:14:35.811 INFO:journalctl@ceph.mon.a.smithi089.stdout:Sep 15 23:14:35 smithi089 ceph-mon[30933]: [15/Sep/2024:23:14:34] ENGINE Serving on http://172.21.15.89:8765
2024-09-15T23:14:35.811 INFO:journalctl@ceph.mon.a.smithi089.stdout:Sep 15 23:14:35 smithi089 ceph-mon[30933]: [15/Sep/2024:23:14:34] ENGINE Serving on https://172.21.15.89:7150
2024-09-15T23:14:35.811 INFO:journalctl@ceph.mon.a.smithi089.stdout:Sep 15 23:14:35 smithi089 ceph-mon[30933]: [15/Sep/2024:23:14:34] ENGINE Bus STARTED
2024-09-15T23:14:35.811 INFO:journalctl@ceph.mon.a.smithi089.stdout:Sep 15 23:14:35 smithi089 ceph-mon[30933]: [15/Sep/2024:23:14:34] ENGINE Error in HTTPServer.serve
2024-09-15T23:14:35.811 INFO:journalctl@ceph.mon.a.smithi089.stdout: Traceback (most recent call last):
2024-09-15T23:14:35.811 INFO:journalctl@ceph.mon.a.smithi089.stdout: File "/lib/python3.9/site-packages/cheroot/server.py", line 1823, in serve
2024-09-15T23:14:35.811 INFO:journalctl@ceph.mon.a.smithi089.stdout: self._connections.run(self.expiration_interval)
2024-09-15T23:14:35.811 INFO:journalctl@ceph.mon.a.smithi089.stdout: File "/lib/python3.9/site-packages/cheroot/connections.py", line 203, in run
2024-09-15T23:14:35.811 INFO:journalctl@ceph.mon.a.smithi089.stdout: self._run(expiration_interval)
2024-09-15T23:14:35.811 INFO:journalctl@ceph.mon.a.smithi089.stdout: File "/lib/python3.9/site-packages/cheroot/connections.py", line 246, in _run
2024-09-15T23:14:35.811 INFO:journalctl@ceph.mon.a.smithi089.stdout: new_conn = self._from_server_socket(self.server.socket)
2024-09-15T23:14:35.811 INFO:journalctl@ceph.mon.a.smithi089.stdout: File "/lib/python3.9/site-packages/cheroot/connections.py", line 300, in _from_server_socket
2024-09-15T23:14:35.812 INFO:journalctl@ceph.mon.a.smithi089.stdout: s, ssl_env = self.server.ssl_adapter.wrap(s)
2024-09-15T23:14:35.812 INFO:journalctl@ceph.mon.a.smithi089.stdout: File "/lib/python3.9/site-packages/cheroot/ssl/builtin.py", line 277, in wrap
2024-09-15T23:14:35.812 INFO:journalctl@ceph.mon.a.smithi089.stdout: s = self.context.wrap_socket(
2024-09-15T23:14:35.812 INFO:journalctl@ceph.mon.a.smithi089.stdout: File "/lib64/python3.9/ssl.py", line 501, in wrap_socket
2024-09-15T23:14:35.812 INFO:journalctl@ceph.mon.a.smithi089.stdout: return self.sslsocket_class._create(
2024-09-15T23:14:35.812 INFO:journalctl@ceph.mon.a.smithi089.stdout: File "/lib64/python3.9/ssl.py", line 1074, in _create
2024-09-15T23:14:35.812 INFO:journalctl@ceph.mon.a.smithi089.stdout: self.do_handshake()
2024-09-15T23:14:35.812 INFO:journalctl@ceph.mon.a.smithi089.stdout: File "/lib64/python3.9/ssl.py", line 1343, in do_handshake
2024-09-15T23:14:35.812 INFO:journalctl@ceph.mon.a.smithi089.stdout: self._sslobj.do_handshake()
2024-09-15T23:14:35.812 INFO:journalctl@ceph.mon.a.smithi089.stdout: ssl.SSLZeroReturnError: TLS/SSL connection has been closed (EOF) (_ssl.c:1133)
2024-09-15T23:14:35.812 INFO:journalctl@ceph.mon.a.smithi089.stdout:Sep 15 23:14:35 smithi089 ceph-mon[30933]: mgrmap e8: x(active, since 2s)
2024-09-15T23:14:37.759 INFO:journalctl@ceph.mon.a.smithi089.stdout:Sep 15 23:14:37 smithi089 ceph-mon[30933]: from='client.? 172.21.15.89:0/2240051248' entity='client.admin' cmd=[{"prefix": "mgr stat"}]: dispatch
2024-09-15T23:14:38.084 INFO:teuthology.orchestra.run.smithi089.stdout:/usr/bin/ceph: stdout {
2024-09-15T23:14:38.084 INFO:teuthology.orchestra.run.smithi089.stdout:/usr/bin/ceph: stdout "epoch": 8,
2024-09-15T23:14:38.085 INFO:teuthology.orchestra.run.smithi089.stdout:/usr/bin/ceph: stdout "available": true,
2024-09-15T23:14:38.085 INFO:teuthology.orchestra.run.smithi089.stdout:/usr/bin/ceph: stdout "active_name": "x",
2024-09-15T23:14:38.085 INFO:teuthology.orchestra.run.smithi089.stdout:/usr/bin/ceph: stdout "num_standby": 0
2024-09-15T23:14:38.085 INFO:teuthology.orchestra.run.smithi089.stdout:/usr/bin/ceph: stdout }
2024-09-15T23:14:38.085 INFO:teuthology.orchestra.run.smithi089.stdout:/usr/bin/ceph: stderr
2024-09-15T23:14:37.232+0000 7f4ce1675640 1 Processor -- start
2024-09-15T23:14:38.085 INFO:teuthology.orchestra.run.smithi089.stdout:/usr/bin/ceph: stderr
2024-09-15T23:14:37.232+0000 7f4ce1675640 1 -- start start
2024-09-15T23:14:38.085 INFO:teuthology.orchestra.run.smithi089.stdout:/usr/bin/ceph: stderr
2024-09-15T23:14:37.232+0000 7f4ce1675640 1 --2- >> [v2:172.21.15.89:3300/0,v1:172.21.15.89:6789/0] conn(0x7f4cdc1065d0 0x7f4cdc1069d0 unknown :-1 s=NONE pgs=0 cs=0 l=0 rev1=0 crypto rx=0 tx=0 comp rx=0 tx=0).connect
2024-09-15T23:14:38.085 INFO:teuthology.orchestra.run.smithi089.stdout:/usr/bin/ceph: stderr
2024-09-15T23:14:37.232+0000 7f4ce1675640 1 -- --> [v2:172.21.15.89:3300/0,v1:172.21.15.89:6789/0] -- mon_getmap magic: 0 -- 0x7f4cdc106fa0 con 0x7f4cdc1065d0
2024-09-15T23:14:38.085 INFO:teuthology.orchestra.run.smithi089.stdout:/usr/bin/ceph: stderr
2024-09-15T23:14:37.233+0000 7f4cdaffd640 1 --2- >> [v2:172.21.15.89:3300/0,v1:172.21.15.89:6789/0] conn(0x7f4cdc1065d0 0x7f4cdc1069d0 unknown :-1 s=BANNER_CONNECTING pgs=0 cs=0 l=0 rev1=0 crypto rx=0 tx=0 comp rx=0 tx=0)._handle_peer_banner_payload supported=3 required=0
2024-09-15T23:14:38.085 INFO:teuthology.orchestra.run.smithi089.stdout:/usr/bin/ceph: stderr
2024-09-15T23:14:37.233+0000 7f4cdaffd640 1 --2- >> [v2:172.21.15.89:3300/0,v1:172.21.15.89:6789/0] conn(0x7f4cdc1065d0 0x7f4cdc1069d0 unknown :-1 s=HELLO_CONNECTING pgs=0 cs=0 l=0 rev1=1 crypto rx=0 tx=0 comp rx=0 tx=0).handle_hello peer v2:172.21.15.89:3300/0 says I am v2:172.21.15.89:47862/0 (socket says 172.21.15.89:47862)
2024-09-15T23:14:38.085 INFO:teuthology.orchestra.run.smithi089.stdout:/usr/bin/ceph: stderr
2024-09-15T23:14:37.233+0000 7f4cdaffd640 1 -- 172.21.15.89:0/698291500 learned_addr learned my addr 172.21.15.89:0/698291500 (peer_addr_for_me v2:172.21.15.89:0/0)
2024-09-15T23:14:38.085 INFO:teuthology.orchestra.run.smithi089.stdout:/usr/bin/ceph: stderr
2024-09-15T23:14:37.233+0000 7f4cdaffd640 1 -- 172.21.15.89:0/698291500 --> [v2:172.21.15.89:3300/0,v1:172.21.15.89:6789/0] -- mon_subscribe({config=0+,monmap=0+}) -- 0x7f4cdc1077d0 con 0x7f4cdc1065d0
2024-09-15T23:14:38.085 INFO:teuthology.orchestra.run.smithi089.stdout:/usr/bin/ceph: stderr
2024-09-15T23:14:37.234+0000 7f4cdaffd640 1 --2- 172.21.15.89:0/698291500 >> [v2:172.21.15.89:3300/0,v1:172.21.15.89:6789/0] conn(0x7f4cdc1065d0 0x7f4cdc1069d0 secure :-1 s=READY pgs=31 cs=0 l=1 rev1=1 crypto rx=0x7f4ccc009820 tx=0x7f4ccc02a270 comp rx=0 tx=0).ready entity=mon.0 client_cookie=8968be8f51cc9ad3 server_cookie=0 in_seq=0 out_seq=0
2024-09-15T23:14:38.086 INFO:teuthology.orchestra.run.smithi089.stdout:/usr/bin/ceph: stderr
2024-09-15T23:14:37.234+0000 7f4cd9ffb640 1 -- 172.21.15.89:0/698291500 <== mon.0 v2:172.21.15.89:3300/0 1 ==== mon_map magic: 0 ==== 205+0+0 (secure 0 0 0) 0x7f4ccc037070 con 0x7f4cdc1065d0
2024-09-15T23:14:38.086 INFO:teuthology.orchestra.run.smithi089.stdout:/usr/bin/ceph: stderr
2024-09-15T23:14:37.234+0000 7f4cd9ffb640 1 -- 172.21.15.89:0/698291500 <== mon.0 v2:172.21.15.89:3300/0 2 ==== config(27 keys) ==== 1109+0+0 (secure 0 0 0) 0x7f4ccc032900 con 0x7f4cdc1065d0
2024-09-15T23:14:38.086 INFO:teuthology.orchestra.run.smithi089.stdout:/usr/bin/ceph: stderr
2024-09-15T23:14:37.234+0000 7f4cd9ffb640 1 -- 172.21.15.89:0/698291500 <== mon.0 v2:172.21.15.89:3300/0 3 ==== mon_map magic: 0 ==== 205+0+0 (secure 0 0 0) 0x7f4ccc030850 con 0x7f4cdc1065d0
2024-09-15T23:14:38.086 INFO:teuthology.orchestra.run.smithi089.stdout:/usr/bin/ceph: stderr
2024-09-15T23:14:37.235+0000 7f4ce1675640 1 -- 172.21.15.89:0/698291500 >> [v2:172.21.15.89:3300/0,v1:172.21.15.89:6789/0] conn(0x7f4cdc1065d0 msgr2=0x7f4cdc1069d0 secure :-1 s=STATE_CONNECTION_ESTABLISHED l=1).mark_down
2024-09-15T23:14:38.086 INFO:teuthology.orchestra.run.smithi089.stdout:/usr/bin/ceph: stderr
2024-09-15T23:14:37.235+0000 7f4ce1675640 1 --2- 172.21.15.89:0/698291500 >> [v2:172.21.15.89:3300/0,v1:172.21.15.89:6789/0] conn(0x7f4cdc1065d0 0x7f4cdc1069d0 secure :-1 s=READY pgs=31 cs=0 l=1 rev1=1 crypto rx=0x7f4ccc009820 tx=0x7f4ccc02a270 comp rx=0 tx=0).stop
2024-09-15T23:14:38.086 INFO:teuthology.orchestra.run.smithi089.stdout:/usr/bin/ceph: stderr
2024-09-15T23:14:37.235+0000 7f4ce1675640 1 -- 172.21.15.89:0/698291500 shutdown_connections
2024-09-15T23:14:38.086 INFO:teuthology.orchestra.run.smithi089.stdout:/usr/bin/ceph: stderr
2024-09-15T23:14:37.235+0000 7f4ce1675640 1 --2- 172.21.15.89:0/698291500 >> [v2:172.21.15.89:3300/0,v1:172.21.15.89:6789/0] conn(0x7f4cdc1065d0 0x7f4cdc1069d0 unknown :-1 s=CLOSED pgs=31 cs=0 l=1 rev1=1 crypto rx=0 tx=0 comp rx=0 tx=0).stop
2024-09-15T23:14:38.086 INFO:teuthology.orchestra.run.smithi089.stdout:/usr/bin/ceph: stderr
2024-09-15T23:14:37.235+0000 7f4ce1675640 1 -- 172.21.15.89:0/698291500 >> 172.21.15.89:0/698291500 conn(0x7f4cdc101da0 msgr2=0x7f4cdc1041c0 unknown :-1 s=STATE_NONE l=0).mark_down
2024-09-15T23:14:38.086 INFO:teuthology.orchestra.run.smithi089.stdout:/usr/bin/ceph: stderr
2024-09-15T23:14:37.235+0000 7f4ce1675640 1 -- 172.21.15.89:0/698291500 shutdown_connections
2024-09-15T23:14:38.086 INFO:teuthology.orchestra.run.smithi089.stdout:/usr/bin/ceph: stderr
2024-09-15T23:14:37.235+0000 7f4ce1675640 1 -- 172.21.15.89:0/698291500 wait complete.
2024-09-15T23:14:38.086 INFO:teuthology.orchestra.run.smithi089.stdout:/usr/bin/ceph: stderr
2024-09-15T23:14:37.235+0000 7f4ce1675640 1 Processor -- start
2024-09-15T23:14:38.086 INFO:teuthology.orchestra.run.smithi089.stdout:/usr/bin/ceph: stderr
2024-09-15T23:14:37.236+0000 7f4ce1675640 1 -- start start
2024-09-15T23:14:38.086 INFO:teuthology.orchestra.run.smithi089.stdout:/usr/bin/ceph: stderr
2024-09-15T23:14:37.236+0000 7f4ce1675640 1 --2- >> [v2:172.21.15.89:3300/0,v1:172.21.15.89:6789/0] conn(0x7f4cdc1065d0 0x7f4cdc191800 unknown :-1 s=NONE pgs=0 cs=0 l=1 rev1=0 crypto rx=0 tx=0 comp rx=0 tx=0).connect
2024-09-15T23:14:38.087 INFO:teuthology.orchestra.run.smithi089.stdout:/usr/bin/ceph: stderr
2024-09-15T23:14:37.236+0000 7f4ce1675640 1 -- --> [v2:172.21.15.89:3300/0,v1:172.21.15.89:6789/0] -- mon_getmap magic: 0 -- 0x7f4cdc10ab80 con 0x7f4cdc1065d0
2024-09-15T23:14:38.087 INFO:teuthology.orchestra.run.smithi089.stdout:/usr/bin/ceph: stderr
2024-09-15T23:14:37.236+0000 7f4cdaffd640 1 --2- >> [v2:172.21.15.89:3300/0,v1:172.21.15.89:6789/0] conn(0x7f4cdc1065d0 0x7f4cdc191800 unknown :-1 s=BANNER_CONNECTING pgs=0 cs=0 l=1 rev1=0 crypto rx=0 tx=0 comp rx=0 tx=0)._handle_peer_banner_payload supported=3 required=0
2024-09-15T23:14:38.087 INFO:teuthology.orchestra.run.smithi089.stdout:/usr/bin/ceph: stderr
2024-09-15T23:14:37.236+0000 7f4cdaffd640 1 --2- >> [v2:172.21.15.89:3300/0,v1:172.21.15.89:6789/0] conn(0x7f4cdc1065d0 0x7f4cdc191800 unknown :-1 s=HELLO_CONNECTING pgs=0 cs=0 l=1 rev1=1 crypto rx=0 tx=0 comp rx=0 tx=0).handle_hello peer v2:172.21.15.89:3300/0 says I am v2:172.21.15.89:47870/0 (socket says 172.21.15.89:47870)
2024-09-15T23:14:38.087 INFO:teuthology.orchestra.run.smithi089.stdout:/usr/bin/ceph: stderr
2024-09-15T23:14:37.236+0000 7f4cdaffd640 1 -- 172.21.15.89:0/2240051248 learned_addr learned my addr 172.21.15.89:0/2240051248 (peer_addr_for_me v2:172.21.15.89:0/0)
2024-09-15T23:14:38.087 INFO:teuthology.orchestra.run.smithi089.stdout:/usr/bin/ceph: stderr
2024-09-15T23:14:37.236+0000 7f4cdaffd640 1 -- 172.21.15.89:0/2240051248 --> [v2:172.21.15.89:3300/0,v1:172.21.15.89:6789/0] -- mon_subscribe({config=0+,monmap=0+}) -- 0x7f4cdc191d40 con 0x7f4cdc1065d0
2024-09-15T23:14:38.087 INFO:teuthology.orchestra.run.smithi089.stdout:/usr/bin/ceph: stderr
2024-09-15T23:14:37.236+0000 7f4cdaffd640 1 --2- 172.21.15.89:0/2240051248 >> [v2:172.21.15.89:3300/0,v1:172.21.15.89:6789/0] conn(0x7f4cdc1065d0 0x7f4cdc191800 secure :-1 s=READY pgs=32 cs=0 l=1 rev1=1 crypto rx=0x7f4ccc0097f0 tx=0x7f4ccc030d80 comp rx=0 tx=0).ready entity=mon.0 client_cookie=0 server_cookie=0 in_seq=0 out_seq=0
2024-09-15T23:14:38.087 INFO:teuthology.orchestra.run.smithi089.stdout:/usr/bin/ceph: stderr
2024-09-15T23:14:37.236+0000 7f4cc3fff640 1 -- 172.21.15.89:0/2240051248 <== mon.0 v2:172.21.15.89:3300/0 1 ==== mon_map magic: 0 ==== 205+0+0 (secure 0 0 0) 0x7f4ccc037040 con 0x7f4cdc1065d0
2024-09-15T23:14:38.087 INFO:teuthology.orchestra.run.smithi089.stdout:/usr/bin/ceph: stderr
2024-09-15T23:14:37.237+0000 7f4cc3fff640 1 -- 172.21.15.89:0/2240051248 <== mon.0 v2:172.21.15.89:3300/0 2 ==== config(27 keys) ==== 1109+0+0 (secure 0 0 0) 0x7f4ccc040070 con 0x7f4cdc1065d0
2024-09-15T23:14:38.087 INFO:teuthology.orchestra.run.smithi089.stdout:/usr/bin/ceph: stderr
2024-09-15T23:14:37.237+0000 7f4ce1675640 1 -- 172.21.15.89:0/2240051248 --> [v2:172.21.15.89:3300/0,v1:172.21.15.89:6789/0] -- mon_subscribe({mgrmap=0+}) -- 0x7f4cdc18ff30 con 0x7f4cdc1065d0
2024-09-15T23:14:38.087 INFO:teuthology.orchestra.run.smithi089.stdout:/usr/bin/ceph: stderr
2024-09-15T23:14:37.237+0000 7f4cc3fff640 1 -- 172.21.15.89:0/2240051248 <== mon.0 v2:172.21.15.89:3300/0 3 ==== mon_map magic: 0 ==== 205+0+0 (secure 0 0 0) 0x7f4ccc03a390 con 0x7f4cdc1065d0
2024-09-15T23:14:38.087 INFO:teuthology.orchestra.run.smithi089.stdout:/usr/bin/ceph: stderr
2024-09-15T23:14:37.237+0000 7f4ce1675640 1 -- 172.21.15.89:0/2240051248 --> [v2:172.21.15.89:3300/0,v1:172.21.15.89:6789/0] -- mon_subscribe({osdmap=0}) -- 0x7f4cdc190410 con 0x7f4cdc1065d0
2024-09-15T23:14:38.087 INFO:teuthology.orchestra.run.smithi089.stdout:/usr/bin/ceph: stderr
2024-09-15T23:14:37.238+0000 7f4cc3fff640 1 -- 172.21.15.89:0/2240051248 <== mon.0 v2:172.21.15.89:3300/0 4 ==== mgrmap(e 8) ==== 46461+0+0 (secure 0 0 0) 0x7f4ccc03b430 con 0x7f4cdc1065d0
2024-09-15T23:14:38.087 INFO:teuthology.orchestra.run.smithi089.stdout:/usr/bin/ceph: stderr
2024-09-15T23:14:37.238+0000 7f4ce1675640 1 -- 172.21.15.89:0/2240051248 --> [v2:172.21.15.89:3300/0,v1:172.21.15.89:6789/0] -- mon_command({"prefix": "get_command_descriptions"} v 0) -- 0x7f4cdc10ad00 con 0x7f4cdc1065d0
2024-09-15T23:14:38.087 INFO:teuthology.orchestra.run.smithi089.stdout:/usr/bin/ceph: stderr
2024-09-15T23:14:37.238+0000 7f4cc3fff640 1 --2- 172.21.15.89:0/2240051248 >> [v2:172.21.15.89:6800/429862840,v1:172.21.15.89:6801/429862840] conn(0x7f4cc40391b0 0x7f4cc403b670 unknown :-1 s=NONE pgs=0 cs=0 l=1 rev1=0 crypto rx=0 tx=0 comp rx=0 tx=0).connect
2024-09-15T23:14:38.088 INFO:teuthology.orchestra.run.smithi089.stdout:/usr/bin/ceph: stderr
2024-09-15T23:14:37.238+0000 7f4cc3fff640 1 -- 172.21.15.89:0/2240051248 <== mon.0 v2:172.21.15.89:3300/0 5 ==== osd_map(2..2 src has 1..2) ==== 940+0+0 (secure 0 0 0) 0x7f4ccc06c7a0 con 0x7f4cdc1065d0
2024-09-15T23:14:38.088 INFO:teuthology.orchestra.run.smithi089.stdout:/usr/bin/ceph: stderr
2024-09-15T23:14:37.238+0000 7f4cda7fc640 1 --2- 172.21.15.89:0/2240051248 >> [v2:172.21.15.89:6800/429862840,v1:172.21.15.89:6801/429862840] conn(0x7f4cc40391b0 0x7f4cc403b670 unknown :-1 s=BANNER_CONNECTING pgs=0 cs=0 l=1 rev1=0 crypto rx=0 tx=0 comp rx=0 tx=0)._handle_peer_banner_payload supported=3 required=0
2024-09-15T23:14:38.088 INFO:teuthology.orchestra.run.smithi089.stdout:/usr/bin/ceph: stderr
2024-09-15T23:14:37.238+0000 7f4cda7fc640 1 --2- 172.21.15.89:0/2240051248 >> [v2:172.21.15.89:6800/429862840,v1:172.21.15.89:6801/429862840] conn(0x7f4cc40391b0 0x7f4cc403b670 secure :-1 s=READY pgs=6 cs=0 l=1 rev1=1 crypto rx=0x7f4cd00098c0 tx=0x7f4cd0006db0 comp rx=0 tx=0).ready entity=mgr.14118 client_cookie=0 server_cookie=0 in_seq=0 out_seq=0
2024-09-15T23:14:38.088 INFO:teuthology.orchestra.run.smithi089.stdout:/usr/bin/ceph: stderr
2024-09-15T23:14:37.243+0000 7f4cc3fff640 1 -- 172.21.15.89:0/2240051248 <== mon.0 v2:172.21.15.89:3300/0 6 ==== mon_command_ack([{"prefix": "get_command_descriptions"}]=0 v0) ==== 72+0+188821 (secure 0 0 0) 0x7f4ccc032900 con 0x7f4cdc1065d0
2024-09-15T23:14:38.088 INFO:teuthology.orchestra.run.smithi089.stdout:/usr/bin/ceph: stderr
2024-09-15T23:14:37.452+0000 7f4ce1675640 1 -- 172.21.15.89:0/2240051248 --> [v2:172.21.15.89:3300/0,v1:172.21.15.89:6789/0] -- mon_command({"prefix": "mgr stat"} v 0) -- 0x7f4cdc195600 con 0x7f4cdc1065d0
2024-09-15T23:14:38.088 INFO:teuthology.orchestra.run.smithi089.stdout:/usr/bin/ceph: stderr
2024-09-15T23:14:37.453+0000 7f4cc3fff640 1 -- 172.21.15.89:0/2240051248 <== mon.0 v2:172.21.15.89:3300/0 7 ==== mon_command_ack([{"prefix": "mgr stat"}]=0 v8) ==== 56+0+88 (secure 0 0 0) 0x7f4ccc040ca0 con 0x7f4cdc1065d0
2024-09-15T23:14:38.088 INFO:teuthology.orchestra.run.smithi089.stdout:/usr/bin/ceph: stderr
2024-09-15T23:14:37.455+0000 7f4ce1675640 1 -- 172.21.15.89:0/2240051248 >> [v2:172.21.15.89:6800/429862840,v1:172.21.15.89:6801/429862840] conn(0x7f4cc40391b0 msgr2=0x7f4cc403b670 secure :-1 s=STATE_CONNECTION_ESTABLISHED l=1).mark_down
2024-09-15T23:14:38.088 INFO:teuthology.orchestra.run.smithi089.stdout:/usr/bin/ceph: stderr
2024-09-15T23:14:37.455+0000 7f4ce1675640 1 --2- 172.21.15.89:0/2240051248 >> [v2:172.21.15.89:6800/429862840,v1:172.21.15.89:6801/429862840] conn(0x7f4cc40391b0 0x7f4cc403b670 secure :-1 s=READY pgs=6 cs=0 l=1 rev1=1 crypto rx=0x7f4cd00098c0 tx=0x7f4cd0006db0 comp rx=0 tx=0).stop
2024-09-15T23:14:38.088 INFO:teuthology.orchestra.run.smithi089.stdout:/usr/bin/ceph: stderr
2024-09-15T23:14:37.455+0000 7f4ce1675640 1 -- 172.21.15.89:0/2240051248 >> [v2:172.21.15.89:3300/0,v1:172.21.15.89:6789/0] conn(0x7f4cdc1065d0 msgr2=0x7f4cdc191800 secure :-1 s=STATE_CONNECTION_ESTABLISHED l=1).mark_down
2024-09-15T23:14:38.088 INFO:teuthology.orchestra.run.smithi089.stdout:/usr/bin/ceph: stderr
2024-09-15T23:14:37.455+0000 7f4ce1675640 1 --2- 172.21.15.89:0/2240051248 >> [v2:172.21.15.89:3300/0,v1:172.21.15.89:6789/0] conn(0x7f4cdc1065d0 0x7f4cdc191800 secure :-1 s=READY pgs=32 cs=0 l=1 rev1=1 crypto rx=0x7f4ccc0097f0 tx=0x7f4ccc030d80 comp rx=0 tx=0).stop
2024-09-15T23:14:38.088 INFO:teuthology.orchestra.run.smithi089.stdout:/usr/bin/ceph: stderr
2024-09-15T23:14:37.455+0000 7f4ce1675640 1 -- 172.21.15.89:0/2240051248 shutdown_connections
2024-09-15T23:14:38.088 INFO:teuthology.orchestra.run.smithi089.stdout:/usr/bin/ceph: stderr
2024-09-15T23:14:37.455+0000 7f4ce1675640 1 --2- 172.21.15.89:0/2240051248 >> [v2:172.21.15.89:6800/429862840,v1:172.21.15.89:6801/429862840] conn(0x7f4cc40391b0 0x7f4cc403b670 unknown :-1 s=CLOSED pgs=6 cs=0 l=1 rev1=1 crypto rx=0 tx=0 comp rx=0 tx=0).stop
2024-09-15T23:14:38.088 INFO:teuthology.orchestra.run.smithi089.stdout:/usr/bin/ceph: stderr
2024-09-15T23:14:37.455+0000 7f4ce1675640 1 --2- 172.21.15.89:0/2240051248 >> [v2:172.21.15.89:3300/0,v1:172.21.15.89:6789/0] conn(0x7f4cdc1065d0 0x7f4cdc191800 unknown :-1 s=CLOSED pgs=32 cs=0 l=1 rev1=1 crypto rx=0 tx=0 comp rx=0 tx=0).stop
2024-09-15T23:14:38.089 INFO:teuthology.orchestra.run.smithi089.stdout:/usr/bin/ceph: stderr
2024-09-15T23:14:37.455+0000 7f4ce1675640 1 -- 172.21.15.89:0/2240051248 >> 172.21.15.89:0/2240051248 conn(0x7f4cdc101da0 msgr2=0x7f4cdc102c90 unknown :-1 s=STATE_NONE l=0).mark_down
2024-09-15T23:14:38.089 INFO:teuthology.orchestra.run.smithi089.stdout:/usr/bin/ceph: stderr
2024-09-15T23:14:37.455+0000 7f4ce1675640 1 -- 172.21.15.89:0/2240051248 shutdown_connections
2024-09-15T23:14:38.089 INFO:teuthology.orchestra.run.smithi089.stdout:/usr/bin/ceph: stderr
2024-09-15T23:14:37.455+0000 7f4ce1675640 1 -- 172.21.15.89:0/2240051248 wait complete.
2024-09-15T23:14:38.089 INFO:teuthology.orchestra.run.smithi089.stdout:Waiting for the mgr to restart...
2024-09-15T23:14:38.089 INFO:teuthology.orchestra.run.smithi089.stdout:Waiting for mgr epoch 8...
2024-09-15T23:14:39.024 INFO:journalctl@ceph.mon.a.smithi089.stdout:Sep 15 23:14:38 smithi089 ceph-mon[30933]: from='client.14128 -' entity='client.admin' cmd=[{"prefix": "get_command_descriptions"}]: dispatch
2024-09-15T23:14:39.024 INFO:journalctl@ceph.mon.a.smithi089.stdout:Sep 15 23:14:38 smithi089 ceph-mon[30933]: from='client.14128 -' entity='client.admin' cmd=[{"prefix": "mgr_status"}]: dispatch
2024-09-15T23:14:39.032 INFO:teuthology.orchestra.run.smithi089.stdout:/usr/bin/ceph: stdout {
2024-09-15T23:14:39.033 INFO:teuthology.orchestra.run.smithi089.stdout:/usr/bin/ceph: stdout "mgrmap_epoch": 8,
2024-09-15T23:14:39.033 INFO:teuthology.orchestra.run.smithi089.stdout:/usr/bin/ceph: stdout "initialized": true
2024-09-15T23:14:39.033 INFO:teuthology.orchestra.run.smithi089.stdout:/usr/bin/ceph: stdout }
2024-09-15T23:14:39.033 INFO:teuthology.orchestra.run.smithi089.stdout:/usr/bin/ceph: stderr
2024-09-15T23:14:38.471+0000 7f3026a95640 1 Processor -- start
2024-09-15T23:14:39.033 INFO:teuthology.orchestra.run.smithi089.stdout:/usr/bin/ceph: stderr
2024-09-15T23:14:38.471+0000 7f3026a95640 1 -- start start
2024-09-15T23:14:39.033 INFO:teuthology.orchestra.run.smithi089.stdout:/usr/bin/ceph: stderr
2024-09-15T23:14:38.471+0000 7f3026a95640 1 --2- >> [v2:172.21.15.89:3300/0,v1:172.21.15.89:6789/0] conn(0x7f302007dee0 0x7f302007c340 unknown :-1 s=NONE pgs=0 cs=0 l=0 rev1=0 crypto rx=0 tx=0 comp rx=0 tx=0).connect
2024-09-15T23:14:39.033 INFO:teuthology.orchestra.run.smithi089.stdout:/usr/bin/ceph: stderr
2024-09-15T23:14:38.471+0000 7f3026a95640 1 -- --> [v2:172.21.15.89:3300/0,v1:172.21.15.89:6789/0] -- mon_getmap magic: 0 -- 0x7f302007c910 con 0x7f302007dee0
2024-09-15T23:14:39.033 INFO:teuthology.orchestra.run.smithi089.stdout:/usr/bin/ceph: stderr
2024-09-15T23:14:38.472+0000 7f3024831640 1 --2- >> [v2:172.21.15.89:3300/0,v1:172.21.15.89:6789/0] conn(0x7f302007dee0 0x7f302007c340 unknown :-1 s=BANNER_CONNECTING pgs=0 cs=0 l=0 rev1=0 crypto rx=0 tx=0 comp rx=0 tx=0)._handle_peer_banner_payload supported=3 required=0
2024-09-15T23:14:39.033 INFO:teuthology.orchestra.run.smithi089.stdout:/usr/bin/ceph: stderr
2024-09-15T23:14:38.472+0000 7f3024831640 1 --2- >> [v2:172.21.15.89:3300/0,v1:172.21.15.89:6789/0] conn(0x7f302007dee0 0x7f302007c340 unknown :-1 s=HELLO_CONNECTING pgs=0 cs=0 l=0 rev1=1 crypto rx=0 tx=0 comp rx=0 tx=0).handle_hello peer v2:172.21.15.89:3300/0 says I am v2:172.21.15.89:47880/0 (socket says 172.21.15.89:47880)
2024-09-15T23:14:39.034 INFO:teuthology.orchestra.run.smithi089.stdout:/usr/bin/ceph: stderr
2024-09-15T23:14:38.472+0000 7f3024831640 1 -- 172.21.15.89:0/3497900128 learned_addr learned my addr 172.21.15.89:0/3497900128 (peer_addr_for_me v2:172.21.15.89:0/0)
2024-09-15T23:14:39.034 INFO:teuthology.orchestra.run.smithi089.stdout:/usr/bin/ceph: stderr
2024-09-15T23:14:38.472+0000 7f3024831640 1 -- 172.21.15.89:0/3497900128 --> [v2:172.21.15.89:3300/0,v1:172.21.15.89:6789/0] -- mon_subscribe({config=0+,monmap=0+}) -- 0x7f302007ca90 con 0x7f302007dee0
2024-09-15T23:14:39.034 INFO:teuthology.orchestra.run.smithi089.stdout:/usr/bin/ceph: stderr
2024-09-15T23:14:38.472+0000 7f3024831640 1 --2- 172.21.15.89:0/3497900128 >> [v2:172.21.15.89:3300/0,v1:172.21.15.89:6789/0] conn(0x7f302007dee0 0x7f302007c340 secure :-1 s=READY pgs=33 cs=0 l=1 rev1=1 crypto rx=0x7f3014009820 tx=0x7f301402a270 comp rx=0 tx=0).ready entity=mon.0 client_cookie=1b1bb93f05cf26ab server_cookie=0 in_seq=0 out_seq=0
2024-09-15T23:14:39.034 INFO:teuthology.orchestra.run.smithi089.stdout:/usr/bin/ceph: stderr
2024-09-15T23:14:38.473+0000 7f301f7fe640 1 -- 172.21.15.89:0/3497900128 <== mon.0 v2:172.21.15.89:3300/0 1 ==== mon_map magic: 0 ==== 205+0+0 (secure 0 0 0) 0x7f3014037070 con 0x7f302007dee0
2024-09-15T23:14:39.034 INFO:teuthology.orchestra.run.smithi089.stdout:/usr/bin/ceph: stderr
2024-09-15T23:14:38.473+0000 7f301f7fe640 1 -- 172.21.15.89:0/3497900128 <== mon.0 v2:172.21.15.89:3300/0 2 ==== config(27 keys) ==== 1109+0+0 (secure 0 0 0) 0x7f3014032900 con 0x7f302007dee0
2024-09-15T23:14:39.034 INFO:teuthology.orchestra.run.smithi089.stdout:/usr/bin/ceph: stderr
2024-09-15T23:14:38.473+0000 7f301f7fe640 1 -- 172.21.15.89:0/3497900128 <== mon.0 v2:172.21.15.89:3300/0 3 ==== mon_map magic: 0 ==== 205+0+0 (secure 0 0 0) 0x7f3014030850 con 0x7f302007dee0
2024-09-15T23:14:39.034 INFO:teuthology.orchestra.run.smithi089.stdout:/usr/bin/ceph: stderr
2024-09-15T23:14:38.473+0000 7f3026a95640 1 -- 172.21.15.89:0/3497900128 >> [v2:172.21.15.89:3300/0,v1:172.21.15.89:6789/0] conn(0x7f302007dee0 msgr2=0x7f302007c340 secure :-1 s=STATE_CONNECTION_ESTABLISHED l=1).mark_down
2024-09-15T23:14:39.034 INFO:teuthology.orchestra.run.smithi089.stdout:/usr/bin/ceph: stderr
2024-09-15T23:14:38.473+0000 7f3026a95640 1 --2- 172.21.15.89:0/3497900128 >> [v2:172.21.15.89:3300/0,v1:172.21.15.89:6789/0] conn(0x7f302007dee0 0x7f302007c340 secure :-1 s=READY pgs=33 cs=0 l=1 rev1=1 crypto rx=0x7f3014009820 tx=0x7f301402a270 comp rx=0 tx=0).stop
2024-09-15T23:14:39.034 INFO:teuthology.orchestra.run.smithi089.stdout:/usr/bin/ceph: stderr
2024-09-15T23:14:38.473+0000 7f3026a95640 1 -- 172.21.15.89:0/3497900128 shutdown_connections
2024-09-15T23:14:39.035 INFO:teuthology.orchestra.run.smithi089.stdout:/usr/bin/ceph: stderr
2024-09-15T23:14:38.473+0000 7f3026a95640 1 --2- 172.21.15.89:0/3497900128 >> [v2:172.21.15.89:3300/0,v1:172.21.15.89:6789/0] conn(0x7f302007dee0 0x7f302007c340 unknown :-1 s=CLOSED pgs=33 cs=0 l=1 rev1=1 crypto rx=0 tx=0 comp rx=0 tx=0).stop
2024-09-15T23:14:39.035 INFO:teuthology.orchestra.run.smithi089.stdout:/usr/bin/ceph: stderr
2024-09-15T23:14:38.473+0000 7f3026a95640 1 -- 172.21.15.89:0/3497900128 >> 172.21.15.89:0/3497900128 conn(0x7f3020102ed0 msgr2=0x7f30201052f0 unknown :-1 s=STATE_NONE l=0).mark_down
2024-09-15T23:14:39.035 INFO:teuthology.orchestra.run.smithi089.stdout:/usr/bin/ceph: stderr
2024-09-15T23:14:38.473+0000 7f3026a95640 1 -- 172.21.15.89:0/3497900128 shutdown_connections
2024-09-15T23:14:39.035 INFO:teuthology.orchestra.run.smithi089.stdout:/usr/bin/ceph: stderr
2024-09-15T23:14:38.473+0000 7f3026a95640 1 -- 172.21.15.89:0/3497900128 wait complete.
2024-09-15T23:14:39.035 INFO:teuthology.orchestra.run.smithi089.stdout:/usr/bin/ceph: stderr
2024-09-15T23:14:38.474+0000 7f3026a95640 1 Processor -- start
2024-09-15T23:14:39.035 INFO:teuthology.orchestra.run.smithi089.stdout:/usr/bin/ceph: stderr
2024-09-15T23:14:38.474+0000 7f3026a95640 1 -- start start
2024-09-15T23:14:39.035 INFO:teuthology.orchestra.run.smithi089.stdout:/usr/bin/ceph: stderr
2024-09-15T23:14:38.474+0000 7f3026a95640 1 --2- >> [v2:172.21.15.89:3300/0,v1:172.21.15.89:6789/0] conn(0x7f302007dee0 0x7f302019d990 unknown :-1 s=NONE pgs=0 cs=0 l=1 rev1=0 crypto rx=0 tx=0 comp rx=0 tx=0).connect
2024-09-15T23:14:39.035 INFO:teuthology.orchestra.run.smithi089.stdout:/usr/bin/ceph: stderr
2024-09-15T23:14:38.474+0000 7f3026a95640 1 -- --> [v2:172.21.15.89:3300/0,v1:172.21.15.89:6789/0] -- mon_getmap magic: 0 -- 0x7f302010dd70 con 0x7f302007dee0
2024-09-15T23:14:39.035 INFO:teuthology.orchestra.run.smithi089.stdout:/usr/bin/ceph: stderr
2024-09-15T23:14:38.474+0000 7f3024831640 1 --2- >> [v2:172.21.15.89:3300/0,v1:172.21.15.89:6789/0] conn(0x7f302007dee0 0x7f302019d990 unknown :-1 s=BANNER_CONNECTING pgs=0 cs=0 l=1 rev1=0 crypto rx=0 tx=0 comp rx=0 tx=0)._handle_peer_banner_payload supported=3 required=0
2024-09-15T23:14:39.035 INFO:teuthology.orchestra.run.smithi089.stdout:/usr/bin/ceph: stderr
2024-09-15T23:14:38.474+0000 7f3024831640 1 --2- >> [v2:172.21.15.89:3300/0,v1:172.21.15.89:6789/0] conn(0x7f302007dee0 0x7f302019d990 unknown :-1 s=HELLO_CONNECTING pgs=0 cs=0 l=1 rev1=1 crypto rx=0 tx=0 comp rx=0 tx=0).handle_hello peer v2:172.21.15.89:3300/0 says I am v2:172.21.15.89:47888/0 (socket says 172.21.15.89:47888)
2024-09-15T23:14:39.035 INFO:teuthology.orchestra.run.smithi089.stdout:/usr/bin/ceph: stderr
2024-09-15T23:14:38.474+0000 7f3024831640 1 -- 172.21.15.89:0/383638052 learned_addr learned my addr 172.21.15.89:0/383638052 (peer_addr_for_me v2:172.21.15.89:0/0)
2024-09-15T23:14:39.035 INFO:teuthology.orchestra.run.smithi089.stdout:/usr/bin/ceph: stderr
2024-09-15T23:14:38.474+0000 7f3024831640 1 -- 172.21.15.89:0/383638052 --> [v2:172.21.15.89:3300/0,v1:172.21.15.89:6789/0] -- mon_subscribe({config=0+,monmap=0+}) -- 0x7f302019ded0 con 0x7f302007dee0
2024-09-15T23:14:39.035 INFO:teuthology.orchestra.run.smithi089.stdout:/usr/bin/ceph: stderr
2024-09-15T23:14:38.475+0000 7f3024831640 1 --2- 172.21.15.89:0/383638052 >> [v2:172.21.15.89:3300/0,v1:172.21.15.89:6789/0] conn(0x7f302007dee0 0x7f302019d990 secure :-1 s=READY pgs=34 cs=0 l=1 rev1=1 crypto rx=0x7f30140097f0 tx=0x7f3014030ec0 comp rx=0 tx=0).ready entity=mon.0 client_cookie=0 server_cookie=0 in_seq=0 out_seq=0
2024-09-15T23:14:39.036 INFO:teuthology.orchestra.run.smithi089.stdout:/usr/bin/ceph: stderr
2024-09-15T23:14:38.475+0000 7f301dffb640 1 -- 172.21.15.89:0/383638052 <== mon.0 v2:172.21.15.89:3300/0 1 ==== mon_map magic: 0 ==== 205+0+0 (secure 0 0 0) 0x7f3014042070 con 0x7f302007dee0
2024-09-15T23:14:39.036 INFO:teuthology.orchestra.run.smithi089.stdout:/usr/bin/ceph: stderr
2024-09-15T23:14:38.475+0000 7f301dffb640 1 -- 172.21.15.89:0/383638052 <== mon.0 v2:172.21.15.89:3300/0 2 ==== config(27 keys) ==== 1109+0+0 (secure 0 0 0) 0x7f3014032ca0 con 0x7f302007dee0
2024-09-15T23:14:39.036 INFO:teuthology.orchestra.run.smithi089.stdout:/usr/bin/ceph: stderr
2024-09-15T23:14:38.475+0000 7f3026a95640 1 -- 172.21.15.89:0/383638052 --> [v2:172.21.15.89:3300/0,v1:172.21.15.89:6789/0] -- mon_subscribe({mgrmap=0+}) -- 0x7f302019e160 con 0x7f302007dee0
2024-09-15T23:14:39.036 INFO:teuthology.orchestra.run.smithi089.stdout:/usr/bin/ceph: stderr
2024-09-15T23:14:38.475+0000 7f301dffb640 1 -- 172.21.15.89:0/383638052 <== mon.0 v2:172.21.15.89:3300/0 3 ==== mon_map magic: 0 ==== 205+0+0 (secure 0 0 0) 0x7f3014037040 con 0x7f302007dee0
2024-09-15T23:14:39.036 INFO:teuthology.orchestra.run.smithi089.stdout:/usr/bin/ceph: stderr
2024-09-15T23:14:38.475+0000 7f3026a95640 1 -- 172.21.15.89:0/383638052 --> [v2:172.21.15.89:3300/0,v1:172.21.15.89:6789/0] -- mon_subscribe({osdmap=0}) -- 0x7f30201a0e50 con 0x7f302007dee0
2024-09-15T23:14:39.036 INFO:teuthology.orchestra.run.smithi089.stdout:/usr/bin/ceph: stderr
2024-09-15T23:14:38.476+0000 7f301dffb640 1 -- 172.21.15.89:0/383638052 <== mon.0 v2:172.21.15.89:3300/0 4 ==== mgrmap(e 8) ==== 46461+0+0 (secure 0 0 0) 0x7f3014045070 con 0x7f302007dee0
2024-09-15T23:14:39.036 INFO:teuthology.orchestra.run.smithi089.stdout:/usr/bin/ceph: stderr
