2024-09-15T23:14:49.681 INFO:teuthology.orchestra.run.smithi089.stdout:/usr/bin/ceph: stderr
2024-09-15T23:14:48.722+0000 7f8777713640 1 -- 172.21.15.89:0/1992920308 --> [v2:172.21.15.89:3300/0,v1:172.21.15.89:6789/0] -- mon_command({"prefix": "get_command_descriptions"} v 0) -- 0x7f877010acb0 con 0x7f8770106580
2024-09-15T23:14:49.681 INFO:teuthology.orchestra.run.smithi089.stdout:/usr/bin/ceph: stderr
2024-09-15T23:14:48.722+0000 7f87667fc640 1 --2- 172.21.15.89:0/1992920308 >> [v2:172.21.15.89:6800/429862840,v1:172.21.15.89:6801/429862840] conn(0x7f875c039200 0x7f875c03b6c0 unknown :-1 s=NONE pgs=0 cs=0 l=1 rev1=0 crypto rx=0 tx=0 comp rx=0 tx=0).connect
2024-09-15T23:14:49.681 INFO:teuthology.orchestra.run.smithi089.stdout:/usr/bin/ceph: stderr
2024-09-15T23:14:48.722+0000 7f87667fc640 1 -- 172.21.15.89:0/1992920308 <== mon.0 v2:172.21.15.89:3300/0 5 ==== osd_map(2..2 src has 1..2) ==== 940+0+0 (secure 0 0 0) 0x7f876c06c2e0 con 0x7f8770106580
2024-09-15T23:14:49.681 INFO:teuthology.orchestra.run.smithi089.stdout:/usr/bin/ceph: stderr
2024-09-15T23:14:48.722+0000 7f8774cae640 1 --2- 172.21.15.89:0/1992920308 >> [v2:172.21.15.89:6800/429862840,v1:172.21.15.89:6801/429862840] conn(0x7f875c039200 0x7f875c03b6c0 unknown :-1 s=BANNER_CONNECTING pgs=0 cs=0 l=1 rev1=0 crypto rx=0 tx=0 comp rx=0 tx=0)._handle_peer_banner_payload supported=3 required=0
2024-09-15T23:14:49.681 INFO:teuthology.orchestra.run.smithi089.stdout:/usr/bin/ceph: stderr
2024-09-15T23:14:48.722+0000 7f8774cae640 1 --2- 172.21.15.89:0/1992920308 >> [v2:172.21.15.89:6800/429862840,v1:172.21.15.89:6801/429862840] conn(0x7f875c039200 0x7f875c03b6c0 secure :-1 s=READY pgs=13 cs=0 l=1 rev1=1 crypto rx=0x7f87600098c0 tx=0x7f8760006db0 comp rx=0 tx=0).ready entity=mgr.14118 client_cookie=0 server_cookie=0 in_seq=0 out_seq=0
2024-09-15T23:14:49.681 INFO:teuthology.orchestra.run.smithi089.stdout:/usr/bin/ceph: stderr
2024-09-15T23:14:48.727+0000 7f87667fc640 1 -- 172.21.15.89:0/1992920308 <== mon.0 v2:172.21.15.89:3300/0 6 ==== mon_command_ack([{"prefix": "get_command_descriptions"}]=0 v0) ==== 72+0+188821 (secure 0 0 0) 0x7f876c04b170 con 0x7f8770106580
2024-09-15T23:14:49.681 INFO:teuthology.orchestra.run.smithi089.stdout:/usr/bin/ceph: stderr
2024-09-15T23:14:48.912+0000 7f8777713640 1 -- 172.21.15.89:0/1992920308 --> [v2:172.21.15.89:6800/429862840,v1:172.21.15.89:6801/429862840] -- mgr_command(tid 0: {"prefix": "orch apply", "service_type": "mon", "unmanaged": true, "target": ["mon-mgr", ""]}) -- 0x7f8770102f80 con 0x7f875c039200
2024-09-15T23:14:49.682 INFO:teuthology.orchestra.run.smithi089.stdout:/usr/bin/ceph: stderr
2024-09-15T23:14:48.916+0000 7f87667fc640 1 -- 172.21.15.89:0/1992920308 <== mgr.14118 v2:172.21.15.89:6800/429862840 1 ==== mgr_command_reply(tid 0: 0 ) ==== 8+0+24 (secure 0 0 0) 0x7f8770102f80 con 0x7f875c039200
2024-09-15T23:14:49.682 INFO:teuthology.orchestra.run.smithi089.stdout:/usr/bin/ceph: stderr
2024-09-15T23:14:48.919+0000 7f8777713640 1 -- 172.21.15.89:0/1992920308 >> [v2:172.21.15.89:6800/429862840,v1:172.21.15.89:6801/429862840] conn(0x7f875c039200 msgr2=0x7f875c03b6c0 secure :-1 s=STATE_CONNECTION_ESTABLISHED l=1).mark_down
2024-09-15T23:14:49.682 INFO:teuthology.orchestra.run.smithi089.stdout:/usr/bin/ceph: stderr
2024-09-15T23:14:48.919+0000 7f8777713640 1 --2- 172.21.15.89:0/1992920308 >> [v2:172.21.15.89:6800/429862840,v1:172.21.15.89:6801/429862840] conn(0x7f875c039200 0x7f875c03b6c0 secure :-1 s=READY pgs=13 cs=0 l=1 rev1=1 crypto rx=0x7f87600098c0 tx=0x7f8760006db0 comp rx=0 tx=0).stop
2024-09-15T23:14:49.682 INFO:teuthology.orchestra.run.smithi089.stdout:/usr/bin/ceph: stderr
2024-09-15T23:14:48.919+0000 7f8777713640 1 -- 172.21.15.89:0/1992920308 >> [v2:172.21.15.89:3300/0,v1:172.21.15.89:6789/0] conn(0x7f8770106580 msgr2=0x7f877019a5a0 secure :-1 s=STATE_CONNECTION_ESTABLISHED l=1).mark_down
2024-09-15T23:14:49.682 INFO:teuthology.orchestra.run.smithi089.stdout:/usr/bin/ceph: stderr
2024-09-15T23:14:48.919+0000 7f8777713640 1 --2- 172.21.15.89:0/1992920308 >> [v2:172.21.15.89:3300/0,v1:172.21.15.89:6789/0] conn(0x7f8770106580 0x7f877019a5a0 secure :-1 s=READY pgs=46 cs=0 l=1 rev1=1 crypto rx=0x7f876c009940 tx=0x7f876c032ce0 comp rx=0 tx=0).stop
2024-09-15T23:14:49.682 INFO:teuthology.orchestra.run.smithi089.stdout:/usr/bin/ceph: stderr
2024-09-15T23:14:48.919+0000 7f8777713640 1 -- 172.21.15.89:0/1992920308 shutdown_connections
2024-09-15T23:14:49.682 INFO:teuthology.orchestra.run.smithi089.stdout:/usr/bin/ceph: stderr
2024-09-15T23:14:48.919+0000 7f8777713640 1 --2- 172.21.15.89:0/1992920308 >> [v2:172.21.15.89:6800/429862840,v1:172.21.15.89:6801/429862840] conn(0x7f875c039200 0x7f875c03b6c0 unknown :-1 s=CLOSED pgs=13 cs=0 l=1 rev1=1 crypto rx=0 tx=0 comp rx=0 tx=0).stop
2024-09-15T23:14:49.682 INFO:teuthology.orchestra.run.smithi089.stdout:/usr/bin/ceph: stderr
2024-09-15T23:14:48.919+0000 7f8777713640 1 --2- 172.21.15.89:0/1992920308 >> [v2:172.21.15.89:3300/0,v1:172.21.15.89:6789/0] conn(0x7f8770106580 0x7f877019a5a0 unknown :-1 s=CLOSED pgs=46 cs=0 l=1 rev1=1 crypto rx=0 tx=0 comp rx=0 tx=0).stop
2024-09-15T23:14:49.682 INFO:teuthology.orchestra.run.smithi089.stdout:/usr/bin/ceph: stderr
2024-09-15T23:14:48.919+0000 7f8777713640 1 -- 172.21.15.89:0/1992920308 >> 172.21.15.89:0/1992920308 conn(0x7f8770101d10 msgr2=0x7f8770102870 unknown :-1 s=STATE_NONE l=0).mark_down
2024-09-15T23:14:49.682 INFO:teuthology.orchestra.run.smithi089.stdout:/usr/bin/ceph: stderr
2024-09-15T23:14:48.919+0000 7f8777713640 1 -- 172.21.15.89:0/1992920308 shutdown_connections
2024-09-15T23:14:49.682 INFO:teuthology.orchestra.run.smithi089.stdout:/usr/bin/ceph: stderr
2024-09-15T23:14:48.919+0000 7f8777713640 1 -- 172.21.15.89:0/1992920308 wait complete.
2024-09-15T23:14:49.682 INFO:teuthology.orchestra.run.smithi089.stdout:Deploying unmanaged mgr service...
2024-09-15T23:14:49.973 INFO:journalctl@ceph.mon.a.smithi089.stdout:Sep 15 23:14:49 smithi089 ceph-mon[30933]: from='client.14140 -' entity='client.admin' cmd=[{"prefix": "orch apply", "service_type": "mon", "unmanaged": true, "target": ["mon-mgr", ""]}]: dispatch
2024-09-15T23:14:49.973 INFO:journalctl@ceph.mon.a.smithi089.stdout:Sep 15 23:14:49 smithi089 ceph-mon[30933]: Saving service mon spec with placement count:5
2024-09-15T23:14:49.973 INFO:journalctl@ceph.mon.a.smithi089.stdout:Sep 15 23:14:49 smithi089 ceph-mon[30933]: from='mgr.14118 172.21.15.89:0/953684906' entity='mgr.x'
2024-09-15T23:14:51.560 INFO:journalctl@ceph.mon.a.smithi089.stdout:Sep 15 23:14:51 smithi089 ceph-mon[30933]: from='client.14142 -' entity='client.admin' cmd=[{"prefix": "orch apply", "service_type": "mgr", "unmanaged": true, "target": ["mon-mgr", ""]}]: dispatch
2024-09-15T23:14:51.560 INFO:journalctl@ceph.mon.a.smithi089.stdout:Sep 15 23:14:51 smithi089 ceph-mon[30933]: Saving service mgr spec with placement count:2
2024-09-15T23:14:51.560 INFO:journalctl@ceph.mon.a.smithi089.stdout:Sep 15 23:14:51 smithi089 ceph-mon[30933]: from='mgr.14118 172.21.15.89:0/953684906' entity='mgr.x'
2024-09-15T23:14:51.561 INFO:journalctl@ceph.mon.a.smithi089.stdout:Sep 15 23:14:51 smithi089 ceph-mon[30933]: from='mgr.14118 172.21.15.89:0/953684906' entity='mgr.x'
2024-09-15T23:14:51.561 INFO:journalctl@ceph.mon.a.smithi089.stdout:Sep 15 23:14:51 smithi089 ceph-mon[30933]: from='mgr.14118 172.21.15.89:0/953684906' entity='mgr.x'
2024-09-15T23:14:51.608 INFO:teuthology.orchestra.run.smithi089.stdout:/usr/bin/ceph: stdout Scheduled mgr update...
2024-09-15T23:14:51.609 INFO:teuthology.orchestra.run.smithi089.stdout:/usr/bin/ceph: stderr
2024-09-15T23:14:50.051+0000 7fd199d64640 1 Processor -- start
2024-09-15T23:14:51.609 INFO:teuthology.orchestra.run.smithi089.stdout:/usr/bin/ceph: stderr
2024-09-15T23:14:50.051+0000 7fd199d64640 1 -- start start
2024-09-15T23:14:51.609 INFO:teuthology.orchestra.run.smithi089.stdout:/usr/bin/ceph: stderr
2024-09-15T23:14:50.051+0000 7fd199d64640 1 --2- >> [v2:172.21.15.89:3300/0,v1:172.21.15.89:6789/0] conn(0x7fd194107bd0 0x7fd194107fd0 unknown :-1 s=NONE pgs=0 cs=0 l=0 rev1=0 crypto rx=0 tx=0 comp rx=0 tx=0).connect
2024-09-15T23:14:51.609 INFO:teuthology.orchestra.run.smithi089.stdout:/usr/bin/ceph: stderr
2024-09-15T23:14:50.051+0000 7fd199d64640 1 -- --> [v2:172.21.15.89:3300/0,v1:172.21.15.89:6789/0] -- mon_getmap magic: 0 -- 0x7fd1941085a0 con 0x7fd194107bd0
2024-09-15T23:14:51.609 INFO:teuthology.orchestra.run.smithi089.stdout:/usr/bin/ceph: stderr
2024-09-15T23:14:50.051+0000 7fd1937fe640 1 --2- >> [v2:172.21.15.89:3300/0,v1:172.21.15.89:6789/0] conn(0x7fd194107bd0 0x7fd194107fd0 unknown :-1 s=BANNER_CONNECTING pgs=0 cs=0 l=0 rev1=0 crypto rx=0 tx=0 comp rx=0 tx=0)._handle_peer_banner_payload supported=3 required=0
2024-09-15T23:14:51.609 INFO:teuthology.orchestra.run.smithi089.stdout:/usr/bin/ceph: stderr
2024-09-15T23:14:50.051+0000 7fd1937fe640 1 --2- >> [v2:172.21.15.89:3300/0,v1:172.21.15.89:6789/0] conn(0x7fd194107bd0 0x7fd194107fd0 unknown :-1 s=HELLO_CONNECTING pgs=0 cs=0 l=0 rev1=1 crypto rx=0 tx=0 comp rx=0 tx=0).handle_hello peer v2:172.21.15.89:3300/0 says I am v2:172.21.15.89:51784/0 (socket says 172.21.15.89:51784)
2024-09-15T23:14:51.609 INFO:teuthology.orchestra.run.smithi089.stdout:/usr/bin/ceph: stderr
2024-09-15T23:14:50.051+0000 7fd1937fe640 1 -- 172.21.15.89:0/3265930964 learned_addr learned my addr 172.21.15.89:0/3265930964 (peer_addr_for_me v2:172.21.15.89:0/0)
2024-09-15T23:14:51.609 INFO:teuthology.orchestra.run.smithi089.stdout:/usr/bin/ceph: stderr
2024-09-15T23:14:50.051+0000 7fd1937fe640 1 -- 172.21.15.89:0/3265930964 --> [v2:172.21.15.89:3300/0,v1:172.21.15.89:6789/0] -- mon_subscribe({config=0+,monmap=0+}) -- 0x7fd194106830 con 0x7fd194107bd0
2024-09-15T23:14:51.609 INFO:teuthology.orchestra.run.smithi089.stdout:/usr/bin/ceph: stderr
2024-09-15T23:14:50.052+0000 7fd1937fe640 1 --2- 172.21.15.89:0/3265930964 >> [v2:172.21.15.89:3300/0,v1:172.21.15.89:6789/0] conn(0x7fd194107bd0 0x7fd194107fd0 secure :-1 s=READY pgs=47 cs=0 l=1 rev1=1 crypto rx=0x7fd184009820 tx=0x7fd18402a270 comp rx=0 tx=0).ready entity=mon.0 client_cookie=ad4d46d523983786 server_cookie=0 in_seq=0 out_seq=0
2024-09-15T23:14:51.610 INFO:teuthology.orchestra.run.smithi089.stdout:/usr/bin/ceph: stderr
2024-09-15T23:14:50.052+0000 7fd1927fc640 1 -- 172.21.15.89:0/3265930964 <== mon.0 v2:172.21.15.89:3300/0 1 ==== mon_map magic: 0 ==== 205+0+0 (secure 0 0 0) 0x7fd184037070 con 0x7fd194107bd0
2024-09-15T23:14:51.610 INFO:teuthology.orchestra.run.smithi089.stdout:/usr/bin/ceph: stderr
2024-09-15T23:14:50.052+0000 7fd1927fc640 1 -- 172.21.15.89:0/3265930964 <== mon.0 v2:172.21.15.89:3300/0 2 ==== config(27 keys) ==== 1109+0+0 (secure 0 0 0) 0x7fd184032900 con 0x7fd194107bd0
2024-09-15T23:14:51.610 INFO:teuthology.orchestra.run.smithi089.stdout:/usr/bin/ceph: stderr
2024-09-15T23:14:50.052+0000 7fd1927fc640 1 -- 172.21.15.89:0/3265930964 <== mon.0 v2:172.21.15.89:3300/0 3 ==== mon_map magic: 0 ==== 205+0+0 (secure 0 0 0) 0x7fd184030850 con 0x7fd194107bd0
2024-09-15T23:14:51.610 INFO:teuthology.orchestra.run.smithi089.stdout:/usr/bin/ceph: stderr
2024-09-15T23:14:50.053+0000 7fd199d64640 1 -- 172.21.15.89:0/3265930964 >> [v2:172.21.15.89:3300/0,v1:172.21.15.89:6789/0] conn(0x7fd194107bd0 msgr2=0x7fd194107fd0 secure :-1 s=STATE_CONNECTION_ESTABLISHED l=1).mark_down
2024-09-15T23:14:51.610 INFO:teuthology.orchestra.run.smithi089.stdout:/usr/bin/ceph: stderr
2024-09-15T23:14:50.053+0000 7fd199d64640 1 --2- 172.21.15.89:0/3265930964 >> [v2:172.21.15.89:3300/0,v1:172.21.15.89:6789/0] conn(0x7fd194107bd0 0x7fd194107fd0 secure :-1 s=READY pgs=47 cs=0 l=1 rev1=1 crypto rx=0x7fd184009820 tx=0x7fd18402a270 comp rx=0 tx=0).stop
2024-09-15T23:14:51.610 INFO:teuthology.orchestra.run.smithi089.stdout:/usr/bin/ceph: stderr
2024-09-15T23:14:50.053+0000 7fd199d64640 1 -- 172.21.15.89:0/3265930964 shutdown_connections
2024-09-15T23:14:51.610 INFO:teuthology.orchestra.run.smithi089.stdout:/usr/bin/ceph: stderr
2024-09-15T23:14:50.053+0000 7fd199d64640 1 --2- 172.21.15.89:0/3265930964 >> [v2:172.21.15.89:3300/0,v1:172.21.15.89:6789/0] conn(0x7fd194107bd0 0x7fd194107fd0 unknown :-1 s=CLOSED pgs=47 cs=0 l=1 rev1=1 crypto rx=0 tx=0 comp rx=0 tx=0).stop
2024-09-15T23:14:51.610 INFO:teuthology.orchestra.run.smithi089.stdout:/usr/bin/ceph: stderr
2024-09-15T23:14:50.053+0000 7fd199d64640 1 -- 172.21.15.89:0/3265930964 >> 172.21.15.89:0/3265930964 conn(0x7fd194101530 msgr2=0x7fd194103950 unknown :-1 s=STATE_NONE l=0).mark_down
2024-09-15T23:14:51.610 INFO:teuthology.orchestra.run.smithi089.stdout:/usr/bin/ceph: stderr
2024-09-15T23:14:50.053+0000 7fd199d64640 1 -- 172.21.15.89:0/3265930964 shutdown_connections
2024-09-15T23:14:51.610 INFO:teuthology.orchestra.run.smithi089.stdout:/usr/bin/ceph: stderr
2024-09-15T23:14:50.053+0000 7fd199d64640 1 -- 172.21.15.89:0/3265930964 wait complete.
2024-09-15T23:14:51.610 INFO:teuthology.orchestra.run.smithi089.stdout:/usr/bin/ceph: stderr
2024-09-15T23:14:50.053+0000 7fd199d64640 1 Processor -- start
2024-09-15T23:14:51.610 INFO:teuthology.orchestra.run.smithi089.stdout:/usr/bin/ceph: stderr
2024-09-15T23:14:50.054+0000 7fd199d64640 1 -- start start
2024-09-15T23:14:51.610 INFO:teuthology.orchestra.run.smithi089.stdout:/usr/bin/ceph: stderr
2024-09-15T23:14:50.054+0000 7fd199d64640 1 --2- >> [v2:172.21.15.89:3300/0,v1:172.21.15.89:6789/0] conn(0x7fd194107bd0 0x7fd194191800 unknown :-1 s=NONE pgs=0 cs=0 l=1 rev1=0 crypto rx=0 tx=0 comp rx=0 tx=0).connect
2024-09-15T23:14:51.610 INFO:teuthology.orchestra.run.smithi089.stdout:/usr/bin/ceph: stderr
2024-09-15T23:14:50.054+0000 7fd199d64640 1 -- --> [v2:172.21.15.89:3300/0,v1:172.21.15.89:6789/0] -- mon_getmap magic: 0 -- 0x7fd19410abf0 con 0x7fd194107bd0
2024-09-15T23:14:51.611 INFO:teuthology.orchestra.run.smithi089.stdout:/usr/bin/ceph: stderr
2024-09-15T23:14:50.054+0000 7fd1937fe640 1 --2- >> [v2:172.21.15.89:3300/0,v1:172.21.15.89:6789/0] conn(0x7fd194107bd0 0x7fd194191800 unknown :-1 s=BANNER_CONNECTING pgs=0 cs=0 l=1 rev1=0 crypto rx=0 tx=0 comp rx=0 tx=0)._handle_peer_banner_payload supported=3 required=0
2024-09-15T23:14:51.611 INFO:teuthology.orchestra.run.smithi089.stdout:/usr/bin/ceph: stderr
2024-09-15T23:14:50.054+0000 7fd1937fe640 1 --2- >> [v2:172.21.15.89:3300/0,v1:172.21.15.89:6789/0] conn(0x7fd194107bd0 0x7fd194191800 unknown :-1 s=HELLO_CONNECTING pgs=0 cs=0 l=1 rev1=1 crypto rx=0 tx=0 comp rx=0 tx=0).handle_hello peer v2:172.21.15.89:3300/0 says I am v2:172.21.15.89:51798/0 (socket says 172.21.15.89:51798)
2024-09-15T23:14:51.611 INFO:teuthology.orchestra.run.smithi089.stdout:/usr/bin/ceph: stderr
2024-09-15T23:14:50.054+0000 7fd1937fe640 1 -- 172.21.15.89:0/2213450504 learned_addr learned my addr 172.21.15.89:0/2213450504 (peer_addr_for_me v2:172.21.15.89:0/0)
2024-09-15T23:14:51.611 INFO:teuthology.orchestra.run.smithi089.stdout:/usr/bin/ceph: stderr
2024-09-15T23:14:50.054+0000 7fd1937fe640 1 -- 172.21.15.89:0/2213450504 --> [v2:172.21.15.89:3300/0,v1:172.21.15.89:6789/0] -- mon_subscribe({config=0+,monmap=0+}) -- 0x7fd194191d40 con 0x7fd194107bd0
2024-09-15T23:14:51.611 INFO:teuthology.orchestra.run.smithi089.stdout:/usr/bin/ceph: stderr
2024-09-15T23:14:50.054+0000 7fd1937fe640 1 --2- 172.21.15.89:0/2213450504 >> [v2:172.21.15.89:3300/0,v1:172.21.15.89:6789/0] conn(0x7fd194107bd0 0x7fd194191800 secure :-1 s=READY pgs=48 cs=0 l=1 rev1=1 crypto rx=0x7fd184009940 tx=0x7fd184032ce0 comp rx=0 tx=0).ready entity=mon.0 client_cookie=0 server_cookie=0 in_seq=0 out_seq=0
2024-09-15T23:14:51.611 INFO:teuthology.orchestra.run.smithi089.stdout:/usr/bin/ceph: stderr
2024-09-15T23:14:50.054+0000 7fd190ff9640 1 -- 172.21.15.89:0/2213450504 <== mon.0 v2:172.21.15.89:3300/0 1 ==== mon_map magic: 0 ==== 205+0+0 (secure 0 0 0) 0x7fd184042070 con 0x7fd194107bd0
2024-09-15T23:14:51.611 INFO:teuthology.orchestra.run.smithi089.stdout:/usr/bin/ceph: stderr
2024-09-15T23:14:50.054+0000 7fd190ff9640 1 -- 172.21.15.89:0/2213450504 <== mon.0 v2:172.21.15.89:3300/0 2 ==== config(27 keys) ==== 1109+0+0 (secure 0 0 0) 0x7fd1840308c0 con 0x7fd194107bd0
2024-09-15T23:14:51.611 INFO:teuthology.orchestra.run.smithi089.stdout:/usr/bin/ceph: stderr
2024-09-15T23:14:50.054+0000 7fd199d64640 1 -- 172.21.15.89:0/2213450504 --> [v2:172.21.15.89:3300/0,v1:172.21.15.89:6789/0] -- mon_subscribe({mgrmap=0+}) -- 0x7fd19418ff30 con 0x7fd194107bd0
2024-09-15T23:14:51.611 INFO:teuthology.orchestra.run.smithi089.stdout:/usr/bin/ceph: stderr
2024-09-15T23:14:50.054+0000 7fd190ff9640 1 -- 172.21.15.89:0/2213450504 <== mon.0 v2:172.21.15.89:3300/0 3 ==== mon_map magic: 0 ==== 205+0+0 (secure 0 0 0) 0x7fd184037040 con 0x7fd194107bd0
2024-09-15T23:14:51.611 INFO:teuthology.orchestra.run.smithi089.stdout:/usr/bin/ceph: stderr
2024-09-15T23:14:50.054+0000 7fd199d64640 1 -- 172.21.15.89:0/2213450504 --> [v2:172.21.15.89:3300/0,v1:172.21.15.89:6789/0] -- mon_subscribe({osdmap=0}) -- 0x7fd194190470 con 0x7fd194107bd0
2024-09-15T23:14:51.611 INFO:teuthology.orchestra.run.smithi089.stdout:/usr/bin/ceph: stderr
2024-09-15T23:14:50.055+0000 7fd190ff9640 1 -- 172.21.15.89:0/2213450504 <== mon.0 v2:172.21.15.89:3300/0 4 ==== mgrmap(e 8) ==== 46461+0+0 (secure 0 0 0) 0x7fd184045070 con 0x7fd194107bd0
2024-09-15T23:14:51.611 INFO:teuthology.orchestra.run.smithi089.stdout:/usr/bin/ceph: stderr
2024-09-15T23:14:50.055+0000 7fd190ff9640 1 --2- 172.21.15.89:0/2213450504 >> [v2:172.21.15.89:6800/429862840,v1:172.21.15.89:6801/429862840] conn(0x7fd17c0391b0 0x7fd17c03b670 unknown :-1 s=NONE pgs=0 cs=0 l=1 rev1=0 crypto rx=0 tx=0 comp rx=0 tx=0).connect
2024-09-15T23:14:51.611 INFO:teuthology.orchestra.run.smithi089.stdout:/usr/bin/ceph: stderr
2024-09-15T23:14:50.055+0000 7fd190ff9640 1 -- 172.21.15.89:0/2213450504 <== mon.0 v2:172.21.15.89:3300/0 5 ==== osd_map(2..2 src has 1..2) ==== 940+0+0 (secure 0 0 0) 0x7fd18406c610 con 0x7fd194107bd0
2024-09-15T23:14:51.611 INFO:teuthology.orchestra.run.smithi089.stdout:/usr/bin/ceph: stderr
2024-09-15T23:14:50.055+0000 7fd192ffd640 1 --2- 172.21.15.89:0/2213450504 >> [v2:172.21.15.89:6800/429862840,v1:172.21.15.89:6801/429862840] conn(0x7fd17c0391b0 0x7fd17c03b670 unknown :-1 s=BANNER_CONNECTING pgs=0 cs=0 l=1 rev1=0 crypto rx=0 tx=0 comp rx=0 tx=0)._handle_peer_banner_payload supported=3 required=0
2024-09-15T23:14:51.612 INFO:teuthology.orchestra.run.smithi089.stdout:/usr/bin/ceph: stderr
2024-09-15T23:14:50.056+0000 7fd199d64640 1 -- 172.21.15.89:0/2213450504 --> [v2:172.21.15.89:3300/0,v1:172.21.15.89:6789/0] -- mon_command({"prefix": "get_command_descriptions"} v 0) -- 0x7fd194108050 con 0x7fd194107bd0
2024-09-15T23:14:51.612 INFO:teuthology.orchestra.run.smithi089.stdout:/usr/bin/ceph: stderr
2024-09-15T23:14:50.056+0000 7fd192ffd640 1 --2- 172.21.15.89:0/2213450504 >> [v2:172.21.15.89:6800/429862840,v1:172.21.15.89:6801/429862840] conn(0x7fd17c0391b0 0x7fd17c03b670 secure :-1 s=READY pgs=14 cs=0 l=1 rev1=1 crypto rx=0x7fd1880098c0 tx=0x7fd188006db0 comp rx=0 tx=0).ready entity=mgr.14118 client_cookie=0 server_cookie=0 in_seq=0 out_seq=0
2024-09-15T23:14:51.612 INFO:teuthology.orchestra.run.smithi089.stdout:/usr/bin/ceph: stderr
2024-09-15T23:14:50.060+0000 7fd190ff9640 1 -- 172.21.15.89:0/2213450504 <== mon.0 v2:172.21.15.89:3300/0 6 ==== mon_command_ack([{"prefix": "get_command_descriptions"}]=0 v0) ==== 72+0+188821 (secure 0 0 0) 0x7fd18403cd90 con 0x7fd194107bd0
2024-09-15T23:14:51.612 INFO:teuthology.orchestra.run.smithi089.stdout:/usr/bin/ceph: stderr
2024-09-15T23:14:50.238+0000 7fd199d64640 1 -- 172.21.15.89:0/2213450504 --> [v2:172.21.15.89:6800/429862840,v1:172.21.15.89:6801/429862840] -- mgr_command(tid 0: {"prefix": "orch apply", "service_type": "mgr", "unmanaged": true, "target": ["mon-mgr", ""]}) -- 0x7fd194190be0 con 0x7fd17c0391b0
2024-09-15T23:14:51.612 INFO:teuthology.orchestra.run.smithi089.stdout:/usr/bin/ceph: stderr
2024-09-15T23:14:50.243+0000 7fd190ff9640 1 -- 172.21.15.89:0/2213450504 <== mgr.14118 v2:172.21.15.89:6800/429862840 1 ==== mgr_command_reply(tid 0: 0 ) ==== 8+0+24 (secure 0 0 0) 0x7fd194190be0 con 0x7fd17c0391b0
2024-09-15T23:14:51.612 INFO:teuthology.orchestra.run.smithi089.stdout:/usr/bin/ceph: stderr
2024-09-15T23:14:50.246+0000 7fd199d64640 1 -- 172.21.15.89:0/2213450504 >> [v2:172.21.15.89:6800/429862840,v1:172.21.15.89:6801/429862840] conn(0x7fd17c0391b0 msgr2=0x7fd17c03b670 secure :-1 s=STATE_CONNECTION_ESTABLISHED l=1).mark_down
2024-09-15T23:14:51.612 INFO:teuthology.orchestra.run.smithi089.stdout:/usr/bin/ceph: stderr
2024-09-15T23:14:50.246+0000 7fd199d64640 1 --2- 172.21.15.89:0/2213450504 >> [v2:172.21.15.89:6800/429862840,v1:172.21.15.89:6801/429862840] conn(0x7fd17c0391b0 0x7fd17c03b670 secure :-1 s=READY pgs=14 cs=0 l=1 rev1=1 crypto rx=0x7fd1880098c0 tx=0x7fd188006db0 comp rx=0 tx=0).stop
2024-09-15T23:14:51.612 INFO:teuthology.orchestra.run.smithi089.stdout:/usr/bin/ceph: stderr
2024-09-15T23:14:50.247+0000 7fd199d64640 1 -- 172.21.15.89:0/2213450504 >> [v2:172.21.15.89:3300/0,v1:172.21.15.89:6789/0] conn(0x7fd194107bd0 msgr2=0x7fd194191800 secure :-1 s=STATE_CONNECTION_ESTABLISHED l=1).mark_down
2024-09-15T23:14:51.612 INFO:teuthology.orchestra.run.smithi089.stdout:/usr/bin/ceph: stderr
2024-09-15T23:14:50.247+0000 7fd199d64640 1 --2- 172.21.15.89:0/2213450504 >> [v2:172.21.15.89:3300/0,v1:172.21.15.89:6789/0] conn(0x7fd194107bd0 0x7fd194191800 secure :-1 s=READY pgs=48 cs=0 l=1 rev1=1 crypto rx=0x7fd184009940 tx=0x7fd184032ce0 comp rx=0 tx=0).stop
2024-09-15T23:14:51.612 INFO:teuthology.orchestra.run.smithi089.stdout:/usr/bin/ceph: stderr
2024-09-15T23:14:50.247+0000 7fd199d64640 1 -- 172.21.15.89:0/2213450504 shutdown_connections
2024-09-15T23:14:51.613 INFO:teuthology.orchestra.run.smithi089.stdout:/usr/bin/ceph: stderr
2024-09-15T23:14:50.247+0000 7fd199d64640 1 --2- 172.21.15.89:0/2213450504 >> [v2:172.21.15.89:6800/429862840,v1:172.21.15.89:6801/429862840] conn(0x7fd17c0391b0 0x7fd17c03b670 unknown :-1 s=CLOSED pgs=14 cs=0 l=1 rev1=1 crypto rx=0 tx=0 comp rx=0 tx=0).stop
2024-09-15T23:14:51.613 INFO:teuthology.orchestra.run.smithi089.stdout:/usr/bin/ceph: stderr
2024-09-15T23:14:50.247+0000 7fd199d64640 1 --2- 172.21.15.89:0/2213450504 >> [v2:172.21.15.89:3300/0,v1:172.21.15.89:6789/0] conn(0x7fd194107bd0 0x7fd194191800 unknown :-1 s=CLOSED pgs=48 cs=0 l=1 rev1=1 crypto rx=0 tx=0 comp rx=0 tx=0).stop
2024-09-15T23:14:51.613 INFO:teuthology.orchestra.run.smithi089.stdout:/usr/bin/ceph: stderr
2024-09-15T23:14:50.247+0000 7fd199d64640 1 -- 172.21.15.89:0/2213450504 >> 172.21.15.89:0/2213450504 conn(0x7fd194101530 msgr2=0x7fd1941020c0 unknown :-1 s=STATE_NONE l=0).mark_down
2024-09-15T23:14:51.613 INFO:teuthology.orchestra.run.smithi089.stdout:/usr/bin/ceph: stderr
2024-09-15T23:14:50.247+0000 7fd199d64640 1 -- 172.21.15.89:0/2213450504 shutdown_connections
2024-09-15T23:14:51.613 INFO:teuthology.orchestra.run.smithi089.stdout:/usr/bin/ceph: stderr
2024-09-15T23:14:50.247+0000 7fd199d64640 1 -- 172.21.15.89:0/2213450504 wait complete.
2024-09-15T23:14:53.310 INFO:journalctl@ceph.mon.a.smithi089.stdout:Sep 15 23:14:53 smithi089 ceph-mon[30933]: from='client.? 172.21.15.89:0/2101153145' entity='client.admin'
2024-09-15T23:14:53.310 INFO:journalctl@ceph.mon.a.smithi089.stdout:Sep 15 23:14:53 smithi089 ceph-mon[30933]: pgmap v3: 0 pgs: ; 0 B data, 0 B used, 0 B / 0 B avail
2024-09-15T23:14:53.333 INFO:teuthology.orchestra.run.smithi089.stdout:/usr/bin/ceph: stderr
2024-09-15T23:14:52.006+0000 7f9d1868f640 1 Processor -- start
2024-09-15T23:14:53.333 INFO:teuthology.orchestra.run.smithi089.stdout:/usr/bin/ceph: stderr
2024-09-15T23:14:52.006+0000 7f9d1868f640 1 -- start start
2024-09-15T23:14:53.333 INFO:teuthology.orchestra.run.smithi089.stdout:/usr/bin/ceph: stderr
2024-09-15T23:14:52.006+0000 7f9d1868f640 1 --2- >> [v2:172.21.15.89:3300/0,v1:172.21.15.89:6789/0] conn(0x7f9d10107720 0x7f9d10107b20 unknown :-1 s=NONE pgs=0 cs=0 l=0 rev1=0 crypto rx=0 tx=0 comp rx=0 tx=0).connect
2024-09-15T23:14:53.333 INFO:teuthology.orchestra.run.smithi089.stdout:/usr/bin/ceph: stderr
2024-09-15T23:14:52.006+0000 7f9d1868f640 1 -- --> [v2:172.21.15.89:3300/0,v1:172.21.15.89:6789/0] -- mon_getmap magic: 0 -- 0x7f9d101080f0 con 0x7f9d10107720
2024-09-15T23:14:53.333 INFO:teuthology.orchestra.run.smithi089.stdout:/usr/bin/ceph: stderr
2024-09-15T23:14:52.006+0000 7f9d1642b640 1 --2- >> [v2:172.21.15.89:3300/0,v1:172.21.15.89:6789/0] conn(0x7f9d10107720 0x7f9d10107b20 unknown :-1 s=BANNER_CONNECTING pgs=0 cs=0 l=0 rev1=0 crypto rx=0 tx=0 comp rx=0 tx=0)._handle_peer_banner_payload supported=3 required=0
2024-09-15T23:14:53.333 INFO:teuthology.orchestra.run.smithi089.stdout:/usr/bin/ceph: stderr
2024-09-15T23:14:52.006+0000 7f9d1642b640 1 --2- >> [v2:172.21.15.89:3300/0,v1:172.21.15.89:6789/0] conn(0x7f9d10107720 0x7f9d10107b20 unknown :-1 s=HELLO_CONNECTING pgs=0 cs=0 l=0 rev1=1 crypto rx=0 tx=0 comp rx=0 tx=0).handle_hello peer v2:172.21.15.89:3300/0 says I am v2:172.21.15.89:51812/0 (socket says 172.21.15.89:51812)
2024-09-15T23:14:53.333 INFO:teuthology.orchestra.run.smithi089.stdout:/usr/bin/ceph: stderr
2024-09-15T23:14:52.006+0000 7f9d1642b640 1 -- 172.21.15.89:0/333584934 learned_addr learned my addr 172.21.15.89:0/333584934 (peer_addr_for_me v2:172.21.15.89:0/0)
2024-09-15T23:14:53.333 INFO:teuthology.orchestra.run.smithi089.stdout:/usr/bin/ceph: stderr
2024-09-15T23:14:52.006+0000 7f9d1642b640 1 -- 172.21.15.89:0/333584934 --> [v2:172.21.15.89:3300/0,v1:172.21.15.89:6789/0] -- mon_subscribe({config=0+,monmap=0+}) -- 0x7f9d10108920 con 0x7f9d10107720
2024-09-15T23:14:53.333 INFO:teuthology.orchestra.run.smithi089.stdout:/usr/bin/ceph: stderr
2024-09-15T23:14:52.007+0000 7f9d1642b640 1 --2- 172.21.15.89:0/333584934 >> [v2:172.21.15.89:3300/0,v1:172.21.15.89:6789/0] conn(0x7f9d10107720 0x7f9d10107b20 secure :-1 s=READY pgs=49 cs=0 l=1 rev1=1 crypto rx=0x7f9d0c009820 tx=0x7f9d0c02a270 comp rx=0 tx=0).ready entity=mon.0 client_cookie=a3e82a2baeb32864 server_cookie=0 in_seq=0 out_seq=0
2024-09-15T23:14:53.333 INFO:teuthology.orchestra.run.smithi089.stdout:/usr/bin/ceph: stderr
2024-09-15T23:14:52.007+0000 7f9d15429640 1 -- 172.21.15.89:0/333584934 <== mon.0 v2:172.21.15.89:3300/0 1 ==== mon_map magic: 0 ==== 205+0+0 (secure 0 0 0) 0x7f9d0c037070 con 0x7f9d10107720
2024-09-15T23:14:53.333 INFO:teuthology.orchestra.run.smithi089.stdout:/usr/bin/ceph: stderr
2024-09-15T23:14:52.007+0000 7f9d15429640 1 -- 172.21.15.89:0/333584934 <== mon.0 v2:172.21.15.89:3300/0 2 ==== config(27 keys) ==== 1140+0+0 (secure 0 0 0) 0x7f9d0c032920 con 0x7f9d10107720
2024-09-15T23:14:53.334 INFO:teuthology.orchestra.run.smithi089.stdout:/usr/bin/ceph: stderr
2024-09-15T23:14:52.007+0000 7f9d15429640 1 -- 172.21.15.89:0/333584934 <== mon.0 v2:172.21.15.89:3300/0 3 ==== mon_map magic: 0 ==== 205+0+0 (secure 0 0 0) 0x7f9d0c030810 con 0x7f9d10107720
2024-09-15T23:14:53.334 INFO:teuthology.orchestra.run.smithi089.stdout:/usr/bin/ceph: stderr
2024-09-15T23:14:52.008+0000 7f9d1868f640 1 -- 172.21.15.89:0/333584934 >> [v2:172.21.15.89:3300/0,v1:172.21.15.89:6789/0] conn(0x7f9d10107720 msgr2=0x7f9d10107b20 secure :-1 s=STATE_CONNECTION_ESTABLISHED l=1).mark_down
2024-09-15T23:14:53.334 INFO:teuthology.orchestra.run.smithi089.stdout:/usr/bin/ceph: stderr
2024-09-15T23:14:52.008+0000 7f9d1868f640 1 --2- 172.21.15.89:0/333584934 >> [v2:172.21.15.89:3300/0,v1:172.21.15.89:6789/0] conn(0x7f9d10107720 0x7f9d10107b20 secure :-1 s=READY pgs=49 cs=0 l=1 rev1=1 crypto rx=0x7f9d0c009820 tx=0x7f9d0c02a270 comp rx=0 tx=0).stop
2024-09-15T23:14:53.334 INFO:teuthology.orchestra.run.smithi089.stdout:/usr/bin/ceph: stderr
2024-09-15T23:14:52.008+0000 7f9d1868f640 1 -- 172.21.15.89:0/333584934 shutdown_connections
2024-09-15T23:14:53.334 INFO:teuthology.orchestra.run.smithi089.stdout:/usr/bin/ceph: stderr
2024-09-15T23:14:52.008+0000 7f9d1868f640 1 --2- 172.21.15.89:0/333584934 >> [v2:172.21.15.89:3300/0,v1:172.21.15.89:6789/0] conn(0x7f9d10107720 0x7f9d10107b20 unknown :-1 s=CLOSED pgs=49 cs=0 l=1 rev1=1 crypto rx=0 tx=0 comp rx=0 tx=0).stop
2024-09-15T23:14:53.334 INFO:teuthology.orchestra.run.smithi089.stdout:/usr/bin/ceph: stderr
2024-09-15T23:14:52.008+0000 7f9d1868f640 1 -- 172.21.15.89:0/333584934 >> 172.21.15.89:0/333584934 conn(0x7f9d10102ed0 msgr2=0x7f9d101052f0 unknown :-1 s=STATE_NONE l=0).mark_down
2024-09-15T23:14:53.334 INFO:teuthology.orchestra.run.smithi089.stdout:/usr/bin/ceph: stderr
2024-09-15T23:14:52.008+0000 7f9d1868f640 1 -- 172.21.15.89:0/333584934 shutdown_connections
2024-09-15T23:14:53.334 INFO:teuthology.orchestra.run.smithi089.stdout:/usr/bin/ceph: stderr
2024-09-15T23:14:52.008+0000 7f9d1868f640 1 -- 172.21.15.89:0/333584934 wait complete.
2024-09-15T23:14:53.334 INFO:teuthology.orchestra.run.smithi089.stdout:/usr/bin/ceph: stderr
2024-09-15T23:14:52.009+0000 7f9d1868f640 1 Processor -- start
2024-09-15T23:14:53.334 INFO:teuthology.orchestra.run.smithi089.stdout:/usr/bin/ceph: stderr
2024-09-15T23:14:52.009+0000 7f9d1868f640 1 -- start start
2024-09-15T23:14:53.334 INFO:teuthology.orchestra.run.smithi089.stdout:/usr/bin/ceph: stderr
2024-09-15T23:14:52.009+0000 7f9d1868f640 1 --2- >> [v2:172.21.15.89:3300/0,v1:172.21.15.89:6789/0] conn(0x7f9d10107720 0x7f9d1019b740 unknown :-1 s=NONE pgs=0 cs=0 l=1 rev1=0 crypto rx=0 tx=0 comp rx=0 tx=0).connect
2024-09-15T23:14:53.334 INFO:teuthology.orchestra.run.smithi089.stdout:/usr/bin/ceph: stderr
2024-09-15T23:14:52.009+0000 7f9d1868f640 1 -- --> [v2:172.21.15.89:3300/0,v1:172.21.15.89:6789/0] -- mon_getmap magic: 0 -- 0x7f9d1010bcd0 con 0x7f9d10107720
2024-09-15T23:14:53.334 INFO:teuthology.orchestra.run.smithi089.stdout:/usr/bin/ceph: stderr
2024-09-15T23:14:52.009+0000 7f9d1642b640 1 --2- >> [v2:172.21.15.89:3300/0,v1:172.21.15.89:6789/0] conn(0x7f9d10107720 0x7f9d1019b740 unknown :-1 s=BANNER_CONNECTING pgs=0 cs=0 l=1 rev1=0 crypto rx=0 tx=0 comp rx=0 tx=0)._handle_peer_banner_payload supported=3 required=0
2024-09-15T23:14:53.335 INFO:teuthology.orchestra.run.smithi089.stdout:/usr/bin/ceph: stderr
2024-09-15T23:14:52.009+0000 7f9d1642b640 1 --2- >> [v2:172.21.15.89:3300/0,v1:172.21.15.89:6789/0] conn(0x7f9d10107720 0x7f9d1019b740 unknown :-1 s=HELLO_CONNECTING pgs=0 cs=0 l=1 rev1=1 crypto rx=0 tx=0 comp rx=0 tx=0).handle_hello peer v2:172.21.15.89:3300/0 says I am v2:172.21.15.89:51826/0 (socket says 172.21.15.89:51826)
2024-09-15T23:14:53.335 INFO:teuthology.orchestra.run.smithi089.stdout:/usr/bin/ceph: stderr
2024-09-15T23:14:52.009+0000 7f9d1642b640 1 -- 172.21.15.89:0/2101153145 learned_addr learned my addr 172.21.15.89:0/2101153145 (peer_addr_for_me v2:172.21.15.89:0/0)
2024-09-15T23:14:53.335 INFO:teuthology.orchestra.run.smithi089.stdout:/usr/bin/ceph: stderr
2024-09-15T23:14:52.009+0000 7f9d1642b640 1 -- 172.21.15.89:0/2101153145 --> [v2:172.21.15.89:3300/0,v1:172.21.15.89:6789/0] -- mon_subscribe({config=0+,monmap=0+}) -- 0x7f9d1019bc80 con 0x7f9d10107720
2024-09-15T23:14:53.335 INFO:teuthology.orchestra.run.smithi089.stdout:/usr/bin/ceph: stderr
2024-09-15T23:14:52.009+0000 7f9d1642b640 1 --2- 172.21.15.89:0/2101153145 >> [v2:172.21.15.89:3300/0,v1:172.21.15.89:6789/0] conn(0x7f9d10107720 0x7f9d1019b740 secure :-1 s=READY pgs=50 cs=0 l=1 rev1=1 crypto rx=0x7f9d0c030560 tx=0x7f9d0c032670 comp rx=0 tx=0).ready entity=mon.0 client_cookie=0 server_cookie=0 in_seq=0 out_seq=0
2024-09-15T23:14:53.335 INFO:teuthology.orchestra.run.smithi089.stdout:/usr/bin/ceph: stderr
2024-09-15T23:14:52.009+0000 7f9d077fe640 1 -- 172.21.15.89:0/2101153145 <== mon.0 v2:172.21.15.89:3300/0 1 ==== mon_map magic: 0 ==== 205+0+0 (secure 0 0 0) 0x7f9d0c037040 con 0x7f9d10107720
2024-09-15T23:14:53.335 INFO:teuthology.orchestra.run.smithi089.stdout:/usr/bin/ceph: stderr
2024-09-15T23:14:52.009+0000 7f9d077fe640 1 -- 172.21.15.89:0/2101153145 <== mon.0 v2:172.21.15.89:3300/0 2 ==== config(27 keys) ==== 1140+0+0 (secure 0 0 0) 0x7f9d0c040070 con 0x7f9d10107720
2024-09-15T23:14:53.335 INFO:teuthology.orchestra.run.smithi089.stdout:/usr/bin/ceph: stderr
2024-09-15T23:14:52.009+0000 7f9d1868f640 1 -- 172.21.15.89:0/2101153145 --> [v2:172.21.15.89:3300/0,v1:172.21.15.89:6789/0] -- mon_subscribe({mgrmap=0+}) -- 0x7f9d1019bf10 con 0x7f9d10107720
2024-09-15T23:14:53.335 INFO:teuthology.orchestra.run.smithi089.stdout:/usr/bin/ceph: stderr
2024-09-15T23:14:52.009+0000 7f9d077fe640 1 -- 172.21.15.89:0/2101153145 <== mon.0 v2:172.21.15.89:3300/0 3 ==== mon_map magic: 0 ==== 205+0+0 (secure 0 0 0) 0x7f9d0c03a6d0 con 0x7f9d10107720
2024-09-15T23:14:53.335 INFO:teuthology.orchestra.run.smithi089.stdout:/usr/bin/ceph: stderr
2024-09-15T23:14:52.010+0000 7f9d1868f640 1 -- 172.21.15.89:0/2101153145 --> [v2:172.21.15.89:3300/0,v1:172.21.15.89:6789/0] -- mon_subscribe({osdmap=0}) -- 0x7f9d1019ec00 con 0x7f9d10107720
2024-09-15T23:14:53.335 INFO:teuthology.orchestra.run.smithi089.stdout:/usr/bin/ceph: stderr
2024-09-15T23:14:52.010+0000 7f9d077fe640 1 -- 172.21.15.89:0/2101153145 <== mon.0 v2:172.21.15.89:3300/0 4 ==== mgrmap(e 8) ==== 46461+0+0 (secure 0 0 0) 0x7f9d0c03b420 con 0x7f9d10107720
2024-09-15T23:14:53.335 INFO:teuthology.orchestra.run.smithi089.stdout:/usr/bin/ceph: stderr
2024-09-15T23:14:52.010+0000 7f9d077fe640 1 --2- 172.21.15.89:0/2101153145 >> [v2:172.21.15.89:6800/429862840,v1:172.21.15.89:6801/429862840] conn(0x7f9cfc0391b0 0x7f9cfc03b670 unknown :-1 s=NONE pgs=0 cs=0 l=1 rev1=0 crypto rx=0 tx=0 comp rx=0 tx=0).connect
2024-09-15T23:14:53.335 INFO:teuthology.orchestra.run.smithi089.stdout:/usr/bin/ceph: stderr
2024-09-15T23:14:52.011+0000 7f9d077fe640 1 -- 172.21.15.89:0/2101153145 <== mon.0 v2:172.21.15.89:3300/0 5 ==== osd_map(2..2 src has 1..2) ==== 940+0+0 (secure 0 0 0) 0x7f9d0c06c800 con 0x7f9d10107720
2024-09-15T23:14:53.335 INFO:teuthology.orchestra.run.smithi089.stdout:/usr/bin/ceph: stderr
2024-09-15T23:14:52.011+0000 7f9d1868f640 1 -- 172.21.15.89:0/2101153145 --> [v2:172.21.15.89:3300/0,v1:172.21.15.89:6789/0] -- mon_command({"prefix": "get_command_descriptions"} v 0) -- 0x7f9d10107ba0 con 0x7f9d10107720
2024-09-15T23:14:53.335 INFO:teuthology.orchestra.run.smithi089.stdout:/usr/bin/ceph: stderr
2024-09-15T23:14:52.011+0000 7f9d15c2a640 1 --2- 172.21.15.89:0/2101153145 >> [v2:172.21.15.89:6800/429862840,v1:172.21.15.89:6801/429862840] conn(0x7f9cfc0391b0 0x7f9cfc03b670 unknown :-1 s=BANNER_CONNECTING pgs=0 cs=0 l=1 rev1=0 crypto rx=0 tx=0 comp rx=0 tx=0)._handle_peer_banner_payload supported=3 required=0
2024-09-15T23:14:53.336 INFO:teuthology.orchestra.run.smithi089.stdout:/usr/bin/ceph: stderr
2024-09-15T23:14:52.011+0000 7f9d15c2a640 1 --2- 172.21.15.89:0/2101153145 >> [v2:172.21.15.89:6800/429862840,v1:172.21.15.89:6801/429862840] conn(0x7f9cfc0391b0 0x7f9cfc03b670 secure :-1 s=READY pgs=15 cs=0 l=1 rev1=1 crypto rx=0x7f9d000098c0 tx=0x7f9d00006db0 comp rx=0 tx=0).ready entity=mgr.14118 client_cookie=0 server_cookie=0 in_seq=0 out_seq=0
2024-09-15T23:14:53.336 INFO:teuthology.orchestra.run.smithi089.stdout:/usr/bin/ceph: stderr
2024-09-15T23:14:52.015+0000 7f9d077fe640 1 -- 172.21.15.89:0/2101153145 <== mon.0 v2:172.21.15.89:3300/0 6 ==== mon_command_ack([{"prefix": "get_command_descriptions"}]=0 v0) ==== 72+0+188821 (secure 0 0 0) 0x7f9d0c04a200 con 0x7f9d10107720
2024-09-15T23:14:53.336 INFO:teuthology.orchestra.run.smithi089.stdout:/usr/bin/ceph: stderr
2024-09-15T23:14:52.202+0000 7f9d1868f640 1 -- 172.21.15.89:0/2101153145 --> [v2:172.21.15.89:3300/0,v1:172.21.15.89:6789/0] -- mon_command([{prefix=config set, name=mgr/cephadm/container_init}] v 0) -- 0x7f9d1019f120 con 0x7f9d10107720
2024-09-15T23:14:53.336 INFO:teuthology.orchestra.run.smithi089.stdout:/usr/bin/ceph: stderr
2024-09-15T23:14:52.204+0000 7f9d077fe640 1 -- 172.21.15.89:0/2101153145 <== mon.0 v2:172.21.15.89:3300/0 7 ==== mon_command_ack([{prefix=config set, name=mgr/cephadm/container_init}]=0 v7)=0 v7) ==== 142+0+0 (secure 0 0 0) 0x7f9d0c031e80 con 0x7f9d10107720
2024-09-15T23:14:53.336 INFO:teuthology.orchestra.run.smithi089.stdout:/usr/bin/ceph: stderr
2024-09-15T23:14:52.207+0000 7f9d1868f640 1 -- 172.21.15.89:0/2101153145 >> [v2:172.21.15.89:6800/429862840,v1:172.21.15.89:6801/429862840] conn(0x7f9cfc0391b0 msgr2=0x7f9cfc03b670 secure :-1 s=STATE_CONNECTION_ESTABLISHED l=1).mark_down
2024-09-15T23:14:53.336 INFO:teuthology.orchestra.run.smithi089.stdout:/usr/bin/ceph: stderr
2024-09-15T23:14:52.207+0000 7f9d1868f640 1 --2- 172.21.15.89:0/2101153145 >> [v2:172.21.15.89:6800/429862840,v1:172.21.15.89:6801/429862840] conn(0x7f9cfc0391b0 0x7f9cfc03b670 secure :-1 s=READY pgs=15 cs=0 l=1 rev1=1 crypto rx=0x7f9d000098c0 tx=0x7f9d00006db0 comp rx=0 tx=0).stop
2024-09-15T23:14:53.336 INFO:teuthology.orchestra.run.smithi089.stdout:/usr/bin/ceph: stderr
2024-09-15T23:14:52.207+0000 7f9d1868f640 1 -- 172.21.15.89:0/2101153145 >> [v2:172.21.15.89:3300/0,v1:172.21.15.89:6789/0] conn(0x7f9d10107720 msgr2=0x7f9d1019b740 secure :-1 s=STATE_CONNECTION_ESTABLISHED l=1).mark_down
2024-09-15T23:14:53.336 INFO:teuthology.orchestra.run.smithi089.stdout:/usr/bin/ceph: stderr
2024-09-15T23:14:52.207+0000 7f9d1868f640 1 --2- 172.21.15.89:0/2101153145 >> [v2:172.21.15.89:3300/0,v1:172.21.15.89:6789/0] conn(0x7f9d10107720 0x7f9d1019b740 secure :-1 s=READY pgs=50 cs=0 l=1 rev1=1 crypto rx=0x7f9d0c030560 tx=0x7f9d0c032670 comp rx=0 tx=0).stop
2024-09-15T23:14:53.336 INFO:teuthology.orchestra.run.smithi089.stdout:/usr/bin/ceph: stderr
2024-09-15T23:14:52.207+0000 7f9d1868f640 1 -- 172.21.15.89:0/2101153145 shutdown_connections
2024-09-15T23:14:53.336 INFO:teuthology.orchestra.run.smithi089.stdout:/usr/bin/ceph: stderr
2024-09-15T23:14:52.207+0000 7f9d1868f640 1 --2- 172.21.15.89:0/2101153145 >> [v2:172.21.15.89:6800/429862840,v1:172.21.15.89:6801/429862840] conn(0x7f9cfc0391b0 0x7f9cfc03b670 unknown :-1 s=CLOSED pgs=15 cs=0 l=1 rev1=1 crypto rx=0 tx=0 comp rx=0 tx=0).stop
2024-09-15T23:14:53.336 INFO:teuthology.orchestra.run.smithi089.stdout:/usr/bin/ceph: stderr
2024-09-15T23:14:52.207+0000 7f9d1868f640 1 --2- 172.21.15.89:0/2101153145 >> [v2:172.21.15.89:3300/0,v1:172.21.15.89:6789/0] conn(0x7f9d10107720 0x7f9d1019b740 unknown :-1 s=CLOSED pgs=50 cs=0 l=1 rev1=1 crypto rx=0 tx=0 comp rx=0 tx=0).stop
2024-09-15T23:14:53.336 INFO:teuthology.orchestra.run.smithi089.stdout:/usr/bin/ceph: stderr
2024-09-15T23:14:52.207+0000 7f9d1868f640 1 -- 172.21.15.89:0/2101153145 >> 172.21.15.89:0/2101153145 conn(0x7f9d10102ed0 msgr2=0x7f9d10103ad0 unknown :-1 s=STATE_NONE l=0).mark_down
2024-09-15T23:14:53.336 INFO:teuthology.orchestra.run.smithi089.stdout:/usr/bin/ceph: stderr
2024-09-15T23:14:52.207+0000 7f9d1868f640 1 -- 172.21.15.89:0/2101153145 shutdown_connections
2024-09-15T23:14:53.337 INFO:teuthology.orchestra.run.smithi089.stdout:/usr/bin/ceph: stderr
2024-09-15T23:14:52.207+0000 7f9d1868f640 1 -- 172.21.15.89:0/2101153145 wait complete.
2024-09-15T23:14:54.573 INFO:teuthology.orchestra.run.smithi089.stdout:/usr/bin/ceph: stderr
2024-09-15T23:14:53.749+0000 7f27fd297640 1 Processor -- start
2024-09-15T23:14:54.573 INFO:teuthology.orchestra.run.smithi089.stdout:/usr/bin/ceph: stderr
2024-09-15T23:14:53.749+0000 7f27fd297640 1 -- start start
2024-09-15T23:14:54.573 INFO:teuthology.orchestra.run.smithi089.stdout:/usr/bin/ceph: stderr
2024-09-15T23:14:53.749+0000 7f27fd297640 1 --2- >> [v2:172.21.15.89:3300/0,v1:172.21.15.89:6789/0] conn(0x7f27f81076e0 0x7f27f8107ae0 unknown :-1 s=NONE pgs=0 cs=0 l=0 rev1=0 crypto rx=0 tx=0 comp rx=0 tx=0).connect
2024-09-15T23:14:54.573 INFO:teuthology.orchestra.run.smithi089.stdout:/usr/bin/ceph: stderr
2024-09-15T23:14:53.749+0000 7f27fd297640 1 -- --> [v2:172.21.15.89:3300/0,v1:172.21.15.89:6789/0] -- mon_getmap magic: 0 -- 0x7f27f81080b0 con 0x7f27f81076e0
2024-09-15T23:14:54.573 INFO:teuthology.orchestra.run.smithi089.stdout:/usr/bin/ceph: stderr
2024-09-15T23:14:53.749+0000 7f27f6ffd640 1 --2- >> [v2:172.21.15.89:3300/0,v1:172.21.15.89:6789/0] conn(0x7f27f81076e0 0x7f27f8107ae0 unknown :-1 s=BANNER_CONNECTING pgs=0 cs=0 l=0 rev1=0 crypto rx=0 tx=0 comp rx=0 tx=0)._handle_peer_banner_payload supported=3 required=0
2024-09-15T23:14:54.573 INFO:teuthology.orchestra.run.smithi089.stdout:/usr/bin/ceph: stderr
2024-09-15T23:14:53.749+0000 7f27f6ffd640 1 --2- >> [v2:172.21.15.89:3300/0,v1:172.21.15.89:6789/0] conn(0x7f27f81076e0 0x7f27f8107ae0 unknown :-1 s=HELLO_CONNECTING pgs=0 cs=0 l=0 rev1=1 crypto rx=0 tx=0 comp rx=0 tx=0).handle_hello peer v2:172.21.15.89:3300/0 says I am v2:172.21.15.89:51840/0 (socket says 172.21.15.89:51840)
2024-09-15T23:14:54.573 INFO:teuthology.orchestra.run.smithi089.stdout:/usr/bin/ceph: stderr
2024-09-15T23:14:53.749+0000 7f27f6ffd640 1 -- 172.21.15.89:0/2591831762 learned_addr learned my addr 172.21.15.89:0/2591831762 (peer_addr_for_me v2:172.21.15.89:0/0)
2024-09-15T23:14:54.573 INFO:teuthology.orchestra.run.smithi089.stdout:/usr/bin/ceph: stderr
2024-09-15T23:14:53.749+0000 7f27f6ffd640 1 -- 172.21.15.89:0/2591831762 --> [v2:172.21.15.89:3300/0,v1:172.21.15.89:6789/0] -- mon_subscribe({config=0+,monmap=0+}) -- 0x7f27f81088e0 con 0x7f27f81076e0
2024-09-15T23:14:54.573 INFO:teuthology.orchestra.run.smithi089.stdout:/usr/bin/ceph: stderr
2024-09-15T23:14:53.750+0000 7f27f6ffd640 1 --2- 172.21.15.89:0/2591831762 >> [v2:172.21.15.89:3300/0,v1:172.21.15.89:6789/0] conn(0x7f27f81076e0 0x7f27f8107ae0 secure :-1 s=READY pgs=51 cs=0 l=1 rev1=1 crypto rx=0x7f27e8009e80 tx=0x7f27e802a7a0 comp rx=0 tx=0).ready entity=mon.0 client_cookie=d12ef7368017c050 server_cookie=0 in_seq=0 out_seq=0
2024-09-15T23:14:54.573 INFO:teuthology.orchestra.run.smithi089.stdout:/usr/bin/ceph: stderr
2024-09-15T23:14:53.750+0000 7f27f5ffb640 1 -- 172.21.15.89:0/2591831762 <== mon.0 v2:172.21.15.89:3300/0 1 ==== mon_map magic: 0 ==== 205+0+0 (secure 0 0 0) 0x7f27e8036070 con 0x7f27f81076e0
2024-09-15T23:14:54.573 INFO:teuthology.orchestra.run.smithi089.stdout:/usr/bin/ceph: stderr
2024-09-15T23:14:53.750+0000 7f27f5ffb640 1 -- 172.21.15.89:0/2591831762 <== mon.0 v2:172.21.15.89:3300/0 2 ==== config(27 keys) ==== 1140+0+0 (secure 0 0 0) 0x7f27e80318e0 con 0x7f27f81076e0
2024-09-15T23:14:54.574 INFO:teuthology.orchestra.run.smithi089.stdout:/usr/bin/ceph: stderr
2024-09-15T23:14:53.750+0000 7f27f5ffb640 1 -- 172.21.15.89:0/2591831762 <== mon.0 v2:172.21.15.89:3300/0 3 ==== mon_map magic: 0 ==== 205+0+0 (secure 0 0 0) 0x7f27e8007a00 con 0x7f27f81076e0
2024-09-15T23:14:54.574 INFO:teuthology.orchestra.run.smithi089.stdout:/usr/bin/ceph: stderr
2024-09-15T23:14:53.751+0000 7f27fd297640 1 -- 172.21.15.89:0/2591831762 >> [v2:172.21.15.89:3300/0,v1:172.21.15.89:6789/0] conn(0x7f27f81076e0 msgr2=0x7f27f8107ae0 secure :-1 s=STATE_CONNECTION_ESTABLISHED l=1).mark_down
2024-09-15T23:14:54.574 INFO:teuthology.orchestra.run.smithi089.stdout:/usr/bin/ceph: stderr
2024-09-15T23:14:53.751+0000 7f27fd297640 1 --2- 172.21.15.89:0/2591831762 >> [v2:172.21.15.89:3300/0,v1:172.21.15.89:6789/0] conn(0x7f27f81076e0 0x7f27f8107ae0 secure :-1 s=READY pgs=51 cs=0 l=1 rev1=1 crypto rx=0x7f27e8009e80 tx=0x7f27e802a7a0 comp rx=0 tx=0).stop
2024-09-15T23:14:54.574 INFO:teuthology.orchestra.run.smithi089.stdout:/usr/bin/ceph: stderr
2024-09-15T23:14:53.751+0000 7f27fd297640 1 -- 172.21.15.89:0/2591831762 shutdown_connections
2024-09-15T23:14:54.574 INFO:teuthology.orchestra.run.smithi089.stdout:/usr/bin/ceph: stderr
2024-09-15T23:14:53.751+0000 7f27fd297640 1 --2- 172.21.15.89:0/2591831762 >> [v2:172.21.15.89:3300/0,v1:172.21.15.89:6789/0] conn(0x7f27f81076e0 0x7f27f8107ae0 unknown :-1 s=CLOSED pgs=51 cs=0 l=1 rev1=1 crypto rx=0 tx=0 comp rx=0 tx=0).stop
2024-09-15T23:14:54.574 INFO:teuthology.orchestra.run.smithi089.stdout:/usr/bin/ceph: stderr
2024-09-15T23:14:53.751+0000 7f27fd297640 1 -- 172.21.15.89:0/2591831762 >> 172.21.15.89:0/2591831762 conn(0x7f27f8102e90 msgr2=0x7f27f81052b0 unknown :-1 s=STATE_NONE l=0).mark_down
2024-09-15T23:14:54.574 INFO:teuthology.orchestra.run.smithi089.stdout:/usr/bin/ceph: stderr
2024-09-15T23:14:53.751+0000 7f27fd297640 1 -- 172.21.15.89:0/2591831762 shutdown_connections
2024-09-15T23:14:54.574 INFO:teuthology.orchestra.run.smithi089.stdout:/usr/bin/ceph: stderr
2024-09-15T23:14:53.751+0000 7f27fd297640 1 -- 172.21.15.89:0/2591831762 wait complete.
2024-09-15T23:14:54.574 INFO:teuthology.orchestra.run.smithi089.stdout:/usr/bin/ceph: stderr
2024-09-15T23:14:53.751+0000 7f27fd297640 1 Processor -- start
2024-09-15T23:14:54.574 INFO:teuthology.orchestra.run.smithi089.stdout:/usr/bin/ceph: stderr
2024-09-15T23:14:53.752+0000 7f27fd297640 1 -- start start
2024-09-15T23:14:54.574 INFO:teuthology.orchestra.run.smithi089.stdout:/usr/bin/ceph: stderr
2024-09-15T23:14:53.752+0000 7f27fd297640 1 --2- >> [v2:172.21.15.89:3300/0,v1:172.21.15.89:6789/0] conn(0x7f27f81076e0 0x7f27f819b760 unknown :-1 s=NONE pgs=0 cs=0 l=1 rev1=0 crypto rx=0 tx=0 comp rx=0 tx=0).connect
2024-09-15T23:14:54.574 INFO:teuthology.orchestra.run.smithi089.stdout:/usr/bin/ceph: stderr
2024-09-15T23:14:53.752+0000 7f27fd297640 1 -- --> [v2:172.21.15.89:3300/0,v1:172.21.15.89:6789/0] -- mon_getmap magic: 0 -- 0x7f27f810bc90 con 0x7f27f81076e0
2024-09-15T23:14:54.574 INFO:teuthology.orchestra.run.smithi089.stdout:/usr/bin/ceph: stderr
2024-09-15T23:14:53.752+0000 7f27f6ffd640 1 --2- >> [v2:172.21.15.89:3300/0,v1:172.21.15.89:6789/0] conn(0x7f27f81076e0 0x7f27f819b760 unknown :-1 s=BANNER_CONNECTING pgs=0 cs=0 l=1 rev1=0 crypto rx=0 tx=0 comp rx=0 tx=0)._handle_peer_banner_payload supported=3 required=0
2024-09-15T23:14:54.575 INFO:teuthology.orchestra.run.smithi089.stdout:/usr/bin/ceph: stderr
2024-09-15T23:14:53.752+0000 7f27f6ffd640 1 --2- >> [v2:172.21.15.89:3300/0,v1:172.21.15.89:6789/0] conn(0x7f27f81076e0 0x7f27f819b760 unknown :-1 s=HELLO_CONNECTING pgs=0 cs=0 l=1 rev1=1 crypto rx=0 tx=0 comp rx=0 tx=0).handle_hello peer v2:172.21.15.89:3300/0 says I am v2:172.21.15.89:51852/0 (socket says 172.21.15.89:51852)
2024-09-15T23:14:54.575 INFO:teuthology.orchestra.run.smithi089.stdout:/usr/bin/ceph: stderr
2024-09-15T23:14:53.752+0000 7f27f6ffd640 1 -- 172.21.15.89:0/2341014950 learned_addr learned my addr 172.21.15.89:0/2341014950 (peer_addr_for_me v2:172.21.15.89:0/0)
2024-09-15T23:14:54.575 INFO:teuthology.orchestra.run.smithi089.stdout:/usr/bin/ceph: stderr
2024-09-15T23:14:53.752+0000 7f27f6ffd640 1 -- 172.21.15.89:0/2341014950 --> [v2:172.21.15.89:3300/0,v1:172.21.15.89:6789/0] -- mon_subscribe({config=0+,monmap=0+}) -- 0x7f27f819bca0 con 0x7f27f81076e0
2024-09-15T23:14:54.575 INFO:teuthology.orchestra.run.smithi089.stdout:/usr/bin/ceph: stderr
2024-09-15T23:14:53.752+0000 7f27f6ffd640 1 --2- 172.21.15.89:0/2341014950 >> [v2:172.21.15.89:3300/0,v1:172.21.15.89:6789/0] conn(0x7f27f81076e0 0x7f27f819b760 secure :-1 s=READY pgs=52 cs=0 l=1 rev1=1 crypto rx=0x7f27e8031cc0 tx=0x7f27e8031cf0 comp rx=0 tx=0).ready entity=mon.0 client_cookie=0 server_cookie=0 in_seq=0 out_seq=0
2024-09-15T23:14:54.575 INFO:teuthology.orchestra.run.smithi089.stdout:/usr/bin/ceph: stderr
2024-09-15T23:14:53.752+0000 7f27effff640 1 -- 172.21.15.89:0/2341014950 <== mon.0 v2:172.21.15.89:3300/0 1 ==== mon_map magic: 0 ==== 205+0+0 (secure 0 0 0) 0x7f27e8036050 con 0x7f27f81076e0
2024-09-15T23:14:54.575 INFO:teuthology.orchestra.run.smithi089.stdout:/usr/bin/ceph: stderr
2024-09-15T23:14:53.752+0000 7f27effff640 1 -- 172.21.15.89:0/2341014950 <== mon.0 v2:172.21.15.89:3300/0 2 ==== config(27 keys) ==== 1140+0+0 (secure 0 0 0) 0x7f27e8042070 con 0x7f27f81076e0
2024-09-15T23:14:54.575 INFO:teuthology.orchestra.run.smithi089.stdout:/usr/bin/ceph: stderr
2024-09-15T23:14:53.752+0000 7f27fd297640 1 -- 172.21.15.89:0/2341014950 --> [v2:172.21.15.89:3300/0,v1:172.21.15.89:6789/0] -- mon_subscribe({mgrmap=0+}) -- 0x7f27f819bf30 con 0x7f27f81076e0
2024-09-15T23:14:54.575 INFO:teuthology.orchestra.run.smithi089.stdout:/usr/bin/ceph: stderr
2024-09-15T23:14:53.753+0000 7f27effff640 1 -- 172.21.15.89:0/2341014950 <== mon.0 v2:172.21.15.89:3300/0 3 ==== mon_map magic: 0 ==== 205+0+0 (secure 0 0 0) 0x7f27e803d9b0 con 0x7f27f81076e0
2024-09-15T23:14:54.575 INFO:teuthology.orchestra.run.smithi089.stdout:/usr/bin/ceph: stderr
2024-09-15T23:14:53.753+0000 7f27fd297640 1 -- 172.21.15.89:0/2341014950 --> [v2:172.21.15.89:3300/0,v1:172.21.15.89:6789/0] -- mon_subscribe({osdmap=0}) -- 0x7f27f819ec20 con 0x7f27f81076e0
2024-09-15T23:14:54.575 INFO:teuthology.orchestra.run.smithi089.stdout:/usr/bin/ceph: stderr
2024-09-15T23:14:53.753+0000 7f27effff640 1 -- 172.21.15.89:0/2341014950 <== mon.0 v2:172.21.15.89:3300/0 4 ==== mgrmap(e 8) ==== 46461+0+0 (secure 0 0 0) 0x7f27e803dcb0 con 0x7f27f81076e0
2024-09-15T23:14:54.575 INFO:teuthology.orchestra.run.smithi089.stdout:/usr/bin/ceph: stderr
2024-09-15T23:14:53.753+0000 7f27effff640 1 --2- 172.21.15.89:0/2341014950 >> [v2:172.21.15.89:6800/429862840,v1:172.21.15.89:6801/429862840] conn(0x7f27e40391b0 0x7f27e403b670 unknown :-1 s=NONE pgs=0 cs=0 l=1 rev1=0 crypto rx=0 tx=0 comp rx=0 tx=0).connect
2024-09-15T23:14:54.575 INFO:teuthology.orchestra.run.smithi089.stdout:/usr/bin/ceph: stderr
2024-09-15T23:14:53.753+0000 7f27fd297640 1 -- 172.21.15.89:0/2341014950 --> [v2:172.21.15.89:3300/0,v1:172.21.15.89:6789/0] -- mon_command({"prefix": "get_command_descriptions"} v 0) -- 0x7f27f810be10 con 0x7f27f81076e0
2024-09-15T23:14:54.575 INFO:teuthology.orchestra.run.smithi089.stdout:/usr/bin/ceph: stderr
2024-09-15T23:14:53.754+0000 7f27effff640 1 -- 172.21.15.89:0/2341014950 <== mon.0 v2:172.21.15.89:3300/0 5 ==== osd_map(2..2 src has 1..2) ==== 940+0+0 (secure 0 0 0) 0x7f27e806d6e0 con 0x7f27f81076e0
2024-09-15T23:14:54.575 INFO:teuthology.orchestra.run.smithi089.stdout:/usr/bin/ceph: stderr
2024-09-15T23:14:53.754+0000 7f27f67fc640 1 --2- 172.21.15.89:0/2341014950 >> [v2:172.21.15.89:6800/429862840,v1:172.21.15.89:6801/429862840] conn(0x7f27e40391b0 0x7f27e403b670 unknown :-1 s=BANNER_CONNECTING pgs=0 cs=0 l=1 rev1=0 crypto rx=0 tx=0 comp rx=0 tx=0)._handle_peer_banner_payload supported=3 required=0
2024-09-15T23:14:54.576 INFO:teuthology.orchestra.run.smithi089.stdout:/usr/bin/ceph: stderr
