2024-09-15T23:22:28.637+0000 7effe45f7640 1 --2- >> [v2:172.21.15.77:3300/0,v1:172.21.15.77:6789/0] conn(0x7effdc1057b0 0x7effdc19b540 unknown :-1 s=NONE pgs=0 cs=0 l=1 rev1=0 crypto rx=0 tx=0 comp rx=0 tx=0).connect
2024-09-15T23:22:29.537 INFO:teuthology.orchestra.run.smithi077.stdout:/usr/bin/ceph: stderr
2024-09-15T23:22:28.637+0000 7effe45f7640 1 -- --> [v2:172.21.15.77:3300/0,v1:172.21.15.77:6789/0] -- mon_getmap magic: 0 -- 0x7effdc10b9c0 con 0x7effdc1057b0
2024-09-15T23:22:29.537 INFO:teuthology.orchestra.run.smithi077.stdout:/usr/bin/ceph: stderr
2024-09-15T23:22:28.637+0000 7effe2393640 1 --2- >> [v2:172.21.15.77:3300/0,v1:172.21.15.77:6789/0] conn(0x7effdc1057b0 0x7effdc19b540 unknown :-1 s=BANNER_CONNECTING pgs=0 cs=0 l=1 rev1=0 crypto rx=0 tx=0 comp rx=0 tx=0)._handle_peer_banner_payload supported=3 required=0
2024-09-15T23:22:29.537 INFO:teuthology.orchestra.run.smithi077.stdout:/usr/bin/ceph: stderr
2024-09-15T23:22:28.637+0000 7effe2393640 1 --2- >> [v2:172.21.15.77:3300/0,v1:172.21.15.77:6789/0] conn(0x7effdc1057b0 0x7effdc19b540 unknown :-1 s=HELLO_CONNECTING pgs=0 cs=0 l=1 rev1=1 crypto rx=0 tx=0 comp rx=0 tx=0).handle_hello peer v2:172.21.15.77:3300/0 says I am v2:172.21.15.77:56474/0 (socket says 172.21.15.77:56474)
2024-09-15T23:22:29.537 INFO:teuthology.orchestra.run.smithi077.stdout:/usr/bin/ceph: stderr
2024-09-15T23:22:28.637+0000 7effe2393640 1 -- 172.21.15.77:0/2113306947 learned_addr learned my addr 172.21.15.77:0/2113306947 (peer_addr_for_me v2:172.21.15.77:0/0)
2024-09-15T23:22:29.538 INFO:teuthology.orchestra.run.smithi077.stdout:/usr/bin/ceph: stderr
2024-09-15T23:22:28.638+0000 7effe2393640 1 -- 172.21.15.77:0/2113306947 --> [v2:172.21.15.77:3300/0,v1:172.21.15.77:6789/0] -- mon_subscribe({config=0+,monmap=0+}) -- 0x7effdc19ba80 con 0x7effdc1057b0
2024-09-15T23:22:29.538 INFO:teuthology.orchestra.run.smithi077.stdout:/usr/bin/ceph: stderr
2024-09-15T23:22:28.638+0000 7effe2393640 1 --2- 172.21.15.77:0/2113306947 >> [v2:172.21.15.77:3300/0,v1:172.21.15.77:6789/0] conn(0x7effdc1057b0 0x7effdc19b540 secure :-1 s=READY pgs=52 cs=0 l=1 rev1=1 crypto rx=0x7effd8030560 tx=0x7effd8032670 comp rx=0 tx=0).ready entity=mon.0 client_cookie=0 server_cookie=0 in_seq=0 out_seq=0
2024-09-15T23:22:29.538 INFO:teuthology.orchestra.run.smithi077.stdout:/usr/bin/ceph: stderr
2024-09-15T23:22:28.638+0000 7effd37fe640 1 -- 172.21.15.77:0/2113306947 <== mon.0 v2:172.21.15.77:3300/0 1 ==== mon_map magic: 0 ==== 205+0+0 (secure 0 0 0) 0x7effd8037040 con 0x7effdc1057b0
2024-09-15T23:22:29.538 INFO:teuthology.orchestra.run.smithi077.stdout:/usr/bin/ceph: stderr
2024-09-15T23:22:28.638+0000 7effd37fe640 1 -- 172.21.15.77:0/2113306947 <== mon.0 v2:172.21.15.77:3300/0 2 ==== config(27 keys) ==== 1140+0+0 (secure 0 0 0) 0x7effd8040070 con 0x7effdc1057b0
2024-09-15T23:22:29.538 INFO:teuthology.orchestra.run.smithi077.stdout:/usr/bin/ceph: stderr
2024-09-15T23:22:28.638+0000 7effe45f7640 1 -- 172.21.15.77:0/2113306947 --> [v2:172.21.15.77:3300/0,v1:172.21.15.77:6789/0] -- mon_subscribe({mgrmap=0+}) -- 0x7effdc19bd10 con 0x7effdc1057b0
2024-09-15T23:22:29.538 INFO:teuthology.orchestra.run.smithi077.stdout:/usr/bin/ceph: stderr
2024-09-15T23:22:28.638+0000 7effd37fe640 1 -- 172.21.15.77:0/2113306947 <== mon.0 v2:172.21.15.77:3300/0 3 ==== mon_map magic: 0 ==== 205+0+0 (secure 0 0 0) 0x7effd803a740 con 0x7effdc1057b0
2024-09-15T23:22:29.538 INFO:teuthology.orchestra.run.smithi077.stdout:/usr/bin/ceph: stderr
2024-09-15T23:22:28.638+0000 7effe45f7640 1 -- 172.21.15.77:0/2113306947 --> [v2:172.21.15.77:3300/0,v1:172.21.15.77:6789/0] -- mon_subscribe({osdmap=0}) -- 0x7effdc19ea00 con 0x7effdc1057b0
2024-09-15T23:22:29.538 INFO:teuthology.orchestra.run.smithi077.stdout:/usr/bin/ceph: stderr
2024-09-15T23:22:28.639+0000 7effd37fe640 1 -- 172.21.15.77:0/2113306947 <== mon.0 v2:172.21.15.77:3300/0 4 ==== mgrmap(e 8) ==== 46461+0+0 (secure 0 0 0) 0x7effd803b420 con 0x7effdc1057b0
2024-09-15T23:22:29.538 INFO:teuthology.orchestra.run.smithi077.stdout:/usr/bin/ceph: stderr
2024-09-15T23:22:28.639+0000 7effe45f7640 1 -- 172.21.15.77:0/2113306947 --> [v2:172.21.15.77:3300/0,v1:172.21.15.77:6789/0] -- mon_command({"prefix": "get_command_descriptions"} v 0) -- 0x7effdc105c30 con 0x7effdc1057b0
2024-09-15T23:22:29.538 INFO:teuthology.orchestra.run.smithi077.stdout:/usr/bin/ceph: stderr
2024-09-15T23:22:28.639+0000 7effd37fe640 1 --2- 172.21.15.77:0/2113306947 >> [v2:172.21.15.77:6800/301680494,v1:172.21.15.77:6801/301680494] conn(0x7effc80391b0 0x7effc803b670 unknown :-1 s=NONE pgs=0 cs=0 l=1 rev1=0 crypto rx=0 tx=0 comp rx=0 tx=0).connect
2024-09-15T23:22:29.538 INFO:teuthology.orchestra.run.smithi077.stdout:/usr/bin/ceph: stderr
2024-09-15T23:22:28.639+0000 7effd37fe640 1 -- 172.21.15.77:0/2113306947 <== mon.0 v2:172.21.15.77:3300/0 5 ==== osd_map(2..2 src has 1..2) ==== 940+0+0 (secure 0 0 0) 0x7effd806c850 con 0x7effdc1057b0
2024-09-15T23:22:29.538 INFO:teuthology.orchestra.run.smithi077.stdout:/usr/bin/ceph: stderr
2024-09-15T23:22:28.639+0000 7effe1b92640 1 --2- 172.21.15.77:0/2113306947 >> [v2:172.21.15.77:6800/301680494,v1:172.21.15.77:6801/301680494] conn(0x7effc80391b0 0x7effc803b670 unknown :-1 s=BANNER_CONNECTING pgs=0 cs=0 l=1 rev1=0 crypto rx=0 tx=0 comp rx=0 tx=0)._handle_peer_banner_payload supported=3 required=0
2024-09-15T23:22:29.538 INFO:teuthology.orchestra.run.smithi077.stdout:/usr/bin/ceph: stderr
2024-09-15T23:22:28.640+0000 7effe1b92640 1 --2- 172.21.15.77:0/2113306947 >> [v2:172.21.15.77:6800/301680494,v1:172.21.15.77:6801/301680494] conn(0x7effc80391b0 0x7effc803b670 secure :-1 s=READY pgs=15 cs=0 l=1 rev1=1 crypto rx=0x7effcc0098c0 tx=0x7effcc006db0 comp rx=0 tx=0).ready entity=mgr.14118 client_cookie=0 server_cookie=0 in_seq=0 out_seq=0
2024-09-15T23:22:29.538 INFO:teuthology.orchestra.run.smithi077.stdout:/usr/bin/ceph: stderr
2024-09-15T23:22:28.644+0000 7effd37fe640 1 -- 172.21.15.77:0/2113306947 <== mon.0 v2:172.21.15.77:3300/0 6 ==== mon_command_ack([{"prefix": "get_command_descriptions"}]=0 v0) ==== 72+0+188821 (secure 0 0 0) 0x7effd803a9b0 con 0x7effdc1057b0
2024-09-15T23:22:29.539 INFO:teuthology.orchestra.run.smithi077.stdout:/usr/bin/ceph: stderr
2024-09-15T23:22:28.812+0000 7effe45f7640 1 -- 172.21.15.77:0/2113306947 --> [v2:172.21.15.77:3300/0,v1:172.21.15.77:6789/0] -- mon_command([{prefix=config set, name=mgr/dashboard/ssl_server_port}] v 0) -- 0x7effdc19ebd0 con 0x7effdc1057b0
2024-09-15T23:22:29.539 INFO:teuthology.orchestra.run.smithi077.stdout:/usr/bin/ceph: stderr
2024-09-15T23:22:28.815+0000 7effd37fe640 1 -- 172.21.15.77:0/2113306947 <== mon.0 v2:172.21.15.77:3300/0 7 ==== mon_command_ack([{prefix=config set, name=mgr/dashboard/ssl_server_port}]=0 v8)=0 v8) ==== 130+0+0 (secure 0 0 0) 0x7effd802fd10 con 0x7effdc1057b0
2024-09-15T23:22:29.539 INFO:teuthology.orchestra.run.smithi077.stdout:/usr/bin/ceph: stderr
2024-09-15T23:22:28.817+0000 7effe45f7640 1 -- 172.21.15.77:0/2113306947 >> [v2:172.21.15.77:6800/301680494,v1:172.21.15.77:6801/301680494] conn(0x7effc80391b0 msgr2=0x7effc803b670 secure :-1 s=STATE_CONNECTION_ESTABLISHED l=1).mark_down
2024-09-15T23:22:29.539 INFO:teuthology.orchestra.run.smithi077.stdout:/usr/bin/ceph: stderr
2024-09-15T23:22:28.817+0000 7effe45f7640 1 --2- 172.21.15.77:0/2113306947 >> [v2:172.21.15.77:6800/301680494,v1:172.21.15.77:6801/301680494] conn(0x7effc80391b0 0x7effc803b670 secure :-1 s=READY pgs=15 cs=0 l=1 rev1=1 crypto rx=0x7effcc0098c0 tx=0x7effcc006db0 comp rx=0 tx=0).stop
2024-09-15T23:22:29.539 INFO:teuthology.orchestra.run.smithi077.stdout:/usr/bin/ceph: stderr
2024-09-15T23:22:28.817+0000 7effe45f7640 1 -- 172.21.15.77:0/2113306947 >> [v2:172.21.15.77:3300/0,v1:172.21.15.77:6789/0] conn(0x7effdc1057b0 msgr2=0x7effdc19b540 secure :-1 s=STATE_CONNECTION_ESTABLISHED l=1).mark_down
2024-09-15T23:22:29.539 INFO:teuthology.orchestra.run.smithi077.stdout:/usr/bin/ceph: stderr
2024-09-15T23:22:28.817+0000 7effe45f7640 1 --2- 172.21.15.77:0/2113306947 >> [v2:172.21.15.77:3300/0,v1:172.21.15.77:6789/0] conn(0x7effdc1057b0 0x7effdc19b540 secure :-1 s=READY pgs=52 cs=0 l=1 rev1=1 crypto rx=0x7effd8030560 tx=0x7effd8032670 comp rx=0 tx=0).stop
2024-09-15T23:22:29.539 INFO:teuthology.orchestra.run.smithi077.stdout:/usr/bin/ceph: stderr
2024-09-15T23:22:28.817+0000 7effe45f7640 1 -- 172.21.15.77:0/2113306947 shutdown_connections
2024-09-15T23:22:29.539 INFO:teuthology.orchestra.run.smithi077.stdout:/usr/bin/ceph: stderr
2024-09-15T23:22:28.817+0000 7effe45f7640 1 --2- 172.21.15.77:0/2113306947 >> [v2:172.21.15.77:6800/301680494,v1:172.21.15.77:6801/301680494] conn(0x7effc80391b0 0x7effc803b670 unknown :-1 s=CLOSED pgs=15 cs=0 l=1 rev1=1 crypto rx=0 tx=0 comp rx=0 tx=0).stop
2024-09-15T23:22:29.539 INFO:teuthology.orchestra.run.smithi077.stdout:/usr/bin/ceph: stderr
2024-09-15T23:22:28.817+0000 7effe45f7640 1 --2- 172.21.15.77:0/2113306947 >> [v2:172.21.15.77:3300/0,v1:172.21.15.77:6789/0] conn(0x7effdc1057b0 0x7effdc19b540 unknown :-1 s=CLOSED pgs=52 cs=0 l=1 rev1=1 crypto rx=0 tx=0 comp rx=0 tx=0).stop
2024-09-15T23:22:29.539 INFO:teuthology.orchestra.run.smithi077.stdout:/usr/bin/ceph: stderr
2024-09-15T23:22:28.817+0000 7effe45f7640 1 -- 172.21.15.77:0/2113306947 >> 172.21.15.77:0/2113306947 conn(0x7effdc101360 msgr2=0x7effdc101f20 unknown :-1 s=STATE_NONE l=0).mark_down
2024-09-15T23:22:29.539 INFO:teuthology.orchestra.run.smithi077.stdout:/usr/bin/ceph: stderr
2024-09-15T23:22:28.817+0000 7effe45f7640 1 -- 172.21.15.77:0/2113306947 shutdown_connections
2024-09-15T23:22:29.539 INFO:teuthology.orchestra.run.smithi077.stdout:/usr/bin/ceph: stderr
2024-09-15T23:22:28.817+0000 7effe45f7640 1 -- 172.21.15.77:0/2113306947 wait complete.
2024-09-15T23:22:29.539 INFO:teuthology.orchestra.run.smithi077.stdout:Enabling the dashboard module...
2024-09-15T23:22:29.883 INFO:journalctl@ceph.mon.a.smithi077.stdout:Sep 15 23:22:29 smithi077 ceph-mon[30968]: from='client.? 172.21.15.77:0/2113306947' entity='client.admin'
2024-09-15T23:22:29.883 INFO:journalctl@ceph.mon.a.smithi077.stdout:Sep 15 23:22:29 smithi077 ceph-mon[30968]: from='mgr.14118 172.21.15.77:0/345716924' entity='mgr.x'
2024-09-15T23:22:31.133 INFO:journalctl@ceph.mon.a.smithi077.stdout:Sep 15 23:22:30 smithi077 ceph-mon[30968]: from='client.? 172.21.15.77:0/2315909503' entity='client.admin' cmd=[{"prefix": "mgr module enable", "module": "dashboard"}]: dispatch
2024-09-15T23:22:31.133 INFO:journalctl@ceph.mon.a.smithi077.stdout:Sep 15 23:22:30 smithi077 ceph-mon[30968]: from='mgr.14118 172.21.15.77:0/345716924' entity='mgr.x'
2024-09-15T23:22:31.133 INFO:journalctl@ceph.mgr.x.smithi077.stdout:Sep 15 23:22:30 smithi077 ceph-1be60238-73b9-11ef-bceb-c7b262605968-mgr-x[31198]: ignoring --setuser ceph since I am not root
2024-09-15T23:22:31.133 INFO:journalctl@ceph.mgr.x.smithi077.stdout:Sep 15 23:22:30 smithi077 ceph-1be60238-73b9-11ef-bceb-c7b262605968-mgr-x[31198]: ignoring --setgroup ceph since I am not root
2024-09-15T23:22:31.133 INFO:journalctl@ceph.mgr.x.smithi077.stdout:Sep 15 23:22:30 smithi077 ceph-1be60238-73b9-11ef-bceb-c7b262605968-mgr-x[31198]:
2024-09-15T23:22:30.969+0000 7f7714883040 -1 mgr[py] Module osd_perf_query has missing NOTIFY_TYPES member
2024-09-15T23:22:31.134 INFO:journalctl@ceph.mgr.x.smithi077.stdout:Sep 15 23:22:31 smithi077 ceph-1be60238-73b9-11ef-bceb-c7b262605968-mgr-x[31198]:
2024-09-15T23:22:31.026+0000 7f7714883040 -1 mgr[py] Module osd_support has missing NOTIFY_TYPES member
2024-09-15T23:22:31.394 INFO:journalctl@ceph.mgr.x.smithi077.stdout:Sep 15 23:22:31 smithi077 ceph-1be60238-73b9-11ef-bceb-c7b262605968-mgr-x[31198]:
2024-09-15T23:22:31.178+0000 7f7714883040 -1 mgr[py] Module diskprediction_local has missing NOTIFY_TYPES member
2024-09-15T23:22:31.394 INFO:journalctl@ceph.mgr.x.smithi077.stdout:Sep 15 23:22:31 smithi077 ceph-1be60238-73b9-11ef-bceb-c7b262605968-mgr-x[31198]:
2024-09-15T23:22:31.244+0000 7f7714883040 -1 mgr[py] Module crash has missing NOTIFY_TYPES member
2024-09-15T23:22:31.394 INFO:journalctl@ceph.mgr.x.smithi077.stdout:Sep 15 23:22:31 smithi077 ceph-1be60238-73b9-11ef-bceb-c7b262605968-mgr-x[31198]:
2024-09-15T23:22:31.393+0000 7f7714883040 -1 mgr[py] Module test_orchestrator has missing NOTIFY_TYPES member
2024-09-15T23:22:31.419 INFO:teuthology.orchestra.run.smithi077.stdout:/usr/bin/ceph: stderr
2024-09-15T23:22:29.882+0000 7fc9bb6c7640 1 Processor -- start
2024-09-15T23:22:31.419 INFO:teuthology.orchestra.run.smithi077.stdout:/usr/bin/ceph: stderr
2024-09-15T23:22:29.883+0000 7fc9bb6c7640 1 -- start start
2024-09-15T23:22:31.419 INFO:teuthology.orchestra.run.smithi077.stdout:/usr/bin/ceph: stderr
2024-09-15T23:22:29.883+0000 7fc9bb6c7640 1 --2- >> [v2:172.21.15.77:3300/0,v1:172.21.15.77:6789/0] conn(0x7fc9b4107f60 0x7fc9b410a350 unknown :-1 s=NONE pgs=0 cs=0 l=0 rev1=0 crypto rx=0 tx=0 comp rx=0 tx=0).connect
2024-09-15T23:22:31.419 INFO:teuthology.orchestra.run.smithi077.stdout:/usr/bin/ceph: stderr
2024-09-15T23:22:29.883+0000 7fc9bb6c7640 1 -- --> [v2:172.21.15.77:3300/0,v1:172.21.15.77:6789/0] -- mon_getmap magic: 0 -- 0x7fc9b407be40 con 0x7fc9b4107f60
2024-09-15T23:22:31.419 INFO:teuthology.orchestra.run.smithi077.stdout:/usr/bin/ceph: stderr
2024-09-15T23:22:29.883+0000 7fc9b9463640 1 --2- >> [v2:172.21.15.77:3300/0,v1:172.21.15.77:6789/0] conn(0x7fc9b4107f60 0x7fc9b410a350 unknown :-1 s=BANNER_CONNECTING pgs=0 cs=0 l=0 rev1=0 crypto rx=0 tx=0 comp rx=0 tx=0)._handle_peer_banner_payload supported=3 required=0
2024-09-15T23:22:31.419 INFO:teuthology.orchestra.run.smithi077.stdout:/usr/bin/ceph: stderr
2024-09-15T23:22:29.883+0000 7fc9b9463640 1 --2- >> [v2:172.21.15.77:3300/0,v1:172.21.15.77:6789/0] conn(0x7fc9b4107f60 0x7fc9b410a350 unknown :-1 s=HELLO_CONNECTING pgs=0 cs=0 l=0 rev1=1 crypto rx=0 tx=0 comp rx=0 tx=0).handle_hello peer v2:172.21.15.77:3300/0 says I am v2:172.21.15.77:56486/0 (socket says 172.21.15.77:56486)
2024-09-15T23:22:31.419 INFO:teuthology.orchestra.run.smithi077.stdout:/usr/bin/ceph: stderr
2024-09-15T23:22:29.883+0000 7fc9b9463640 1 -- 172.21.15.77:0/3228583387 learned_addr learned my addr 172.21.15.77:0/3228583387 (peer_addr_for_me v2:172.21.15.77:0/0)
2024-09-15T23:22:31.419 INFO:teuthology.orchestra.run.smithi077.stdout:/usr/bin/ceph: stderr
2024-09-15T23:22:29.883+0000 7fc9b9463640 1 -- 172.21.15.77:0/3228583387 --> [v2:172.21.15.77:3300/0,v1:172.21.15.77:6789/0] -- mon_subscribe({config=0+,monmap=0+}) -- 0x7fc9b410a890 con 0x7fc9b4107f60
2024-09-15T23:22:31.420 INFO:teuthology.orchestra.run.smithi077.stdout:/usr/bin/ceph: stderr
2024-09-15T23:22:29.884+0000 7fc9b9463640 1 --2- 172.21.15.77:0/3228583387 >> [v2:172.21.15.77:3300/0,v1:172.21.15.77:6789/0] conn(0x7fc9b4107f60 0x7fc9b410a350 secure :-1 s=READY pgs=53 cs=0 l=1 rev1=1 crypto rx=0x7fc9b0009820 tx=0x7fc9b002a270 comp rx=0 tx=0).ready entity=mon.0 client_cookie=c345ff36c3d8020b server_cookie=0 in_seq=0 out_seq=0
2024-09-15T23:22:31.420 INFO:teuthology.orchestra.run.smithi077.stdout:/usr/bin/ceph: stderr
2024-09-15T23:22:29.884+0000 7fc9abfff640 1 -- 172.21.15.77:0/3228583387 <== mon.0 v2:172.21.15.77:3300/0 1 ==== mon_map magic: 0 ==== 205+0+0 (secure 0 0 0) 0x7fc9b0037070 con 0x7fc9b4107f60
2024-09-15T23:22:31.420 INFO:teuthology.orchestra.run.smithi077.stdout:/usr/bin/ceph: stderr
2024-09-15T23:22:29.884+0000 7fc9abfff640 1 -- 172.21.15.77:0/3228583387 <== mon.0 v2:172.21.15.77:3300/0 2 ==== config(27 keys) ==== 1140+0+0 (secure 0 0 0) 0x7fc9b0032920 con 0x7fc9b4107f60
2024-09-15T23:22:31.420 INFO:teuthology.orchestra.run.smithi077.stdout:/usr/bin/ceph: stderr
2024-09-15T23:22:29.884+0000 7fc9abfff640 1 -- 172.21.15.77:0/3228583387 <== mon.0 v2:172.21.15.77:3300/0 3 ==== mon_map magic: 0 ==== 205+0+0 (secure 0 0 0) 0x7fc9b0030810 con 0x7fc9b4107f60
2024-09-15T23:22:31.420 INFO:teuthology.orchestra.run.smithi077.stdout:/usr/bin/ceph: stderr
2024-09-15T23:22:29.885+0000 7fc9bb6c7640 1 -- 172.21.15.77:0/3228583387 >> [v2:172.21.15.77:3300/0,v1:172.21.15.77:6789/0] conn(0x7fc9b4107f60 msgr2=0x7fc9b410a350 secure :-1 s=STATE_CONNECTION_ESTABLISHED l=1).mark_down
2024-09-15T23:22:31.420 INFO:teuthology.orchestra.run.smithi077.stdout:/usr/bin/ceph: stderr
2024-09-15T23:22:29.885+0000 7fc9bb6c7640 1 --2- 172.21.15.77:0/3228583387 >> [v2:172.21.15.77:3300/0,v1:172.21.15.77:6789/0] conn(0x7fc9b4107f60 0x7fc9b410a350 secure :-1 s=READY pgs=53 cs=0 l=1 rev1=1 crypto rx=0x7fc9b0009820 tx=0x7fc9b002a270 comp rx=0 tx=0).stop
2024-09-15T23:22:31.420 INFO:teuthology.orchestra.run.smithi077.stdout:/usr/bin/ceph: stderr
2024-09-15T23:22:29.885+0000 7fc9bb6c7640 1 -- 172.21.15.77:0/3228583387 shutdown_connections
2024-09-15T23:22:31.420 INFO:teuthology.orchestra.run.smithi077.stdout:/usr/bin/ceph: stderr
2024-09-15T23:22:29.885+0000 7fc9bb6c7640 1 --2- 172.21.15.77:0/3228583387 >> [v2:172.21.15.77:3300/0,v1:172.21.15.77:6789/0] conn(0x7fc9b4107f60 0x7fc9b410a350 unknown :-1 s=CLOSED pgs=53 cs=0 l=1 rev1=1 crypto rx=0 tx=0 comp rx=0 tx=0).stop
2024-09-15T23:22:31.420 INFO:teuthology.orchestra.run.smithi077.stdout:/usr/bin/ceph: stderr
2024-09-15T23:22:29.885+0000 7fc9bb6c7640 1 -- 172.21.15.77:0/3228583387 >> 172.21.15.77:0/3228583387 conn(0x7fc9b4101bc0 msgr2=0x7fc9b4103fe0 unknown :-1 s=STATE_NONE l=0).mark_down
2024-09-15T23:22:31.420 INFO:teuthology.orchestra.run.smithi077.stdout:/usr/bin/ceph: stderr
2024-09-15T23:22:29.885+0000 7fc9bb6c7640 1 -- 172.21.15.77:0/3228583387 shutdown_connections
2024-09-15T23:22:31.420 INFO:teuthology.orchestra.run.smithi077.stdout:/usr/bin/ceph: stderr
2024-09-15T23:22:29.885+0000 7fc9bb6c7640 1 -- 172.21.15.77:0/3228583387 wait complete.
2024-09-15T23:22:31.420 INFO:teuthology.orchestra.run.smithi077.stdout:/usr/bin/ceph: stderr
2024-09-15T23:22:29.885+0000 7fc9bb6c7640 1 Processor -- start
2024-09-15T23:22:31.421 INFO:teuthology.orchestra.run.smithi077.stdout:/usr/bin/ceph: stderr
2024-09-15T23:22:29.886+0000 7fc9bb6c7640 1 -- start start
2024-09-15T23:22:31.421 INFO:teuthology.orchestra.run.smithi077.stdout:/usr/bin/ceph: stderr
2024-09-15T23:22:29.886+0000 7fc9bb6c7640 1 --2- >> [v2:172.21.15.77:3300/0,v1:172.21.15.77:6789/0] conn(0x7fc9b4107f60 0x7fc9b419b4d0 unknown :-1 s=NONE pgs=0 cs=0 l=1 rev1=0 crypto rx=0 tx=0 comp rx=0 tx=0).connect
2024-09-15T23:22:31.421 INFO:teuthology.orchestra.run.smithi077.stdout:/usr/bin/ceph: stderr
2024-09-15T23:22:29.886+0000 7fc9bb6c7640 1 -- --> [v2:172.21.15.77:3300/0,v1:172.21.15.77:6789/0] -- mon_getmap magic: 0 -- 0x7fc9b410b910 con 0x7fc9b4107f60
2024-09-15T23:22:31.421 INFO:teuthology.orchestra.run.smithi077.stdout:/usr/bin/ceph: stderr
2024-09-15T23:22:29.886+0000 7fc9b9463640 1 --2- >> [v2:172.21.15.77:3300/0,v1:172.21.15.77:6789/0] conn(0x7fc9b4107f60 0x7fc9b419b4d0 unknown :-1 s=BANNER_CONNECTING pgs=0 cs=0 l=1 rev1=0 crypto rx=0 tx=0 comp rx=0 tx=0)._handle_peer_banner_payload supported=3 required=0
2024-09-15T23:22:31.421 INFO:teuthology.orchestra.run.smithi077.stdout:/usr/bin/ceph: stderr
2024-09-15T23:22:29.886+0000 7fc9b9463640 1 --2- >> [v2:172.21.15.77:3300/0,v1:172.21.15.77:6789/0] conn(0x7fc9b4107f60 0x7fc9b419b4d0 unknown :-1 s=HELLO_CONNECTING pgs=0 cs=0 l=1 rev1=1 crypto rx=0 tx=0 comp rx=0 tx=0).handle_hello peer v2:172.21.15.77:3300/0 says I am v2:172.21.15.77:56500/0 (socket says 172.21.15.77:56500)
2024-09-15T23:22:31.421 INFO:teuthology.orchestra.run.smithi077.stdout:/usr/bin/ceph: stderr
2024-09-15T23:22:29.886+0000 7fc9b9463640 1 -- 172.21.15.77:0/2315909503 learned_addr learned my addr 172.21.15.77:0/2315909503 (peer_addr_for_me v2:172.21.15.77:0/0)
2024-09-15T23:22:31.421 INFO:teuthology.orchestra.run.smithi077.stdout:/usr/bin/ceph: stderr
2024-09-15T23:22:29.886+0000 7fc9b9463640 1 -- 172.21.15.77:0/2315909503 --> [v2:172.21.15.77:3300/0,v1:172.21.15.77:6789/0] -- mon_subscribe({config=0+,monmap=0+}) -- 0x7fc9b419ba10 con 0x7fc9b4107f60
2024-09-15T23:22:31.421 INFO:teuthology.orchestra.run.smithi077.stdout:/usr/bin/ceph: stderr
2024-09-15T23:22:29.886+0000 7fc9b9463640 1 --2- 172.21.15.77:0/2315909503 >> [v2:172.21.15.77:3300/0,v1:172.21.15.77:6789/0] conn(0x7fc9b4107f60 0x7fc9b419b4d0 secure :-1 s=READY pgs=54 cs=0 l=1 rev1=1 crypto rx=0x7fc9b00097f0 tx=0x7fc9b00327b0 comp rx=0 tx=0).ready entity=mon.0 client_cookie=0 server_cookie=0 in_seq=0 out_seq=0
2024-09-15T23:22:31.421 INFO:teuthology.orchestra.run.smithi077.stdout:/usr/bin/ceph: stderr
2024-09-15T23:22:29.886+0000 7fc9aa7fc640 1 -- 172.21.15.77:0/2315909503 <== mon.0 v2:172.21.15.77:3300/0 1 ==== mon_map magic: 0 ==== 205+0+0 (secure 0 0 0) 0x7fc9b0037040 con 0x7fc9b4107f60
2024-09-15T23:22:31.421 INFO:teuthology.orchestra.run.smithi077.stdout:/usr/bin/ceph: stderr
2024-09-15T23:22:29.886+0000 7fc9bb6c7640 1 -- 172.21.15.77:0/2315909503 --> [v2:172.21.15.77:3300/0,v1:172.21.15.77:6789/0] -- mon_subscribe({mgrmap=0+}) -- 0x7fc9b419bca0 con 0x7fc9b4107f60
2024-09-15T23:22:31.421 INFO:teuthology.orchestra.run.smithi077.stdout:/usr/bin/ceph: stderr
2024-09-15T23:22:29.886+0000 7fc9aa7fc640 1 -- 172.21.15.77:0/2315909503 <== mon.0 v2:172.21.15.77:3300/0 2 ==== config(27 keys) ==== 1140+0+0 (secure 0 0 0) 0x7fc9b0030cc0 con 0x7fc9b4107f60
2024-09-15T23:22:31.421 INFO:teuthology.orchestra.run.smithi077.stdout:/usr/bin/ceph: stderr
2024-09-15T23:22:29.886+0000 7fc9aa7fc640 1 -- 172.21.15.77:0/2315909503 <== mon.0 v2:172.21.15.77:3300/0 3 ==== mon_map magic: 0 ==== 205+0+0 (secure 0 0 0) 0x7fc9b003a6b0 con 0x7fc9b4107f60
2024-09-15T23:22:31.422 INFO:teuthology.orchestra.run.smithi077.stdout:/usr/bin/ceph: stderr
2024-09-15T23:22:29.886+0000 7fc9bb6c7640 1 -- 172.21.15.77:0/2315909503 --> [v2:172.21.15.77:3300/0,v1:172.21.15.77:6789/0] -- mon_subscribe({osdmap=0}) -- 0x7fc9b419e990 con 0x7fc9b4107f60
2024-09-15T23:22:31.422 INFO:teuthology.orchestra.run.smithi077.stdout:/usr/bin/ceph: stderr
2024-09-15T23:22:29.887+0000 7fc9aa7fc640 1 -- 172.21.15.77:0/2315909503 <== mon.0 v2:172.21.15.77:3300/0 4 ==== mgrmap(e 8) ==== 46461+0+0 (secure 0 0 0) 0x7fc9b003b3f0 con 0x7fc9b4107f60
2024-09-15T23:22:31.422 INFO:teuthology.orchestra.run.smithi077.stdout:/usr/bin/ceph: stderr
2024-09-15T23:22:29.887+0000 7fc9bb6c7640 1 -- 172.21.15.77:0/2315909503 --> [v2:172.21.15.77:3300/0,v1:172.21.15.77:6789/0] -- mon_command({"prefix": "get_command_descriptions"} v 0) -- 0x7fc9b41083c0 con 0x7fc9b4107f60
2024-09-15T23:22:31.422 INFO:teuthology.orchestra.run.smithi077.stdout:/usr/bin/ceph: stderr
2024-09-15T23:22:29.887+0000 7fc9aa7fc640 1 --2- 172.21.15.77:0/2315909503 >> [v2:172.21.15.77:6800/301680494,v1:172.21.15.77:6801/301680494] conn(0x7fc9a00391b0 0x7fc9a003b670 unknown :-1 s=NONE pgs=0 cs=0 l=1 rev1=0 crypto rx=0 tx=0 comp rx=0 tx=0).connect
2024-09-15T23:22:31.422 INFO:teuthology.orchestra.run.smithi077.stdout:/usr/bin/ceph: stderr
2024-09-15T23:22:29.888+0000 7fc9aa7fc640 1 -- 172.21.15.77:0/2315909503 <== mon.0 v2:172.21.15.77:3300/0 5 ==== osd_map(2..2 src has 1..2) ==== 940+0+0 (secure 0 0 0) 0x7fc9b006c890 con 0x7fc9b4107f60
2024-09-15T23:22:31.422 INFO:teuthology.orchestra.run.smithi077.stdout:/usr/bin/ceph: stderr
2024-09-15T23:22:29.888+0000 7fc9b8c62640 1 --2- 172.21.15.77:0/2315909503 >> [v2:172.21.15.77:6800/301680494,v1:172.21.15.77:6801/301680494] conn(0x7fc9a00391b0 0x7fc9a003b670 unknown :-1 s=BANNER_CONNECTING pgs=0 cs=0 l=1 rev1=0 crypto rx=0 tx=0 comp rx=0 tx=0)._handle_peer_banner_payload supported=3 required=0
2024-09-15T23:22:31.422 INFO:teuthology.orchestra.run.smithi077.stdout:/usr/bin/ceph: stderr
2024-09-15T23:22:29.888+0000 7fc9b8c62640 1 --2- 172.21.15.77:0/2315909503 >> [v2:172.21.15.77:6800/301680494,v1:172.21.15.77:6801/301680494] conn(0x7fc9a00391b0 0x7fc9a003b670 secure :-1 s=READY pgs=16 cs=0 l=1 rev1=1 crypto rx=0x7fc9a40098c0 tx=0x7fc9a4006db0 comp rx=0 tx=0).ready entity=mgr.14118 client_cookie=0 server_cookie=0 in_seq=0 out_seq=0
2024-09-15T23:22:31.422 INFO:teuthology.orchestra.run.smithi077.stdout:/usr/bin/ceph: stderr
2024-09-15T23:22:29.892+0000 7fc9aa7fc640 1 -- 172.21.15.77:0/2315909503 <== mon.0 v2:172.21.15.77:3300/0 6 ==== mon_command_ack([{"prefix": "get_command_descriptions"}]=0 v0) ==== 72+0+188821 (secure 0 0 0) 0x7fc9b00371e0 con 0x7fc9b4107f60
2024-09-15T23:22:31.422 INFO:teuthology.orchestra.run.smithi077.stdout:/usr/bin/ceph: stderr
2024-09-15T23:22:30.106+0000 7fc9bb6c7640 1 -- 172.21.15.77:0/2315909503 --> [v2:172.21.15.77:3300/0,v1:172.21.15.77:6789/0] -- mon_command({"prefix": "mgr module enable", "module": "dashboard"} v 0) -- 0x7fc9b419eb60 con 0x7fc9b4107f60
2024-09-15T23:22:31.422 INFO:teuthology.orchestra.run.smithi077.stdout:/usr/bin/ceph: stderr
2024-09-15T23:22:30.818+0000 7fc9aa7fc640 1 -- 172.21.15.77:0/2315909503 <== mon.0 v2:172.21.15.77:3300/0 7 ==== mon_command_ack([{"prefix": "mgr module enable", "module": "dashboard"}]=0 v9) ==== 88+0+0 (secure 0 0 0) 0x7fc9b006c1e0 con 0x7fc9b4107f60
2024-09-15T23:22:31.422 INFO:teuthology.orchestra.run.smithi077.stdout:/usr/bin/ceph: stderr
2024-09-15T23:22:30.820+0000 7fc9aa7fc640 1 -- 172.21.15.77:0/2315909503 <== mon.0 v2:172.21.15.77:3300/0 8 ==== mgrmap(e 9) ==== 46474+0+0 (secure 0 0 0) 0x7fc9b003a8a0 con 0x7fc9b4107f60
2024-09-15T23:22:31.422 INFO:teuthology.orchestra.run.smithi077.stdout:/usr/bin/ceph: stderr
2024-09-15T23:22:30.821+0000 7fc9bb6c7640 1 -- 172.21.15.77:0/2315909503 >> [v2:172.21.15.77:6800/301680494,v1:172.21.15.77:6801/301680494] conn(0x7fc9a00391b0 msgr2=0x7fc9a003b670 secure :-1 s=STATE_CONNECTION_ESTABLISHED l=1).mark_down
2024-09-15T23:22:31.423 INFO:teuthology.orchestra.run.smithi077.stdout:/usr/bin/ceph: stderr
2024-09-15T23:22:30.821+0000 7fc9bb6c7640 1 --2- 172.21.15.77:0/2315909503 >> [v2:172.21.15.77:6800/301680494,v1:172.21.15.77:6801/301680494] conn(0x7fc9a00391b0 0x7fc9a003b670 secure :-1 s=READY pgs=16 cs=0 l=1 rev1=1 crypto rx=0x7fc9a40098c0 tx=0x7fc9a4006db0 comp rx=0 tx=0).stop
2024-09-15T23:22:31.423 INFO:teuthology.orchestra.run.smithi077.stdout:/usr/bin/ceph: stderr
2024-09-15T23:22:30.821+0000 7fc9bb6c7640 1 -- 172.21.15.77:0/2315909503 >> [v2:172.21.15.77:3300/0,v1:172.21.15.77:6789/0] conn(0x7fc9b4107f60 msgr2=0x7fc9b419b4d0 secure :-1 s=STATE_CONNECTION_ESTABLISHED l=1).mark_down
2024-09-15T23:22:31.423 INFO:teuthology.orchestra.run.smithi077.stdout:/usr/bin/ceph: stderr
2024-09-15T23:22:30.821+0000 7fc9bb6c7640 1 --2- 172.21.15.77:0/2315909503 >> [v2:172.21.15.77:3300/0,v1:172.21.15.77:6789/0] conn(0x7fc9b4107f60 0x7fc9b419b4d0 secure :-1 s=READY pgs=54 cs=0 l=1 rev1=1 crypto rx=0x7fc9b00097f0 tx=0x7fc9b00327b0 comp rx=0 tx=0).stop
2024-09-15T23:22:31.423 INFO:teuthology.orchestra.run.smithi077.stdout:/usr/bin/ceph: stderr
2024-09-15T23:22:30.821+0000 7fc9bb6c7640 1 -- 172.21.15.77:0/2315909503 shutdown_connections
2024-09-15T23:22:31.423 INFO:teuthology.orchestra.run.smithi077.stdout:/usr/bin/ceph: stderr
2024-09-15T23:22:30.821+0000 7fc9bb6c7640 1 --2- 172.21.15.77:0/2315909503 >> [v2:172.21.15.77:6800/301680494,v1:172.21.15.77:6801/301680494] conn(0x7fc9a00391b0 0x7fc9a003b670 unknown :-1 s=CLOSED pgs=16 cs=0 l=1 rev1=1 crypto rx=0 tx=0 comp rx=0 tx=0).stop
2024-09-15T23:22:31.423 INFO:teuthology.orchestra.run.smithi077.stdout:/usr/bin/ceph: stderr
2024-09-15T23:22:30.821+0000 7fc9bb6c7640 1 --2- 172.21.15.77:0/2315909503 >> [v2:172.21.15.77:3300/0,v1:172.21.15.77:6789/0] conn(0x7fc9b4107f60 0x7fc9b419b4d0 unknown :-1 s=CLOSED pgs=54 cs=0 l=1 rev1=1 crypto rx=0 tx=0 comp rx=0 tx=0).stop
2024-09-15T23:22:31.423 INFO:teuthology.orchestra.run.smithi077.stdout:/usr/bin/ceph: stderr
2024-09-15T23:22:30.821+0000 7fc9bb6c7640 1 -- 172.21.15.77:0/2315909503 >> 172.21.15.77:0/2315909503 conn(0x7fc9b4101bc0 msgr2=0x7fc9b41027c0 unknown :-1 s=STATE_NONE l=0).mark_down
2024-09-15T23:22:31.423 INFO:teuthology.orchestra.run.smithi077.stdout:/usr/bin/ceph: stderr
2024-09-15T23:22:30.822+0000 7fc9bb6c7640 1 -- 172.21.15.77:0/2315909503 shutdown_connections
2024-09-15T23:22:31.423 INFO:teuthology.orchestra.run.smithi077.stdout:/usr/bin/ceph: stderr
2024-09-15T23:22:30.822+0000 7fc9bb6c7640 1 -- 172.21.15.77:0/2315909503 wait complete.
2024-09-15T23:22:31.655 INFO:journalctl@ceph.mgr.x.smithi077.stdout:Sep 15 23:22:31 smithi077 ceph-1be60238-73b9-11ef-bceb-c7b262605968-mgr-x[31198]:
2024-09-15T23:22:31.539+0000 7f7714883040 -1 mgr[py] Module snap_schedule has missing NOTIFY_TYPES member
2024-09-15T23:22:31.958 INFO:journalctl@ceph.mon.a.smithi077.stdout:Sep 15 23:22:31 smithi077 ceph-mon[30968]: from='client.? 172.21.15.77:0/2315909503' entity='client.admin' cmd='[{"prefix": "mgr module enable", "module": "dashboard"}]': finished
2024-09-15T23:22:31.959 INFO:journalctl@ceph.mon.a.smithi077.stdout:Sep 15 23:22:31 smithi077 ceph-mon[30968]: mgrmap e9: x(active, since 17s)
2024-09-15T23:22:31.959 INFO:journalctl@ceph.mgr.x.smithi077.stdout:Sep 15 23:22:31 smithi077 ceph-1be60238-73b9-11ef-bceb-c7b262605968-mgr-x[31198]:
2024-09-15T23:22:31.875+0000 7f7714883040 -1 mgr[py] Module prometheus has missing NOTIFY_TYPES member
2024-09-15T23:22:31.959 INFO:journalctl@ceph.mgr.x.smithi077.stdout:Sep 15 23:22:31 smithi077 ceph-1be60238-73b9-11ef-bceb-c7b262605968-mgr-x[31198]:
2024-09-15T23:22:31.957+0000 7f7714883040 -1 mgr[py] Module selftest has missing NOTIFY_TYPES member
2024-09-15T23:22:32.383 INFO:journalctl@ceph.mgr.x.smithi077.stdout:Sep 15 23:22:32 smithi077 ceph-1be60238-73b9-11ef-bceb-c7b262605968-mgr-x[31198]:
2024-09-15T23:22:32.152+0000 7f7714883040 -1 mgr[py] Module volumes has missing NOTIFY_TYPES member
2024-09-15T23:22:32.754 INFO:teuthology.orchestra.run.smithi077.stdout:/usr/bin/ceph: stdout {
2024-09-15T23:22:32.755 INFO:teuthology.orchestra.run.smithi077.stdout:/usr/bin/ceph: stdout "epoch": 9,
2024-09-15T23:22:32.755 INFO:teuthology.orchestra.run.smithi077.stdout:/usr/bin/ceph: stdout "available": true,
2024-09-15T23:22:32.755 INFO:teuthology.orchestra.run.smithi077.stdout:/usr/bin/ceph: stdout "active_name": "x",
2024-09-15T23:22:32.755 INFO:teuthology.orchestra.run.smithi077.stdout:/usr/bin/ceph: stdout "num_standby": 0
2024-09-15T23:22:32.755 INFO:teuthology.orchestra.run.smithi077.stdout:/usr/bin/ceph: stdout }
2024-09-15T23:22:32.755 INFO:teuthology.orchestra.run.smithi077.stdout:/usr/bin/ceph: stderr
2024-09-15T23:22:31.842+0000 7f945aa3a640 1 Processor -- start
2024-09-15T23:22:32.755 INFO:teuthology.orchestra.run.smithi077.stdout:/usr/bin/ceph: stderr
2024-09-15T23:22:31.843+0000 7f945aa3a640 1 -- start start
2024-09-15T23:22:32.755 INFO:teuthology.orchestra.run.smithi077.stdout:/usr/bin/ceph: stderr
2024-09-15T23:22:31.843+0000 7f945aa3a640 1 --2- >> [v2:172.21.15.77:3300/0,v1:172.21.15.77:6789/0] conn(0x7f9454105da0 0x7f94541061a0 unknown :-1 s=NONE pgs=0 cs=0 l=0 rev1=0 crypto rx=0 tx=0 comp rx=0 tx=0).connect
2024-09-15T23:22:32.755 INFO:teuthology.orchestra.run.smithi077.stdout:/usr/bin/ceph: stderr
2024-09-15T23:22:31.843+0000 7f945aa3a640 1 -- --> [v2:172.21.15.77:3300/0,v1:172.21.15.77:6789/0] -- mon_getmap magic: 0 -- 0x7f94540758e0 con 0x7f9454105da0
2024-09-15T23:22:32.755 INFO:teuthology.orchestra.run.smithi077.stdout:/usr/bin/ceph: stderr
2024-09-15T23:22:31.843+0000 7f9453fff640 1 --2- >> [v2:172.21.15.77:3300/0,v1:172.21.15.77:6789/0] conn(0x7f9454105da0 0x7f94541061a0 unknown :-1 s=BANNER_CONNECTING pgs=0 cs=0 l=0 rev1=0 crypto rx=0 tx=0 comp rx=0 tx=0)._handle_peer_banner_payload supported=3 required=0
2024-09-15T23:22:32.755 INFO:teuthology.orchestra.run.smithi077.stdout:/usr/bin/ceph: stderr
2024-09-15T23:22:31.843+0000 7f9453fff640 1 --2- >> [v2:172.21.15.77:3300/0,v1:172.21.15.77:6789/0] conn(0x7f9454105da0 0x7f94541061a0 unknown :-1 s=HELLO_CONNECTING pgs=0 cs=0 l=0 rev1=1 crypto rx=0 tx=0 comp rx=0 tx=0).handle_hello peer v2:172.21.15.77:3300/0 says I am v2:172.21.15.77:56528/0 (socket says 172.21.15.77:56528)
2024-09-15T23:22:32.755 INFO:teuthology.orchestra.run.smithi077.stdout:/usr/bin/ceph: stderr
2024-09-15T23:22:31.843+0000 7f9453fff640 1 -- 172.21.15.77:0/1669019551 learned_addr learned my addr 172.21.15.77:0/1669019551 (peer_addr_for_me v2:172.21.15.77:0/0)
2024-09-15T23:22:32.755 INFO:teuthology.orchestra.run.smithi077.stdout:/usr/bin/ceph: stderr
2024-09-15T23:22:31.843+0000 7f9453fff640 1 -- 172.21.15.77:0/1669019551 --> [v2:172.21.15.77:3300/0,v1:172.21.15.77:6789/0] -- mon_subscribe({config=0+,monmap=0+}) -- 0x7f94541066e0 con 0x7f9454105da0
2024-09-15T23:22:32.756 INFO:teuthology.orchestra.run.smithi077.stdout:/usr/bin/ceph: stderr
2024-09-15T23:22:31.845+0000 7f9453fff640 1 --2- 172.21.15.77:0/1669019551 >> [v2:172.21.15.77:3300/0,v1:172.21.15.77:6789/0] conn(0x7f9454105da0 0x7f94541061a0 secure :-1 s=READY pgs=57 cs=0 l=1 rev1=1 crypto rx=0x7f9444009820 tx=0x7f944402a270 comp rx=0 tx=0).ready entity=mon.0 client_cookie=61f87403f531003f server_cookie=0 in_seq=0 out_seq=0
2024-09-15T23:22:32.756 INFO:teuthology.orchestra.run.smithi077.stdout:/usr/bin/ceph: stderr
2024-09-15T23:22:31.845+0000 7f9452ffd640 1 -- 172.21.15.77:0/1669019551 <== mon.0 v2:172.21.15.77:3300/0 1 ==== mon_map magic: 0 ==== 205+0+0 (secure 0 0 0) 0x7f9444037070 con 0x7f9454105da0
2024-09-15T23:22:32.756 INFO:teuthology.orchestra.run.smithi077.stdout:/usr/bin/ceph: stderr
2024-09-15T23:22:31.845+0000 7f9452ffd640 1 -- 172.21.15.77:0/1669019551 <== mon.0 v2:172.21.15.77:3300/0 2 ==== config(27 keys) ==== 1140+0+0 (secure 0 0 0) 0x7f9444032920 con 0x7f9454105da0
2024-09-15T23:22:32.756 INFO:teuthology.orchestra.run.smithi077.stdout:/usr/bin/ceph: stderr
2024-09-15T23:22:31.845+0000 7f9452ffd640 1 -- 172.21.15.77:0/1669019551 <== mon.0 v2:172.21.15.77:3300/0 3 ==== mon_map magic: 0 ==== 205+0+0 (secure 0 0 0) 0x7f9444030810 con 0x7f9454105da0
2024-09-15T23:22:32.756 INFO:teuthology.orchestra.run.smithi077.stdout:/usr/bin/ceph: stderr
2024-09-15T23:22:31.846+0000 7f945aa3a640 1 -- 172.21.15.77:0/1669019551 >> [v2:172.21.15.77:3300/0,v1:172.21.15.77:6789/0] conn(0x7f9454105da0 msgr2=0x7f94541061a0 secure :-1 s=STATE_CONNECTION_ESTABLISHED l=1).mark_down
2024-09-15T23:22:32.756 INFO:teuthology.orchestra.run.smithi077.stdout:/usr/bin/ceph: stderr
2024-09-15T23:22:31.846+0000 7f945aa3a640 1 --2- 172.21.15.77:0/1669019551 >> [v2:172.21.15.77:3300/0,v1:172.21.15.77:6789/0] conn(0x7f9454105da0 0x7f94541061a0 secure :-1 s=READY pgs=57 cs=0 l=1 rev1=1 crypto rx=0x7f9444009820 tx=0x7f944402a270 comp rx=0 tx=0).stop
2024-09-15T23:22:32.756 INFO:teuthology.orchestra.run.smithi077.stdout:/usr/bin/ceph: stderr
2024-09-15T23:22:31.846+0000 7f945aa3a640 1 -- 172.21.15.77:0/1669019551 shutdown_connections
2024-09-15T23:22:32.756 INFO:teuthology.orchestra.run.smithi077.stdout:/usr/bin/ceph: stderr
2024-09-15T23:22:31.846+0000 7f945aa3a640 1 --2- 172.21.15.77:0/1669019551 >> [v2:172.21.15.77:3300/0,v1:172.21.15.77:6789/0] conn(0x7f9454105da0 0x7f94541061a0 unknown :-1 s=CLOSED pgs=57 cs=0 l=1 rev1=1 crypto rx=0 tx=0 comp rx=0 tx=0).stop
2024-09-15T23:22:32.756 INFO:teuthology.orchestra.run.smithi077.stdout:/usr/bin/ceph: stderr
2024-09-15T23:22:31.846+0000 7f945aa3a640 1 -- 172.21.15.77:0/1669019551 >> 172.21.15.77:0/1669019551 conn(0x7f9454101af0 msgr2=0x7f9454103f70 unknown :-1 s=STATE_NONE l=0).mark_down
2024-09-15T23:22:32.756 INFO:teuthology.orchestra.run.smithi077.stdout:/usr/bin/ceph: stderr
2024-09-15T23:22:31.846+0000 7f945aa3a640 1 -- 172.21.15.77:0/1669019551 shutdown_connections
2024-09-15T23:22:32.756 INFO:teuthology.orchestra.run.smithi077.stdout:/usr/bin/ceph: stderr
2024-09-15T23:22:31.846+0000 7f945aa3a640 1 -- 172.21.15.77:0/1669019551 wait complete.
2024-09-15T23:22:32.756 INFO:teuthology.orchestra.run.smithi077.stdout:/usr/bin/ceph: stderr
2024-09-15T23:22:31.846+0000 7f945aa3a640 1 Processor -- start
2024-09-15T23:22:32.756 INFO:teuthology.orchestra.run.smithi077.stdout:/usr/bin/ceph: stderr
2024-09-15T23:22:31.846+0000 7f945aa3a640 1 -- start start
2024-09-15T23:22:32.757 INFO:teuthology.orchestra.run.smithi077.stdout:/usr/bin/ceph: stderr
2024-09-15T23:22:31.847+0000 7f945aa3a640 1 --2- >> [v2:172.21.15.77:3300/0,v1:172.21.15.77:6789/0] conn(0x7f9454105da0 0x7f945419d7c0 unknown :-1 s=NONE pgs=0 cs=0 l=1 rev1=0 crypto rx=0 tx=0 comp rx=0 tx=0).connect
2024-09-15T23:22:32.757 INFO:teuthology.orchestra.run.smithi077.stdout:/usr/bin/ceph: stderr
2024-09-15T23:22:31.847+0000 7f945aa3a640 1 -- --> [v2:172.21.15.77:3300/0,v1:172.21.15.77:6789/0] -- mon_getmap magic: 0 -- 0x7f9454107820 con 0x7f9454105da0
2024-09-15T23:22:32.757 INFO:teuthology.orchestra.run.smithi077.stdout:/usr/bin/ceph: stderr
2024-09-15T23:22:31.847+0000 7f9453fff640 1 --2- >> [v2:172.21.15.77:3300/0,v1:172.21.15.77:6789/0] conn(0x7f9454105da0 0x7f945419d7c0 unknown :-1 s=BANNER_CONNECTING pgs=0 cs=0 l=1 rev1=0 crypto rx=0 tx=0 comp rx=0 tx=0)._handle_peer_banner_payload supported=3 required=0
2024-09-15T23:22:32.757 INFO:teuthology.orchestra.run.smithi077.stdout:/usr/bin/ceph: stderr
2024-09-15T23:22:31.847+0000 7f9453fff640 1 --2- >> [v2:172.21.15.77:3300/0,v1:172.21.15.77:6789/0] conn(0x7f9454105da0 0x7f945419d7c0 unknown :-1 s=HELLO_CONNECTING pgs=0 cs=0 l=1 rev1=1 crypto rx=0 tx=0 comp rx=0 tx=0).handle_hello peer v2:172.21.15.77:3300/0 says I am v2:172.21.15.77:56538/0 (socket says 172.21.15.77:56538)
2024-09-15T23:22:32.757 INFO:teuthology.orchestra.run.smithi077.stdout:/usr/bin/ceph: stderr
2024-09-15T23:22:31.847+0000 7f9453fff640 1 -- 172.21.15.77:0/1664014995 learned_addr learned my addr 172.21.15.77:0/1664014995 (peer_addr_for_me v2:172.21.15.77:0/0)
2024-09-15T23:22:32.757 INFO:teuthology.orchestra.run.smithi077.stdout:/usr/bin/ceph: stderr
2024-09-15T23:22:31.847+0000 7f9453fff640 1 -- 172.21.15.77:0/1664014995 --> [v2:172.21.15.77:3300/0,v1:172.21.15.77:6789/0] -- mon_subscribe({config=0+,monmap=0+}) -- 0x7f945419dd00 con 0x7f9454105da0
2024-09-15T23:22:32.757 INFO:teuthology.orchestra.run.smithi077.stdout:/usr/bin/ceph: stderr
2024-09-15T23:22:31.847+0000 7f9453fff640 1 --2- 172.21.15.77:0/1664014995 >> [v2:172.21.15.77:3300/0,v1:172.21.15.77:6789/0] conn(0x7f9454105da0 0x7f945419d7c0 secure :-1 s=READY pgs=58 cs=0 l=1 rev1=1 crypto rx=0x7f94440097f0 tx=0x7f94440327b0 comp rx=0 tx=0).ready entity=mon.0 client_cookie=0 server_cookie=0 in_seq=0 out_seq=0
2024-09-15T23:22:32.757 INFO:teuthology.orchestra.run.smithi077.stdout:/usr/bin/ceph: stderr
2024-09-15T23:22:31.848+0000 7f94517fa640 1 -- 172.21.15.77:0/1664014995 <== mon.0 v2:172.21.15.77:3300/0 1 ==== mon_map magic: 0 ==== 205+0+0 (secure 0 0 0) 0x7f9444037040 con 0x7f9454105da0
2024-09-15T23:22:32.757 INFO:teuthology.orchestra.run.smithi077.stdout:/usr/bin/ceph: stderr
2024-09-15T23:22:31.848+0000 7f94517fa640 1 -- 172.21.15.77:0/1664014995 <== mon.0 v2:172.21.15.77:3300/0 2 ==== config(27 keys) ==== 1140+0+0 (secure 0 0 0) 0x7f9444030cc0 con 0x7f9454105da0
2024-09-15T23:22:32.757 INFO:teuthology.orchestra.run.smithi077.stdout:/usr/bin/ceph: stderr
2024-09-15T23:22:31.848+0000 7f945aa3a640 1 -- 172.21.15.77:0/1664014995 --> [v2:172.21.15.77:3300/0,v1:172.21.15.77:6789/0] -- mon_subscribe({mgrmap=0+}) -- 0x7f945419df90 con 0x7f9454105da0
2024-09-15T23:22:32.757 INFO:teuthology.orchestra.run.smithi077.stdout:/usr/bin/ceph: stderr
2024-09-15T23:22:31.848+0000 7f945aa3a640 1 -- 172.21.15.77:0/1664014995 --> [v2:172.21.15.77:3300/0,v1:172.21.15.77:6789/0] -- mon_subscribe({osdmap=0}) -- 0x7f94541a0c80 con 0x7f9454105da0
2024-09-15T23:22:32.757 INFO:teuthology.orchestra.run.smithi077.stdout:/usr/bin/ceph: stderr
2024-09-15T23:22:31.848+0000 7f94517fa640 1 -- 172.21.15.77:0/1664014995 <== mon.0 v2:172.21.15.77:3300/0 3 ==== mon_map magic: 0 ==== 205+0+0 (secure 0 0 0) 0x7f944403a6b0 con 0x7f9454105da0
2024-09-15T23:22:32.758 INFO:teuthology.orchestra.run.smithi077.stdout:/usr/bin/ceph: stderr
2024-09-15T23:22:31.849+0000 7f94517fa640 1 -- 172.21.15.77:0/1664014995 <== mon.0 v2:172.21.15.77:3300/0 4 ==== mgrmap(e 9) ==== 46474+0+0 (secure 0 0 0) 0x7f944403a8c0 con 0x7f9454105da0
2024-09-15T23:22:32.758 INFO:teuthology.orchestra.run.smithi077.stdout:/usr/bin/ceph: stderr
2024-09-15T23:22:31.849+0000 7f945aa3a640 1 -- 172.21.15.77:0/1664014995 --> [v2:172.21.15.77:3300/0,v1:172.21.15.77:6789/0] -- mon_command({"prefix": "get_command_descriptions"} v 0) -- 0x7f94400052c0 con 0x7f9454105da0
2024-09-15T23:22:32.758 INFO:teuthology.orchestra.run.smithi077.stdout:/usr/bin/ceph: stderr
2024-09-15T23:22:31.849+0000 7f94517fa640 1 --2- 172.21.15.77:0/1664014995 >> [v2:172.21.15.77:6800/301680494,v1:172.21.15.77:6801/301680494] conn(0x7f943c039200 0x7f943c03b6c0 unknown :-1 s=NONE pgs=0 cs=0 l=1 rev1=0 crypto rx=0 tx=0 comp rx=0 tx=0).connect
2024-09-15T23:22:32.758 INFO:teuthology.orchestra.run.smithi077.stdout:/usr/bin/ceph: stderr
2024-09-15T23:22:31.849+0000 7f94517fa640 1 -- 172.21.15.77:0/1664014995 <== mon.0 v2:172.21.15.77:3300/0 5 ==== osd_map(2..2 src has 1..2) ==== 940+0+0 (secure 0 0 0) 0x7f944406d8b0 con 0x7f9454105da0
2024-09-15T23:22:32.758 INFO:teuthology.orchestra.run.smithi077.stdout:/usr/bin/ceph: stderr
2024-09-15T23:22:31.849+0000 7f94537fe640 1 -- 172.21.15.77:0/1664014995 >> [v2:172.21.15.77:6800/301680494,v1:172.21.15.77:6801/301680494] conn(0x7f943c039200 msgr2=0x7f943c03b6c0 unknown :-1 s=STATE_CONNECTING_RE l=1).process reconnect failed to v2:172.21.15.77:6800/301680494
2024-09-15T23:22:32.758 INFO:teuthology.orchestra.run.smithi077.stdout:/usr/bin/ceph: stderr
2024-09-15T23:22:31.849+0000 7f94537fe640 1 --2- 172.21.15.77:0/1664014995 >> [v2:172.21.15.77:6800/301680494,v1:172.21.15.77:6801/301680494] conn(0x7f943c039200 0x7f943c03b6c0 unknown :-1 s=START_CONNECT pgs=0 cs=0 l=1 rev1=0 crypto rx=0 tx=0 comp rx=0 tx=0)._fault waiting 0.200000
2024-09-15T23:22:32.758 INFO:teuthology.orchestra.run.smithi077.stdout:/usr/bin/ceph: stderr
2024-09-15T23:22:31.854+0000 7f94517fa640 1 -- 172.21.15.77:0/1664014995 <== mon.0 v2:172.21.15.77:3300/0 6 ==== mon_command_ack([{"prefix": "get_command_descriptions"}]=0 v0) ==== 72+0+188821 (secure 0 0 0) 0x7f94440371e0 con 0x7f9454105da0
2024-09-15T23:22:32.758 INFO:teuthology.orchestra.run.smithi077.stdout:/usr/bin/ceph: stderr
2024-09-15T23:22:32.050+0000 7f94537fe640 1 -- 172.21.15.77:0/1664014995 >> [v2:172.21.15.77:6800/301680494,v1:172.21.15.77:6801/301680494] conn(0x7f943c039200 msgr2=0x7f943c03b6c0 unknown :-1 s=STATE_CONNECTING_RE l=1).process reconnect failed to v2:172.21.15.77:6800/301680494
2024-09-15T23:22:32.758 INFO:teuthology.orchestra.run.smithi077.stdout:/usr/bin/ceph: stderr
2024-09-15T23:22:32.050+0000 7f94537fe640 1 --2- 172.21.15.77:0/1664014995 >> [v2:172.21.15.77:6800/301680494,v1:172.21.15.77:6801/301680494] conn(0x7f943c039200 0x7f943c03b6c0 unknown :-1 s=START_CONNECT pgs=0 cs=0 l=1 rev1=0 crypto rx=0 tx=0 comp rx=0 tx=0)._fault waiting 0.400000
2024-09-15T23:22:32.758 INFO:teuthology.orchestra.run.smithi077.stdout:/usr/bin/ceph: stderr
2024-09-15T23:22:32.084+0000 7f945aa3a640 1 -- 172.21.15.77:0/1664014995 --> [v2:172.21.15.77:3300/0,v1:172.21.15.77:6789/0] -- mon_command({"prefix": "mgr stat"} v 0) -- 0x7f9440005dc0 con 0x7f9454105da0
2024-09-15T23:22:32.758 INFO:teuthology.orchestra.run.smithi077.stdout:/usr/bin/ceph: stderr
2024-09-15T23:22:32.085+0000 7f94517fa640 1 -- 172.21.15.77:0/1664014995 <== mon.0 v2:172.21.15.77:3300/0 7 ==== mon_command_ack([{"prefix": "mgr stat"}]=0 v9) ==== 56+0+88 (secure 0 0 0) 0x7f9444031c30 con 0x7f9454105da0
2024-09-15T23:22:32.758 INFO:teuthology.orchestra.run.smithi077.stdout:/usr/bin/ceph: stderr
2024-09-15T23:22:32.087+0000 7f945aa3a640 1 -- 172.21.15.77:0/1664014995 >> [v2:172.21.15.77:6800/301680494,v1:172.21.15.77:6801/301680494] conn(0x7f943c039200 msgr2=0x7f943c03b6c0 unknown :-1 s=STATE_CONNECTING l=1).mark_down
2024-09-15T23:22:32.758 INFO:teuthology.orchestra.run.smithi077.stdout:/usr/bin/ceph: stderr
2024-09-15T23:22:32.087+0000 7f945aa3a640 1 --2- 172.21.15.77:0/1664014995 >> [v2:172.21.15.77:6800/301680494,v1:172.21.15.77:6801/301680494] conn(0x7f943c039200 0x7f943c03b6c0 unknown :-1 s=START_CONNECT pgs=0 cs=0 l=1 rev1=0 crypto rx=0 tx=0 comp rx=0 tx=0).stop
2024-09-15T23:22:32.759 INFO:teuthology.orchestra.run.smithi077.stdout:/usr/bin/ceph: stderr
2024-09-15T23:22:32.087+0000 7f945aa3a640 1 -- 172.21.15.77:0/1664014995 >> [v2:172.21.15.77:3300/0,v1:172.21.15.77:6789/0] conn(0x7f9454105da0 msgr2=0x7f945419d7c0 secure :-1 s=STATE_CONNECTION_ESTABLISHED l=1).mark_down
2024-09-15T23:22:32.759 INFO:teuthology.orchestra.run.smithi077.stdout:/usr/bin/ceph: stderr
2024-09-15T23:22:32.087+0000 7f945aa3a640 1 --2- 172.21.15.77:0/1664014995 >> [v2:172.21.15.77:3300/0,v1:172.21.15.77:6789/0] conn(0x7f9454105da0 0x7f945419d7c0 secure :-1 s=READY pgs=58 cs=0 l=1 rev1=1 crypto rx=0x7f94440097f0 tx=0x7f94440327b0 comp rx=0 tx=0).stop
2024-09-15T23:22:32.759 INFO:teuthology.orchestra.run.smithi077.stdout:/usr/bin/ceph: stderr
2024-09-15T23:22:32.087+0000 7f945aa3a640 1 -- 172.21.15.77:0/1664014995 shutdown_connections
2024-09-15T23:22:32.759 INFO:teuthology.orchestra.run.smithi077.stdout:/usr/bin/ceph: stderr
2024-09-15T23:22:32.087+0000 7f945aa3a640 1 --2- 172.21.15.77:0/1664014995 >> [v2:172.21.15.77:6800/301680494,v1:172.21.15.77:6801/301680494] conn(0x7f943c039200 0x7f943c03b6c0 unknown :-1 s=CLOSED pgs=0 cs=0 l=1 rev1=0 crypto rx=0 tx=0 comp rx=0 tx=0).stop
2024-09-15T23:22:32.759 INFO:teuthology.orchestra.run.smithi077.stdout:/usr/bin/ceph: stderr
2024-09-15T23:22:32.087+0000 7f945aa3a640 1 --2- 172.21.15.77:0/1664014995 >> [v2:172.21.15.77:3300/0,v1:172.21.15.77:6789/0] conn(0x7f9454105da0 0x7f945419d7c0 unknown :-1 s=CLOSED pgs=58 cs=0 l=1 rev1=1 crypto rx=0 tx=0 comp rx=0 tx=0).stop
2024-09-15T23:22:32.759 INFO:teuthology.orchestra.run.smithi077.stdout:/usr/bin/ceph: stderr
2024-09-15T23:22:32.087+0000 7f945aa3a640 1 -- 172.21.15.77:0/1664014995 >> 172.21.15.77:0/1664014995 conn(0x7f9454101af0 msgr2=0x7f9454194490 unknown :-1 s=STATE_NONE l=0).mark_down
2024-09-15T23:22:32.759 INFO:teuthology.orchestra.run.smithi077.stdout:/usr/bin/ceph: stderr
2024-09-15T23:22:32.087+0000 7f945aa3a640 1 -- 172.21.15.77:0/1664014995 shutdown_connections
2024-09-15T23:22:32.759 INFO:teuthology.orchestra.run.smithi077.stdout:/usr/bin/ceph: stderr
2024-09-15T23:22:32.087+0000 7f945aa3a640 1 -- 172.21.15.77:0/1664014995 wait complete.
2024-09-15T23:22:32.759 INFO:teuthology.orchestra.run.smithi077.stdout:Waiting for the mgr to restart...
2024-09-15T23:22:32.759 INFO:teuthology.orchestra.run.smithi077.stdout:Waiting for mgr epoch 9...
2024-09-15T23:22:33.128 INFO:journalctl@ceph.mon.a.smithi077.stdout:Sep 15 23:22:32 smithi077 ceph-mon[30968]: from='client.? 172.21.15.77:0/1664014995' entity='client.admin' cmd=[{"prefix": "mgr stat"}]: dispatch
2024-09-15T23:22:33.128 INFO:journalctl@ceph.mgr.x.smithi077.stdout:Sep 15 23:22:33 smithi077 ceph-1be60238-73b9-11ef-bceb-c7b262605968-mgr-x[31198]:
2024-09-15T23:22:33.056+0000 7f7714883040 -1 mgr[py] Module telemetry has missing NOTIFY_TYPES member
2024-09-15T23:22:33.382 INFO:journalctl@ceph.mgr.x.smithi077.stdout:Sep 15 23:22:33 smithi077 ceph-1be60238-73b9-11ef-bceb-c7b262605968-mgr-x[31198]:
2024-09-15T23:22:33.127+0000 7f7714883040 -1 mgr[py] Module balancer has missing NOTIFY_TYPES member
2024-09-15T23:22:34.062 INFO:journalctl@ceph.mgr.x.smithi077.stdout:Sep 15 23:22:33 smithi077 ceph-1be60238-73b9-11ef-bceb-c7b262605968-mgr-x[31198]:
2024-09-15T23:22:33.852+0000 7f7714883040 -1 mgr[py] Module rook has missing NOTIFY_TYPES member
2024-09-15T23:22:34.062 INFO:journalctl@ceph.mgr.x.smithi077.stdout:Sep 15 23:22:33 smithi077 ceph-1be60238-73b9-11ef-bceb-c7b262605968-mgr-x[31198]:
2024-09-15T23:22:33.968+0000 7f7714883040 -1 mgr[py] Module iostat has missing NOTIFY_TYPES member
2024-09-15T23:22:34.322 INFO:journalctl@ceph.mgr.x.smithi077.stdout:Sep 15 23:22:34 smithi077 ceph-1be60238-73b9-11ef-bceb-c7b262605968-mgr-x[31198]:
2024-09-15T23:22:34.112+0000 7f7714883040 -1 mgr[py] Module orchestrator has missing NOTIFY_TYPES member
2024-09-15T23:22:34.323 INFO:journalctl@ceph.mgr.x.smithi077.stdout:Sep 15 23:22:34 smithi077 ceph-1be60238-73b9-11ef-bceb-c7b262605968-mgr-x[31198]:
2024-09-15T23:22:34.173+0000 7f7714883040 -1 mgr[py] Module devicehealth has missing NOTIFY_TYPES member
2024-09-15T23:22:34.323 INFO:journalctl@ceph.mgr.x.smithi077.stdout:Sep 15 23:22:34 smithi077 ceph-1be60238-73b9-11ef-bceb-c7b262605968-mgr-x[31198]:
2024-09-15T23:22:34.321+0000 7f7714883040 -1 mgr[py] Module rgw has missing NOTIFY_TYPES member
2024-09-15T23:22:34.605 INFO:journalctl@ceph.mgr.x.smithi077.stdout:Sep 15 23:22:34 smithi077 ceph-1be60238-73b9-11ef-bceb-c7b262605968-mgr-x[31198]:
2024-09-15T23:22:34.389+0000 7f7714883040 -1 mgr[py] Module alerts has missing NOTIFY_TYPES member
2024-09-15T23:22:34.605 INFO:journalctl@ceph.mgr.x.smithi077.stdout:Sep 15 23:22:34 smithi077 ceph-1be60238-73b9-11ef-bceb-c7b262605968-mgr-x[31198]:
2024-09-15T23:22:34.448+0000 7f7714883040 -1 mgr[py] Module progress has missing NOTIFY_TYPES member
2024-09-15T23:22:34.605 INFO:journalctl@ceph.mgr.x.smithi077.stdout:Sep 15 23:22:34 smithi077 ceph-1be60238-73b9-11ef-bceb-c7b262605968-mgr-x[31198]:
2024-09-15T23:22:34.603+0000 7f7714883040 -1 mgr[py] Module nfs has missing NOTIFY_TYPES member
2024-09-15T23:22:34.876 INFO:journalctl@ceph.mgr.x.smithi077.stdout:Sep 15 23:22:34 smithi077 ceph-1be60238-73b9-11ef-bceb-c7b262605968-mgr-x[31198]:
2024-09-15T23:22:34.669+0000 7f7714883040 -1 mgr[py] Module status has missing NOTIFY_TYPES member
2024-09-15T23:22:34.876 INFO:journalctl@ceph.mgr.x.smithi077.stdout:Sep 15 23:22:34 smithi077 ceph-1be60238-73b9-11ef-bceb-c7b262605968-mgr-x[31198]:
2024-09-15T23:22:34.734+0000 7f7714883040 -1 mgr[py] Module pg_autoscaler has missing NOTIFY_TYPES member
2024-09-15T23:22:34.876 INFO:journalctl@ceph.mgr.x.smithi077.stdout:Sep 15 23:22:34 smithi077 ceph-1be60238-73b9-11ef-bceb-c7b262605968-mgr-x[31198]:
2024-09-15T23:22:34.816+0000 7f7714883040 -1 mgr[py] Module rbd_support has missing NOTIFY_TYPES member
2024-09-15T23:22:34.876 INFO:journalctl@ceph.mgr.x.smithi077.stdout:Sep 15 23:22:34 smithi077 ceph-1be60238-73b9-11ef-bceb-c7b262605968-mgr-x[31198]:
2024-09-15T23:22:34.874+0000 7f7714883040 -1 mgr[py] Module influx has missing NOTIFY_TYPES member
2024-09-15T23:22:35.133 INFO:journalctl@ceph.mgr.x.smithi077.stdout:Sep 15 23:22:34 smithi077 ceph-1be60238-73b9-11ef-bceb-c7b262605968-mgr-x[31198]:
