2024-09-15T23:22:39.715+0000 7fa6ae7ad640 1 -- --> [v2:172.21.15.77:3300/0,v1:172.21.15.77:6789/0] -- mon_getmap magic: 0 -- 0x7fa6a8107ee0 con 0x7fa6a8107510
2024-09-15T23:22:40.715 INFO:teuthology.orchestra.run.smithi077.stdout:/usr/bin/ceph: stderr
2024-09-15T23:22:39.715+0000 7fa6a7fff640 1 --2- >> [v2:172.21.15.77:3300/0,v1:172.21.15.77:6789/0] conn(0x7fa6a8107510 0x7fa6a8107910 unknown :-1 s=BANNER_CONNECTING pgs=0 cs=0 l=0 rev1=0 crypto rx=0 tx=0 comp rx=0 tx=0)._handle_peer_banner_payload supported=3 required=0
2024-09-15T23:22:40.715 INFO:teuthology.orchestra.run.smithi077.stdout:/usr/bin/ceph: stderr
2024-09-15T23:22:39.715+0000 7fa6a7fff640 1 --2- >> [v2:172.21.15.77:3300/0,v1:172.21.15.77:6789/0] conn(0x7fa6a8107510 0x7fa6a8107910 unknown :-1 s=HELLO_CONNECTING pgs=0 cs=0 l=0 rev1=1 crypto rx=0 tx=0 comp rx=0 tx=0).handle_hello peer v2:172.21.15.77:3300/0 says I am v2:172.21.15.77:58860/0 (socket says 172.21.15.77:58860)
2024-09-15T23:22:40.715 INFO:teuthology.orchestra.run.smithi077.stdout:/usr/bin/ceph: stderr
2024-09-15T23:22:39.715+0000 7fa6a7fff640 1 -- 172.21.15.77:0/3372963637 learned_addr learned my addr 172.21.15.77:0/3372963637 (peer_addr_for_me v2:172.21.15.77:0/0)
2024-09-15T23:22:40.715 INFO:teuthology.orchestra.run.smithi077.stdout:/usr/bin/ceph: stderr
2024-09-15T23:22:39.716+0000 7fa6a7fff640 1 -- 172.21.15.77:0/3372963637 --> [v2:172.21.15.77:3300/0,v1:172.21.15.77:6789/0] -- mon_subscribe({config=0+,monmap=0+}) -- 0x7fa6a81086c0 con 0x7fa6a8107510
2024-09-15T23:22:40.715 INFO:teuthology.orchestra.run.smithi077.stdout:/usr/bin/ceph: stderr
2024-09-15T23:22:39.716+0000 7fa6a7fff640 1 --2- 172.21.15.77:0/3372963637 >> [v2:172.21.15.77:3300/0,v1:172.21.15.77:6789/0] conn(0x7fa6a8107510 0x7fa6a8107910 secure :-1 s=READY pgs=70 cs=0 l=1 rev1=1 crypto rx=0x7fa698009820 tx=0x7fa69802a270 comp rx=0 tx=0).ready entity=mon.0 client_cookie=6c6fcb0d0d3a103b server_cookie=0 in_seq=0 out_seq=0
2024-09-15T23:22:40.715 INFO:teuthology.orchestra.run.smithi077.stdout:/usr/bin/ceph: stderr
2024-09-15T23:22:39.718+0000 7fa6a77fe640 1 -- 172.21.15.77:0/3372963637 <== mon.0 v2:172.21.15.77:3300/0 1 ==== mon_map magic: 0 ==== 205+0+0 (secure 0 0 0) 0x7fa698037070 con 0x7fa6a8107510
2024-09-15T23:22:40.715 INFO:teuthology.orchestra.run.smithi077.stdout:/usr/bin/ceph: stderr
2024-09-15T23:22:39.718+0000 7fa6a77fe640 1 -- 172.21.15.77:0/3372963637 <== mon.0 v2:172.21.15.77:3300/0 2 ==== config(27 keys) ==== 1140+0+0 (secure 0 0 0) 0x7fa698032920 con 0x7fa6a8107510
2024-09-15T23:22:40.715 INFO:teuthology.orchestra.run.smithi077.stdout:/usr/bin/ceph: stderr
2024-09-15T23:22:39.718+0000 7fa6a77fe640 1 -- 172.21.15.77:0/3372963637 <== mon.0 v2:172.21.15.77:3300/0 3 ==== mon_map magic: 0 ==== 205+0+0 (secure 0 0 0) 0x7fa698030810 con 0x7fa6a8107510
2024-09-15T23:22:40.715 INFO:teuthology.orchestra.run.smithi077.stdout:/usr/bin/ceph: stderr
2024-09-15T23:22:39.719+0000 7fa6ae7ad640 1 -- 172.21.15.77:0/3372963637 >> [v2:172.21.15.77:3300/0,v1:172.21.15.77:6789/0] conn(0x7fa6a8107510 msgr2=0x7fa6a8107910 secure :-1 s=STATE_CONNECTION_ESTABLISHED l=1).mark_down
2024-09-15T23:22:40.715 INFO:teuthology.orchestra.run.smithi077.stdout:/usr/bin/ceph: stderr
2024-09-15T23:22:39.719+0000 7fa6ae7ad640 1 --2- 172.21.15.77:0/3372963637 >> [v2:172.21.15.77:3300/0,v1:172.21.15.77:6789/0] conn(0x7fa6a8107510 0x7fa6a8107910 secure :-1 s=READY pgs=70 cs=0 l=1 rev1=1 crypto rx=0x7fa698009820 tx=0x7fa69802a270 comp rx=0 tx=0).stop
2024-09-15T23:22:40.715 INFO:teuthology.orchestra.run.smithi077.stdout:/usr/bin/ceph: stderr
2024-09-15T23:22:39.719+0000 7fa6ae7ad640 1 -- 172.21.15.77:0/3372963637 shutdown_connections
2024-09-15T23:22:40.716 INFO:teuthology.orchestra.run.smithi077.stdout:/usr/bin/ceph: stderr
2024-09-15T23:22:39.719+0000 7fa6ae7ad640 1 --2- 172.21.15.77:0/3372963637 >> [v2:172.21.15.77:3300/0,v1:172.21.15.77:6789/0] conn(0x7fa6a8107510 0x7fa6a8107910 unknown :-1 s=CLOSED pgs=70 cs=0 l=1 rev1=1 crypto rx=0 tx=0 comp rx=0 tx=0).stop
2024-09-15T23:22:40.716 INFO:teuthology.orchestra.run.smithi077.stdout:/usr/bin/ceph: stderr
2024-09-15T23:22:39.719+0000 7fa6ae7ad640 1 -- 172.21.15.77:0/3372963637 >> 172.21.15.77:0/3372963637 conn(0x7fa6a8102ce0 msgr2=0x7fa6a8105100 unknown :-1 s=STATE_NONE l=0).mark_down
2024-09-15T23:22:40.716 INFO:teuthology.orchestra.run.smithi077.stdout:/usr/bin/ceph: stderr
2024-09-15T23:22:39.719+0000 7fa6ae7ad640 1 -- 172.21.15.77:0/3372963637 shutdown_connections
2024-09-15T23:22:40.716 INFO:teuthology.orchestra.run.smithi077.stdout:/usr/bin/ceph: stderr
2024-09-15T23:22:39.719+0000 7fa6ae7ad640 1 -- 172.21.15.77:0/3372963637 wait complete.
2024-09-15T23:22:40.716 INFO:teuthology.orchestra.run.smithi077.stdout:/usr/bin/ceph: stderr
2024-09-15T23:22:39.720+0000 7fa6ae7ad640 1 Processor -- start
2024-09-15T23:22:40.716 INFO:teuthology.orchestra.run.smithi077.stdout:/usr/bin/ceph: stderr
2024-09-15T23:22:39.720+0000 7fa6ae7ad640 1 -- start start
2024-09-15T23:22:40.716 INFO:teuthology.orchestra.run.smithi077.stdout:/usr/bin/ceph: stderr
2024-09-15T23:22:39.720+0000 7fa6ae7ad640 1 --2- >> [v2:172.21.15.77:3300/0,v1:172.21.15.77:6789/0] conn(0x7fa6a8107510 0x7fa6a819b4e0 unknown :-1 s=NONE pgs=0 cs=0 l=1 rev1=0 crypto rx=0 tx=0 comp rx=0 tx=0).connect
2024-09-15T23:22:40.716 INFO:teuthology.orchestra.run.smithi077.stdout:/usr/bin/ceph: stderr
2024-09-15T23:22:39.720+0000 7fa6ae7ad640 1 -- --> [v2:172.21.15.77:3300/0,v1:172.21.15.77:6789/0] -- mon_getmap magic: 0 -- 0x7fa6a810ba70 con 0x7fa6a8107510
2024-09-15T23:22:40.716 INFO:teuthology.orchestra.run.smithi077.stdout:/usr/bin/ceph: stderr
2024-09-15T23:22:39.720+0000 7fa6a7fff640 1 --2- >> [v2:172.21.15.77:3300/0,v1:172.21.15.77:6789/0] conn(0x7fa6a8107510 0x7fa6a819b4e0 unknown :-1 s=BANNER_CONNECTING pgs=0 cs=0 l=1 rev1=0 crypto rx=0 tx=0 comp rx=0 tx=0)._handle_peer_banner_payload supported=3 required=0
2024-09-15T23:22:40.716 INFO:teuthology.orchestra.run.smithi077.stdout:/usr/bin/ceph: stderr
2024-09-15T23:22:39.720+0000 7fa6a7fff640 1 --2- >> [v2:172.21.15.77:3300/0,v1:172.21.15.77:6789/0] conn(0x7fa6a8107510 0x7fa6a819b4e0 unknown :-1 s=HELLO_CONNECTING pgs=0 cs=0 l=1 rev1=1 crypto rx=0 tx=0 comp rx=0 tx=0).handle_hello peer v2:172.21.15.77:3300/0 says I am v2:172.21.15.77:58870/0 (socket says 172.21.15.77:58870)
2024-09-15T23:22:40.716 INFO:teuthology.orchestra.run.smithi077.stdout:/usr/bin/ceph: stderr
2024-09-15T23:22:39.720+0000 7fa6a7fff640 1 -- 172.21.15.77:0/822455996 learned_addr learned my addr 172.21.15.77:0/822455996 (peer_addr_for_me v2:172.21.15.77:0/0)
2024-09-15T23:22:40.716 INFO:teuthology.orchestra.run.smithi077.stdout:/usr/bin/ceph: stderr
2024-09-15T23:22:39.720+0000 7fa6a7fff640 1 -- 172.21.15.77:0/822455996 --> [v2:172.21.15.77:3300/0,v1:172.21.15.77:6789/0] -- mon_subscribe({config=0+,monmap=0+}) -- 0x7fa6a819ba20 con 0x7fa6a8107510
2024-09-15T23:22:40.716 INFO:teuthology.orchestra.run.smithi077.stdout:/usr/bin/ceph: stderr
2024-09-15T23:22:39.720+0000 7fa6a7fff640 1 --2- 172.21.15.77:0/822455996 >> [v2:172.21.15.77:3300/0,v1:172.21.15.77:6789/0] conn(0x7fa6a8107510 0x7fa6a819b4e0 secure :-1 s=READY pgs=71 cs=0 l=1 rev1=1 crypto rx=0x7fa6980097f0 tx=0x7fa6980327b0 comp rx=0 tx=0).ready entity=mon.0 client_cookie=0 server_cookie=0 in_seq=0 out_seq=0
2024-09-15T23:22:40.717 INFO:teuthology.orchestra.run.smithi077.stdout:/usr/bin/ceph: stderr
2024-09-15T23:22:39.721+0000 7fa6a5ffb640 1 -- 172.21.15.77:0/822455996 <== mon.0 v2:172.21.15.77:3300/0 1 ==== mon_map magic: 0 ==== 205+0+0 (secure 0 0 0) 0x7fa698037040 con 0x7fa6a8107510
2024-09-15T23:22:40.717 INFO:teuthology.orchestra.run.smithi077.stdout:/usr/bin/ceph: stderr
2024-09-15T23:22:39.721+0000 7fa6ae7ad640 1 -- 172.21.15.77:0/822455996 --> [v2:172.21.15.77:3300/0,v1:172.21.15.77:6789/0] -- mon_subscribe({mgrmap=0+}) -- 0x7fa6a819bcb0 con 0x7fa6a8107510
2024-09-15T23:22:40.717 INFO:teuthology.orchestra.run.smithi077.stdout:/usr/bin/ceph: stderr
2024-09-15T23:22:39.721+0000 7fa6a5ffb640 1 -- 172.21.15.77:0/822455996 <== mon.0 v2:172.21.15.77:3300/0 2 ==== config(27 keys) ==== 1140+0+0 (secure 0 0 0) 0x7fa698030cc0 con 0x7fa6a8107510
2024-09-15T23:22:40.717 INFO:teuthology.orchestra.run.smithi077.stdout:/usr/bin/ceph: stderr
2024-09-15T23:22:39.721+0000 7fa6a5ffb640 1 -- 172.21.15.77:0/822455996 <== mon.0 v2:172.21.15.77:3300/0 3 ==== mon_map magic: 0 ==== 205+0+0 (secure 0 0 0) 0x7fa69803a640 con 0x7fa6a8107510
2024-09-15T23:22:40.717 INFO:teuthology.orchestra.run.smithi077.stdout:/usr/bin/ceph: stderr
2024-09-15T23:22:39.721+0000 7fa6ae7ad640 1 -- 172.21.15.77:0/822455996 --> [v2:172.21.15.77:3300/0,v1:172.21.15.77:6789/0] -- mon_subscribe({osdmap=0}) -- 0x7fa6a819e9a0 con 0x7fa6a8107510
2024-09-15T23:22:40.717 INFO:teuthology.orchestra.run.smithi077.stdout:/usr/bin/ceph: stderr
2024-09-15T23:22:39.722+0000 7fa6a5ffb640 1 -- 172.21.15.77:0/822455996 <== mon.0 v2:172.21.15.77:3300/0 4 ==== mgrmap(e 12) ==== 46474+0+0 (secure 0 0 0) 0x7fa69803a940 con 0x7fa6a8107510
2024-09-15T23:22:40.717 INFO:teuthology.orchestra.run.smithi077.stdout:/usr/bin/ceph: stderr
2024-09-15T23:22:39.722+0000 7fa6ae7ad640 1 -- 172.21.15.77:0/822455996 --> [v2:172.21.15.77:3300/0,v1:172.21.15.77:6789/0] -- mon_command({"prefix": "get_command_descriptions"} v 0) -- 0x7fa6a810bbf0 con 0x7fa6a8107510
2024-09-15T23:22:40.717 INFO:teuthology.orchestra.run.smithi077.stdout:/usr/bin/ceph: stderr
2024-09-15T23:22:39.722+0000 7fa6a5ffb640 1 --2- 172.21.15.77:0/822455996 >> [v2:172.21.15.77:6800/2029887224,v1:172.21.15.77:6801/2029887224] conn(0x7fa694039200 0x7fa69403b6c0 unknown :-1 s=NONE pgs=0 cs=0 l=1 rev1=0 crypto rx=0 tx=0 comp rx=0 tx=0).connect
2024-09-15T23:22:40.717 INFO:teuthology.orchestra.run.smithi077.stdout:/usr/bin/ceph: stderr
2024-09-15T23:22:39.722+0000 7fa6a5ffb640 1 -- 172.21.15.77:0/822455996 <== mon.0 v2:172.21.15.77:3300/0 5 ==== osd_map(3..3 src has 1..3) ==== 1155+0+0 (secure 0 0 0) 0x7fa69806c980 con 0x7fa6a8107510
2024-09-15T23:22:40.717 INFO:teuthology.orchestra.run.smithi077.stdout:/usr/bin/ceph: stderr
2024-09-15T23:22:39.722+0000 7fa69ffff640 1 --2- 172.21.15.77:0/822455996 >> [v2:172.21.15.77:6800/2029887224,v1:172.21.15.77:6801/2029887224] conn(0x7fa694039200 0x7fa69403b6c0 unknown :-1 s=BANNER_CONNECTING pgs=0 cs=0 l=1 rev1=0 crypto rx=0 tx=0 comp rx=0 tx=0)._handle_peer_banner_payload supported=3 required=0
2024-09-15T23:22:40.717 INFO:teuthology.orchestra.run.smithi077.stdout:/usr/bin/ceph: stderr
2024-09-15T23:22:39.722+0000 7fa69ffff640 1 --2- 172.21.15.77:0/822455996 >> [v2:172.21.15.77:6800/2029887224,v1:172.21.15.77:6801/2029887224] conn(0x7fa694039200 0x7fa69403b6c0 secure :-1 s=READY pgs=8 cs=0 l=1 rev1=1 crypto rx=0x7fa6900098c0 tx=0x7fa690006db0 comp rx=0 tx=0).ready entity=mgr.14150 client_cookie=0 server_cookie=0 in_seq=0 out_seq=0
2024-09-15T23:22:40.717 INFO:teuthology.orchestra.run.smithi077.stdout:/usr/bin/ceph: stderr
2024-09-15T23:22:39.726+0000 7fa6a5ffb640 1 -- 172.21.15.77:0/822455996 <== mon.0 v2:172.21.15.77:3300/0 6 ==== mon_command_ack([{"prefix": "get_command_descriptions"}]=0 v0) ==== 72+0+188821 (secure 0 0 0) 0x7fa69803ba40 con 0x7fa6a8107510
2024-09-15T23:22:40.718 INFO:teuthology.orchestra.run.smithi077.stdout:/usr/bin/ceph: stderr
2024-09-15T23:22:39.910+0000 7fa6ae7ad640 1 -- 172.21.15.77:0/822455996 --> [v2:172.21.15.77:6800/2029887224,v1:172.21.15.77:6801/2029887224] -- mgr_command(tid 0: {"prefix": "dashboard ac-user-create", "username": "admin", "rolename": "administrator", "force_password": true, "pwd_update_required": true, "target": ["mon-mgr", ""]}) -- 0x7fa6a819eb70 con 0x7fa694039200
2024-09-15T23:22:40.718 INFO:teuthology.orchestra.run.smithi077.stdout:/usr/bin/ceph: stderr
2024-09-15T23:22:40.134+0000 7fa6a5ffb640 1 -- 172.21.15.77:0/822455996 <== mgr.14150 v2:172.21.15.77:6800/2029887224 1 ==== mgr_command_reply(tid 0: 0 ) ==== 8+0+252 (secure 0 0 0) 0x7fa6a819eb70 con 0x7fa694039200
2024-09-15T23:22:40.718 INFO:teuthology.orchestra.run.smithi077.stdout:/usr/bin/ceph: stderr
2024-09-15T23:22:40.136+0000 7fa6ae7ad640 1 -- 172.21.15.77:0/822455996 >> [v2:172.21.15.77:6800/2029887224,v1:172.21.15.77:6801/2029887224] conn(0x7fa694039200 msgr2=0x7fa69403b6c0 secure :-1 s=STATE_CONNECTION_ESTABLISHED l=1).mark_down
2024-09-15T23:22:40.718 INFO:teuthology.orchestra.run.smithi077.stdout:/usr/bin/ceph: stderr
2024-09-15T23:22:40.136+0000 7fa6ae7ad640 1 --2- 172.21.15.77:0/822455996 >> [v2:172.21.15.77:6800/2029887224,v1:172.21.15.77:6801/2029887224] conn(0x7fa694039200 0x7fa69403b6c0 secure :-1 s=READY pgs=8 cs=0 l=1 rev1=1 crypto rx=0x7fa6900098c0 tx=0x7fa690006db0 comp rx=0 tx=0).stop
2024-09-15T23:22:40.718 INFO:teuthology.orchestra.run.smithi077.stdout:/usr/bin/ceph: stderr
2024-09-15T23:22:40.136+0000 7fa6ae7ad640 1 -- 172.21.15.77:0/822455996 >> [v2:172.21.15.77:3300/0,v1:172.21.15.77:6789/0] conn(0x7fa6a8107510 msgr2=0x7fa6a819b4e0 secure :-1 s=STATE_CONNECTION_ESTABLISHED l=1).mark_down
2024-09-15T23:22:40.718 INFO:teuthology.orchestra.run.smithi077.stdout:/usr/bin/ceph: stderr
2024-09-15T23:22:40.136+0000 7fa6ae7ad640 1 --2- 172.21.15.77:0/822455996 >> [v2:172.21.15.77:3300/0,v1:172.21.15.77:6789/0] conn(0x7fa6a8107510 0x7fa6a819b4e0 secure :-1 s=READY pgs=71 cs=0 l=1 rev1=1 crypto rx=0x7fa6980097f0 tx=0x7fa6980327b0 comp rx=0 tx=0).stop
2024-09-15T23:22:40.718 INFO:teuthology.orchestra.run.smithi077.stdout:/usr/bin/ceph: stderr
2024-09-15T23:22:40.136+0000 7fa6ae7ad640 1 -- 172.21.15.77:0/822455996 shutdown_connections
2024-09-15T23:22:40.718 INFO:teuthology.orchestra.run.smithi077.stdout:/usr/bin/ceph: stderr
2024-09-15T23:22:40.136+0000 7fa6ae7ad640 1 --2- 172.21.15.77:0/822455996 >> [v2:172.21.15.77:6800/2029887224,v1:172.21.15.77:6801/2029887224] conn(0x7fa694039200 0x7fa69403b6c0 unknown :-1 s=CLOSED pgs=8 cs=0 l=1 rev1=1 crypto rx=0 tx=0 comp rx=0 tx=0).stop
2024-09-15T23:22:40.718 INFO:teuthology.orchestra.run.smithi077.stdout:/usr/bin/ceph: stderr
2024-09-15T23:22:40.136+0000 7fa6ae7ad640 1 --2- 172.21.15.77:0/822455996 >> [v2:172.21.15.77:3300/0,v1:172.21.15.77:6789/0] conn(0x7fa6a8107510 0x7fa6a819b4e0 unknown :-1 s=CLOSED pgs=71 cs=0 l=1 rev1=1 crypto rx=0 tx=0 comp rx=0 tx=0).stop
2024-09-15T23:22:40.718 INFO:teuthology.orchestra.run.smithi077.stdout:/usr/bin/ceph: stderr
2024-09-15T23:22:40.136+0000 7fa6ae7ad640 1 -- 172.21.15.77:0/822455996 >> 172.21.15.77:0/822455996 conn(0x7fa6a8102ce0 msgr2=0x7fa6a8103870 unknown :-1 s=STATE_NONE l=0).mark_down
2024-09-15T23:22:40.718 INFO:teuthology.orchestra.run.smithi077.stdout:/usr/bin/ceph: stderr
2024-09-15T23:22:40.136+0000 7fa6ae7ad640 1 -- 172.21.15.77:0/822455996 shutdown_connections
2024-09-15T23:22:40.718 INFO:teuthology.orchestra.run.smithi077.stdout:/usr/bin/ceph: stderr
2024-09-15T23:22:40.136+0000 7fa6ae7ad640 1 -- 172.21.15.77:0/822455996 wait complete.
2024-09-15T23:22:40.718 INFO:teuthology.orchestra.run.smithi077.stdout:Fetching dashboard port number...
2024-09-15T23:22:41.360 INFO:journalctl@ceph.mon.a.smithi077.stdout:Sep 15 23:22:41 smithi077 ceph-mon[30968]: from='client.14164 -' entity='client.admin' cmd=[{"prefix": "dashboard ac-user-create", "username": "admin", "rolename": "administrator", "force_password": true, "pwd_update_required": true, "target": ["mon-mgr", ""]}]: dispatch
2024-09-15T23:22:41.361 INFO:journalctl@ceph.mon.a.smithi077.stdout:Sep 15 23:22:41 smithi077 ceph-mon[30968]: from='mgr.14150 172.21.15.77:0/4069954665' entity='mgr.x'
2024-09-15T23:22:41.990 INFO:teuthology.orchestra.run.smithi077.stdout:/usr/bin/ceph: stdout 8443
2024-09-15T23:22:41.990 INFO:teuthology.orchestra.run.smithi077.stdout:/usr/bin/ceph: stderr
2024-09-15T23:22:41.180+0000 7ff41f5ce640 1 Processor -- start
2024-09-15T23:22:41.991 INFO:teuthology.orchestra.run.smithi077.stdout:/usr/bin/ceph: stderr
2024-09-15T23:22:41.181+0000 7ff41f5ce640 1 -- start start
2024-09-15T23:22:41.991 INFO:teuthology.orchestra.run.smithi077.stdout:/usr/bin/ceph: stderr
2024-09-15T23:22:41.181+0000 7ff41f5ce640 1 --2- >> [v2:172.21.15.77:3300/0,v1:172.21.15.77:6789/0] conn(0x7ff41807de20 0x7ff41807c2d0 unknown :-1 s=NONE pgs=0 cs=0 l=0 rev1=0 crypto rx=0 tx=0 comp rx=0 tx=0).connect
2024-09-15T23:22:41.991 INFO:teuthology.orchestra.run.smithi077.stdout:/usr/bin/ceph: stderr
2024-09-15T23:22:41.181+0000 7ff41f5ce640 1 -- --> [v2:172.21.15.77:3300/0,v1:172.21.15.77:6789/0] -- mon_getmap magic: 0 -- 0x7ff41807c810 con 0x7ff41807de20
2024-09-15T23:22:41.991 INFO:teuthology.orchestra.run.smithi077.stdout:/usr/bin/ceph: stderr
2024-09-15T23:22:41.181+0000 7ff41d36a640 1 --2- >> [v2:172.21.15.77:3300/0,v1:172.21.15.77:6789/0] conn(0x7ff41807de20 0x7ff41807c2d0 unknown :-1 s=BANNER_CONNECTING pgs=0 cs=0 l=0 rev1=0 crypto rx=0 tx=0 comp rx=0 tx=0)._handle_peer_banner_payload supported=3 required=0
2024-09-15T23:22:41.991 INFO:teuthology.orchestra.run.smithi077.stdout:/usr/bin/ceph: stderr
2024-09-15T23:22:41.181+0000 7ff41d36a640 1 --2- >> [v2:172.21.15.77:3300/0,v1:172.21.15.77:6789/0] conn(0x7ff41807de20 0x7ff41807c2d0 unknown :-1 s=HELLO_CONNECTING pgs=0 cs=0 l=0 rev1=1 crypto rx=0 tx=0 comp rx=0 tx=0).handle_hello peer v2:172.21.15.77:3300/0 says I am v2:172.21.15.77:58872/0 (socket says 172.21.15.77:58872)
2024-09-15T23:22:41.991 INFO:teuthology.orchestra.run.smithi077.stdout:/usr/bin/ceph: stderr
2024-09-15T23:22:41.181+0000 7ff41d36a640 1 -- 172.21.15.77:0/3175597606 learned_addr learned my addr 172.21.15.77:0/3175597606 (peer_addr_for_me v2:172.21.15.77:0/0)
2024-09-15T23:22:41.991 INFO:teuthology.orchestra.run.smithi077.stdout:/usr/bin/ceph: stderr
2024-09-15T23:22:41.181+0000 7ff41d36a640 1 -- 172.21.15.77:0/3175597606 --> [v2:172.21.15.77:3300/0,v1:172.21.15.77:6789/0] -- mon_subscribe({config=0+,monmap=0+}) -- 0x7ff41807c990 con 0x7ff41807de20
2024-09-15T23:22:41.991 INFO:teuthology.orchestra.run.smithi077.stdout:/usr/bin/ceph: stderr
2024-09-15T23:22:41.182+0000 7ff41d36a640 1 --2- 172.21.15.77:0/3175597606 >> [v2:172.21.15.77:3300/0,v1:172.21.15.77:6789/0] conn(0x7ff41807de20 0x7ff41807c2d0 secure :-1 s=READY pgs=72 cs=0 l=1 rev1=1 crypto rx=0x7ff410009820 tx=0x7ff41002a300 comp rx=0 tx=0).ready entity=mon.0 client_cookie=596bc7248010a05f server_cookie=0 in_seq=0 out_seq=0
2024-09-15T23:22:41.991 INFO:teuthology.orchestra.run.smithi077.stdout:/usr/bin/ceph: stderr
2024-09-15T23:22:41.182+0000 7ff417fff640 1 -- 172.21.15.77:0/3175597606 <== mon.0 v2:172.21.15.77:3300/0 1 ==== mon_map magic: 0 ==== 205+0+0 (secure 0 0 0) 0x7ff410037070 con 0x7ff41807de20
2024-09-15T23:22:41.991 INFO:teuthology.orchestra.run.smithi077.stdout:/usr/bin/ceph: stderr
2024-09-15T23:22:41.182+0000 7ff417fff640 1 -- 172.21.15.77:0/3175597606 <== mon.0 v2:172.21.15.77:3300/0 2 ==== config(27 keys) ==== 1140+0+0 (secure 0 0 0) 0x7ff410032920 con 0x7ff41807de20
2024-09-15T23:22:41.991 INFO:teuthology.orchestra.run.smithi077.stdout:/usr/bin/ceph: stderr
2024-09-15T23:22:41.182+0000 7ff417fff640 1 -- 172.21.15.77:0/3175597606 <== mon.0 v2:172.21.15.77:3300/0 3 ==== mon_map magic: 0 ==== 205+0+0 (secure 0 0 0) 0x7ff410030890 con 0x7ff41807de20
2024-09-15T23:22:41.991 INFO:teuthology.orchestra.run.smithi077.stdout:/usr/bin/ceph: stderr
2024-09-15T23:22:41.183+0000 7ff41f5ce640 1 -- 172.21.15.77:0/3175597606 >> [v2:172.21.15.77:3300/0,v1:172.21.15.77:6789/0] conn(0x7ff41807de20 msgr2=0x7ff41807c2d0 secure :-1 s=STATE_CONNECTION_ESTABLISHED l=1).mark_down
2024-09-15T23:22:41.991 INFO:teuthology.orchestra.run.smithi077.stdout:/usr/bin/ceph: stderr
2024-09-15T23:22:41.183+0000 7ff41f5ce640 1 --2- 172.21.15.77:0/3175597606 >> [v2:172.21.15.77:3300/0,v1:172.21.15.77:6789/0] conn(0x7ff41807de20 0x7ff41807c2d0 secure :-1 s=READY pgs=72 cs=0 l=1 rev1=1 crypto rx=0x7ff410009820 tx=0x7ff41002a300 comp rx=0 tx=0).stop
2024-09-15T23:22:41.992 INFO:teuthology.orchestra.run.smithi077.stdout:/usr/bin/ceph: stderr
2024-09-15T23:22:41.183+0000 7ff41f5ce640 1 -- 172.21.15.77:0/3175597606 shutdown_connections
2024-09-15T23:22:41.992 INFO:teuthology.orchestra.run.smithi077.stdout:/usr/bin/ceph: stderr
2024-09-15T23:22:41.183+0000 7ff41f5ce640 1 --2- 172.21.15.77:0/3175597606 >> [v2:172.21.15.77:3300/0,v1:172.21.15.77:6789/0] conn(0x7ff41807de20 0x7ff41807c2d0 unknown :-1 s=CLOSED pgs=72 cs=0 l=1 rev1=1 crypto rx=0 tx=0 comp rx=0 tx=0).stop
2024-09-15T23:22:41.992 INFO:teuthology.orchestra.run.smithi077.stdout:/usr/bin/ceph: stderr
2024-09-15T23:22:41.183+0000 7ff41f5ce640 1 -- 172.21.15.77:0/3175597606 >> 172.21.15.77:0/3175597606 conn(0x7ff418102ce0 msgr2=0x7ff418105100 unknown :-1 s=STATE_NONE l=0).mark_down
2024-09-15T23:22:41.992 INFO:teuthology.orchestra.run.smithi077.stdout:/usr/bin/ceph: stderr
2024-09-15T23:22:41.183+0000 7ff41f5ce640 1 -- 172.21.15.77:0/3175597606 shutdown_connections
2024-09-15T23:22:41.992 INFO:teuthology.orchestra.run.smithi077.stdout:/usr/bin/ceph: stderr
2024-09-15T23:22:41.183+0000 7ff41f5ce640 1 -- 172.21.15.77:0/3175597606 wait complete.
2024-09-15T23:22:41.992 INFO:teuthology.orchestra.run.smithi077.stdout:/usr/bin/ceph: stderr
2024-09-15T23:22:41.183+0000 7ff41f5ce640 1 Processor -- start
2024-09-15T23:22:41.992 INFO:teuthology.orchestra.run.smithi077.stdout:/usr/bin/ceph: stderr
2024-09-15T23:22:41.183+0000 7ff41f5ce640 1 -- start start
2024-09-15T23:22:41.992 INFO:teuthology.orchestra.run.smithi077.stdout:/usr/bin/ceph: stderr
2024-09-15T23:22:41.184+0000 7ff41f5ce640 1 --2- >> [v2:172.21.15.77:3300/0,v1:172.21.15.77:6789/0] conn(0x7ff41807de20 0x7ff41819d6e0 unknown :-1 s=NONE pgs=0 cs=0 l=1 rev1=0 crypto rx=0 tx=0 comp rx=0 tx=0).connect
2024-09-15T23:22:41.992 INFO:teuthology.orchestra.run.smithi077.stdout:/usr/bin/ceph: stderr
2024-09-15T23:22:41.184+0000 7ff41f5ce640 1 -- --> [v2:172.21.15.77:3300/0,v1:172.21.15.77:6789/0] -- mon_getmap magic: 0 -- 0x7ff41810db20 con 0x7ff41807de20
2024-09-15T23:22:41.992 INFO:teuthology.orchestra.run.smithi077.stdout:/usr/bin/ceph: stderr
2024-09-15T23:22:41.184+0000 7ff41d36a640 1 --2- >> [v2:172.21.15.77:3300/0,v1:172.21.15.77:6789/0] conn(0x7ff41807de20 0x7ff41819d6e0 unknown :-1 s=BANNER_CONNECTING pgs=0 cs=0 l=1 rev1=0 crypto rx=0 tx=0 comp rx=0 tx=0)._handle_peer_banner_payload supported=3 required=0
2024-09-15T23:22:41.992 INFO:teuthology.orchestra.run.smithi077.stdout:/usr/bin/ceph: stderr
2024-09-15T23:22:41.184+0000 7ff41d36a640 1 --2- >> [v2:172.21.15.77:3300/0,v1:172.21.15.77:6789/0] conn(0x7ff41807de20 0x7ff41819d6e0 unknown :-1 s=HELLO_CONNECTING pgs=0 cs=0 l=1 rev1=1 crypto rx=0 tx=0 comp rx=0 tx=0).handle_hello peer v2:172.21.15.77:3300/0 says I am v2:172.21.15.77:58880/0 (socket says 172.21.15.77:58880)
2024-09-15T23:22:41.992 INFO:teuthology.orchestra.run.smithi077.stdout:/usr/bin/ceph: stderr
2024-09-15T23:22:41.184+0000 7ff41d36a640 1 -- 172.21.15.77:0/2049062172 learned_addr learned my addr 172.21.15.77:0/2049062172 (peer_addr_for_me v2:172.21.15.77:0/0)
2024-09-15T23:22:41.993 INFO:teuthology.orchestra.run.smithi077.stdout:/usr/bin/ceph: stderr
2024-09-15T23:22:41.184+0000 7ff41d36a640 1 -- 172.21.15.77:0/2049062172 --> [v2:172.21.15.77:3300/0,v1:172.21.15.77:6789/0] -- mon_subscribe({config=0+,monmap=0+}) -- 0x7ff41819dc20 con 0x7ff41807de20
2024-09-15T23:22:41.993 INFO:teuthology.orchestra.run.smithi077.stdout:/usr/bin/ceph: stderr
2024-09-15T23:22:41.184+0000 7ff41d36a640 1 --2- 172.21.15.77:0/2049062172 >> [v2:172.21.15.77:3300/0,v1:172.21.15.77:6789/0] conn(0x7ff41807de20 0x7ff41819d6e0 secure :-1 s=READY pgs=73 cs=0 l=1 rev1=1 crypto rx=0x7ff4100305a0 tx=0x7ff410030d70 comp rx=0 tx=0).ready entity=mon.0 client_cookie=0 server_cookie=0 in_seq=0 out_seq=0
2024-09-15T23:22:41.993 INFO:teuthology.orchestra.run.smithi077.stdout:/usr/bin/ceph: stderr
2024-09-15T23:22:41.184+0000 7ff4167fc640 1 -- 172.21.15.77:0/2049062172 <== mon.0 v2:172.21.15.77:3300/0 1 ==== mon_map magic: 0 ==== 205+0+0 (secure 0 0 0) 0x7ff410037040 con 0x7ff41807de20
2024-09-15T23:22:41.993 INFO:teuthology.orchestra.run.smithi077.stdout:/usr/bin/ceph: stderr
2024-09-15T23:22:41.184+0000 7ff4167fc640 1 -- 172.21.15.77:0/2049062172 <== mon.0 v2:172.21.15.77:3300/0 2 ==== config(27 keys) ==== 1140+0+0 (secure 0 0 0) 0x7ff410040070 con 0x7ff41807de20
2024-09-15T23:22:41.993 INFO:teuthology.orchestra.run.smithi077.stdout:/usr/bin/ceph: stderr
2024-09-15T23:22:41.184+0000 7ff41f5ce640 1 -- 172.21.15.77:0/2049062172 --> [v2:172.21.15.77:3300/0,v1:172.21.15.77:6789/0] -- mon_subscribe({mgrmap=0+}) -- 0x7ff41819deb0 con 0x7ff41807de20
2024-09-15T23:22:41.993 INFO:teuthology.orchestra.run.smithi077.stdout:/usr/bin/ceph: stderr
2024-09-15T23:22:41.184+0000 7ff4167fc640 1 -- 172.21.15.77:0/2049062172 <== mon.0 v2:172.21.15.77:3300/0 3 ==== mon_map magic: 0 ==== 205+0+0 (secure 0 0 0) 0x7ff41003a390 con 0x7ff41807de20
2024-09-15T23:22:41.993 INFO:teuthology.orchestra.run.smithi077.stdout:/usr/bin/ceph: stderr
2024-09-15T23:22:41.184+0000 7ff41f5ce640 1 -- 172.21.15.77:0/2049062172 --> [v2:172.21.15.77:3300/0,v1:172.21.15.77:6789/0] -- mon_subscribe({osdmap=0}) -- 0x7ff4181a0ba0 con 0x7ff41807de20
2024-09-15T23:22:41.993 INFO:teuthology.orchestra.run.smithi077.stdout:/usr/bin/ceph: stderr
2024-09-15T23:22:41.185+0000 7ff4167fc640 1 -- 172.21.15.77:0/2049062172 <== mon.0 v2:172.21.15.77:3300/0 4 ==== mgrmap(e 12) ==== 46474+0+0 (secure 0 0 0) 0x7ff41003b430 con 0x7ff41807de20
2024-09-15T23:22:41.993 INFO:teuthology.orchestra.run.smithi077.stdout:/usr/bin/ceph: stderr
2024-09-15T23:22:41.185+0000 7ff4167fc640 1 --2- 172.21.15.77:0/2049062172 >> [v2:172.21.15.77:6800/2029887224,v1:172.21.15.77:6801/2029887224] conn(0x7ff400039200 0x7ff40003b6c0 unknown :-1 s=NONE pgs=0 cs=0 l=1 rev1=0 crypto rx=0 tx=0 comp rx=0 tx=0).connect
2024-09-15T23:22:41.993 INFO:teuthology.orchestra.run.smithi077.stdout:/usr/bin/ceph: stderr
2024-09-15T23:22:41.185+0000 7ff4167fc640 1 -- 172.21.15.77:0/2049062172 <== mon.0 v2:172.21.15.77:3300/0 5 ==== osd_map(3..3 src has 1..3) ==== 1155+0+0 (secure 0 0 0) 0x7ff41006c730 con 0x7ff41807de20
2024-09-15T23:22:41.993 INFO:teuthology.orchestra.run.smithi077.stdout:/usr/bin/ceph: stderr
2024-09-15T23:22:41.185+0000 7ff41f5ce640 1 -- 172.21.15.77:0/2049062172 --> [v2:172.21.15.77:3300/0,v1:172.21.15.77:6789/0] -- mon_command({"prefix": "get_command_descriptions"} v 0) -- 0x7ff41807c350 con 0x7ff41807de20
2024-09-15T23:22:41.993 INFO:teuthology.orchestra.run.smithi077.stdout:/usr/bin/ceph: stderr
2024-09-15T23:22:41.185+0000 7ff41cb69640 1 --2- 172.21.15.77:0/2049062172 >> [v2:172.21.15.77:6800/2029887224,v1:172.21.15.77:6801/2029887224] conn(0x7ff400039200 0x7ff40003b6c0 unknown :-1 s=BANNER_CONNECTING pgs=0 cs=0 l=1 rev1=0 crypto rx=0 tx=0 comp rx=0 tx=0)._handle_peer_banner_payload supported=3 required=0
2024-09-15T23:22:41.994 INFO:teuthology.orchestra.run.smithi077.stdout:/usr/bin/ceph: stderr
2024-09-15T23:22:41.186+0000 7ff41cb69640 1 --2- 172.21.15.77:0/2049062172 >> [v2:172.21.15.77:6800/2029887224,v1:172.21.15.77:6801/2029887224] conn(0x7ff400039200 0x7ff40003b6c0 secure :-1 s=READY pgs=9 cs=0 l=1 rev1=1 crypto rx=0x7ff40c00ad30 tx=0x7ff40c0093f0 comp rx=0 tx=0).ready entity=mgr.14150 client_cookie=0 server_cookie=0 in_seq=0 out_seq=0
2024-09-15T23:22:41.994 INFO:teuthology.orchestra.run.smithi077.stdout:/usr/bin/ceph: stderr
2024-09-15T23:22:41.190+0000 7ff4167fc640 1 -- 172.21.15.77:0/2049062172 <== mon.0 v2:172.21.15.77:3300/0 6 ==== mon_command_ack([{"prefix": "get_command_descriptions"}]=0 v0) ==== 72+0+188821 (secure 0 0 0) 0x7ff41003a690 con 0x7ff41807de20
2024-09-15T23:22:41.994 INFO:teuthology.orchestra.run.smithi077.stdout:/usr/bin/ceph: stderr
2024-09-15T23:22:41.359+0000 7ff41f5ce640 1 -- 172.21.15.77:0/2049062172 --> [v2:172.21.15.77:3300/0,v1:172.21.15.77:6789/0] -- mon_command({"prefix": "config get", "who": "mgr", "key": "mgr/dashboard/ssl_server_port"} v 0) -- 0x7ff4181a10d0 con 0x7ff41807de20
2024-09-15T23:22:41.994 INFO:teuthology.orchestra.run.smithi077.stdout:/usr/bin/ceph: stderr
2024-09-15T23:22:41.360+0000 7ff4167fc640 1 -- 172.21.15.77:0/2049062172 <== mon.0 v2:172.21.15.77:3300/0 7 ==== mon_command_ack([{"prefix": "config get", "who": "mgr", "key": "mgr/dashboard/ssl_server_port"}]=0 v8) ==== 112+0+5 (secure 0 0 0) 0x7ff41003b770 con 0x7ff41807de20
2024-09-15T23:22:41.994 INFO:teuthology.orchestra.run.smithi077.stdout:/usr/bin/ceph: stderr
2024-09-15T23:22:41.362+0000 7ff41f5ce640 1 -- 172.21.15.77:0/2049062172 >> [v2:172.21.15.77:6800/2029887224,v1:172.21.15.77:6801/2029887224] conn(0x7ff400039200 msgr2=0x7ff40003b6c0 secure :-1 s=STATE_CONNECTION_ESTABLISHED l=1).mark_down
2024-09-15T23:22:41.994 INFO:teuthology.orchestra.run.smithi077.stdout:/usr/bin/ceph: stderr
2024-09-15T23:22:41.362+0000 7ff41f5ce640 1 --2- 172.21.15.77:0/2049062172 >> [v2:172.21.15.77:6800/2029887224,v1:172.21.15.77:6801/2029887224] conn(0x7ff400039200 0x7ff40003b6c0 secure :-1 s=READY pgs=9 cs=0 l=1 rev1=1 crypto rx=0x7ff40c00ad30 tx=0x7ff40c0093f0 comp rx=0 tx=0).stop
2024-09-15T23:22:41.994 INFO:teuthology.orchestra.run.smithi077.stdout:/usr/bin/ceph: stderr
2024-09-15T23:22:41.362+0000 7ff41f5ce640 1 -- 172.21.15.77:0/2049062172 >> [v2:172.21.15.77:3300/0,v1:172.21.15.77:6789/0] conn(0x7ff41807de20 msgr2=0x7ff41819d6e0 secure :-1 s=STATE_CONNECTION_ESTABLISHED l=1).mark_down
2024-09-15T23:22:41.994 INFO:teuthology.orchestra.run.smithi077.stdout:/usr/bin/ceph: stderr
2024-09-15T23:22:41.362+0000 7ff41f5ce640 1 --2- 172.21.15.77:0/2049062172 >> [v2:172.21.15.77:3300/0,v1:172.21.15.77:6789/0] conn(0x7ff41807de20 0x7ff41819d6e0 secure :-1 s=READY pgs=73 cs=0 l=1 rev1=1 crypto rx=0x7ff4100305a0 tx=0x7ff410030d70 comp rx=0 tx=0).stop
2024-09-15T23:22:41.994 INFO:teuthology.orchestra.run.smithi077.stdout:/usr/bin/ceph: stderr
2024-09-15T23:22:41.363+0000 7ff41f5ce640 1 -- 172.21.15.77:0/2049062172 shutdown_connections
2024-09-15T23:22:41.994 INFO:teuthology.orchestra.run.smithi077.stdout:/usr/bin/ceph: stderr
2024-09-15T23:22:41.363+0000 7ff41f5ce640 1 --2- 172.21.15.77:0/2049062172 >> [v2:172.21.15.77:6800/2029887224,v1:172.21.15.77:6801/2029887224] conn(0x7ff400039200 0x7ff40003b6c0 unknown :-1 s=CLOSED pgs=9 cs=0 l=1 rev1=1 crypto rx=0 tx=0 comp rx=0 tx=0).stop
2024-09-15T23:22:41.994 INFO:teuthology.orchestra.run.smithi077.stdout:/usr/bin/ceph: stderr
2024-09-15T23:22:41.363+0000 7ff41f5ce640 1 --2- 172.21.15.77:0/2049062172 >> [v2:172.21.15.77:3300/0,v1:172.21.15.77:6789/0] conn(0x7ff41807de20 0x7ff41819d6e0 unknown :-1 s=CLOSED pgs=73 cs=0 l=1 rev1=1 crypto rx=0 tx=0 comp rx=0 tx=0).stop
2024-09-15T23:22:41.994 INFO:teuthology.orchestra.run.smithi077.stdout:/usr/bin/ceph: stderr
2024-09-15T23:22:41.363+0000 7ff41f5ce640 1 -- 172.21.15.77:0/2049062172 >> 172.21.15.77:0/2049062172 conn(0x7ff418102ce0 msgr2=0x7ff418103850 unknown :-1 s=STATE_NONE l=0).mark_down
2024-09-15T23:22:41.994 INFO:teuthology.orchestra.run.smithi077.stdout:/usr/bin/ceph: stderr
2024-09-15T23:22:41.363+0000 7ff41f5ce640 1 -- 172.21.15.77:0/2049062172 shutdown_connections
2024-09-15T23:22:41.995 INFO:teuthology.orchestra.run.smithi077.stdout:/usr/bin/ceph: stderr
2024-09-15T23:22:41.363+0000 7ff41f5ce640 1 -- 172.21.15.77:0/2049062172 wait complete.
2024-09-15T23:22:41.996 INFO:teuthology.orchestra.run.smithi077.stdout:Non-zero exit code 1 from systemctl is-enabled firewalld.service
2024-09-15T23:22:41.996 INFO:teuthology.orchestra.run.smithi077.stdout:systemctl: stdout disabled
2024-09-15T23:22:42.003 INFO:teuthology.orchestra.run.smithi077.stdout:Non-zero exit code 3 from systemctl is-active firewalld.service
2024-09-15T23:22:42.003 INFO:teuthology.orchestra.run.smithi077.stdout:systemctl: stdout inactive
2024-09-15T23:22:42.003 INFO:teuthology.orchestra.run.smithi077.stdout:firewalld.service is not enabled
2024-09-15T23:22:42.003 INFO:teuthology.orchestra.run.smithi077.stdout:Not possible to open ports <[8443]>. firewalld.service is not available
2024-09-15T23:22:42.004 INFO:teuthology.orchestra.run.smithi077.stdout:Ceph Dashboard is now available at:
2024-09-15T23:22:42.005 INFO:teuthology.orchestra.run.smithi077.stdout:
2024-09-15T23:22:42.005 INFO:teuthology.orchestra.run.smithi077.stdout: URL: https://smithi077.front.sepia.ceph.com:8443/
2024-09-15T23:22:42.005 INFO:teuthology.orchestra.run.smithi077.stdout: User: admin
2024-09-15T23:22:42.005 INFO:teuthology.orchestra.run.smithi077.stdout: Password: ihyd8fvqt8
2024-09-15T23:22:42.005 INFO:teuthology.orchestra.run.smithi077.stdout:
2024-09-15T23:22:42.005 INFO:teuthology.orchestra.run.smithi077.stdout:Saving cluster configuration to /var/lib/ceph/1be60238-73b9-11ef-bceb-c7b262605968/config directory
2024-09-15T23:22:42.236 INFO:journalctl@ceph.mon.a.smithi077.stdout:Sep 15 23:22:42 smithi077 ceph-mon[30968]: from='client.? 172.21.15.77:0/2049062172' entity='client.admin' cmd=[{"prefix": "config get", "who": "mgr", "key": "mgr/dashboard/ssl_server_port"}]: dispatch
2024-09-15T23:22:43.222 INFO:journalctl@ceph.mon.a.smithi077.stdout:Sep 15 23:22:43 smithi077 ceph-mon[30968]: mgrmap e13: x(active, since 6s)
2024-09-15T23:22:43.222 INFO:journalctl@ceph.mon.a.smithi077.stdout:Sep 15 23:22:43 smithi077 ceph-mon[30968]: from='client.? 172.21.15.77:0/1015319816' entity='client.admin'
2024-09-15T23:22:43.229 INFO:teuthology.orchestra.run.smithi077.stdout:/usr/bin/ceph: stderr
2024-09-15T23:22:42.403+0000 7fdfe13bd640 1 Processor -- start
2024-09-15T23:22:43.229 INFO:teuthology.orchestra.run.smithi077.stdout:/usr/bin/ceph: stderr
2024-09-15T23:22:42.403+0000 7fdfe13bd640 1 -- start start
2024-09-15T23:22:43.229 INFO:teuthology.orchestra.run.smithi077.stdout:/usr/bin/ceph: stderr
2024-09-15T23:22:42.403+0000 7fdfe13bd640 1 --2- >> [v2:172.21.15.77:3300/0,v1:172.21.15.77:6789/0] conn(0x7fdfdc07de00 0x7fdfdc07c2b0 unknown :-1 s=NONE pgs=0 cs=0 l=0 rev1=0 crypto rx=0 tx=0 comp rx=0 tx=0).connect
2024-09-15T23:22:43.230 INFO:teuthology.orchestra.run.smithi077.stdout:/usr/bin/ceph: stderr
2024-09-15T23:22:42.403+0000 7fdfe13bd640 1 -- --> [v2:172.21.15.77:3300/0,v1:172.21.15.77:6789/0] -- mon_getmap magic: 0 -- 0x7fdfdc07c7f0 con 0x7fdfdc07de00
2024-09-15T23:22:43.230 INFO:teuthology.orchestra.run.smithi077.stdout:/usr/bin/ceph: stderr
2024-09-15T23:22:42.403+0000 7fdfdaffd640 1 --2- >> [v2:172.21.15.77:3300/0,v1:172.21.15.77:6789/0] conn(0x7fdfdc07de00 0x7fdfdc07c2b0 unknown :-1 s=BANNER_CONNECTING pgs=0 cs=0 l=0 rev1=0 crypto rx=0 tx=0 comp rx=0 tx=0)._handle_peer_banner_payload supported=3 required=0
2024-09-15T23:22:43.230 INFO:teuthology.orchestra.run.smithi077.stdout:/usr/bin/ceph: stderr
2024-09-15T23:22:42.403+0000 7fdfdaffd640 1 --2- >> [v2:172.21.15.77:3300/0,v1:172.21.15.77:6789/0] conn(0x7fdfdc07de00 0x7fdfdc07c2b0 unknown :-1 s=HELLO_CONNECTING pgs=0 cs=0 l=0 rev1=1 crypto rx=0 tx=0 comp rx=0 tx=0).handle_hello peer v2:172.21.15.77:3300/0 says I am v2:172.21.15.77:58882/0 (socket says 172.21.15.77:58882)
2024-09-15T23:22:43.230 INFO:teuthology.orchestra.run.smithi077.stdout:/usr/bin/ceph: stderr
2024-09-15T23:22:42.403+0000 7fdfdaffd640 1 -- 172.21.15.77:0/1846891957 learned_addr learned my addr 172.21.15.77:0/1846891957 (peer_addr_for_me v2:172.21.15.77:0/0)
2024-09-15T23:22:43.230 INFO:teuthology.orchestra.run.smithi077.stdout:/usr/bin/ceph: stderr
2024-09-15T23:22:42.403+0000 7fdfdaffd640 1 -- 172.21.15.77:0/1846891957 --> [v2:172.21.15.77:3300/0,v1:172.21.15.77:6789/0] -- mon_subscribe({config=0+,monmap=0+}) -- 0x7fdfdc07c970 con 0x7fdfdc07de00
2024-09-15T23:22:43.230 INFO:teuthology.orchestra.run.smithi077.stdout:/usr/bin/ceph: stderr
2024-09-15T23:22:42.404+0000 7fdfdaffd640 1 --2- 172.21.15.77:0/1846891957 >> [v2:172.21.15.77:3300/0,v1:172.21.15.77:6789/0] conn(0x7fdfdc07de00 0x7fdfdc07c2b0 secure :-1 s=READY pgs=74 cs=0 l=1 rev1=1 crypto rx=0x7fdfcc009820 tx=0x7fdfcc02a270 comp rx=0 tx=0).ready entity=mon.0 client_cookie=c474807de770b6c7 server_cookie=0 in_seq=0 out_seq=0
2024-09-15T23:22:43.230 INFO:teuthology.orchestra.run.smithi077.stdout:/usr/bin/ceph: stderr
2024-09-15T23:22:42.404+0000 7fdfda7fc640 1 -- 172.21.15.77:0/1846891957 <== mon.0 v2:172.21.15.77:3300/0 1 ==== mon_map magic: 0 ==== 205+0+0 (secure 0 0 0) 0x7fdfcc037070 con 0x7fdfdc07de00
2024-09-15T23:22:43.230 INFO:teuthology.orchestra.run.smithi077.stdout:/usr/bin/ceph: stderr
2024-09-15T23:22:42.404+0000 7fdfda7fc640 1 -- 172.21.15.77:0/1846891957 <== mon.0 v2:172.21.15.77:3300/0 2 ==== config(27 keys) ==== 1140+0+0 (secure 0 0 0) 0x7fdfcc032920 con 0x7fdfdc07de00
2024-09-15T23:22:43.230 INFO:teuthology.orchestra.run.smithi077.stdout:/usr/bin/ceph: stderr
2024-09-15T23:22:42.404+0000 7fdfda7fc640 1 -- 172.21.15.77:0/1846891957 <== mon.0 v2:172.21.15.77:3300/0 3 ==== mon_map magic: 0 ==== 205+0+0 (secure 0 0 0) 0x7fdfcc030810 con 0x7fdfdc07de00
2024-09-15T23:22:43.230 INFO:teuthology.orchestra.run.smithi077.stdout:/usr/bin/ceph: stderr
2024-09-15T23:22:42.405+0000 7fdfe13bd640 1 -- 172.21.15.77:0/1846891957 >> [v2:172.21.15.77:3300/0,v1:172.21.15.77:6789/0] conn(0x7fdfdc07de00 msgr2=0x7fdfdc07c2b0 secure :-1 s=STATE_CONNECTION_ESTABLISHED l=1).mark_down
2024-09-15T23:22:43.230 INFO:teuthology.orchestra.run.smithi077.stdout:/usr/bin/ceph: stderr
2024-09-15T23:22:42.405+0000 7fdfe13bd640 1 --2- 172.21.15.77:0/1846891957 >> [v2:172.21.15.77:3300/0,v1:172.21.15.77:6789/0] conn(0x7fdfdc07de00 0x7fdfdc07c2b0 secure :-1 s=READY pgs=74 cs=0 l=1 rev1=1 crypto rx=0x7fdfcc009820 tx=0x7fdfcc02a270 comp rx=0 tx=0).stop
2024-09-15T23:22:43.230 INFO:teuthology.orchestra.run.smithi077.stdout:/usr/bin/ceph: stderr
2024-09-15T23:22:42.405+0000 7fdfe13bd640 1 -- 172.21.15.77:0/1846891957 shutdown_connections
2024-09-15T23:22:43.230 INFO:teuthology.orchestra.run.smithi077.stdout:/usr/bin/ceph: stderr
2024-09-15T23:22:42.405+0000 7fdfe13bd640 1 --2- 172.21.15.77:0/1846891957 >> [v2:172.21.15.77:3300/0,v1:172.21.15.77:6789/0] conn(0x7fdfdc07de00 0x7fdfdc07c2b0 unknown :-1 s=CLOSED pgs=74 cs=0 l=1 rev1=1 crypto rx=0 tx=0 comp rx=0 tx=0).stop
2024-09-15T23:22:43.231 INFO:teuthology.orchestra.run.smithi077.stdout:/usr/bin/ceph: stderr
2024-09-15T23:22:42.405+0000 7fdfe13bd640 1 -- 172.21.15.77:0/1846891957 >> 172.21.15.77:0/1846891957 conn(0x7fdfdc102ce0 msgr2=0x7fdfdc105100 unknown :-1 s=STATE_NONE l=0).mark_down
2024-09-15T23:22:43.231 INFO:teuthology.orchestra.run.smithi077.stdout:/usr/bin/ceph: stderr
2024-09-15T23:22:42.405+0000 7fdfe13bd640 1 -- 172.21.15.77:0/1846891957 shutdown_connections
2024-09-15T23:22:43.231 INFO:teuthology.orchestra.run.smithi077.stdout:/usr/bin/ceph: stderr
2024-09-15T23:22:42.405+0000 7fdfe13bd640 1 -- 172.21.15.77:0/1846891957 wait complete.
2024-09-15T23:22:43.231 INFO:teuthology.orchestra.run.smithi077.stdout:/usr/bin/ceph: stderr
2024-09-15T23:22:42.405+0000 7fdfe13bd640 1 Processor -- start
2024-09-15T23:22:43.231 INFO:teuthology.orchestra.run.smithi077.stdout:/usr/bin/ceph: stderr
2024-09-15T23:22:42.405+0000 7fdfe13bd640 1 -- start start
2024-09-15T23:22:43.231 INFO:teuthology.orchestra.run.smithi077.stdout:/usr/bin/ceph: stderr
2024-09-15T23:22:42.406+0000 7fdfe13bd640 1 --2- >> [v2:172.21.15.77:3300/0,v1:172.21.15.77:6789/0] conn(0x7fdfdc07de00 0x7fdfdc19d6d0 unknown :-1 s=NONE pgs=0 cs=0 l=1 rev1=0 crypto rx=0 tx=0 comp rx=0 tx=0).connect
2024-09-15T23:22:43.231 INFO:teuthology.orchestra.run.smithi077.stdout:/usr/bin/ceph: stderr
2024-09-15T23:22:42.406+0000 7fdfe13bd640 1 -- --> [v2:172.21.15.77:3300/0,v1:172.21.15.77:6789/0] -- mon_getmap magic: 0 -- 0x7fdfdc10db40 con 0x7fdfdc07de00
2024-09-15T23:22:43.231 INFO:teuthology.orchestra.run.smithi077.stdout:/usr/bin/ceph: stderr
2024-09-15T23:22:42.406+0000 7fdfdaffd640 1 --2- >> [v2:172.21.15.77:3300/0,v1:172.21.15.77:6789/0] conn(0x7fdfdc07de00 0x7fdfdc19d6d0 unknown :-1 s=BANNER_CONNECTING pgs=0 cs=0 l=1 rev1=0 crypto rx=0 tx=0 comp rx=0 tx=0)._handle_peer_banner_payload supported=3 required=0
2024-09-15T23:22:43.231 INFO:teuthology.orchestra.run.smithi077.stdout:/usr/bin/ceph: stderr
2024-09-15T23:22:42.406+0000 7fdfdaffd640 1 --2- >> [v2:172.21.15.77:3300/0,v1:172.21.15.77:6789/0] conn(0x7fdfdc07de00 0x7fdfdc19d6d0 unknown :-1 s=HELLO_CONNECTING pgs=0 cs=0 l=1 rev1=1 crypto rx=0 tx=0 comp rx=0 tx=0).handle_hello peer v2:172.21.15.77:3300/0 says I am v2:172.21.15.77:58890/0 (socket says 172.21.15.77:58890)
2024-09-15T23:22:43.231 INFO:teuthology.orchestra.run.smithi077.stdout:/usr/bin/ceph: stderr
2024-09-15T23:22:42.406+0000 7fdfdaffd640 1 -- 172.21.15.77:0/1015319816 learned_addr learned my addr 172.21.15.77:0/1015319816 (peer_addr_for_me v2:172.21.15.77:0/0)
2024-09-15T23:22:43.231 INFO:teuthology.orchestra.run.smithi077.stdout:/usr/bin/ceph: stderr
2024-09-15T23:22:42.406+0000 7fdfdaffd640 1 -- 172.21.15.77:0/1015319816 --> [v2:172.21.15.77:3300/0,v1:172.21.15.77:6789/0] -- mon_subscribe({config=0+,monmap=0+}) -- 0x7fdfdc19dc10 con 0x7fdfdc07de00
2024-09-15T23:22:43.231 INFO:teuthology.orchestra.run.smithi077.stdout:/usr/bin/ceph: stderr
2024-09-15T23:22:42.406+0000 7fdfdaffd640 1 --2- 172.21.15.77:0/1015319816 >> [v2:172.21.15.77:3300/0,v1:172.21.15.77:6789/0] conn(0x7fdfdc07de00 0x7fdfdc19d6d0 secure :-1 s=READY pgs=75 cs=0 l=1 rev1=1 crypto rx=0x7fdfcc0097f0 tx=0x7fdfcc0327b0 comp rx=0 tx=0).ready entity=mon.0 client_cookie=0 server_cookie=0 in_seq=0 out_seq=0
2024-09-15T23:22:43.231 INFO:teuthology.orchestra.run.smithi077.stdout:/usr/bin/ceph: stderr
2024-09-15T23:22:42.406+0000 7fdfd8ff9640 1 -- 172.21.15.77:0/1015319816 <== mon.0 v2:172.21.15.77:3300/0 1 ==== mon_map magic: 0 ==== 205+0+0 (secure 0 0 0) 0x7fdfcc037040 con 0x7fdfdc07de00
2024-09-15T23:22:43.232 INFO:teuthology.orchestra.run.smithi077.stdout:/usr/bin/ceph: stderr
2024-09-15T23:22:42.406+0000 7fdfd8ff9640 1 -- 172.21.15.77:0/1015319816 <== mon.0 v2:172.21.15.77:3300/0 2 ==== config(27 keys) ==== 1140+0+0 (secure 0 0 0) 0x7fdfcc030cc0 con 0x7fdfdc07de00
2024-09-15T23:22:43.232 INFO:teuthology.orchestra.run.smithi077.stdout:/usr/bin/ceph: stderr
2024-09-15T23:22:42.406+0000 7fdfe13bd640 1 -- 172.21.15.77:0/1015319816 --> [v2:172.21.15.77:3300/0,v1:172.21.15.77:6789/0] -- mon_subscribe({mgrmap=0+}) -- 0x7fdfdc19dea0 con 0x7fdfdc07de00
2024-09-15T23:22:43.232 INFO:teuthology.orchestra.run.smithi077.stdout:/usr/bin/ceph: stderr
2024-09-15T23:22:42.406+0000 7fdfd8ff9640 1 -- 172.21.15.77:0/1015319816 <== mon.0 v2:172.21.15.77:3300/0 3 ==== mon_map magic: 0 ==== 205+0+0 (secure 0 0 0) 0x7fdfcc03a6b0 con 0x7fdfdc07de00
2024-09-15T23:22:43.232 INFO:teuthology.orchestra.run.smithi077.stdout:/usr/bin/ceph: stderr
2024-09-15T23:22:42.406+0000 7fdfe13bd640 1 -- 172.21.15.77:0/1015319816 --> [v2:172.21.15.77:3300/0,v1:172.21.15.77:6789/0] -- mon_subscribe({osdmap=0}) -- 0x7fdfdc1a0b90 con 0x7fdfdc07de00
2024-09-15T23:22:43.232 INFO:teuthology.orchestra.run.smithi077.stdout:/usr/bin/ceph: stderr
2024-09-15T23:22:42.407+0000 7fdfd8ff9640 1 -- 172.21.15.77:0/1015319816 <== mon.0 v2:172.21.15.77:3300/0 4 ==== mgrmap(e 13) ==== 46517+0+0 (secure 0 0 0) 0x7fdfcc03a8a0 con 0x7fdfdc07de00
2024-09-15T23:22:43.232 INFO:teuthology.orchestra.run.smithi077.stdout:/usr/bin/ceph: stderr
2024-09-15T23:22:42.407+0000 7fdfd8ff9640 1 --2- 172.21.15.77:0/1015319816 >> [v2:172.21.15.77:6800/2029887224,v1:172.21.15.77:6801/2029887224] conn(0x7fdfc80392a0 0x7fdfc803b760 unknown :-1 s=NONE pgs=0 cs=0 l=1 rev1=0 crypto rx=0 tx=0 comp rx=0 tx=0).connect
2024-09-15T23:22:43.232 INFO:teuthology.orchestra.run.smithi077.stdout:/usr/bin/ceph: stderr
2024-09-15T23:22:42.407+0000 7fdfd8ff9640 1 -- 172.21.15.77:0/1015319816 <== mon.0 v2:172.21.15.77:3300/0 5 ==== osd_map(3..3 src has 1..3) ==== 1155+0+0 (secure 0 0 0) 0x7fdfcc06ca00 con 0x7fdfdc07de00
2024-09-15T23:22:43.232 INFO:teuthology.orchestra.run.smithi077.stdout:/usr/bin/ceph: stderr
2024-09-15T23:22:42.407+0000 7fdfd3fff640 1 --2- 172.21.15.77:0/1015319816 >> [v2:172.21.15.77:6800/2029887224,v1:172.21.15.77:6801/2029887224] conn(0x7fdfc80392a0 0x7fdfc803b760 unknown :-1 s=BANNER_CONNECTING pgs=0 cs=0 l=1 rev1=0 crypto rx=0 tx=0 comp rx=0 tx=0)._handle_peer_banner_payload supported=3 required=0
2024-09-15T23:22:43.232 INFO:teuthology.orchestra.run.smithi077.stdout:/usr/bin/ceph: stderr
2024-09-15T23:22:42.408+0000 7fdfe13bd640 1 -- 172.21.15.77:0/1015319816 --> [v2:172.21.15.77:3300/0,v1:172.21.15.77:6789/0] -- mon_command({"prefix": "get_command_descriptions"} v 0) -- 0x7fdfdc07c330 con 0x7fdfdc07de00
2024-09-15T23:22:43.232 INFO:teuthology.orchestra.run.smithi077.stdout:/usr/bin/ceph: stderr
2024-09-15T23:22:42.408+0000 7fdfd3fff640 1 --2- 172.21.15.77:0/1015319816 >> [v2:172.21.15.77:6800/2029887224,v1:172.21.15.77:6801/2029887224] conn(0x7fdfc80392a0 0x7fdfc803b760 secure :-1 s=READY pgs=10 cs=0 l=1 rev1=1 crypto rx=0x7fdfc40098c0 tx=0x7fdfc4006db0 comp rx=0 tx=0).ready entity=mgr.14150 client_cookie=0 server_cookie=0 in_seq=0 out_seq=0
2024-09-15T23:22:43.232 INFO:teuthology.orchestra.run.smithi077.stdout:/usr/bin/ceph: stderr
2024-09-15T23:22:42.412+0000 7fdfd8ff9640 1 -- 172.21.15.77:0/1015319816 <== mon.0 v2:172.21.15.77:3300/0 6 ==== mon_command_ack([{"prefix": "get_command_descriptions"}]=0 v0) ==== 72+0+188821 (secure 0 0 0) 0x7fdfcc02fd40 con 0x7fdfdc07de00
2024-09-15T23:22:43.232 INFO:teuthology.orchestra.run.smithi077.stdout:/usr/bin/ceph: stderr
2024-09-15T23:22:42.668+0000 7fdfe13bd640 1 -- 172.21.15.77:0/1015319816 --> [v2:172.21.15.77:3300/0,v1:172.21.15.77:6789/0] -- mon_command([{prefix=config-key set, key=mgr/dashboard/cluster/status}] v 0) -- 0x7fdfdc1a0fc0 con 0x7fdfdc07de00
2024-09-15T23:22:43.232 INFO:teuthology.orchestra.run.smithi077.stdout:/usr/bin/ceph: stderr
2024-09-15T23:22:42.670+0000 7fdfd8ff9640 1 -- 172.21.15.77:0/1015319816 <== mon.0 v2:172.21.15.77:3300/0 7 ==== mon_command_ack([{prefix=config-key set, key=mgr/dashboard/cluster/status}]=0 set mgr/dashboard/cluster/status v28)=0 set mgr/dashboard/cluster/status v28) ==== 153+0+0 (secure 0 0 0) 0x7fdfcc0448d0 con 0x7fdfdc07de00
2024-09-15T23:22:43.232 INFO:teuthology.orchestra.run.smithi077.stdout:/usr/bin/ceph: stderr set mgr/dashboard/cluster/status
2024-09-15T23:22:43.233 INFO:teuthology.orchestra.run.smithi077.stdout:/usr/bin/ceph: stderr
2024-09-15T23:22:42.672+0000 7fdfe13bd640 1 -- 172.21.15.77:0/1015319816 >> [v2:172.21.15.77:6800/2029887224,v1:172.21.15.77:6801/2029887224] conn(0x7fdfc80392a0 msgr2=0x7fdfc803b760 secure :-1 s=STATE_CONNECTION_ESTABLISHED l=1).mark_down
2024-09-15T23:22:43.233 INFO:teuthology.orchestra.run.smithi077.stdout:/usr/bin/ceph: stderr
2024-09-15T23:22:42.672+0000 7fdfe13bd640 1 --2- 172.21.15.77:0/1015319816 >> [v2:172.21.15.77:6800/2029887224,v1:172.21.15.77:6801/2029887224] conn(0x7fdfc80392a0 0x7fdfc803b760 secure :-1 s=READY pgs=10 cs=0 l=1 rev1=1 crypto rx=0x7fdfc40098c0 tx=0x7fdfc4006db0 comp rx=0 tx=0).stop
2024-09-15T23:22:43.233 INFO:teuthology.orchestra.run.smithi077.stdout:/usr/bin/ceph: stderr
2024-09-15T23:22:42.672+0000 7fdfe13bd640 1 -- 172.21.15.77:0/1015319816 >> [v2:172.21.15.77:3300/0,v1:172.21.15.77:6789/0] conn(0x7fdfdc07de00 msgr2=0x7fdfdc19d6d0 secure :-1 s=STATE_CONNECTION_ESTABLISHED l=1).mark_down
2024-09-15T23:22:43.233 INFO:teuthology.orchestra.run.smithi077.stdout:/usr/bin/ceph: stderr
2024-09-15T23:22:42.672+0000 7fdfe13bd640 1 --2- 172.21.15.77:0/1015319816 >> [v2:172.21.15.77:3300/0,v1:172.21.15.77:6789/0] conn(0x7fdfdc07de00 0x7fdfdc19d6d0 secure :-1 s=READY pgs=75 cs=0 l=1 rev1=1 crypto rx=0x7fdfcc0097f0 tx=0x7fdfcc0327b0 comp rx=0 tx=0).stop
2024-09-15T23:22:43.233 INFO:teuthology.orchestra.run.smithi077.stdout:/usr/bin/ceph: stderr
2024-09-15T23:22:42.672+0000 7fdfe13bd640 1 -- 172.21.15.77:0/1015319816 shutdown_connections
2024-09-15T23:22:43.233 INFO:teuthology.orchestra.run.smithi077.stdout:/usr/bin/ceph: stderr
2024-09-15T23:22:42.672+0000 7fdfe13bd640 1 --2- 172.21.15.77:0/1015319816 >> [v2:172.21.15.77:6800/2029887224,v1:172.21.15.77:6801/2029887224] conn(0x7fdfc80392a0 0x7fdfc803b760 unknown :-1 s=CLOSED pgs=10 cs=0 l=1 rev1=1 crypto rx=0 tx=0 comp rx=0 tx=0).stop
2024-09-15T23:22:43.233 INFO:teuthology.orchestra.run.smithi077.stdout:/usr/bin/ceph: stderr
2024-09-15T23:22:42.672+0000 7fdfe13bd640 1 --2- 172.21.15.77:0/1015319816 >> [v2:172.21.15.77:3300/0,v1:172.21.15.77:6789/0] conn(0x7fdfdc07de00 0x7fdfdc19d6d0 unknown :-1 s=CLOSED pgs=75 cs=0 l=1 rev1=1 crypto rx=0 tx=0 comp rx=0 tx=0).stop
2024-09-15T23:22:43.233 INFO:teuthology.orchestra.run.smithi077.stdout:/usr/bin/ceph: stderr
2024-09-15T23:22:42.672+0000 7fdfe13bd640 1 -- 172.21.15.77:0/1015319816 >> 172.21.15.77:0/1015319816 conn(0x7fdfdc102ce0 msgr2=0x7fdfdc103870 unknown :-1 s=STATE_NONE l=0).mark_down
2024-09-15T23:22:43.233 INFO:teuthology.orchestra.run.smithi077.stdout:/usr/bin/ceph: stderr
2024-09-15T23:22:42.672+0000 7fdfe13bd640 1 -- 172.21.15.77:0/1015319816 shutdown_connections
2024-09-15T23:22:43.233 INFO:teuthology.orchestra.run.smithi077.stdout:/usr/bin/ceph: stderr
2024-09-15T23:22:42.672+0000 7fdfe13bd640 1 -- 172.21.15.77:0/1015319816 wait complete.
2024-09-15T23:22:43.233 INFO:teuthology.orchestra.run.smithi077.stdout:You can access the Ceph CLI as following in case of multi-cluster or non-default config:
2024-09-15T23:22:43.233 INFO:teuthology.orchestra.run.smithi077.stdout:
2024-09-15T23:22:43.233 INFO:teuthology.orchestra.run.smithi077.stdout: sudo /home/ubuntu/cephtest/cephadm shell --fsid 1be60238-73b9-11ef-bceb-c7b262605968 -c /etc/ceph/ceph.conf -k /etc/ceph/ceph.client.admin.keyring
2024-09-15T23:22:43.233 INFO:teuthology.orchestra.run.smithi077.stdout:
2024-09-15T23:22:43.234 INFO:teuthology.orchestra.run.smithi077.stdout:Or, if you are only running a single cluster on this host:
2024-09-15T23:22:43.234 INFO:teuthology.orchestra.run.smithi077.stdout:
2024-09-15T23:22:43.234 INFO:teuthology.orchestra.run.smithi077.stdout: sudo /home/ubuntu/cephtest/cephadm shell
2024-09-15T23:22:43.234 INFO:teuthology.orchestra.run.smithi077.stdout:
2024-09-15T23:22:43.234 INFO:teuthology.orchestra.run.smithi077.stdout:Please consider enabling telemetry to help improve Ceph:
2024-09-15T23:22:43.234 INFO:teuthology.orchestra.run.smithi077.stdout:
2024-09-15T23:22:43.234 INFO:teuthology.orchestra.run.smithi077.stdout: ceph telemetry on
2024-09-15T23:22:43.234 INFO:teuthology.orchestra.run.smithi077.stdout:
