2024-09-15T23:25:20.796+0000 7fc1fc400640 1 --2- 172.21.15.63:0/3595476215 >> [v2:172.21.15.63:6800/2884614,v1:172.21.15.63:6801/2884614] conn(0x7fc1dc039140 0x7fc1dc03b600 secure :-1 s=READY pgs=7 cs=0 l=1 rev1=1 crypto rx=0x7fc1e00098c0 tx=0x7fc1e0006db0 comp rx=0 tx=0).stop
2024-09-15T23:25:21.412 INFO:teuthology.orchestra.run.smithi063.stdout:/usr/bin/ceph: stderr
2024-09-15T23:25:20.796+0000 7fc1fc400640 1 -- 172.21.15.63:0/3595476215 >> [v2:172.21.15.63:3300/0,v1:172.21.15.63:6789/0] conn(0x7fc1f407ddc0 msgr2=0x7fc1f41a23f0 secure :-1 s=STATE_CONNECTION_ESTABLISHED l=1).mark_down
2024-09-15T23:25:21.412 INFO:teuthology.orchestra.run.smithi063.stdout:/usr/bin/ceph: stderr
2024-09-15T23:25:20.796+0000 7fc1fc400640 1 --2- 172.21.15.63:0/3595476215 >> [v2:172.21.15.63:3300/0,v1:172.21.15.63:6789/0] conn(0x7fc1f407ddc0 0x7fc1f41a23f0 secure :-1 s=READY pgs=71 cs=0 l=1 rev1=1 crypto rx=0x7fc1e8032e80 tx=0x7fc1e8032eb0 comp rx=0 tx=0).stop
2024-09-15T23:25:21.412 INFO:teuthology.orchestra.run.smithi063.stdout:/usr/bin/ceph: stderr
2024-09-15T23:25:20.796+0000 7fc1fc400640 1 -- 172.21.15.63:0/3595476215 shutdown_connections
2024-09-15T23:25:21.412 INFO:teuthology.orchestra.run.smithi063.stdout:/usr/bin/ceph: stderr
2024-09-15T23:25:20.796+0000 7fc1fc400640 1 --2- 172.21.15.63:0/3595476215 >> [v2:172.21.15.63:6800/2884614,v1:172.21.15.63:6801/2884614] conn(0x7fc1dc039140 0x7fc1dc03b600 unknown :-1 s=CLOSED pgs=7 cs=0 l=1 rev1=1 crypto rx=0 tx=0 comp rx=0 tx=0).stop
2024-09-15T23:25:21.412 INFO:teuthology.orchestra.run.smithi063.stdout:/usr/bin/ceph: stderr
2024-09-15T23:25:20.796+0000 7fc1fc400640 1 --2- 172.21.15.63:0/3595476215 >> [v2:172.21.15.63:3300/0,v1:172.21.15.63:6789/0] conn(0x7fc1f407ddc0 0x7fc1f41a23f0 unknown :-1 s=CLOSED pgs=71 cs=0 l=1 rev1=1 crypto rx=0 tx=0 comp rx=0 tx=0).stop
2024-09-15T23:25:21.412 INFO:teuthology.orchestra.run.smithi063.stdout:/usr/bin/ceph: stderr
2024-09-15T23:25:20.796+0000 7fc1fc400640 1 -- 172.21.15.63:0/3595476215 >> 172.21.15.63:0/3595476215 conn(0x7fc1f41033f0 msgr2=0x7fc1f4198f10 unknown :-1 s=STATE_NONE l=0).mark_down
2024-09-15T23:25:21.412 INFO:teuthology.orchestra.run.smithi063.stdout:/usr/bin/ceph: stderr
2024-09-15T23:25:20.796+0000 7fc1fc400640 1 -- 172.21.15.63:0/3595476215 shutdown_connections
2024-09-15T23:25:21.412 INFO:teuthology.orchestra.run.smithi063.stdout:/usr/bin/ceph: stderr
2024-09-15T23:25:20.796+0000 7fc1fc400640 1 -- 172.21.15.63:0/3595476215 wait complete.
2024-09-15T23:25:21.412 INFO:teuthology.orchestra.run.smithi063.stdout:Creating initial admin user...
2024-09-15T23:25:22.047 INFO:journalctl@ceph.mon.a.smithi063.stdout:Sep 15 23:25:21 smithi063 ceph-mon[30465]: [15/Sep/2024:23:25:19] ENGINE Bus STARTING
2024-09-15T23:25:22.047 INFO:journalctl@ceph.mon.a.smithi063.stdout:Sep 15 23:25:21 smithi063 ceph-mon[30465]: [15/Sep/2024:23:25:19] ENGINE Serving on http://172.21.15.63:8765
2024-09-15T23:25:22.047 INFO:journalctl@ceph.mon.a.smithi063.stdout:Sep 15 23:25:21 smithi063 ceph-mon[30465]: [15/Sep/2024:23:25:19] ENGINE Serving on https://172.21.15.63:7150
2024-09-15T23:25:22.047 INFO:journalctl@ceph.mon.a.smithi063.stdout:Sep 15 23:25:21 smithi063 ceph-mon[30465]: [15/Sep/2024:23:25:19] ENGINE Bus STARTED
2024-09-15T23:25:22.047 INFO:journalctl@ceph.mon.a.smithi063.stdout:Sep 15 23:25:21 smithi063 ceph-mon[30465]: [15/Sep/2024:23:25:19] ENGINE Error in HTTPServer.serve
2024-09-15T23:25:22.047 INFO:journalctl@ceph.mon.a.smithi063.stdout: Traceback (most recent call last):
2024-09-15T23:25:22.047 INFO:journalctl@ceph.mon.a.smithi063.stdout: File "/lib/python3.9/site-packages/cheroot/server.py", line 1823, in serve
2024-09-15T23:25:22.047 INFO:journalctl@ceph.mon.a.smithi063.stdout: self._connections.run(self.expiration_interval)
2024-09-15T23:25:22.047 INFO:journalctl@ceph.mon.a.smithi063.stdout: File "/lib/python3.9/site-packages/cheroot/connections.py", line 203, in run
2024-09-15T23:25:22.048 INFO:journalctl@ceph.mon.a.smithi063.stdout: self._run(expiration_interval)
2024-09-15T23:25:22.048 INFO:journalctl@ceph.mon.a.smithi063.stdout: File "/lib/python3.9/site-packages/cheroot/connections.py", line 246, in _run
2024-09-15T23:25:22.048 INFO:journalctl@ceph.mon.a.smithi063.stdout: new_conn = self._from_server_socket(self.server.socket)
2024-09-15T23:25:22.048 INFO:journalctl@ceph.mon.a.smithi063.stdout: File "/lib/python3.9/site-packages/cheroot/connections.py", line 300, in _from_server_socket
2024-09-15T23:25:22.048 INFO:journalctl@ceph.mon.a.smithi063.stdout: s, ssl_env = self.server.ssl_adapter.wrap(s)
2024-09-15T23:25:22.048 INFO:journalctl@ceph.mon.a.smithi063.stdout: File "/lib/python3.9/site-packages/cheroot/ssl/builtin.py", line 277, in wrap
2024-09-15T23:25:22.048 INFO:journalctl@ceph.mon.a.smithi063.stdout: s = self.context.wrap_socket(
2024-09-15T23:25:22.048 INFO:journalctl@ceph.mon.a.smithi063.stdout: File "/lib64/python3.9/ssl.py", line 501, in wrap_socket
2024-09-15T23:25:22.048 INFO:journalctl@ceph.mon.a.smithi063.stdout: return self.sslsocket_class._create(
2024-09-15T23:25:22.048 INFO:journalctl@ceph.mon.a.smithi063.stdout: File "/lib64/python3.9/ssl.py", line 1074, in _create
2024-09-15T23:25:22.048 INFO:journalctl@ceph.mon.a.smithi063.stdout: self.do_handshake()
2024-09-15T23:25:22.049 INFO:journalctl@ceph.mon.a.smithi063.stdout: File "/lib64/python3.9/ssl.py", line 1343, in do_handshake
2024-09-15T23:25:22.049 INFO:journalctl@ceph.mon.a.smithi063.stdout: self._sslobj.do_handshake()
2024-09-15T23:25:22.049 INFO:journalctl@ceph.mon.a.smithi063.stdout: ssl.SSLZeroReturnError: TLS/SSL connection has been closed (EOF) (_ssl.c:1133)
2024-09-15T23:25:22.049 INFO:journalctl@ceph.mon.a.smithi063.stdout:Sep 15 23:25:21 smithi063 ceph-mon[30465]: from='client.14164 -' entity='client.admin' cmd=[{"prefix": "dashboard create-self-signed-cert", "target": ["mon-mgr", ""]}]: dispatch
2024-09-15T23:25:22.049 INFO:journalctl@ceph.mon.a.smithi063.stdout:Sep 15 23:25:21 smithi063 ceph-mon[30465]: mgrmap e12: x(active, since 2s)
2024-09-15T23:25:22.049 INFO:journalctl@ceph.mon.a.smithi063.stdout:Sep 15 23:25:21 smithi063 ceph-mon[30465]: from='mgr.14152 172.21.15.63:0/2153194320' entity='mgr.x'
2024-09-15T23:25:22.049 INFO:journalctl@ceph.mon.a.smithi063.stdout:Sep 15 23:25:21 smithi063 ceph-mon[30465]: from='mgr.14152 172.21.15.63:0/2153194320' entity='mgr.x'
2024-09-15T23:25:22.049 INFO:journalctl@ceph.mon.a.smithi063.stdout:Sep 15 23:25:21 smithi063 ceph-mon[30465]: from='mgr.14152 172.21.15.63:0/2153194320' entity='mgr.x'
2024-09-15T23:25:23.176 INFO:teuthology.orchestra.run.smithi063.stdout:/usr/bin/ceph: stdout {"username": "admin", "password": "$2b$12$eJXSxKSw72wt2ymKl9u2f.h1mWeBbLOLkU7a5UXrvijUUVBeR.IJ6", "roles": ["administrator"], "name": null, "email": null, "lastUpdate": 1726442722, "enabled": true, "pwdExpirationDate": null, "pwdUpdateRequired": true}
2024-09-15T23:25:23.176 INFO:teuthology.orchestra.run.smithi063.stdout:/usr/bin/ceph: stderr
2024-09-15T23:25:21.861+0000 7f6ba2000640 1 Processor -- start
2024-09-15T23:25:23.176 INFO:teuthology.orchestra.run.smithi063.stdout:/usr/bin/ceph: stderr
2024-09-15T23:25:21.862+0000 7f6ba2000640 1 -- start start
2024-09-15T23:25:23.176 INFO:teuthology.orchestra.run.smithi063.stdout:/usr/bin/ceph: stderr
2024-09-15T23:25:21.862+0000 7f6ba2000640 1 --2- >> [v2:172.21.15.63:3300/0,v1:172.21.15.63:6789/0] conn(0x7f6b9c07cdc0 0x7f6b9c07b220 unknown :-1 s=NONE pgs=0 cs=0 l=0 rev1=0 crypto rx=0 tx=0 comp rx=0 tx=0).connect
2024-09-15T23:25:23.176 INFO:teuthology.orchestra.run.smithi063.stdout:/usr/bin/ceph: stderr
2024-09-15T23:25:21.862+0000 7f6ba2000640 1 -- --> [v2:172.21.15.63:3300/0,v1:172.21.15.63:6789/0] -- mon_getmap magic: 0 -- 0x7f6b9c07b7f0 con 0x7f6b9c07cdc0
2024-09-15T23:25:23.176 INFO:teuthology.orchestra.run.smithi063.stdout:/usr/bin/ceph: stderr
2024-09-15T23:25:21.862+0000 7f6ba0c00640 1 --2- >> [v2:172.21.15.63:3300/0,v1:172.21.15.63:6789/0] conn(0x7f6b9c07cdc0 0x7f6b9c07b220 unknown :-1 s=BANNER_CONNECTING pgs=0 cs=0 l=0 rev1=0 crypto rx=0 tx=0 comp rx=0 tx=0)._handle_peer_banner_payload supported=3 required=0
2024-09-15T23:25:23.177 INFO:teuthology.orchestra.run.smithi063.stdout:/usr/bin/ceph: stderr
2024-09-15T23:25:21.862+0000 7f6ba0c00640 1 --2- >> [v2:172.21.15.63:3300/0,v1:172.21.15.63:6789/0] conn(0x7f6b9c07cdc0 0x7f6b9c07b220 unknown :-1 s=HELLO_CONNECTING pgs=0 cs=0 l=0 rev1=1 crypto rx=0 tx=0 comp rx=0 tx=0).handle_hello peer v2:172.21.15.63:3300/0 says I am v2:172.21.15.63:48814/0 (socket says 172.21.15.63:48814)
2024-09-15T23:25:23.177 INFO:teuthology.orchestra.run.smithi063.stdout:/usr/bin/ceph: stderr
2024-09-15T23:25:21.862+0000 7f6ba0c00640 1 -- 172.21.15.63:0/2194784732 learned_addr learned my addr 172.21.15.63:0/2194784732 (peer_addr_for_me v2:172.21.15.63:0/0)
2024-09-15T23:25:23.177 INFO:teuthology.orchestra.run.smithi063.stdout:/usr/bin/ceph: stderr
2024-09-15T23:25:21.863+0000 7f6ba0c00640 1 -- 172.21.15.63:0/2194784732 --> [v2:172.21.15.63:3300/0,v1:172.21.15.63:6789/0] -- mon_subscribe({config=0+,monmap=0+}) -- 0x7f6b9c07b970 con 0x7f6b9c07cdc0
2024-09-15T23:25:23.177 INFO:teuthology.orchestra.run.smithi063.stdout:/usr/bin/ceph: stderr
2024-09-15T23:25:21.864+0000 7f6ba0c00640 1 --2- 172.21.15.63:0/2194784732 >> [v2:172.21.15.63:3300/0,v1:172.21.15.63:6789/0] conn(0x7f6b9c07cdc0 0x7f6b9c07b220 secure :-1 s=READY pgs=72 cs=0 l=1 rev1=1 crypto rx=0x7f6b90009820 tx=0x7f6b9002a270 comp rx=0 tx=0).ready entity=mon.0 client_cookie=ef745158bd4394d6 server_cookie=0 in_seq=0 out_seq=0
2024-09-15T23:25:23.177 INFO:teuthology.orchestra.run.smithi063.stdout:/usr/bin/ceph: stderr
2024-09-15T23:25:21.864+0000 7f6b9b400640 1 -- 172.21.15.63:0/2194784732 <== mon.0 v2:172.21.15.63:3300/0 1 ==== mon_map magic: 0 ==== 205+0+0 (secure 0 0 0) 0x7f6b90037070 con 0x7f6b9c07cdc0
2024-09-15T23:25:23.177 INFO:teuthology.orchestra.run.smithi063.stdout:/usr/bin/ceph: stderr
2024-09-15T23:25:21.864+0000 7f6b9b400640 1 -- 172.21.15.63:0/2194784732 <== mon.0 v2:172.21.15.63:3300/0 2 ==== config(29 keys) ==== 1209+0+0 (secure 0 0 0) 0x7f6b90032960 con 0x7f6b9c07cdc0
2024-09-15T23:25:23.177 INFO:teuthology.orchestra.run.smithi063.stdout:/usr/bin/ceph: stderr
2024-09-15T23:25:21.864+0000 7f6b9b400640 1 -- 172.21.15.63:0/2194784732 <== mon.0 v2:172.21.15.63:3300/0 3 ==== mon_map magic: 0 ==== 205+0+0 (secure 0 0 0) 0x7f6b90030980 con 0x7f6b9c07cdc0
2024-09-15T23:25:23.177 INFO:teuthology.orchestra.run.smithi063.stdout:/usr/bin/ceph: stderr
2024-09-15T23:25:21.865+0000 7f6ba2000640 1 -- 172.21.15.63:0/2194784732 >> [v2:172.21.15.63:3300/0,v1:172.21.15.63:6789/0] conn(0x7f6b9c07cdc0 msgr2=0x7f6b9c07b220 secure :-1 s=STATE_CONNECTION_ESTABLISHED l=1).mark_down
2024-09-15T23:25:23.177 INFO:teuthology.orchestra.run.smithi063.stdout:/usr/bin/ceph: stderr
2024-09-15T23:25:21.865+0000 7f6ba2000640 1 --2- 172.21.15.63:0/2194784732 >> [v2:172.21.15.63:3300/0,v1:172.21.15.63:6789/0] conn(0x7f6b9c07cdc0 0x7f6b9c07b220 secure :-1 s=READY pgs=72 cs=0 l=1 rev1=1 crypto rx=0x7f6b90009820 tx=0x7f6b9002a270 comp rx=0 tx=0).stop
2024-09-15T23:25:23.177 INFO:teuthology.orchestra.run.smithi063.stdout:/usr/bin/ceph: stderr
2024-09-15T23:25:21.865+0000 7f6ba2000640 1 -- 172.21.15.63:0/2194784732 shutdown_connections
2024-09-15T23:25:23.177 INFO:teuthology.orchestra.run.smithi063.stdout:/usr/bin/ceph: stderr
2024-09-15T23:25:21.865+0000 7f6ba2000640 1 --2- 172.21.15.63:0/2194784732 >> [v2:172.21.15.63:3300/0,v1:172.21.15.63:6789/0] conn(0x7f6b9c07cdc0 0x7f6b9c07b220 unknown :-1 s=CLOSED pgs=72 cs=0 l=1 rev1=1 crypto rx=0 tx=0 comp rx=0 tx=0).stop
2024-09-15T23:25:23.177 INFO:teuthology.orchestra.run.smithi063.stdout:/usr/bin/ceph: stderr
2024-09-15T23:25:21.865+0000 7f6ba2000640 1 -- 172.21.15.63:0/2194784732 >> 172.21.15.63:0/2194784732 conn(0x7f6b9c103130 msgr2=0x7f6b9c105570 unknown :-1 s=STATE_NONE l=0).mark_down
2024-09-15T23:25:23.178 INFO:teuthology.orchestra.run.smithi063.stdout:/usr/bin/ceph: stderr
2024-09-15T23:25:21.865+0000 7f6ba2000640 1 -- 172.21.15.63:0/2194784732 shutdown_connections
2024-09-15T23:25:23.178 INFO:teuthology.orchestra.run.smithi063.stdout:/usr/bin/ceph: stderr
2024-09-15T23:25:21.865+0000 7f6ba2000640 1 -- 172.21.15.63:0/2194784732 wait complete.
2024-09-15T23:25:23.178 INFO:teuthology.orchestra.run.smithi063.stdout:/usr/bin/ceph: stderr
2024-09-15T23:25:21.866+0000 7f6ba2000640 1 Processor -- start
2024-09-15T23:25:23.178 INFO:teuthology.orchestra.run.smithi063.stdout:/usr/bin/ceph: stderr
2024-09-15T23:25:21.867+0000 7f6ba2000640 1 -- start start
2024-09-15T23:25:23.178 INFO:teuthology.orchestra.run.smithi063.stdout:/usr/bin/ceph: stderr
2024-09-15T23:25:21.867+0000 7f6ba2000640 1 --2- >> [v2:172.21.15.63:3300/0,v1:172.21.15.63:6789/0] conn(0x7f6b9c07cdc0 0x7f6b9c1a22d0 unknown :-1 s=NONE pgs=0 cs=0 l=1 rev1=0 crypto rx=0 tx=0 comp rx=0 tx=0).connect
2024-09-15T23:25:23.178 INFO:teuthology.orchestra.run.smithi063.stdout:/usr/bin/ceph: stderr
2024-09-15T23:25:21.867+0000 7f6ba2000640 1 -- --> [v2:172.21.15.63:3300/0,v1:172.21.15.63:6789/0] -- mon_getmap magic: 0 -- 0x7f6b9c109c70 con 0x7f6b9c07cdc0
2024-09-15T23:25:23.178 INFO:teuthology.orchestra.run.smithi063.stdout:/usr/bin/ceph: stderr
2024-09-15T23:25:21.867+0000 7f6ba0c00640 1 --2- >> [v2:172.21.15.63:3300/0,v1:172.21.15.63:6789/0] conn(0x7f6b9c07cdc0 0x7f6b9c1a22d0 unknown :-1 s=BANNER_CONNECTING pgs=0 cs=0 l=1 rev1=0 crypto rx=0 tx=0 comp rx=0 tx=0)._handle_peer_banner_payload supported=3 required=0
2024-09-15T23:25:23.178 INFO:teuthology.orchestra.run.smithi063.stdout:/usr/bin/ceph: stderr
2024-09-15T23:25:21.867+0000 7f6ba0c00640 1 --2- >> [v2:172.21.15.63:3300/0,v1:172.21.15.63:6789/0] conn(0x7f6b9c07cdc0 0x7f6b9c1a22d0 unknown :-1 s=HELLO_CONNECTING pgs=0 cs=0 l=1 rev1=1 crypto rx=0 tx=0 comp rx=0 tx=0).handle_hello peer v2:172.21.15.63:3300/0 says I am v2:172.21.15.63:48820/0 (socket says 172.21.15.63:48820)
2024-09-15T23:25:23.178 INFO:teuthology.orchestra.run.smithi063.stdout:/usr/bin/ceph: stderr
2024-09-15T23:25:21.867+0000 7f6ba0c00640 1 -- 172.21.15.63:0/2545723270 learned_addr learned my addr 172.21.15.63:0/2545723270 (peer_addr_for_me v2:172.21.15.63:0/0)
2024-09-15T23:25:23.178 INFO:teuthology.orchestra.run.smithi063.stdout:/usr/bin/ceph: stderr
2024-09-15T23:25:21.868+0000 7f6ba0c00640 1 -- 172.21.15.63:0/2545723270 --> [v2:172.21.15.63:3300/0,v1:172.21.15.63:6789/0] -- mon_subscribe({config=0+,monmap=0+}) -- 0x7f6b9c1a2810 con 0x7f6b9c07cdc0
2024-09-15T23:25:23.178 INFO:teuthology.orchestra.run.smithi063.stdout:/usr/bin/ceph: stderr
2024-09-15T23:25:21.868+0000 7f6ba0c00640 1 --2- 172.21.15.63:0/2545723270 >> [v2:172.21.15.63:3300/0,v1:172.21.15.63:6789/0] conn(0x7f6b9c07cdc0 0x7f6b9c1a22d0 secure :-1 s=READY pgs=73 cs=0 l=1 rev1=1 crypto rx=0x7f6b900097f0 tx=0x7f6b90032db0 comp rx=0 tx=0).ready entity=mon.0 client_cookie=0 server_cookie=0 in_seq=0 out_seq=0
2024-09-15T23:25:23.179 INFO:teuthology.orchestra.run.smithi063.stdout:/usr/bin/ceph: stderr
2024-09-15T23:25:21.868+0000 7f6b99600640 1 -- 172.21.15.63:0/2545723270 <== mon.0 v2:172.21.15.63:3300/0 1 ==== mon_map magic: 0 ==== 205+0+0 (secure 0 0 0) 0x7f6b90042070 con 0x7f6b9c07cdc0
2024-09-15T23:25:23.179 INFO:teuthology.orchestra.run.smithi063.stdout:/usr/bin/ceph: stderr
2024-09-15T23:25:21.868+0000 7f6b99600640 1 -- 172.21.15.63:0/2545723270 <== mon.0 v2:172.21.15.63:3300/0 2 ==== config(29 keys) ==== 1209+0+0 (secure 0 0 0) 0x7f6b90032630 con 0x7f6b9c07cdc0
2024-09-15T23:25:23.179 INFO:teuthology.orchestra.run.smithi063.stdout:/usr/bin/ceph: stderr
2024-09-15T23:25:21.868+0000 7f6ba2000640 1 -- 172.21.15.63:0/2545723270 --> [v2:172.21.15.63:3300/0,v1:172.21.15.63:6789/0] -- mon_subscribe({mgrmap=0+}) -- 0x7f6b9c1a2aa0 con 0x7f6b9c07cdc0
2024-09-15T23:25:23.179 INFO:teuthology.orchestra.run.smithi063.stdout:/usr/bin/ceph: stderr
2024-09-15T23:25:21.868+0000 7f6b99600640 1 -- 172.21.15.63:0/2545723270 <== mon.0 v2:172.21.15.63:3300/0 3 ==== mon_map magic: 0 ==== 205+0+0 (secure 0 0 0) 0x7f6b90037040 con 0x7f6b9c07cdc0
2024-09-15T23:25:23.179 INFO:teuthology.orchestra.run.smithi063.stdout:/usr/bin/ceph: stderr
2024-09-15T23:25:21.868+0000 7f6ba2000640 1 -- 172.21.15.63:0/2545723270 --> [v2:172.21.15.63:3300/0,v1:172.21.15.63:6789/0] -- mon_subscribe({osdmap=0}) -- 0x7f6b9c1a5790 con 0x7f6b9c07cdc0
2024-09-15T23:25:23.179 INFO:teuthology.orchestra.run.smithi063.stdout:/usr/bin/ceph: stderr
2024-09-15T23:25:21.869+0000 7f6b99600640 1 -- 172.21.15.63:0/2545723270 <== mon.0 v2:172.21.15.63:3300/0 4 ==== mgrmap(e 12) ==== 46474+0+0 (secure 0 0 0) 0x7f6b90045070 con 0x7f6b9c07cdc0
2024-09-15T23:25:23.179 INFO:teuthology.orchestra.run.smithi063.stdout:/usr/bin/ceph: stderr
2024-09-15T23:25:21.870+0000 7f6ba2000640 1 -- 172.21.15.63:0/2545723270 --> [v2:172.21.15.63:3300/0,v1:172.21.15.63:6789/0] -- mon_command({"prefix": "get_command_descriptions"} v 0) -- 0x7f6b9c07b220 con 0x7f6b9c07cdc0
2024-09-15T23:25:23.179 INFO:teuthology.orchestra.run.smithi063.stdout:/usr/bin/ceph: stderr
2024-09-15T23:25:21.870+0000 7f6b99600640 1 --2- 172.21.15.63:0/2545723270 >> [v2:172.21.15.63:6800/2884614,v1:172.21.15.63:6801/2884614] conn(0x7f6b840392b0 0x7f6b8403b770 unknown :-1 s=NONE pgs=0 cs=0 l=1 rev1=0 crypto rx=0 tx=0 comp rx=0 tx=0).connect
2024-09-15T23:25:23.179 INFO:teuthology.orchestra.run.smithi063.stdout:/usr/bin/ceph: stderr
2024-09-15T23:25:21.870+0000 7f6b99600640 1 -- 172.21.15.63:0/2545723270 <== mon.0 v2:172.21.15.63:3300/0 5 ==== osd_map(3..3 src has 1..3) ==== 1155+0+0 (secure 0 0 0) 0x7f6b9006c420 con 0x7f6b9c07cdc0
2024-09-15T23:25:23.179 INFO:teuthology.orchestra.run.smithi063.stdout:/usr/bin/ceph: stderr
2024-09-15T23:25:21.870+0000 7f6b9be00640 1 --2- 172.21.15.63:0/2545723270 >> [v2:172.21.15.63:6800/2884614,v1:172.21.15.63:6801/2884614] conn(0x7f6b840392b0 0x7f6b8403b770 unknown :-1 s=BANNER_CONNECTING pgs=0 cs=0 l=1 rev1=0 crypto rx=0 tx=0 comp rx=0 tx=0)._handle_peer_banner_payload supported=3 required=0
2024-09-15T23:25:23.179 INFO:teuthology.orchestra.run.smithi063.stdout:/usr/bin/ceph: stderr
2024-09-15T23:25:21.871+0000 7f6b9be00640 1 --2- 172.21.15.63:0/2545723270 >> [v2:172.21.15.63:6800/2884614,v1:172.21.15.63:6801/2884614] conn(0x7f6b840392b0 0x7f6b8403b770 secure :-1 s=READY pgs=8 cs=0 l=1 rev1=1 crypto rx=0x7f6b880098c0 tx=0x7f6b88006db0 comp rx=0 tx=0).ready entity=mgr.14152 client_cookie=0 server_cookie=0 in_seq=0 out_seq=0
2024-09-15T23:25:23.179 INFO:teuthology.orchestra.run.smithi063.stdout:/usr/bin/ceph: stderr
2024-09-15T23:25:21.875+0000 7f6b99600640 1 -- 172.21.15.63:0/2545723270 <== mon.0 v2:172.21.15.63:3300/0 6 ==== mon_command_ack([{"prefix": "get_command_descriptions"}]=0 v0) ==== 72+0+188821 (secure 0 0 0) 0x7f6b90045360 con 0x7f6b9c07cdc0
2024-09-15T23:25:23.179 INFO:teuthology.orchestra.run.smithi063.stdout:/usr/bin/ceph: stderr
2024-09-15T23:25:22.082+0000 7f6ba2000640 1 -- 172.21.15.63:0/2545723270 --> [v2:172.21.15.63:6800/2884614,v1:172.21.15.63:6801/2884614] -- mgr_command(tid 0: {"prefix": "dashboard ac-user-create", "username": "admin", "rolename": "administrator", "force_password": true, "pwd_update_required": true, "target": ["mon-mgr", ""]}) -- 0x7f6b9c1a2f80 con 0x7f6b840392b0
2024-09-15T23:25:23.180 INFO:teuthology.orchestra.run.smithi063.stdout:/usr/bin/ceph: stderr
2024-09-15T23:25:22.332+0000 7f6b99600640 1 -- 172.21.15.63:0/2545723270 <== mgr.14152 v2:172.21.15.63:6800/2884614 1 ==== mgr_command_reply(tid 0: 0 ) ==== 8+0+252 (secure 0 0 0) 0x7f6b9c1a2f80 con 0x7f6b840392b0
2024-09-15T23:25:23.180 INFO:teuthology.orchestra.run.smithi063.stdout:/usr/bin/ceph: stderr
2024-09-15T23:25:22.335+0000 7f6ba2000640 1 -- 172.21.15.63:0/2545723270 >> [v2:172.21.15.63:6800/2884614,v1:172.21.15.63:6801/2884614] conn(0x7f6b840392b0 msgr2=0x7f6b8403b770 secure :-1 s=STATE_CONNECTION_ESTABLISHED l=1).mark_down
2024-09-15T23:25:23.180 INFO:teuthology.orchestra.run.smithi063.stdout:/usr/bin/ceph: stderr
2024-09-15T23:25:22.335+0000 7f6ba2000640 1 --2- 172.21.15.63:0/2545723270 >> [v2:172.21.15.63:6800/2884614,v1:172.21.15.63:6801/2884614] conn(0x7f6b840392b0 0x7f6b8403b770 secure :-1 s=READY pgs=8 cs=0 l=1 rev1=1 crypto rx=0x7f6b880098c0 tx=0x7f6b88006db0 comp rx=0 tx=0).stop
2024-09-15T23:25:23.180 INFO:teuthology.orchestra.run.smithi063.stdout:/usr/bin/ceph: stderr
2024-09-15T23:25:22.335+0000 7f6ba2000640 1 -- 172.21.15.63:0/2545723270 >> [v2:172.21.15.63:3300/0,v1:172.21.15.63:6789/0] conn(0x7f6b9c07cdc0 msgr2=0x7f6b9c1a22d0 secure :-1 s=STATE_CONNECTION_ESTABLISHED l=1).mark_down
2024-09-15T23:25:23.180 INFO:teuthology.orchestra.run.smithi063.stdout:/usr/bin/ceph: stderr
2024-09-15T23:25:22.335+0000 7f6ba2000640 1 --2- 172.21.15.63:0/2545723270 >> [v2:172.21.15.63:3300/0,v1:172.21.15.63:6789/0] conn(0x7f6b9c07cdc0 0x7f6b9c1a22d0 secure :-1 s=READY pgs=73 cs=0 l=1 rev1=1 crypto rx=0x7f6b900097f0 tx=0x7f6b90032db0 comp rx=0 tx=0).stop
2024-09-15T23:25:23.180 INFO:teuthology.orchestra.run.smithi063.stdout:/usr/bin/ceph: stderr
2024-09-15T23:25:22.335+0000 7f6ba2000640 1 -- 172.21.15.63:0/2545723270 shutdown_connections
2024-09-15T23:25:23.180 INFO:teuthology.orchestra.run.smithi063.stdout:/usr/bin/ceph: stderr
2024-09-15T23:25:22.335+0000 7f6ba2000640 1 --2- 172.21.15.63:0/2545723270 >> [v2:172.21.15.63:6800/2884614,v1:172.21.15.63:6801/2884614] conn(0x7f6b840392b0 0x7f6b8403b770 unknown :-1 s=CLOSED pgs=8 cs=0 l=1 rev1=1 crypto rx=0 tx=0 comp rx=0 tx=0).stop
2024-09-15T23:25:23.180 INFO:teuthology.orchestra.run.smithi063.stdout:/usr/bin/ceph: stderr
2024-09-15T23:25:22.335+0000 7f6ba2000640 1 --2- 172.21.15.63:0/2545723270 >> [v2:172.21.15.63:3300/0,v1:172.21.15.63:6789/0] conn(0x7f6b9c07cdc0 0x7f6b9c1a22d0 unknown :-1 s=CLOSED pgs=73 cs=0 l=1 rev1=1 crypto rx=0 tx=0 comp rx=0 tx=0).stop
2024-09-15T23:25:23.180 INFO:teuthology.orchestra.run.smithi063.stdout:/usr/bin/ceph: stderr
2024-09-15T23:25:22.335+0000 7f6ba2000640 1 -- 172.21.15.63:0/2545723270 >> 172.21.15.63:0/2545723270 conn(0x7f6b9c103130 msgr2=0x7f6b9c198c90 unknown :-1 s=STATE_NONE l=0).mark_down
2024-09-15T23:25:23.180 INFO:teuthology.orchestra.run.smithi063.stdout:/usr/bin/ceph: stderr
2024-09-15T23:25:22.335+0000 7f6ba2000640 1 -- 172.21.15.63:0/2545723270 shutdown_connections
2024-09-15T23:25:23.180 INFO:teuthology.orchestra.run.smithi063.stdout:/usr/bin/ceph: stderr
2024-09-15T23:25:22.335+0000 7f6ba2000640 1 -- 172.21.15.63:0/2545723270 wait complete.
2024-09-15T23:25:23.180 INFO:teuthology.orchestra.run.smithi063.stdout:Fetching dashboard port number...
2024-09-15T23:25:23.395 INFO:journalctl@ceph.mon.a.smithi063.stdout:Sep 15 23:25:23 smithi063 ceph-mon[30465]: from='client.14166 -' entity='client.admin' cmd=[{"prefix": "dashboard ac-user-create", "username": "admin", "rolename": "administrator", "force_password": true, "pwd_update_required": true, "target": ["mon-mgr", ""]}]: dispatch
2024-09-15T23:25:23.395 INFO:journalctl@ceph.mon.a.smithi063.stdout:Sep 15 23:25:23 smithi063 ceph-mon[30465]: from='mgr.14152 172.21.15.63:0/2153194320' entity='mgr.x'
2024-09-15T23:25:24.598 INFO:journalctl@ceph.mon.a.smithi063.stdout:Sep 15 23:25:24 smithi063 ceph-mon[30465]: from='client.? 172.21.15.63:0/1337518802' entity='client.admin' cmd=[{"prefix": "config get", "who": "mgr", "key": "mgr/dashboard/ssl_server_port"}]: dispatch
2024-09-15T23:25:24.920 INFO:teuthology.orchestra.run.smithi063.stdout:/usr/bin/ceph: stdout 8443
2024-09-15T23:25:24.920 INFO:teuthology.orchestra.run.smithi063.stdout:/usr/bin/ceph: stderr
2024-09-15T23:25:24.073+0000 7f6941a00640 1 Processor -- start
2024-09-15T23:25:24.920 INFO:teuthology.orchestra.run.smithi063.stdout:/usr/bin/ceph: stderr
2024-09-15T23:25:24.074+0000 7f6941a00640 1 -- start start
2024-09-15T23:25:24.920 INFO:teuthology.orchestra.run.smithi063.stdout:/usr/bin/ceph: stderr
2024-09-15T23:25:24.074+0000 7f6941a00640 1 --2- >> [v2:172.21.15.63:3300/0,v1:172.21.15.63:6789/0] conn(0x7f693c07dcf0 0x7f693c07c2b0 unknown :-1 s=NONE pgs=0 cs=0 l=0 rev1=0 crypto rx=0 tx=0 comp rx=0 tx=0).connect
2024-09-15T23:25:24.920 INFO:teuthology.orchestra.run.smithi063.stdout:/usr/bin/ceph: stderr
2024-09-15T23:25:24.074+0000 7f6941a00640 1 -- --> [v2:172.21.15.63:3300/0,v1:172.21.15.63:6789/0] -- mon_getmap magic: 0 -- 0x7f693c07e0f0 con 0x7f693c07dcf0
2024-09-15T23:25:24.920 INFO:teuthology.orchestra.run.smithi063.stdout:/usr/bin/ceph: stderr
2024-09-15T23:25:24.074+0000 7f693aa00640 1 --2- >> [v2:172.21.15.63:3300/0,v1:172.21.15.63:6789/0] conn(0x7f693c07dcf0 0x7f693c07c2b0 unknown :-1 s=BANNER_CONNECTING pgs=0 cs=0 l=0 rev1=0 crypto rx=0 tx=0 comp rx=0 tx=0)._handle_peer_banner_payload supported=3 required=0
2024-09-15T23:25:24.921 INFO:teuthology.orchestra.run.smithi063.stdout:/usr/bin/ceph: stderr
2024-09-15T23:25:24.074+0000 7f693aa00640 1 --2- >> [v2:172.21.15.63:3300/0,v1:172.21.15.63:6789/0] conn(0x7f693c07dcf0 0x7f693c07c2b0 unknown :-1 s=HELLO_CONNECTING pgs=0 cs=0 l=0 rev1=1 crypto rx=0 tx=0 comp rx=0 tx=0).handle_hello peer v2:172.21.15.63:3300/0 says I am v2:172.21.15.63:48826/0 (socket says 172.21.15.63:48826)
2024-09-15T23:25:24.921 INFO:teuthology.orchestra.run.smithi063.stdout:/usr/bin/ceph: stderr
2024-09-15T23:25:24.074+0000 7f693aa00640 1 -- 172.21.15.63:0/1417139891 learned_addr learned my addr 172.21.15.63:0/1417139891 (peer_addr_for_me v2:172.21.15.63:0/0)
2024-09-15T23:25:24.921 INFO:teuthology.orchestra.run.smithi063.stdout:/usr/bin/ceph: stderr
2024-09-15T23:25:24.075+0000 7f693aa00640 1 -- 172.21.15.63:0/1417139891 --> [v2:172.21.15.63:3300/0,v1:172.21.15.63:6789/0] -- mon_subscribe({config=0+,monmap=0+}) -- 0x7f693c07c7f0 con 0x7f693c07dcf0
2024-09-15T23:25:24.921 INFO:teuthology.orchestra.run.smithi063.stdout:/usr/bin/ceph: stderr
2024-09-15T23:25:24.076+0000 7f693aa00640 1 --2- 172.21.15.63:0/1417139891 >> [v2:172.21.15.63:3300/0,v1:172.21.15.63:6789/0] conn(0x7f693c07dcf0 0x7f693c07c2b0 secure :-1 s=READY pgs=74 cs=0 l=1 rev1=1 crypto rx=0x7f692c009820 tx=0x7f692c02a270 comp rx=0 tx=0).ready entity=mon.0 client_cookie=3bab38a3dd7b0be9 server_cookie=0 in_seq=0 out_seq=0
2024-09-15T23:25:24.921 INFO:teuthology.orchestra.run.smithi063.stdout:/usr/bin/ceph: stderr
2024-09-15T23:25:24.076+0000 7f693a000640 1 -- 172.21.15.63:0/1417139891 <== mon.0 v2:172.21.15.63:3300/0 1 ==== mon_map magic: 0 ==== 205+0+0 (secure 0 0 0) 0x7f692c037070 con 0x7f693c07dcf0
2024-09-15T23:25:24.921 INFO:teuthology.orchestra.run.smithi063.stdout:/usr/bin/ceph: stderr
2024-09-15T23:25:24.076+0000 7f693a000640 1 -- 172.21.15.63:0/1417139891 <== mon.0 v2:172.21.15.63:3300/0 2 ==== config(29 keys) ==== 1209+0+0 (secure 0 0 0) 0x7f692c032960 con 0x7f693c07dcf0
2024-09-15T23:25:24.921 INFO:teuthology.orchestra.run.smithi063.stdout:/usr/bin/ceph: stderr
2024-09-15T23:25:24.076+0000 7f693a000640 1 -- 172.21.15.63:0/1417139891 <== mon.0 v2:172.21.15.63:3300/0 3 ==== mon_map magic: 0 ==== 205+0+0 (secure 0 0 0) 0x7f692c030980 con 0x7f693c07dcf0
2024-09-15T23:25:24.921 INFO:teuthology.orchestra.run.smithi063.stdout:/usr/bin/ceph: stderr
2024-09-15T23:25:24.077+0000 7f6941a00640 1 -- 172.21.15.63:0/1417139891 >> [v2:172.21.15.63:3300/0,v1:172.21.15.63:6789/0] conn(0x7f693c07dcf0 msgr2=0x7f693c07c2b0 secure :-1 s=STATE_CONNECTION_ESTABLISHED l=1).mark_down
2024-09-15T23:25:24.921 INFO:teuthology.orchestra.run.smithi063.stdout:/usr/bin/ceph: stderr
2024-09-15T23:25:24.077+0000 7f6941a00640 1 --2- 172.21.15.63:0/1417139891 >> [v2:172.21.15.63:3300/0,v1:172.21.15.63:6789/0] conn(0x7f693c07dcf0 0x7f693c07c2b0 secure :-1 s=READY pgs=74 cs=0 l=1 rev1=1 crypto rx=0x7f692c009820 tx=0x7f692c02a270 comp rx=0 tx=0).stop
2024-09-15T23:25:24.921 INFO:teuthology.orchestra.run.smithi063.stdout:/usr/bin/ceph: stderr
2024-09-15T23:25:24.077+0000 7f6941a00640 1 -- 172.21.15.63:0/1417139891 shutdown_connections
2024-09-15T23:25:24.921 INFO:teuthology.orchestra.run.smithi063.stdout:/usr/bin/ceph: stderr
2024-09-15T23:25:24.077+0000 7f6941a00640 1 --2- 172.21.15.63:0/1417139891 >> [v2:172.21.15.63:3300/0,v1:172.21.15.63:6789/0] conn(0x7f693c07dcf0 0x7f693c07c2b0 unknown :-1 s=CLOSED pgs=74 cs=0 l=1 rev1=1 crypto rx=0 tx=0 comp rx=0 tx=0).stop
2024-09-15T23:25:24.921 INFO:teuthology.orchestra.run.smithi063.stdout:/usr/bin/ceph: stderr
2024-09-15T23:25:24.077+0000 7f6941a00640 1 -- 172.21.15.63:0/1417139891 >> 172.21.15.63:0/1417139891 conn(0x7f693c103440 msgr2=0x7f693c105860 unknown :-1 s=STATE_NONE l=0).mark_down
2024-09-15T23:25:24.921 INFO:teuthology.orchestra.run.smithi063.stdout:/usr/bin/ceph: stderr
2024-09-15T23:25:24.077+0000 7f6941a00640 1 -- 172.21.15.63:0/1417139891 shutdown_connections
2024-09-15T23:25:24.922 INFO:teuthology.orchestra.run.smithi063.stdout:/usr/bin/ceph: stderr
2024-09-15T23:25:24.077+0000 7f6941a00640 1 -- 172.21.15.63:0/1417139891 wait complete.
2024-09-15T23:25:24.922 INFO:teuthology.orchestra.run.smithi063.stdout:/usr/bin/ceph: stderr
2024-09-15T23:25:24.078+0000 7f6941a00640 1 Processor -- start
2024-09-15T23:25:24.922 INFO:teuthology.orchestra.run.smithi063.stdout:/usr/bin/ceph: stderr
2024-09-15T23:25:24.078+0000 7f6941a00640 1 -- start start
2024-09-15T23:25:24.922 INFO:teuthology.orchestra.run.smithi063.stdout:/usr/bin/ceph: stderr
2024-09-15T23:25:24.078+0000 7f6941a00640 1 --2- >> [v2:172.21.15.63:3300/0,v1:172.21.15.63:6789/0] conn(0x7f693c07dcf0 0x7f693c19dfe0 unknown :-1 s=NONE pgs=0 cs=0 l=1 rev1=0 crypto rx=0 tx=0 comp rx=0 tx=0).connect
2024-09-15T23:25:24.922 INFO:teuthology.orchestra.run.smithi063.stdout:/usr/bin/ceph: stderr
2024-09-15T23:25:24.078+0000 7f6941a00640 1 -- --> [v2:172.21.15.63:3300/0,v1:172.21.15.63:6789/0] -- mon_getmap magic: 0 -- 0x7f693c10e100 con 0x7f693c07dcf0
2024-09-15T23:25:24.922 INFO:teuthology.orchestra.run.smithi063.stdout:/usr/bin/ceph: stderr
2024-09-15T23:25:24.078+0000 7f693aa00640 1 --2- >> [v2:172.21.15.63:3300/0,v1:172.21.15.63:6789/0] conn(0x7f693c07dcf0 0x7f693c19dfe0 unknown :-1 s=BANNER_CONNECTING pgs=0 cs=0 l=1 rev1=0 crypto rx=0 tx=0 comp rx=0 tx=0)._handle_peer_banner_payload supported=3 required=0
2024-09-15T23:25:24.922 INFO:teuthology.orchestra.run.smithi063.stdout:/usr/bin/ceph: stderr
2024-09-15T23:25:24.078+0000 7f693aa00640 1 --2- >> [v2:172.21.15.63:3300/0,v1:172.21.15.63:6789/0] conn(0x7f693c07dcf0 0x7f693c19dfe0 unknown :-1 s=HELLO_CONNECTING pgs=0 cs=0 l=1 rev1=1 crypto rx=0 tx=0 comp rx=0 tx=0).handle_hello peer v2:172.21.15.63:3300/0 says I am v2:172.21.15.63:48828/0 (socket says 172.21.15.63:48828)
2024-09-15T23:25:24.922 INFO:teuthology.orchestra.run.smithi063.stdout:/usr/bin/ceph: stderr
2024-09-15T23:25:24.078+0000 7f693aa00640 1 -- 172.21.15.63:0/1337518802 learned_addr learned my addr 172.21.15.63:0/1337518802 (peer_addr_for_me v2:172.21.15.63:0/0)
2024-09-15T23:25:24.922 INFO:teuthology.orchestra.run.smithi063.stdout:/usr/bin/ceph: stderr
2024-09-15T23:25:24.079+0000 7f693aa00640 1 -- 172.21.15.63:0/1337518802 --> [v2:172.21.15.63:3300/0,v1:172.21.15.63:6789/0] -- mon_subscribe({config=0+,monmap=0+}) -- 0x7f693c19e520 con 0x7f693c07dcf0
2024-09-15T23:25:24.922 INFO:teuthology.orchestra.run.smithi063.stdout:/usr/bin/ceph: stderr
2024-09-15T23:25:24.079+0000 7f693aa00640 1 --2- 172.21.15.63:0/1337518802 >> [v2:172.21.15.63:3300/0,v1:172.21.15.63:6789/0] conn(0x7f693c07dcf0 0x7f693c19dfe0 secure :-1 s=READY pgs=75 cs=0 l=1 rev1=1 crypto rx=0x7f692c009940 tx=0x7f692c032670 comp rx=0 tx=0).ready entity=mon.0 client_cookie=0 server_cookie=0 in_seq=0 out_seq=0
2024-09-15T23:25:24.922 INFO:teuthology.orchestra.run.smithi063.stdout:/usr/bin/ceph: stderr
2024-09-15T23:25:24.079+0000 7f6933400640 1 -- 172.21.15.63:0/1337518802 <== mon.0 v2:172.21.15.63:3300/0 1 ==== mon_map magic: 0 ==== 205+0+0 (secure 0 0 0) 0x7f692c042070 con 0x7f693c07dcf0
2024-09-15T23:25:24.922 INFO:teuthology.orchestra.run.smithi063.stdout:/usr/bin/ceph: stderr
2024-09-15T23:25:24.079+0000 7f6933400640 1 -- 172.21.15.63:0/1337518802 <== mon.0 v2:172.21.15.63:3300/0 2 ==== config(29 keys) ==== 1209+0+0 (secure 0 0 0) 0x7f692c03d950 con 0x7f693c07dcf0
2024-09-15T23:25:24.923 INFO:teuthology.orchestra.run.smithi063.stdout:/usr/bin/ceph: stderr
2024-09-15T23:25:24.079+0000 7f6933400640 1 -- 172.21.15.63:0/1337518802 <== mon.0 v2:172.21.15.63:3300/0 3 ==== mon_map magic: 0 ==== 205+0+0 (secure 0 0 0) 0x7f692c037040 con 0x7f693c07dcf0
2024-09-15T23:25:24.923 INFO:teuthology.orchestra.run.smithi063.stdout:/usr/bin/ceph: stderr
2024-09-15T23:25:24.079+0000 7f6941a00640 1 -- 172.21.15.63:0/1337518802 --> [v2:172.21.15.63:3300/0,v1:172.21.15.63:6789/0] -- mon_subscribe({mgrmap=0+}) -- 0x7f693c19e7b0 con 0x7f693c07dcf0
2024-09-15T23:25:24.923 INFO:teuthology.orchestra.run.smithi063.stdout:/usr/bin/ceph: stderr
2024-09-15T23:25:24.079+0000 7f6941a00640 1 -- 172.21.15.63:0/1337518802 --> [v2:172.21.15.63:3300/0,v1:172.21.15.63:6789/0] -- mon_subscribe({osdmap=0}) -- 0x7f693c1a14a0 con 0x7f693c07dcf0
2024-09-15T23:25:24.923 INFO:teuthology.orchestra.run.smithi063.stdout:/usr/bin/ceph: stderr
2024-09-15T23:25:24.081+0000 7f6941a00640 1 -- 172.21.15.63:0/1337518802 --> [v2:172.21.15.63:3300/0,v1:172.21.15.63:6789/0] -- mon_command({"prefix": "get_command_descriptions"} v 0) -- 0x7f693c07c2b0 con 0x7f693c07dcf0
2024-09-15T23:25:24.923 INFO:teuthology.orchestra.run.smithi063.stdout:/usr/bin/ceph: stderr
2024-09-15T23:25:24.081+0000 7f6933400640 1 -- 172.21.15.63:0/1337518802 <== mon.0 v2:172.21.15.63:3300/0 4 ==== mgrmap(e 12) ==== 46474+0+0 (secure 0 0 0) 0x7f692c045070 con 0x7f693c07dcf0
2024-09-15T23:25:24.923 INFO:teuthology.orchestra.run.smithi063.stdout:/usr/bin/ceph: stderr
2024-09-15T23:25:24.081+0000 7f6933400640 1 --2- 172.21.15.63:0/1337518802 >> [v2:172.21.15.63:6800/2884614,v1:172.21.15.63:6801/2884614] conn(0x7f6920039260 0x7f692003b720 unknown :-1 s=NONE pgs=0 cs=0 l=1 rev1=0 crypto rx=0 tx=0 comp rx=0 tx=0).connect
2024-09-15T23:25:24.923 INFO:teuthology.orchestra.run.smithi063.stdout:/usr/bin/ceph: stderr
2024-09-15T23:25:24.081+0000 7f6933400640 1 -- 172.21.15.63:0/1337518802 <== mon.0 v2:172.21.15.63:3300/0 5 ==== osd_map(3..3 src has 1..3) ==== 1155+0+0 (secure 0 0 0) 0x7f692c06c5d0 con 0x7f693c07dcf0
2024-09-15T23:25:24.923 INFO:teuthology.orchestra.run.smithi063.stdout:/usr/bin/ceph: stderr
2024-09-15T23:25:24.082+0000 7f6933e00640 1 --2- 172.21.15.63:0/1337518802 >> [v2:172.21.15.63:6800/2884614,v1:172.21.15.63:6801/2884614] conn(0x7f6920039260 0x7f692003b720 unknown :-1 s=BANNER_CONNECTING pgs=0 cs=0 l=1 rev1=0 crypto rx=0 tx=0 comp rx=0 tx=0)._handle_peer_banner_payload supported=3 required=0
2024-09-15T23:25:24.923 INFO:teuthology.orchestra.run.smithi063.stdout:/usr/bin/ceph: stderr
2024-09-15T23:25:24.082+0000 7f6933e00640 1 --2- 172.21.15.63:0/1337518802 >> [v2:172.21.15.63:6800/2884614,v1:172.21.15.63:6801/2884614] conn(0x7f6920039260 0x7f692003b720 secure :-1 s=READY pgs=9 cs=0 l=1 rev1=1 crypto rx=0x7f69240098c0 tx=0x7f6924006db0 comp rx=0 tx=0).ready entity=mgr.14152 client_cookie=0 server_cookie=0 in_seq=0 out_seq=0
2024-09-15T23:25:24.923 INFO:teuthology.orchestra.run.smithi063.stdout:/usr/bin/ceph: stderr
2024-09-15T23:25:24.086+0000 7f6933400640 1 -- 172.21.15.63:0/1337518802 <== mon.0 v2:172.21.15.63:3300/0 6 ==== mon_command_ack([{"prefix": "get_command_descriptions"}]=0 v0) ==== 72+0+188821 (secure 0 0 0) 0x7f692c02f2a0 con 0x7f693c07dcf0
2024-09-15T23:25:24.923 INFO:teuthology.orchestra.run.smithi063.stdout:/usr/bin/ceph: stderr
2024-09-15T23:25:24.273+0000 7f6941a00640 1 -- 172.21.15.63:0/1337518802 --> [v2:172.21.15.63:3300/0,v1:172.21.15.63:6789/0] -- mon_command({"prefix": "config get", "who": "mgr", "key": "mgr/dashboard/ssl_server_port"} v 0) -- 0x7f693c1a1770 con 0x7f693c07dcf0
2024-09-15T23:25:24.923 INFO:teuthology.orchestra.run.smithi063.stdout:/usr/bin/ceph: stderr
2024-09-15T23:25:24.274+0000 7f6933400640 1 -- 172.21.15.63:0/1337518802 <== mon.0 v2:172.21.15.63:3300/0 7 ==== mon_command_ack([{"prefix": "config get", "who": "mgr", "key": "mgr/dashboard/ssl_server_port"}]=0 v8) ==== 112+0+5 (secure 0 0 0) 0x7f692c031e80 con 0x7f693c07dcf0
2024-09-15T23:25:24.923 INFO:teuthology.orchestra.run.smithi063.stdout:/usr/bin/ceph: stderr
2024-09-15T23:25:24.276+0000 7f6941a00640 1 -- 172.21.15.63:0/1337518802 >> [v2:172.21.15.63:6800/2884614,v1:172.21.15.63:6801/2884614] conn(0x7f6920039260 msgr2=0x7f692003b720 secure :-1 s=STATE_CONNECTION_ESTABLISHED l=1).mark_down
2024-09-15T23:25:24.924 INFO:teuthology.orchestra.run.smithi063.stdout:/usr/bin/ceph: stderr
2024-09-15T23:25:24.276+0000 7f6941a00640 1 --2- 172.21.15.63:0/1337518802 >> [v2:172.21.15.63:6800/2884614,v1:172.21.15.63:6801/2884614] conn(0x7f6920039260 0x7f692003b720 secure :-1 s=READY pgs=9 cs=0 l=1 rev1=1 crypto rx=0x7f69240098c0 tx=0x7f6924006db0 comp rx=0 tx=0).stop
2024-09-15T23:25:24.924 INFO:teuthology.orchestra.run.smithi063.stdout:/usr/bin/ceph: stderr
2024-09-15T23:25:24.276+0000 7f6941a00640 1 -- 172.21.15.63:0/1337518802 >> [v2:172.21.15.63:3300/0,v1:172.21.15.63:6789/0] conn(0x7f693c07dcf0 msgr2=0x7f693c19dfe0 secure :-1 s=STATE_CONNECTION_ESTABLISHED l=1).mark_down
2024-09-15T23:25:24.924 INFO:teuthology.orchestra.run.smithi063.stdout:/usr/bin/ceph: stderr
2024-09-15T23:25:24.276+0000 7f6941a00640 1 --2- 172.21.15.63:0/1337518802 >> [v2:172.21.15.63:3300/0,v1:172.21.15.63:6789/0] conn(0x7f693c07dcf0 0x7f693c19dfe0 secure :-1 s=READY pgs=75 cs=0 l=1 rev1=1 crypto rx=0x7f692c009940 tx=0x7f692c032670 comp rx=0 tx=0).stop
2024-09-15T23:25:24.924 INFO:teuthology.orchestra.run.smithi063.stdout:/usr/bin/ceph: stderr
2024-09-15T23:25:24.276+0000 7f6941a00640 1 -- 172.21.15.63:0/1337518802 shutdown_connections
2024-09-15T23:25:24.924 INFO:teuthology.orchestra.run.smithi063.stdout:/usr/bin/ceph: stderr
2024-09-15T23:25:24.276+0000 7f6941a00640 1 --2- 172.21.15.63:0/1337518802 >> [v2:172.21.15.63:6800/2884614,v1:172.21.15.63:6801/2884614] conn(0x7f6920039260 0x7f692003b720 unknown :-1 s=CLOSED pgs=9 cs=0 l=1 rev1=1 crypto rx=0 tx=0 comp rx=0 tx=0).stop
2024-09-15T23:25:24.924 INFO:teuthology.orchestra.run.smithi063.stdout:/usr/bin/ceph: stderr
2024-09-15T23:25:24.276+0000 7f6941a00640 1 --2- 172.21.15.63:0/1337518802 >> [v2:172.21.15.63:3300/0,v1:172.21.15.63:6789/0] conn(0x7f693c07dcf0 0x7f693c19dfe0 unknown :-1 s=CLOSED pgs=75 cs=0 l=1 rev1=1 crypto rx=0 tx=0 comp rx=0 tx=0).stop
2024-09-15T23:25:24.924 INFO:teuthology.orchestra.run.smithi063.stdout:/usr/bin/ceph: stderr
2024-09-15T23:25:24.276+0000 7f6941a00640 1 -- 172.21.15.63:0/1337518802 >> 172.21.15.63:0/1337518802 conn(0x7f693c103440 msgr2=0x7f693c103ff0 unknown :-1 s=STATE_NONE l=0).mark_down
2024-09-15T23:25:24.924 INFO:teuthology.orchestra.run.smithi063.stdout:/usr/bin/ceph: stderr
2024-09-15T23:25:24.276+0000 7f6941a00640 1 -- 172.21.15.63:0/1337518802 shutdown_connections
2024-09-15T23:25:24.924 INFO:teuthology.orchestra.run.smithi063.stdout:/usr/bin/ceph: stderr
2024-09-15T23:25:24.276+0000 7f6941a00640 1 -- 172.21.15.63:0/1337518802 wait complete.
2024-09-15T23:25:24.936 INFO:teuthology.orchestra.run.smithi063.stdout:Non-zero exit code 1 from systemctl is-enabled firewalld.service
2024-09-15T23:25:24.936 INFO:teuthology.orchestra.run.smithi063.stdout:systemctl: stdout disabled
2024-09-15T23:25:24.949 INFO:teuthology.orchestra.run.smithi063.stdout:Non-zero exit code 3 from systemctl is-active firewalld.service
2024-09-15T23:25:24.950 INFO:teuthology.orchestra.run.smithi063.stdout:systemctl: stdout inactive
2024-09-15T23:25:24.950 INFO:teuthology.orchestra.run.smithi063.stdout:firewalld.service is not enabled
2024-09-15T23:25:24.950 INFO:teuthology.orchestra.run.smithi063.stdout:Not possible to open ports <[8443]>. firewalld.service is not available
2024-09-15T23:25:24.952 INFO:teuthology.orchestra.run.smithi063.stdout:Ceph Dashboard is now available at:
2024-09-15T23:25:24.952 INFO:teuthology.orchestra.run.smithi063.stdout:
2024-09-15T23:25:24.952 INFO:teuthology.orchestra.run.smithi063.stdout: URL: https://smithi063.front.sepia.ceph.com:8443/
2024-09-15T23:25:24.952 INFO:teuthology.orchestra.run.smithi063.stdout: User: admin
2024-09-15T23:25:24.952 INFO:teuthology.orchestra.run.smithi063.stdout: Password: kgagzztiin
2024-09-15T23:25:24.952 INFO:teuthology.orchestra.run.smithi063.stdout:
2024-09-15T23:25:24.953 INFO:teuthology.orchestra.run.smithi063.stdout:Saving cluster configuration to /var/lib/ceph/7b6308d2-73b9-11ef-bceb-c7b262605968/config directory
2024-09-15T23:25:25.617 INFO:journalctl@ceph.mon.a.smithi063.stdout:Sep 15 23:25:25 smithi063 ceph-mon[30465]: mgrmap e13: x(active, since 6s)
2024-09-15T23:25:26.239 INFO:teuthology.orchestra.run.smithi063.stdout:/usr/bin/ceph: stderr
2024-09-15T23:25:25.434+0000 7f84abe00640 1 Processor -- start
2024-09-15T23:25:26.239 INFO:teuthology.orchestra.run.smithi063.stdout:/usr/bin/ceph: stderr
2024-09-15T23:25:25.434+0000 7f84abe00640 1 -- start start
2024-09-15T23:25:26.240 INFO:teuthology.orchestra.run.smithi063.stdout:/usr/bin/ceph: stderr
2024-09-15T23:25:25.434+0000 7f84abe00640 1 --2- >> [v2:172.21.15.63:3300/0,v1:172.21.15.63:6789/0] conn(0x7f84ac07cdc0 0x7f84ac07b220 unknown :-1 s=NONE pgs=0 cs=0 l=0 rev1=0 crypto rx=0 tx=0 comp rx=0 tx=0).connect
2024-09-15T23:25:26.240 INFO:teuthology.orchestra.run.smithi063.stdout:/usr/bin/ceph: stderr
2024-09-15T23:25:25.434+0000 7f84abe00640 1 -- --> [v2:172.21.15.63:3300/0,v1:172.21.15.63:6789/0] -- mon_getmap magic: 0 -- 0x7f84ac07b7f0 con 0x7f84ac07cdc0
2024-09-15T23:25:26.240 INFO:teuthology.orchestra.run.smithi063.stdout:/usr/bin/ceph: stderr
2024-09-15T23:25:25.434+0000 7f84aaa00640 1 --2- >> [v2:172.21.15.63:3300/0,v1:172.21.15.63:6789/0] conn(0x7f84ac07cdc0 0x7f84ac07b220 unknown :-1 s=BANNER_CONNECTING pgs=0 cs=0 l=0 rev1=0 crypto rx=0 tx=0 comp rx=0 tx=0)._handle_peer_banner_payload supported=3 required=0
2024-09-15T23:25:26.240 INFO:teuthology.orchestra.run.smithi063.stdout:/usr/bin/ceph: stderr
2024-09-15T23:25:25.435+0000 7f84aaa00640 1 --2- >> [v2:172.21.15.63:3300/0,v1:172.21.15.63:6789/0] conn(0x7f84ac07cdc0 0x7f84ac07b220 unknown :-1 s=HELLO_CONNECTING pgs=0 cs=0 l=0 rev1=1 crypto rx=0 tx=0 comp rx=0 tx=0).handle_hello peer v2:172.21.15.63:3300/0 says I am v2:172.21.15.63:48838/0 (socket says 172.21.15.63:48838)
2024-09-15T23:25:26.240 INFO:teuthology.orchestra.run.smithi063.stdout:/usr/bin/ceph: stderr
2024-09-15T23:25:25.435+0000 7f84aaa00640 1 -- 172.21.15.63:0/3978687724 learned_addr learned my addr 172.21.15.63:0/3978687724 (peer_addr_for_me v2:172.21.15.63:0/0)
2024-09-15T23:25:26.240 INFO:teuthology.orchestra.run.smithi063.stdout:/usr/bin/ceph: stderr
2024-09-15T23:25:25.435+0000 7f84aaa00640 1 -- 172.21.15.63:0/3978687724 --> [v2:172.21.15.63:3300/0,v1:172.21.15.63:6789/0] -- mon_subscribe({config=0+,monmap=0+}) -- 0x7f84ac07b970 con 0x7f84ac07cdc0
2024-09-15T23:25:26.240 INFO:teuthology.orchestra.run.smithi063.stdout:/usr/bin/ceph: stderr
2024-09-15T23:25:25.436+0000 7f84aaa00640 1 --2- 172.21.15.63:0/3978687724 >> [v2:172.21.15.63:3300/0,v1:172.21.15.63:6789/0] conn(0x7f84ac07cdc0 0x7f84ac07b220 secure :-1 s=READY pgs=76 cs=0 l=1 rev1=1 crypto rx=0x7f849c009820 tx=0x7f849c02a270 comp rx=0 tx=0).ready entity=mon.0 client_cookie=cb6c269225033d5a server_cookie=0 in_seq=0 out_seq=0
2024-09-15T23:25:26.240 INFO:teuthology.orchestra.run.smithi063.stdout:/usr/bin/ceph: stderr
2024-09-15T23:25:25.436+0000 7f84aa000640 1 -- 172.21.15.63:0/3978687724 <== mon.0 v2:172.21.15.63:3300/0 1 ==== mon_map magic: 0 ==== 205+0+0 (secure 0 0 0) 0x7f849c037070 con 0x7f84ac07cdc0
2024-09-15T23:25:26.240 INFO:teuthology.orchestra.run.smithi063.stdout:/usr/bin/ceph: stderr
2024-09-15T23:25:25.436+0000 7f84aa000640 1 -- 172.21.15.63:0/3978687724 <== mon.0 v2:172.21.15.63:3300/0 2 ==== config(29 keys) ==== 1209+0+0 (secure 0 0 0) 0x7f849c032960 con 0x7f84ac07cdc0
2024-09-15T23:25:26.240 INFO:teuthology.orchestra.run.smithi063.stdout:/usr/bin/ceph: stderr
2024-09-15T23:25:25.436+0000 7f84aa000640 1 -- 172.21.15.63:0/3978687724 <== mon.0 v2:172.21.15.63:3300/0 3 ==== mon_map magic: 0 ==== 205+0+0 (secure 0 0 0) 0x7f849c030980 con 0x7f84ac07cdc0
2024-09-15T23:25:26.240 INFO:teuthology.orchestra.run.smithi063.stdout:/usr/bin/ceph: stderr
2024-09-15T23:25:25.437+0000 7f84abe00640 1 -- 172.21.15.63:0/3978687724 >> [v2:172.21.15.63:3300/0,v1:172.21.15.63:6789/0] conn(0x7f84ac07cdc0 msgr2=0x7f84ac07b220 secure :-1 s=STATE_CONNECTION_ESTABLISHED l=1).mark_down
2024-09-15T23:25:26.241 INFO:teuthology.orchestra.run.smithi063.stdout:/usr/bin/ceph: stderr
2024-09-15T23:25:25.437+0000 7f84abe00640 1 --2- 172.21.15.63:0/3978687724 >> [v2:172.21.15.63:3300/0,v1:172.21.15.63:6789/0] conn(0x7f84ac07cdc0 0x7f84ac07b220 secure :-1 s=READY pgs=76 cs=0 l=1 rev1=1 crypto rx=0x7f849c009820 tx=0x7f849c02a270 comp rx=0 tx=0).stop
2024-09-15T23:25:26.241 INFO:teuthology.orchestra.run.smithi063.stdout:/usr/bin/ceph: stderr
2024-09-15T23:25:25.437+0000 7f84abe00640 1 -- 172.21.15.63:0/3978687724 shutdown_connections
2024-09-15T23:25:26.241 INFO:teuthology.orchestra.run.smithi063.stdout:/usr/bin/ceph: stderr
2024-09-15T23:25:25.437+0000 7f84abe00640 1 --2- 172.21.15.63:0/3978687724 >> [v2:172.21.15.63:3300/0,v1:172.21.15.63:6789/0] conn(0x7f84ac07cdc0 0x7f84ac07b220 unknown :-1 s=CLOSED pgs=76 cs=0 l=1 rev1=1 crypto rx=0 tx=0 comp rx=0 tx=0).stop
2024-09-15T23:25:26.241 INFO:teuthology.orchestra.run.smithi063.stdout:/usr/bin/ceph: stderr
2024-09-15T23:25:25.437+0000 7f84abe00640 1 -- 172.21.15.63:0/3978687724 >> 172.21.15.63:0/3978687724 conn(0x7f84ac103130 msgr2=0x7f84ac105570 unknown :-1 s=STATE_NONE l=0).mark_down
2024-09-15T23:25:26.241 INFO:teuthology.orchestra.run.smithi063.stdout:/usr/bin/ceph: stderr
2024-09-15T23:25:25.437+0000 7f84abe00640 1 -- 172.21.15.63:0/3978687724 shutdown_connections
2024-09-15T23:25:26.241 INFO:teuthology.orchestra.run.smithi063.stdout:/usr/bin/ceph: stderr
2024-09-15T23:25:25.437+0000 7f84abe00640 1 -- 172.21.15.63:0/3978687724 wait complete.
2024-09-15T23:25:26.241 INFO:teuthology.orchestra.run.smithi063.stdout:/usr/bin/ceph: stderr
2024-09-15T23:25:25.438+0000 7f84abe00640 1 Processor -- start
2024-09-15T23:25:26.241 INFO:teuthology.orchestra.run.smithi063.stdout:/usr/bin/ceph: stderr
2024-09-15T23:25:25.438+0000 7f84abe00640 1 -- start start
2024-09-15T23:25:26.241 INFO:teuthology.orchestra.run.smithi063.stdout:/usr/bin/ceph: stderr
2024-09-15T23:25:25.438+0000 7f84abe00640 1 --2- >> [v2:172.21.15.63:3300/0,v1:172.21.15.63:6789/0] conn(0x7f84ac07cdc0 0x7f84ac1a2280 unknown :-1 s=NONE pgs=0 cs=0 l=1 rev1=0 crypto rx=0 tx=0 comp rx=0 tx=0).connect
2024-09-15T23:25:26.241 INFO:teuthology.orchestra.run.smithi063.stdout:/usr/bin/ceph: stderr
2024-09-15T23:25:25.439+0000 7f84abe00640 1 -- --> [v2:172.21.15.63:3300/0,v1:172.21.15.63:6789/0] -- mon_getmap magic: 0 -- 0x7f84ac109c70 con 0x7f84ac07cdc0
2024-09-15T23:25:26.241 INFO:teuthology.orchestra.run.smithi063.stdout:/usr/bin/ceph: stderr
2024-09-15T23:25:25.439+0000 7f84aaa00640 1 --2- >> [v2:172.21.15.63:3300/0,v1:172.21.15.63:6789/0] conn(0x7f84ac07cdc0 0x7f84ac1a2280 unknown :-1 s=BANNER_CONNECTING pgs=0 cs=0 l=1 rev1=0 crypto rx=0 tx=0 comp rx=0 tx=0)._handle_peer_banner_payload supported=3 required=0
2024-09-15T23:25:26.241 INFO:teuthology.orchestra.run.smithi063.stdout:/usr/bin/ceph: stderr
2024-09-15T23:25:25.439+0000 7f84aaa00640 1 --2- >> [v2:172.21.15.63:3300/0,v1:172.21.15.63:6789/0] conn(0x7f84ac07cdc0 0x7f84ac1a2280 unknown :-1 s=HELLO_CONNECTING pgs=0 cs=0 l=1 rev1=1 crypto rx=0 tx=0 comp rx=0 tx=0).handle_hello peer v2:172.21.15.63:3300/0 says I am v2:172.21.15.63:48854/0 (socket says 172.21.15.63:48854)
2024-09-15T23:25:26.241 INFO:teuthology.orchestra.run.smithi063.stdout:/usr/bin/ceph: stderr
2024-09-15T23:25:25.439+0000 7f84aaa00640 1 -- 172.21.15.63:0/108212172 learned_addr learned my addr 172.21.15.63:0/108212172 (peer_addr_for_me v2:172.21.15.63:0/0)
2024-09-15T23:25:26.242 INFO:teuthology.orchestra.run.smithi063.stdout:/usr/bin/ceph: stderr
2024-09-15T23:25:25.439+0000 7f84aaa00640 1 -- 172.21.15.63:0/108212172 --> [v2:172.21.15.63:3300/0,v1:172.21.15.63:6789/0] -- mon_subscribe({config=0+,monmap=0+}) -- 0x7f84ac1a27c0 con 0x7f84ac07cdc0
2024-09-15T23:25:26.242 INFO:teuthology.orchestra.run.smithi063.stdout:/usr/bin/ceph: stderr
2024-09-15T23:25:25.439+0000 7f84aaa00640 1 --2- 172.21.15.63:0/108212172 >> [v2:172.21.15.63:3300/0,v1:172.21.15.63:6789/0] conn(0x7f84ac07cdc0 0x7f84ac1a2280 secure :-1 s=READY pgs=77 cs=0 l=1 rev1=1 crypto rx=0x7f849c032ea0 tx=0x7f849c032ed0 comp rx=0 tx=0).ready entity=mon.0 client_cookie=0 server_cookie=0 in_seq=0 out_seq=0
2024-09-15T23:25:26.242 INFO:teuthology.orchestra.run.smithi063.stdout:/usr/bin/ceph: stderr
2024-09-15T23:25:25.440+0000 7f84b0a00640 1 -- 172.21.15.63:0/108212172 <== mon.0 v2:172.21.15.63:3300/0 1 ==== mon_map magic: 0 ==== 205+0+0 (secure 0 0 0) 0x7f849c042070 con 0x7f84ac07cdc0
2024-09-15T23:25:26.242 INFO:teuthology.orchestra.run.smithi063.stdout:/usr/bin/ceph: stderr
2024-09-15T23:25:25.440+0000 7f84b0a00640 1 -- 172.21.15.63:0/108212172 <== mon.0 v2:172.21.15.63:3300/0 2 ==== config(29 keys) ==== 1209+0+0 (secure 0 0 0) 0x7f849c0326c0 con 0x7f84ac07cdc0
2024-09-15T23:25:26.242 INFO:teuthology.orchestra.run.smithi063.stdout:/usr/bin/ceph: stderr
2024-09-15T23:25:25.440+0000 7f84abe00640 1 -- 172.21.15.63:0/108212172 --> [v2:172.21.15.63:3300/0,v1:172.21.15.63:6789/0] -- mon_subscribe({mgrmap=0+}) -- 0x7f84ac1a2a50 con 0x7f84ac07cdc0
2024-09-15T23:25:26.242 INFO:teuthology.orchestra.run.smithi063.stdout:/usr/bin/ceph: stderr
2024-09-15T23:25:25.440+0000 7f84b0a00640 1 -- 172.21.15.63:0/108212172 <== mon.0 v2:172.21.15.63:3300/0 3 ==== mon_map magic: 0 ==== 205+0+0 (secure 0 0 0) 0x7f849c037040 con 0x7f84ac07cdc0
2024-09-15T23:25:26.242 INFO:teuthology.orchestra.run.smithi063.stdout:/usr/bin/ceph: stderr
2024-09-15T23:25:25.440+0000 7f84abe00640 1 -- 172.21.15.63:0/108212172 --> [v2:172.21.15.63:3300/0,v1:172.21.15.63:6789/0] -- mon_subscribe({osdmap=0}) -- 0x7f84ac1a5740 con 0x7f84ac07cdc0
2024-09-15T23:25:26.242 INFO:teuthology.orchestra.run.smithi063.stdout:/usr/bin/ceph: stderr
