2024-09-15T23:24:44.670 INFO:teuthology.orchestra.run.smithi063.stdout:/usr/bin/ceph: stderr
2024-09-15T23:24:43.754+0000 7f2083e00640 1 --2- 172.21.15.63:0/1929822724 >> [v2:172.21.15.63:3300/0,v1:172.21.15.63:6789/0] conn(0x7f2084107a10 0x7f2084107e10 secure :-1 s=READY pgs=22 cs=0 l=1 rev1=1 crypto rx=0x7f2074009820 tx=0x7f207402a270 comp rx=0 tx=0).stop
2024-09-15T23:24:44.670 INFO:teuthology.orchestra.run.smithi063.stdout:/usr/bin/ceph: stderr
2024-09-15T23:24:43.755+0000 7f2083e00640 1 -- 172.21.15.63:0/1929822724 shutdown_connections
2024-09-15T23:24:44.670 INFO:teuthology.orchestra.run.smithi063.stdout:/usr/bin/ceph: stderr
2024-09-15T23:24:43.755+0000 7f2083e00640 1 --2- 172.21.15.63:0/1929822724 >> [v2:172.21.15.63:3300/0,v1:172.21.15.63:6789/0] conn(0x7f2084107a10 0x7f2084107e10 unknown :-1 s=CLOSED pgs=22 cs=0 l=1 rev1=1 crypto rx=0 tx=0 comp rx=0 tx=0).stop
2024-09-15T23:24:44.671 INFO:teuthology.orchestra.run.smithi063.stdout:/usr/bin/ceph: stderr
2024-09-15T23:24:43.755+0000 7f2083e00640 1 -- 172.21.15.63:0/1929822724 >> 172.21.15.63:0/1929822724 conn(0x7f20841031c0 msgr2=0x7f20841055e0 unknown :-1 s=STATE_NONE l=0).mark_down
2024-09-15T23:24:44.671 INFO:teuthology.orchestra.run.smithi063.stdout:/usr/bin/ceph: stderr
2024-09-15T23:24:43.755+0000 7f2083e00640 1 -- 172.21.15.63:0/1929822724 shutdown_connections
2024-09-15T23:24:44.671 INFO:teuthology.orchestra.run.smithi063.stdout:/usr/bin/ceph: stderr
2024-09-15T23:24:43.755+0000 7f2083e00640 1 -- 172.21.15.63:0/1929822724 wait complete.
2024-09-15T23:24:44.671 INFO:teuthology.orchestra.run.smithi063.stdout:/usr/bin/ceph: stderr
2024-09-15T23:24:43.756+0000 7f2083e00640 1 Processor -- start
2024-09-15T23:24:44.671 INFO:teuthology.orchestra.run.smithi063.stdout:/usr/bin/ceph: stderr
2024-09-15T23:24:43.756+0000 7f2083e00640 1 -- start start
2024-09-15T23:24:44.671 INFO:teuthology.orchestra.run.smithi063.stdout:/usr/bin/ceph: stderr
2024-09-15T23:24:43.756+0000 7f2083e00640 1 --2- >> [v2:172.21.15.63:3300/0,v1:172.21.15.63:6789/0] conn(0x7f2084107a10 0x7f208407db60 unknown :-1 s=NONE pgs=0 cs=0 l=1 rev1=0 crypto rx=0 tx=0 comp rx=0 tx=0).connect
2024-09-15T23:24:44.671 INFO:teuthology.orchestra.run.smithi063.stdout:/usr/bin/ceph: stderr
2024-09-15T23:24:43.756+0000 7f2083e00640 1 -- --> [v2:172.21.15.63:3300/0,v1:172.21.15.63:6789/0] -- mon_getmap magic: 0 -- 0x7f208410bf20 con 0x7f2084107a10
2024-09-15T23:24:44.671 INFO:teuthology.orchestra.run.smithi063.stdout:/usr/bin/ceph: stderr
2024-09-15T23:24:43.756+0000 7f2082a00640 1 --2- >> [v2:172.21.15.63:3300/0,v1:172.21.15.63:6789/0] conn(0x7f2084107a10 0x7f208407db60 unknown :-1 s=BANNER_CONNECTING pgs=0 cs=0 l=1 rev1=0 crypto rx=0 tx=0 comp rx=0 tx=0)._handle_peer_banner_payload supported=3 required=0
2024-09-15T23:24:44.671 INFO:teuthology.orchestra.run.smithi063.stdout:/usr/bin/ceph: stderr
2024-09-15T23:24:43.756+0000 7f2082a00640 1 --2- >> [v2:172.21.15.63:3300/0,v1:172.21.15.63:6789/0] conn(0x7f2084107a10 0x7f208407db60 unknown :-1 s=HELLO_CONNECTING pgs=0 cs=0 l=1 rev1=1 crypto rx=0 tx=0 comp rx=0 tx=0).handle_hello peer v2:172.21.15.63:3300/0 says I am v2:172.21.15.63:55238/0 (socket says 172.21.15.63:55238)
2024-09-15T23:24:44.672 INFO:teuthology.orchestra.run.smithi063.stdout:/usr/bin/ceph: stderr
2024-09-15T23:24:43.756+0000 7f2082a00640 1 -- 172.21.15.63:0/1936956804 learned_addr learned my addr 172.21.15.63:0/1936956804 (peer_addr_for_me v2:172.21.15.63:0/0)
2024-09-15T23:24:44.672 INFO:teuthology.orchestra.run.smithi063.stdout:/usr/bin/ceph: stderr
2024-09-15T23:24:43.757+0000 7f2082a00640 1 -- 172.21.15.63:0/1936956804 --> [v2:172.21.15.63:3300/0,v1:172.21.15.63:6789/0] -- mon_subscribe({config=0+,monmap=0+}) -- 0x7f208407e0a0 con 0x7f2084107a10
2024-09-15T23:24:44.672 INFO:teuthology.orchestra.run.smithi063.stdout:/usr/bin/ceph: stderr
2024-09-15T23:24:43.757+0000 7f2082a00640 1 --2- 172.21.15.63:0/1936956804 >> [v2:172.21.15.63:3300/0,v1:172.21.15.63:6789/0] conn(0x7f2084107a10 0x7f208407db60 secure :-1 s=READY pgs=23 cs=0 l=1 rev1=1 crypto rx=0x7f2074032e60 tx=0x7f2074032e90 comp rx=0 tx=0).ready entity=mon.0 client_cookie=0 server_cookie=0 in_seq=0 out_seq=0
2024-09-15T23:24:44.672 INFO:teuthology.orchestra.run.smithi063.stdout:/usr/bin/ceph: stderr
2024-09-15T23:24:43.757+0000 7f2088a00640 1 -- 172.21.15.63:0/1936956804 <== mon.0 v2:172.21.15.63:3300/0 1 ==== mon_map magic: 0 ==== 205+0+0 (secure 0 0 0) 0x7f2074042070 con 0x7f2084107a10
2024-09-15T23:24:44.672 INFO:teuthology.orchestra.run.smithi063.stdout:/usr/bin/ceph: stderr
2024-09-15T23:24:43.757+0000 7f2088a00640 1 -- 172.21.15.63:0/1936956804 <== mon.0 v2:172.21.15.63:3300/0 2 ==== config(29 keys) ==== 1178+0+0 (secure 0 0 0) 0x7f2074032570 con 0x7f2084107a10
2024-09-15T23:24:44.672 INFO:teuthology.orchestra.run.smithi063.stdout:/usr/bin/ceph: stderr
2024-09-15T23:24:43.757+0000 7f2088a00640 1 -- 172.21.15.63:0/1936956804 <== mon.0 v2:172.21.15.63:3300/0 3 ==== mon_map magic: 0 ==== 205+0+0 (secure 0 0 0) 0x7f2074037040 con 0x7f2084107a10
2024-09-15T23:24:44.672 INFO:teuthology.orchestra.run.smithi063.stdout:/usr/bin/ceph: stderr
2024-09-15T23:24:43.757+0000 7f2083e00640 1 -- 172.21.15.63:0/1936956804 --> [v2:172.21.15.63:3300/0,v1:172.21.15.63:6789/0] -- mon_subscribe({mgrmap=0+}) -- 0x7f208407c290 con 0x7f2084107a10
2024-09-15T23:24:44.672 INFO:teuthology.orchestra.run.smithi063.stdout:/usr/bin/ceph: stderr
2024-09-15T23:24:43.758+0000 7f2083e00640 1 -- 172.21.15.63:0/1936956804 --> [v2:172.21.15.63:3300/0,v1:172.21.15.63:6789/0] -- mon_subscribe({osdmap=0}) -- 0x7f208407c7d0 con 0x7f2084107a10
2024-09-15T23:24:44.672 INFO:teuthology.orchestra.run.smithi063.stdout:/usr/bin/ceph: stderr
2024-09-15T23:24:43.758+0000 7f2088a00640 1 -- 172.21.15.63:0/1936956804 <== mon.0 v2:172.21.15.63:3300/0 4 ==== mgrmap(e 4) ==== 46450+0+0 (secure 0 0 0) 0x7f2074045070 con 0x7f2084107a10
2024-09-15T23:24:44.672 INFO:teuthology.orchestra.run.smithi063.stdout:/usr/bin/ceph: stderr
2024-09-15T23:24:43.759+0000 7f2083e00640 1 -- 172.21.15.63:0/1936956804 --> [v2:172.21.15.63:3300/0,v1:172.21.15.63:6789/0] -- mon_command({"prefix": "get_command_descriptions"} v 0) -- 0x7f2084107e90 con 0x7f2084107a10
2024-09-15T23:24:44.672 INFO:teuthology.orchestra.run.smithi063.stdout:/usr/bin/ceph: stderr
2024-09-15T23:24:43.759+0000 7f2088a00640 1 --2- 172.21.15.63:0/1936956804 >> [v2:172.21.15.63:6800/4158281141,v1:172.21.15.63:6801/4158281141] conn(0x7f2068039160 0x7f206803b620 unknown :-1 s=NONE pgs=0 cs=0 l=1 rev1=0 crypto rx=0 tx=0 comp rx=0 tx=0).connect
2024-09-15T23:24:44.672 INFO:teuthology.orchestra.run.smithi063.stdout:/usr/bin/ceph: stderr
2024-09-15T23:24:43.759+0000 7f2088a00640 1 -- 172.21.15.63:0/1936956804 <== mon.0 v2:172.21.15.63:3300/0 5 ==== osd_map(1..1 src has 1..1) ==== 725+0+0 (secure 0 0 0) 0x7f207406c0f0 con 0x7f2084107a10
2024-09-15T23:24:44.673 INFO:teuthology.orchestra.run.smithi063.stdout:/usr/bin/ceph: stderr
2024-09-15T23:24:43.759+0000 7f207a000640 1 --2- 172.21.15.63:0/1936956804 >> [v2:172.21.15.63:6800/4158281141,v1:172.21.15.63:6801/4158281141] conn(0x7f2068039160 0x7f206803b620 unknown :-1 s=BANNER_CONNECTING pgs=0 cs=0 l=1 rev1=0 crypto rx=0 tx=0 comp rx=0 tx=0)._handle_peer_banner_payload supported=3 required=0
2024-09-15T23:24:44.673 INFO:teuthology.orchestra.run.smithi063.stdout:/usr/bin/ceph: stderr
2024-09-15T23:24:43.760+0000 7f207a000640 1 --2- 172.21.15.63:0/1936956804 >> [v2:172.21.15.63:6800/4158281141,v1:172.21.15.63:6801/4158281141] conn(0x7f2068039160 0x7f206803b620 secure :-1 s=READY pgs=8 cs=0 l=1 rev1=1 crypto rx=0x7f206c0098c0 tx=0x7f206c006db0 comp rx=0 tx=0).ready entity=mgr.14100 client_cookie=0 server_cookie=0 in_seq=0 out_seq=0
2024-09-15T23:24:44.673 INFO:teuthology.orchestra.run.smithi063.stdout:/usr/bin/ceph: stderr
2024-09-15T23:24:43.764+0000 7f2088a00640 1 -- 172.21.15.63:0/1936956804 <== mon.0 v2:172.21.15.63:3300/0 6 ==== mon_command_ack([{"prefix": "get_command_descriptions"}]=0 v0) ==== 72+0+188821 (secure 0 0 0) 0x7f207403dbf0 con 0x7f2084107a10
2024-09-15T23:24:44.673 INFO:teuthology.orchestra.run.smithi063.stdout:/usr/bin/ceph: stderr
2024-09-15T23:24:43.995+0000 7f2083e00640 1 -- 172.21.15.63:0/1936956804 --> [v2:172.21.15.63:3300/0,v1:172.21.15.63:6789/0] -- mon_command({"prefix": "mgr module enable", "module": "cephadm"} v 0) -- 0x7f2084195500 con 0x7f2084107a10
2024-09-15T23:24:44.673 INFO:teuthology.orchestra.run.smithi063.stdout:/usr/bin/ceph: stderr
2024-09-15T23:24:44.047+0000 7f2088a00640 1 -- 172.21.15.63:0/1936956804 <== mon.0 v2:172.21.15.63:3300/0 7 ==== mon_command_ack([{"prefix": "mgr module enable", "module": "cephadm"}]=0 v5) ==== 86+0+0 (secure 0 0 0) 0x7f207406bb10 con 0x7f2084107a10
2024-09-15T23:24:44.673 INFO:teuthology.orchestra.run.smithi063.stdout:/usr/bin/ceph: stderr
2024-09-15T23:24:44.048+0000 7f2088a00640 1 -- 172.21.15.63:0/1936956804 <== mon.0 v2:172.21.15.63:3300/0 8 ==== mgrmap(e 5) ==== 46461+0+0 (secure 0 0 0) 0x7f207403c8b0 con 0x7f2084107a10
2024-09-15T23:24:44.673 INFO:teuthology.orchestra.run.smithi063.stdout:/usr/bin/ceph: stderr
2024-09-15T23:24:44.050+0000 7f2083e00640 1 -- 172.21.15.63:0/1936956804 >> [v2:172.21.15.63:6800/4158281141,v1:172.21.15.63:6801/4158281141] conn(0x7f2068039160 msgr2=0x7f206803b620 secure :-1 s=STATE_CONNECTION_ESTABLISHED l=1).mark_down
2024-09-15T23:24:44.673 INFO:teuthology.orchestra.run.smithi063.stdout:/usr/bin/ceph: stderr
2024-09-15T23:24:44.050+0000 7f2083e00640 1 --2- 172.21.15.63:0/1936956804 >> [v2:172.21.15.63:6800/4158281141,v1:172.21.15.63:6801/4158281141] conn(0x7f2068039160 0x7f206803b620 secure :-1 s=READY pgs=8 cs=0 l=1 rev1=1 crypto rx=0x7f206c0098c0 tx=0x7f206c006db0 comp rx=0 tx=0).stop
2024-09-15T23:24:44.673 INFO:teuthology.orchestra.run.smithi063.stdout:/usr/bin/ceph: stderr
2024-09-15T23:24:44.050+0000 7f2083e00640 1 -- 172.21.15.63:0/1936956804 >> [v2:172.21.15.63:3300/0,v1:172.21.15.63:6789/0] conn(0x7f2084107a10 msgr2=0x7f208407db60 secure :-1 s=STATE_CONNECTION_ESTABLISHED l=1).mark_down
2024-09-15T23:24:44.673 INFO:teuthology.orchestra.run.smithi063.stdout:/usr/bin/ceph: stderr
2024-09-15T23:24:44.050+0000 7f2083e00640 1 --2- 172.21.15.63:0/1936956804 >> [v2:172.21.15.63:3300/0,v1:172.21.15.63:6789/0] conn(0x7f2084107a10 0x7f208407db60 secure :-1 s=READY pgs=23 cs=0 l=1 rev1=1 crypto rx=0x7f2074032e60 tx=0x7f2074032e90 comp rx=0 tx=0).stop
2024-09-15T23:24:44.673 INFO:teuthology.orchestra.run.smithi063.stdout:/usr/bin/ceph: stderr
2024-09-15T23:24:44.051+0000 7f2083e00640 1 -- 172.21.15.63:0/1936956804 shutdown_connections
2024-09-15T23:24:44.673 INFO:teuthology.orchestra.run.smithi063.stdout:/usr/bin/ceph: stderr
2024-09-15T23:24:44.051+0000 7f2083e00640 1 --2- 172.21.15.63:0/1936956804 >> [v2:172.21.15.63:6800/4158281141,v1:172.21.15.63:6801/4158281141] conn(0x7f2068039160 0x7f206803b620 unknown :-1 s=CLOSED pgs=8 cs=0 l=1 rev1=1 crypto rx=0 tx=0 comp rx=0 tx=0).stop
2024-09-15T23:24:44.674 INFO:teuthology.orchestra.run.smithi063.stdout:/usr/bin/ceph: stderr
2024-09-15T23:24:44.051+0000 7f2083e00640 1 --2- 172.21.15.63:0/1936956804 >> [v2:172.21.15.63:3300/0,v1:172.21.15.63:6789/0] conn(0x7f2084107a10 0x7f208407db60 unknown :-1 s=CLOSED pgs=23 cs=0 l=1 rev1=1 crypto rx=0 tx=0 comp rx=0 tx=0).stop
2024-09-15T23:24:44.674 INFO:teuthology.orchestra.run.smithi063.stdout:/usr/bin/ceph: stderr
2024-09-15T23:24:44.051+0000 7f2083e00640 1 -- 172.21.15.63:0/1936956804 >> 172.21.15.63:0/1936956804 conn(0x7f20841031c0 msgr2=0x7f2084103f20 unknown :-1 s=STATE_NONE l=0).mark_down
2024-09-15T23:24:44.674 INFO:teuthology.orchestra.run.smithi063.stdout:/usr/bin/ceph: stderr
2024-09-15T23:24:44.051+0000 7f2083e00640 1 -- 172.21.15.63:0/1936956804 shutdown_connections
2024-09-15T23:24:44.674 INFO:teuthology.orchestra.run.smithi063.stdout:/usr/bin/ceph: stderr
2024-09-15T23:24:44.051+0000 7f2083e00640 1 -- 172.21.15.63:0/1936956804 wait complete.
2024-09-15T23:24:44.807 INFO:journalctl@ceph.mgr.x.smithi063.stdout:Sep 15 23:24:44 smithi063 ceph-7b6308d2-73b9-11ef-bceb-c7b262605968-mgr-x[30689]:
2024-09-15T23:24:44.628+0000 7fb1a5a51040 -1 mgr[py] Module crash has missing NOTIFY_TYPES member
2024-09-15T23:24:45.074 INFO:journalctl@ceph.mon.a.smithi063.stdout:Sep 15 23:24:45 smithi063 ceph-mon[30465]: from='client.? 172.21.15.63:0/1936956804' entity='client.admin' cmd='[{"prefix": "mgr module enable", "module": "cephadm"}]': finished
2024-09-15T23:24:45.075 INFO:journalctl@ceph.mon.a.smithi063.stdout:Sep 15 23:24:45 smithi063 ceph-mon[30465]: mgrmap e5: x(active, since 7s)
2024-09-15T23:24:45.075 INFO:journalctl@ceph.mgr.x.smithi063.stdout:Sep 15 23:24:44 smithi063 ceph-7b6308d2-73b9-11ef-bceb-c7b262605968-mgr-x[30689]:
2024-09-15T23:24:44.812+0000 7fb1a5a51040 -1 mgr[py] Module test_orchestrator has missing NOTIFY_TYPES member
2024-09-15T23:24:45.075 INFO:journalctl@ceph.mgr.x.smithi063.stdout:Sep 15 23:24:44 smithi063 ceph-7b6308d2-73b9-11ef-bceb-c7b262605968-mgr-x[30689]:
2024-09-15T23:24:44.989+0000 7fb1a5a51040 -1 mgr[py] Module snap_schedule has missing NOTIFY_TYPES member
2024-09-15T23:24:45.680 INFO:journalctl@ceph.mgr.x.smithi063.stdout:Sep 15 23:24:45 smithi063 ceph-7b6308d2-73b9-11ef-bceb-c7b262605968-mgr-x[30689]:
2024-09-15T23:24:45.375+0000 7fb1a5a51040 -1 mgr[py] Module prometheus has missing NOTIFY_TYPES member
2024-09-15T23:24:45.680 INFO:journalctl@ceph.mgr.x.smithi063.stdout:Sep 15 23:24:45 smithi063 ceph-7b6308d2-73b9-11ef-bceb-c7b262605968-mgr-x[30689]:
2024-09-15T23:24:45.451+0000 7fb1a5a51040 -1 mgr[py] Module selftest has missing NOTIFY_TYPES member
2024-09-15T23:24:46.054 INFO:journalctl@ceph.mgr.x.smithi063.stdout:Sep 15 23:24:45 smithi063 ceph-7b6308d2-73b9-11ef-bceb-c7b262605968-mgr-x[30689]:
2024-09-15T23:24:45.678+0000 7fb1a5a51040 -1 mgr[py] Module volumes has missing NOTIFY_TYPES member
2024-09-15T23:24:46.073 INFO:teuthology.orchestra.run.smithi063.stdout:/usr/bin/ceph: stdout {
2024-09-15T23:24:46.073 INFO:teuthology.orchestra.run.smithi063.stdout:/usr/bin/ceph: stdout "epoch": 5,
2024-09-15T23:24:46.073 INFO:teuthology.orchestra.run.smithi063.stdout:/usr/bin/ceph: stdout "available": true,
2024-09-15T23:24:46.073 INFO:teuthology.orchestra.run.smithi063.stdout:/usr/bin/ceph: stdout "active_name": "x",
2024-09-15T23:24:46.073 INFO:teuthology.orchestra.run.smithi063.stdout:/usr/bin/ceph: stdout "num_standby": 0
2024-09-15T23:24:46.073 INFO:teuthology.orchestra.run.smithi063.stdout:/usr/bin/ceph: stdout }
2024-09-15T23:24:46.074 INFO:teuthology.orchestra.run.smithi063.stdout:/usr/bin/ceph: stderr
2024-09-15T23:24:45.181+0000 7f27f8e00640 1 Processor -- start
2024-09-15T23:24:46.074 INFO:teuthology.orchestra.run.smithi063.stdout:/usr/bin/ceph: stderr
2024-09-15T23:24:45.181+0000 7f27f8e00640 1 -- start start
2024-09-15T23:24:46.074 INFO:teuthology.orchestra.run.smithi063.stdout:/usr/bin/ceph: stderr
2024-09-15T23:24:45.182+0000 7f27f8e00640 1 --2- >> [v2:172.21.15.63:3300/0,v1:172.21.15.63:6789/0] conn(0x7f27f4109da0 0x7f27f410a1a0 unknown :-1 s=NONE pgs=0 cs=0 l=0 rev1=0 crypto rx=0 tx=0 comp rx=0 tx=0).connect
2024-09-15T23:24:46.074 INFO:teuthology.orchestra.run.smithi063.stdout:/usr/bin/ceph: stderr
2024-09-15T23:24:45.182+0000 7f27f8e00640 1 -- --> [v2:172.21.15.63:3300/0,v1:172.21.15.63:6789/0] -- mon_getmap magic: 0 -- 0x7f27f410a770 con 0x7f27f4109da0
2024-09-15T23:24:46.074 INFO:teuthology.orchestra.run.smithi063.stdout:/usr/bin/ceph: stderr
2024-09-15T23:24:45.182+0000 7f27f1e00640 1 --2- >> [v2:172.21.15.63:3300/0,v1:172.21.15.63:6789/0] conn(0x7f27f4109da0 0x7f27f410a1a0 unknown :-1 s=BANNER_CONNECTING pgs=0 cs=0 l=0 rev1=0 crypto rx=0 tx=0 comp rx=0 tx=0)._handle_peer_banner_payload supported=3 required=0
2024-09-15T23:24:46.074 INFO:teuthology.orchestra.run.smithi063.stdout:/usr/bin/ceph: stderr
2024-09-15T23:24:45.182+0000 7f27f1e00640 1 --2- >> [v2:172.21.15.63:3300/0,v1:172.21.15.63:6789/0] conn(0x7f27f4109da0 0x7f27f410a1a0 unknown :-1 s=HELLO_CONNECTING pgs=0 cs=0 l=0 rev1=1 crypto rx=0 tx=0 comp rx=0 tx=0).handle_hello peer v2:172.21.15.63:3300/0 says I am v2:172.21.15.63:55258/0 (socket says 172.21.15.63:55258)
2024-09-15T23:24:46.074 INFO:teuthology.orchestra.run.smithi063.stdout:/usr/bin/ceph: stderr
2024-09-15T23:24:45.182+0000 7f27f1e00640 1 -- 172.21.15.63:0/1894133894 learned_addr learned my addr 172.21.15.63:0/1894133894 (peer_addr_for_me v2:172.21.15.63:0/0)
2024-09-15T23:24:46.074 INFO:teuthology.orchestra.run.smithi063.stdout:/usr/bin/ceph: stderr
2024-09-15T23:24:45.183+0000 7f27f1e00640 1 -- 172.21.15.63:0/1894133894 --> [v2:172.21.15.63:3300/0,v1:172.21.15.63:6789/0] -- mon_subscribe({config=0+,monmap=0+}) -- 0x7f27f410af50 con 0x7f27f4109da0
2024-09-15T23:24:46.074 INFO:teuthology.orchestra.run.smithi063.stdout:/usr/bin/ceph: stderr
2024-09-15T23:24:45.184+0000 7f27f1e00640 1 --2- 172.21.15.63:0/1894133894 >> [v2:172.21.15.63:3300/0,v1:172.21.15.63:6789/0] conn(0x7f27f4109da0 0x7f27f410a1a0 secure :-1 s=READY pgs=26 cs=0 l=1 rev1=1 crypto rx=0x7f27e4009820 tx=0x7f27e402a270 comp rx=0 tx=0).ready entity=mon.0 client_cookie=5219582f3374e565 server_cookie=0 in_seq=0 out_seq=0
2024-09-15T23:24:46.074 INFO:teuthology.orchestra.run.smithi063.stdout:/usr/bin/ceph: stderr
2024-09-15T23:24:45.184+0000 7f27f0a00640 1 -- 172.21.15.63:0/1894133894 <== mon.0 v2:172.21.15.63:3300/0 1 ==== mon_map magic: 0 ==== 205+0+0 (secure 0 0 0) 0x7f27e4037070 con 0x7f27f4109da0
2024-09-15T23:24:46.074 INFO:teuthology.orchestra.run.smithi063.stdout:/usr/bin/ceph: stderr
2024-09-15T23:24:45.184+0000 7f27f0a00640 1 -- 172.21.15.63:0/1894133894 <== mon.0 v2:172.21.15.63:3300/0 2 ==== config(29 keys) ==== 1178+0+0 (secure 0 0 0) 0x7f27e4032940 con 0x7f27f4109da0
2024-09-15T23:24:46.074 INFO:teuthology.orchestra.run.smithi063.stdout:/usr/bin/ceph: stderr
2024-09-15T23:24:45.184+0000 7f27f0a00640 1 -- 172.21.15.63:0/1894133894 <== mon.0 v2:172.21.15.63:3300/0 3 ==== mon_map magic: 0 ==== 205+0+0 (secure 0 0 0) 0x7f27e40309c0 con 0x7f27f4109da0
2024-09-15T23:24:46.074 INFO:teuthology.orchestra.run.smithi063.stdout:/usr/bin/ceph: stderr
2024-09-15T23:24:45.185+0000 7f27f8e00640 1 -- 172.21.15.63:0/1894133894 >> [v2:172.21.15.63:3300/0,v1:172.21.15.63:6789/0] conn(0x7f27f4109da0 msgr2=0x7f27f410a1a0 secure :-1 s=STATE_CONNECTION_ESTABLISHED l=1).mark_down
2024-09-15T23:24:46.075 INFO:teuthology.orchestra.run.smithi063.stdout:/usr/bin/ceph: stderr
2024-09-15T23:24:45.185+0000 7f27f8e00640 1 --2- 172.21.15.63:0/1894133894 >> [v2:172.21.15.63:3300/0,v1:172.21.15.63:6789/0] conn(0x7f27f4109da0 0x7f27f410a1a0 secure :-1 s=READY pgs=26 cs=0 l=1 rev1=1 crypto rx=0x7f27e4009820 tx=0x7f27e402a270 comp rx=0 tx=0).stop
2024-09-15T23:24:46.075 INFO:teuthology.orchestra.run.smithi063.stdout:/usr/bin/ceph: stderr
2024-09-15T23:24:45.185+0000 7f27f8e00640 1 -- 172.21.15.63:0/1894133894 shutdown_connections
2024-09-15T23:24:46.075 INFO:teuthology.orchestra.run.smithi063.stdout:/usr/bin/ceph: stderr
2024-09-15T23:24:45.185+0000 7f27f8e00640 1 --2- 172.21.15.63:0/1894133894 >> [v2:172.21.15.63:3300/0,v1:172.21.15.63:6789/0] conn(0x7f27f4109da0 0x7f27f410a1a0 unknown :-1 s=CLOSED pgs=26 cs=0 l=1 rev1=1 crypto rx=0 tx=0 comp rx=0 tx=0).stop
2024-09-15T23:24:46.075 INFO:teuthology.orchestra.run.smithi063.stdout:/usr/bin/ceph: stderr
2024-09-15T23:24:45.185+0000 7f27f8e00640 1 -- 172.21.15.63:0/1894133894 >> 172.21.15.63:0/1894133894 conn(0x7f27f407d430 msgr2=0x7f27f407d840 unknown :-1 s=STATE_NONE l=0).mark_down
2024-09-15T23:24:46.075 INFO:teuthology.orchestra.run.smithi063.stdout:/usr/bin/ceph: stderr
2024-09-15T23:24:45.185+0000 7f27f8e00640 1 -- 172.21.15.63:0/1894133894 shutdown_connections
2024-09-15T23:24:46.075 INFO:teuthology.orchestra.run.smithi063.stdout:/usr/bin/ceph: stderr
2024-09-15T23:24:45.185+0000 7f27f8e00640 1 -- 172.21.15.63:0/1894133894 wait complete.
2024-09-15T23:24:46.075 INFO:teuthology.orchestra.run.smithi063.stdout:/usr/bin/ceph: stderr
2024-09-15T23:24:45.186+0000 7f27f8e00640 1 Processor -- start
2024-09-15T23:24:46.075 INFO:teuthology.orchestra.run.smithi063.stdout:/usr/bin/ceph: stderr
2024-09-15T23:24:45.186+0000 7f27f8e00640 1 -- start start
2024-09-15T23:24:46.075 INFO:teuthology.orchestra.run.smithi063.stdout:/usr/bin/ceph: stderr
2024-09-15T23:24:45.187+0000 7f27f8e00640 1 --2- >> [v2:172.21.15.63:3300/0,v1:172.21.15.63:6789/0] conn(0x7f27f4109da0 0x7f27f419e0d0 unknown :-1 s=NONE pgs=0 cs=0 l=1 rev1=0 crypto rx=0 tx=0 comp rx=0 tx=0).connect
2024-09-15T23:24:46.075 INFO:teuthology.orchestra.run.smithi063.stdout:/usr/bin/ceph: stderr
2024-09-15T23:24:45.187+0000 7f27f8e00640 1 -- --> [v2:172.21.15.63:3300/0,v1:172.21.15.63:6789/0] -- mon_getmap magic: 0 -- 0x7f27f410e300 con 0x7f27f4109da0
2024-09-15T23:24:46.075 INFO:teuthology.orchestra.run.smithi063.stdout:/usr/bin/ceph: stderr
2024-09-15T23:24:45.187+0000 7f27f1e00640 1 --2- >> [v2:172.21.15.63:3300/0,v1:172.21.15.63:6789/0] conn(0x7f27f4109da0 0x7f27f419e0d0 unknown :-1 s=BANNER_CONNECTING pgs=0 cs=0 l=1 rev1=0 crypto rx=0 tx=0 comp rx=0 tx=0)._handle_peer_banner_payload supported=3 required=0
2024-09-15T23:24:46.075 INFO:teuthology.orchestra.run.smithi063.stdout:/usr/bin/ceph: stderr
2024-09-15T23:24:45.187+0000 7f27f1e00640 1 --2- >> [v2:172.21.15.63:3300/0,v1:172.21.15.63:6789/0] conn(0x7f27f4109da0 0x7f27f419e0d0 unknown :-1 s=HELLO_CONNECTING pgs=0 cs=0 l=1 rev1=1 crypto rx=0 tx=0 comp rx=0 tx=0).handle_hello peer v2:172.21.15.63:3300/0 says I am v2:172.21.15.63:55274/0 (socket says 172.21.15.63:55274)
2024-09-15T23:24:46.075 INFO:teuthology.orchestra.run.smithi063.stdout:/usr/bin/ceph: stderr
2024-09-15T23:24:45.187+0000 7f27f1e00640 1 -- 172.21.15.63:0/3747771867 learned_addr learned my addr 172.21.15.63:0/3747771867 (peer_addr_for_me v2:172.21.15.63:0/0)
2024-09-15T23:24:46.076 INFO:teuthology.orchestra.run.smithi063.stdout:/usr/bin/ceph: stderr
2024-09-15T23:24:45.187+0000 7f27f1e00640 1 -- 172.21.15.63:0/3747771867 --> [v2:172.21.15.63:3300/0,v1:172.21.15.63:6789/0] -- mon_subscribe({config=0+,monmap=0+}) -- 0x7f27f419e610 con 0x7f27f4109da0
2024-09-15T23:24:46.076 INFO:teuthology.orchestra.run.smithi063.stdout:/usr/bin/ceph: stderr
2024-09-15T23:24:45.188+0000 7f27f1e00640 1 --2- 172.21.15.63:0/3747771867 >> [v2:172.21.15.63:3300/0,v1:172.21.15.63:6789/0] conn(0x7f27f4109da0 0x7f27f419e0d0 secure :-1 s=READY pgs=27 cs=0 l=1 rev1=1 crypto rx=0x7f27e40097f0 tx=0x7f27e4032e60 comp rx=0 tx=0).ready entity=mon.0 client_cookie=0 server_cookie=0 in_seq=0 out_seq=0
2024-09-15T23:24:46.076 INFO:teuthology.orchestra.run.smithi063.stdout:/usr/bin/ceph: stderr
2024-09-15T23:24:45.188+0000 7f27eaa00640 1 -- 172.21.15.63:0/3747771867 <== mon.0 v2:172.21.15.63:3300/0 1 ==== mon_map magic: 0 ==== 205+0+0 (secure 0 0 0) 0x7f27e4042070 con 0x7f27f4109da0
2024-09-15T23:24:46.076 INFO:teuthology.orchestra.run.smithi063.stdout:/usr/bin/ceph: stderr
2024-09-15T23:24:45.188+0000 7f27eaa00640 1 -- 172.21.15.63:0/3747771867 <== mon.0 v2:172.21.15.63:3300/0 2 ==== config(29 keys) ==== 1178+0+0 (secure 0 0 0) 0x7f27e40325f0 con 0x7f27f4109da0
2024-09-15T23:24:46.076 INFO:teuthology.orchestra.run.smithi063.stdout:/usr/bin/ceph: stderr
2024-09-15T23:24:45.188+0000 7f27f8e00640 1 -- 172.21.15.63:0/3747771867 --> [v2:172.21.15.63:3300/0,v1:172.21.15.63:6789/0] -- mon_subscribe({mgrmap=0+}) -- 0x7f27f419e8a0 con 0x7f27f4109da0
2024-09-15T23:24:46.076 INFO:teuthology.orchestra.run.smithi063.stdout:/usr/bin/ceph: stderr
2024-09-15T23:24:45.188+0000 7f27eaa00640 1 -- 172.21.15.63:0/3747771867 <== mon.0 v2:172.21.15.63:3300/0 3 ==== mon_map magic: 0 ==== 205+0+0 (secure 0 0 0) 0x7f27e4037040 con 0x7f27f4109da0
2024-09-15T23:24:46.076 INFO:teuthology.orchestra.run.smithi063.stdout:/usr/bin/ceph: stderr
2024-09-15T23:24:45.188+0000 7f27f8e00640 1 -- 172.21.15.63:0/3747771867 --> [v2:172.21.15.63:3300/0,v1:172.21.15.63:6789/0] -- mon_subscribe({osdmap=0}) -- 0x7f27f41a1590 con 0x7f27f4109da0
2024-09-15T23:24:46.076 INFO:teuthology.orchestra.run.smithi063.stdout:/usr/bin/ceph: stderr
2024-09-15T23:24:45.189+0000 7f27eaa00640 1 -- 172.21.15.63:0/3747771867 <== mon.0 v2:172.21.15.63:3300/0 4 ==== mgrmap(e 5) ==== 46461+0+0 (secure 0 0 0) 0x7f27e4045070 con 0x7f27f4109da0
2024-09-15T23:24:46.076 INFO:teuthology.orchestra.run.smithi063.stdout:/usr/bin/ceph: stderr
2024-09-15T23:24:45.189+0000 7f27f8e00640 1 -- 172.21.15.63:0/3747771867 --> [v2:172.21.15.63:3300/0,v1:172.21.15.63:6789/0] -- mon_command({"prefix": "get_command_descriptions"} v 0) -- 0x7f27f410a220 con 0x7f27f4109da0
2024-09-15T23:24:46.076 INFO:teuthology.orchestra.run.smithi063.stdout:/usr/bin/ceph: stderr
2024-09-15T23:24:45.190+0000 7f27eaa00640 1 --2- 172.21.15.63:0/3747771867 >> [v2:172.21.15.63:6800/4158281141,v1:172.21.15.63:6801/4158281141] conn(0x7f27d8039200 0x7f27d803b6c0 unknown :-1 s=NONE pgs=0 cs=0 l=1 rev1=0 crypto rx=0 tx=0 comp rx=0 tx=0).connect
2024-09-15T23:24:46.076 INFO:teuthology.orchestra.run.smithi063.stdout:/usr/bin/ceph: stderr
2024-09-15T23:24:45.190+0000 7f27eaa00640 1 -- 172.21.15.63:0/3747771867 <== mon.0 v2:172.21.15.63:3300/0 5 ==== osd_map(1..1 src has 1..1) ==== 725+0+0 (secure 0 0 0) 0x7f27e406c1d0 con 0x7f27f4109da0
2024-09-15T23:24:46.077 INFO:teuthology.orchestra.run.smithi063.stdout:/usr/bin/ceph: stderr
2024-09-15T23:24:45.190+0000 7f27f1400640 1 -- 172.21.15.63:0/3747771867 >> [v2:172.21.15.63:6800/4158281141,v1:172.21.15.63:6801/4158281141] conn(0x7f27d8039200 msgr2=0x7f27d803b6c0 unknown :-1 s=STATE_CONNECTING_RE l=1).process reconnect failed to v2:172.21.15.63:6800/4158281141
2024-09-15T23:24:46.077 INFO:teuthology.orchestra.run.smithi063.stdout:/usr/bin/ceph: stderr
2024-09-15T23:24:45.190+0000 7f27f1400640 1 --2- 172.21.15.63:0/3747771867 >> [v2:172.21.15.63:6800/4158281141,v1:172.21.15.63:6801/4158281141] conn(0x7f27d8039200 0x7f27d803b6c0 unknown :-1 s=START_CONNECT pgs=0 cs=0 l=1 rev1=0 crypto rx=0 tx=0 comp rx=0 tx=0)._fault waiting 0.200000
2024-09-15T23:24:46.077 INFO:teuthology.orchestra.run.smithi063.stdout:/usr/bin/ceph: stderr
2024-09-15T23:24:45.195+0000 7f27eaa00640 1 -- 172.21.15.63:0/3747771867 <== mon.0 v2:172.21.15.63:3300/0 6 ==== mon_command_ack([{"prefix": "get_command_descriptions"}]=0 v0) ==== 72+0+188821 (secure 0 0 0) 0x7f27e403ce10 con 0x7f27f4109da0
2024-09-15T23:24:46.077 INFO:teuthology.orchestra.run.smithi063.stdout:/usr/bin/ceph: stderr
2024-09-15T23:24:45.391+0000 7f27f1400640 1 -- 172.21.15.63:0/3747771867 >> [v2:172.21.15.63:6800/4158281141,v1:172.21.15.63:6801/4158281141] conn(0x7f27d8039200 msgr2=0x7f27d803b6c0 unknown :-1 s=STATE_CONNECTING_RE l=1).process reconnect failed to v2:172.21.15.63:6800/4158281141
2024-09-15T23:24:46.077 INFO:teuthology.orchestra.run.smithi063.stdout:/usr/bin/ceph: stderr
2024-09-15T23:24:45.391+0000 7f27f1400640 1 --2- 172.21.15.63:0/3747771867 >> [v2:172.21.15.63:6800/4158281141,v1:172.21.15.63:6801/4158281141] conn(0x7f27d8039200 0x7f27d803b6c0 unknown :-1 s=START_CONNECT pgs=0 cs=0 l=1 rev1=0 crypto rx=0 tx=0 comp rx=0 tx=0)._fault waiting 0.400000
2024-09-15T23:24:46.077 INFO:teuthology.orchestra.run.smithi063.stdout:/usr/bin/ceph: stderr
2024-09-15T23:24:45.429+0000 7f27f8e00640 1 -- 172.21.15.63:0/3747771867 --> [v2:172.21.15.63:3300/0,v1:172.21.15.63:6789/0] -- mon_command({"prefix": "mgr stat"} v 0) -- 0x7f27f402d7c0 con 0x7f27f4109da0
2024-09-15T23:24:46.077 INFO:teuthology.orchestra.run.smithi063.stdout:/usr/bin/ceph: stderr
2024-09-15T23:24:45.430+0000 7f27eaa00640 1 -- 172.21.15.63:0/3747771867 <== mon.0 v2:172.21.15.63:3300/0 7 ==== mon_command_ack([{"prefix": "mgr stat"}]=0 v5) ==== 56+0+88 (secure 0 0 0) 0x7f27e406bbf0 con 0x7f27f4109da0
2024-09-15T23:24:46.077 INFO:teuthology.orchestra.run.smithi063.stdout:/usr/bin/ceph: stderr
2024-09-15T23:24:45.432+0000 7f27f8e00640 1 -- 172.21.15.63:0/3747771867 >> [v2:172.21.15.63:6800/4158281141,v1:172.21.15.63:6801/4158281141] conn(0x7f27d8039200 msgr2=0x7f27d803b6c0 unknown :-1 s=STATE_CONNECTING l=1).mark_down
2024-09-15T23:24:46.077 INFO:teuthology.orchestra.run.smithi063.stdout:/usr/bin/ceph: stderr
2024-09-15T23:24:45.432+0000 7f27f8e00640 1 --2- 172.21.15.63:0/3747771867 >> [v2:172.21.15.63:6800/4158281141,v1:172.21.15.63:6801/4158281141] conn(0x7f27d8039200 0x7f27d803b6c0 unknown :-1 s=START_CONNECT pgs=0 cs=0 l=1 rev1=0 crypto rx=0 tx=0 comp rx=0 tx=0).stop
2024-09-15T23:24:46.077 INFO:teuthology.orchestra.run.smithi063.stdout:/usr/bin/ceph: stderr
2024-09-15T23:24:45.432+0000 7f27f8e00640 1 -- 172.21.15.63:0/3747771867 >> [v2:172.21.15.63:3300/0,v1:172.21.15.63:6789/0] conn(0x7f27f4109da0 msgr2=0x7f27f419e0d0 secure :-1 s=STATE_CONNECTION_ESTABLISHED l=1).mark_down
2024-09-15T23:24:46.077 INFO:teuthology.orchestra.run.smithi063.stdout:/usr/bin/ceph: stderr
2024-09-15T23:24:45.432+0000 7f27f8e00640 1 --2- 172.21.15.63:0/3747771867 >> [v2:172.21.15.63:3300/0,v1:172.21.15.63:6789/0] conn(0x7f27f4109da0 0x7f27f419e0d0 secure :-1 s=READY pgs=27 cs=0 l=1 rev1=1 crypto rx=0x7f27e40097f0 tx=0x7f27e4032e60 comp rx=0 tx=0).stop
2024-09-15T23:24:46.077 INFO:teuthology.orchestra.run.smithi063.stdout:/usr/bin/ceph: stderr
2024-09-15T23:24:45.432+0000 7f27f8e00640 1 -- 172.21.15.63:0/3747771867 shutdown_connections
2024-09-15T23:24:46.077 INFO:teuthology.orchestra.run.smithi063.stdout:/usr/bin/ceph: stderr
2024-09-15T23:24:45.432+0000 7f27f8e00640 1 --2- 172.21.15.63:0/3747771867 >> [v2:172.21.15.63:6800/4158281141,v1:172.21.15.63:6801/4158281141] conn(0x7f27d8039200 0x7f27d803b6c0 unknown :-1 s=CLOSED pgs=0 cs=0 l=1 rev1=0 crypto rx=0 tx=0 comp rx=0 tx=0).stop
2024-09-15T23:24:46.078 INFO:teuthology.orchestra.run.smithi063.stdout:/usr/bin/ceph: stderr
2024-09-15T23:24:45.432+0000 7f27f8e00640 1 --2- 172.21.15.63:0/3747771867 >> [v2:172.21.15.63:3300/0,v1:172.21.15.63:6789/0] conn(0x7f27f4109da0 0x7f27f419e0d0 unknown :-1 s=CLOSED pgs=27 cs=0 l=1 rev1=1 crypto rx=0 tx=0 comp rx=0 tx=0).stop
2024-09-15T23:24:46.078 INFO:teuthology.orchestra.run.smithi063.stdout:/usr/bin/ceph: stderr
2024-09-15T23:24:45.432+0000 7f27f8e00640 1 -- 172.21.15.63:0/3747771867 >> 172.21.15.63:0/3747771867 conn(0x7f27f407d430 msgr2=0x7f27f4107690 unknown :-1 s=STATE_NONE l=0).mark_down
2024-09-15T23:24:46.078 INFO:teuthology.orchestra.run.smithi063.stdout:/usr/bin/ceph: stderr
2024-09-15T23:24:45.433+0000 7f27f8e00640 1 -- 172.21.15.63:0/3747771867 shutdown_connections
2024-09-15T23:24:46.078 INFO:teuthology.orchestra.run.smithi063.stdout:/usr/bin/ceph: stderr
2024-09-15T23:24:45.433+0000 7f27f8e00640 1 -- 172.21.15.63:0/3747771867 wait complete.
2024-09-15T23:24:46.078 INFO:teuthology.orchestra.run.smithi063.stdout:Waiting for the mgr to restart...
2024-09-15T23:24:46.078 INFO:teuthology.orchestra.run.smithi063.stdout:Waiting for mgr epoch 5...
2024-09-15T23:24:46.353 INFO:journalctl@ceph.mon.a.smithi063.stdout:Sep 15 23:24:46 smithi063 ceph-mon[30465]: from='client.? 172.21.15.63:0/3747771867' entity='client.admin' cmd=[{"prefix": "mgr stat"}]: dispatch
2024-09-15T23:24:46.867 INFO:journalctl@ceph.mgr.x.smithi063.stdout:Sep 15 23:24:46 smithi063 ceph-7b6308d2-73b9-11ef-bceb-c7b262605968-mgr-x[30689]:
2024-09-15T23:24:46.833+0000 7fb1a5a51040 -1 mgr[py] Module telemetry has missing NOTIFY_TYPES member
2024-09-15T23:24:47.206 INFO:journalctl@ceph.mgr.x.smithi063.stdout:Sep 15 23:24:46 smithi063 ceph-7b6308d2-73b9-11ef-bceb-c7b262605968-mgr-x[30689]:
2024-09-15T23:24:46.916+0000 7fb1a5a51040 -1 mgr[py] Module balancer has missing NOTIFY_TYPES member
2024-09-15T23:24:48.117 INFO:journalctl@ceph.mgr.x.smithi063.stdout:Sep 15 23:24:47 smithi063 ceph-7b6308d2-73b9-11ef-bceb-c7b262605968-mgr-x[30689]:
2024-09-15T23:24:47.864+0000 7fb1a5a51040 -1 mgr[py] Module rook has missing NOTIFY_TYPES member
2024-09-15T23:24:48.117 INFO:journalctl@ceph.mgr.x.smithi063.stdout:Sep 15 23:24:48 smithi063 ceph-7b6308d2-73b9-11ef-bceb-c7b262605968-mgr-x[30689]:
2024-09-15T23:24:48.006+0000 7fb1a5a51040 -1 mgr[py] Module iostat has missing NOTIFY_TYPES member
2024-09-15T23:24:48.431 INFO:journalctl@ceph.mgr.x.smithi063.stdout:Sep 15 23:24:48 smithi063 ceph-7b6308d2-73b9-11ef-bceb-c7b262605968-mgr-x[30689]:
2024-09-15T23:24:48.176+0000 7fb1a5a51040 -1 mgr[py] Module orchestrator has missing NOTIFY_TYPES member
2024-09-15T23:24:48.431 INFO:journalctl@ceph.mgr.x.smithi063.stdout:Sep 15 23:24:48 smithi063 ceph-7b6308d2-73b9-11ef-bceb-c7b262605968-mgr-x[30689]:
2024-09-15T23:24:48.252+0000 7fb1a5a51040 -1 mgr[py] Module devicehealth has missing NOTIFY_TYPES member
2024-09-15T23:24:48.431 INFO:journalctl@ceph.mgr.x.smithi063.stdout:Sep 15 23:24:48 smithi063 ceph-7b6308d2-73b9-11ef-bceb-c7b262605968-mgr-x[30689]:
2024-09-15T23:24:48.429+0000 7fb1a5a51040 -1 mgr[py] Module rgw has missing NOTIFY_TYPES member
2024-09-15T23:24:48.778 INFO:journalctl@ceph.mgr.x.smithi063.stdout:Sep 15 23:24:48 smithi063 ceph-7b6308d2-73b9-11ef-bceb-c7b262605968-mgr-x[30689]:
2024-09-15T23:24:48.514+0000 7fb1a5a51040 -1 mgr[py] Module alerts has missing NOTIFY_TYPES member
2024-09-15T23:24:48.778 INFO:journalctl@ceph.mgr.x.smithi063.stdout:Sep 15 23:24:48 smithi063 ceph-7b6308d2-73b9-11ef-bceb-c7b262605968-mgr-x[30689]:
2024-09-15T23:24:48.588+0000 7fb1a5a51040 -1 mgr[py] Module progress has missing NOTIFY_TYPES member
2024-09-15T23:24:48.778 INFO:journalctl@ceph.mgr.x.smithi063.stdout:Sep 15 23:24:48 smithi063 ceph-7b6308d2-73b9-11ef-bceb-c7b262605968-mgr-x[30689]:
2024-09-15T23:24:48.776+0000 7fb1a5a51040 -1 mgr[py] Module nfs has missing NOTIFY_TYPES member
2024-09-15T23:24:49.041 INFO:journalctl@ceph.mgr.x.smithi063.stdout:Sep 15 23:24:48 smithi063 ceph-7b6308d2-73b9-11ef-bceb-c7b262605968-mgr-x[30689]:
2024-09-15T23:24:48.857+0000 7fb1a5a51040 -1 mgr[py] Module status has missing NOTIFY_TYPES member
2024-09-15T23:24:49.041 INFO:journalctl@ceph.mgr.x.smithi063.stdout:Sep 15 23:24:48 smithi063 ceph-7b6308d2-73b9-11ef-bceb-c7b262605968-mgr-x[30689]:
2024-09-15T23:24:48.939+0000 7fb1a5a51040 -1 mgr[py] Module pg_autoscaler has missing NOTIFY_TYPES member
2024-09-15T23:24:49.041 INFO:journalctl@ceph.mgr.x.smithi063.stdout:Sep 15 23:24:49 smithi063 ceph-7b6308d2-73b9-11ef-bceb-c7b262605968-mgr-x[30689]:
2024-09-15T23:24:49.039+0000 7fb1a5a51040 -1 mgr[py] Module rbd_support has missing NOTIFY_TYPES member
2024-09-15T23:24:49.367 INFO:journalctl@ceph.mgr.x.smithi063.stdout:Sep 15 23:24:49 smithi063 ceph-7b6308d2-73b9-11ef-bceb-c7b262605968-mgr-x[30689]:
2024-09-15T23:24:49.113+0000 7fb1a5a51040 -1 mgr[py] Module influx has missing NOTIFY_TYPES member
2024-09-15T23:24:49.367 INFO:journalctl@ceph.mgr.x.smithi063.stdout:Sep 15 23:24:49 smithi063 ceph-7b6308d2-73b9-11ef-bceb-c7b262605968-mgr-x[30689]:
2024-09-15T23:24:49.186+0000 7fb1a5a51040 -1 mgr[py] Module zabbix has missing NOTIFY_TYPES member
2024-09-15T23:24:50.617 INFO:journalctl@ceph.mgr.x.smithi063.stdout:Sep 15 23:24:50 smithi063 ceph-7b6308d2-73b9-11ef-bceb-c7b262605968-mgr-x[30689]:
2024-09-15T23:24:50.140+0000 7fb1a5a51040 -1 mgr[py] Module telegraf has missing NOTIFY_TYPES member
2024-09-15T23:24:50.617 INFO:journalctl@ceph.mon.a.smithi063.stdout:Sep 15 23:24:50 smithi063 ceph-mon[30465]: Active manager daemon x restarted
2024-09-15T23:24:50.618 INFO:journalctl@ceph.mon.a.smithi063.stdout:Sep 15 23:24:50 smithi063 ceph-mon[30465]: Activating manager daemon x
2024-09-15T23:24:50.618 INFO:journalctl@ceph.mon.a.smithi063.stdout:Sep 15 23:24:50 smithi063 ceph-mon[30465]: osdmap e2: 0 total, 0 up, 0 in
2024-09-15T23:24:50.618 INFO:journalctl@ceph.mon.a.smithi063.stdout:Sep 15 23:24:50 smithi063 ceph-mon[30465]: mgrmap e6: x(active, starting, since 0.00421997s)
2024-09-15T23:24:50.618 INFO:journalctl@ceph.mon.a.smithi063.stdout:Sep 15 23:24:50 smithi063 ceph-mon[30465]: from='mgr.14120 172.21.15.63:0/3771293319' entity='mgr.x' cmd=[{"prefix": "mon metadata", "id": "a"}]: dispatch
2024-09-15T23:24:50.618 INFO:journalctl@ceph.mon.a.smithi063.stdout:Sep 15 23:24:50 smithi063 ceph-mon[30465]: from='mgr.14120 172.21.15.63:0/3771293319' entity='mgr.x' cmd=[{"prefix": "mgr metadata", "who": "x", "id": "x"}]: dispatch
2024-09-15T23:24:50.618 INFO:journalctl@ceph.mon.a.smithi063.stdout:Sep 15 23:24:50 smithi063 ceph-mon[30465]: from='mgr.14120 172.21.15.63:0/3771293319' entity='mgr.x' cmd=[{"prefix": "mds metadata"}]: dispatch
2024-09-15T23:24:50.618 INFO:journalctl@ceph.mon.a.smithi063.stdout:Sep 15 23:24:50 smithi063 ceph-mon[30465]: from='mgr.14120 172.21.15.63:0/3771293319' entity='mgr.x' cmd=[{"prefix": "osd metadata"}]: dispatch
2024-09-15T23:24:50.618 INFO:journalctl@ceph.mon.a.smithi063.stdout:Sep 15 23:24:50 smithi063 ceph-mon[30465]: from='mgr.14120 172.21.15.63:0/3771293319' entity='mgr.x' cmd=[{"prefix": "mon metadata"}]: dispatch
2024-09-15T23:24:50.618 INFO:journalctl@ceph.mon.a.smithi063.stdout:Sep 15 23:24:50 smithi063 ceph-mon[30465]: Manager daemon x is now available
2024-09-15T23:24:50.618 INFO:journalctl@ceph.mon.a.smithi063.stdout:Sep 15 23:24:50 smithi063 ceph-mon[30465]: from='mgr.14120 172.21.15.63:0/3771293319' entity='mgr.x'
2024-09-15T23:24:50.618 INFO:journalctl@ceph.mon.a.smithi063.stdout:Sep 15 23:24:50 smithi063 ceph-mon[30465]: from='mgr.14120 172.21.15.63:0/3771293319' entity='mgr.x'
2024-09-15T23:24:50.618 INFO:journalctl@ceph.mon.a.smithi063.stdout:Sep 15 23:24:50 smithi063 ceph-mon[30465]: from='mgr.14120 172.21.15.63:0/3771293319' entity='mgr.x' cmd=[{"prefix": "config dump", "format": "json"}]: dispatch
2024-09-15T23:24:50.618 INFO:journalctl@ceph.mon.a.smithi063.stdout:Sep 15 23:24:50 smithi063 ceph-mon[30465]: from='mgr.14120 172.21.15.63:0/3771293319' entity='mgr.x' cmd=[{"prefix": "config dump", "format": "json"}]: dispatch
2024-09-15T23:24:51.484 INFO:journalctl@ceph.mon.a.smithi063.stdout:Sep 15 23:24:51 smithi063 ceph-mon[30465]: Found migration_current of "None". Setting to last migration.
2024-09-15T23:24:51.484 INFO:journalctl@ceph.mon.a.smithi063.stdout:Sep 15 23:24:51 smithi063 ceph-mon[30465]: from='mgr.14120 172.21.15.63:0/3771293319' entity='mgr.x' cmd=[{"prefix":"config rm","who":"mgr","name":"mgr/rbd_support/x/mirror_snapshot_schedule"}]: dispatch
2024-09-15T23:24:51.485 INFO:journalctl@ceph.mon.a.smithi063.stdout:Sep 15 23:24:51 smithi063 ceph-mon[30465]: from='mgr.14120 172.21.15.63:0/3771293319' entity='mgr.x' cmd=[{"prefix":"config rm","who":"mgr","name":"mgr/rbd_support/x/trash_purge_schedule"}]: dispatch
2024-09-15T23:24:51.485 INFO:journalctl@ceph.mon.a.smithi063.stdout:Sep 15 23:24:51 smithi063 ceph-mon[30465]: from='mgr.14120 172.21.15.63:0/3771293319' entity='mgr.x'
2024-09-15T23:24:51.485 INFO:journalctl@ceph.mon.a.smithi063.stdout:Sep 15 23:24:51 smithi063 ceph-mon[30465]: from='mgr.14120 172.21.15.63:0/3771293319' entity='mgr.x'
2024-09-15T23:24:51.485 INFO:journalctl@ceph.mon.a.smithi063.stdout:Sep 15 23:24:51 smithi063 ceph-mon[30465]: mgrmap e7: x(active, since 1.00848s)
2024-09-15T23:24:51.485 INFO:journalctl@ceph.mon.a.smithi063.stdout:Sep 15 23:24:51 smithi063 ceph-mon[30465]: from='client.14124 -' entity='client.admin' cmd=[{"prefix": "get_command_descriptions"}]: dispatch
2024-09-15T23:24:51.485 INFO:journalctl@ceph.mon.a.smithi063.stdout:Sep 15 23:24:51 smithi063 ceph-mon[30465]: from='client.14124 -' entity='client.admin' cmd=[{"prefix": "mgr_status"}]: dispatch
2024-09-15T23:24:52.048 INFO:teuthology.orchestra.run.smithi063.stdout:/usr/bin/ceph: stdout {
2024-09-15T23:24:52.048 INFO:teuthology.orchestra.run.smithi063.stdout:/usr/bin/ceph: stdout "mgrmap_epoch": 7,
2024-09-15T23:24:52.048 INFO:teuthology.orchestra.run.smithi063.stdout:/usr/bin/ceph: stdout "initialized": true
2024-09-15T23:24:52.048 INFO:teuthology.orchestra.run.smithi063.stdout:/usr/bin/ceph: stdout }
2024-09-15T23:24:52.048 INFO:teuthology.orchestra.run.smithi063.stdout:/usr/bin/ceph: stderr
2024-09-15T23:24:46.594+0000 7f2c53e00640 1 Processor -- start
2024-09-15T23:24:52.048 INFO:teuthology.orchestra.run.smithi063.stdout:/usr/bin/ceph: stderr
2024-09-15T23:24:46.594+0000 7f2c53e00640 1 -- start start
2024-09-15T23:24:52.048 INFO:teuthology.orchestra.run.smithi063.stdout:/usr/bin/ceph: stderr
2024-09-15T23:24:46.594+0000 7f2c53e00640 1 --2- >> [v2:172.21.15.63:3300/0,v1:172.21.15.63:6789/0] conn(0x7f2c5407cd60 0x7f2c5407b1c0 unknown :-1 s=NONE pgs=0 cs=0 l=0 rev1=0 crypto rx=0 tx=0 comp rx=0 tx=0).connect
2024-09-15T23:24:52.048 INFO:teuthology.orchestra.run.smithi063.stdout:/usr/bin/ceph: stderr
2024-09-15T23:24:46.594+0000 7f2c53e00640 1 -- --> [v2:172.21.15.63:3300/0,v1:172.21.15.63:6789/0] -- mon_getmap magic: 0 -- 0x7f2c5407b790 con 0x7f2c5407cd60
2024-09-15T23:24:52.049 INFO:teuthology.orchestra.run.smithi063.stdout:/usr/bin/ceph: stderr
2024-09-15T23:24:46.595+0000 7f2c52a00640 1 --2- >> [v2:172.21.15.63:3300/0,v1:172.21.15.63:6789/0] conn(0x7f2c5407cd60 0x7f2c5407b1c0 unknown :-1 s=BANNER_CONNECTING pgs=0 cs=0 l=0 rev1=0 crypto rx=0 tx=0 comp rx=0 tx=0)._handle_peer_banner_payload supported=3 required=0
2024-09-15T23:24:52.049 INFO:teuthology.orchestra.run.smithi063.stdout:/usr/bin/ceph: stderr
2024-09-15T23:24:46.595+0000 7f2c52a00640 1 --2- >> [v2:172.21.15.63:3300/0,v1:172.21.15.63:6789/0] conn(0x7f2c5407cd60 0x7f2c5407b1c0 unknown :-1 s=HELLO_CONNECTING pgs=0 cs=0 l=0 rev1=1 crypto rx=0 tx=0 comp rx=0 tx=0).handle_hello peer v2:172.21.15.63:3300/0 says I am v2:172.21.15.63:55280/0 (socket says 172.21.15.63:55280)
2024-09-15T23:24:52.049 INFO:teuthology.orchestra.run.smithi063.stdout:/usr/bin/ceph: stderr
2024-09-15T23:24:46.595+0000 7f2c52a00640 1 -- 172.21.15.63:0/2215781895 learned_addr learned my addr 172.21.15.63:0/2215781895 (peer_addr_for_me v2:172.21.15.63:0/0)
2024-09-15T23:24:52.049 INFO:teuthology.orchestra.run.smithi063.stdout:/usr/bin/ceph: stderr
2024-09-15T23:24:46.595+0000 7f2c52a00640 1 -- 172.21.15.63:0/2215781895 --> [v2:172.21.15.63:3300/0,v1:172.21.15.63:6789/0] -- mon_subscribe({config=0+,monmap=0+}) -- 0x7f2c5407b910 con 0x7f2c5407cd60
2024-09-15T23:24:52.049 INFO:teuthology.orchestra.run.smithi063.stdout:/usr/bin/ceph: stderr
2024-09-15T23:24:46.596+0000 7f2c52a00640 1 --2- 172.21.15.63:0/2215781895 >> [v2:172.21.15.63:3300/0,v1:172.21.15.63:6789/0] conn(0x7f2c5407cd60 0x7f2c5407b1c0 secure :-1 s=READY pgs=28 cs=0 l=1 rev1=1 crypto rx=0x7f2c44009820 tx=0x7f2c4402a270 comp rx=0 tx=0).ready entity=mon.0 client_cookie=cdfbd17366fbc81 server_cookie=0 in_seq=0 out_seq=0
2024-09-15T23:24:52.049 INFO:teuthology.orchestra.run.smithi063.stdout:/usr/bin/ceph: stderr
2024-09-15T23:24:46.596+0000 7f2c51600640 1 -- 172.21.15.63:0/2215781895 <== mon.0 v2:172.21.15.63:3300/0 1 ==== mon_map magic: 0 ==== 205+0+0 (secure 0 0 0) 0x7f2c44037070 con 0x7f2c5407cd60
2024-09-15T23:24:52.049 INFO:teuthology.orchestra.run.smithi063.stdout:/usr/bin/ceph: stderr
2024-09-15T23:24:46.596+0000 7f2c51600640 1 -- 172.21.15.63:0/2215781895 <== mon.0 v2:172.21.15.63:3300/0 2 ==== config(29 keys) ==== 1178+0+0 (secure 0 0 0) 0x7f2c44032940 con 0x7f2c5407cd60
2024-09-15T23:24:52.049 INFO:teuthology.orchestra.run.smithi063.stdout:/usr/bin/ceph: stderr
2024-09-15T23:24:46.596+0000 7f2c51600640 1 -- 172.21.15.63:0/2215781895 <== mon.0 v2:172.21.15.63:3300/0 3 ==== mon_map magic: 0 ==== 205+0+0 (secure 0 0 0) 0x7f2c440309c0 con 0x7f2c5407cd60
2024-09-15T23:24:52.049 INFO:teuthology.orchestra.run.smithi063.stdout:/usr/bin/ceph: stderr
2024-09-15T23:24:46.597+0000 7f2c53e00640 1 -- 172.21.15.63:0/2215781895 >> [v2:172.21.15.63:3300/0,v1:172.21.15.63:6789/0] conn(0x7f2c5407cd60 msgr2=0x7f2c5407b1c0 secure :-1 s=STATE_CONNECTION_ESTABLISHED l=1).mark_down
2024-09-15T23:24:52.049 INFO:teuthology.orchestra.run.smithi063.stdout:/usr/bin/ceph: stderr
2024-09-15T23:24:46.597+0000 7f2c53e00640 1 --2- 172.21.15.63:0/2215781895 >> [v2:172.21.15.63:3300/0,v1:172.21.15.63:6789/0] conn(0x7f2c5407cd60 0x7f2c5407b1c0 secure :-1 s=READY pgs=28 cs=0 l=1 rev1=1 crypto rx=0x7f2c44009820 tx=0x7f2c4402a270 comp rx=0 tx=0).stop
2024-09-15T23:24:52.049 INFO:teuthology.orchestra.run.smithi063.stdout:/usr/bin/ceph: stderr
2024-09-15T23:24:46.597+0000 7f2c53e00640 1 -- 172.21.15.63:0/2215781895 shutdown_connections
2024-09-15T23:24:52.049 INFO:teuthology.orchestra.run.smithi063.stdout:/usr/bin/ceph: stderr
2024-09-15T23:24:46.597+0000 7f2c53e00640 1 --2- 172.21.15.63:0/2215781895 >> [v2:172.21.15.63:3300/0,v1:172.21.15.63:6789/0] conn(0x7f2c5407cd60 0x7f2c5407b1c0 unknown :-1 s=CLOSED pgs=28 cs=0 l=1 rev1=1 crypto rx=0 tx=0 comp rx=0 tx=0).stop
2024-09-15T23:24:52.050 INFO:teuthology.orchestra.run.smithi063.stdout:/usr/bin/ceph: stderr
2024-09-15T23:24:46.597+0000 7f2c53e00640 1 -- 172.21.15.63:0/2215781895 >> 172.21.15.63:0/2215781895 conn(0x7f2c541030e0 msgr2=0x7f2c54105520 unknown :-1 s=STATE_NONE l=0).mark_down
2024-09-15T23:24:52.050 INFO:teuthology.orchestra.run.smithi063.stdout:/usr/bin/ceph: stderr
2024-09-15T23:24:46.597+0000 7f2c53e00640 1 -- 172.21.15.63:0/2215781895 shutdown_connections
2024-09-15T23:24:52.050 INFO:teuthology.orchestra.run.smithi063.stdout:/usr/bin/ceph: stderr
2024-09-15T23:24:46.597+0000 7f2c53e00640 1 -- 172.21.15.63:0/2215781895 wait complete.
2024-09-15T23:24:52.050 INFO:teuthology.orchestra.run.smithi063.stdout:/usr/bin/ceph: stderr
2024-09-15T23:24:46.599+0000 7f2c53e00640 1 Processor -- start
2024-09-15T23:24:52.050 INFO:teuthology.orchestra.run.smithi063.stdout:/usr/bin/ceph: stderr
2024-09-15T23:24:46.599+0000 7f2c53e00640 1 -- start start
2024-09-15T23:24:52.050 INFO:teuthology.orchestra.run.smithi063.stdout:/usr/bin/ceph: stderr
2024-09-15T23:24:46.599+0000 7f2c53e00640 1 --2- >> [v2:172.21.15.63:3300/0,v1:172.21.15.63:6789/0] conn(0x7f2c5407cd60 0x7f2c5419df30 unknown :-1 s=NONE pgs=0 cs=0 l=1 rev1=0 crypto rx=0 tx=0 comp rx=0 tx=0).connect
2024-09-15T23:24:52.050 INFO:teuthology.orchestra.run.smithi063.stdout:/usr/bin/ceph: stderr
2024-09-15T23:24:46.599+0000 7f2c53e00640 1 -- --> [v2:172.21.15.63:3300/0,v1:172.21.15.63:6789/0] -- mon_getmap magic: 0 -- 0x7f2c5410dfe0 con 0x7f2c5407cd60
2024-09-15T23:24:52.050 INFO:teuthology.orchestra.run.smithi063.stdout:/usr/bin/ceph: stderr
2024-09-15T23:24:46.599+0000 7f2c52a00640 1 --2- >> [v2:172.21.15.63:3300/0,v1:172.21.15.63:6789/0] conn(0x7f2c5407cd60 0x7f2c5419df30 unknown :-1 s=BANNER_CONNECTING pgs=0 cs=0 l=1 rev1=0 crypto rx=0 tx=0 comp rx=0 tx=0)._handle_peer_banner_payload supported=3 required=0
2024-09-15T23:24:52.050 INFO:teuthology.orchestra.run.smithi063.stdout:/usr/bin/ceph: stderr
2024-09-15T23:24:46.600+0000 7f2c52a00640 1 --2- >> [v2:172.21.15.63:3300/0,v1:172.21.15.63:6789/0] conn(0x7f2c5407cd60 0x7f2c5419df30 unknown :-1 s=HELLO_CONNECTING pgs=0 cs=0 l=1 rev1=1 crypto rx=0 tx=0 comp rx=0 tx=0).handle_hello peer v2:172.21.15.63:3300/0 says I am v2:172.21.15.63:55288/0 (socket says 172.21.15.63:55288)
2024-09-15T23:24:52.050 INFO:teuthology.orchestra.run.smithi063.stdout:/usr/bin/ceph: stderr
2024-09-15T23:24:46.600+0000 7f2c52a00640 1 -- 172.21.15.63:0/2377096417 learned_addr learned my addr 172.21.15.63:0/2377096417 (peer_addr_for_me v2:172.21.15.63:0/0)
2024-09-15T23:24:52.050 INFO:teuthology.orchestra.run.smithi063.stdout:/usr/bin/ceph: stderr
2024-09-15T23:24:46.600+0000 7f2c52a00640 1 -- 172.21.15.63:0/2377096417 --> [v2:172.21.15.63:3300/0,v1:172.21.15.63:6789/0] -- mon_subscribe({config=0+,monmap=0+}) -- 0x7f2c5419e470 con 0x7f2c5407cd60
2024-09-15T23:24:52.050 INFO:teuthology.orchestra.run.smithi063.stdout:/usr/bin/ceph: stderr
2024-09-15T23:24:46.600+0000 7f2c52a00640 1 --2- 172.21.15.63:0/2377096417 >> [v2:172.21.15.63:3300/0,v1:172.21.15.63:6789/0] conn(0x7f2c5407cd60 0x7f2c5419df30 secure :-1 s=READY pgs=29 cs=0 l=1 rev1=1 crypto rx=0x7f2c44032d90 tx=0x7f2c44032dc0 comp rx=0 tx=0).ready entity=mon.0 client_cookie=0 server_cookie=0 in_seq=0 out_seq=0
2024-09-15T23:24:52.051 INFO:teuthology.orchestra.run.smithi063.stdout:/usr/bin/ceph: stderr
2024-09-15T23:24:46.601+0000 7f2c58a00640 1 -- 172.21.15.63:0/2377096417 <== mon.0 v2:172.21.15.63:3300/0 1 ==== mon_map magic: 0 ==== 205+0+0 (secure 0 0 0) 0x7f2c44042070 con 0x7f2c5407cd60
2024-09-15T23:24:52.051 INFO:teuthology.orchestra.run.smithi063.stdout:/usr/bin/ceph: stderr
2024-09-15T23:24:46.601+0000 7f2c58a00640 1 -- 172.21.15.63:0/2377096417 <== mon.0 v2:172.21.15.63:3300/0 2 ==== config(29 keys) ==== 1178+0+0 (secure 0 0 0) 0x7f2c440325f0 con 0x7f2c5407cd60
2024-09-15T23:24:52.051 INFO:teuthology.orchestra.run.smithi063.stdout:/usr/bin/ceph: stderr
2024-09-15T23:24:46.601+0000 7f2c58a00640 1 -- 172.21.15.63:0/2377096417 <== mon.0 v2:172.21.15.63:3300/0 3 ==== mon_map magic: 0 ==== 205+0+0 (secure 0 0 0) 0x7f2c44037040 con 0x7f2c5407cd60
2024-09-15T23:24:52.051 INFO:teuthology.orchestra.run.smithi063.stdout:/usr/bin/ceph: stderr
2024-09-15T23:24:46.601+0000 7f2c53e00640 1 -- 172.21.15.63:0/2377096417 --> [v2:172.21.15.63:3300/0,v1:172.21.15.63:6789/0] -- mon_subscribe({mgrmap=0+}) -- 0x7f2c5419e700 con 0x7f2c5407cd60
2024-09-15T23:24:52.051 INFO:teuthology.orchestra.run.smithi063.stdout:/usr/bin/ceph: stderr
2024-09-15T23:24:46.601+0000 7f2c53e00640 1 -- 172.21.15.63:0/2377096417 --> [v2:172.21.15.63:3300/0,v1:172.21.15.63:6789/0] -- mon_subscribe({osdmap=0}) -- 0x7f2c541a13f0 con 0x7f2c5407cd60
2024-09-15T23:24:52.051 INFO:teuthology.orchestra.run.smithi063.stdout:/usr/bin/ceph: stderr
2024-09-15T23:24:46.602+0000 7f2c58a00640 1 -- 172.21.15.63:0/2377096417 <== mon.0 v2:172.21.15.63:3300/0 4 ==== mgrmap(e 5) ==== 46461+0+0 (secure 0 0 0) 0x7f2c44045070 con 0x7f2c5407cd60
2024-09-15T23:24:52.051 INFO:teuthology.orchestra.run.smithi063.stdout:/usr/bin/ceph: stderr
2024-09-15T23:24:46.603+0000 7f2c58a00640 1 --2- 172.21.15.63:0/2377096417 >> [v2:172.21.15.63:6800/4158281141,v1:172.21.15.63:6801/4158281141] conn(0x7f2c38039200 0x7f2c3803b6c0 unknown :-1 s=NONE pgs=0 cs=0 l=1 rev1=0 crypto rx=0 tx=0 comp rx=0 tx=0).connect
2024-09-15T23:24:52.051 INFO:teuthology.orchestra.run.smithi063.stdout:/usr/bin/ceph: stderr
2024-09-15T23:24:46.603+0000 7f2c58a00640 1 -- 172.21.15.63:0/2377096417 --> [v2:172.21.15.63:6800/4158281141,v1:172.21.15.63:6801/4158281141] -- command(tid 0: {"prefix": "get_command_descriptions"}) -- 0x7f2c3803bdd0 con 0x7f2c38039200
2024-09-15T23:24:52.051 INFO:teuthology.orchestra.run.smithi063.stdout:/usr/bin/ceph: stderr
