2024-09-15T23:32:23.842+0000 7f1881ffb640 1 -- 172.21.15.92:0/2013770456 <== mon.0 v2:172.21.15.92:3300/0 7 ==== mon_command_ack([{"prefix": "status", "format": "json-pretty"}]=0 v0) ==== 79+0+1291 (secure 0 0 0) 0x7f187803b430 con 0x7f1884108020
2024-09-15T23:32:24.565 INFO:teuthology.orchestra.run.smithi092.stdout:/usr/bin/ceph: stderr
2024-09-15T23:32:23.843+0000 7f188afba640 1 -- 172.21.15.92:0/2013770456 >> [v2:172.21.15.92:3300/0,v1:172.21.15.92:6789/0] conn(0x7f1884108020 msgr2=0x7f18841078a0 secure :-1 s=STATE_CONNECTION_ESTABLISHED l=1).mark_down
2024-09-15T23:32:24.565 INFO:teuthology.orchestra.run.smithi092.stdout:/usr/bin/ceph: stderr
2024-09-15T23:32:23.843+0000 7f188afba640 1 --2- 172.21.15.92:0/2013770456 >> [v2:172.21.15.92:3300/0,v1:172.21.15.92:6789/0] conn(0x7f1884108020 0x7f18841078a0 secure :-1 s=READY pgs=8 cs=0 l=1 rev1=1 crypto rx=0x7f18780097f0 tx=0x7f1878030d80 comp rx=0 tx=0).stop
2024-09-15T23:32:24.565 INFO:teuthology.orchestra.run.smithi092.stdout:/usr/bin/ceph: stderr
2024-09-15T23:32:23.843+0000 7f188afba640 1 -- 172.21.15.92:0/2013770456 shutdown_connections
2024-09-15T23:32:24.565 INFO:teuthology.orchestra.run.smithi092.stdout:/usr/bin/ceph: stderr
2024-09-15T23:32:23.843+0000 7f188afba640 1 --2- 172.21.15.92:0/2013770456 >> [v2:172.21.15.92:3300/0,v1:172.21.15.92:6789/0] conn(0x7f1884108020 0x7f18841078a0 unknown :-1 s=CLOSED pgs=8 cs=0 l=1 rev1=1 crypto rx=0 tx=0 comp rx=0 tx=0).stop
2024-09-15T23:32:24.565 INFO:teuthology.orchestra.run.smithi092.stdout:/usr/bin/ceph: stderr
2024-09-15T23:32:23.843+0000 7f188afba640 1 -- 172.21.15.92:0/2013770456 >> 172.21.15.92:0/2013770456 conn(0x7f1884101be0 msgr2=0x7f18841027e0 unknown :-1 s=STATE_NONE l=0).mark_down
2024-09-15T23:32:24.565 INFO:teuthology.orchestra.run.smithi092.stdout:/usr/bin/ceph: stderr
2024-09-15T23:32:23.843+0000 7f188afba640 1 -- 172.21.15.92:0/2013770456 shutdown_connections
2024-09-15T23:32:24.565 INFO:teuthology.orchestra.run.smithi092.stdout:/usr/bin/ceph: stderr
2024-09-15T23:32:23.843+0000 7f188afba640 1 -- 172.21.15.92:0/2013770456 wait complete.
2024-09-15T23:32:24.566 INFO:teuthology.orchestra.run.smithi092.stdout:mgr not available, waiting (2/15)...
2024-09-15T23:32:25.226 INFO:journalctl@ceph.mgr.x.smithi092.stdout:Sep 15 23:32:24 smithi092 ceph-8d858cdc-73ba-11ef-bceb-c7b262605968-mgr-x[31149]:
2024-09-15T23:32:24.972+0000 7fa54a34c040 -1 mgr[py] Module telegraf has missing NOTIFY_TYPES member
2024-09-15T23:32:25.226 INFO:journalctl@ceph.mon.a.smithi092.stdout:Sep 15 23:32:25 smithi092 ceph-mon[30920]: Activating manager daemon x
2024-09-15T23:32:25.226 INFO:journalctl@ceph.mon.a.smithi092.stdout:Sep 15 23:32:25 smithi092 ceph-mon[30920]: mgrmap e2: x(active, starting, since 0.00304942s)
2024-09-15T23:32:25.226 INFO:journalctl@ceph.mon.a.smithi092.stdout:Sep 15 23:32:25 smithi092 ceph-mon[30920]: from='mgr.14100 172.21.15.92:0/4035102356' entity='mgr.x' cmd=[{"prefix": "mds metadata"}]: dispatch
2024-09-15T23:32:25.226 INFO:journalctl@ceph.mon.a.smithi092.stdout:Sep 15 23:32:25 smithi092 ceph-mon[30920]: from='mgr.14100 172.21.15.92:0/4035102356' entity='mgr.x' cmd=[{"prefix": "osd metadata"}]: dispatch
2024-09-15T23:32:25.226 INFO:journalctl@ceph.mon.a.smithi092.stdout:Sep 15 23:32:25 smithi092 ceph-mon[30920]: from='mgr.14100 172.21.15.92:0/4035102356' entity='mgr.x' cmd=[{"prefix": "mon metadata"}]: dispatch
2024-09-15T23:32:25.226 INFO:journalctl@ceph.mon.a.smithi092.stdout:Sep 15 23:32:25 smithi092 ceph-mon[30920]: from='mgr.14100 172.21.15.92:0/4035102356' entity='mgr.x' cmd=[{"prefix": "mon metadata", "id": "a"}]: dispatch
2024-09-15T23:32:25.226 INFO:journalctl@ceph.mon.a.smithi092.stdout:Sep 15 23:32:25 smithi092 ceph-mon[30920]: from='mgr.14100 172.21.15.92:0/4035102356' entity='mgr.x' cmd=[{"prefix": "mgr metadata", "who": "x", "id": "x"}]: dispatch
2024-09-15T23:32:25.226 INFO:journalctl@ceph.mon.a.smithi092.stdout:Sep 15 23:32:25 smithi092 ceph-mon[30920]: Manager daemon x is now available
2024-09-15T23:32:25.226 INFO:journalctl@ceph.mon.a.smithi092.stdout:Sep 15 23:32:25 smithi092 ceph-mon[30920]: from='mgr.14100 172.21.15.92:0/4035102356' entity='mgr.x' cmd=[{"prefix":"config rm","who":"mgr","name":"mgr/rbd_support/x/mirror_snapshot_schedule"}]: dispatch
2024-09-15T23:32:25.226 INFO:journalctl@ceph.mon.a.smithi092.stdout:Sep 15 23:32:25 smithi092 ceph-mon[30920]: from='mgr.14100 172.21.15.92:0/4035102356' entity='mgr.x' cmd=[{"prefix":"config rm","who":"mgr","name":"mgr/rbd_support/x/trash_purge_schedule"}]: dispatch
2024-09-15T23:32:25.227 INFO:journalctl@ceph.mon.a.smithi092.stdout:Sep 15 23:32:25 smithi092 ceph-mon[30920]: from='mgr.14100 172.21.15.92:0/4035102356' entity='mgr.x'
2024-09-15T23:32:25.227 INFO:journalctl@ceph.mon.a.smithi092.stdout:Sep 15 23:32:25 smithi092 ceph-mon[30920]: from='mgr.14100 172.21.15.92:0/4035102356' entity='mgr.x'
2024-09-15T23:32:25.227 INFO:journalctl@ceph.mon.a.smithi092.stdout:Sep 15 23:32:25 smithi092 ceph-mon[30920]: from='mgr.14100 172.21.15.92:0/4035102356' entity='mgr.x'
2024-09-15T23:32:27.200 INFO:journalctl@ceph.mon.a.smithi092.stdout:Sep 15 23:32:26 smithi092 ceph-mon[30920]: mgrmap e3: x(active, since 1.00627s)
2024-09-15T23:32:27.699 INFO:teuthology.orchestra.run.smithi092.stdout:/usr/bin/ceph: stdout
2024-09-15T23:32:27.701 INFO:teuthology.orchestra.run.smithi092.stdout:/usr/bin/ceph: stdout {
2024-09-15T23:32:27.701 INFO:teuthology.orchestra.run.smithi092.stdout:/usr/bin/ceph: stdout "fsid": "8d858cdc-73ba-11ef-bceb-c7b262605968",
2024-09-15T23:32:27.701 INFO:teuthology.orchestra.run.smithi092.stdout:/usr/bin/ceph: stdout "health": {
2024-09-15T23:32:27.701 INFO:teuthology.orchestra.run.smithi092.stdout:/usr/bin/ceph: stdout "status": "HEALTH_OK",
2024-09-15T23:32:27.701 INFO:teuthology.orchestra.run.smithi092.stdout:/usr/bin/ceph: stdout "checks": {},
2024-09-15T23:32:27.701 INFO:teuthology.orchestra.run.smithi092.stdout:/usr/bin/ceph: stdout "mutes": []
2024-09-15T23:32:27.702 INFO:teuthology.orchestra.run.smithi092.stdout:/usr/bin/ceph: stdout },
2024-09-15T23:32:27.702 INFO:teuthology.orchestra.run.smithi092.stdout:/usr/bin/ceph: stdout "election_epoch": 5,
2024-09-15T23:32:27.702 INFO:teuthology.orchestra.run.smithi092.stdout:/usr/bin/ceph: stdout "quorum": [
2024-09-15T23:32:27.702 INFO:teuthology.orchestra.run.smithi092.stdout:/usr/bin/ceph: stdout 0
2024-09-15T23:32:27.702 INFO:teuthology.orchestra.run.smithi092.stdout:/usr/bin/ceph: stdout ],
2024-09-15T23:32:27.702 INFO:teuthology.orchestra.run.smithi092.stdout:/usr/bin/ceph: stdout "quorum_names": [
2024-09-15T23:32:27.702 INFO:teuthology.orchestra.run.smithi092.stdout:/usr/bin/ceph: stdout "a"
2024-09-15T23:32:27.702 INFO:teuthology.orchestra.run.smithi092.stdout:/usr/bin/ceph: stdout ],
2024-09-15T23:32:27.702 INFO:teuthology.orchestra.run.smithi092.stdout:/usr/bin/ceph: stdout "quorum_age": 9,
2024-09-15T23:32:27.702 INFO:teuthology.orchestra.run.smithi092.stdout:/usr/bin/ceph: stdout "monmap": {
2024-09-15T23:32:27.702 INFO:teuthology.orchestra.run.smithi092.stdout:/usr/bin/ceph: stdout "epoch": 1,
2024-09-15T23:32:27.702 INFO:teuthology.orchestra.run.smithi092.stdout:/usr/bin/ceph: stdout "min_mon_release_name": "squid",
2024-09-15T23:32:27.702 INFO:teuthology.orchestra.run.smithi092.stdout:/usr/bin/ceph: stdout "num_mons": 1
2024-09-15T23:32:27.702 INFO:teuthology.orchestra.run.smithi092.stdout:/usr/bin/ceph: stdout },
2024-09-15T23:32:27.703 INFO:teuthology.orchestra.run.smithi092.stdout:/usr/bin/ceph: stdout "osdmap": {
2024-09-15T23:32:27.703 INFO:teuthology.orchestra.run.smithi092.stdout:/usr/bin/ceph: stdout "epoch": 1,
2024-09-15T23:32:27.703 INFO:teuthology.orchestra.run.smithi092.stdout:/usr/bin/ceph: stdout "num_osds": 0,
2024-09-15T23:32:27.703 INFO:teuthology.orchestra.run.smithi092.stdout:/usr/bin/ceph: stdout "num_up_osds": 0,
2024-09-15T23:32:27.703 INFO:teuthology.orchestra.run.smithi092.stdout:/usr/bin/ceph: stdout "osd_up_since": 0,
2024-09-15T23:32:27.710 INFO:teuthology.orchestra.run.smithi092.stdout:/usr/bin/ceph: stdout "num_in_osds": 0,
2024-09-15T23:32:27.711 INFO:teuthology.orchestra.run.smithi092.stdout:/usr/bin/ceph: stdout "osd_in_since": 0,
2024-09-15T23:32:27.711 INFO:teuthology.orchestra.run.smithi092.stdout:/usr/bin/ceph: stdout "num_remapped_pgs": 0
2024-09-15T23:32:27.711 INFO:teuthology.orchestra.run.smithi092.stdout:/usr/bin/ceph: stdout },
2024-09-15T23:32:27.711 INFO:teuthology.orchestra.run.smithi092.stdout:/usr/bin/ceph: stdout "pgmap": {
2024-09-15T23:32:27.711 INFO:teuthology.orchestra.run.smithi092.stdout:/usr/bin/ceph: stdout "pgs_by_state": [],
2024-09-15T23:32:27.711 INFO:teuthology.orchestra.run.smithi092.stdout:/usr/bin/ceph: stdout "num_pgs": 0,
2024-09-15T23:32:27.711 INFO:teuthology.orchestra.run.smithi092.stdout:/usr/bin/ceph: stdout "num_pools": 0,
2024-09-15T23:32:27.711 INFO:teuthology.orchestra.run.smithi092.stdout:/usr/bin/ceph: stdout "num_objects": 0,
2024-09-15T23:32:27.711 INFO:teuthology.orchestra.run.smithi092.stdout:/usr/bin/ceph: stdout "data_bytes": 0,
2024-09-15T23:32:27.711 INFO:teuthology.orchestra.run.smithi092.stdout:/usr/bin/ceph: stdout "bytes_used": 0,
2024-09-15T23:32:27.711 INFO:teuthology.orchestra.run.smithi092.stdout:/usr/bin/ceph: stdout "bytes_avail": 0,
2024-09-15T23:32:27.711 INFO:teuthology.orchestra.run.smithi092.stdout:/usr/bin/ceph: stdout "bytes_total": 0
2024-09-15T23:32:27.711 INFO:teuthology.orchestra.run.smithi092.stdout:/usr/bin/ceph: stdout },
2024-09-15T23:32:27.711 INFO:teuthology.orchestra.run.smithi092.stdout:/usr/bin/ceph: stdout "fsmap": {
2024-09-15T23:32:27.712 INFO:teuthology.orchestra.run.smithi092.stdout:/usr/bin/ceph: stdout "epoch": 1,
2024-09-15T23:32:27.712 INFO:teuthology.orchestra.run.smithi092.stdout:/usr/bin/ceph: stdout "btime": "2024-09-15T23:32:13:179998+0000",
2024-09-15T23:32:27.712 INFO:teuthology.orchestra.run.smithi092.stdout:/usr/bin/ceph: stdout "by_rank": [],
2024-09-15T23:32:27.712 INFO:teuthology.orchestra.run.smithi092.stdout:/usr/bin/ceph: stdout "up:standby": 0
2024-09-15T23:32:27.712 INFO:teuthology.orchestra.run.smithi092.stdout:/usr/bin/ceph: stdout },
2024-09-15T23:32:27.712 INFO:teuthology.orchestra.run.smithi092.stdout:/usr/bin/ceph: stdout "mgrmap": {
2024-09-15T23:32:27.712 INFO:teuthology.orchestra.run.smithi092.stdout:/usr/bin/ceph: stdout "available": true,
2024-09-15T23:32:27.712 INFO:teuthology.orchestra.run.smithi092.stdout:/usr/bin/ceph: stdout "num_standbys": 0,
2024-09-15T23:32:27.712 INFO:teuthology.orchestra.run.smithi092.stdout:/usr/bin/ceph: stdout "modules": [
2024-09-15T23:32:27.712 INFO:teuthology.orchestra.run.smithi092.stdout:/usr/bin/ceph: stdout "iostat",
2024-09-15T23:32:27.712 INFO:teuthology.orchestra.run.smithi092.stdout:/usr/bin/ceph: stdout "nfs",
2024-09-15T23:32:27.712 INFO:teuthology.orchestra.run.smithi092.stdout:/usr/bin/ceph: stdout "restful"
2024-09-15T23:32:27.712 INFO:teuthology.orchestra.run.smithi092.stdout:/usr/bin/ceph: stdout ],
2024-09-15T23:32:27.712 INFO:teuthology.orchestra.run.smithi092.stdout:/usr/bin/ceph: stdout "services": {}
2024-09-15T23:32:27.712 INFO:teuthology.orchestra.run.smithi092.stdout:/usr/bin/ceph: stdout },
2024-09-15T23:32:27.713 INFO:teuthology.orchestra.run.smithi092.stdout:/usr/bin/ceph: stdout "servicemap": {
2024-09-15T23:32:27.713 INFO:teuthology.orchestra.run.smithi092.stdout:/usr/bin/ceph: stdout "epoch": 1,
2024-09-15T23:32:27.713 INFO:teuthology.orchestra.run.smithi092.stdout:/usr/bin/ceph: stdout "modified": "2024-09-15T23:32:13.180656+0000",
2024-09-15T23:32:27.713 INFO:teuthology.orchestra.run.smithi092.stdout:/usr/bin/ceph: stdout "services": {}
2024-09-15T23:32:27.713 INFO:teuthology.orchestra.run.smithi092.stdout:/usr/bin/ceph: stdout },
2024-09-15T23:32:27.713 INFO:teuthology.orchestra.run.smithi092.stdout:/usr/bin/ceph: stdout "progress_events": {}
2024-09-15T23:32:27.713 INFO:teuthology.orchestra.run.smithi092.stdout:/usr/bin/ceph: stdout }
2024-09-15T23:32:27.713 INFO:teuthology.orchestra.run.smithi092.stdout:/usr/bin/ceph: stderr
2024-09-15T23:32:26.943+0000 7f827ba73640 1 Processor -- start
2024-09-15T23:32:27.713 INFO:teuthology.orchestra.run.smithi092.stdout:/usr/bin/ceph: stderr
2024-09-15T23:32:26.943+0000 7f827ba73640 1 -- start start
2024-09-15T23:32:27.713 INFO:teuthology.orchestra.run.smithi092.stdout:/usr/bin/ceph: stderr
2024-09-15T23:32:26.943+0000 7f827ba73640 1 --2- >> [v2:172.21.15.92:3300/0,v1:172.21.15.92:6789/0] conn(0x7f827407e710 0x7f827407cb70 unknown :-1 s=NONE pgs=0 cs=0 l=0 rev1=0 crypto rx=0 tx=0 comp rx=0 tx=0).connect
2024-09-15T23:32:27.713 INFO:teuthology.orchestra.run.smithi092.stdout:/usr/bin/ceph: stderr
2024-09-15T23:32:26.943+0000 7f827ba73640 1 -- --> [v2:172.21.15.92:3300/0,v1:172.21.15.92:6789/0] -- mon_getmap magic: 0 -- 0x7f827407d140 con 0x7f827407e710
2024-09-15T23:32:27.713 INFO:teuthology.orchestra.run.smithi092.stdout:/usr/bin/ceph: stderr
2024-09-15T23:32:26.944+0000 7f827980f640 1 --2- >> [v2:172.21.15.92:3300/0,v1:172.21.15.92:6789/0] conn(0x7f827407e710 0x7f827407cb70 unknown :-1 s=BANNER_CONNECTING pgs=0 cs=0 l=0 rev1=0 crypto rx=0 tx=0 comp rx=0 tx=0)._handle_peer_banner_payload supported=3 required=0
2024-09-15T23:32:27.713 INFO:teuthology.orchestra.run.smithi092.stdout:/usr/bin/ceph: stderr
2024-09-15T23:32:26.944+0000 7f827980f640 1 --2- >> [v2:172.21.15.92:3300/0,v1:172.21.15.92:6789/0] conn(0x7f827407e710 0x7f827407cb70 unknown :-1 s=HELLO_CONNECTING pgs=0 cs=0 l=0 rev1=1 crypto rx=0 tx=0 comp rx=0 tx=0).handle_hello peer v2:172.21.15.92:3300/0 says I am v2:172.21.15.92:58452/0 (socket says 172.21.15.92:58452)
2024-09-15T23:32:27.713 INFO:teuthology.orchestra.run.smithi092.stdout:/usr/bin/ceph: stderr
2024-09-15T23:32:26.944+0000 7f827980f640 1 -- 172.21.15.92:0/1256927906 learned_addr learned my addr 172.21.15.92:0/1256927906 (peer_addr_for_me v2:172.21.15.92:0/0)
2024-09-15T23:32:27.713 INFO:teuthology.orchestra.run.smithi092.stdout:/usr/bin/ceph: stderr
2024-09-15T23:32:26.944+0000 7f827980f640 1 -- 172.21.15.92:0/1256927906 --> [v2:172.21.15.92:3300/0,v1:172.21.15.92:6789/0] -- mon_subscribe({config=0+,monmap=0+}) -- 0x7f827407d2c0 con 0x7f827407e710
2024-09-15T23:32:27.714 INFO:teuthology.orchestra.run.smithi092.stdout:/usr/bin/ceph: stderr
2024-09-15T23:32:26.945+0000 7f827980f640 1 --2- 172.21.15.92:0/1256927906 >> [v2:172.21.15.92:3300/0,v1:172.21.15.92:6789/0] conn(0x7f827407e710 0x7f827407cb70 secure :-1 s=READY pgs=16 cs=0 l=1 rev1=1 crypto rx=0x7f8270009820 tx=0x7f827002a270 comp rx=0 tx=0).ready entity=mon.0 client_cookie=7e2189589efc085a server_cookie=0 in_seq=0 out_seq=0
2024-09-15T23:32:27.714 INFO:teuthology.orchestra.run.smithi092.stdout:/usr/bin/ceph: stderr
2024-09-15T23:32:26.945+0000 7f827880d640 1 -- 172.21.15.92:0/1256927906 <== mon.0 v2:172.21.15.92:3300/0 1 ==== mon_map magic: 0 ==== 205+0+0 (secure 0 0 0) 0x7f8270037070 con 0x7f827407e710
2024-09-15T23:32:27.714 INFO:teuthology.orchestra.run.smithi092.stdout:/usr/bin/ceph: stderr
2024-09-15T23:32:26.945+0000 7f827880d640 1 -- 172.21.15.92:0/1256927906 <== mon.0 v2:172.21.15.92:3300/0 2 ==== config(27 keys) ==== 1109+0+0 (secure 0 0 0) 0x7f8270032900 con 0x7f827407e710
2024-09-15T23:32:27.714 INFO:teuthology.orchestra.run.smithi092.stdout:/usr/bin/ceph: stderr
2024-09-15T23:32:26.945+0000 7f827880d640 1 -- 172.21.15.92:0/1256927906 <== mon.0 v2:172.21.15.92:3300/0 3 ==== mon_map magic: 0 ==== 205+0+0 (secure 0 0 0) 0x7f8270030850 con 0x7f827407e710
2024-09-15T23:32:27.714 INFO:teuthology.orchestra.run.smithi092.stdout:/usr/bin/ceph: stderr
2024-09-15T23:32:26.945+0000 7f827ba73640 1 -- 172.21.15.92:0/1256927906 >> [v2:172.21.15.92:3300/0,v1:172.21.15.92:6789/0] conn(0x7f827407e710 msgr2=0x7f827407cb70 secure :-1 s=STATE_CONNECTION_ESTABLISHED l=1).mark_down
2024-09-15T23:32:27.714 INFO:teuthology.orchestra.run.smithi092.stdout:/usr/bin/ceph: stderr
2024-09-15T23:32:26.945+0000 7f827ba73640 1 --2- 172.21.15.92:0/1256927906 >> [v2:172.21.15.92:3300/0,v1:172.21.15.92:6789/0] conn(0x7f827407e710 0x7f827407cb70 secure :-1 s=READY pgs=16 cs=0 l=1 rev1=1 crypto rx=0x7f8270009820 tx=0x7f827002a270 comp rx=0 tx=0).stop
2024-09-15T23:32:27.714 INFO:teuthology.orchestra.run.smithi092.stdout:/usr/bin/ceph: stderr
2024-09-15T23:32:26.945+0000 7f827ba73640 1 -- 172.21.15.92:0/1256927906 shutdown_connections
2024-09-15T23:32:27.714 INFO:teuthology.orchestra.run.smithi092.stdout:/usr/bin/ceph: stderr
2024-09-15T23:32:26.945+0000 7f827ba73640 1 --2- 172.21.15.92:0/1256927906 >> [v2:172.21.15.92:3300/0,v1:172.21.15.92:6789/0] conn(0x7f827407e710 0x7f827407cb70 unknown :-1 s=CLOSED pgs=16 cs=0 l=1 rev1=1 crypto rx=0 tx=0 comp rx=0 tx=0).stop
2024-09-15T23:32:27.714 INFO:teuthology.orchestra.run.smithi092.stdout:/usr/bin/ceph: stderr
2024-09-15T23:32:26.945+0000 7f827ba73640 1 -- 172.21.15.92:0/1256927906 >> 172.21.15.92:0/1256927906 conn(0x7f8274102ce0 msgr2=0x7f8274105120 unknown :-1 s=STATE_NONE l=0).mark_down
2024-09-15T23:32:27.714 INFO:teuthology.orchestra.run.smithi092.stdout:/usr/bin/ceph: stderr
2024-09-15T23:32:26.945+0000 7f827ba73640 1 -- 172.21.15.92:0/1256927906 shutdown_connections
2024-09-15T23:32:27.714 INFO:teuthology.orchestra.run.smithi092.stdout:/usr/bin/ceph: stderr
2024-09-15T23:32:26.945+0000 7f827ba73640 1 -- 172.21.15.92:0/1256927906 wait complete.
2024-09-15T23:32:27.714 INFO:teuthology.orchestra.run.smithi092.stdout:/usr/bin/ceph: stderr
2024-09-15T23:32:26.946+0000 7f827ba73640 1 Processor -- start
2024-09-15T23:32:27.714 INFO:teuthology.orchestra.run.smithi092.stdout:/usr/bin/ceph: stderr
2024-09-15T23:32:26.946+0000 7f827ba73640 1 -- start start
2024-09-15T23:32:27.714 INFO:teuthology.orchestra.run.smithi092.stdout:/usr/bin/ceph: stderr
2024-09-15T23:32:26.946+0000 7f827ba73640 1 --2- >> [v2:172.21.15.92:3300/0,v1:172.21.15.92:6789/0] conn(0x7f827407e710 0x7f827419d740 unknown :-1 s=NONE pgs=0 cs=0 l=1 rev1=0 crypto rx=0 tx=0 comp rx=0 tx=0).connect
2024-09-15T23:32:27.714 INFO:teuthology.orchestra.run.smithi092.stdout:/usr/bin/ceph: stderr
2024-09-15T23:32:26.946+0000 7f827ba73640 1 -- --> [v2:172.21.15.92:3300/0,v1:172.21.15.92:6789/0] -- mon_getmap magic: 0 -- 0x7f827410db80 con 0x7f827407e710
2024-09-15T23:32:27.715 INFO:teuthology.orchestra.run.smithi092.stdout:/usr/bin/ceph: stderr
2024-09-15T23:32:26.946+0000 7f827980f640 1 --2- >> [v2:172.21.15.92:3300/0,v1:172.21.15.92:6789/0] conn(0x7f827407e710 0x7f827419d740 unknown :-1 s=BANNER_CONNECTING pgs=0 cs=0 l=1 rev1=0 crypto rx=0 tx=0 comp rx=0 tx=0)._handle_peer_banner_payload supported=3 required=0
2024-09-15T23:32:27.715 INFO:teuthology.orchestra.run.smithi092.stdout:/usr/bin/ceph: stderr
2024-09-15T23:32:26.946+0000 7f827980f640 1 --2- >> [v2:172.21.15.92:3300/0,v1:172.21.15.92:6789/0] conn(0x7f827407e710 0x7f827419d740 unknown :-1 s=HELLO_CONNECTING pgs=0 cs=0 l=1 rev1=1 crypto rx=0 tx=0 comp rx=0 tx=0).handle_hello peer v2:172.21.15.92:3300/0 says I am v2:172.21.15.92:58462/0 (socket says 172.21.15.92:58462)
2024-09-15T23:32:27.715 INFO:teuthology.orchestra.run.smithi092.stdout:/usr/bin/ceph: stderr
2024-09-15T23:32:26.946+0000 7f827980f640 1 -- 172.21.15.92:0/2265549305 learned_addr learned my addr 172.21.15.92:0/2265549305 (peer_addr_for_me v2:172.21.15.92:0/0)
2024-09-15T23:32:27.715 INFO:teuthology.orchestra.run.smithi092.stdout:/usr/bin/ceph: stderr
2024-09-15T23:32:26.947+0000 7f827980f640 1 -- 172.21.15.92:0/2265549305 --> [v2:172.21.15.92:3300/0,v1:172.21.15.92:6789/0] -- mon_subscribe({config=0+,monmap=0+}) -- 0x7f827419dc80 con 0x7f827407e710
2024-09-15T23:32:27.715 INFO:teuthology.orchestra.run.smithi092.stdout:/usr/bin/ceph: stderr
2024-09-15T23:32:26.947+0000 7f827980f640 1 --2- 172.21.15.92:0/2265549305 >> [v2:172.21.15.92:3300/0,v1:172.21.15.92:6789/0] conn(0x7f827407e710 0x7f827419d740 secure :-1 s=READY pgs=17 cs=0 l=1 rev1=1 crypto rx=0x7f8270009940 tx=0x7f8270032ce0 comp rx=0 tx=0).ready entity=mon.0 client_cookie=0 server_cookie=0 in_seq=0 out_seq=0
2024-09-15T23:32:27.715 INFO:teuthology.orchestra.run.smithi092.stdout:/usr/bin/ceph: stderr
2024-09-15T23:32:26.947+0000 7f826affd640 1 -- 172.21.15.92:0/2265549305 <== mon.0 v2:172.21.15.92:3300/0 1 ==== mon_map magic: 0 ==== 205+0+0 (secure 0 0 0) 0x7f8270042070 con 0x7f827407e710
2024-09-15T23:32:27.715 INFO:teuthology.orchestra.run.smithi092.stdout:/usr/bin/ceph: stderr
2024-09-15T23:32:26.947+0000 7f826affd640 1 -- 172.21.15.92:0/2265549305 <== mon.0 v2:172.21.15.92:3300/0 2 ==== config(27 keys) ==== 1109+0+0 (secure 0 0 0) 0x7f82700308c0 con 0x7f827407e710
2024-09-15T23:32:27.715 INFO:teuthology.orchestra.run.smithi092.stdout:/usr/bin/ceph: stderr
2024-09-15T23:32:26.947+0000 7f827ba73640 1 -- 172.21.15.92:0/2265549305 --> [v2:172.21.15.92:3300/0,v1:172.21.15.92:6789/0] -- mon_subscribe({mgrmap=0+}) -- 0x7f827419df10 con 0x7f827407e710
2024-09-15T23:32:27.715 INFO:teuthology.orchestra.run.smithi092.stdout:/usr/bin/ceph: stderr
2024-09-15T23:32:26.947+0000 7f826affd640 1 -- 172.21.15.92:0/2265549305 <== mon.0 v2:172.21.15.92:3300/0 3 ==== mon_map magic: 0 ==== 205+0+0 (secure 0 0 0) 0x7f8270037040 con 0x7f827407e710
2024-09-15T23:32:27.715 INFO:teuthology.orchestra.run.smithi092.stdout:/usr/bin/ceph: stderr
2024-09-15T23:32:26.947+0000 7f827ba73640 1 -- 172.21.15.92:0/2265549305 --> [v2:172.21.15.92:3300/0,v1:172.21.15.92:6789/0] -- mon_subscribe({osdmap=0}) -- 0x7f82741a0c00 con 0x7f827407e710
2024-09-15T23:32:27.715 INFO:teuthology.orchestra.run.smithi092.stdout:/usr/bin/ceph: stderr
2024-09-15T23:32:26.948+0000 7f826affd640 1 -- 172.21.15.92:0/2265549305 <== mon.0 v2:172.21.15.92:3300/0 4 ==== mgrmap(e 3) ==== 46344+0+0 (secure 0 0 0) 0x7f8270045070 con 0x7f827407e710
2024-09-15T23:32:27.715 INFO:teuthology.orchestra.run.smithi092.stdout:/usr/bin/ceph: stderr
2024-09-15T23:32:26.948+0000 7f826affd640 1 --2- 172.21.15.92:0/2265549305 >> [v2:172.21.15.92:6800/199123460,v1:172.21.15.92:6801/199123460] conn(0x7f8260039050 0x7f826003b510 unknown :-1 s=NONE pgs=0 cs=0 l=1 rev1=0 crypto rx=0 tx=0 comp rx=0 tx=0).connect
2024-09-15T23:32:27.715 INFO:teuthology.orchestra.run.smithi092.stdout:/usr/bin/ceph: stderr
2024-09-15T23:32:26.948+0000 7f827ba73640 1 -- 172.21.15.92:0/2265549305 --> [v2:172.21.15.92:3300/0,v1:172.21.15.92:6789/0] -- mon_command({"prefix": "get_command_descriptions"} v 0) -- 0x7f827407cbf0 con 0x7f827407e710
2024-09-15T23:32:27.715 INFO:teuthology.orchestra.run.smithi092.stdout:/usr/bin/ceph: stderr
2024-09-15T23:32:26.948+0000 7f826affd640 1 -- 172.21.15.92:0/2265549305 <== mon.0 v2:172.21.15.92:3300/0 5 ==== osd_map(1..1 src has 1..1) ==== 725+0+0 (secure 0 0 0) 0x7f827006c030 con 0x7f827407e710
2024-09-15T23:32:27.715 INFO:teuthology.orchestra.run.smithi092.stdout:/usr/bin/ceph: stderr
2024-09-15T23:32:26.948+0000 7f827900e640 1 --2- 172.21.15.92:0/2265549305 >> [v2:172.21.15.92:6800/199123460,v1:172.21.15.92:6801/199123460] conn(0x7f8260039050 0x7f826003b510 unknown :-1 s=BANNER_CONNECTING pgs=0 cs=0 l=1 rev1=0 crypto rx=0 tx=0 comp rx=0 tx=0)._handle_peer_banner_payload supported=3 required=0
2024-09-15T23:32:27.716 INFO:teuthology.orchestra.run.smithi092.stdout:/usr/bin/ceph: stderr
2024-09-15T23:32:26.948+0000 7f827900e640 1 --2- 172.21.15.92:0/2265549305 >> [v2:172.21.15.92:6800/199123460,v1:172.21.15.92:6801/199123460] conn(0x7f8260039050 0x7f826003b510 secure :-1 s=READY pgs=6 cs=0 l=1 rev1=1 crypto rx=0x7f82640098c0 tx=0x7f8264006db0 comp rx=0 tx=0).ready entity=mgr.14100 client_cookie=0 server_cookie=0 in_seq=0 out_seq=0
2024-09-15T23:32:27.716 INFO:teuthology.orchestra.run.smithi092.stdout:/usr/bin/ceph: stderr
2024-09-15T23:32:26.953+0000 7f826affd640 1 -- 172.21.15.92:0/2265549305 <== mon.0 v2:172.21.15.92:3300/0 6 ==== mon_command_ack([{"prefix": "get_command_descriptions"}]=0 v0) ==== 72+0+188821 (secure 0 0 0) 0x7f827003cd90 con 0x7f827407e710
2024-09-15T23:32:27.716 INFO:teuthology.orchestra.run.smithi092.stdout:/usr/bin/ceph: stderr
2024-09-15T23:32:26.982+0000 7f826affd640 1 -- 172.21.15.92:0/2265549305 <== mon.0 v2:172.21.15.92:3300/0 7 ==== mgrmap(e 4) ==== 46450+0+0 (secure 0 0 0) 0x7f827003c870 con 0x7f827407e710
2024-09-15T23:32:27.716 INFO:teuthology.orchestra.run.smithi092.stdout:/usr/bin/ceph: stderr
2024-09-15T23:32:27.188+0000 7f827ba73640 1 -- 172.21.15.92:0/2265549305 --> [v2:172.21.15.92:3300/0,v1:172.21.15.92:6789/0] -- mon_command({"prefix": "status", "format": "json-pretty"} v 0) -- 0x7f82741a0dd0 con 0x7f827407e710
2024-09-15T23:32:27.716 INFO:teuthology.orchestra.run.smithi092.stdout:/usr/bin/ceph: stderr
2024-09-15T23:32:27.188+0000 7f826affd640 1 -- 172.21.15.92:0/2265549305 <== mon.0 v2:172.21.15.92:3300/0 8 ==== mon_command_ack([{"prefix": "status", "format": "json-pretty"}]=0 v0) ==== 79+0+1290 (secure 0 0 0) 0x7f82741a0dd0 con 0x7f827407e710
2024-09-15T23:32:27.716 INFO:teuthology.orchestra.run.smithi092.stdout:/usr/bin/ceph: stderr
2024-09-15T23:32:27.190+0000 7f827ba73640 1 -- 172.21.15.92:0/2265549305 >> [v2:172.21.15.92:6800/199123460,v1:172.21.15.92:6801/199123460] conn(0x7f8260039050 msgr2=0x7f826003b510 secure :-1 s=STATE_CONNECTION_ESTABLISHED l=1).mark_down
2024-09-15T23:32:27.716 INFO:teuthology.orchestra.run.smithi092.stdout:/usr/bin/ceph: stderr
2024-09-15T23:32:27.190+0000 7f827ba73640 1 --2- 172.21.15.92:0/2265549305 >> [v2:172.21.15.92:6800/199123460,v1:172.21.15.92:6801/199123460] conn(0x7f8260039050 0x7f826003b510 secure :-1 s=READY pgs=6 cs=0 l=1 rev1=1 crypto rx=0x7f82640098c0 tx=0x7f8264006db0 comp rx=0 tx=0).stop
2024-09-15T23:32:27.716 INFO:teuthology.orchestra.run.smithi092.stdout:/usr/bin/ceph: stderr
2024-09-15T23:32:27.190+0000 7f827ba73640 1 -- 172.21.15.92:0/2265549305 >> [v2:172.21.15.92:3300/0,v1:172.21.15.92:6789/0] conn(0x7f827407e710 msgr2=0x7f827419d740 secure :-1 s=STATE_CONNECTION_ESTABLISHED l=1).mark_down
2024-09-15T23:32:27.716 INFO:teuthology.orchestra.run.smithi092.stdout:/usr/bin/ceph: stderr
2024-09-15T23:32:27.190+0000 7f827ba73640 1 --2- 172.21.15.92:0/2265549305 >> [v2:172.21.15.92:3300/0,v1:172.21.15.92:6789/0] conn(0x7f827407e710 0x7f827419d740 secure :-1 s=READY pgs=17 cs=0 l=1 rev1=1 crypto rx=0x7f8270009940 tx=0x7f8270032ce0 comp rx=0 tx=0).stop
2024-09-15T23:32:27.716 INFO:teuthology.orchestra.run.smithi092.stdout:/usr/bin/ceph: stderr
2024-09-15T23:32:27.190+0000 7f827ba73640 1 -- 172.21.15.92:0/2265549305 shutdown_connections
2024-09-15T23:32:27.716 INFO:teuthology.orchestra.run.smithi092.stdout:/usr/bin/ceph: stderr
2024-09-15T23:32:27.190+0000 7f827ba73640 1 --2- 172.21.15.92:0/2265549305 >> [v2:172.21.15.92:6800/199123460,v1:172.21.15.92:6801/199123460] conn(0x7f8260039050 0x7f826003b510 unknown :-1 s=CLOSED pgs=6 cs=0 l=1 rev1=1 crypto rx=0 tx=0 comp rx=0 tx=0).stop
2024-09-15T23:32:27.716 INFO:teuthology.orchestra.run.smithi092.stdout:/usr/bin/ceph: stderr
2024-09-15T23:32:27.190+0000 7f827ba73640 1 --2- 172.21.15.92:0/2265549305 >> [v2:172.21.15.92:3300/0,v1:172.21.15.92:6789/0] conn(0x7f827407e710 0x7f827419d740 unknown :-1 s=CLOSED pgs=17 cs=0 l=1 rev1=1 crypto rx=0 tx=0 comp rx=0 tx=0).stop
2024-09-15T23:32:27.716 INFO:teuthology.orchestra.run.smithi092.stdout:/usr/bin/ceph: stderr
2024-09-15T23:32:27.190+0000 7f827ba73640 1 -- 172.21.15.92:0/2265549305 >> 172.21.15.92:0/2265549305 conn(0x7f8274102ce0 msgr2=0x7f82741038c0 unknown :-1 s=STATE_NONE l=0).mark_down
2024-09-15T23:32:27.716 INFO:teuthology.orchestra.run.smithi092.stdout:/usr/bin/ceph: stderr
2024-09-15T23:32:27.190+0000 7f827ba73640 1 -- 172.21.15.92:0/2265549305 shutdown_connections
2024-09-15T23:32:27.716 INFO:teuthology.orchestra.run.smithi092.stdout:/usr/bin/ceph: stderr
2024-09-15T23:32:27.190+0000 7f827ba73640 1 -- 172.21.15.92:0/2265549305 wait complete.
2024-09-15T23:32:27.717 INFO:teuthology.orchestra.run.smithi092.stdout:mgr is available
2024-09-15T23:32:28.108 INFO:journalctl@ceph.mon.a.smithi092.stdout:Sep 15 23:32:27 smithi092 ceph-mon[30920]: mgrmap e4: x(active, since 2s)
2024-09-15T23:32:28.108 INFO:journalctl@ceph.mon.a.smithi092.stdout:Sep 15 23:32:27 smithi092 ceph-mon[30920]: from='client.? 172.21.15.92:0/2265549305' entity='client.admin' cmd=[{"prefix": "status", "format": "json-pretty"}]: dispatch
2024-09-15T23:32:28.853 INFO:teuthology.orchestra.run.smithi092.stdout:/usr/bin/ceph: stdout
2024-09-15T23:32:28.853 INFO:teuthology.orchestra.run.smithi092.stdout:/usr/bin/ceph: stdout [global]
2024-09-15T23:32:28.853 INFO:teuthology.orchestra.run.smithi092.stdout:/usr/bin/ceph: stdout fsid = 8d858cdc-73ba-11ef-bceb-c7b262605968
2024-09-15T23:32:28.853 INFO:teuthology.orchestra.run.smithi092.stdout:/usr/bin/ceph: stdout mon_host = [v2:172.21.15.92:3300,v1:172.21.15.92:6789]
2024-09-15T23:32:28.853 INFO:teuthology.orchestra.run.smithi092.stdout:/usr/bin/ceph: stdout mon_osd_allow_pg_remap = true
2024-09-15T23:32:28.854 INFO:teuthology.orchestra.run.smithi092.stdout:/usr/bin/ceph: stdout mon_osd_allow_primary_affinity = true
2024-09-15T23:32:28.854 INFO:teuthology.orchestra.run.smithi092.stdout:/usr/bin/ceph: stdout mon_warn_on_no_sortbitwise = false
2024-09-15T23:32:28.854 INFO:teuthology.orchestra.run.smithi092.stdout:/usr/bin/ceph: stdout osd_crush_chooseleaf_type = 0
2024-09-15T23:32:28.854 INFO:teuthology.orchestra.run.smithi092.stdout:/usr/bin/ceph: stdout
2024-09-15T23:32:28.854 INFO:teuthology.orchestra.run.smithi092.stdout:/usr/bin/ceph: stdout [mgr]
2024-09-15T23:32:28.854 INFO:teuthology.orchestra.run.smithi092.stdout:/usr/bin/ceph: stdout mgr/telemetry/nag = false
2024-09-15T23:32:28.854 INFO:teuthology.orchestra.run.smithi092.stdout:/usr/bin/ceph: stdout
2024-09-15T23:32:28.854 INFO:teuthology.orchestra.run.smithi092.stdout:/usr/bin/ceph: stdout [osd]
2024-09-15T23:32:28.854 INFO:teuthology.orchestra.run.smithi092.stdout:/usr/bin/ceph: stdout mon_osd_backfillfull_ratio = 0.85
2024-09-15T23:32:28.854 INFO:teuthology.orchestra.run.smithi092.stdout:/usr/bin/ceph: stdout mon_osd_full_ratio = 0.9
2024-09-15T23:32:28.854 INFO:teuthology.orchestra.run.smithi092.stdout:/usr/bin/ceph: stdout mon_osd_nearfull_ratio = 0.8
2024-09-15T23:32:28.854 INFO:teuthology.orchestra.run.smithi092.stdout:/usr/bin/ceph: stdout osd_map_max_advance = 10
2024-09-15T23:32:28.854 INFO:teuthology.orchestra.run.smithi092.stdout:/usr/bin/ceph: stdout osd_sloppy_crc = true
2024-09-15T23:32:28.855 INFO:teuthology.orchestra.run.smithi092.stdout:/usr/bin/ceph: stderr
2024-09-15T23:32:28.109+0000 7effd3327640 1 Processor -- start
2024-09-15T23:32:28.855 INFO:teuthology.orchestra.run.smithi092.stdout:/usr/bin/ceph: stderr
2024-09-15T23:32:28.110+0000 7effd3327640 1 -- start start
2024-09-15T23:32:28.855 INFO:teuthology.orchestra.run.smithi092.stdout:/usr/bin/ceph: stderr
2024-09-15T23:32:28.110+0000 7effd3327640 1 --2- >> [v2:172.21.15.92:3300/0,v1:172.21.15.92:6789/0] conn(0x7effcc107550 0x7effcc107950 unknown :-1 s=NONE pgs=0 cs=0 l=0 rev1=0 crypto rx=0 tx=0 comp rx=0 tx=0).connect
2024-09-15T23:32:28.855 INFO:teuthology.orchestra.run.smithi092.stdout:/usr/bin/ceph: stderr
2024-09-15T23:32:28.110+0000 7effd3327640 1 -- --> [v2:172.21.15.92:3300/0,v1:172.21.15.92:6789/0] -- mon_getmap magic: 0 -- 0x7effcc107f20 con 0x7effcc107550
2024-09-15T23:32:28.855 INFO:teuthology.orchestra.run.smithi092.stdout:/usr/bin/ceph: stderr
2024-09-15T23:32:28.110+0000 7effd10c3640 1 --2- >> [v2:172.21.15.92:3300/0,v1:172.21.15.92:6789/0] conn(0x7effcc107550 0x7effcc107950 unknown :-1 s=BANNER_CONNECTING pgs=0 cs=0 l=0 rev1=0 crypto rx=0 tx=0 comp rx=0 tx=0)._handle_peer_banner_payload supported=3 required=0
2024-09-15T23:32:28.855 INFO:teuthology.orchestra.run.smithi092.stdout:/usr/bin/ceph: stderr
2024-09-15T23:32:28.110+0000 7effd10c3640 1 --2- >> [v2:172.21.15.92:3300/0,v1:172.21.15.92:6789/0] conn(0x7effcc107550 0x7effcc107950 unknown :-1 s=HELLO_CONNECTING pgs=0 cs=0 l=0 rev1=1 crypto rx=0 tx=0 comp rx=0 tx=0).handle_hello peer v2:172.21.15.92:3300/0 says I am v2:172.21.15.92:58470/0 (socket says 172.21.15.92:58470)
2024-09-15T23:32:28.855 INFO:teuthology.orchestra.run.smithi092.stdout:/usr/bin/ceph: stderr
2024-09-15T23:32:28.110+0000 7effd10c3640 1 -- 172.21.15.92:0/3452385713 learned_addr learned my addr 172.21.15.92:0/3452385713 (peer_addr_for_me v2:172.21.15.92:0/0)
2024-09-15T23:32:28.855 INFO:teuthology.orchestra.run.smithi092.stdout:/usr/bin/ceph: stderr
2024-09-15T23:32:28.110+0000 7effd10c3640 1 -- 172.21.15.92:0/3452385713 --> [v2:172.21.15.92:3300/0,v1:172.21.15.92:6789/0] -- mon_subscribe({config=0+,monmap=0+}) -- 0x7effcc108750 con 0x7effcc107550
2024-09-15T23:32:28.855 INFO:teuthology.orchestra.run.smithi092.stdout:/usr/bin/ceph: stderr
2024-09-15T23:32:28.111+0000 7effd10c3640 1 --2- 172.21.15.92:0/3452385713 >> [v2:172.21.15.92:3300/0,v1:172.21.15.92:6789/0] conn(0x7effcc107550 0x7effcc107950 secure :-1 s=READY pgs=18 cs=0 l=1 rev1=1 crypto rx=0x7effc4009820 tx=0x7effc402a270 comp rx=0 tx=0).ready entity=mon.0 client_cookie=76edcead1182073e server_cookie=0 in_seq=0 out_seq=0
2024-09-15T23:32:28.855 INFO:teuthology.orchestra.run.smithi092.stdout:/usr/bin/ceph: stderr
2024-09-15T23:32:28.111+0000 7effc3fff640 1 -- 172.21.15.92:0/3452385713 <== mon.0 v2:172.21.15.92:3300/0 1 ==== mon_map magic: 0 ==== 205+0+0 (secure 0 0 0) 0x7effc4037070 con 0x7effcc107550
2024-09-15T23:32:28.855 INFO:teuthology.orchestra.run.smithi092.stdout:/usr/bin/ceph: stderr
2024-09-15T23:32:28.111+0000 7effc3fff640 1 -- 172.21.15.92:0/3452385713 <== mon.0 v2:172.21.15.92:3300/0 2 ==== config(27 keys) ==== 1109+0+0 (secure 0 0 0) 0x7effc4032900 con 0x7effcc107550
2024-09-15T23:32:28.855 INFO:teuthology.orchestra.run.smithi092.stdout:/usr/bin/ceph: stderr
2024-09-15T23:32:28.111+0000 7effc3fff640 1 -- 172.21.15.92:0/3452385713 <== mon.0 v2:172.21.15.92:3300/0 3 ==== mon_map magic: 0 ==== 205+0+0 (secure 0 0 0) 0x7effc4030850 con 0x7effcc107550
2024-09-15T23:32:28.856 INFO:teuthology.orchestra.run.smithi092.stdout:/usr/bin/ceph: stderr
2024-09-15T23:32:28.112+0000 7effd3327640 1 -- 172.21.15.92:0/3452385713 >> [v2:172.21.15.92:3300/0,v1:172.21.15.92:6789/0] conn(0x7effcc107550 msgr2=0x7effcc107950 secure :-1 s=STATE_CONNECTION_ESTABLISHED l=1).mark_down
2024-09-15T23:32:28.856 INFO:teuthology.orchestra.run.smithi092.stdout:/usr/bin/ceph: stderr
2024-09-15T23:32:28.112+0000 7effd3327640 1 --2- 172.21.15.92:0/3452385713 >> [v2:172.21.15.92:3300/0,v1:172.21.15.92:6789/0] conn(0x7effcc107550 0x7effcc107950 secure :-1 s=READY pgs=18 cs=0 l=1 rev1=1 crypto rx=0x7effc4009820 tx=0x7effc402a270 comp rx=0 tx=0).stop
2024-09-15T23:32:28.856 INFO:teuthology.orchestra.run.smithi092.stdout:/usr/bin/ceph: stderr
2024-09-15T23:32:28.112+0000 7effd3327640 1 -- 172.21.15.92:0/3452385713 shutdown_connections
2024-09-15T23:32:28.856 INFO:teuthology.orchestra.run.smithi092.stdout:/usr/bin/ceph: stderr
2024-09-15T23:32:28.112+0000 7effd3327640 1 --2- 172.21.15.92:0/3452385713 >> [v2:172.21.15.92:3300/0,v1:172.21.15.92:6789/0] conn(0x7effcc107550 0x7effcc107950 unknown :-1 s=CLOSED pgs=18 cs=0 l=1 rev1=1 crypto rx=0 tx=0 comp rx=0 tx=0).stop
2024-09-15T23:32:28.856 INFO:teuthology.orchestra.run.smithi092.stdout:/usr/bin/ceph: stderr
2024-09-15T23:32:28.112+0000 7effd3327640 1 -- 172.21.15.92:0/3452385713 >> 172.21.15.92:0/3452385713 conn(0x7effcc102ce0 msgr2=0x7effcc105120 unknown :-1 s=STATE_NONE l=0).mark_down
2024-09-15T23:32:28.856 INFO:teuthology.orchestra.run.smithi092.stdout:/usr/bin/ceph: stderr
2024-09-15T23:32:28.112+0000 7effd3327640 1 -- 172.21.15.92:0/3452385713 shutdown_connections
2024-09-15T23:32:28.856 INFO:teuthology.orchestra.run.smithi092.stdout:/usr/bin/ceph: stderr
2024-09-15T23:32:28.112+0000 7effd3327640 1 -- 172.21.15.92:0/3452385713 wait complete.
2024-09-15T23:32:28.856 INFO:teuthology.orchestra.run.smithi092.stdout:/usr/bin/ceph: stderr
2024-09-15T23:32:28.112+0000 7effd3327640 1 Processor -- start
2024-09-15T23:32:28.856 INFO:teuthology.orchestra.run.smithi092.stdout:/usr/bin/ceph: stderr
2024-09-15T23:32:28.112+0000 7effd3327640 1 -- start start
2024-09-15T23:32:28.856 INFO:teuthology.orchestra.run.smithi092.stdout:/usr/bin/ceph: stderr
2024-09-15T23:32:28.113+0000 7effd3327640 1 --2- >> [v2:172.21.15.92:3300/0,v1:172.21.15.92:6789/0] conn(0x7effcc107550 0x7effcc07e3a0 unknown :-1 s=NONE pgs=0 cs=0 l=1 rev1=0 crypto rx=0 tx=0 comp rx=0 tx=0).connect
2024-09-15T23:32:28.856 INFO:teuthology.orchestra.run.smithi092.stdout:/usr/bin/ceph: stderr
2024-09-15T23:32:28.113+0000 7effd3327640 1 -- --> [v2:172.21.15.92:3300/0,v1:172.21.15.92:6789/0] -- mon_getmap magic: 0 -- 0x7effcc10bb00 con 0x7effcc107550
2024-09-15T23:32:28.856 INFO:teuthology.orchestra.run.smithi092.stdout:/usr/bin/ceph: stderr
2024-09-15T23:32:28.113+0000 7effd10c3640 1 --2- >> [v2:172.21.15.92:3300/0,v1:172.21.15.92:6789/0] conn(0x7effcc107550 0x7effcc07e3a0 unknown :-1 s=BANNER_CONNECTING pgs=0 cs=0 l=1 rev1=0 crypto rx=0 tx=0 comp rx=0 tx=0)._handle_peer_banner_payload supported=3 required=0
2024-09-15T23:32:28.857 INFO:teuthology.orchestra.run.smithi092.stdout:/usr/bin/ceph: stderr
2024-09-15T23:32:28.113+0000 7effd10c3640 1 --2- >> [v2:172.21.15.92:3300/0,v1:172.21.15.92:6789/0] conn(0x7effcc107550 0x7effcc07e3a0 unknown :-1 s=HELLO_CONNECTING pgs=0 cs=0 l=1 rev1=1 crypto rx=0 tx=0 comp rx=0 tx=0).handle_hello peer v2:172.21.15.92:3300/0 says I am v2:172.21.15.92:58484/0 (socket says 172.21.15.92:58484)
2024-09-15T23:32:28.857 INFO:teuthology.orchestra.run.smithi092.stdout:/usr/bin/ceph: stderr
2024-09-15T23:32:28.113+0000 7effd10c3640 1 -- 172.21.15.92:0/1602191480 learned_addr learned my addr 172.21.15.92:0/1602191480 (peer_addr_for_me v2:172.21.15.92:0/0)
2024-09-15T23:32:28.857 INFO:teuthology.orchestra.run.smithi092.stdout:/usr/bin/ceph: stderr
2024-09-15T23:32:28.113+0000 7effd10c3640 1 -- 172.21.15.92:0/1602191480 --> [v2:172.21.15.92:3300/0,v1:172.21.15.92:6789/0] -- mon_subscribe({config=0+,monmap=0+}) -- 0x7effcc07e8e0 con 0x7effcc107550
2024-09-15T23:32:28.857 INFO:teuthology.orchestra.run.smithi092.stdout:/usr/bin/ceph: stderr
2024-09-15T23:32:28.113+0000 7effd10c3640 1 --2- 172.21.15.92:0/1602191480 >> [v2:172.21.15.92:3300/0,v1:172.21.15.92:6789/0] conn(0x7effcc107550 0x7effcc07e3a0 secure :-1 s=READY pgs=19 cs=0 l=1 rev1=1 crypto rx=0x7effc4009940 tx=0x7effc4032ce0 comp rx=0 tx=0).ready entity=mon.0 client_cookie=0 server_cookie=0 in_seq=0 out_seq=0
2024-09-15T23:32:28.857 INFO:teuthology.orchestra.run.smithi092.stdout:/usr/bin/ceph: stderr
2024-09-15T23:32:28.113+0000 7effc27fc640 1 -- 172.21.15.92:0/1602191480 <== mon.0 v2:172.21.15.92:3300/0 1 ==== mon_map magic: 0 ==== 205+0+0 (secure 0 0 0) 0x7effc4042070 con 0x7effcc107550
2024-09-15T23:32:28.857 INFO:teuthology.orchestra.run.smithi092.stdout:/usr/bin/ceph: stderr
2024-09-15T23:32:28.113+0000 7effc27fc640 1 -- 172.21.15.92:0/1602191480 <== mon.0 v2:172.21.15.92:3300/0 2 ==== config(27 keys) ==== 1109+0+0 (secure 0 0 0) 0x7effc40308c0 con 0x7effcc107550
2024-09-15T23:32:28.857 INFO:teuthology.orchestra.run.smithi092.stdout:/usr/bin/ceph: stderr
2024-09-15T23:32:28.113+0000 7effc27fc640 1 -- 172.21.15.92:0/1602191480 <== mon.0 v2:172.21.15.92:3300/0 3 ==== mon_map magic: 0 ==== 205+0+0 (secure 0 0 0) 0x7effc4037040 con 0x7effcc107550
2024-09-15T23:32:28.857 INFO:teuthology.orchestra.run.smithi092.stdout:/usr/bin/ceph: stderr
2024-09-15T23:32:28.113+0000 7effd3327640 1 -- 172.21.15.92:0/1602191480 --> [v2:172.21.15.92:3300/0,v1:172.21.15.92:6789/0] -- mon_subscribe({mgrmap=0+}) -- 0x7effcc07cad0 con 0x7effcc107550
2024-09-15T23:32:28.857 INFO:teuthology.orchestra.run.smithi092.stdout:/usr/bin/ceph: stderr
2024-09-15T23:32:28.113+0000 7effd3327640 1 -- 172.21.15.92:0/1602191480 --> [v2:172.21.15.92:3300/0,v1:172.21.15.92:6789/0] -- mon_subscribe({osdmap=0}) -- 0x7effcc07d010 con 0x7effcc107550
2024-09-15T23:32:28.857 INFO:teuthology.orchestra.run.smithi092.stdout:/usr/bin/ceph: stderr
2024-09-15T23:32:28.114+0000 7effc27fc640 1 -- 172.21.15.92:0/1602191480 <== mon.0 v2:172.21.15.92:3300/0 4 ==== mgrmap(e 4) ==== 46450+0+0 (secure 0 0 0) 0x7effc4045070 con 0x7effcc107550
2024-09-15T23:32:28.857 INFO:teuthology.orchestra.run.smithi092.stdout:/usr/bin/ceph: stderr
2024-09-15T23:32:28.114+0000 7effc27fc640 1 --2- 172.21.15.92:0/1602191480 >> [v2:172.21.15.92:6800/199123460,v1:172.21.15.92:6801/199123460] conn(0x7effb80391b0 0x7effb803b670 unknown :-1 s=NONE pgs=0 cs=0 l=1 rev1=0 crypto rx=0 tx=0 comp rx=0 tx=0).connect
2024-09-15T23:32:28.858 INFO:teuthology.orchestra.run.smithi092.stdout:/usr/bin/ceph: stderr
2024-09-15T23:32:28.114+0000 7effd3327640 1 -- 172.21.15.92:0/1602191480 --> [v2:172.21.15.92:3300/0,v1:172.21.15.92:6789/0] -- mon_command({"prefix": "get_command_descriptions"} v 0) -- 0x7effcc1079d0 con 0x7effcc107550
2024-09-15T23:32:28.858 INFO:teuthology.orchestra.run.smithi092.stdout:/usr/bin/ceph: stderr
2024-09-15T23:32:28.115+0000 7effc27fc640 1 -- 172.21.15.92:0/1602191480 <== mon.0 v2:172.21.15.92:3300/0 5 ==== osd_map(1..1 src has 1..1) ==== 725+0+0 (secure 0 0 0) 0x7effc406c1e0 con 0x7effcc107550
2024-09-15T23:32:28.858 INFO:teuthology.orchestra.run.smithi092.stdout:/usr/bin/ceph: stderr
2024-09-15T23:32:28.115+0000 7effd08c2640 1 --2- 172.21.15.92:0/1602191480 >> [v2:172.21.15.92:6800/199123460,v1:172.21.15.92:6801/199123460] conn(0x7effb80391b0 0x7effb803b670 unknown :-1 s=BANNER_CONNECTING pgs=0 cs=0 l=1 rev1=0 crypto rx=0 tx=0 comp rx=0 tx=0)._handle_peer_banner_payload supported=3 required=0
2024-09-15T23:32:28.858 INFO:teuthology.orchestra.run.smithi092.stdout:/usr/bin/ceph: stderr
2024-09-15T23:32:28.115+0000 7effd08c2640 1 --2- 172.21.15.92:0/1602191480 >> [v2:172.21.15.92:6800/199123460,v1:172.21.15.92:6801/199123460] conn(0x7effb80391b0 0x7effb803b670 secure :-1 s=READY pgs=7 cs=0 l=1 rev1=1 crypto rx=0x7effbc0098c0 tx=0x7effbc006db0 comp rx=0 tx=0).ready entity=mgr.14100 client_cookie=0 server_cookie=0 in_seq=0 out_seq=0
2024-09-15T23:32:28.858 INFO:teuthology.orchestra.run.smithi092.stdout:/usr/bin/ceph: stderr
2024-09-15T23:32:28.119+0000 7effc27fc640 1 -- 172.21.15.92:0/1602191480 <== mon.0 v2:172.21.15.92:3300/0 6 ==== mon_command_ack([{"prefix": "get_command_descriptions"}]=0 v0) ==== 72+0+188821 (secure 0 0 0) 0x7effc404b170 con 0x7effcc107550
2024-09-15T23:32:28.858 INFO:teuthology.orchestra.run.smithi092.stdout:/usr/bin/ceph: stderr
2024-09-15T23:32:28.283+0000 7effd3327640 1 -- 172.21.15.92:0/1602191480 --> [v2:172.21.15.92:3300/0,v1:172.21.15.92:6789/0] -- mon_command({"prefix": "config assimilate-conf"} v 0) -- 0x7effcc07d290 con 0x7effcc107550
2024-09-15T23:32:28.858 INFO:teuthology.orchestra.run.smithi092.stdout:/usr/bin/ceph: stderr
2024-09-15T23:32:28.284+0000 7effc27fc640 1 -- 172.21.15.92:0/1602191480 <== mon.0 v2:172.21.15.92:3300/0 7 ==== mon_command_ack([{"prefix": "config assimilate-conf"}]=0 v3) ==== 70+0+429 (secure 0 0 0) 0x7effc402fd90 con 0x7effcc107550
2024-09-15T23:32:28.858 INFO:teuthology.orchestra.run.smithi092.stdout:/usr/bin/ceph: stderr
2024-09-15T23:32:28.286+0000 7effd3327640 1 -- 172.21.15.92:0/1602191480 >> [v2:172.21.15.92:6800/199123460,v1:172.21.15.92:6801/199123460] conn(0x7effb80391b0 msgr2=0x7effb803b670 secure :-1 s=STATE_CONNECTION_ESTABLISHED l=1).mark_down
2024-09-15T23:32:28.858 INFO:teuthology.orchestra.run.smithi092.stdout:/usr/bin/ceph: stderr
2024-09-15T23:32:28.286+0000 7effd3327640 1 --2- 172.21.15.92:0/1602191480 >> [v2:172.21.15.92:6800/199123460,v1:172.21.15.92:6801/199123460] conn(0x7effb80391b0 0x7effb803b670 secure :-1 s=READY pgs=7 cs=0 l=1 rev1=1 crypto rx=0x7effbc0098c0 tx=0x7effbc006db0 comp rx=0 tx=0).stop
2024-09-15T23:32:28.858 INFO:teuthology.orchestra.run.smithi092.stdout:/usr/bin/ceph: stderr
2024-09-15T23:32:28.286+0000 7effd3327640 1 -- 172.21.15.92:0/1602191480 >> [v2:172.21.15.92:3300/0,v1:172.21.15.92:6789/0] conn(0x7effcc107550 msgr2=0x7effcc07e3a0 secure :-1 s=STATE_CONNECTION_ESTABLISHED l=1).mark_down
2024-09-15T23:32:28.858 INFO:teuthology.orchestra.run.smithi092.stdout:/usr/bin/ceph: stderr
2024-09-15T23:32:28.286+0000 7effd3327640 1 --2- 172.21.15.92:0/1602191480 >> [v2:172.21.15.92:3300/0,v1:172.21.15.92:6789/0] conn(0x7effcc107550 0x7effcc07e3a0 secure :-1 s=READY pgs=19 cs=0 l=1 rev1=1 crypto rx=0x7effc4009940 tx=0x7effc4032ce0 comp rx=0 tx=0).stop
2024-09-15T23:32:28.858 INFO:teuthology.orchestra.run.smithi092.stdout:/usr/bin/ceph: stderr
2024-09-15T23:32:28.287+0000 7effd3327640 1 -- 172.21.15.92:0/1602191480 shutdown_connections
2024-09-15T23:32:28.859 INFO:teuthology.orchestra.run.smithi092.stdout:/usr/bin/ceph: stderr
2024-09-15T23:32:28.287+0000 7effd3327640 1 --2- 172.21.15.92:0/1602191480 >> [v2:172.21.15.92:6800/199123460,v1:172.21.15.92:6801/199123460] conn(0x7effb80391b0 0x7effb803b670 unknown :-1 s=CLOSED pgs=7 cs=0 l=1 rev1=1 crypto rx=0 tx=0 comp rx=0 tx=0).stop
2024-09-15T23:32:28.859 INFO:teuthology.orchestra.run.smithi092.stdout:/usr/bin/ceph: stderr
2024-09-15T23:32:28.287+0000 7effd3327640 1 --2- 172.21.15.92:0/1602191480 >> [v2:172.21.15.92:3300/0,v1:172.21.15.92:6789/0] conn(0x7effcc107550 0x7effcc07e3a0 unknown :-1 s=CLOSED pgs=19 cs=0 l=1 rev1=1 crypto rx=0 tx=0 comp rx=0 tx=0).stop
2024-09-15T23:32:28.859 INFO:teuthology.orchestra.run.smithi092.stdout:/usr/bin/ceph: stderr
2024-09-15T23:32:28.287+0000 7effd3327640 1 -- 172.21.15.92:0/1602191480 >> 172.21.15.92:0/1602191480 conn(0x7effcc102ce0 msgr2=0x7effcc103880 unknown :-1 s=STATE_NONE l=0).mark_down
2024-09-15T23:32:28.859 INFO:teuthology.orchestra.run.smithi092.stdout:/usr/bin/ceph: stderr
2024-09-15T23:32:28.287+0000 7effd3327640 1 -- 172.21.15.92:0/1602191480 shutdown_connections
2024-09-15T23:32:28.859 INFO:teuthology.orchestra.run.smithi092.stdout:/usr/bin/ceph: stderr
2024-09-15T23:32:28.287+0000 7effd3327640 1 -- 172.21.15.92:0/1602191480 wait complete.
2024-09-15T23:32:28.859 INFO:teuthology.orchestra.run.smithi092.stdout:Enabling cephadm module...
2024-09-15T23:32:29.099 INFO:journalctl@ceph.mon.a.smithi092.stdout:Sep 15 23:32:28 smithi092 ceph-mon[30920]: from='client.? 172.21.15.92:0/1602191480' entity='client.admin' cmd=[{"prefix": "config assimilate-conf"}]: dispatch
2024-09-15T23:32:30.325 INFO:journalctl@ceph.mon.a.smithi092.stdout:Sep 15 23:32:29 smithi092 ceph-mon[30920]: from='client.? 172.21.15.92:0/1129752725' entity='client.admin' cmd=[{"prefix": "mgr module enable", "module": "cephadm"}]: dispatch
2024-09-15T23:32:30.326 INFO:journalctl@ceph.mgr.x.smithi092.stdout:Sep 15 23:32:30 smithi092 ceph-8d858cdc-73ba-11ef-bceb-c7b262605968-mgr-x[31149]: ignoring --setuser ceph since I am not root
2024-09-15T23:32:30.326 INFO:journalctl@ceph.mgr.x.smithi092.stdout:Sep 15 23:32:30 smithi092 ceph-8d858cdc-73ba-11ef-bceb-c7b262605968-mgr-x[31149]: ignoring --setgroup ceph since I am not root
2024-09-15T23:32:30.326 INFO:journalctl@ceph.mgr.x.smithi092.stdout:Sep 15 23:32:30 smithi092 ceph-8d858cdc-73ba-11ef-bceb-c7b262605968-mgr-x[31149]:
2024-09-15T23:32:30.124+0000 7fce696f7040 -1 mgr[py] Module osd_perf_query has missing NOTIFY_TYPES member
2024-09-15T23:32:30.326 INFO:journalctl@ceph.mgr.x.smithi092.stdout:Sep 15 23:32:30 smithi092 ceph-8d858cdc-73ba-11ef-bceb-c7b262605968-mgr-x[31149]:
2024-09-15T23:32:30.180+0000 7fce696f7040 -1 mgr[py] Module osd_support has missing NOTIFY_TYPES member
2024-09-15T23:32:30.610 INFO:journalctl@ceph.mgr.x.smithi092.stdout:Sep 15 23:32:30 smithi092 ceph-8d858cdc-73ba-11ef-bceb-c7b262605968-mgr-x[31149]:
2024-09-15T23:32:30.328+0000 7fce696f7040 -1 mgr[py] Module diskprediction_local has missing NOTIFY_TYPES member
2024-09-15T23:32:30.610 INFO:journalctl@ceph.mgr.x.smithi092.stdout:Sep 15 23:32:30 smithi092 ceph-8d858cdc-73ba-11ef-bceb-c7b262605968-mgr-x[31149]:
2024-09-15T23:32:30.394+0000 7fce696f7040 -1 mgr[py] Module crash has missing NOTIFY_TYPES member
2024-09-15T23:32:30.610 INFO:journalctl@ceph.mgr.x.smithi092.stdout:Sep 15 23:32:30 smithi092 ceph-8d858cdc-73ba-11ef-bceb-c7b262605968-mgr-x[31149]:
2024-09-15T23:32:30.543+0000 7fce696f7040 -1 mgr[py] Module test_orchestrator has missing NOTIFY_TYPES member
2024-09-15T23:32:30.616 INFO:teuthology.orchestra.run.smithi092.stdout:/usr/bin/ceph: stderr
2024-09-15T23:32:29.273+0000 7f27f7c22640 1 Processor -- start
2024-09-15T23:32:30.616 INFO:teuthology.orchestra.run.smithi092.stdout:/usr/bin/ceph: stderr
2024-09-15T23:32:29.274+0000 7f27f7c22640 1 -- start start
2024-09-15T23:32:30.617 INFO:teuthology.orchestra.run.smithi092.stdout:/usr/bin/ceph: stderr
2024-09-15T23:32:29.274+0000 7f27f7c22640 1 --2- >> [v2:172.21.15.92:3300/0,v1:172.21.15.92:6789/0] conn(0x7f27f0107550 0x7f27f0107950 unknown :-1 s=NONE pgs=0 cs=0 l=0 rev1=0 crypto rx=0 tx=0 comp rx=0 tx=0).connect
2024-09-15T23:32:30.617 INFO:teuthology.orchestra.run.smithi092.stdout:/usr/bin/ceph: stderr
2024-09-15T23:32:29.274+0000 7f27f7c22640 1 -- --> [v2:172.21.15.92:3300/0,v1:172.21.15.92:6789/0] -- mon_getmap magic: 0 -- 0x7f27f0107f20 con 0x7f27f0107550
2024-09-15T23:32:30.617 INFO:teuthology.orchestra.run.smithi092.stdout:/usr/bin/ceph: stderr
2024-09-15T23:32:29.274+0000 7f27f59be640 1 --2- >> [v2:172.21.15.92:3300/0,v1:172.21.15.92:6789/0] conn(0x7f27f0107550 0x7f27f0107950 unknown :-1 s=BANNER_CONNECTING pgs=0 cs=0 l=0 rev1=0 crypto rx=0 tx=0 comp rx=0 tx=0)._handle_peer_banner_payload supported=3 required=0
2024-09-15T23:32:30.617 INFO:teuthology.orchestra.run.smithi092.stdout:/usr/bin/ceph: stderr
2024-09-15T23:32:29.274+0000 7f27f59be640 1 --2- >> [v2:172.21.15.92:3300/0,v1:172.21.15.92:6789/0] conn(0x7f27f0107550 0x7f27f0107950 unknown :-1 s=HELLO_CONNECTING pgs=0 cs=0 l=0 rev1=1 crypto rx=0 tx=0 comp rx=0 tx=0).handle_hello peer v2:172.21.15.92:3300/0 says I am v2:172.21.15.92:58496/0 (socket says 172.21.15.92:58496)
2024-09-15T23:32:30.617 INFO:teuthology.orchestra.run.smithi092.stdout:/usr/bin/ceph: stderr
2024-09-15T23:32:29.274+0000 7f27f59be640 1 -- 172.21.15.92:0/3181987150 learned_addr learned my addr 172.21.15.92:0/3181987150 (peer_addr_for_me v2:172.21.15.92:0/0)
2024-09-15T23:32:30.617 INFO:teuthology.orchestra.run.smithi092.stdout:/usr/bin/ceph: stderr
