2024-09-15T23:32:38.331+0000 7fa0ff587640 1 --2- 172.21.15.92:0/3639976657 >> [v2:172.21.15.92:3300/0,v1:172.21.15.92:6789/0] conn(0x7fa0f81075b0 0x7fa0f819b600 unknown :-1 s=CLOSED pgs=38 cs=0 l=1 rev1=1 crypto rx=0 tx=0 comp rx=0 tx=0).stop
2024-09-15T23:32:38.942 INFO:teuthology.orchestra.run.smithi092.stdout:/usr/bin/ceph: stderr
2024-09-15T23:32:38.331+0000 7fa0ff587640 1 -- 172.21.15.92:0/3639976657 >> 172.21.15.92:0/3639976657 conn(0x7fa0f8102e50 msgr2=0x7fa0f8104a40 unknown :-1 s=STATE_NONE l=0).mark_down
2024-09-15T23:32:38.942 INFO:teuthology.orchestra.run.smithi092.stdout:/usr/bin/ceph: stderr
2024-09-15T23:32:38.331+0000 7fa0ff587640 1 -- 172.21.15.92:0/3639976657 shutdown_connections
2024-09-15T23:32:38.942 INFO:teuthology.orchestra.run.smithi092.stdout:/usr/bin/ceph: stderr
2024-09-15T23:32:38.331+0000 7fa0ff587640 1 -- 172.21.15.92:0/3639976657 wait complete.
2024-09-15T23:32:38.942 INFO:teuthology.orchestra.run.smithi092.stdout:Generating ssh key...
2024-09-15T23:32:40.202 INFO:journalctl@ceph.mon.a.smithi092.stdout:Sep 15 23:32:39 smithi092 ceph-mon[30920]: from='client.14132 -' entity='client.admin' cmd=[{"prefix": "cephadm set-user", "user": "root", "target": ["mon-mgr", ""]}]: dispatch
2024-09-15T23:32:40.202 INFO:journalctl@ceph.mon.a.smithi092.stdout:Sep 15 23:32:39 smithi092 ceph-mon[30920]: from='mgr.14118 172.21.15.92:0/990082713' entity='mgr.x'
2024-09-15T23:32:40.202 INFO:journalctl@ceph.mon.a.smithi092.stdout:Sep 15 23:32:39 smithi092 ceph-mon[30920]: from='mgr.14118 172.21.15.92:0/990082713' entity='mgr.x'
2024-09-15T23:32:40.202 INFO:journalctl@ceph.mgr.x.smithi092.stdout:Sep 15 23:32:39 smithi092 ceph-8d858cdc-73ba-11ef-bceb-c7b262605968-mgr-x[31149]: Generating public/private rsa key pair.
2024-09-15T23:32:40.202 INFO:journalctl@ceph.mgr.x.smithi092.stdout:Sep 15 23:32:39 smithi092 ceph-8d858cdc-73ba-11ef-bceb-c7b262605968-mgr-x[31149]: Your identification has been saved in /tmp/tmp7lt55ruf/key
2024-09-15T23:32:40.202 INFO:journalctl@ceph.mgr.x.smithi092.stdout:Sep 15 23:32:39 smithi092 ceph-8d858cdc-73ba-11ef-bceb-c7b262605968-mgr-x[31149]: Your public key has been saved in /tmp/tmp7lt55ruf/key.pub
2024-09-15T23:32:40.203 INFO:journalctl@ceph.mgr.x.smithi092.stdout:Sep 15 23:32:39 smithi092 ceph-8d858cdc-73ba-11ef-bceb-c7b262605968-mgr-x[31149]: The key fingerprint is:
2024-09-15T23:32:40.203 INFO:journalctl@ceph.mgr.x.smithi092.stdout:Sep 15 23:32:39 smithi092 ceph-8d858cdc-73ba-11ef-bceb-c7b262605968-mgr-x[31149]: SHA256:+VdxMk31C+5TGvRU7ur/RGqVoG1IFpoPDCclbkoaiWg ceph-8d858cdc-73ba-11ef-bceb-c7b262605968
2024-09-15T23:32:40.203 INFO:journalctl@ceph.mgr.x.smithi092.stdout:Sep 15 23:32:39 smithi092 ceph-8d858cdc-73ba-11ef-bceb-c7b262605968-mgr-x[31149]: The key's randomart image is:
2024-09-15T23:32:40.203 INFO:journalctl@ceph.mgr.x.smithi092.stdout:Sep 15 23:32:39 smithi092 ceph-8d858cdc-73ba-11ef-bceb-c7b262605968-mgr-x[31149]: +---[RSA 3072]----+
2024-09-15T23:32:40.203 INFO:journalctl@ceph.mgr.x.smithi092.stdout:Sep 15 23:32:39 smithi092 ceph-8d858cdc-73ba-11ef-bceb-c7b262605968-mgr-x[31149]: | +.o . =|
2024-09-15T23:32:40.203 INFO:journalctl@ceph.mgr.x.smithi092.stdout:Sep 15 23:32:39 smithi092 ceph-8d858cdc-73ba-11ef-bceb-c7b262605968-mgr-x[31149]: |. . . . * o . +o|
2024-09-15T23:32:40.203 INFO:journalctl@ceph.mgr.x.smithi092.stdout:Sep 15 23:32:39 smithi092 ceph-8d858cdc-73ba-11ef-bceb-c7b262605968-mgr-x[31149]: |.E o . o = o ++.=|
2024-09-15T23:32:40.203 INFO:journalctl@ceph.mgr.x.smithi092.stdout:Sep 15 23:32:39 smithi092 ceph-8d858cdc-73ba-11ef-bceb-c7b262605968-mgr-x[31149]: |. + o .= * =*o|
2024-09-15T23:32:40.203 INFO:journalctl@ceph.mgr.x.smithi092.stdout:Sep 15 23:32:39 smithi092 ceph-8d858cdc-73ba-11ef-bceb-c7b262605968-mgr-x[31149]: | . . S + =.=+|
2024-09-15T23:32:40.203 INFO:journalctl@ceph.mgr.x.smithi092.stdout:Sep 15 23:32:39 smithi092 ceph-8d858cdc-73ba-11ef-bceb-c7b262605968-mgr-x[31149]: | . o.+= |
2024-09-15T23:32:40.203 INFO:journalctl@ceph.mgr.x.smithi092.stdout:Sep 15 23:32:39 smithi092 ceph-8d858cdc-73ba-11ef-bceb-c7b262605968-mgr-x[31149]: | . .++ .|
2024-09-15T23:32:40.203 INFO:journalctl@ceph.mgr.x.smithi092.stdout:Sep 15 23:32:39 smithi092 ceph-8d858cdc-73ba-11ef-bceb-c7b262605968-mgr-x[31149]: | . o.. |
2024-09-15T23:32:40.203 INFO:journalctl@ceph.mgr.x.smithi092.stdout:Sep 15 23:32:39 smithi092 ceph-8d858cdc-73ba-11ef-bceb-c7b262605968-mgr-x[31149]: | ..+|
2024-09-15T23:32:40.203 INFO:journalctl@ceph.mgr.x.smithi092.stdout:Sep 15 23:32:39 smithi092 ceph-8d858cdc-73ba-11ef-bceb-c7b262605968-mgr-x[31149]: +----[SHA256]-----+
2024-09-15T23:32:40.468 INFO:teuthology.orchestra.run.smithi092.stdout:/usr/bin/ceph: stderr
2024-09-15T23:32:39.341+0000 7fd7c1a8c640 1 Processor -- start
2024-09-15T23:32:40.469 INFO:teuthology.orchestra.run.smithi092.stdout:/usr/bin/ceph: stderr
2024-09-15T23:32:39.341+0000 7fd7c1a8c640 1 -- start start
2024-09-15T23:32:40.469 INFO:teuthology.orchestra.run.smithi092.stdout:/usr/bin/ceph: stderr
2024-09-15T23:32:39.341+0000 7fd7c1a8c640 1 --2- >> [v2:172.21.15.92:3300/0,v1:172.21.15.92:6789/0] conn(0x7fd7bc107550 0x7fd7bc107950 unknown :-1 s=NONE pgs=0 cs=0 l=0 rev1=0 crypto rx=0 tx=0 comp rx=0 tx=0).connect
2024-09-15T23:32:40.469 INFO:teuthology.orchestra.run.smithi092.stdout:/usr/bin/ceph: stderr
2024-09-15T23:32:39.341+0000 7fd7c1a8c640 1 -- --> [v2:172.21.15.92:3300/0,v1:172.21.15.92:6789/0] -- mon_getmap magic: 0 -- 0x7fd7bc107f20 con 0x7fd7bc107550
2024-09-15T23:32:40.469 INFO:teuthology.orchestra.run.smithi092.stdout:/usr/bin/ceph: stderr
2024-09-15T23:32:39.342+0000 7fd7bb7fe640 1 --2- >> [v2:172.21.15.92:3300/0,v1:172.21.15.92:6789/0] conn(0x7fd7bc107550 0x7fd7bc107950 unknown :-1 s=BANNER_CONNECTING pgs=0 cs=0 l=0 rev1=0 crypto rx=0 tx=0 comp rx=0 tx=0)._handle_peer_banner_payload supported=3 required=0
2024-09-15T23:32:40.469 INFO:teuthology.orchestra.run.smithi092.stdout:/usr/bin/ceph: stderr
2024-09-15T23:32:39.342+0000 7fd7bb7fe640 1 --2- >> [v2:172.21.15.92:3300/0,v1:172.21.15.92:6789/0] conn(0x7fd7bc107550 0x7fd7bc107950 unknown :-1 s=HELLO_CONNECTING pgs=0 cs=0 l=0 rev1=1 crypto rx=0 tx=0 comp rx=0 tx=0).handle_hello peer v2:172.21.15.92:3300/0 says I am v2:172.21.15.92:42638/0 (socket says 172.21.15.92:42638)
2024-09-15T23:32:40.469 INFO:teuthology.orchestra.run.smithi092.stdout:/usr/bin/ceph: stderr
2024-09-15T23:32:39.342+0000 7fd7bb7fe640 1 -- 172.21.15.92:0/769800966 learned_addr learned my addr 172.21.15.92:0/769800966 (peer_addr_for_me v2:172.21.15.92:0/0)
2024-09-15T23:32:40.469 INFO:teuthology.orchestra.run.smithi092.stdout:/usr/bin/ceph: stderr
2024-09-15T23:32:39.342+0000 7fd7bb7fe640 1 -- 172.21.15.92:0/769800966 --> [v2:172.21.15.92:3300/0,v1:172.21.15.92:6789/0] -- mon_subscribe({config=0+,monmap=0+}) -- 0x7fd7bc108750 con 0x7fd7bc107550
2024-09-15T23:32:40.469 INFO:teuthology.orchestra.run.smithi092.stdout:/usr/bin/ceph: stderr
2024-09-15T23:32:39.342+0000 7fd7bb7fe640 1 --2- 172.21.15.92:0/769800966 >> [v2:172.21.15.92:3300/0,v1:172.21.15.92:6789/0] conn(0x7fd7bc107550 0x7fd7bc107950 secure :-1 s=READY pgs=39 cs=0 l=1 rev1=1 crypto rx=0x7fd7ac009e80 tx=0x7fd7ac02a7a0 comp rx=0 tx=0).ready entity=mon.0 client_cookie=c299973c58ccc371 server_cookie=0 in_seq=0 out_seq=0
2024-09-15T23:32:40.469 INFO:teuthology.orchestra.run.smithi092.stdout:/usr/bin/ceph: stderr
2024-09-15T23:32:39.343+0000 7fd7ba7fc640 1 -- 172.21.15.92:0/769800966 <== mon.0 v2:172.21.15.92:3300/0 1 ==== mon_map magic: 0 ==== 205+0+0 (secure 0 0 0) 0x7fd7ac036070 con 0x7fd7bc107550
2024-09-15T23:32:40.469 INFO:teuthology.orchestra.run.smithi092.stdout:/usr/bin/ceph: stderr
2024-09-15T23:32:39.343+0000 7fd7ba7fc640 1 -- 172.21.15.92:0/769800966 <== mon.0 v2:172.21.15.92:3300/0 2 ==== config(27 keys) ==== 1109+0+0 (secure 0 0 0) 0x7fd7ac0318c0 con 0x7fd7bc107550
2024-09-15T23:32:40.469 INFO:teuthology.orchestra.run.smithi092.stdout:/usr/bin/ceph: stderr
2024-09-15T23:32:39.343+0000 7fd7ba7fc640 1 -- 172.21.15.92:0/769800966 <== mon.0 v2:172.21.15.92:3300/0 3 ==== mon_map magic: 0 ==== 205+0+0 (secure 0 0 0) 0x7fd7ac007ab0 con 0x7fd7bc107550
2024-09-15T23:32:40.470 INFO:teuthology.orchestra.run.smithi092.stdout:/usr/bin/ceph: stderr
2024-09-15T23:32:39.343+0000 7fd7c1a8c640 1 -- 172.21.15.92:0/769800966 >> [v2:172.21.15.92:3300/0,v1:172.21.15.92:6789/0] conn(0x7fd7bc107550 msgr2=0x7fd7bc107950 secure :-1 s=STATE_CONNECTION_ESTABLISHED l=1).mark_down
2024-09-15T23:32:40.470 INFO:teuthology.orchestra.run.smithi092.stdout:/usr/bin/ceph: stderr
2024-09-15T23:32:39.343+0000 7fd7c1a8c640 1 --2- 172.21.15.92:0/769800966 >> [v2:172.21.15.92:3300/0,v1:172.21.15.92:6789/0] conn(0x7fd7bc107550 0x7fd7bc107950 secure :-1 s=READY pgs=39 cs=0 l=1 rev1=1 crypto rx=0x7fd7ac009e80 tx=0x7fd7ac02a7a0 comp rx=0 tx=0).stop
2024-09-15T23:32:40.470 INFO:teuthology.orchestra.run.smithi092.stdout:/usr/bin/ceph: stderr
2024-09-15T23:32:39.343+0000 7fd7c1a8c640 1 -- 172.21.15.92:0/769800966 shutdown_connections
2024-09-15T23:32:40.470 INFO:teuthology.orchestra.run.smithi092.stdout:/usr/bin/ceph: stderr
2024-09-15T23:32:39.343+0000 7fd7c1a8c640 1 --2- 172.21.15.92:0/769800966 >> [v2:172.21.15.92:3300/0,v1:172.21.15.92:6789/0] conn(0x7fd7bc107550 0x7fd7bc107950 unknown :-1 s=CLOSED pgs=39 cs=0 l=1 rev1=1 crypto rx=0 tx=0 comp rx=0 tx=0).stop
2024-09-15T23:32:40.470 INFO:teuthology.orchestra.run.smithi092.stdout:/usr/bin/ceph: stderr
2024-09-15T23:32:39.343+0000 7fd7c1a8c640 1 -- 172.21.15.92:0/769800966 >> 172.21.15.92:0/769800966 conn(0x7fd7bc102ce0 msgr2=0x7fd7bc105120 unknown :-1 s=STATE_NONE l=0).mark_down
2024-09-15T23:32:40.470 INFO:teuthology.orchestra.run.smithi092.stdout:/usr/bin/ceph: stderr
2024-09-15T23:32:39.343+0000 7fd7c1a8c640 1 -- 172.21.15.92:0/769800966 shutdown_connections
2024-09-15T23:32:40.470 INFO:teuthology.orchestra.run.smithi092.stdout:/usr/bin/ceph: stderr
2024-09-15T23:32:39.343+0000 7fd7c1a8c640 1 -- 172.21.15.92:0/769800966 wait complete.
2024-09-15T23:32:40.470 INFO:teuthology.orchestra.run.smithi092.stdout:/usr/bin/ceph: stderr
2024-09-15T23:32:39.344+0000 7fd7c1a8c640 1 Processor -- start
2024-09-15T23:32:40.470 INFO:teuthology.orchestra.run.smithi092.stdout:/usr/bin/ceph: stderr
2024-09-15T23:32:39.344+0000 7fd7c1a8c640 1 -- start start
2024-09-15T23:32:40.470 INFO:teuthology.orchestra.run.smithi092.stdout:/usr/bin/ceph: stderr
2024-09-15T23:32:39.344+0000 7fd7c1a8c640 1 --2- >> [v2:172.21.15.92:3300/0,v1:172.21.15.92:6789/0] conn(0x7fd7bc107550 0x7fd7bc07e3a0 unknown :-1 s=NONE pgs=0 cs=0 l=1 rev1=0 crypto rx=0 tx=0 comp rx=0 tx=0).connect
2024-09-15T23:32:40.470 INFO:teuthology.orchestra.run.smithi092.stdout:/usr/bin/ceph: stderr
2024-09-15T23:32:39.344+0000 7fd7c1a8c640 1 -- --> [v2:172.21.15.92:3300/0,v1:172.21.15.92:6789/0] -- mon_getmap magic: 0 -- 0x7fd7bc10bb00 con 0x7fd7bc107550
2024-09-15T23:32:40.471 INFO:teuthology.orchestra.run.smithi092.stdout:/usr/bin/ceph: stderr
2024-09-15T23:32:39.344+0000 7fd7bb7fe640 1 --2- >> [v2:172.21.15.92:3300/0,v1:172.21.15.92:6789/0] conn(0x7fd7bc107550 0x7fd7bc07e3a0 unknown :-1 s=BANNER_CONNECTING pgs=0 cs=0 l=1 rev1=0 crypto rx=0 tx=0 comp rx=0 tx=0)._handle_peer_banner_payload supported=3 required=0
2024-09-15T23:32:40.471 INFO:teuthology.orchestra.run.smithi092.stdout:/usr/bin/ceph: stderr
2024-09-15T23:32:39.344+0000 7fd7bb7fe640 1 --2- >> [v2:172.21.15.92:3300/0,v1:172.21.15.92:6789/0] conn(0x7fd7bc107550 0x7fd7bc07e3a0 unknown :-1 s=HELLO_CONNECTING pgs=0 cs=0 l=1 rev1=1 crypto rx=0 tx=0 comp rx=0 tx=0).handle_hello peer v2:172.21.15.92:3300/0 says I am v2:172.21.15.92:42652/0 (socket says 172.21.15.92:42652)
2024-09-15T23:32:40.471 INFO:teuthology.orchestra.run.smithi092.stdout:/usr/bin/ceph: stderr
2024-09-15T23:32:39.344+0000 7fd7bb7fe640 1 -- 172.21.15.92:0/468439356 learned_addr learned my addr 172.21.15.92:0/468439356 (peer_addr_for_me v2:172.21.15.92:0/0)
2024-09-15T23:32:40.471 INFO:teuthology.orchestra.run.smithi092.stdout:/usr/bin/ceph: stderr
2024-09-15T23:32:39.344+0000 7fd7bb7fe640 1 -- 172.21.15.92:0/468439356 --> [v2:172.21.15.92:3300/0,v1:172.21.15.92:6789/0] -- mon_subscribe({config=0+,monmap=0+}) -- 0x7fd7bc07e8e0 con 0x7fd7bc107550
2024-09-15T23:32:40.471 INFO:teuthology.orchestra.run.smithi092.stdout:/usr/bin/ceph: stderr
2024-09-15T23:32:39.345+0000 7fd7bb7fe640 1 --2- 172.21.15.92:0/468439356 >> [v2:172.21.15.92:3300/0,v1:172.21.15.92:6789/0] conn(0x7fd7bc107550 0x7fd7bc07e3a0 secure :-1 s=READY pgs=40 cs=0 l=1 rev1=1 crypto rx=0x7fd7ac02acc0 tx=0x7fd7ac031ca0 comp rx=0 tx=0).ready entity=mon.0 client_cookie=0 server_cookie=0 in_seq=0 out_seq=0
2024-09-15T23:32:40.471 INFO:teuthology.orchestra.run.smithi092.stdout:/usr/bin/ceph: stderr
2024-09-15T23:32:39.345+0000 7fd7b8ff9640 1 -- 172.21.15.92:0/468439356 <== mon.0 v2:172.21.15.92:3300/0 1 ==== mon_map magic: 0 ==== 205+0+0 (secure 0 0 0) 0x7fd7ac036050 con 0x7fd7bc107550
2024-09-15T23:32:40.471 INFO:teuthology.orchestra.run.smithi092.stdout:/usr/bin/ceph: stderr
2024-09-15T23:32:39.345+0000 7fd7b8ff9640 1 -- 172.21.15.92:0/468439356 <== mon.0 v2:172.21.15.92:3300/0 2 ==== config(27 keys) ==== 1109+0+0 (secure 0 0 0) 0x7fd7ac037040 con 0x7fd7bc107550
2024-09-15T23:32:40.471 INFO:teuthology.orchestra.run.smithi092.stdout:/usr/bin/ceph: stderr
2024-09-15T23:32:39.345+0000 7fd7c1a8c640 1 -- 172.21.15.92:0/468439356 --> [v2:172.21.15.92:3300/0,v1:172.21.15.92:6789/0] -- mon_subscribe({mgrmap=0+}) -- 0x7fd7bc07cad0 con 0x7fd7bc107550
2024-09-15T23:32:40.471 INFO:teuthology.orchestra.run.smithi092.stdout:/usr/bin/ceph: stderr
2024-09-15T23:32:39.345+0000 7fd7b8ff9640 1 -- 172.21.15.92:0/468439356 <== mon.0 v2:172.21.15.92:3300/0 3 ==== mon_map magic: 0 ==== 205+0+0 (secure 0 0 0) 0x7fd7ac03d8c0 con 0x7fd7bc107550
2024-09-15T23:32:40.471 INFO:teuthology.orchestra.run.smithi092.stdout:/usr/bin/ceph: stderr
2024-09-15T23:32:39.345+0000 7fd7c1a8c640 1 -- 172.21.15.92:0/468439356 --> [v2:172.21.15.92:3300/0,v1:172.21.15.92:6789/0] -- mon_subscribe({osdmap=0}) -- 0x7fd7bc07d010 con 0x7fd7bc107550
2024-09-15T23:32:40.472 INFO:teuthology.orchestra.run.smithi092.stdout:/usr/bin/ceph: stderr
2024-09-15T23:32:39.346+0000 7fd7b8ff9640 1 -- 172.21.15.92:0/468439356 <== mon.0 v2:172.21.15.92:3300/0 4 ==== mgrmap(e 8) ==== 46461+0+0 (secure 0 0 0) 0x7fd7ac044020 con 0x7fd7bc107550
2024-09-15T23:32:40.472 INFO:teuthology.orchestra.run.smithi092.stdout:/usr/bin/ceph: stderr
2024-09-15T23:32:39.346+0000 7fd7b8ff9640 1 --2- 172.21.15.92:0/468439356 >> [v2:172.21.15.92:6800/2205805918,v1:172.21.15.92:6801/2205805918] conn(0x7fd7a40391b0 0x7fd7a403b670 unknown :-1 s=NONE pgs=0 cs=0 l=1 rev1=0 crypto rx=0 tx=0 comp rx=0 tx=0).connect
2024-09-15T23:32:40.472 INFO:teuthology.orchestra.run.smithi092.stdout:/usr/bin/ceph: stderr
2024-09-15T23:32:39.346+0000 7fd7b8ff9640 1 -- 172.21.15.92:0/468439356 <== mon.0 v2:172.21.15.92:3300/0 5 ==== osd_map(2..2 src has 1..2) ==== 940+0+0 (secure 0 0 0) 0x7fd7ac042020 con 0x7fd7bc107550
2024-09-15T23:32:40.472 INFO:teuthology.orchestra.run.smithi092.stdout:/usr/bin/ceph: stderr
2024-09-15T23:32:39.346+0000 7fd7baffd640 1 --2- 172.21.15.92:0/468439356 >> [v2:172.21.15.92:6800/2205805918,v1:172.21.15.92:6801/2205805918] conn(0x7fd7a40391b0 0x7fd7a403b670 unknown :-1 s=BANNER_CONNECTING pgs=0 cs=0 l=1 rev1=0 crypto rx=0 tx=0 comp rx=0 tx=0)._handle_peer_banner_payload supported=3 required=0
2024-09-15T23:32:40.472 INFO:teuthology.orchestra.run.smithi092.stdout:/usr/bin/ceph: stderr
2024-09-15T23:32:39.346+0000 7fd7c1a8c640 1 -- 172.21.15.92:0/468439356 --> [v2:172.21.15.92:3300/0,v1:172.21.15.92:6789/0] -- mon_command({"prefix": "get_command_descriptions"} v 0) -- 0x7fd7bc10bc80 con 0x7fd7bc107550
2024-09-15T23:32:40.472 INFO:teuthology.orchestra.run.smithi092.stdout:/usr/bin/ceph: stderr
2024-09-15T23:32:39.346+0000 7fd7baffd640 1 --2- 172.21.15.92:0/468439356 >> [v2:172.21.15.92:6800/2205805918,v1:172.21.15.92:6801/2205805918] conn(0x7fd7a40391b0 0x7fd7a403b670 secure :-1 s=READY pgs=9 cs=0 l=1 rev1=1 crypto rx=0x7fd7b00098c0 tx=0x7fd7b0006db0 comp rx=0 tx=0).ready entity=mgr.14118 client_cookie=0 server_cookie=0 in_seq=0 out_seq=0
2024-09-15T23:32:40.472 INFO:teuthology.orchestra.run.smithi092.stdout:/usr/bin/ceph: stderr
2024-09-15T23:32:39.351+0000 7fd7b8ff9640 1 -- 172.21.15.92:0/468439356 <== mon.0 v2:172.21.15.92:3300/0 6 ==== mon_command_ack([{"prefix": "get_command_descriptions"}]=0 v0) ==== 72+0+188821 (secure 0 0 0) 0x7fd7ac04b020 con 0x7fd7bc107550
2024-09-15T23:32:40.472 INFO:teuthology.orchestra.run.smithi092.stdout:/usr/bin/ceph: stderr
2024-09-15T23:32:39.516+0000 7fd7c1a8c640 1 -- 172.21.15.92:0/468439356 --> [v2:172.21.15.92:6800/2205805918,v1:172.21.15.92:6801/2205805918] -- mgr_command(tid 0: {"prefix": "cephadm generate-key", "target": ["mon-mgr", ""]}) -- 0x7fd7bc07d790 con 0x7fd7a40391b0
2024-09-15T23:32:40.472 INFO:teuthology.orchestra.run.smithi092.stdout:/usr/bin/ceph: stderr
2024-09-15T23:32:39.844+0000 7fd7b8ff9640 1 -- 172.21.15.92:0/468439356 <== mgr.14118 v2:172.21.15.92:6800/2205805918 1 ==== mgr_command_reply(tid 0: 0 ) ==== 8+0+0 (secure 0 0 0) 0x7fd7bc07d790 con 0x7fd7a40391b0
2024-09-15T23:32:40.472 INFO:teuthology.orchestra.run.smithi092.stdout:/usr/bin/ceph: stderr
2024-09-15T23:32:39.846+0000 7fd7c1a8c640 1 -- 172.21.15.92:0/468439356 >> [v2:172.21.15.92:6800/2205805918,v1:172.21.15.92:6801/2205805918] conn(0x7fd7a40391b0 msgr2=0x7fd7a403b670 secure :-1 s=STATE_CONNECTION_ESTABLISHED l=1).mark_down
2024-09-15T23:32:40.472 INFO:teuthology.orchestra.run.smithi092.stdout:/usr/bin/ceph: stderr
2024-09-15T23:32:39.846+0000 7fd7c1a8c640 1 --2- 172.21.15.92:0/468439356 >> [v2:172.21.15.92:6800/2205805918,v1:172.21.15.92:6801/2205805918] conn(0x7fd7a40391b0 0x7fd7a403b670 secure :-1 s=READY pgs=9 cs=0 l=1 rev1=1 crypto rx=0x7fd7b00098c0 tx=0x7fd7b0006db0 comp rx=0 tx=0).stop
2024-09-15T23:32:40.473 INFO:teuthology.orchestra.run.smithi092.stdout:/usr/bin/ceph: stderr
2024-09-15T23:32:39.846+0000 7fd7c1a8c640 1 -- 172.21.15.92:0/468439356 >> [v2:172.21.15.92:3300/0,v1:172.21.15.92:6789/0] conn(0x7fd7bc107550 msgr2=0x7fd7bc07e3a0 secure :-1 s=STATE_CONNECTION_ESTABLISHED l=1).mark_down
2024-09-15T23:32:40.473 INFO:teuthology.orchestra.run.smithi092.stdout:/usr/bin/ceph: stderr
2024-09-15T23:32:39.846+0000 7fd7c1a8c640 1 --2- 172.21.15.92:0/468439356 >> [v2:172.21.15.92:3300/0,v1:172.21.15.92:6789/0] conn(0x7fd7bc107550 0x7fd7bc07e3a0 secure :-1 s=READY pgs=40 cs=0 l=1 rev1=1 crypto rx=0x7fd7ac02acc0 tx=0x7fd7ac031ca0 comp rx=0 tx=0).stop
2024-09-15T23:32:40.473 INFO:teuthology.orchestra.run.smithi092.stdout:/usr/bin/ceph: stderr
2024-09-15T23:32:39.846+0000 7fd7c1a8c640 1 -- 172.21.15.92:0/468439356 shutdown_connections
2024-09-15T23:32:40.473 INFO:teuthology.orchestra.run.smithi092.stdout:/usr/bin/ceph: stderr
2024-09-15T23:32:39.846+0000 7fd7c1a8c640 1 --2- 172.21.15.92:0/468439356 >> [v2:172.21.15.92:6800/2205805918,v1:172.21.15.92:6801/2205805918] conn(0x7fd7a40391b0 0x7fd7a403b670 unknown :-1 s=CLOSED pgs=9 cs=0 l=1 rev1=1 crypto rx=0 tx=0 comp rx=0 tx=0).stop
2024-09-15T23:32:40.473 INFO:teuthology.orchestra.run.smithi092.stdout:/usr/bin/ceph: stderr
2024-09-15T23:32:39.846+0000 7fd7c1a8c640 1 --2- 172.21.15.92:0/468439356 >> [v2:172.21.15.92:3300/0,v1:172.21.15.92:6789/0] conn(0x7fd7bc107550 0x7fd7bc07e3a0 unknown :-1 s=CLOSED pgs=40 cs=0 l=1 rev1=1 crypto rx=0 tx=0 comp rx=0 tx=0).stop
2024-09-15T23:32:40.473 INFO:teuthology.orchestra.run.smithi092.stdout:/usr/bin/ceph: stderr
2024-09-15T23:32:39.846+0000 7fd7c1a8c640 1 -- 172.21.15.92:0/468439356 >> 172.21.15.92:0/468439356 conn(0x7fd7bc102ce0 msgr2=0x7fd7bc103880 unknown :-1 s=STATE_NONE l=0).mark_down
2024-09-15T23:32:40.473 INFO:teuthology.orchestra.run.smithi092.stdout:/usr/bin/ceph: stderr
2024-09-15T23:32:39.846+0000 7fd7c1a8c640 1 -- 172.21.15.92:0/468439356 shutdown_connections
2024-09-15T23:32:40.473 INFO:teuthology.orchestra.run.smithi092.stdout:/usr/bin/ceph: stderr
2024-09-15T23:32:39.846+0000 7fd7c1a8c640 1 -- 172.21.15.92:0/468439356 wait complete.
2024-09-15T23:32:41.076 INFO:journalctl@ceph.mon.a.smithi092.stdout:Sep 15 23:32:40 smithi092 ceph-mon[30920]: from='client.14134 -' entity='client.admin' cmd=[{"prefix": "cephadm generate-key", "target": ["mon-mgr", ""]}]: dispatch
2024-09-15T23:32:41.076 INFO:journalctl@ceph.mon.a.smithi092.stdout:Sep 15 23:32:40 smithi092 ceph-mon[30920]: Generating ssh key...
2024-09-15T23:32:41.626 INFO:teuthology.orchestra.run.smithi092.stdout:/usr/bin/ceph: stdout ssh-rsa AAAAB3NzaC1yc2EAAAADAQABAAABgQDmgwoOUhmwQLMTCeA2qegT4pqcHgdtUHmCcA8KPXBF81zd+5HD1ZMjUYmO1ZQkPR3Ub3/9a61rm/S1HKP350vMRX/PitnOHP8g2Th1FLf8TiU24JI2N0wy1KiP9R9K5e4AQcJtAhMjivApssPl9NPpQJWiEengilutGs3hvcm0fq9JdeXV06IDfbsaGayrR3n+EtQjS6w33YYjNAiDGjdWZCOYdt/kLv1/eZve5FmzpjF1COmRpQNBmZFcmk6oe6XbSy3Sct+GLgSZdB3dpRe5VimiqoyzZEbeGYp6Sru0Xq5OSeZx6CKKPuP3qpREwGQ6eqhZLFSTxF/qSmhL9+eMJfeTEXdcmgmV+AZ4ajgUVcAycwyraM1TgFhFhgIbG7T2OEcRXLJcuFXcmPGrTCZaqQLidOJsNMv1KSjML/BO0Z0XC2iDI+EkHyRY29Wo87MD5I5R53BvktIjO1WfsjZUZIYO8W+6fJM6/ztXN6/H74PSykbWB5IpkYyRAmtjVUc= ceph-8d858cdc-73ba-11ef-bceb-c7b262605968
2024-09-15T23:32:41.626 INFO:teuthology.orchestra.run.smithi092.stdout:/usr/bin/ceph: stderr
2024-09-15T23:32:40.898+0000 7f1c9537f640 1 Processor -- start
2024-09-15T23:32:41.626 INFO:teuthology.orchestra.run.smithi092.stdout:/usr/bin/ceph: stderr
2024-09-15T23:32:40.898+0000 7f1c9537f640 1 -- start start
2024-09-15T23:32:41.626 INFO:teuthology.orchestra.run.smithi092.stdout:/usr/bin/ceph: stderr
2024-09-15T23:32:40.899+0000 7f1c9537f640 1 --2- >> [v2:172.21.15.92:3300/0,v1:172.21.15.92:6789/0] conn(0x7f1c90107550 0x7f1c90107950 unknown :-1 s=NONE pgs=0 cs=0 l=0 rev1=0 crypto rx=0 tx=0 comp rx=0 tx=0).connect
2024-09-15T23:32:41.626 INFO:teuthology.orchestra.run.smithi092.stdout:/usr/bin/ceph: stderr
2024-09-15T23:32:40.899+0000 7f1c9537f640 1 -- --> [v2:172.21.15.92:3300/0,v1:172.21.15.92:6789/0] -- mon_getmap magic: 0 -- 0x7f1c90107f20 con 0x7f1c90107550
2024-09-15T23:32:41.627 INFO:teuthology.orchestra.run.smithi092.stdout:/usr/bin/ceph: stderr
2024-09-15T23:32:40.899+0000 7f1c8effd640 1 --2- >> [v2:172.21.15.92:3300/0,v1:172.21.15.92:6789/0] conn(0x7f1c90107550 0x7f1c90107950 unknown :-1 s=BANNER_CONNECTING pgs=0 cs=0 l=0 rev1=0 crypto rx=0 tx=0 comp rx=0 tx=0)._handle_peer_banner_payload supported=3 required=0
2024-09-15T23:32:41.627 INFO:teuthology.orchestra.run.smithi092.stdout:/usr/bin/ceph: stderr
2024-09-15T23:32:40.899+0000 7f1c8effd640 1 --2- >> [v2:172.21.15.92:3300/0,v1:172.21.15.92:6789/0] conn(0x7f1c90107550 0x7f1c90107950 unknown :-1 s=HELLO_CONNECTING pgs=0 cs=0 l=0 rev1=1 crypto rx=0 tx=0 comp rx=0 tx=0).handle_hello peer v2:172.21.15.92:3300/0 says I am v2:172.21.15.92:42660/0 (socket says 172.21.15.92:42660)
2024-09-15T23:32:41.627 INFO:teuthology.orchestra.run.smithi092.stdout:/usr/bin/ceph: stderr
2024-09-15T23:32:40.899+0000 7f1c8effd640 1 -- 172.21.15.92:0/4289295527 learned_addr learned my addr 172.21.15.92:0/4289295527 (peer_addr_for_me v2:172.21.15.92:0/0)
2024-09-15T23:32:41.627 INFO:teuthology.orchestra.run.smithi092.stdout:/usr/bin/ceph: stderr
2024-09-15T23:32:40.899+0000 7f1c8effd640 1 -- 172.21.15.92:0/4289295527 --> [v2:172.21.15.92:3300/0,v1:172.21.15.92:6789/0] -- mon_subscribe({config=0+,monmap=0+}) -- 0x7f1c90108750 con 0x7f1c90107550
2024-09-15T23:32:41.627 INFO:teuthology.orchestra.run.smithi092.stdout:/usr/bin/ceph: stderr
2024-09-15T23:32:40.900+0000 7f1c8effd640 1 --2- 172.21.15.92:0/4289295527 >> [v2:172.21.15.92:3300/0,v1:172.21.15.92:6789/0] conn(0x7f1c90107550 0x7f1c90107950 secure :-1 s=READY pgs=41 cs=0 l=1 rev1=1 crypto rx=0x7f1c78009820 tx=0x7f1c7802a270 comp rx=0 tx=0).ready entity=mon.0 client_cookie=1be933c066e4d56d server_cookie=0 in_seq=0 out_seq=0
2024-09-15T23:32:41.627 INFO:teuthology.orchestra.run.smithi092.stdout:/usr/bin/ceph: stderr
2024-09-15T23:32:40.900+0000 7f1c8dffb640 1 -- 172.21.15.92:0/4289295527 <== mon.0 v2:172.21.15.92:3300/0 1 ==== mon_map magic: 0 ==== 205+0+0 (secure 0 0 0) 0x7f1c78037070 con 0x7f1c90107550
2024-09-15T23:32:41.627 INFO:teuthology.orchestra.run.smithi092.stdout:/usr/bin/ceph: stderr
2024-09-15T23:32:40.900+0000 7f1c8dffb640 1 -- 172.21.15.92:0/4289295527 <== mon.0 v2:172.21.15.92:3300/0 2 ==== config(27 keys) ==== 1109+0+0 (secure 0 0 0) 0x7f1c78032900 con 0x7f1c90107550
2024-09-15T23:32:41.627 INFO:teuthology.orchestra.run.smithi092.stdout:/usr/bin/ceph: stderr
2024-09-15T23:32:40.900+0000 7f1c8dffb640 1 -- 172.21.15.92:0/4289295527 <== mon.0 v2:172.21.15.92:3300/0 3 ==== mon_map magic: 0 ==== 205+0+0 (secure 0 0 0) 0x7f1c78030850 con 0x7f1c90107550
2024-09-15T23:32:41.627 INFO:teuthology.orchestra.run.smithi092.stdout:/usr/bin/ceph: stderr
2024-09-15T23:32:40.900+0000 7f1c9537f640 1 -- 172.21.15.92:0/4289295527 >> [v2:172.21.15.92:3300/0,v1:172.21.15.92:6789/0] conn(0x7f1c90107550 msgr2=0x7f1c90107950 secure :-1 s=STATE_CONNECTION_ESTABLISHED l=1).mark_down
2024-09-15T23:32:41.627 INFO:teuthology.orchestra.run.smithi092.stdout:/usr/bin/ceph: stderr
2024-09-15T23:32:40.900+0000 7f1c9537f640 1 --2- 172.21.15.92:0/4289295527 >> [v2:172.21.15.92:3300/0,v1:172.21.15.92:6789/0] conn(0x7f1c90107550 0x7f1c90107950 secure :-1 s=READY pgs=41 cs=0 l=1 rev1=1 crypto rx=0x7f1c78009820 tx=0x7f1c7802a270 comp rx=0 tx=0).stop
2024-09-15T23:32:41.627 INFO:teuthology.orchestra.run.smithi092.stdout:/usr/bin/ceph: stderr
2024-09-15T23:32:40.901+0000 7f1c9537f640 1 -- 172.21.15.92:0/4289295527 shutdown_connections
2024-09-15T23:32:41.627 INFO:teuthology.orchestra.run.smithi092.stdout:/usr/bin/ceph: stderr
2024-09-15T23:32:40.901+0000 7f1c9537f640 1 --2- 172.21.15.92:0/4289295527 >> [v2:172.21.15.92:3300/0,v1:172.21.15.92:6789/0] conn(0x7f1c90107550 0x7f1c90107950 unknown :-1 s=CLOSED pgs=41 cs=0 l=1 rev1=1 crypto rx=0 tx=0 comp rx=0 tx=0).stop
2024-09-15T23:32:41.627 INFO:teuthology.orchestra.run.smithi092.stdout:/usr/bin/ceph: stderr
2024-09-15T23:32:40.901+0000 7f1c9537f640 1 -- 172.21.15.92:0/4289295527 >> 172.21.15.92:0/4289295527 conn(0x7f1c90102ce0 msgr2=0x7f1c90105120 unknown :-1 s=STATE_NONE l=0).mark_down
2024-09-15T23:32:41.628 INFO:teuthology.orchestra.run.smithi092.stdout:/usr/bin/ceph: stderr
2024-09-15T23:32:40.901+0000 7f1c9537f640 1 -- 172.21.15.92:0/4289295527 shutdown_connections
2024-09-15T23:32:41.628 INFO:teuthology.orchestra.run.smithi092.stdout:/usr/bin/ceph: stderr
2024-09-15T23:32:40.901+0000 7f1c9537f640 1 -- 172.21.15.92:0/4289295527 wait complete.
2024-09-15T23:32:41.628 INFO:teuthology.orchestra.run.smithi092.stdout:/usr/bin/ceph: stderr
2024-09-15T23:32:40.901+0000 7f1c9537f640 1 Processor -- start
2024-09-15T23:32:41.628 INFO:teuthology.orchestra.run.smithi092.stdout:/usr/bin/ceph: stderr
2024-09-15T23:32:40.901+0000 7f1c9537f640 1 -- start start
2024-09-15T23:32:41.628 INFO:teuthology.orchestra.run.smithi092.stdout:/usr/bin/ceph: stderr
2024-09-15T23:32:40.901+0000 7f1c9537f640 1 --2- >> [v2:172.21.15.92:3300/0,v1:172.21.15.92:6789/0] conn(0x7f1c90107550 0x7f1c9019b570 unknown :-1 s=NONE pgs=0 cs=0 l=1 rev1=0 crypto rx=0 tx=0 comp rx=0 tx=0).connect
2024-09-15T23:32:41.628 INFO:teuthology.orchestra.run.smithi092.stdout:/usr/bin/ceph: stderr
2024-09-15T23:32:40.901+0000 7f1c9537f640 1 -- --> [v2:172.21.15.92:3300/0,v1:172.21.15.92:6789/0] -- mon_getmap magic: 0 -- 0x7f1c9010bb00 con 0x7f1c90107550
2024-09-15T23:32:41.628 INFO:teuthology.orchestra.run.smithi092.stdout:/usr/bin/ceph: stderr
2024-09-15T23:32:40.902+0000 7f1c8effd640 1 --2- >> [v2:172.21.15.92:3300/0,v1:172.21.15.92:6789/0] conn(0x7f1c90107550 0x7f1c9019b570 unknown :-1 s=BANNER_CONNECTING pgs=0 cs=0 l=1 rev1=0 crypto rx=0 tx=0 comp rx=0 tx=0)._handle_peer_banner_payload supported=3 required=0
2024-09-15T23:32:41.628 INFO:teuthology.orchestra.run.smithi092.stdout:/usr/bin/ceph: stderr
2024-09-15T23:32:40.902+0000 7f1c8effd640 1 --2- >> [v2:172.21.15.92:3300/0,v1:172.21.15.92:6789/0] conn(0x7f1c90107550 0x7f1c9019b570 unknown :-1 s=HELLO_CONNECTING pgs=0 cs=0 l=1 rev1=1 crypto rx=0 tx=0 comp rx=0 tx=0).handle_hello peer v2:172.21.15.92:3300/0 says I am v2:172.21.15.92:42670/0 (socket says 172.21.15.92:42670)
2024-09-15T23:32:41.628 INFO:teuthology.orchestra.run.smithi092.stdout:/usr/bin/ceph: stderr
2024-09-15T23:32:40.902+0000 7f1c8effd640 1 -- 172.21.15.92:0/3010200589 learned_addr learned my addr 172.21.15.92:0/3010200589 (peer_addr_for_me v2:172.21.15.92:0/0)
2024-09-15T23:32:41.628 INFO:teuthology.orchestra.run.smithi092.stdout:/usr/bin/ceph: stderr
2024-09-15T23:32:40.902+0000 7f1c8effd640 1 -- 172.21.15.92:0/3010200589 --> [v2:172.21.15.92:3300/0,v1:172.21.15.92:6789/0] -- mon_subscribe({config=0+,monmap=0+}) -- 0x7f1c9019bab0 con 0x7f1c90107550
2024-09-15T23:32:41.628 INFO:teuthology.orchestra.run.smithi092.stdout:/usr/bin/ceph: stderr
2024-09-15T23:32:40.902+0000 7f1c8effd640 1 --2- 172.21.15.92:0/3010200589 >> [v2:172.21.15.92:3300/0,v1:172.21.15.92:6789/0] conn(0x7f1c90107550 0x7f1c9019b570 secure :-1 s=READY pgs=42 cs=0 l=1 rev1=1 crypto rx=0x7f1c780097f0 tx=0x7f1c78030d80 comp rx=0 tx=0).ready entity=mon.0 client_cookie=0 server_cookie=0 in_seq=0 out_seq=0
2024-09-15T23:32:41.628 INFO:teuthology.orchestra.run.smithi092.stdout:/usr/bin/ceph: stderr
2024-09-15T23:32:40.902+0000 7f1c87fff640 1 -- 172.21.15.92:0/3010200589 <== mon.0 v2:172.21.15.92:3300/0 1 ==== mon_map magic: 0 ==== 205+0+0 (secure 0 0 0) 0x7f1c78037040 con 0x7f1c90107550
2024-09-15T23:32:41.628 INFO:teuthology.orchestra.run.smithi092.stdout:/usr/bin/ceph: stderr
2024-09-15T23:32:40.902+0000 7f1c87fff640 1 -- 172.21.15.92:0/3010200589 <== mon.0 v2:172.21.15.92:3300/0 2 ==== config(27 keys) ==== 1109+0+0 (secure 0 0 0) 0x7f1c78040070 con 0x7f1c90107550
2024-09-15T23:32:41.629 INFO:teuthology.orchestra.run.smithi092.stdout:/usr/bin/ceph: stderr
2024-09-15T23:32:40.902+0000 7f1c9537f640 1 -- 172.21.15.92:0/3010200589 --> [v2:172.21.15.92:3300/0,v1:172.21.15.92:6789/0] -- mon_subscribe({mgrmap=0+}) -- 0x7f1c9019bd40 con 0x7f1c90107550
2024-09-15T23:32:41.629 INFO:teuthology.orchestra.run.smithi092.stdout:/usr/bin/ceph: stderr
2024-09-15T23:32:40.902+0000 7f1c87fff640 1 -- 172.21.15.92:0/3010200589 <== mon.0 v2:172.21.15.92:3300/0 3 ==== mon_map magic: 0 ==== 205+0+0 (secure 0 0 0) 0x7f1c7803a390 con 0x7f1c90107550
2024-09-15T23:32:41.629 INFO:teuthology.orchestra.run.smithi092.stdout:/usr/bin/ceph: stderr
2024-09-15T23:32:40.902+0000 7f1c9537f640 1 -- 172.21.15.92:0/3010200589 --> [v2:172.21.15.92:3300/0,v1:172.21.15.92:6789/0] -- mon_subscribe({osdmap=0}) -- 0x7f1c9019ea30 con 0x7f1c90107550
2024-09-15T23:32:41.629 INFO:teuthology.orchestra.run.smithi092.stdout:/usr/bin/ceph: stderr
2024-09-15T23:32:40.903+0000 7f1c87fff640 1 -- 172.21.15.92:0/3010200589 <== mon.0 v2:172.21.15.92:3300/0 4 ==== mgrmap(e 8) ==== 46461+0+0 (secure 0 0 0) 0x7f1c7803a5e0 con 0x7f1c90107550
2024-09-15T23:32:41.629 INFO:teuthology.orchestra.run.smithi092.stdout:/usr/bin/ceph: stderr
2024-09-15T23:32:40.903+0000 7f1c87fff640 1 --2- 172.21.15.92:0/3010200589 >> [v2:172.21.15.92:6800/2205805918,v1:172.21.15.92:6801/2205805918] conn(0x7f1c7c039200 0x7f1c7c03b6c0 unknown :-1 s=NONE pgs=0 cs=0 l=1 rev1=0 crypto rx=0 tx=0 comp rx=0 tx=0).connect
2024-09-15T23:32:41.629 INFO:teuthology.orchestra.run.smithi092.stdout:/usr/bin/ceph: stderr
2024-09-15T23:32:40.903+0000 7f1c87fff640 1 -- 172.21.15.92:0/3010200589 <== mon.0 v2:172.21.15.92:3300/0 5 ==== osd_map(2..2 src has 1..2) ==== 940+0+0 (secure 0 0 0) 0x7f1c7806c730 con 0x7f1c90107550
2024-09-15T23:32:41.629 INFO:teuthology.orchestra.run.smithi092.stdout:/usr/bin/ceph: stderr
2024-09-15T23:32:40.903+0000 7f1c9537f640 1 -- 172.21.15.92:0/3010200589 --> [v2:172.21.15.92:3300/0,v1:172.21.15.92:6789/0] -- mon_command({"prefix": "get_command_descriptions"} v 0) -- 0x7f1c9010bc80 con 0x7f1c90107550
2024-09-15T23:32:41.629 INFO:teuthology.orchestra.run.smithi092.stdout:/usr/bin/ceph: stderr
2024-09-15T23:32:40.903+0000 7f1c8e7fc640 1 --2- 172.21.15.92:0/3010200589 >> [v2:172.21.15.92:6800/2205805918,v1:172.21.15.92:6801/2205805918] conn(0x7f1c7c039200 0x7f1c7c03b6c0 unknown :-1 s=BANNER_CONNECTING pgs=0 cs=0 l=1 rev1=0 crypto rx=0 tx=0 comp rx=0 tx=0)._handle_peer_banner_payload supported=3 required=0
2024-09-15T23:32:41.629 INFO:teuthology.orchestra.run.smithi092.stdout:/usr/bin/ceph: stderr
2024-09-15T23:32:40.904+0000 7f1c8e7fc640 1 --2- 172.21.15.92:0/3010200589 >> [v2:172.21.15.92:6800/2205805918,v1:172.21.15.92:6801/2205805918] conn(0x7f1c7c039200 0x7f1c7c03b6c0 secure :-1 s=READY pgs=10 cs=0 l=1 rev1=1 crypto rx=0x7f1c800098c0 tx=0x7f1c80006db0 comp rx=0 tx=0).ready entity=mgr.14118 client_cookie=0 server_cookie=0 in_seq=0 out_seq=0
2024-09-15T23:32:41.629 INFO:teuthology.orchestra.run.smithi092.stdout:/usr/bin/ceph: stderr
2024-09-15T23:32:40.908+0000 7f1c87fff640 1 -- 172.21.15.92:0/3010200589 <== mon.0 v2:172.21.15.92:3300/0 6 ==== mon_command_ack([{"prefix": "get_command_descriptions"}]=0 v0) ==== 72+0+188821 (secure 0 0 0) 0x7f1c7803a920 con 0x7f1c90107550
2024-09-15T23:32:41.629 INFO:teuthology.orchestra.run.smithi092.stdout:/usr/bin/ceph: stderr
2024-09-15T23:32:41.075+0000 7f1c9537f640 1 -- 172.21.15.92:0/3010200589 --> [v2:172.21.15.92:6800/2205805918,v1:172.21.15.92:6801/2205805918] -- mgr_command(tid 0: {"prefix": "cephadm get-pub-key", "target": ["mon-mgr", ""]}) -- 0x7f1c90103f90 con 0x7f1c7c039200
2024-09-15T23:32:41.629 INFO:teuthology.orchestra.run.smithi092.stdout:/usr/bin/ceph: stderr
2024-09-15T23:32:41.075+0000 7f1c87fff640 1 -- 172.21.15.92:0/3010200589 <== mgr.14118 v2:172.21.15.92:6800/2205805918 1 ==== mgr_command_reply(tid 0: 0 ) ==== 8+0+595 (secure 0 0 0) 0x7f1c90103f90 con 0x7f1c7c039200
2024-09-15T23:32:41.629 INFO:teuthology.orchestra.run.smithi092.stdout:/usr/bin/ceph: stderr
2024-09-15T23:32:41.078+0000 7f1c9537f640 1 -- 172.21.15.92:0/3010200589 >> [v2:172.21.15.92:6800/2205805918,v1:172.21.15.92:6801/2205805918] conn(0x7f1c7c039200 msgr2=0x7f1c7c03b6c0 secure :-1 s=STATE_CONNECTION_ESTABLISHED l=1).mark_down
2024-09-15T23:32:41.629 INFO:teuthology.orchestra.run.smithi092.stdout:/usr/bin/ceph: stderr
2024-09-15T23:32:41.078+0000 7f1c9537f640 1 --2- 172.21.15.92:0/3010200589 >> [v2:172.21.15.92:6800/2205805918,v1:172.21.15.92:6801/2205805918] conn(0x7f1c7c039200 0x7f1c7c03b6c0 secure :-1 s=READY pgs=10 cs=0 l=1 rev1=1 crypto rx=0x7f1c800098c0 tx=0x7f1c80006db0 comp rx=0 tx=0).stop
2024-09-15T23:32:41.630 INFO:teuthology.orchestra.run.smithi092.stdout:/usr/bin/ceph: stderr
2024-09-15T23:32:41.078+0000 7f1c9537f640 1 -- 172.21.15.92:0/3010200589 >> [v2:172.21.15.92:3300/0,v1:172.21.15.92:6789/0] conn(0x7f1c90107550 msgr2=0x7f1c9019b570 secure :-1 s=STATE_CONNECTION_ESTABLISHED l=1).mark_down
2024-09-15T23:32:41.630 INFO:teuthology.orchestra.run.smithi092.stdout:/usr/bin/ceph: stderr
2024-09-15T23:32:41.078+0000 7f1c9537f640 1 --2- 172.21.15.92:0/3010200589 >> [v2:172.21.15.92:3300/0,v1:172.21.15.92:6789/0] conn(0x7f1c90107550 0x7f1c9019b570 secure :-1 s=READY pgs=42 cs=0 l=1 rev1=1 crypto rx=0x7f1c780097f0 tx=0x7f1c78030d80 comp rx=0 tx=0).stop
2024-09-15T23:32:41.630 INFO:teuthology.orchestra.run.smithi092.stdout:/usr/bin/ceph: stderr
2024-09-15T23:32:41.078+0000 7f1c9537f640 1 -- 172.21.15.92:0/3010200589 shutdown_connections
2024-09-15T23:32:41.630 INFO:teuthology.orchestra.run.smithi092.stdout:/usr/bin/ceph: stderr
2024-09-15T23:32:41.078+0000 7f1c9537f640 1 --2- 172.21.15.92:0/3010200589 >> [v2:172.21.15.92:6800/2205805918,v1:172.21.15.92:6801/2205805918] conn(0x7f1c7c039200 0x7f1c7c03b6c0 unknown :-1 s=CLOSED pgs=10 cs=0 l=1 rev1=1 crypto rx=0 tx=0 comp rx=0 tx=0).stop
2024-09-15T23:32:41.630 INFO:teuthology.orchestra.run.smithi092.stdout:/usr/bin/ceph: stderr
2024-09-15T23:32:41.078+0000 7f1c9537f640 1 --2- 172.21.15.92:0/3010200589 >> [v2:172.21.15.92:3300/0,v1:172.21.15.92:6789/0] conn(0x7f1c90107550 0x7f1c9019b570 unknown :-1 s=CLOSED pgs=42 cs=0 l=1 rev1=1 crypto rx=0 tx=0 comp rx=0 tx=0).stop
2024-09-15T23:32:41.630 INFO:teuthology.orchestra.run.smithi092.stdout:/usr/bin/ceph: stderr
2024-09-15T23:32:41.078+0000 7f1c9537f640 1 -- 172.21.15.92:0/3010200589 >> 172.21.15.92:0/3010200589 conn(0x7f1c90102ce0 msgr2=0x7f1c90103880 unknown :-1 s=STATE_NONE l=0).mark_down
2024-09-15T23:32:41.630 INFO:teuthology.orchestra.run.smithi092.stdout:/usr/bin/ceph: stderr
2024-09-15T23:32:41.078+0000 7f1c9537f640 1 -- 172.21.15.92:0/3010200589 shutdown_connections
2024-09-15T23:32:41.630 INFO:teuthology.orchestra.run.smithi092.stdout:/usr/bin/ceph: stderr
2024-09-15T23:32:41.078+0000 7f1c9537f640 1 -- 172.21.15.92:0/3010200589 wait complete.
2024-09-15T23:32:41.630 INFO:teuthology.orchestra.run.smithi092.stdout:Wrote public SSH key to /home/ubuntu/cephtest/ceph.pub
2024-09-15T23:32:41.630 INFO:teuthology.orchestra.run.smithi092.stdout:Adding key to root@localhost authorized_keys...
2024-09-15T23:32:41.631 INFO:teuthology.orchestra.run.smithi092.stdout:Adding host smithi092...
2024-09-15T23:32:42.330 INFO:journalctl@ceph.mon.a.smithi092.stdout:Sep 15 23:32:42 smithi092 ceph-mon[30920]: from='client.14136 -' entity='client.admin' cmd=[{"prefix": "cephadm get-pub-key", "target": ["mon-mgr", ""]}]: dispatch
2024-09-15T23:32:43.237 INFO:journalctl@ceph.mon.a.smithi092.stdout:Sep 15 23:32:43 smithi092 ceph-mon[30920]: from='client.14138 -' entity='client.admin' cmd=[{"prefix": "orch host add", "hostname": "smithi092", "addr": "172.21.15.92", "target": ["mon-mgr", ""]}]: dispatch
2024-09-15T23:32:44.225 INFO:journalctl@ceph.mon.a.smithi092.stdout:Sep 15 23:32:44 smithi092 ceph-mon[30920]: Deploying cephadm binary to smithi092
2024-09-15T23:32:45.925 INFO:teuthology.orchestra.run.smithi092.stdout:/usr/bin/ceph: stdout Added host 'smithi092' with addr '172.21.15.92'
2024-09-15T23:32:45.925 INFO:teuthology.orchestra.run.smithi092.stdout:/usr/bin/ceph: stderr
2024-09-15T23:32:42.035+0000 7fc241f36640 1 Processor -- start
2024-09-15T23:32:45.925 INFO:teuthology.orchestra.run.smithi092.stdout:/usr/bin/ceph: stderr
2024-09-15T23:32:42.035+0000 7fc241f36640 1 -- start start
2024-09-15T23:32:45.926 INFO:teuthology.orchestra.run.smithi092.stdout:/usr/bin/ceph: stderr
2024-09-15T23:32:42.035+0000 7fc241f36640 1 --2- >> [v2:172.21.15.92:3300/0,v1:172.21.15.92:6789/0] conn(0x7fc23c107550 0x7fc23c107950 unknown :-1 s=NONE pgs=0 cs=0 l=0 rev1=0 crypto rx=0 tx=0 comp rx=0 tx=0).connect
2024-09-15T23:32:45.926 INFO:teuthology.orchestra.run.smithi092.stdout:/usr/bin/ceph: stderr
2024-09-15T23:32:42.035+0000 7fc241f36640 1 -- --> [v2:172.21.15.92:3300/0,v1:172.21.15.92:6789/0] -- mon_getmap magic: 0 -- 0x7fc23c107f20 con 0x7fc23c107550
2024-09-15T23:32:45.926 INFO:teuthology.orchestra.run.smithi092.stdout:/usr/bin/ceph: stderr
2024-09-15T23:32:42.035+0000 7fc23b7fe640 1 --2- >> [v2:172.21.15.92:3300/0,v1:172.21.15.92:6789/0] conn(0x7fc23c107550 0x7fc23c107950 unknown :-1 s=BANNER_CONNECTING pgs=0 cs=0 l=0 rev1=0 crypto rx=0 tx=0 comp rx=0 tx=0)._handle_peer_banner_payload supported=3 required=0
2024-09-15T23:32:45.926 INFO:teuthology.orchestra.run.smithi092.stdout:/usr/bin/ceph: stderr
2024-09-15T23:32:42.035+0000 7fc23b7fe640 1 --2- >> [v2:172.21.15.92:3300/0,v1:172.21.15.92:6789/0] conn(0x7fc23c107550 0x7fc23c107950 unknown :-1 s=HELLO_CONNECTING pgs=0 cs=0 l=0 rev1=1 crypto rx=0 tx=0 comp rx=0 tx=0).handle_hello peer v2:172.21.15.92:3300/0 says I am v2:172.21.15.92:42682/0 (socket says 172.21.15.92:42682)
2024-09-15T23:32:45.926 INFO:teuthology.orchestra.run.smithi092.stdout:/usr/bin/ceph: stderr
2024-09-15T23:32:42.035+0000 7fc23b7fe640 1 -- 172.21.15.92:0/123984524 learned_addr learned my addr 172.21.15.92:0/123984524 (peer_addr_for_me v2:172.21.15.92:0/0)
2024-09-15T23:32:45.926 INFO:teuthology.orchestra.run.smithi092.stdout:/usr/bin/ceph: stderr
2024-09-15T23:32:42.035+0000 7fc23b7fe640 1 -- 172.21.15.92:0/123984524 --> [v2:172.21.15.92:3300/0,v1:172.21.15.92:6789/0] -- mon_subscribe({config=0+,monmap=0+}) -- 0x7fc23c108750 con 0x7fc23c107550
2024-09-15T23:32:45.926 INFO:teuthology.orchestra.run.smithi092.stdout:/usr/bin/ceph: stderr
2024-09-15T23:32:42.036+0000 7fc23b7fe640 1 --2- 172.21.15.92:0/123984524 >> [v2:172.21.15.92:3300/0,v1:172.21.15.92:6789/0] conn(0x7fc23c107550 0x7fc23c107950 secure :-1 s=READY pgs=43 cs=0 l=1 rev1=1 crypto rx=0x7fc22c009820 tx=0x7fc22c02a270 comp rx=0 tx=0).ready entity=mon.0 client_cookie=714057c72985f0ef server_cookie=0 in_seq=0 out_seq=0
2024-09-15T23:32:45.926 INFO:teuthology.orchestra.run.smithi092.stdout:/usr/bin/ceph: stderr
2024-09-15T23:32:42.036+0000 7fc23a7fc640 1 -- 172.21.15.92:0/123984524 <== mon.0 v2:172.21.15.92:3300/0 1 ==== mon_map magic: 0 ==== 205+0+0 (secure 0 0 0) 0x7fc22c037070 con 0x7fc23c107550
2024-09-15T23:32:45.926 INFO:teuthology.orchestra.run.smithi092.stdout:/usr/bin/ceph: stderr
2024-09-15T23:32:42.036+0000 7fc23a7fc640 1 -- 172.21.15.92:0/123984524 <== mon.0 v2:172.21.15.92:3300/0 2 ==== config(27 keys) ==== 1109+0+0 (secure 0 0 0) 0x7fc22c032900 con 0x7fc23c107550
2024-09-15T23:32:45.926 INFO:teuthology.orchestra.run.smithi092.stdout:/usr/bin/ceph: stderr
2024-09-15T23:32:42.036+0000 7fc23a7fc640 1 -- 172.21.15.92:0/123984524 <== mon.0 v2:172.21.15.92:3300/0 3 ==== mon_map magic: 0 ==== 205+0+0 (secure 0 0 0) 0x7fc22c030850 con 0x7fc23c107550
2024-09-15T23:32:45.926 INFO:teuthology.orchestra.run.smithi092.stdout:/usr/bin/ceph: stderr
2024-09-15T23:32:42.037+0000 7fc241f36640 1 -- 172.21.15.92:0/123984524 >> [v2:172.21.15.92:3300/0,v1:172.21.15.92:6789/0] conn(0x7fc23c107550 msgr2=0x7fc23c107950 secure :-1 s=STATE_CONNECTION_ESTABLISHED l=1).mark_down
2024-09-15T23:32:45.926 INFO:teuthology.orchestra.run.smithi092.stdout:/usr/bin/ceph: stderr
2024-09-15T23:32:42.037+0000 7fc241f36640 1 --2- 172.21.15.92:0/123984524 >> [v2:172.21.15.92:3300/0,v1:172.21.15.92:6789/0] conn(0x7fc23c107550 0x7fc23c107950 secure :-1 s=READY pgs=43 cs=0 l=1 rev1=1 crypto rx=0x7fc22c009820 tx=0x7fc22c02a270 comp rx=0 tx=0).stop
2024-09-15T23:32:45.927 INFO:teuthology.orchestra.run.smithi092.stdout:/usr/bin/ceph: stderr
2024-09-15T23:32:42.037+0000 7fc241f36640 1 -- 172.21.15.92:0/123984524 shutdown_connections
2024-09-15T23:32:45.927 INFO:teuthology.orchestra.run.smithi092.stdout:/usr/bin/ceph: stderr
2024-09-15T23:32:42.037+0000 7fc241f36640 1 --2- 172.21.15.92:0/123984524 >> [v2:172.21.15.92:3300/0,v1:172.21.15.92:6789/0] conn(0x7fc23c107550 0x7fc23c107950 unknown :-1 s=CLOSED pgs=43 cs=0 l=1 rev1=1 crypto rx=0 tx=0 comp rx=0 tx=0).stop
2024-09-15T23:32:45.927 INFO:teuthology.orchestra.run.smithi092.stdout:/usr/bin/ceph: stderr
2024-09-15T23:32:42.037+0000 7fc241f36640 1 -- 172.21.15.92:0/123984524 >> 172.21.15.92:0/123984524 conn(0x7fc23c102ce0 msgr2=0x7fc23c105120 unknown :-1 s=STATE_NONE l=0).mark_down
2024-09-15T23:32:45.927 INFO:teuthology.orchestra.run.smithi092.stdout:/usr/bin/ceph: stderr
2024-09-15T23:32:42.037+0000 7fc241f36640 1 -- 172.21.15.92:0/123984524 shutdown_connections
2024-09-15T23:32:45.927 INFO:teuthology.orchestra.run.smithi092.stdout:/usr/bin/ceph: stderr
2024-09-15T23:32:42.037+0000 7fc241f36640 1 -- 172.21.15.92:0/123984524 wait complete.
2024-09-15T23:32:45.927 INFO:teuthology.orchestra.run.smithi092.stdout:/usr/bin/ceph: stderr
2024-09-15T23:32:42.038+0000 7fc241f36640 1 Processor -- start
2024-09-15T23:32:45.927 INFO:teuthology.orchestra.run.smithi092.stdout:/usr/bin/ceph: stderr
2024-09-15T23:32:42.038+0000 7fc241f36640 1 -- start start
2024-09-15T23:32:45.927 INFO:teuthology.orchestra.run.smithi092.stdout:/usr/bin/ceph: stderr
2024-09-15T23:32:42.038+0000 7fc241f36640 1 --2- >> [v2:172.21.15.92:3300/0,v1:172.21.15.92:6789/0] conn(0x7fc23c107550 0x7fc23c19b540 unknown :-1 s=NONE pgs=0 cs=0 l=1 rev1=0 crypto rx=0 tx=0 comp rx=0 tx=0).connect
2024-09-15T23:32:45.927 INFO:teuthology.orchestra.run.smithi092.stdout:/usr/bin/ceph: stderr
2024-09-15T23:32:42.038+0000 7fc241f36640 1 -- --> [v2:172.21.15.92:3300/0,v1:172.21.15.92:6789/0] -- mon_getmap magic: 0 -- 0x7fc23c10bb00 con 0x7fc23c107550
2024-09-15T23:32:45.927 INFO:teuthology.orchestra.run.smithi092.stdout:/usr/bin/ceph: stderr
2024-09-15T23:32:42.038+0000 7fc23b7fe640 1 --2- >> [v2:172.21.15.92:3300/0,v1:172.21.15.92:6789/0] conn(0x7fc23c107550 0x7fc23c19b540 unknown :-1 s=BANNER_CONNECTING pgs=0 cs=0 l=1 rev1=0 crypto rx=0 tx=0 comp rx=0 tx=0)._handle_peer_banner_payload supported=3 required=0
2024-09-15T23:32:45.927 INFO:teuthology.orchestra.run.smithi092.stdout:/usr/bin/ceph: stderr
2024-09-15T23:32:42.038+0000 7fc23b7fe640 1 --2- >> [v2:172.21.15.92:3300/0,v1:172.21.15.92:6789/0] conn(0x7fc23c107550 0x7fc23c19b540 unknown :-1 s=HELLO_CONNECTING pgs=0 cs=0 l=1 rev1=1 crypto rx=0 tx=0 comp rx=0 tx=0).handle_hello peer v2:172.21.15.92:3300/0 says I am v2:172.21.15.92:42684/0 (socket says 172.21.15.92:42684)
2024-09-15T23:32:45.927 INFO:teuthology.orchestra.run.smithi092.stdout:/usr/bin/ceph: stderr
2024-09-15T23:32:42.038+0000 7fc23b7fe640 1 -- 172.21.15.92:0/3014572984 learned_addr learned my addr 172.21.15.92:0/3014572984 (peer_addr_for_me v2:172.21.15.92:0/0)
2024-09-15T23:32:45.927 INFO:teuthology.orchestra.run.smithi092.stdout:/usr/bin/ceph: stderr
2024-09-15T23:32:42.038+0000 7fc23b7fe640 1 -- 172.21.15.92:0/3014572984 --> [v2:172.21.15.92:3300/0,v1:172.21.15.92:6789/0] -- mon_subscribe({config=0+,monmap=0+}) -- 0x7fc23c19ba80 con 0x7fc23c107550
2024-09-15T23:32:45.927 INFO:teuthology.orchestra.run.smithi092.stdout:/usr/bin/ceph: stderr
2024-09-15T23:32:42.038+0000 7fc23b7fe640 1 --2- 172.21.15.92:0/3014572984 >> [v2:172.21.15.92:3300/0,v1:172.21.15.92:6789/0] conn(0x7fc23c107550 0x7fc23c19b540 secure :-1 s=READY pgs=44 cs=0 l=1 rev1=1 crypto rx=0x7fc22c0097f0 tx=0x7fc22c030d80 comp rx=0 tx=0).ready entity=mon.0 client_cookie=0 server_cookie=0 in_seq=0 out_seq=0
2024-09-15T23:32:45.928 INFO:teuthology.orchestra.run.smithi092.stdout:/usr/bin/ceph: stderr
2024-09-15T23:32:42.039+0000 7fc238ff9640 1 -- 172.21.15.92:0/3014572984 <== mon.0 v2:172.21.15.92:3300/0 1 ==== mon_map magic: 0 ==== 205+0+0 (secure 0 0 0) 0x7fc22c037040 con 0x7fc23c107550
2024-09-15T23:32:45.928 INFO:teuthology.orchestra.run.smithi092.stdout:/usr/bin/ceph: stderr
2024-09-15T23:32:42.039+0000 7fc238ff9640 1 -- 172.21.15.92:0/3014572984 <== mon.0 v2:172.21.15.92:3300/0 2 ==== config(27 keys) ==== 1109+0+0 (secure 0 0 0) 0x7fc22c040070 con 0x7fc23c107550
2024-09-15T23:32:45.928 INFO:teuthology.orchestra.run.smithi092.stdout:/usr/bin/ceph: stderr
2024-09-15T23:32:42.039+0000 7fc241f36640 1 -- 172.21.15.92:0/3014572984 --> [v2:172.21.15.92:3300/0,v1:172.21.15.92:6789/0] -- mon_subscribe({mgrmap=0+}) -- 0x7fc23c19bd10 con 0x7fc23c107550
2024-09-15T23:32:45.928 INFO:teuthology.orchestra.run.smithi092.stdout:/usr/bin/ceph: stderr
2024-09-15T23:32:42.039+0000 7fc238ff9640 1 -- 172.21.15.92:0/3014572984 <== mon.0 v2:172.21.15.92:3300/0 3 ==== mon_map magic: 0 ==== 205+0+0 (secure 0 0 0) 0x7fc22c03a390 con 0x7fc23c107550
2024-09-15T23:32:45.928 INFO:teuthology.orchestra.run.smithi092.stdout:/usr/bin/ceph: stderr
2024-09-15T23:32:42.039+0000 7fc241f36640 1 -- 172.21.15.92:0/3014572984 --> [v2:172.21.15.92:3300/0,v1:172.21.15.92:6789/0] -- mon_subscribe({osdmap=0}) -- 0x7fc23c19ea00 con 0x7fc23c107550
2024-09-15T23:32:45.928 INFO:teuthology.orchestra.run.smithi092.stdout:/usr/bin/ceph: stderr
2024-09-15T23:32:42.040+0000 7fc238ff9640 1 -- 172.21.15.92:0/3014572984 <== mon.0 v2:172.21.15.92:3300/0 4 ==== mgrmap(e 8) ==== 46461+0+0 (secure 0 0 0) 0x7fc22c03a630 con 0x7fc23c107550
2024-09-15T23:32:45.928 INFO:teuthology.orchestra.run.smithi092.stdout:/usr/bin/ceph: stderr
2024-09-15T23:32:42.040+0000 7fc238ff9640 1 --2- 172.21.15.92:0/3014572984 >> [v2:172.21.15.92:6800/2205805918,v1:172.21.15.92:6801/2205805918] conn(0x7fc224039200 0x7fc22403b6c0 unknown :-1 s=NONE pgs=0 cs=0 l=1 rev1=0 crypto rx=0 tx=0 comp rx=0 tx=0).connect
2024-09-15T23:32:45.928 INFO:teuthology.orchestra.run.smithi092.stdout:/usr/bin/ceph: stderr
2024-09-15T23:32:42.040+0000 7fc241f36640 1 -- 172.21.15.92:0/3014572984 --> [v2:172.21.15.92:3300/0,v1:172.21.15.92:6789/0] -- mon_command({"prefix": "get_command_descriptions"} v 0) -- 0x7fc23c1079d0 con 0x7fc23c107550
2024-09-15T23:32:45.928 INFO:teuthology.orchestra.run.smithi092.stdout:/usr/bin/ceph: stderr
2024-09-15T23:32:42.040+0000 7fc238ff9640 1 -- 172.21.15.92:0/3014572984 <== mon.0 v2:172.21.15.92:3300/0 5 ==== osd_map(2..2 src has 1..2) ==== 940+0+0 (secure 0 0 0) 0x7fc22c06c990 con 0x7fc23c107550
2024-09-15T23:32:45.928 INFO:teuthology.orchestra.run.smithi092.stdout:/usr/bin/ceph: stderr
2024-09-15T23:32:42.040+0000 7fc23affd640 1 --2- 172.21.15.92:0/3014572984 >> [v2:172.21.15.92:6800/2205805918,v1:172.21.15.92:6801/2205805918] conn(0x7fc224039200 0x7fc22403b6c0 unknown :-1 s=BANNER_CONNECTING pgs=0 cs=0 l=1 rev1=0 crypto rx=0 tx=0 comp rx=0 tx=0)._handle_peer_banner_payload supported=3 required=0
2024-09-15T23:32:45.928 INFO:teuthology.orchestra.run.smithi092.stdout:/usr/bin/ceph: stderr
2024-09-15T23:32:42.040+0000 7fc23affd640 1 --2- 172.21.15.92:0/3014572984 >> [v2:172.21.15.92:6800/2205805918,v1:172.21.15.92:6801/2205805918] conn(0x7fc224039200 0x7fc22403b6c0 secure :-1 s=READY pgs=11 cs=0 l=1 rev1=1 crypto rx=0x7fc2300098c0 tx=0x7fc230006db0 comp rx=0 tx=0).ready entity=mgr.14118 client_cookie=0 server_cookie=0 in_seq=0 out_seq=0
2024-09-15T23:32:45.928 INFO:teuthology.orchestra.run.smithi092.stdout:/usr/bin/ceph: stderr
2024-09-15T23:32:42.044+0000 7fc238ff9640 1 -- 172.21.15.92:0/3014572984 <== mon.0 v2:172.21.15.92:3300/0 6 ==== mon_command_ack([{"prefix": "get_command_descriptions"}]=0 v0) ==== 72+0+188821 (secure 0 0 0) 0x7fc22c044cf0 con 0x7fc23c107550
2024-09-15T23:32:45.928 INFO:teuthology.orchestra.run.smithi092.stdout:/usr/bin/ceph: stderr
2024-09-15T23:32:42.214+0000 7fc241f36640 1 -- 172.21.15.92:0/3014572984 --> [v2:172.21.15.92:6800/2205805918,v1:172.21.15.92:6801/2205805918] -- mgr_command(tid 0: {"prefix": "orch host add", "hostname": "smithi092", "addr": "172.21.15.92", "target": ["mon-mgr", ""]}) -- 0x7fc23c103f70 con 0x7fc224039200
2024-09-15T23:32:45.928 INFO:teuthology.orchestra.run.smithi092.stdout:/usr/bin/ceph: stderr
