2024-09-15T23:38:14.813+0000 7f3845b15640 1 --2- 172.21.15.71:0/963682403 >> [v2:172.21.15.71:3300/0,v1:172.21.15.71:6789/0] conn(0x7f38401080e0 0x7f384010a4d0 unknown :-1 s=CLOSED pgs=59 cs=0 l=1 rev1=1 crypto rx=0 tx=0 comp rx=0 tx=0).stop
2024-09-15T23:38:18.868 INFO:teuthology.orchestra.run.smithi071.stdout:/usr/bin/ceph: stderr
2024-09-15T23:38:14.813+0000 7f3845b15640 1 -- 172.21.15.71:0/963682403 >> 172.21.15.71:0/963682403 conn(0x7f3840101ce0 msgr2=0x7f3840104100 unknown :-1 s=STATE_NONE l=0).mark_down
2024-09-15T23:38:18.868 INFO:teuthology.orchestra.run.smithi071.stdout:/usr/bin/ceph: stderr
2024-09-15T23:38:14.813+0000 7f3845b15640 1 -- 172.21.15.71:0/963682403 shutdown_connections
2024-09-15T23:38:18.868 INFO:teuthology.orchestra.run.smithi071.stdout:/usr/bin/ceph: stderr
2024-09-15T23:38:14.813+0000 7f3845b15640 1 -- 172.21.15.71:0/963682403 wait complete.
2024-09-15T23:38:18.868 INFO:teuthology.orchestra.run.smithi071.stdout:/usr/bin/ceph: stderr
2024-09-15T23:38:14.814+0000 7f3845b15640 1 Processor -- start
2024-09-15T23:38:18.868 INFO:teuthology.orchestra.run.smithi071.stdout:/usr/bin/ceph: stderr
2024-09-15T23:38:14.814+0000 7f3845b15640 1 -- start start
2024-09-15T23:38:18.868 INFO:teuthology.orchestra.run.smithi071.stdout:/usr/bin/ceph: stderr
2024-09-15T23:38:14.814+0000 7f3845b15640 1 --2- >> [v2:172.21.15.71:3300/0,v1:172.21.15.71:6789/0] conn(0x7f38401080e0 0x7f384019b590 unknown :-1 s=NONE pgs=0 cs=0 l=1 rev1=0 crypto rx=0 tx=0 comp rx=0 tx=0).connect
2024-09-15T23:38:18.868 INFO:teuthology.orchestra.run.smithi071.stdout:/usr/bin/ceph: stderr
2024-09-15T23:38:14.814+0000 7f3845b15640 1 -- --> [v2:172.21.15.71:3300/0,v1:172.21.15.71:6789/0] -- mon_getmap magic: 0 -- 0x7f384010ba30 con 0x7f38401080e0
2024-09-15T23:38:18.868 INFO:teuthology.orchestra.run.smithi071.stdout:/usr/bin/ceph: stderr
2024-09-15T23:38:14.814+0000 7f383f7fe640 1 --2- >> [v2:172.21.15.71:3300/0,v1:172.21.15.71:6789/0] conn(0x7f38401080e0 0x7f384019b590 unknown :-1 s=BANNER_CONNECTING pgs=0 cs=0 l=1 rev1=0 crypto rx=0 tx=0 comp rx=0 tx=0)._handle_peer_banner_payload supported=3 required=0
2024-09-15T23:38:18.868 INFO:teuthology.orchestra.run.smithi071.stdout:/usr/bin/ceph: stderr
2024-09-15T23:38:14.814+0000 7f383f7fe640 1 --2- >> [v2:172.21.15.71:3300/0,v1:172.21.15.71:6789/0] conn(0x7f38401080e0 0x7f384019b590 unknown :-1 s=HELLO_CONNECTING pgs=0 cs=0 l=1 rev1=1 crypto rx=0 tx=0 comp rx=0 tx=0).handle_hello peer v2:172.21.15.71:3300/0 says I am v2:172.21.15.71:51758/0 (socket says 172.21.15.71:51758)
2024-09-15T23:38:18.868 INFO:teuthology.orchestra.run.smithi071.stdout:/usr/bin/ceph: stderr
2024-09-15T23:38:14.814+0000 7f383f7fe640 1 -- 172.21.15.71:0/3430652754 learned_addr learned my addr 172.21.15.71:0/3430652754 (peer_addr_for_me v2:172.21.15.71:0/0)
2024-09-15T23:38:18.868 INFO:teuthology.orchestra.run.smithi071.stdout:/usr/bin/ceph: stderr
2024-09-15T23:38:14.815+0000 7f383f7fe640 1 -- 172.21.15.71:0/3430652754 --> [v2:172.21.15.71:3300/0,v1:172.21.15.71:6789/0] -- mon_subscribe({config=0+,monmap=0+}) -- 0x7f384019bad0 con 0x7f38401080e0
2024-09-15T23:38:18.869 INFO:teuthology.orchestra.run.smithi071.stdout:/usr/bin/ceph: stderr
2024-09-15T23:38:14.815+0000 7f383f7fe640 1 --2- 172.21.15.71:0/3430652754 >> [v2:172.21.15.71:3300/0,v1:172.21.15.71:6789/0] conn(0x7f38401080e0 0x7f384019b590 secure :-1 s=READY pgs=60 cs=0 l=1 rev1=1 crypto rx=0x7f3830030cc0 tx=0x7f3830030cf0 comp rx=0 tx=0).ready entity=mon.0 client_cookie=0 server_cookie=0 in_seq=0 out_seq=0
2024-09-15T23:38:18.869 INFO:teuthology.orchestra.run.smithi071.stdout:/usr/bin/ceph: stderr
2024-09-15T23:38:14.815+0000 7f383cff9640 1 -- 172.21.15.71:0/3430652754 <== mon.0 v2:172.21.15.71:3300/0 1 ==== mon_map magic: 0 ==== 205+0+0 (secure 0 0 0) 0x7f3830042070 con 0x7f38401080e0
2024-09-15T23:38:18.869 INFO:teuthology.orchestra.run.smithi071.stdout:/usr/bin/ceph: stderr
2024-09-15T23:38:14.815+0000 7f383cff9640 1 -- 172.21.15.71:0/3430652754 <== mon.0 v2:172.21.15.71:3300/0 2 ==== config(26 keys) ==== 1102+0+0 (secure 0 0 0) 0x7f3830030e60 con 0x7f38401080e0
2024-09-15T23:38:18.869 INFO:teuthology.orchestra.run.smithi071.stdout:/usr/bin/ceph: stderr
2024-09-15T23:38:14.815+0000 7f3845b15640 1 -- 172.21.15.71:0/3430652754 --> [v2:172.21.15.71:3300/0,v1:172.21.15.71:6789/0] -- mon_subscribe({mgrmap=0+}) -- 0x7f384019bd60 con 0x7f38401080e0
2024-09-15T23:38:18.869 INFO:teuthology.orchestra.run.smithi071.stdout:/usr/bin/ceph: stderr
2024-09-15T23:38:14.815+0000 7f3845b15640 1 -- 172.21.15.71:0/3430652754 --> [v2:172.21.15.71:3300/0,v1:172.21.15.71:6789/0] -- mon_subscribe({osdmap=0}) -- 0x7f384019ea50 con 0x7f38401080e0
2024-09-15T23:38:18.869 INFO:teuthology.orchestra.run.smithi071.stdout:/usr/bin/ceph: stderr
2024-09-15T23:38:14.815+0000 7f383cff9640 1 -- 172.21.15.71:0/3430652754 <== mon.0 v2:172.21.15.71:3300/0 3 ==== mon_map magic: 0 ==== 205+0+0 (secure 0 0 0) 0x7f3830037040 con 0x7f38401080e0
2024-09-15T23:38:18.869 INFO:teuthology.orchestra.run.smithi071.stdout:/usr/bin/ceph: stderr
2024-09-15T23:38:14.816+0000 7f383cff9640 1 -- 172.21.15.71:0/3430652754 <== mon.0 v2:172.21.15.71:3300/0 4 ==== mgrmap(e 9) ==== 46474+0+0 (secure 0 0 0) 0x7f3830045070 con 0x7f38401080e0
2024-09-15T23:38:18.869 INFO:teuthology.orchestra.run.smithi071.stdout:/usr/bin/ceph: stderr
2024-09-15T23:38:14.816+0000 7f383cff9640 1 --2- 172.21.15.71:0/3430652754 >> [v2:172.21.15.71:6800/4097213184,v1:172.21.15.71:6801/4097213184] conn(0x7f3828039200 0x7f382803b6c0 unknown :-1 s=NONE pgs=0 cs=0 l=1 rev1=0 crypto rx=0 tx=0 comp rx=0 tx=0).connect
2024-09-15T23:38:18.869 INFO:teuthology.orchestra.run.smithi071.stdout:/usr/bin/ceph: stderr
2024-09-15T23:38:14.816+0000 7f383cff9640 1 -- 172.21.15.71:0/3430652754 --> [v2:172.21.15.71:6800/4097213184,v1:172.21.15.71:6801/4097213184] -- command(tid 0: {"prefix": "get_command_descriptions"}) -- 0x7f382803bdd0 con 0x7f3828039200
2024-09-15T23:38:18.870 INFO:teuthology.orchestra.run.smithi071.stdout:/usr/bin/ceph: stderr
2024-09-15T23:38:14.816+0000 7f383cff9640 1 -- 172.21.15.71:0/3430652754 <== mon.0 v2:172.21.15.71:3300/0 5 ==== osd_map(2..2 src has 1..2) ==== 940+0+0 (secure 0 0 0) 0x7f383006c610 con 0x7f38401080e0
2024-09-15T23:38:18.870 INFO:teuthology.orchestra.run.smithi071.stdout:/usr/bin/ceph: stderr
2024-09-15T23:38:14.816+0000 7f383effd640 1 -- 172.21.15.71:0/3430652754 >> [v2:172.21.15.71:6800/4097213184,v1:172.21.15.71:6801/4097213184] conn(0x7f3828039200 msgr2=0x7f382803b6c0 unknown :-1 s=STATE_CONNECTING_RE l=1).process reconnect failed to v2:172.21.15.71:6800/4097213184
2024-09-15T23:38:18.870 INFO:teuthology.orchestra.run.smithi071.stdout:/usr/bin/ceph: stderr
2024-09-15T23:38:14.816+0000 7f383effd640 1 --2- 172.21.15.71:0/3430652754 >> [v2:172.21.15.71:6800/4097213184,v1:172.21.15.71:6801/4097213184] conn(0x7f3828039200 0x7f382803b6c0 unknown :-1 s=START_CONNECT pgs=0 cs=0 l=1 rev1=0 crypto rx=0 tx=0 comp rx=0 tx=0)._fault waiting 0.200000
2024-09-15T23:38:18.870 INFO:teuthology.orchestra.run.smithi071.stdout:/usr/bin/ceph: stderr
2024-09-15T23:38:15.017+0000 7f383effd640 1 -- 172.21.15.71:0/3430652754 >> [v2:172.21.15.71:6800/4097213184,v1:172.21.15.71:6801/4097213184] conn(0x7f3828039200 msgr2=0x7f382803b6c0 unknown :-1 s=STATE_CONNECTING_RE l=1).process reconnect failed to v2:172.21.15.71:6800/4097213184
2024-09-15T23:38:18.870 INFO:teuthology.orchestra.run.smithi071.stdout:/usr/bin/ceph: stderr
2024-09-15T23:38:15.017+0000 7f383effd640 1 --2- 172.21.15.71:0/3430652754 >> [v2:172.21.15.71:6800/4097213184,v1:172.21.15.71:6801/4097213184] conn(0x7f3828039200 0x7f382803b6c0 unknown :-1 s=START_CONNECT pgs=0 cs=0 l=1 rev1=0 crypto rx=0 tx=0 comp rx=0 tx=0)._fault waiting 0.400000
2024-09-15T23:38:18.870 INFO:teuthology.orchestra.run.smithi071.stdout:/usr/bin/ceph: stderr
2024-09-15T23:38:15.418+0000 7f383effd640 1 -- 172.21.15.71:0/3430652754 >> [v2:172.21.15.71:6800/4097213184,v1:172.21.15.71:6801/4097213184] conn(0x7f3828039200 msgr2=0x7f382803b6c0 unknown :-1 s=STATE_CONNECTING_RE l=1).process reconnect failed to v2:172.21.15.71:6800/4097213184
2024-09-15T23:38:18.870 INFO:teuthology.orchestra.run.smithi071.stdout:/usr/bin/ceph: stderr
2024-09-15T23:38:15.418+0000 7f383effd640 1 --2- 172.21.15.71:0/3430652754 >> [v2:172.21.15.71:6800/4097213184,v1:172.21.15.71:6801/4097213184] conn(0x7f3828039200 0x7f382803b6c0 unknown :-1 s=START_CONNECT pgs=0 cs=0 l=1 rev1=0 crypto rx=0 tx=0 comp rx=0 tx=0)._fault waiting 0.800000
2024-09-15T23:38:18.870 INFO:teuthology.orchestra.run.smithi071.stdout:/usr/bin/ceph: stderr
2024-09-15T23:38:16.219+0000 7f383effd640 1 -- 172.21.15.71:0/3430652754 >> [v2:172.21.15.71:6800/4097213184,v1:172.21.15.71:6801/4097213184] conn(0x7f3828039200 msgr2=0x7f382803b6c0 unknown :-1 s=STATE_CONNECTING_RE l=1).process reconnect failed to v2:172.21.15.71:6800/4097213184
2024-09-15T23:38:18.870 INFO:teuthology.orchestra.run.smithi071.stdout:/usr/bin/ceph: stderr
2024-09-15T23:38:16.219+0000 7f383effd640 1 --2- 172.21.15.71:0/3430652754 >> [v2:172.21.15.71:6800/4097213184,v1:172.21.15.71:6801/4097213184] conn(0x7f3828039200 0x7f382803b6c0 unknown :-1 s=START_CONNECT pgs=0 cs=0 l=1 rev1=0 crypto rx=0 tx=0 comp rx=0 tx=0)._fault waiting 1.600000
2024-09-15T23:38:18.870 INFO:teuthology.orchestra.run.smithi071.stdout:/usr/bin/ceph: stderr
2024-09-15T23:38:16.971+0000 7f383cff9640 1 -- 172.21.15.71:0/3430652754 <== mon.0 v2:172.21.15.71:3300/0 6 ==== mgrmap(e 10) ==== 46241+0+0 (secure 0 0 0) 0x7f383006b0c0 con 0x7f38401080e0
2024-09-15T23:38:18.870 INFO:teuthology.orchestra.run.smithi071.stdout:/usr/bin/ceph: stderr
2024-09-15T23:38:16.971+0000 7f383cff9640 1 -- 172.21.15.71:0/3430652754 >> [v2:172.21.15.71:6800/4097213184,v1:172.21.15.71:6801/4097213184] conn(0x7f3828039200 msgr2=0x7f382803b6c0 unknown :-1 s=STATE_CONNECTING l=1).mark_down
2024-09-15T23:38:18.870 INFO:teuthology.orchestra.run.smithi071.stdout:/usr/bin/ceph: stderr
2024-09-15T23:38:16.971+0000 7f383cff9640 1 --2- 172.21.15.71:0/3430652754 >> [v2:172.21.15.71:6800/4097213184,v1:172.21.15.71:6801/4097213184] conn(0x7f3828039200 0x7f382803b6c0 unknown :-1 s=START_CONNECT pgs=0 cs=0 l=1 rev1=0 crypto rx=0 tx=0 comp rx=0 tx=0).stop
2024-09-15T23:38:18.870 INFO:teuthology.orchestra.run.smithi071.stdout:/usr/bin/ceph: stderr
2024-09-15T23:38:17.973+0000 7f383cff9640 1 -- 172.21.15.71:0/3430652754 <== mon.0 v2:172.21.15.71:3300/0 7 ==== mgrmap(e 11) ==== 46368+0+0 (secure 0 0 0) 0x7f383003b330 con 0x7f38401080e0
2024-09-15T23:38:18.871 INFO:teuthology.orchestra.run.smithi071.stdout:/usr/bin/ceph: stderr
2024-09-15T23:38:17.973+0000 7f383cff9640 1 --2- 172.21.15.71:0/3430652754 >> [v2:172.21.15.71:6800/881242149,v1:172.21.15.71:6801/881242149] conn(0x7f382803ccc0 0x7f382803f0b0 unknown :-1 s=NONE pgs=0 cs=0 l=1 rev1=0 crypto rx=0 tx=0 comp rx=0 tx=0).connect
2024-09-15T23:38:18.871 INFO:teuthology.orchestra.run.smithi071.stdout:/usr/bin/ceph: stderr
2024-09-15T23:38:17.973+0000 7f383cff9640 1 -- 172.21.15.71:0/3430652754 --> [v2:172.21.15.71:6800/881242149,v1:172.21.15.71:6801/881242149] -- command(tid 0: {"prefix": "get_command_descriptions"}) -- 0x7f382803bdd0 con 0x7f382803ccc0
2024-09-15T23:38:18.871 INFO:teuthology.orchestra.run.smithi071.stdout:/usr/bin/ceph: stderr
2024-09-15T23:38:17.973+0000 7f383effd640 1 --2- 172.21.15.71:0/3430652754 >> [v2:172.21.15.71:6800/881242149,v1:172.21.15.71:6801/881242149] conn(0x7f382803ccc0 0x7f382803f0b0 unknown :-1 s=BANNER_CONNECTING pgs=0 cs=0 l=1 rev1=0 crypto rx=0 tx=0 comp rx=0 tx=0)._handle_peer_banner_payload supported=3 required=0
2024-09-15T23:38:18.871 INFO:teuthology.orchestra.run.smithi071.stdout:/usr/bin/ceph: stderr
2024-09-15T23:38:17.974+0000 7f383effd640 1 --2- 172.21.15.71:0/3430652754 >> [v2:172.21.15.71:6800/881242149,v1:172.21.15.71:6801/881242149] conn(0x7f382803ccc0 0x7f382803f0b0 secure :-1 s=READY pgs=1 cs=0 l=1 rev1=1 crypto rx=0x7f3834003980 tx=0x7f3834006e10 comp rx=0 tx=0).ready entity=mgr.14150 client_cookie=0 server_cookie=0 in_seq=0 out_seq=0
2024-09-15T23:38:18.871 INFO:teuthology.orchestra.run.smithi071.stdout:/usr/bin/ceph: stderr
2024-09-15T23:38:17.974+0000 7f383cff9640 1 -- 172.21.15.71:0/3430652754 <== mgr.14150 v2:172.21.15.71:6800/881242149 1 ==== command_reply(tid 0: 0 ) ==== 8+0+9564 (secure 0 0 0) 0x7f382803bdd0 con 0x7f382803ccc0
2024-09-15T23:38:18.871 INFO:teuthology.orchestra.run.smithi071.stdout:/usr/bin/ceph: stderr
2024-09-15T23:38:17.981+0000 7f3845b15640 1 -- 172.21.15.71:0/3430652754 --> [v2:172.21.15.71:6800/881242149,v1:172.21.15.71:6801/881242149] -- command(tid 1: {"prefix": "mgr_status"}) -- 0x7f382c0025a0 con 0x7f382803ccc0
2024-09-15T23:38:18.871 INFO:teuthology.orchestra.run.smithi071.stdout:/usr/bin/ceph: stderr
2024-09-15T23:38:17.982+0000 7f383cff9640 1 -- 172.21.15.71:0/3430652754 <== mgr.14150 v2:172.21.15.71:6800/881242149 2 ==== command_reply(tid 1: 0 ) ==== 8+0+52 (secure 0 0 0) 0x7f382c0025a0 con 0x7f382803ccc0
2024-09-15T23:38:18.871 INFO:teuthology.orchestra.run.smithi071.stdout:/usr/bin/ceph: stderr
2024-09-15T23:38:17.982+0000 7f3845b15640 1 -- 172.21.15.71:0/3430652754 >> [v2:172.21.15.71:6800/881242149,v1:172.21.15.71:6801/881242149] conn(0x7f382803ccc0 msgr2=0x7f382803f0b0 secure :-1 s=STATE_CONNECTION_ESTABLISHED l=1).mark_down
2024-09-15T23:38:18.871 INFO:teuthology.orchestra.run.smithi071.stdout:/usr/bin/ceph: stderr
2024-09-15T23:38:17.982+0000 7f3845b15640 1 --2- 172.21.15.71:0/3430652754 >> [v2:172.21.15.71:6800/881242149,v1:172.21.15.71:6801/881242149] conn(0x7f382803ccc0 0x7f382803f0b0 secure :-1 s=READY pgs=1 cs=0 l=1 rev1=1 crypto rx=0x7f3834003980 tx=0x7f3834006e10 comp rx=0 tx=0).stop
2024-09-15T23:38:18.871 INFO:teuthology.orchestra.run.smithi071.stdout:/usr/bin/ceph: stderr
2024-09-15T23:38:17.982+0000 7f3845b15640 1 -- 172.21.15.71:0/3430652754 >> [v2:172.21.15.71:3300/0,v1:172.21.15.71:6789/0] conn(0x7f38401080e0 msgr2=0x7f384019b590 secure :-1 s=STATE_CONNECTION_ESTABLISHED l=1).mark_down
2024-09-15T23:38:18.871 INFO:teuthology.orchestra.run.smithi071.stdout:/usr/bin/ceph: stderr
2024-09-15T23:38:17.982+0000 7f3845b15640 1 --2- 172.21.15.71:0/3430652754 >> [v2:172.21.15.71:3300/0,v1:172.21.15.71:6789/0] conn(0x7f38401080e0 0x7f384019b590 secure :-1 s=READY pgs=60 cs=0 l=1 rev1=1 crypto rx=0x7f3830030cc0 tx=0x7f3830030cf0 comp rx=0 tx=0).stop
2024-09-15T23:38:18.871 INFO:teuthology.orchestra.run.smithi071.stdout:/usr/bin/ceph: stderr
2024-09-15T23:38:17.982+0000 7f3845b15640 1 -- 172.21.15.71:0/3430652754 shutdown_connections
2024-09-15T23:38:18.871 INFO:teuthology.orchestra.run.smithi071.stdout:/usr/bin/ceph: stderr
2024-09-15T23:38:17.982+0000 7f3845b15640 1 --2- 172.21.15.71:0/3430652754 >> [v2:172.21.15.71:6800/881242149,v1:172.21.15.71:6801/881242149] conn(0x7f382803ccc0 0x7f382803f0b0 unknown :-1 s=CLOSED pgs=1 cs=0 l=1 rev1=1 crypto rx=0 tx=0 comp rx=0 tx=0).stop
2024-09-15T23:38:18.872 INFO:teuthology.orchestra.run.smithi071.stdout:/usr/bin/ceph: stderr
2024-09-15T23:38:17.982+0000 7f3845b15640 1 --2- 172.21.15.71:0/3430652754 >> [v2:172.21.15.71:6800/4097213184,v1:172.21.15.71:6801/4097213184] conn(0x7f3828039200 0x7f382803b6c0 unknown :-1 s=CLOSED pgs=0 cs=0 l=1 rev1=0 crypto rx=0 tx=0 comp rx=0 tx=0).stop
2024-09-15T23:38:18.872 INFO:teuthology.orchestra.run.smithi071.stdout:/usr/bin/ceph: stderr
2024-09-15T23:38:17.982+0000 7f3845b15640 1 --2- 172.21.15.71:0/3430652754 >> [v2:172.21.15.71:3300/0,v1:172.21.15.71:6789/0] conn(0x7f38401080e0 0x7f384019b590 unknown :-1 s=CLOSED pgs=60 cs=0 l=1 rev1=1 crypto rx=0 tx=0 comp rx=0 tx=0).stop
2024-09-15T23:38:18.872 INFO:teuthology.orchestra.run.smithi071.stdout:/usr/bin/ceph: stderr
2024-09-15T23:38:17.982+0000 7f3845b15640 1 -- 172.21.15.71:0/3430652754 >> 172.21.15.71:0/3430652754 conn(0x7f3840101ce0 msgr2=0x7f3840102870 unknown :-1 s=STATE_NONE l=0).mark_down
2024-09-15T23:38:18.872 INFO:teuthology.orchestra.run.smithi071.stdout:/usr/bin/ceph: stderr
2024-09-15T23:38:17.982+0000 7f3845b15640 1 -- 172.21.15.71:0/3430652754 shutdown_connections
2024-09-15T23:38:18.872 INFO:teuthology.orchestra.run.smithi071.stdout:/usr/bin/ceph: stderr
2024-09-15T23:38:17.982+0000 7f3845b15640 1 -- 172.21.15.71:0/3430652754 wait complete.
2024-09-15T23:38:18.872 INFO:teuthology.orchestra.run.smithi071.stdout:mgr epoch 9 is available
2024-09-15T23:38:18.872 INFO:teuthology.orchestra.run.smithi071.stdout:Generating a dashboard self-signed certificate...
2024-09-15T23:38:19.228 INFO:journalctl@ceph.mon.a.smithi071.stdout:Sep 15 23:38:18 smithi071 ceph-mon[30957]: [15/Sep/2024:23:38:17] ENGINE Bus STARTING
2024-09-15T23:38:19.228 INFO:journalctl@ceph.mon.a.smithi071.stdout:Sep 15 23:38:18 smithi071 ceph-mon[30957]: from='client.14154 -' entity='client.admin' cmd=[{"prefix": "get_command_descriptions"}]: dispatch
2024-09-15T23:38:19.228 INFO:journalctl@ceph.mon.a.smithi071.stdout:Sep 15 23:38:18 smithi071 ceph-mon[30957]: mgrmap e11: x(active, since 1.00642s)
2024-09-15T23:38:19.228 INFO:journalctl@ceph.mon.a.smithi071.stdout:Sep 15 23:38:18 smithi071 ceph-mon[30957]: from='client.14154 -' entity='client.admin' cmd=[{"prefix": "mgr_status"}]: dispatch
2024-09-15T23:38:19.229 INFO:journalctl@ceph.mon.a.smithi071.stdout:Sep 15 23:38:18 smithi071 ceph-mon[30957]: [15/Sep/2024:23:38:18] ENGINE Serving on https://172.21.15.71:7150
2024-09-15T23:38:19.229 INFO:journalctl@ceph.mon.a.smithi071.stdout:Sep 15 23:38:18 smithi071 ceph-mon[30957]: [15/Sep/2024:23:38:18] ENGINE Error in HTTPServer.serve
2024-09-15T23:38:19.229 INFO:journalctl@ceph.mon.a.smithi071.stdout: Traceback (most recent call last):
2024-09-15T23:38:19.229 INFO:journalctl@ceph.mon.a.smithi071.stdout: File "/lib/python3.9/site-packages/cheroot/server.py", line 1823, in serve
2024-09-15T23:38:19.229 INFO:journalctl@ceph.mon.a.smithi071.stdout: self._connections.run(self.expiration_interval)
2024-09-15T23:38:19.229 INFO:journalctl@ceph.mon.a.smithi071.stdout: File "/lib/python3.9/site-packages/cheroot/connections.py", line 203, in run
2024-09-15T23:38:19.229 INFO:journalctl@ceph.mon.a.smithi071.stdout: self._run(expiration_interval)
2024-09-15T23:38:19.229 INFO:journalctl@ceph.mon.a.smithi071.stdout: File "/lib/python3.9/site-packages/cheroot/connections.py", line 246, in _run
2024-09-15T23:38:19.229 INFO:journalctl@ceph.mon.a.smithi071.stdout: new_conn = self._from_server_socket(self.server.socket)
2024-09-15T23:38:19.229 INFO:journalctl@ceph.mon.a.smithi071.stdout: File "/lib/python3.9/site-packages/cheroot/connections.py", line 300, in _from_server_socket
2024-09-15T23:38:19.229 INFO:journalctl@ceph.mon.a.smithi071.stdout: s, ssl_env = self.server.ssl_adapter.wrap(s)
2024-09-15T23:38:19.229 INFO:journalctl@ceph.mon.a.smithi071.stdout: File "/lib/python3.9/site-packages/cheroot/ssl/builtin.py", line 277, in wrap
2024-09-15T23:38:19.229 INFO:journalctl@ceph.mon.a.smithi071.stdout: s = self.context.wrap_socket(
2024-09-15T23:38:19.229 INFO:journalctl@ceph.mon.a.smithi071.stdout: File "/lib64/python3.9/ssl.py", line 501, in wrap_socket
2024-09-15T23:38:19.230 INFO:journalctl@ceph.mon.a.smithi071.stdout: return self.sslsocket_class._create(
2024-09-15T23:38:19.230 INFO:journalctl@ceph.mon.a.smithi071.stdout: File "/lib64/python3.9/ssl.py", line 1074, in _create
2024-09-15T23:38:19.230 INFO:journalctl@ceph.mon.a.smithi071.stdout: self.do_handshake()
2024-09-15T23:38:19.230 INFO:journalctl@ceph.mon.a.smithi071.stdout: File "/lib64/python3.9/ssl.py", line 1343, in do_handshake
2024-09-15T23:38:19.230 INFO:journalctl@ceph.mon.a.smithi071.stdout: self._sslobj.do_handshake()
2024-09-15T23:38:19.230 INFO:journalctl@ceph.mon.a.smithi071.stdout: ssl.SSLZeroReturnError: TLS/SSL connection has been closed (EOF) (_ssl.c:1133)
2024-09-15T23:38:19.230 INFO:journalctl@ceph.mon.a.smithi071.stdout:Sep 15 23:38:18 smithi071 ceph-mon[30957]: from='mgr.14150 172.21.15.71:0/114126889' entity='mgr.x'
2024-09-15T23:38:19.230 INFO:journalctl@ceph.mon.a.smithi071.stdout:Sep 15 23:38:18 smithi071 ceph-mon[30957]: from='mgr.14150 172.21.15.71:0/114126889' entity='mgr.x'
2024-09-15T23:38:20.176 INFO:journalctl@ceph.mon.a.smithi071.stdout:Sep 15 23:38:19 smithi071 ceph-mon[30957]: [15/Sep/2024:23:38:18] ENGINE Serving on http://172.21.15.71:8765
2024-09-15T23:38:20.176 INFO:journalctl@ceph.mon.a.smithi071.stdout:Sep 15 23:38:19 smithi071 ceph-mon[30957]: [15/Sep/2024:23:38:18] ENGINE Bus STARTED
2024-09-15T23:38:20.176 INFO:journalctl@ceph.mon.a.smithi071.stdout:Sep 15 23:38:19 smithi071 ceph-mon[30957]: from='mgr.14150 172.21.15.71:0/114126889' entity='mgr.x'
2024-09-15T23:38:20.176 INFO:journalctl@ceph.mon.a.smithi071.stdout:Sep 15 23:38:19 smithi071 ceph-mon[30957]: from='mgr.14150 172.21.15.71:0/114126889' entity='mgr.x'
2024-09-15T23:38:20.176 INFO:journalctl@ceph.mon.a.smithi071.stdout:Sep 15 23:38:19 smithi071 ceph-mon[30957]: mgrmap e12: x(active, since 2s)
2024-09-15T23:38:20.601 INFO:teuthology.orchestra.run.smithi071.stdout:/usr/bin/ceph: stdout Self-signed certificate created
2024-09-15T23:38:20.604 INFO:teuthology.orchestra.run.smithi071.stdout:/usr/bin/ceph: stderr
2024-09-15T23:38:19.303+0000 7fdc2d360640 1 Processor -- start
2024-09-15T23:38:20.604 INFO:teuthology.orchestra.run.smithi071.stdout:/usr/bin/ceph: stderr
2024-09-15T23:38:19.303+0000 7fdc2d360640 1 -- start start
2024-09-15T23:38:20.604 INFO:teuthology.orchestra.run.smithi071.stdout:/usr/bin/ceph: stderr
2024-09-15T23:38:19.304+0000 7fdc2d360640 1 --2- >> [v2:172.21.15.71:3300/0,v1:172.21.15.71:6789/0] conn(0x7fdc28107650 0x7fdc28107a50 unknown :-1 s=NONE pgs=0 cs=0 l=0 rev1=0 crypto rx=0 tx=0 comp rx=0 tx=0).connect
2024-09-15T23:38:20.604 INFO:teuthology.orchestra.run.smithi071.stdout:/usr/bin/ceph: stderr
2024-09-15T23:38:19.304+0000 7fdc2d360640 1 -- --> [v2:172.21.15.71:3300/0,v1:172.21.15.71:6789/0] -- mon_getmap magic: 0 -- 0x7fdc28107f90 con 0x7fdc28107650
2024-09-15T23:38:20.605 INFO:teuthology.orchestra.run.smithi071.stdout:/usr/bin/ceph: stderr
2024-09-15T23:38:19.304+0000 7fdc26ffd640 1 --2- >> [v2:172.21.15.71:3300/0,v1:172.21.15.71:6789/0] conn(0x7fdc28107650 0x7fdc28107a50 unknown :-1 s=BANNER_CONNECTING pgs=0 cs=0 l=0 rev1=0 crypto rx=0 tx=0 comp rx=0 tx=0)._handle_peer_banner_payload supported=3 required=0
2024-09-15T23:38:20.605 INFO:teuthology.orchestra.run.smithi071.stdout:/usr/bin/ceph: stderr
2024-09-15T23:38:19.304+0000 7fdc26ffd640 1 --2- >> [v2:172.21.15.71:3300/0,v1:172.21.15.71:6789/0] conn(0x7fdc28107650 0x7fdc28107a50 unknown :-1 s=HELLO_CONNECTING pgs=0 cs=0 l=0 rev1=1 crypto rx=0 tx=0 comp rx=0 tx=0).handle_hello peer v2:172.21.15.71:3300/0 says I am v2:172.21.15.71:51828/0 (socket says 172.21.15.71:51828)
2024-09-15T23:38:20.605 INFO:teuthology.orchestra.run.smithi071.stdout:/usr/bin/ceph: stderr
2024-09-15T23:38:19.304+0000 7fdc26ffd640 1 -- 172.21.15.71:0/1399360126 learned_addr learned my addr 172.21.15.71:0/1399360126 (peer_addr_for_me v2:172.21.15.71:0/0)
2024-09-15T23:38:20.605 INFO:teuthology.orchestra.run.smithi071.stdout:/usr/bin/ceph: stderr
2024-09-15T23:38:19.304+0000 7fdc26ffd640 1 -- 172.21.15.71:0/1399360126 --> [v2:172.21.15.71:3300/0,v1:172.21.15.71:6789/0] -- mon_subscribe({config=0+,monmap=0+}) -- 0x7fdc28108110 con 0x7fdc28107650
2024-09-15T23:38:20.605 INFO:teuthology.orchestra.run.smithi071.stdout:/usr/bin/ceph: stderr
2024-09-15T23:38:19.305+0000 7fdc26ffd640 1 --2- 172.21.15.71:0/1399360126 >> [v2:172.21.15.71:3300/0,v1:172.21.15.71:6789/0] conn(0x7fdc28107650 0x7fdc28107a50 secure :-1 s=READY pgs=68 cs=0 l=1 rev1=1 crypto rx=0x7fdc18009820 tx=0x7fdc1802a270 comp rx=0 tx=0).ready entity=mon.0 client_cookie=52da53bfabf88f70 server_cookie=0 in_seq=0 out_seq=0
2024-09-15T23:38:20.605 INFO:teuthology.orchestra.run.smithi071.stdout:/usr/bin/ceph: stderr
2024-09-15T23:38:19.305+0000 7fdc25ffb640 1 -- 172.21.15.71:0/1399360126 <== mon.0 v2:172.21.15.71:3300/0 1 ==== mon_map magic: 0 ==== 205+0+0 (secure 0 0 0) 0x7fdc18037070 con 0x7fdc28107650
2024-09-15T23:38:20.605 INFO:teuthology.orchestra.run.smithi071.stdout:/usr/bin/ceph: stderr
2024-09-15T23:38:19.305+0000 7fdc25ffb640 1 -- 172.21.15.71:0/1399360126 <== mon.0 v2:172.21.15.71:3300/0 2 ==== config(26 keys) ==== 1102+0+0 (secure 0 0 0) 0x7fdc180328f0 con 0x7fdc28107650
2024-09-15T23:38:20.605 INFO:teuthology.orchestra.run.smithi071.stdout:/usr/bin/ceph: stderr
2024-09-15T23:38:19.305+0000 7fdc25ffb640 1 -- 172.21.15.71:0/1399360126 <== mon.0 v2:172.21.15.71:3300/0 3 ==== mon_map magic: 0 ==== 205+0+0 (secure 0 0 0) 0x7fdc18030740 con 0x7fdc28107650
2024-09-15T23:38:20.605 INFO:teuthology.orchestra.run.smithi071.stdout:/usr/bin/ceph: stderr
2024-09-15T23:38:19.306+0000 7fdc2d360640 1 -- 172.21.15.71:0/1399360126 >> [v2:172.21.15.71:3300/0,v1:172.21.15.71:6789/0] conn(0x7fdc28107650 msgr2=0x7fdc28107a50 secure :-1 s=STATE_CONNECTION_ESTABLISHED l=1).mark_down
2024-09-15T23:38:20.605 INFO:teuthology.orchestra.run.smithi071.stdout:/usr/bin/ceph: stderr
2024-09-15T23:38:19.306+0000 7fdc2d360640 1 --2- 172.21.15.71:0/1399360126 >> [v2:172.21.15.71:3300/0,v1:172.21.15.71:6789/0] conn(0x7fdc28107650 0x7fdc28107a50 secure :-1 s=READY pgs=68 cs=0 l=1 rev1=1 crypto rx=0x7fdc18009820 tx=0x7fdc1802a270 comp rx=0 tx=0).stop
2024-09-15T23:38:20.605 INFO:teuthology.orchestra.run.smithi071.stdout:/usr/bin/ceph: stderr
2024-09-15T23:38:19.306+0000 7fdc2d360640 1 -- 172.21.15.71:0/1399360126 shutdown_connections
2024-09-15T23:38:20.605 INFO:teuthology.orchestra.run.smithi071.stdout:/usr/bin/ceph: stderr
2024-09-15T23:38:19.306+0000 7fdc2d360640 1 --2- 172.21.15.71:0/1399360126 >> [v2:172.21.15.71:3300/0,v1:172.21.15.71:6789/0] conn(0x7fdc28107650 0x7fdc28107a50 unknown :-1 s=CLOSED pgs=68 cs=0 l=1 rev1=1 crypto rx=0 tx=0 comp rx=0 tx=0).stop
2024-09-15T23:38:20.606 INFO:teuthology.orchestra.run.smithi071.stdout:/usr/bin/ceph: stderr
2024-09-15T23:38:19.306+0000 7fdc2d360640 1 -- 172.21.15.71:0/1399360126 >> 172.21.15.71:0/1399360126 conn(0x7fdc28102f00 msgr2=0x7fdc28105320 unknown :-1 s=STATE_NONE l=0).mark_down
2024-09-15T23:38:20.606 INFO:teuthology.orchestra.run.smithi071.stdout:/usr/bin/ceph: stderr
2024-09-15T23:38:19.306+0000 7fdc2d360640 1 -- 172.21.15.71:0/1399360126 shutdown_connections
2024-09-15T23:38:20.606 INFO:teuthology.orchestra.run.smithi071.stdout:/usr/bin/ceph: stderr
2024-09-15T23:38:19.306+0000 7fdc2d360640 1 -- 172.21.15.71:0/1399360126 wait complete.
2024-09-15T23:38:20.606 INFO:teuthology.orchestra.run.smithi071.stdout:/usr/bin/ceph: stderr
2024-09-15T23:38:19.306+0000 7fdc2d360640 1 Processor -- start
2024-09-15T23:38:20.606 INFO:teuthology.orchestra.run.smithi071.stdout:/usr/bin/ceph: stderr
2024-09-15T23:38:19.306+0000 7fdc2d360640 1 -- start start
2024-09-15T23:38:20.606 INFO:teuthology.orchestra.run.smithi071.stdout:/usr/bin/ceph: stderr
2024-09-15T23:38:19.307+0000 7fdc2d360640 1 --2- >> [v2:172.21.15.71:3300/0,v1:172.21.15.71:6789/0] conn(0x7fdc28107650 0x7fdc2807db60 unknown :-1 s=NONE pgs=0 cs=0 l=1 rev1=0 crypto rx=0 tx=0 comp rx=0 tx=0).connect
2024-09-15T23:38:20.606 INFO:teuthology.orchestra.run.smithi071.stdout:/usr/bin/ceph: stderr
2024-09-15T23:38:19.307+0000 7fdc2d360640 1 -- --> [v2:172.21.15.71:3300/0,v1:172.21.15.71:6789/0] -- mon_getmap magic: 0 -- 0x7fdc2810bac0 con 0x7fdc28107650
2024-09-15T23:38:20.606 INFO:teuthology.orchestra.run.smithi071.stdout:/usr/bin/ceph: stderr
2024-09-15T23:38:19.307+0000 7fdc26ffd640 1 --2- >> [v2:172.21.15.71:3300/0,v1:172.21.15.71:6789/0] conn(0x7fdc28107650 0x7fdc2807db60 unknown :-1 s=BANNER_CONNECTING pgs=0 cs=0 l=1 rev1=0 crypto rx=0 tx=0 comp rx=0 tx=0)._handle_peer_banner_payload supported=3 required=0
2024-09-15T23:38:20.606 INFO:teuthology.orchestra.run.smithi071.stdout:/usr/bin/ceph: stderr
2024-09-15T23:38:19.307+0000 7fdc26ffd640 1 --2- >> [v2:172.21.15.71:3300/0,v1:172.21.15.71:6789/0] conn(0x7fdc28107650 0x7fdc2807db60 unknown :-1 s=HELLO_CONNECTING pgs=0 cs=0 l=1 rev1=1 crypto rx=0 tx=0 comp rx=0 tx=0).handle_hello peer v2:172.21.15.71:3300/0 says I am v2:172.21.15.71:51830/0 (socket says 172.21.15.71:51830)
2024-09-15T23:38:20.606 INFO:teuthology.orchestra.run.smithi071.stdout:/usr/bin/ceph: stderr
2024-09-15T23:38:19.307+0000 7fdc26ffd640 1 -- 172.21.15.71:0/2461215252 learned_addr learned my addr 172.21.15.71:0/2461215252 (peer_addr_for_me v2:172.21.15.71:0/0)
2024-09-15T23:38:20.606 INFO:teuthology.orchestra.run.smithi071.stdout:/usr/bin/ceph: stderr
2024-09-15T23:38:19.307+0000 7fdc26ffd640 1 -- 172.21.15.71:0/2461215252 --> [v2:172.21.15.71:3300/0,v1:172.21.15.71:6789/0] -- mon_subscribe({config=0+,monmap=0+}) -- 0x7fdc2807e0a0 con 0x7fdc28107650
2024-09-15T23:38:20.606 INFO:teuthology.orchestra.run.smithi071.stdout:/usr/bin/ceph: stderr
2024-09-15T23:38:19.307+0000 7fdc26ffd640 1 --2- 172.21.15.71:0/2461215252 >> [v2:172.21.15.71:3300/0,v1:172.21.15.71:6789/0] conn(0x7fdc28107650 0x7fdc2807db60 secure :-1 s=READY pgs=69 cs=0 l=1 rev1=1 crypto rx=0x7fdc180097f0 tx=0x7fdc18030c70 comp rx=0 tx=0).ready entity=mon.0 client_cookie=0 server_cookie=0 in_seq=0 out_seq=0
2024-09-15T23:38:20.606 INFO:teuthology.orchestra.run.smithi071.stdout:/usr/bin/ceph: stderr
2024-09-15T23:38:19.307+0000 7fdc1ffff640 1 -- 172.21.15.71:0/2461215252 <== mon.0 v2:172.21.15.71:3300/0 1 ==== mon_map magic: 0 ==== 205+0+0 (secure 0 0 0) 0x7fdc18042070 con 0x7fdc28107650
2024-09-15T23:38:20.607 INFO:teuthology.orchestra.run.smithi071.stdout:/usr/bin/ceph: stderr
2024-09-15T23:38:19.307+0000 7fdc1ffff640 1 -- 172.21.15.71:0/2461215252 <== mon.0 v2:172.21.15.71:3300/0 2 ==== config(26 keys) ==== 1102+0+0 (secure 0 0 0) 0x7fdc18030d80 con 0x7fdc28107650
2024-09-15T23:38:20.607 INFO:teuthology.orchestra.run.smithi071.stdout:/usr/bin/ceph: stderr
2024-09-15T23:38:19.307+0000 7fdc2d360640 1 -- 172.21.15.71:0/2461215252 --> [v2:172.21.15.71:3300/0,v1:172.21.15.71:6789/0] -- mon_subscribe({mgrmap=0+}) -- 0x7fdc2807c290 con 0x7fdc28107650
2024-09-15T23:38:20.607 INFO:teuthology.orchestra.run.smithi071.stdout:/usr/bin/ceph: stderr
2024-09-15T23:38:19.307+0000 7fdc1ffff640 1 -- 172.21.15.71:0/2461215252 <== mon.0 v2:172.21.15.71:3300/0 3 ==== mon_map magic: 0 ==== 205+0+0 (secure 0 0 0) 0x7fdc18037040 con 0x7fdc28107650
2024-09-15T23:38:20.607 INFO:teuthology.orchestra.run.smithi071.stdout:/usr/bin/ceph: stderr
2024-09-15T23:38:19.307+0000 7fdc2d360640 1 -- 172.21.15.71:0/2461215252 --> [v2:172.21.15.71:3300/0,v1:172.21.15.71:6789/0] -- mon_subscribe({osdmap=0}) -- 0x7fdc2807c7d0 con 0x7fdc28107650
2024-09-15T23:38:20.607 INFO:teuthology.orchestra.run.smithi071.stdout:/usr/bin/ceph: stderr
2024-09-15T23:38:19.308+0000 7fdc1ffff640 1 -- 172.21.15.71:0/2461215252 <== mon.0 v2:172.21.15.71:3300/0 4 ==== mgrmap(e 11) ==== 46368+0+0 (secure 0 0 0) 0x7fdc18045070 con 0x7fdc28107650
2024-09-15T23:38:20.607 INFO:teuthology.orchestra.run.smithi071.stdout:/usr/bin/ceph: stderr
2024-09-15T23:38:19.308+0000 7fdc1ffff640 1 --2- 172.21.15.71:0/2461215252 >> [v2:172.21.15.71:6800/881242149,v1:172.21.15.71:6801/881242149] conn(0x7fdc140390f0 0x7fdc1403b5b0 unknown :-1 s=NONE pgs=0 cs=0 l=1 rev1=0 crypto rx=0 tx=0 comp rx=0 tx=0).connect
2024-09-15T23:38:20.607 INFO:teuthology.orchestra.run.smithi071.stdout:/usr/bin/ceph: stderr
2024-09-15T23:38:19.308+0000 7fdc2d360640 1 -- 172.21.15.71:0/2461215252 --> [v2:172.21.15.71:3300/0,v1:172.21.15.71:6789/0] -- mon_command({"prefix": "get_command_descriptions"} v 0) -- 0x7fdc28107a50 con 0x7fdc28107650
2024-09-15T23:38:20.607 INFO:teuthology.orchestra.run.smithi071.stdout:/usr/bin/ceph: stderr
2024-09-15T23:38:19.308+0000 7fdc1ffff640 1 -- 172.21.15.71:0/2461215252 <== mon.0 v2:172.21.15.71:3300/0 5 ==== osd_map(3..3 src has 1..3) ==== 1155+0+0 (secure 0 0 0) 0x7fdc1806c3c0 con 0x7fdc28107650
2024-09-15T23:38:20.607 INFO:teuthology.orchestra.run.smithi071.stdout:/usr/bin/ceph: stderr
2024-09-15T23:38:19.308+0000 7fdc267fc640 1 --2- 172.21.15.71:0/2461215252 >> [v2:172.21.15.71:6800/881242149,v1:172.21.15.71:6801/881242149] conn(0x7fdc140390f0 0x7fdc1403b5b0 unknown :-1 s=BANNER_CONNECTING pgs=0 cs=0 l=1 rev1=0 crypto rx=0 tx=0 comp rx=0 tx=0)._handle_peer_banner_payload supported=3 required=0
2024-09-15T23:38:20.607 INFO:teuthology.orchestra.run.smithi071.stdout:/usr/bin/ceph: stderr
2024-09-15T23:38:19.309+0000 7fdc267fc640 1 --2- 172.21.15.71:0/2461215252 >> [v2:172.21.15.71:6800/881242149,v1:172.21.15.71:6801/881242149] conn(0x7fdc140390f0 0x7fdc1403b5b0 secure :-1 s=READY pgs=7 cs=0 l=1 rev1=1 crypto rx=0x7fdc100098c0 tx=0x7fdc10006db0 comp rx=0 tx=0).ready entity=mgr.14150 client_cookie=0 server_cookie=0 in_seq=0 out_seq=0
2024-09-15T23:38:20.607 INFO:teuthology.orchestra.run.smithi071.stdout:/usr/bin/ceph: stderr
2024-09-15T23:38:19.313+0000 7fdc1ffff640 1 -- 172.21.15.71:0/2461215252 <== mon.0 v2:172.21.15.71:3300/0 6 ==== mon_command_ack([{"prefix": "get_command_descriptions"}]=0 v0) ==== 72+0+188821 (secure 0 0 0) 0x7fdc18045520 con 0x7fdc28107650
2024-09-15T23:38:20.607 INFO:teuthology.orchestra.run.smithi071.stdout:/usr/bin/ceph: stderr
2024-09-15T23:38:19.491+0000 7fdc2d360640 1 -- 172.21.15.71:0/2461215252 --> [v2:172.21.15.71:6800/881242149,v1:172.21.15.71:6801/881242149] -- mgr_command(tid 0: {"prefix": "dashboard create-self-signed-cert", "target": ["mon-mgr", ""]}) -- 0x7fdc2807d0f0 con 0x7fdc140390f0
2024-09-15T23:38:20.607 INFO:teuthology.orchestra.run.smithi071.stdout:/usr/bin/ceph: stderr
2024-09-15T23:38:19.539+0000 7fdc1ffff640 1 -- 172.21.15.71:0/2461215252 <== mgr.14150 v2:172.21.15.71:6800/881242149 1 ==== mgr_command_reply(tid 0: 0 ) ==== 8+0+32 (secure 0 0 0) 0x7fdc2807d0f0 con 0x7fdc140390f0
2024-09-15T23:38:20.608 INFO:teuthology.orchestra.run.smithi071.stdout:/usr/bin/ceph: stderr
2024-09-15T23:38:19.541+0000 7fdc2d360640 1 -- 172.21.15.71:0/2461215252 >> [v2:172.21.15.71:6800/881242149,v1:172.21.15.71:6801/881242149] conn(0x7fdc140390f0 msgr2=0x7fdc1403b5b0 secure :-1 s=STATE_CONNECTION_ESTABLISHED l=1).mark_down
2024-09-15T23:38:20.608 INFO:teuthology.orchestra.run.smithi071.stdout:/usr/bin/ceph: stderr
2024-09-15T23:38:19.541+0000 7fdc2d360640 1 --2- 172.21.15.71:0/2461215252 >> [v2:172.21.15.71:6800/881242149,v1:172.21.15.71:6801/881242149] conn(0x7fdc140390f0 0x7fdc1403b5b0 secure :-1 s=READY pgs=7 cs=0 l=1 rev1=1 crypto rx=0x7fdc100098c0 tx=0x7fdc10006db0 comp rx=0 tx=0).stop
2024-09-15T23:38:20.608 INFO:teuthology.orchestra.run.smithi071.stdout:/usr/bin/ceph: stderr
2024-09-15T23:38:19.541+0000 7fdc2d360640 1 -- 172.21.15.71:0/2461215252 >> [v2:172.21.15.71:3300/0,v1:172.21.15.71:6789/0] conn(0x7fdc28107650 msgr2=0x7fdc2807db60 secure :-1 s=STATE_CONNECTION_ESTABLISHED l=1).mark_down
2024-09-15T23:38:20.608 INFO:teuthology.orchestra.run.smithi071.stdout:/usr/bin/ceph: stderr
2024-09-15T23:38:19.541+0000 7fdc2d360640 1 --2- 172.21.15.71:0/2461215252 >> [v2:172.21.15.71:3300/0,v1:172.21.15.71:6789/0] conn(0x7fdc28107650 0x7fdc2807db60 secure :-1 s=READY pgs=69 cs=0 l=1 rev1=1 crypto rx=0x7fdc180097f0 tx=0x7fdc18030c70 comp rx=0 tx=0).stop
2024-09-15T23:38:20.608 INFO:teuthology.orchestra.run.smithi071.stdout:/usr/bin/ceph: stderr
2024-09-15T23:38:19.541+0000 7fdc2d360640 1 -- 172.21.15.71:0/2461215252 shutdown_connections
2024-09-15T23:38:20.608 INFO:teuthology.orchestra.run.smithi071.stdout:/usr/bin/ceph: stderr
2024-09-15T23:38:19.541+0000 7fdc2d360640 1 --2- 172.21.15.71:0/2461215252 >> [v2:172.21.15.71:6800/881242149,v1:172.21.15.71:6801/881242149] conn(0x7fdc140390f0 0x7fdc1403b5b0 unknown :-1 s=CLOSED pgs=7 cs=0 l=1 rev1=1 crypto rx=0 tx=0 comp rx=0 tx=0).stop
2024-09-15T23:38:20.608 INFO:teuthology.orchestra.run.smithi071.stdout:/usr/bin/ceph: stderr
2024-09-15T23:38:19.541+0000 7fdc2d360640 1 --2- 172.21.15.71:0/2461215252 >> [v2:172.21.15.71:3300/0,v1:172.21.15.71:6789/0] conn(0x7fdc28107650 0x7fdc2807db60 unknown :-1 s=CLOSED pgs=69 cs=0 l=1 rev1=1 crypto rx=0 tx=0 comp rx=0 tx=0).stop
2024-09-15T23:38:20.608 INFO:teuthology.orchestra.run.smithi071.stdout:/usr/bin/ceph: stderr
2024-09-15T23:38:19.541+0000 7fdc2d360640 1 -- 172.21.15.71:0/2461215252 >> 172.21.15.71:0/2461215252 conn(0x7fdc28102f00 msgr2=0x7fdc281039a0 unknown :-1 s=STATE_NONE l=0).mark_down
2024-09-15T23:38:20.608 INFO:teuthology.orchestra.run.smithi071.stdout:/usr/bin/ceph: stderr
2024-09-15T23:38:19.541+0000 7fdc2d360640 1 -- 172.21.15.71:0/2461215252 shutdown_connections
2024-09-15T23:38:20.608 INFO:teuthology.orchestra.run.smithi071.stdout:/usr/bin/ceph: stderr
2024-09-15T23:38:19.541+0000 7fdc2d360640 1 -- 172.21.15.71:0/2461215252 wait complete.
2024-09-15T23:38:20.608 INFO:teuthology.orchestra.run.smithi071.stdout:Creating initial admin user...
2024-09-15T23:38:21.176 INFO:journalctl@ceph.mon.a.smithi071.stdout:Sep 15 23:38:20 smithi071 ceph-mon[30957]: from='client.14162 -' entity='client.admin' cmd=[{"prefix": "dashboard create-self-signed-cert", "target": ["mon-mgr", ""]}]: dispatch
2024-09-15T23:38:21.994 INFO:teuthology.orchestra.run.smithi071.stdout:/usr/bin/ceph: stdout {"username": "admin", "password": "$2b$12$VyxMALzSYmDA7Ndnt4YBUO5LiHLUfMyYY0K2uI.ekY/hkxkib.kfK", "roles": ["administrator"], "name": null, "email": null, "lastUpdate": 1726443501, "enabled": true, "pwdExpirationDate": null, "pwdUpdateRequired": true}
2024-09-15T23:38:21.995 INFO:teuthology.orchestra.run.smithi071.stdout:/usr/bin/ceph: stderr
2024-09-15T23:38:21.005+0000 7f9cd2381640 1 Processor -- start
2024-09-15T23:38:21.995 INFO:teuthology.orchestra.run.smithi071.stdout:/usr/bin/ceph: stderr
2024-09-15T23:38:21.005+0000 7f9cd2381640 1 -- start start
2024-09-15T23:38:21.995 INFO:teuthology.orchestra.run.smithi071.stdout:/usr/bin/ceph: stderr
2024-09-15T23:38:21.005+0000 7f9cd2381640 1 --2- >> [v2:172.21.15.71:3300/0,v1:172.21.15.71:6789/0] conn(0x7f9ccc1064d0 0x7f9ccc1068d0 unknown :-1 s=NONE pgs=0 cs=0 l=0 rev1=0 crypto rx=0 tx=0 comp rx=0 tx=0).connect
2024-09-15T23:38:21.995 INFO:teuthology.orchestra.run.smithi071.stdout:/usr/bin/ceph: stderr
2024-09-15T23:38:21.005+0000 7f9cd2381640 1 -- --> [v2:172.21.15.71:3300/0,v1:172.21.15.71:6789/0] -- mon_getmap magic: 0 -- 0x7f9ccc106ea0 con 0x7f9ccc1064d0
2024-09-15T23:38:21.995 INFO:teuthology.orchestra.run.smithi071.stdout:/usr/bin/ceph: stderr
2024-09-15T23:38:21.005+0000 7f9ccbfff640 1 --2- >> [v2:172.21.15.71:3300/0,v1:172.21.15.71:6789/0] conn(0x7f9ccc1064d0 0x7f9ccc1068d0 unknown :-1 s=BANNER_CONNECTING pgs=0 cs=0 l=0 rev1=0 crypto rx=0 tx=0 comp rx=0 tx=0)._handle_peer_banner_payload supported=3 required=0
2024-09-15T23:38:21.995 INFO:teuthology.orchestra.run.smithi071.stdout:/usr/bin/ceph: stderr
2024-09-15T23:38:21.005+0000 7f9ccbfff640 1 --2- >> [v2:172.21.15.71:3300/0,v1:172.21.15.71:6789/0] conn(0x7f9ccc1064d0 0x7f9ccc1068d0 unknown :-1 s=HELLO_CONNECTING pgs=0 cs=0 l=0 rev1=1 crypto rx=0 tx=0 comp rx=0 tx=0).handle_hello peer v2:172.21.15.71:3300/0 says I am v2:172.21.15.71:38358/0 (socket says 172.21.15.71:38358)
2024-09-15T23:38:21.995 INFO:teuthology.orchestra.run.smithi071.stdout:/usr/bin/ceph: stderr
2024-09-15T23:38:21.005+0000 7f9ccbfff640 1 -- 172.21.15.71:0/93533404 learned_addr learned my addr 172.21.15.71:0/93533404 (peer_addr_for_me v2:172.21.15.71:0/0)
2024-09-15T23:38:21.995 INFO:teuthology.orchestra.run.smithi071.stdout:/usr/bin/ceph: stderr
2024-09-15T23:38:21.006+0000 7f9ccbfff640 1 -- 172.21.15.71:0/93533404 --> [v2:172.21.15.71:3300/0,v1:172.21.15.71:6789/0] -- mon_subscribe({config=0+,monmap=0+}) -- 0x7f9ccc107680 con 0x7f9ccc1064d0
2024-09-15T23:38:21.995 INFO:teuthology.orchestra.run.smithi071.stdout:/usr/bin/ceph: stderr
2024-09-15T23:38:21.006+0000 7f9ccbfff640 1 --2- 172.21.15.71:0/93533404 >> [v2:172.21.15.71:3300/0,v1:172.21.15.71:6789/0] conn(0x7f9ccc1064d0 0x7f9ccc1068d0 secure :-1 s=READY pgs=70 cs=0 l=1 rev1=1 crypto rx=0x7f9cbc009820 tx=0x7f9cbc02a270 comp rx=0 tx=0).ready entity=mon.0 client_cookie=df4e7c13b6318f54 server_cookie=0 in_seq=0 out_seq=0
2024-09-15T23:38:21.995 INFO:teuthology.orchestra.run.smithi071.stdout:/usr/bin/ceph: stderr
2024-09-15T23:38:21.006+0000 7f9ccb7fe640 1 -- 172.21.15.71:0/93533404 <== mon.0 v2:172.21.15.71:3300/0 1 ==== mon_map magic: 0 ==== 205+0+0 (secure 0 0 0) 0x7f9cbc037070 con 0x7f9ccc1064d0
2024-09-15T23:38:21.995 INFO:teuthology.orchestra.run.smithi071.stdout:/usr/bin/ceph: stderr
2024-09-15T23:38:21.006+0000 7f9ccb7fe640 1 -- 172.21.15.71:0/93533404 <== mon.0 v2:172.21.15.71:3300/0 2 ==== config(26 keys) ==== 1102+0+0 (secure 0 0 0) 0x7f9cbc0328f0 con 0x7f9ccc1064d0
2024-09-15T23:38:21.996 INFO:teuthology.orchestra.run.smithi071.stdout:/usr/bin/ceph: stderr
2024-09-15T23:38:21.006+0000 7f9ccb7fe640 1 -- 172.21.15.71:0/93533404 <== mon.0 v2:172.21.15.71:3300/0 3 ==== mon_map magic: 0 ==== 205+0+0 (secure 0 0 0) 0x7f9cbc030740 con 0x7f9ccc1064d0
2024-09-15T23:38:21.996 INFO:teuthology.orchestra.run.smithi071.stdout:/usr/bin/ceph: stderr
2024-09-15T23:38:21.007+0000 7f9cd2381640 1 -- 172.21.15.71:0/93533404 >> [v2:172.21.15.71:3300/0,v1:172.21.15.71:6789/0] conn(0x7f9ccc1064d0 msgr2=0x7f9ccc1068d0 secure :-1 s=STATE_CONNECTION_ESTABLISHED l=1).mark_down
2024-09-15T23:38:21.996 INFO:teuthology.orchestra.run.smithi071.stdout:/usr/bin/ceph: stderr
2024-09-15T23:38:21.007+0000 7f9cd2381640 1 --2- 172.21.15.71:0/93533404 >> [v2:172.21.15.71:3300/0,v1:172.21.15.71:6789/0] conn(0x7f9ccc1064d0 0x7f9ccc1068d0 secure :-1 s=READY pgs=70 cs=0 l=1 rev1=1 crypto rx=0x7f9cbc009820 tx=0x7f9cbc02a270 comp rx=0 tx=0).stop
2024-09-15T23:38:21.996 INFO:teuthology.orchestra.run.smithi071.stdout:/usr/bin/ceph: stderr
2024-09-15T23:38:21.007+0000 7f9cd2381640 1 -- 172.21.15.71:0/93533404 shutdown_connections
2024-09-15T23:38:21.996 INFO:teuthology.orchestra.run.smithi071.stdout:/usr/bin/ceph: stderr
2024-09-15T23:38:21.007+0000 7f9cd2381640 1 --2- 172.21.15.71:0/93533404 >> [v2:172.21.15.71:3300/0,v1:172.21.15.71:6789/0] conn(0x7f9ccc1064d0 0x7f9ccc1068d0 unknown :-1 s=CLOSED pgs=70 cs=0 l=1 rev1=1 crypto rx=0 tx=0 comp rx=0 tx=0).stop
2024-09-15T23:38:21.996 INFO:teuthology.orchestra.run.smithi071.stdout:/usr/bin/ceph: stderr
2024-09-15T23:38:21.007+0000 7f9cd2381640 1 -- 172.21.15.71:0/93533404 >> 172.21.15.71:0/93533404 conn(0x7f9ccc101ce0 msgr2=0x7f9ccc104100 unknown :-1 s=STATE_NONE l=0).mark_down
2024-09-15T23:38:21.996 INFO:teuthology.orchestra.run.smithi071.stdout:/usr/bin/ceph: stderr
2024-09-15T23:38:21.007+0000 7f9cd2381640 1 -- 172.21.15.71:0/93533404 shutdown_connections
2024-09-15T23:38:21.996 INFO:teuthology.orchestra.run.smithi071.stdout:/usr/bin/ceph: stderr
2024-09-15T23:38:21.007+0000 7f9cd2381640 1 -- 172.21.15.71:0/93533404 wait complete.
2024-09-15T23:38:21.996 INFO:teuthology.orchestra.run.smithi071.stdout:/usr/bin/ceph: stderr
2024-09-15T23:38:21.008+0000 7f9cd2381640 1 Processor -- start
2024-09-15T23:38:21.996 INFO:teuthology.orchestra.run.smithi071.stdout:/usr/bin/ceph: stderr
2024-09-15T23:38:21.008+0000 7f9cd2381640 1 -- start start
2024-09-15T23:38:21.996 INFO:teuthology.orchestra.run.smithi071.stdout:/usr/bin/ceph: stderr
2024-09-15T23:38:21.008+0000 7f9cd2381640 1 --2- >> [v2:172.21.15.71:3300/0,v1:172.21.15.71:6789/0] conn(0x7f9ccc1064d0 0x7f9ccc1916b0 unknown :-1 s=NONE pgs=0 cs=0 l=1 rev1=0 crypto rx=0 tx=0 comp rx=0 tx=0).connect
2024-09-15T23:38:21.996 INFO:teuthology.orchestra.run.smithi071.stdout:/usr/bin/ceph: stderr
2024-09-15T23:38:21.008+0000 7f9cd2381640 1 -- --> [v2:172.21.15.71:3300/0,v1:172.21.15.71:6789/0] -- mon_getmap magic: 0 -- 0x7f9ccc10aa30 con 0x7f9ccc1064d0
2024-09-15T23:38:21.996 INFO:teuthology.orchestra.run.smithi071.stdout:/usr/bin/ceph: stderr
2024-09-15T23:38:21.008+0000 7f9ccbfff640 1 --2- >> [v2:172.21.15.71:3300/0,v1:172.21.15.71:6789/0] conn(0x7f9ccc1064d0 0x7f9ccc1916b0 unknown :-1 s=BANNER_CONNECTING pgs=0 cs=0 l=1 rev1=0 crypto rx=0 tx=0 comp rx=0 tx=0)._handle_peer_banner_payload supported=3 required=0
2024-09-15T23:38:21.997 INFO:teuthology.orchestra.run.smithi071.stdout:/usr/bin/ceph: stderr
2024-09-15T23:38:21.008+0000 7f9ccbfff640 1 --2- >> [v2:172.21.15.71:3300/0,v1:172.21.15.71:6789/0] conn(0x7f9ccc1064d0 0x7f9ccc1916b0 unknown :-1 s=HELLO_CONNECTING pgs=0 cs=0 l=1 rev1=1 crypto rx=0 tx=0 comp rx=0 tx=0).handle_hello peer v2:172.21.15.71:3300/0 says I am v2:172.21.15.71:38368/0 (socket says 172.21.15.71:38368)
2024-09-15T23:38:21.997 INFO:teuthology.orchestra.run.smithi071.stdout:/usr/bin/ceph: stderr
2024-09-15T23:38:21.008+0000 7f9ccbfff640 1 -- 172.21.15.71:0/125054244 learned_addr learned my addr 172.21.15.71:0/125054244 (peer_addr_for_me v2:172.21.15.71:0/0)
2024-09-15T23:38:21.997 INFO:teuthology.orchestra.run.smithi071.stdout:/usr/bin/ceph: stderr
2024-09-15T23:38:21.008+0000 7f9ccbfff640 1 -- 172.21.15.71:0/125054244 --> [v2:172.21.15.71:3300/0,v1:172.21.15.71:6789/0] -- mon_subscribe({config=0+,monmap=0+}) -- 0x7f9ccc191bf0 con 0x7f9ccc1064d0
2024-09-15T23:38:21.997 INFO:teuthology.orchestra.run.smithi071.stdout:/usr/bin/ceph: stderr
2024-09-15T23:38:21.008+0000 7f9ccbfff640 1 --2- 172.21.15.71:0/125054244 >> [v2:172.21.15.71:3300/0,v1:172.21.15.71:6789/0] conn(0x7f9ccc1064d0 0x7f9ccc1916b0 secure :-1 s=READY pgs=71 cs=0 l=1 rev1=1 crypto rx=0x7f9cbc0097f0 tx=0x7f9cbc030c70 comp rx=0 tx=0).ready entity=mon.0 client_cookie=0 server_cookie=0 in_seq=0 out_seq=0
2024-09-15T23:38:21.997 INFO:teuthology.orchestra.run.smithi071.stdout:/usr/bin/ceph: stderr
2024-09-15T23:38:21.009+0000 7f9cc9ffb640 1 -- 172.21.15.71:0/125054244 <== mon.0 v2:172.21.15.71:3300/0 1 ==== mon_map magic: 0 ==== 205+0+0 (secure 0 0 0) 0x7f9cbc042070 con 0x7f9ccc1064d0
2024-09-15T23:38:21.997 INFO:teuthology.orchestra.run.smithi071.stdout:/usr/bin/ceph: stderr
2024-09-15T23:38:21.009+0000 7f9cc9ffb640 1 -- 172.21.15.71:0/125054244 <== mon.0 v2:172.21.15.71:3300/0 2 ==== config(26 keys) ==== 1102+0+0 (secure 0 0 0) 0x7f9cbc030d80 con 0x7f9ccc1064d0
2024-09-15T23:38:21.997 INFO:teuthology.orchestra.run.smithi071.stdout:/usr/bin/ceph: stderr
2024-09-15T23:38:21.009+0000 7f9cd2381640 1 -- 172.21.15.71:0/125054244 --> [v2:172.21.15.71:3300/0,v1:172.21.15.71:6789/0] -- mon_subscribe({mgrmap=0+}) -- 0x7f9ccc18fde0 con 0x7f9ccc1064d0
2024-09-15T23:38:21.997 INFO:teuthology.orchestra.run.smithi071.stdout:/usr/bin/ceph: stderr
2024-09-15T23:38:21.009+0000 7f9cc9ffb640 1 -- 172.21.15.71:0/125054244 <== mon.0 v2:172.21.15.71:3300/0 3 ==== mon_map magic: 0 ==== 205+0+0 (secure 0 0 0) 0x7f9cbc037040 con 0x7f9ccc1064d0
2024-09-15T23:38:21.997 INFO:teuthology.orchestra.run.smithi071.stdout:/usr/bin/ceph: stderr
2024-09-15T23:38:21.009+0000 7f9cd2381640 1 -- 172.21.15.71:0/125054244 --> [v2:172.21.15.71:3300/0,v1:172.21.15.71:6789/0] -- mon_subscribe({osdmap=0}) -- 0x7f9ccc190320 con 0x7f9ccc1064d0
2024-09-15T23:38:21.997 INFO:teuthology.orchestra.run.smithi071.stdout:/usr/bin/ceph: stderr
2024-09-15T23:38:21.010+0000 7f9cc9ffb640 1 -- 172.21.15.71:0/125054244 <== mon.0 v2:172.21.15.71:3300/0 4 ==== mgrmap(e 12) ==== 46474+0+0 (secure 0 0 0) 0x7f9cbc045070 con 0x7f9ccc1064d0
2024-09-15T23:38:21.997 INFO:teuthology.orchestra.run.smithi071.stdout:/usr/bin/ceph: stderr
2024-09-15T23:38:21.010+0000 7f9cd2381640 1 -- 172.21.15.71:0/125054244 --> [v2:172.21.15.71:3300/0,v1:172.21.15.71:6789/0] -- mon_command({"prefix": "get_command_descriptions"} v 0) -- 0x7f9ccc10abb0 con 0x7f9ccc1064d0
2024-09-15T23:38:21.997 INFO:teuthology.orchestra.run.smithi071.stdout:/usr/bin/ceph: stderr
2024-09-15T23:38:21.010+0000 7f9cc9ffb640 1 --2- 172.21.15.71:0/125054244 >> [v2:172.21.15.71:6800/881242149,v1:172.21.15.71:6801/881242149] conn(0x7f9cb8039260 0x7f9cb803b720 unknown :-1 s=NONE pgs=0 cs=0 l=1 rev1=0 crypto rx=0 tx=0 comp rx=0 tx=0).connect
2024-09-15T23:38:21.997 INFO:teuthology.orchestra.run.smithi071.stdout:/usr/bin/ceph: stderr
2024-09-15T23:38:21.010+0000 7f9cc9ffb640 1 -- 172.21.15.71:0/125054244 <== mon.0 v2:172.21.15.71:3300/0 5 ==== osd_map(3..3 src has 1..3) ==== 1155+0+0 (secure 0 0 0) 0x7f9cbc06c3e0 con 0x7f9ccc1064d0
2024-09-15T23:38:21.998 INFO:teuthology.orchestra.run.smithi071.stdout:/usr/bin/ceph: stderr
2024-09-15T23:38:21.010+0000 7f9cc3fff640 1 --2- 172.21.15.71:0/125054244 >> [v2:172.21.15.71:6800/881242149,v1:172.21.15.71:6801/881242149] conn(0x7f9cb8039260 0x7f9cb803b720 unknown :-1 s=BANNER_CONNECTING pgs=0 cs=0 l=1 rev1=0 crypto rx=0 tx=0 comp rx=0 tx=0)._handle_peer_banner_payload supported=3 required=0
2024-09-15T23:38:21.998 INFO:teuthology.orchestra.run.smithi071.stdout:/usr/bin/ceph: stderr
2024-09-15T23:38:21.010+0000 7f9cc3fff640 1 --2- 172.21.15.71:0/125054244 >> [v2:172.21.15.71:6800/881242149,v1:172.21.15.71:6801/881242149] conn(0x7f9cb8039260 0x7f9cb803b720 secure :-1 s=READY pgs=8 cs=0 l=1 rev1=1 crypto rx=0x7f9cb40098c0 tx=0x7f9cb4006db0 comp rx=0 tx=0).ready entity=mgr.14150 client_cookie=0 server_cookie=0 in_seq=0 out_seq=0
2024-09-15T23:38:21.998 INFO:teuthology.orchestra.run.smithi071.stdout:/usr/bin/ceph: stderr
2024-09-15T23:38:21.015+0000 7f9cc9ffb640 1 -- 172.21.15.71:0/125054244 <== mon.0 v2:172.21.15.71:3300/0 6 ==== mon_command_ack([{"prefix": "get_command_descriptions"}]=0 v0) ==== 72+0+188821 (secure 0 0 0) 0x7f9cbc045360 con 0x7f9ccc1064d0
2024-09-15T23:38:21.998 INFO:teuthology.orchestra.run.smithi071.stdout:/usr/bin/ceph: stderr
2024-09-15T23:38:21.200+0000 7f9cd2381640 1 -- 172.21.15.71:0/125054244 --> [v2:172.21.15.71:6800/881242149,v1:172.21.15.71:6801/881242149] -- mgr_command(tid 0: {"prefix": "dashboard ac-user-create", "username": "admin", "rolename": "administrator", "force_password": true, "pwd_update_required": true, "target": ["mon-mgr", ""]}) -- 0x7f9ccc106950 con 0x7f9cb8039260
2024-09-15T23:38:21.998 INFO:teuthology.orchestra.run.smithi071.stdout:/usr/bin/ceph: stderr
2024-09-15T23:38:21.421+0000 7f9cc9ffb640 1 -- 172.21.15.71:0/125054244 <== mgr.14150 v2:172.21.15.71:6800/881242149 1 ==== mgr_command_reply(tid 0: 0 ) ==== 8+0+252 (secure 0 0 0) 0x7f9ccc106950 con 0x7f9cb8039260
2024-09-15T23:38:21.998 INFO:teuthology.orchestra.run.smithi071.stdout:/usr/bin/ceph: stderr
2024-09-15T23:38:21.423+0000 7f9cd2381640 1 -- 172.21.15.71:0/125054244 >> [v2:172.21.15.71:6800/881242149,v1:172.21.15.71:6801/881242149] conn(0x7f9cb8039260 msgr2=0x7f9cb803b720 secure :-1 s=STATE_CONNECTION_ESTABLISHED l=1).mark_down
