2024-09-15T23:37:50.477 INFO:teuthology.orchestra.run.smithi071.stdout:/usr/bin/ceph: stderr
2024-09-15T23:37:49.682+0000 7f564effa640 1 --2- 172.21.15.71:0/1249239675 >> [v2:172.21.15.71:3300/0,v1:172.21.15.71:6789/0] conn(0x7f56481080a0 0x7f564810a490 unknown :-1 s=CLOSED pgs=24 cs=0 l=1 rev1=1 crypto rx=0 tx=0 comp rx=0 tx=0).stop
2024-09-15T23:37:50.477 INFO:teuthology.orchestra.run.smithi071.stdout:/usr/bin/ceph: stderr
2024-09-15T23:37:49.682+0000 7f564effa640 1 -- 172.21.15.71:0/1249239675 >> 172.21.15.71:0/1249239675 conn(0x7f5648101ce0 msgr2=0x7f5648104100 unknown :-1 s=STATE_NONE l=0).mark_down
2024-09-15T23:37:50.477 INFO:teuthology.orchestra.run.smithi071.stdout:/usr/bin/ceph: stderr
2024-09-15T23:37:49.682+0000 7f564effa640 1 -- 172.21.15.71:0/1249239675 shutdown_connections
2024-09-15T23:37:50.477 INFO:teuthology.orchestra.run.smithi071.stdout:/usr/bin/ceph: stderr
2024-09-15T23:37:49.682+0000 7f564effa640 1 -- 172.21.15.71:0/1249239675 wait complete.
2024-09-15T23:37:50.477 INFO:teuthology.orchestra.run.smithi071.stdout:/usr/bin/ceph: stderr
2024-09-15T23:37:49.683+0000 7f564effa640 1 Processor -- start
2024-09-15T23:37:50.477 INFO:teuthology.orchestra.run.smithi071.stdout:/usr/bin/ceph: stderr
2024-09-15T23:37:49.683+0000 7f564effa640 1 -- start start
2024-09-15T23:37:50.477 INFO:teuthology.orchestra.run.smithi071.stdout:/usr/bin/ceph: stderr
2024-09-15T23:37:49.683+0000 7f564effa640 1 --2- >> [v2:172.21.15.71:3300/0,v1:172.21.15.71:6789/0] conn(0x7f56481080a0 0x7f564819b520 unknown :-1 s=NONE pgs=0 cs=0 l=1 rev1=0 crypto rx=0 tx=0 comp rx=0 tx=0).connect
2024-09-15T23:37:50.477 INFO:teuthology.orchestra.run.smithi071.stdout:/usr/bin/ceph: stderr
2024-09-15T23:37:49.683+0000 7f564effa640 1 -- --> [v2:172.21.15.71:3300/0,v1:172.21.15.71:6789/0] -- mon_getmap magic: 0 -- 0x7f564810b950 con 0x7f56481080a0
2024-09-15T23:37:50.477 INFO:teuthology.orchestra.run.smithi071.stdout:/usr/bin/ceph: stderr
2024-09-15T23:37:49.683+0000 7f564cd96640 1 --2- >> [v2:172.21.15.71:3300/0,v1:172.21.15.71:6789/0] conn(0x7f56481080a0 0x7f564819b520 unknown :-1 s=BANNER_CONNECTING pgs=0 cs=0 l=1 rev1=0 crypto rx=0 tx=0 comp rx=0 tx=0)._handle_peer_banner_payload supported=3 required=0
2024-09-15T23:37:50.477 INFO:teuthology.orchestra.run.smithi071.stdout:/usr/bin/ceph: stderr
2024-09-15T23:37:49.683+0000 7f564cd96640 1 --2- >> [v2:172.21.15.71:3300/0,v1:172.21.15.71:6789/0] conn(0x7f56481080a0 0x7f564819b520 unknown :-1 s=HELLO_CONNECTING pgs=0 cs=0 l=1 rev1=1 crypto rx=0 tx=0 comp rx=0 tx=0).handle_hello peer v2:172.21.15.71:3300/0 says I am v2:172.21.15.71:43032/0 (socket says 172.21.15.71:43032)
2024-09-15T23:37:50.477 INFO:teuthology.orchestra.run.smithi071.stdout:/usr/bin/ceph: stderr
2024-09-15T23:37:49.683+0000 7f564cd96640 1 -- 172.21.15.71:0/966134952 learned_addr learned my addr 172.21.15.71:0/966134952 (peer_addr_for_me v2:172.21.15.71:0/0)
2024-09-15T23:37:50.478 INFO:teuthology.orchestra.run.smithi071.stdout:/usr/bin/ceph: stderr
2024-09-15T23:37:49.684+0000 7f564cd96640 1 -- 172.21.15.71:0/966134952 --> [v2:172.21.15.71:3300/0,v1:172.21.15.71:6789/0] -- mon_subscribe({config=0+,monmap=0+}) -- 0x7f564819ba60 con 0x7f56481080a0
2024-09-15T23:37:50.478 INFO:teuthology.orchestra.run.smithi071.stdout:/usr/bin/ceph: stderr
2024-09-15T23:37:49.684+0000 7f564cd96640 1 --2- 172.21.15.71:0/966134952 >> [v2:172.21.15.71:3300/0,v1:172.21.15.71:6789/0] conn(0x7f56481080a0 0x7f564819b520 secure :-1 s=READY pgs=25 cs=0 l=1 rev1=1 crypto rx=0x7f563c032e10 tx=0x7f563c032e40 comp rx=0 tx=0).ready entity=mon.0 client_cookie=0 server_cookie=0 in_seq=0 out_seq=0
2024-09-15T23:37:50.478 INFO:teuthology.orchestra.run.smithi071.stdout:/usr/bin/ceph: stderr
2024-09-15T23:37:49.684+0000 7f5645ffb640 1 -- 172.21.15.71:0/966134952 <== mon.0 v2:172.21.15.71:3300/0 1 ==== mon_map magic: 0 ==== 205+0+0 (secure 0 0 0) 0x7f563c042070 con 0x7f56481080a0
2024-09-15T23:37:50.478 INFO:teuthology.orchestra.run.smithi071.stdout:/usr/bin/ceph: stderr
2024-09-15T23:37:49.684+0000 7f5645ffb640 1 -- 172.21.15.71:0/966134952 <== mon.0 v2:172.21.15.71:3300/0 2 ==== config(26 keys) ==== 1071+0+0 (secure 0 0 0) 0x7f563c030c80 con 0x7f56481080a0
2024-09-15T23:37:50.478 INFO:teuthology.orchestra.run.smithi071.stdout:/usr/bin/ceph: stderr
2024-09-15T23:37:49.684+0000 7f5645ffb640 1 -- 172.21.15.71:0/966134952 <== mon.0 v2:172.21.15.71:3300/0 3 ==== mon_map magic: 0 ==== 205+0+0 (secure 0 0 0) 0x7f563c037040 con 0x7f56481080a0
2024-09-15T23:37:50.478 INFO:teuthology.orchestra.run.smithi071.stdout:/usr/bin/ceph: stderr
2024-09-15T23:37:49.684+0000 7f564effa640 1 -- 172.21.15.71:0/966134952 --> [v2:172.21.15.71:3300/0,v1:172.21.15.71:6789/0] -- mon_subscribe({mgrmap=0+}) -- 0x7f564819bcf0 con 0x7f56481080a0
2024-09-15T23:37:50.478 INFO:teuthology.orchestra.run.smithi071.stdout:/usr/bin/ceph: stderr
2024-09-15T23:37:49.684+0000 7f564effa640 1 -- 172.21.15.71:0/966134952 --> [v2:172.21.15.71:3300/0,v1:172.21.15.71:6789/0] -- mon_subscribe({osdmap=0}) -- 0x7f564819e9e0 con 0x7f56481080a0
2024-09-15T23:37:50.478 INFO:teuthology.orchestra.run.smithi071.stdout:/usr/bin/ceph: stderr
2024-09-15T23:37:49.685+0000 7f5645ffb640 1 -- 172.21.15.71:0/966134952 <== mon.0 v2:172.21.15.71:3300/0 4 ==== mgrmap(e 5) ==== 46461+0+0 (secure 0 0 0) 0x7f563c045070 con 0x7f56481080a0
2024-09-15T23:37:50.478 INFO:teuthology.orchestra.run.smithi071.stdout:/usr/bin/ceph: stderr
2024-09-15T23:37:49.685+0000 7f5645ffb640 1 --2- 172.21.15.71:0/966134952 >> [v2:172.21.15.71:6800/3832446656,v1:172.21.15.71:6801/3832446656] conn(0x7f56380391b0 0x7f563803b670 unknown :-1 s=NONE pgs=0 cs=0 l=1 rev1=0 crypto rx=0 tx=0 comp rx=0 tx=0).connect
2024-09-15T23:37:50.478 INFO:teuthology.orchestra.run.smithi071.stdout:/usr/bin/ceph: stderr
2024-09-15T23:37:49.685+0000 7f564effa640 1 -- 172.21.15.71:0/966134952 --> [v2:172.21.15.71:3300/0,v1:172.21.15.71:6789/0] -- mon_command({"prefix": "get_command_descriptions"} v 0) -- 0x7f5648108500 con 0x7f56481080a0
2024-09-15T23:37:50.478 INFO:teuthology.orchestra.run.smithi071.stdout:/usr/bin/ceph: stderr
2024-09-15T23:37:49.685+0000 7f5645ffb640 1 -- 172.21.15.71:0/966134952 <== mon.0 v2:172.21.15.71:3300/0 5 ==== osd_map(1..1 src has 1..1) ==== 725+0+0 (secure 0 0 0) 0x7f563c06c120 con 0x7f56481080a0
2024-09-15T23:37:50.478 INFO:teuthology.orchestra.run.smithi071.stdout:/usr/bin/ceph: stderr
2024-09-15T23:37:49.685+0000 7f5647fff640 1 -- 172.21.15.71:0/966134952 >> [v2:172.21.15.71:6800/3832446656,v1:172.21.15.71:6801/3832446656] conn(0x7f56380391b0 msgr2=0x7f563803b670 unknown :-1 s=STATE_CONNECTING_RE l=1).process reconnect failed to v2:172.21.15.71:6800/3832446656
2024-09-15T23:37:50.478 INFO:teuthology.orchestra.run.smithi071.stdout:/usr/bin/ceph: stderr
2024-09-15T23:37:49.685+0000 7f5647fff640 1 --2- 172.21.15.71:0/966134952 >> [v2:172.21.15.71:6800/3832446656,v1:172.21.15.71:6801/3832446656] conn(0x7f56380391b0 0x7f563803b670 unknown :-1 s=START_CONNECT pgs=0 cs=0 l=1 rev1=0 crypto rx=0 tx=0 comp rx=0 tx=0)._fault waiting 0.200000
2024-09-15T23:37:50.479 INFO:teuthology.orchestra.run.smithi071.stdout:/usr/bin/ceph: stderr
2024-09-15T23:37:49.690+0000 7f5645ffb640 1 -- 172.21.15.71:0/966134952 <== mon.0 v2:172.21.15.71:3300/0 6 ==== mon_command_ack([{"prefix": "get_command_descriptions"}]=0 v0) ==== 72+0+188821 (secure 0 0 0) 0x7f563c045360 con 0x7f56481080a0
2024-09-15T23:37:50.479 INFO:teuthology.orchestra.run.smithi071.stdout:/usr/bin/ceph: stderr
2024-09-15T23:37:49.886+0000 7f5647fff640 1 -- 172.21.15.71:0/966134952 >> [v2:172.21.15.71:6800/3832446656,v1:172.21.15.71:6801/3832446656] conn(0x7f56380391b0 msgr2=0x7f563803b670 unknown :-1 s=STATE_CONNECTING_RE l=1).process reconnect failed to v2:172.21.15.71:6800/3832446656
2024-09-15T23:37:50.479 INFO:teuthology.orchestra.run.smithi071.stdout:/usr/bin/ceph: stderr
2024-09-15T23:37:49.886+0000 7f5647fff640 1 --2- 172.21.15.71:0/966134952 >> [v2:172.21.15.71:6800/3832446656,v1:172.21.15.71:6801/3832446656] conn(0x7f56380391b0 0x7f563803b670 unknown :-1 s=START_CONNECT pgs=0 cs=0 l=1 rev1=0 crypto rx=0 tx=0 comp rx=0 tx=0)._fault waiting 0.400000
2024-09-15T23:37:50.479 INFO:teuthology.orchestra.run.smithi071.stdout:/usr/bin/ceph: stderr
2024-09-15T23:37:49.913+0000 7f564effa640 1 -- 172.21.15.71:0/966134952 --> [v2:172.21.15.71:3300/0,v1:172.21.15.71:6789/0] -- mon_command({"prefix": "mgr stat"} v 0) -- 0x7f564819ebb0 con 0x7f56481080a0
2024-09-15T23:37:50.479 INFO:teuthology.orchestra.run.smithi071.stdout:/usr/bin/ceph: stderr
2024-09-15T23:37:49.914+0000 7f5645ffb640 1 -- 172.21.15.71:0/966134952 <== mon.0 v2:172.21.15.71:3300/0 7 ==== mon_command_ack([{"prefix": "mgr stat"}]=0 v5) ==== 56+0+88 (secure 0 0 0) 0x7f564819ebb0 con 0x7f56481080a0
2024-09-15T23:37:50.479 INFO:teuthology.orchestra.run.smithi071.stdout:/usr/bin/ceph: stderr
2024-09-15T23:37:49.916+0000 7f564effa640 1 -- 172.21.15.71:0/966134952 >> [v2:172.21.15.71:6800/3832446656,v1:172.21.15.71:6801/3832446656] conn(0x7f56380391b0 msgr2=0x7f563803b670 unknown :-1 s=STATE_CONNECTING l=1).mark_down
2024-09-15T23:37:50.479 INFO:teuthology.orchestra.run.smithi071.stdout:/usr/bin/ceph: stderr
2024-09-15T23:37:49.916+0000 7f564effa640 1 --2- 172.21.15.71:0/966134952 >> [v2:172.21.15.71:6800/3832446656,v1:172.21.15.71:6801/3832446656] conn(0x7f56380391b0 0x7f563803b670 unknown :-1 s=START_CONNECT pgs=0 cs=0 l=1 rev1=0 crypto rx=0 tx=0 comp rx=0 tx=0).stop
2024-09-15T23:37:50.479 INFO:teuthology.orchestra.run.smithi071.stdout:/usr/bin/ceph: stderr
2024-09-15T23:37:49.916+0000 7f564effa640 1 -- 172.21.15.71:0/966134952 >> [v2:172.21.15.71:3300/0,v1:172.21.15.71:6789/0] conn(0x7f56481080a0 msgr2=0x7f564819b520 secure :-1 s=STATE_CONNECTION_ESTABLISHED l=1).mark_down
2024-09-15T23:37:50.479 INFO:teuthology.orchestra.run.smithi071.stdout:/usr/bin/ceph: stderr
2024-09-15T23:37:49.916+0000 7f564effa640 1 --2- 172.21.15.71:0/966134952 >> [v2:172.21.15.71:3300/0,v1:172.21.15.71:6789/0] conn(0x7f56481080a0 0x7f564819b520 secure :-1 s=READY pgs=25 cs=0 l=1 rev1=1 crypto rx=0x7f563c032e10 tx=0x7f563c032e40 comp rx=0 tx=0).stop
2024-09-15T23:37:50.479 INFO:teuthology.orchestra.run.smithi071.stdout:/usr/bin/ceph: stderr
2024-09-15T23:37:49.916+0000 7f564effa640 1 -- 172.21.15.71:0/966134952 shutdown_connections
2024-09-15T23:37:50.479 INFO:teuthology.orchestra.run.smithi071.stdout:/usr/bin/ceph: stderr
2024-09-15T23:37:49.916+0000 7f564effa640 1 --2- 172.21.15.71:0/966134952 >> [v2:172.21.15.71:6800/3832446656,v1:172.21.15.71:6801/3832446656] conn(0x7f56380391b0 0x7f563803b670 unknown :-1 s=CLOSED pgs=0 cs=0 l=1 rev1=0 crypto rx=0 tx=0 comp rx=0 tx=0).stop
2024-09-15T23:37:50.479 INFO:teuthology.orchestra.run.smithi071.stdout:/usr/bin/ceph: stderr
2024-09-15T23:37:49.916+0000 7f564effa640 1 --2- 172.21.15.71:0/966134952 >> [v2:172.21.15.71:3300/0,v1:172.21.15.71:6789/0] conn(0x7f56481080a0 0x7f564819b520 unknown :-1 s=CLOSED pgs=25 cs=0 l=1 rev1=1 crypto rx=0 tx=0 comp rx=0 tx=0).stop
2024-09-15T23:37:50.479 INFO:teuthology.orchestra.run.smithi071.stdout:/usr/bin/ceph: stderr
2024-09-15T23:37:49.916+0000 7f564effa640 1 -- 172.21.15.71:0/966134952 >> 172.21.15.71:0/966134952 conn(0x7f5648101ce0 msgr2=0x7f56481028c0 unknown :-1 s=STATE_NONE l=0).mark_down
2024-09-15T23:37:50.480 INFO:teuthology.orchestra.run.smithi071.stdout:/usr/bin/ceph: stderr
2024-09-15T23:37:49.916+0000 7f564effa640 1 -- 172.21.15.71:0/966134952 shutdown_connections
2024-09-15T23:37:50.480 INFO:teuthology.orchestra.run.smithi071.stdout:/usr/bin/ceph: stderr
2024-09-15T23:37:49.916+0000 7f564effa640 1 -- 172.21.15.71:0/966134952 wait complete.
2024-09-15T23:37:50.480 INFO:teuthology.orchestra.run.smithi071.stdout:Waiting for the mgr to restart...
2024-09-15T23:37:50.480 INFO:teuthology.orchestra.run.smithi071.stdout:Waiting for mgr epoch 5...
2024-09-15T23:37:50.892 INFO:journalctl@ceph.mon.a.smithi071.stdout:Sep 15 23:37:50 smithi071 ceph-mon[30957]: from='client.? 172.21.15.71:0/966134952' entity='client.admin' cmd=[{"prefix": "mgr stat"}]: dispatch
2024-09-15T23:37:50.892 INFO:journalctl@ceph.mgr.x.smithi071.stdout:Sep 15 23:37:50 smithi071 ceph-4eeb5726-73bb-11ef-bceb-c7b262605968-mgr-x[31182]:
2024-09-15T23:37:50.820+0000 7fc8727cd040 -1 mgr[py] Module telemetry has missing NOTIFY_TYPES member
2024-09-15T23:37:50.892 INFO:journalctl@ceph.mgr.x.smithi071.stdout:Sep 15 23:37:50 smithi071 ceph-4eeb5726-73bb-11ef-bceb-c7b262605968-mgr-x[31182]:
2024-09-15T23:37:50.890+0000 7fc8727cd040 -1 mgr[py] Module balancer has missing NOTIFY_TYPES member
2024-09-15T23:37:51.849 INFO:journalctl@ceph.mgr.x.smithi071.stdout:Sep 15 23:37:51 smithi071 ceph-4eeb5726-73bb-11ef-bceb-c7b262605968-mgr-x[31182]:
2024-09-15T23:37:51.594+0000 7fc8727cd040 -1 mgr[py] Module rook has missing NOTIFY_TYPES member
2024-09-15T23:37:51.849 INFO:journalctl@ceph.mgr.x.smithi071.stdout:Sep 15 23:37:51 smithi071 ceph-4eeb5726-73bb-11ef-bceb-c7b262605968-mgr-x[31182]:
2024-09-15T23:37:51.708+0000 7fc8727cd040 -1 mgr[py] Module iostat has missing NOTIFY_TYPES member
2024-09-15T23:37:52.122 INFO:journalctl@ceph.mgr.x.smithi071.stdout:Sep 15 23:37:51 smithi071 ceph-4eeb5726-73bb-11ef-bceb-c7b262605968-mgr-x[31182]:
2024-09-15T23:37:51.847+0000 7fc8727cd040 -1 mgr[py] Module orchestrator has missing NOTIFY_TYPES member
2024-09-15T23:37:52.123 INFO:journalctl@ceph.mgr.x.smithi071.stdout:Sep 15 23:37:51 smithi071 ceph-4eeb5726-73bb-11ef-bceb-c7b262605968-mgr-x[31182]:
2024-09-15T23:37:51.908+0000 7fc8727cd040 -1 mgr[py] Module devicehealth has missing NOTIFY_TYPES member
2024-09-15T23:37:52.123 INFO:journalctl@ceph.mgr.x.smithi071.stdout:Sep 15 23:37:52 smithi071 ceph-4eeb5726-73bb-11ef-bceb-c7b262605968-mgr-x[31182]:
2024-09-15T23:37:52.054+0000 7fc8727cd040 -1 mgr[py] Module rgw has missing NOTIFY_TYPES member
2024-09-15T23:37:52.123 INFO:journalctl@ceph.mgr.x.smithi071.stdout:Sep 15 23:37:52 smithi071 ceph-4eeb5726-73bb-11ef-bceb-c7b262605968-mgr-x[31182]:
2024-09-15T23:37:52.121+0000 7fc8727cd040 -1 mgr[py] Module alerts has missing NOTIFY_TYPES member
2024-09-15T23:37:52.401 INFO:journalctl@ceph.mgr.x.smithi071.stdout:Sep 15 23:37:52 smithi071 ceph-4eeb5726-73bb-11ef-bceb-c7b262605968-mgr-x[31182]:
2024-09-15T23:37:52.180+0000 7fc8727cd040 -1 mgr[py] Module progress has missing NOTIFY_TYPES member
2024-09-15T23:37:52.401 INFO:journalctl@ceph.mgr.x.smithi071.stdout:Sep 15 23:37:52 smithi071 ceph-4eeb5726-73bb-11ef-bceb-c7b262605968-mgr-x[31182]:
2024-09-15T23:37:52.336+0000 7fc8727cd040 -1 mgr[py] Module nfs has missing NOTIFY_TYPES member
2024-09-15T23:37:52.401 INFO:journalctl@ceph.mgr.x.smithi071.stdout:Sep 15 23:37:52 smithi071 ceph-4eeb5726-73bb-11ef-bceb-c7b262605968-mgr-x[31182]:
2024-09-15T23:37:52.399+0000 7fc8727cd040 -1 mgr[py] Module status has missing NOTIFY_TYPES member
2024-09-15T23:37:52.665 INFO:journalctl@ceph.mgr.x.smithi071.stdout:Sep 15 23:37:52 smithi071 ceph-4eeb5726-73bb-11ef-bceb-c7b262605968-mgr-x[31182]:
2024-09-15T23:37:52.465+0000 7fc8727cd040 -1 mgr[py] Module pg_autoscaler has missing NOTIFY_TYPES member
2024-09-15T23:37:52.665 INFO:journalctl@ceph.mgr.x.smithi071.stdout:Sep 15 23:37:52 smithi071 ceph-4eeb5726-73bb-11ef-bceb-c7b262605968-mgr-x[31182]:
2024-09-15T23:37:52.547+0000 7fc8727cd040 -1 mgr[py] Module rbd_support has missing NOTIFY_TYPES member
2024-09-15T23:37:52.665 INFO:journalctl@ceph.mgr.x.smithi071.stdout:Sep 15 23:37:52 smithi071 ceph-4eeb5726-73bb-11ef-bceb-c7b262605968-mgr-x[31182]:
2024-09-15T23:37:52.605+0000 7fc8727cd040 -1 mgr[py] Module influx has missing NOTIFY_TYPES member
2024-09-15T23:37:52.665 INFO:journalctl@ceph.mgr.x.smithi071.stdout:Sep 15 23:37:52 smithi071 ceph-4eeb5726-73bb-11ef-bceb-c7b262605968-mgr-x[31182]:
2024-09-15T23:37:52.663+0000 7fc8727cd040 -1 mgr[py] Module zabbix has missing NOTIFY_TYPES member
2024-09-15T23:37:53.926 INFO:journalctl@ceph.mgr.x.smithi071.stdout:Sep 15 23:37:53 smithi071 ceph-4eeb5726-73bb-11ef-bceb-c7b262605968-mgr-x[31182]:
2024-09-15T23:37:53.455+0000 7fc8727cd040 -1 mgr[py] Module telegraf has missing NOTIFY_TYPES member
2024-09-15T23:37:53.926 INFO:journalctl@ceph.mon.a.smithi071.stdout:Sep 15 23:37:53 smithi071 ceph-mon[30957]: Active manager daemon x restarted
2024-09-15T23:37:53.926 INFO:journalctl@ceph.mon.a.smithi071.stdout:Sep 15 23:37:53 smithi071 ceph-mon[30957]: Activating manager daemon x
2024-09-15T23:37:53.926 INFO:journalctl@ceph.mon.a.smithi071.stdout:Sep 15 23:37:53 smithi071 ceph-mon[30957]: osdmap e2: 0 total, 0 up, 0 in
2024-09-15T23:37:53.927 INFO:journalctl@ceph.mon.a.smithi071.stdout:Sep 15 23:37:53 smithi071 ceph-mon[30957]: mgrmap e6: x(active, starting, since 0.00352547s)
2024-09-15T23:37:53.927 INFO:journalctl@ceph.mon.a.smithi071.stdout:Sep 15 23:37:53 smithi071 ceph-mon[30957]: from='mgr.14118 172.21.15.71:0/1560328620' entity='mgr.x' cmd=[{"prefix": "mon metadata", "id": "a"}]: dispatch
2024-09-15T23:37:53.927 INFO:journalctl@ceph.mon.a.smithi071.stdout:Sep 15 23:37:53 smithi071 ceph-mon[30957]: from='mgr.14118 172.21.15.71:0/1560328620' entity='mgr.x' cmd=[{"prefix": "mgr metadata", "who": "x", "id": "x"}]: dispatch
2024-09-15T23:37:53.927 INFO:journalctl@ceph.mon.a.smithi071.stdout:Sep 15 23:37:53 smithi071 ceph-mon[30957]: from='mgr.14118 172.21.15.71:0/1560328620' entity='mgr.x' cmd=[{"prefix": "mds metadata"}]: dispatch
2024-09-15T23:37:53.927 INFO:journalctl@ceph.mon.a.smithi071.stdout:Sep 15 23:37:53 smithi071 ceph-mon[30957]: from='mgr.14118 172.21.15.71:0/1560328620' entity='mgr.x' cmd=[{"prefix": "osd metadata"}]: dispatch
2024-09-15T23:37:53.927 INFO:journalctl@ceph.mon.a.smithi071.stdout:Sep 15 23:37:53 smithi071 ceph-mon[30957]: from='mgr.14118 172.21.15.71:0/1560328620' entity='mgr.x' cmd=[{"prefix": "mon metadata"}]: dispatch
2024-09-15T23:37:53.927 INFO:journalctl@ceph.mon.a.smithi071.stdout:Sep 15 23:37:53 smithi071 ceph-mon[30957]: Manager daemon x is now available
2024-09-15T23:37:53.927 INFO:journalctl@ceph.mon.a.smithi071.stdout:Sep 15 23:37:53 smithi071 ceph-mon[30957]: from='mgr.14118 172.21.15.71:0/1560328620' entity='mgr.x'
2024-09-15T23:37:53.927 INFO:journalctl@ceph.mon.a.smithi071.stdout:Sep 15 23:37:53 smithi071 ceph-mon[30957]: from='mgr.14118 172.21.15.71:0/1560328620' entity='mgr.x'
2024-09-15T23:37:53.927 INFO:journalctl@ceph.mon.a.smithi071.stdout:Sep 15 23:37:53 smithi071 ceph-mon[30957]: from='mgr.14118 172.21.15.71:0/1560328620' entity='mgr.x' cmd=[{"prefix": "config dump", "format": "json"}]: dispatch
2024-09-15T23:37:53.927 INFO:journalctl@ceph.mon.a.smithi071.stdout:Sep 15 23:37:53 smithi071 ceph-mon[30957]: from='mgr.14118 172.21.15.71:0/1560328620' entity='mgr.x' cmd=[{"prefix": "config dump", "format": "json"}]: dispatch
2024-09-15T23:37:53.927 INFO:journalctl@ceph.mon.a.smithi071.stdout:Sep 15 23:37:53 smithi071 ceph-mon[30957]: from='mgr.14118 172.21.15.71:0/1560328620' entity='mgr.x' cmd=[{"prefix":"config rm","who":"mgr","name":"mgr/rbd_support/x/mirror_snapshot_schedule"}]: dispatch
2024-09-15T23:37:53.927 INFO:journalctl@ceph.mon.a.smithi071.stdout:Sep 15 23:37:53 smithi071 ceph-mon[30957]: from='mgr.14118 172.21.15.71:0/1560328620' entity='mgr.x' cmd=[{"prefix":"config rm","who":"mgr","name":"mgr/rbd_support/x/trash_purge_schedule"}]: dispatch
2024-09-15T23:37:54.676 INFO:journalctl@ceph.mon.a.smithi071.stdout:Sep 15 23:37:54 smithi071 ceph-mon[30957]: Found migration_current of "None". Setting to last migration.
2024-09-15T23:37:54.676 INFO:journalctl@ceph.mon.a.smithi071.stdout:Sep 15 23:37:54 smithi071 ceph-mon[30957]: from='mgr.14118 172.21.15.71:0/1560328620' entity='mgr.x'
2024-09-15T23:37:54.676 INFO:journalctl@ceph.mon.a.smithi071.stdout:Sep 15 23:37:54 smithi071 ceph-mon[30957]: from='mgr.14118 172.21.15.71:0/1560328620' entity='mgr.x'
2024-09-15T23:37:54.676 INFO:journalctl@ceph.mon.a.smithi071.stdout:Sep 15 23:37:54 smithi071 ceph-mon[30957]: mgrmap e7: x(active, since 1.00627s)
2024-09-15T23:37:55.048 INFO:teuthology.orchestra.run.smithi071.stdout:/usr/bin/ceph: stdout {
2024-09-15T23:37:55.048 INFO:teuthology.orchestra.run.smithi071.stdout:/usr/bin/ceph: stdout "mgrmap_epoch": 7,
2024-09-15T23:37:55.048 INFO:teuthology.orchestra.run.smithi071.stdout:/usr/bin/ceph: stdout "initialized": true
2024-09-15T23:37:55.048 INFO:teuthology.orchestra.run.smithi071.stdout:/usr/bin/ceph: stdout }
2024-09-15T23:37:55.048 INFO:teuthology.orchestra.run.smithi071.stdout:/usr/bin/ceph: stderr
2024-09-15T23:37:50.904+0000 7fbec24bd640 1 Processor -- start
2024-09-15T23:37:55.048 INFO:teuthology.orchestra.run.smithi071.stdout:/usr/bin/ceph: stderr
2024-09-15T23:37:50.904+0000 7fbec24bd640 1 -- start start
2024-09-15T23:37:55.048 INFO:teuthology.orchestra.run.smithi071.stdout:/usr/bin/ceph: stderr
2024-09-15T23:37:50.904+0000 7fbec24bd640 1 --2- >> [v2:172.21.15.71:3300/0,v1:172.21.15.71:6789/0] conn(0x7fbebc1064d0 0x7fbebc1068d0 unknown :-1 s=NONE pgs=0 cs=0 l=0 rev1=0 crypto rx=0 tx=0 comp rx=0 tx=0).connect
2024-09-15T23:37:55.048 INFO:teuthology.orchestra.run.smithi071.stdout:/usr/bin/ceph: stderr
2024-09-15T23:37:50.904+0000 7fbec24bd640 1 -- --> [v2:172.21.15.71:3300/0,v1:172.21.15.71:6789/0] -- mon_getmap magic: 0 -- 0x7fbebc106ea0 con 0x7fbebc1064d0
2024-09-15T23:37:55.048 INFO:teuthology.orchestra.run.smithi071.stdout:/usr/bin/ceph: stderr
2024-09-15T23:37:50.904+0000 7fbebbfff640 1 --2- >> [v2:172.21.15.71:3300/0,v1:172.21.15.71:6789/0] conn(0x7fbebc1064d0 0x7fbebc1068d0 unknown :-1 s=BANNER_CONNECTING pgs=0 cs=0 l=0 rev1=0 crypto rx=0 tx=0 comp rx=0 tx=0)._handle_peer_banner_payload supported=3 required=0
2024-09-15T23:37:55.049 INFO:teuthology.orchestra.run.smithi071.stdout:/usr/bin/ceph: stderr
2024-09-15T23:37:50.904+0000 7fbebbfff640 1 --2- >> [v2:172.21.15.71:3300/0,v1:172.21.15.71:6789/0] conn(0x7fbebc1064d0 0x7fbebc1068d0 unknown :-1 s=HELLO_CONNECTING pgs=0 cs=0 l=0 rev1=1 crypto rx=0 tx=0 comp rx=0 tx=0).handle_hello peer v2:172.21.15.71:3300/0 says I am v2:172.21.15.71:50078/0 (socket says 172.21.15.71:50078)
2024-09-15T23:37:55.049 INFO:teuthology.orchestra.run.smithi071.stdout:/usr/bin/ceph: stderr
2024-09-15T23:37:50.904+0000 7fbebbfff640 1 -- 172.21.15.71:0/490947466 learned_addr learned my addr 172.21.15.71:0/490947466 (peer_addr_for_me v2:172.21.15.71:0/0)
2024-09-15T23:37:55.049 INFO:teuthology.orchestra.run.smithi071.stdout:/usr/bin/ceph: stderr
2024-09-15T23:37:50.904+0000 7fbebbfff640 1 -- 172.21.15.71:0/490947466 --> [v2:172.21.15.71:3300/0,v1:172.21.15.71:6789/0] -- mon_subscribe({config=0+,monmap=0+}) -- 0x7fbebc107680 con 0x7fbebc1064d0
2024-09-15T23:37:55.049 INFO:teuthology.orchestra.run.smithi071.stdout:/usr/bin/ceph: stderr
2024-09-15T23:37:50.905+0000 7fbebbfff640 1 --2- 172.21.15.71:0/490947466 >> [v2:172.21.15.71:3300/0,v1:172.21.15.71:6789/0] conn(0x7fbebc1064d0 0x7fbebc1068d0 secure :-1 s=READY pgs=26 cs=0 l=1 rev1=1 crypto rx=0x7fbeac009820 tx=0x7fbeac02a270 comp rx=0 tx=0).ready entity=mon.0 client_cookie=90067aa5f2a4c543 server_cookie=0 in_seq=0 out_seq=0
2024-09-15T23:37:55.049 INFO:teuthology.orchestra.run.smithi071.stdout:/usr/bin/ceph: stderr
2024-09-15T23:37:50.905+0000 7fbebaffd640 1 -- 172.21.15.71:0/490947466 <== mon.0 v2:172.21.15.71:3300/0 1 ==== mon_map magic: 0 ==== 205+0+0 (secure 0 0 0) 0x7fbeac037070 con 0x7fbebc1064d0
2024-09-15T23:37:55.049 INFO:teuthology.orchestra.run.smithi071.stdout:/usr/bin/ceph: stderr
2024-09-15T23:37:50.905+0000 7fbebaffd640 1 -- 172.21.15.71:0/490947466 <== mon.0 v2:172.21.15.71:3300/0 2 ==== config(26 keys) ==== 1071+0+0 (secure 0 0 0) 0x7fbeac0328d0 con 0x7fbebc1064d0
2024-09-15T23:37:55.049 INFO:teuthology.orchestra.run.smithi071.stdout:/usr/bin/ceph: stderr
2024-09-15T23:37:50.905+0000 7fbebaffd640 1 -- 172.21.15.71:0/490947466 <== mon.0 v2:172.21.15.71:3300/0 3 ==== mon_map magic: 0 ==== 205+0+0 (secure 0 0 0) 0x7fbeac0307d0 con 0x7fbebc1064d0
2024-09-15T23:37:55.049 INFO:teuthology.orchestra.run.smithi071.stdout:/usr/bin/ceph: stderr
2024-09-15T23:37:50.906+0000 7fbec24bd640 1 -- 172.21.15.71:0/490947466 >> [v2:172.21.15.71:3300/0,v1:172.21.15.71:6789/0] conn(0x7fbebc1064d0 msgr2=0x7fbebc1068d0 secure :-1 s=STATE_CONNECTION_ESTABLISHED l=1).mark_down
2024-09-15T23:37:55.049 INFO:teuthology.orchestra.run.smithi071.stdout:/usr/bin/ceph: stderr
2024-09-15T23:37:50.906+0000 7fbec24bd640 1 --2- 172.21.15.71:0/490947466 >> [v2:172.21.15.71:3300/0,v1:172.21.15.71:6789/0] conn(0x7fbebc1064d0 0x7fbebc1068d0 secure :-1 s=READY pgs=26 cs=0 l=1 rev1=1 crypto rx=0x7fbeac009820 tx=0x7fbeac02a270 comp rx=0 tx=0).stop
2024-09-15T23:37:55.049 INFO:teuthology.orchestra.run.smithi071.stdout:/usr/bin/ceph: stderr
2024-09-15T23:37:50.906+0000 7fbec24bd640 1 -- 172.21.15.71:0/490947466 shutdown_connections
2024-09-15T23:37:55.049 INFO:teuthology.orchestra.run.smithi071.stdout:/usr/bin/ceph: stderr
2024-09-15T23:37:50.906+0000 7fbec24bd640 1 --2- 172.21.15.71:0/490947466 >> [v2:172.21.15.71:3300/0,v1:172.21.15.71:6789/0] conn(0x7fbebc1064d0 0x7fbebc1068d0 unknown :-1 s=CLOSED pgs=26 cs=0 l=1 rev1=1 crypto rx=0 tx=0 comp rx=0 tx=0).stop
2024-09-15T23:37:55.049 INFO:teuthology.orchestra.run.smithi071.stdout:/usr/bin/ceph: stderr
2024-09-15T23:37:50.906+0000 7fbec24bd640 1 -- 172.21.15.71:0/490947466 >> 172.21.15.71:0/490947466 conn(0x7fbebc101ce0 msgr2=0x7fbebc104100 unknown :-1 s=STATE_NONE l=0).mark_down
2024-09-15T23:37:55.049 INFO:teuthology.orchestra.run.smithi071.stdout:/usr/bin/ceph: stderr
2024-09-15T23:37:50.906+0000 7fbec24bd640 1 -- 172.21.15.71:0/490947466 shutdown_connections
2024-09-15T23:37:55.050 INFO:teuthology.orchestra.run.smithi071.stdout:/usr/bin/ceph: stderr
2024-09-15T23:37:50.906+0000 7fbec24bd640 1 -- 172.21.15.71:0/490947466 wait complete.
2024-09-15T23:37:55.050 INFO:teuthology.orchestra.run.smithi071.stdout:/usr/bin/ceph: stderr
2024-09-15T23:37:50.907+0000 7fbec24bd640 1 Processor -- start
2024-09-15T23:37:55.050 INFO:teuthology.orchestra.run.smithi071.stdout:/usr/bin/ceph: stderr
2024-09-15T23:37:50.907+0000 7fbec24bd640 1 -- start start
2024-09-15T23:37:55.050 INFO:teuthology.orchestra.run.smithi071.stdout:/usr/bin/ceph: stderr
2024-09-15T23:37:50.907+0000 7fbec24bd640 1 --2- >> [v2:172.21.15.71:3300/0,v1:172.21.15.71:6789/0] conn(0x7fbebc1064d0 0x7fbebc19d780 unknown :-1 s=NONE pgs=0 cs=0 l=1 rev1=0 crypto rx=0 tx=0 comp rx=0 tx=0).connect
2024-09-15T23:37:55.050 INFO:teuthology.orchestra.run.smithi071.stdout:/usr/bin/ceph: stderr
2024-09-15T23:37:50.907+0000 7fbec24bd640 1 -- --> [v2:172.21.15.71:3300/0,v1:172.21.15.71:6789/0] -- mon_getmap magic: 0 -- 0x7fbebc10aa30 con 0x7fbebc1064d0
2024-09-15T23:37:55.050 INFO:teuthology.orchestra.run.smithi071.stdout:/usr/bin/ceph: stderr
2024-09-15T23:37:50.907+0000 7fbebbfff640 1 --2- >> [v2:172.21.15.71:3300/0,v1:172.21.15.71:6789/0] conn(0x7fbebc1064d0 0x7fbebc19d780 unknown :-1 s=BANNER_CONNECTING pgs=0 cs=0 l=1 rev1=0 crypto rx=0 tx=0 comp rx=0 tx=0)._handle_peer_banner_payload supported=3 required=0
2024-09-15T23:37:55.050 INFO:teuthology.orchestra.run.smithi071.stdout:/usr/bin/ceph: stderr
2024-09-15T23:37:50.907+0000 7fbebbfff640 1 --2- >> [v2:172.21.15.71:3300/0,v1:172.21.15.71:6789/0] conn(0x7fbebc1064d0 0x7fbebc19d780 unknown :-1 s=HELLO_CONNECTING pgs=0 cs=0 l=1 rev1=1 crypto rx=0 tx=0 comp rx=0 tx=0).handle_hello peer v2:172.21.15.71:3300/0 says I am v2:172.21.15.71:50084/0 (socket says 172.21.15.71:50084)
2024-09-15T23:37:55.050 INFO:teuthology.orchestra.run.smithi071.stdout:/usr/bin/ceph: stderr
2024-09-15T23:37:50.907+0000 7fbebbfff640 1 -- 172.21.15.71:0/1538789027 learned_addr learned my addr 172.21.15.71:0/1538789027 (peer_addr_for_me v2:172.21.15.71:0/0)
2024-09-15T23:37:55.050 INFO:teuthology.orchestra.run.smithi071.stdout:/usr/bin/ceph: stderr
2024-09-15T23:37:50.907+0000 7fbebbfff640 1 -- 172.21.15.71:0/1538789027 --> [v2:172.21.15.71:3300/0,v1:172.21.15.71:6789/0] -- mon_subscribe({config=0+,monmap=0+}) -- 0x7fbebc19dcc0 con 0x7fbebc1064d0
2024-09-15T23:37:55.050 INFO:teuthology.orchestra.run.smithi071.stdout:/usr/bin/ceph: stderr
2024-09-15T23:37:50.907+0000 7fbebbfff640 1 --2- 172.21.15.71:0/1538789027 >> [v2:172.21.15.71:3300/0,v1:172.21.15.71:6789/0] conn(0x7fbebc1064d0 0x7fbebc19d780 secure :-1 s=READY pgs=27 cs=0 l=1 rev1=1 crypto rx=0x7fbeac009940 tx=0x7fbeac032e10 comp rx=0 tx=0).ready entity=mon.0 client_cookie=0 server_cookie=0 in_seq=0 out_seq=0
2024-09-15T23:37:55.050 INFO:teuthology.orchestra.run.smithi071.stdout:/usr/bin/ceph: stderr
2024-09-15T23:37:50.907+0000 7fbeb97fa640 1 -- 172.21.15.71:0/1538789027 <== mon.0 v2:172.21.15.71:3300/0 1 ==== mon_map magic: 0 ==== 205+0+0 (secure 0 0 0) 0x7fbeac042070 con 0x7fbebc1064d0
2024-09-15T23:37:55.050 INFO:teuthology.orchestra.run.smithi071.stdout:/usr/bin/ceph: stderr
2024-09-15T23:37:50.908+0000 7fbeb97fa640 1 -- 172.21.15.71:0/1538789027 <== mon.0 v2:172.21.15.71:3300/0 2 ==== config(26 keys) ==== 1071+0+0 (secure 0 0 0) 0x7fbeac030c80 con 0x7fbebc1064d0
2024-09-15T23:37:55.050 INFO:teuthology.orchestra.run.smithi071.stdout:/usr/bin/ceph: stderr
2024-09-15T23:37:50.908+0000 7fbec24bd640 1 -- 172.21.15.71:0/1538789027 --> [v2:172.21.15.71:3300/0,v1:172.21.15.71:6789/0] -- mon_subscribe({mgrmap=0+}) -- 0x7fbebc19df50 con 0x7fbebc1064d0
2024-09-15T23:37:55.051 INFO:teuthology.orchestra.run.smithi071.stdout:/usr/bin/ceph: stderr
2024-09-15T23:37:50.908+0000 7fbeb97fa640 1 -- 172.21.15.71:0/1538789027 <== mon.0 v2:172.21.15.71:3300/0 3 ==== mon_map magic: 0 ==== 205+0+0 (secure 0 0 0) 0x7fbeac037040 con 0x7fbebc1064d0
2024-09-15T23:37:55.051 INFO:teuthology.orchestra.run.smithi071.stdout:/usr/bin/ceph: stderr
2024-09-15T23:37:50.908+0000 7fbec24bd640 1 -- 172.21.15.71:0/1538789027 --> [v2:172.21.15.71:3300/0,v1:172.21.15.71:6789/0] -- mon_subscribe({osdmap=0}) -- 0x7fbebc1a0c40 con 0x7fbebc1064d0
2024-09-15T23:37:55.051 INFO:teuthology.orchestra.run.smithi071.stdout:/usr/bin/ceph: stderr
2024-09-15T23:37:50.909+0000 7fbeb97fa640 1 -- 172.21.15.71:0/1538789027 <== mon.0 v2:172.21.15.71:3300/0 4 ==== mgrmap(e 5) ==== 46461+0+0 (secure 0 0 0) 0x7fbeac045070 con 0x7fbebc1064d0
2024-09-15T23:37:55.051 INFO:teuthology.orchestra.run.smithi071.stdout:/usr/bin/ceph: stderr
2024-09-15T23:37:50.909+0000 7fbeb97fa640 1 --2- 172.21.15.71:0/1538789027 >> [v2:172.21.15.71:6800/3832446656,v1:172.21.15.71:6801/3832446656] conn(0x7fbea4039200 0x7fbea403b6c0 unknown :-1 s=NONE pgs=0 cs=0 l=1 rev1=0 crypto rx=0 tx=0 comp rx=0 tx=0).connect
2024-09-15T23:37:55.051 INFO:teuthology.orchestra.run.smithi071.stdout:/usr/bin/ceph: stderr
2024-09-15T23:37:50.909+0000 7fbeb97fa640 1 -- 172.21.15.71:0/1538789027 --> [v2:172.21.15.71:6800/3832446656,v1:172.21.15.71:6801/3832446656] -- command(tid 0: {"prefix": "get_command_descriptions"}) -- 0x7fbea403bdd0 con 0x7fbea4039200
2024-09-15T23:37:55.051 INFO:teuthology.orchestra.run.smithi071.stdout:/usr/bin/ceph: stderr
2024-09-15T23:37:50.909+0000 7fbebb7fe640 1 -- 172.21.15.71:0/1538789027 >> [v2:172.21.15.71:6800/3832446656,v1:172.21.15.71:6801/3832446656] conn(0x7fbea4039200 msgr2=0x7fbea403b6c0 unknown :-1 s=STATE_CONNECTING_RE l=1).process reconnect failed to v2:172.21.15.71:6800/3832446656
2024-09-15T23:37:55.051 INFO:teuthology.orchestra.run.smithi071.stdout:/usr/bin/ceph: stderr
2024-09-15T23:37:50.909+0000 7fbeb97fa640 1 -- 172.21.15.71:0/1538789027 <== mon.0 v2:172.21.15.71:3300/0 5 ==== osd_map(1..1 src has 1..1) ==== 725+0+0 (secure 0 0 0) 0x7fbeac06c210 con 0x7fbebc1064d0
2024-09-15T23:37:55.051 INFO:teuthology.orchestra.run.smithi071.stdout:/usr/bin/ceph: stderr
2024-09-15T23:37:50.909+0000 7fbebb7fe640 1 --2- 172.21.15.71:0/1538789027 >> [v2:172.21.15.71:6800/3832446656,v1:172.21.15.71:6801/3832446656] conn(0x7fbea4039200 0x7fbea403b6c0 unknown :-1 s=START_CONNECT pgs=0 cs=0 l=1 rev1=0 crypto rx=0 tx=0 comp rx=0 tx=0)._fault waiting 0.200000
2024-09-15T23:37:55.051 INFO:teuthology.orchestra.run.smithi071.stdout:/usr/bin/ceph: stderr
2024-09-15T23:37:51.110+0000 7fbebb7fe640 1 -- 172.21.15.71:0/1538789027 >> [v2:172.21.15.71:6800/3832446656,v1:172.21.15.71:6801/3832446656] conn(0x7fbea4039200 msgr2=0x7fbea403b6c0 unknown :-1 s=STATE_CONNECTING_RE l=1).process reconnect failed to v2:172.21.15.71:6800/3832446656
2024-09-15T23:37:55.051 INFO:teuthology.orchestra.run.smithi071.stdout:/usr/bin/ceph: stderr
2024-09-15T23:37:51.110+0000 7fbebb7fe640 1 --2- 172.21.15.71:0/1538789027 >> [v2:172.21.15.71:6800/3832446656,v1:172.21.15.71:6801/3832446656] conn(0x7fbea4039200 0x7fbea403b6c0 unknown :-1 s=START_CONNECT pgs=0 cs=0 l=1 rev1=0 crypto rx=0 tx=0 comp rx=0 tx=0)._fault waiting 0.400000
2024-09-15T23:37:55.051 INFO:teuthology.orchestra.run.smithi071.stdout:/usr/bin/ceph: stderr
2024-09-15T23:37:51.511+0000 7fbebb7fe640 1 -- 172.21.15.71:0/1538789027 >> [v2:172.21.15.71:6800/3832446656,v1:172.21.15.71:6801/3832446656] conn(0x7fbea4039200 msgr2=0x7fbea403b6c0 unknown :-1 s=STATE_CONNECTING_RE l=1).process reconnect failed to v2:172.21.15.71:6800/3832446656
2024-09-15T23:37:55.051 INFO:teuthology.orchestra.run.smithi071.stdout:/usr/bin/ceph: stderr
2024-09-15T23:37:51.511+0000 7fbebb7fe640 1 --2- 172.21.15.71:0/1538789027 >> [v2:172.21.15.71:6800/3832446656,v1:172.21.15.71:6801/3832446656] conn(0x7fbea4039200 0x7fbea403b6c0 unknown :-1 s=START_CONNECT pgs=0 cs=0 l=1 rev1=0 crypto rx=0 tx=0 comp rx=0 tx=0)._fault waiting 0.800000
2024-09-15T23:37:55.051 INFO:teuthology.orchestra.run.smithi071.stdout:/usr/bin/ceph: stderr
2024-09-15T23:37:52.312+0000 7fbebb7fe640 1 -- 172.21.15.71:0/1538789027 >> [v2:172.21.15.71:6800/3832446656,v1:172.21.15.71:6801/3832446656] conn(0x7fbea4039200 msgr2=0x7fbea403b6c0 unknown :-1 s=STATE_CONNECTING_RE l=1).process reconnect failed to v2:172.21.15.71:6800/3832446656
2024-09-15T23:37:55.052 INFO:teuthology.orchestra.run.smithi071.stdout:/usr/bin/ceph: stderr
2024-09-15T23:37:52.312+0000 7fbebb7fe640 1 --2- 172.21.15.71:0/1538789027 >> [v2:172.21.15.71:6800/3832446656,v1:172.21.15.71:6801/3832446656] conn(0x7fbea4039200 0x7fbea403b6c0 unknown :-1 s=START_CONNECT pgs=0 cs=0 l=1 rev1=0 crypto rx=0 tx=0 comp rx=0 tx=0)._fault waiting 1.600000
2024-09-15T23:37:55.052 INFO:teuthology.orchestra.run.smithi071.stdout:/usr/bin/ceph: stderr
2024-09-15T23:37:53.458+0000 7fbeb97fa640 1 -- 172.21.15.71:0/1538789027 <== mon.0 v2:172.21.15.71:3300/0 6 ==== mgrmap(e 6) ==== 46228+0+0 (secure 0 0 0) 0x7fbeac06ad90 con 0x7fbebc1064d0
2024-09-15T23:37:55.052 INFO:teuthology.orchestra.run.smithi071.stdout:/usr/bin/ceph: stderr
2024-09-15T23:37:53.458+0000 7fbeb97fa640 1 -- 172.21.15.71:0/1538789027 >> [v2:172.21.15.71:6800/3832446656,v1:172.21.15.71:6801/3832446656] conn(0x7fbea4039200 msgr2=0x7fbea403b6c0 unknown :-1 s=STATE_CONNECTING l=1).mark_down
2024-09-15T23:37:55.052 INFO:teuthology.orchestra.run.smithi071.stdout:/usr/bin/ceph: stderr
2024-09-15T23:37:53.458+0000 7fbeb97fa640 1 --2- 172.21.15.71:0/1538789027 >> [v2:172.21.15.71:6800/3832446656,v1:172.21.15.71:6801/3832446656] conn(0x7fbea4039200 0x7fbea403b6c0 unknown :-1 s=START_CONNECT pgs=0 cs=0 l=1 rev1=0 crypto rx=0 tx=0 comp rx=0 tx=0).stop
2024-09-15T23:37:55.052 INFO:teuthology.orchestra.run.smithi071.stdout:/usr/bin/ceph: stderr
2024-09-15T23:37:54.460+0000 7fbeb97fa640 1 -- 172.21.15.71:0/1538789027 <== mon.0 v2:172.21.15.71:3300/0 7 ==== mgrmap(e 7) ==== 46355+0+0 (secure 0 0 0) 0x7fbeac03b330 con 0x7fbebc1064d0
2024-09-15T23:37:55.052 INFO:teuthology.orchestra.run.smithi071.stdout:/usr/bin/ceph: stderr
2024-09-15T23:37:54.460+0000 7fbeb97fa640 1 --2- 172.21.15.71:0/1538789027 >> [v2:172.21.15.71:6800/4097213184,v1:172.21.15.71:6801/4097213184] conn(0x7fbea403cb30 0x7fbea403ef20 unknown :-1 s=NONE pgs=0 cs=0 l=1 rev1=0 crypto rx=0 tx=0 comp rx=0 tx=0).connect
2024-09-15T23:37:55.052 INFO:teuthology.orchestra.run.smithi071.stdout:/usr/bin/ceph: stderr
2024-09-15T23:37:54.460+0000 7fbeb97fa640 1 -- 172.21.15.71:0/1538789027 --> [v2:172.21.15.71:6800/4097213184,v1:172.21.15.71:6801/4097213184] -- command(tid 0: {"prefix": "get_command_descriptions"}) -- 0x7fbeac04be50 con 0x7fbea403cb30
2024-09-15T23:37:55.052 INFO:teuthology.orchestra.run.smithi071.stdout:/usr/bin/ceph: stderr
2024-09-15T23:37:54.460+0000 7fbebb7fe640 1 --2- 172.21.15.71:0/1538789027 >> [v2:172.21.15.71:6800/4097213184,v1:172.21.15.71:6801/4097213184] conn(0x7fbea403cb30 0x7fbea403ef20 unknown :-1 s=BANNER_CONNECTING pgs=0 cs=0 l=1 rev1=0 crypto rx=0 tx=0 comp rx=0 tx=0)._handle_peer_banner_payload supported=3 required=0
2024-09-15T23:37:55.052 INFO:teuthology.orchestra.run.smithi071.stdout:/usr/bin/ceph: stderr
2024-09-15T23:37:54.461+0000 7fbebb7fe640 1 --2- 172.21.15.71:0/1538789027 >> [v2:172.21.15.71:6800/4097213184,v1:172.21.15.71:6801/4097213184] conn(0x7fbea403cb30 0x7fbea403ef20 secure :-1 s=READY pgs=1 cs=0 l=1 rev1=1 crypto rx=0x7fbeb0003980 tx=0x7fbeb00092b0 comp rx=0 tx=0).ready entity=mgr.14118 client_cookie=0 server_cookie=0 in_seq=0 out_seq=0
2024-09-15T23:37:55.052 INFO:teuthology.orchestra.run.smithi071.stdout:/usr/bin/ceph: stderr
2024-09-15T23:37:54.462+0000 7fbeb97fa640 1 -- 172.21.15.71:0/1538789027 <== mgr.14118 v2:172.21.15.71:6800/4097213184 1 ==== command_reply(tid 0: 0 ) ==== 8+0+9564 (secure 0 0 0) 0x7fbeac04be50 con 0x7fbea403cb30
2024-09-15T23:37:55.052 INFO:teuthology.orchestra.run.smithi071.stdout:/usr/bin/ceph: stderr
2024-09-15T23:37:54.469+0000 7fbec24bd640 1 -- 172.21.15.71:0/1538789027 --> [v2:172.21.15.71:6800/4097213184,v1:172.21.15.71:6801/4097213184] -- command(tid 1: {"prefix": "mgr_status"}) -- 0x7fbebc10abb0 con 0x7fbea403cb30
2024-09-15T23:37:55.052 INFO:teuthology.orchestra.run.smithi071.stdout:/usr/bin/ceph: stderr
2024-09-15T23:37:54.469+0000 7fbeb97fa640 1 -- 172.21.15.71:0/1538789027 <== mgr.14118 v2:172.21.15.71:6800/4097213184 2 ==== command_reply(tid 1: 0 ) ==== 8+0+51 (secure 0 0 0) 0x7fbebc10abb0 con 0x7fbea403cb30
2024-09-15T23:37:55.053 INFO:teuthology.orchestra.run.smithi071.stdout:/usr/bin/ceph: stderr
2024-09-15T23:37:54.469+0000 7fbec24bd640 1 -- 172.21.15.71:0/1538789027 >> [v2:172.21.15.71:6800/4097213184,v1:172.21.15.71:6801/4097213184] conn(0x7fbea403cb30 msgr2=0x7fbea403ef20 secure :-1 s=STATE_CONNECTION_ESTABLISHED l=1).mark_down
2024-09-15T23:37:55.053 INFO:teuthology.orchestra.run.smithi071.stdout:/usr/bin/ceph: stderr
2024-09-15T23:37:54.469+0000 7fbec24bd640 1 --2- 172.21.15.71:0/1538789027 >> [v2:172.21.15.71:6800/4097213184,v1:172.21.15.71:6801/4097213184] conn(0x7fbea403cb30 0x7fbea403ef20 secure :-1 s=READY pgs=1 cs=0 l=1 rev1=1 crypto rx=0x7fbeb0003980 tx=0x7fbeb00092b0 comp rx=0 tx=0).stop
2024-09-15T23:37:55.053 INFO:teuthology.orchestra.run.smithi071.stdout:/usr/bin/ceph: stderr
2024-09-15T23:37:54.469+0000 7fbec24bd640 1 -- 172.21.15.71:0/1538789027 >> [v2:172.21.15.71:3300/0,v1:172.21.15.71:6789/0] conn(0x7fbebc1064d0 msgr2=0x7fbebc19d780 secure :-1 s=STATE_CONNECTION_ESTABLISHED l=1).mark_down
2024-09-15T23:37:55.053 INFO:teuthology.orchestra.run.smithi071.stdout:/usr/bin/ceph: stderr
2024-09-15T23:37:54.469+0000 7fbec24bd640 1 --2- 172.21.15.71:0/1538789027 >> [v2:172.21.15.71:3300/0,v1:172.21.15.71:6789/0] conn(0x7fbebc1064d0 0x7fbebc19d780 secure :-1 s=READY pgs=27 cs=0 l=1 rev1=1 crypto rx=0x7fbeac009940 tx=0x7fbeac032e10 comp rx=0 tx=0).stop
2024-09-15T23:37:55.053 INFO:teuthology.orchestra.run.smithi071.stdout:/usr/bin/ceph: stderr
2024-09-15T23:37:54.469+0000 7fbec24bd640 1 -- 172.21.15.71:0/1538789027 shutdown_connections
2024-09-15T23:37:55.053 INFO:teuthology.orchestra.run.smithi071.stdout:/usr/bin/ceph: stderr
2024-09-15T23:37:54.469+0000 7fbec24bd640 1 --2- 172.21.15.71:0/1538789027 >> [v2:172.21.15.71:6800/4097213184,v1:172.21.15.71:6801/4097213184] conn(0x7fbea403cb30 0x7fbea403ef20 unknown :-1 s=CLOSED pgs=1 cs=0 l=1 rev1=1 crypto rx=0 tx=0 comp rx=0 tx=0).stop
2024-09-15T23:37:55.053 INFO:teuthology.orchestra.run.smithi071.stdout:/usr/bin/ceph: stderr
2024-09-15T23:37:54.469+0000 7fbec24bd640 1 --2- 172.21.15.71:0/1538789027 >> [v2:172.21.15.71:6800/3832446656,v1:172.21.15.71:6801/3832446656] conn(0x7fbea4039200 0x7fbea403b6c0 unknown :-1 s=CLOSED pgs=0 cs=0 l=1 rev1=0 crypto rx=0 tx=0 comp rx=0 tx=0).stop
2024-09-15T23:37:55.053 INFO:teuthology.orchestra.run.smithi071.stdout:/usr/bin/ceph: stderr
2024-09-15T23:37:54.469+0000 7fbec24bd640 1 --2- 172.21.15.71:0/1538789027 >> [v2:172.21.15.71:3300/0,v1:172.21.15.71:6789/0] conn(0x7fbebc1064d0 0x7fbebc19d780 unknown :-1 s=CLOSED pgs=27 cs=0 l=1 rev1=1 crypto rx=0 tx=0 comp rx=0 tx=0).stop
2024-09-15T23:37:55.053 INFO:teuthology.orchestra.run.smithi071.stdout:/usr/bin/ceph: stderr
2024-09-15T23:37:54.469+0000 7fbec24bd640 1 -- 172.21.15.71:0/1538789027 >> 172.21.15.71:0/1538789027 conn(0x7fbebc101ce0 msgr2=0x7fbebc102870 unknown :-1 s=STATE_NONE l=0).mark_down
2024-09-15T23:37:55.053 INFO:teuthology.orchestra.run.smithi071.stdout:/usr/bin/ceph: stderr
2024-09-15T23:37:54.469+0000 7fbec24bd640 1 -- 172.21.15.71:0/1538789027 shutdown_connections
2024-09-15T23:37:55.053 INFO:teuthology.orchestra.run.smithi071.stdout:/usr/bin/ceph: stderr
2024-09-15T23:37:54.469+0000 7fbec24bd640 1 -- 172.21.15.71:0/1538789027 wait complete.
2024-09-15T23:37:55.053 INFO:teuthology.orchestra.run.smithi071.stdout:mgr epoch 5 is available
2024-09-15T23:37:55.053 INFO:teuthology.orchestra.run.smithi071.stdout:Setting orchestrator backend to cephadm...
2024-09-15T23:37:55.631 INFO:journalctl@ceph.mon.a.smithi071.stdout:Sep 15 23:37:55 smithi071 ceph-mon[30957]: from='client.14122 -' entity='client.admin' cmd=[{"prefix": "get_command_descriptions"}]: dispatch
2024-09-15T23:37:55.632 INFO:journalctl@ceph.mon.a.smithi071.stdout:Sep 15 23:37:55 smithi071 ceph-mon[30957]: from='client.14122 -' entity='client.admin' cmd=[{"prefix": "mgr_status"}]: dispatch
2024-09-15T23:37:55.632 INFO:journalctl@ceph.mon.a.smithi071.stdout:Sep 15 23:37:55 smithi071 ceph-mon[30957]: from='mgr.14118 172.21.15.71:0/1560328620' entity='mgr.x' cmd=[{"prefix": "config dump", "format": "json"}]: dispatch
2024-09-15T23:37:55.632 INFO:journalctl@ceph.mgr.x.smithi071.stdout:Sep 15 23:37:55 smithi071 ceph-4eeb5726-73bb-11ef-bceb-c7b262605968-mgr-x[31182]:
2024-09-15T23:37:55.444+0000 7fc7d9b27640 -1 log_channel(cephadm) log [ERR] : [15/Sep/2024:23:37:55] ENGINE Error in HTTPServer.serve
2024-09-15T23:37:55.632 INFO:journalctl@ceph.mgr.x.smithi071.stdout:Sep 15 23:37:55 smithi071 ceph-4eeb5726-73bb-11ef-bceb-c7b262605968-mgr-x[31182]: Traceback (most recent call last):
2024-09-15T23:37:55.632 INFO:journalctl@ceph.mgr.x.smithi071.stdout:Sep 15 23:37:55 smithi071 ceph-4eeb5726-73bb-11ef-bceb-c7b262605968-mgr-x[31182]: File "/lib/python3.9/site-packages/cheroot/server.py", line 1823, in serve
2024-09-15T23:37:55.632 INFO:journalctl@ceph.mgr.x.smithi071.stdout:Sep 15 23:37:55 smithi071 ceph-4eeb5726-73bb-11ef-bceb-c7b262605968-mgr-x[31182]: self._connections.run(self.expiration_interval)
2024-09-15T23:37:55.632 INFO:journalctl@ceph.mgr.x.smithi071.stdout:Sep 15 23:37:55 smithi071 ceph-4eeb5726-73bb-11ef-bceb-c7b262605968-mgr-x[31182]: File "/lib/python3.9/site-packages/cheroot/connections.py", line 203, in run
2024-09-15T23:37:55.632 INFO:journalctl@ceph.mgr.x.smithi071.stdout:Sep 15 23:37:55 smithi071 ceph-4eeb5726-73bb-11ef-bceb-c7b262605968-mgr-x[31182]: self._run(expiration_interval)
2024-09-15T23:37:55.633 INFO:journalctl@ceph.mgr.x.smithi071.stdout:Sep 15 23:37:55 smithi071 ceph-4eeb5726-73bb-11ef-bceb-c7b262605968-mgr-x[31182]: File "/lib/python3.9/site-packages/cheroot/connections.py", line 246, in _run
2024-09-15T23:37:55.633 INFO:journalctl@ceph.mgr.x.smithi071.stdout:Sep 15 23:37:55 smithi071 ceph-4eeb5726-73bb-11ef-bceb-c7b262605968-mgr-x[31182]: new_conn = self._from_server_socket(self.server.socket)
2024-09-15T23:37:55.633 INFO:journalctl@ceph.mgr.x.smithi071.stdout:Sep 15 23:37:55 smithi071 ceph-4eeb5726-73bb-11ef-bceb-c7b262605968-mgr-x[31182]: File "/lib/python3.9/site-packages/cheroot/connections.py", line 300, in _from_server_socket
2024-09-15T23:37:55.633 INFO:journalctl@ceph.mgr.x.smithi071.stdout:Sep 15 23:37:55 smithi071 ceph-4eeb5726-73bb-11ef-bceb-c7b262605968-mgr-x[31182]: s, ssl_env = self.server.ssl_adapter.wrap(s)
2024-09-15T23:37:55.633 INFO:journalctl@ceph.mgr.x.smithi071.stdout:Sep 15 23:37:55 smithi071 ceph-4eeb5726-73bb-11ef-bceb-c7b262605968-mgr-x[31182]: File "/lib/python3.9/site-packages/cheroot/ssl/builtin.py", line 277, in wrap
2024-09-15T23:37:55.633 INFO:journalctl@ceph.mgr.x.smithi071.stdout:Sep 15 23:37:55 smithi071 ceph-4eeb5726-73bb-11ef-bceb-c7b262605968-mgr-x[31182]: s = self.context.wrap_socket(
2024-09-15T23:37:55.633 INFO:journalctl@ceph.mgr.x.smithi071.stdout:Sep 15 23:37:55 smithi071 ceph-4eeb5726-73bb-11ef-bceb-c7b262605968-mgr-x[31182]: File "/lib64/python3.9/ssl.py", line 501, in wrap_socket
2024-09-15T23:37:55.633 INFO:journalctl@ceph.mgr.x.smithi071.stdout:Sep 15 23:37:55 smithi071 ceph-4eeb5726-73bb-11ef-bceb-c7b262605968-mgr-x[31182]: return self.sslsocket_class._create(
2024-09-15T23:37:55.633 INFO:journalctl@ceph.mgr.x.smithi071.stdout:Sep 15 23:37:55 smithi071 ceph-4eeb5726-73bb-11ef-bceb-c7b262605968-mgr-x[31182]: File "/lib64/python3.9/ssl.py", line 1074, in _create
2024-09-15T23:37:55.633 INFO:journalctl@ceph.mgr.x.smithi071.stdout:Sep 15 23:37:55 smithi071 ceph-4eeb5726-73bb-11ef-bceb-c7b262605968-mgr-x[31182]: self.do_handshake()
2024-09-15T23:37:55.633 INFO:journalctl@ceph.mgr.x.smithi071.stdout:Sep 15 23:37:55 smithi071 ceph-4eeb5726-73bb-11ef-bceb-c7b262605968-mgr-x[31182]: File "/lib64/python3.9/ssl.py", line 1343, in do_handshake
2024-09-15T23:37:55.633 INFO:journalctl@ceph.mgr.x.smithi071.stdout:Sep 15 23:37:55 smithi071 ceph-4eeb5726-73bb-11ef-bceb-c7b262605968-mgr-x[31182]: self._sslobj.do_handshake()
2024-09-15T23:37:55.633 INFO:journalctl@ceph.mgr.x.smithi071.stdout:Sep 15 23:37:55 smithi071 ceph-4eeb5726-73bb-11ef-bceb-c7b262605968-mgr-x[31182]: ssl.SSLZeroReturnError: TLS/SSL connection has been closed (EOF) (_ssl.c:1133)
2024-09-15T23:37:55.634 INFO:journalctl@ceph.mgr.x.smithi071.stdout:Sep 15 23:37:55 smithi071 ceph-4eeb5726-73bb-11ef-bceb-c7b262605968-mgr-x[31182]:
2024-09-15T23:37:56.235 INFO:teuthology.orchestra.run.smithi071.stdout:/usr/bin/ceph: stderr
2024-09-15T23:37:55.436+0000 7fee371a5640 1 Processor -- start
2024-09-15T23:37:56.235 INFO:teuthology.orchestra.run.smithi071.stdout:/usr/bin/ceph: stderr
2024-09-15T23:37:55.437+0000 7fee371a5640 1 -- start start
2024-09-15T23:37:56.235 INFO:teuthology.orchestra.run.smithi071.stdout:/usr/bin/ceph: stderr
2024-09-15T23:37:55.437+0000 7fee371a5640 1 --2- >> [v2:172.21.15.71:3300/0,v1:172.21.15.71:6789/0] conn(0x7fee301080a0 0x7fee3010a490 unknown :-1 s=NONE pgs=0 cs=0 l=0 rev1=0 crypto rx=0 tx=0 comp rx=0 tx=0).connect
2024-09-15T23:37:56.235 INFO:teuthology.orchestra.run.smithi071.stdout:/usr/bin/ceph: stderr
2024-09-15T23:37:55.437+0000 7fee371a5640 1 -- --> [v2:172.21.15.71:3300/0,v1:172.21.15.71:6789/0] -- mon_getmap magic: 0 -- 0x7fee3007bdf0 con 0x7fee301080a0
2024-09-15T23:37:56.235 INFO:teuthology.orchestra.run.smithi071.stdout:/usr/bin/ceph: stderr
2024-09-15T23:37:55.437+0000 7fee34f41640 1 --2- >> [v2:172.21.15.71:3300/0,v1:172.21.15.71:6789/0] conn(0x7fee301080a0 0x7fee3010a490 unknown :-1 s=BANNER_CONNECTING pgs=0 cs=0 l=0 rev1=0 crypto rx=0 tx=0 comp rx=0 tx=0)._handle_peer_banner_payload supported=3 required=0
2024-09-15T23:37:56.235 INFO:teuthology.orchestra.run.smithi071.stdout:/usr/bin/ceph: stderr
2024-09-15T23:37:55.437+0000 7fee34f41640 1 --2- >> [v2:172.21.15.71:3300/0,v1:172.21.15.71:6789/0] conn(0x7fee301080a0 0x7fee3010a490 unknown :-1 s=HELLO_CONNECTING pgs=0 cs=0 l=0 rev1=1 crypto rx=0 tx=0 comp rx=0 tx=0).handle_hello peer v2:172.21.15.71:3300/0 says I am v2:172.21.15.71:50142/0 (socket says 172.21.15.71:50142)
2024-09-15T23:37:56.235 INFO:teuthology.orchestra.run.smithi071.stdout:/usr/bin/ceph: stderr
2024-09-15T23:37:55.437+0000 7fee34f41640 1 -- 172.21.15.71:0/159935583 learned_addr learned my addr 172.21.15.71:0/159935583 (peer_addr_for_me v2:172.21.15.71:0/0)
2024-09-15T23:37:56.236 INFO:teuthology.orchestra.run.smithi071.stdout:/usr/bin/ceph: stderr
2024-09-15T23:37:55.437+0000 7fee34f41640 1 -- 172.21.15.71:0/159935583 --> [v2:172.21.15.71:3300/0,v1:172.21.15.71:6789/0] -- mon_subscribe({config=0+,monmap=0+}) -- 0x7fee3010a9d0 con 0x7fee301080a0
2024-09-15T23:37:56.236 INFO:teuthology.orchestra.run.smithi071.stdout:/usr/bin/ceph: stderr
2024-09-15T23:37:55.438+0000 7fee34f41640 1 --2- 172.21.15.71:0/159935583 >> [v2:172.21.15.71:3300/0,v1:172.21.15.71:6789/0] conn(0x7fee301080a0 0x7fee3010a490 secure :-1 s=READY pgs=35 cs=0 l=1 rev1=1 crypto rx=0x7fee24009820 tx=0x7fee2402a270 comp rx=0 tx=0).ready entity=mon.0 client_cookie=56c3943d2965b1e0 server_cookie=0 in_seq=0 out_seq=0
2024-09-15T23:37:56.236 INFO:teuthology.orchestra.run.smithi071.stdout:/usr/bin/ceph: stderr
2024-09-15T23:37:55.438+0000 7fee2f7fe640 1 -- 172.21.15.71:0/159935583 <== mon.0 v2:172.21.15.71:3300/0 1 ==== mon_map magic: 0 ==== 205+0+0 (secure 0 0 0) 0x7fee24037070 con 0x7fee301080a0
2024-09-15T23:37:56.236 INFO:teuthology.orchestra.run.smithi071.stdout:/usr/bin/ceph: stderr
2024-09-15T23:37:55.438+0000 7fee2f7fe640 1 -- 172.21.15.71:0/159935583 <== mon.0 v2:172.21.15.71:3300/0 2 ==== config(26 keys) ==== 1071+0+0 (secure 0 0 0) 0x7fee240328d0 con 0x7fee301080a0
2024-09-15T23:37:56.236 INFO:teuthology.orchestra.run.smithi071.stdout:/usr/bin/ceph: stderr
2024-09-15T23:37:55.438+0000 7fee2f7fe640 1 -- 172.21.15.71:0/159935583 <== mon.0 v2:172.21.15.71:3300/0 3 ==== mon_map magic: 0 ==== 205+0+0 (secure 0 0 0) 0x7fee240307d0 con 0x7fee301080a0
2024-09-15T23:37:56.236 INFO:teuthology.orchestra.run.smithi071.stdout:/usr/bin/ceph: stderr
2024-09-15T23:37:55.439+0000 7fee371a5640 1 -- 172.21.15.71:0/159935583 >> [v2:172.21.15.71:3300/0,v1:172.21.15.71:6789/0] conn(0x7fee301080a0 msgr2=0x7fee3010a490 secure :-1 s=STATE_CONNECTION_ESTABLISHED l=1).mark_down
2024-09-15T23:37:56.236 INFO:teuthology.orchestra.run.smithi071.stdout:/usr/bin/ceph: stderr
