2024-09-15T23:42:36.477+0000 7f8cf5951040 -1 mgr[py] Module rook has missing NOTIFY_TYPES member
2024-09-15T23:42:36.595 INFO:journalctl@ceph.mgr.x.smithi151.stdout:Sep 15 23:42:36 smithi151 ceph-e958a53e-73bb-11ef-bceb-c7b262605968-mgr-x[31160]:
2024-09-15T23:42:36.593+0000 7f8cf5951040 -1 mgr[py] Module iostat has missing NOTIFY_TYPES member
2024-09-15T23:42:36.928 INFO:journalctl@ceph.mgr.x.smithi151.stdout:Sep 15 23:42:36 smithi151 ceph-e958a53e-73bb-11ef-bceb-c7b262605968-mgr-x[31160]:
2024-09-15T23:42:36.737+0000 7f8cf5951040 -1 mgr[py] Module orchestrator has missing NOTIFY_TYPES member
2024-09-15T23:42:36.928 INFO:journalctl@ceph.mgr.x.smithi151.stdout:Sep 15 23:42:36 smithi151 ceph-e958a53e-73bb-11ef-bceb-c7b262605968-mgr-x[31160]:
2024-09-15T23:42:36.799+0000 7f8cf5951040 -1 mgr[py] Module devicehealth has missing NOTIFY_TYPES member
2024-09-15T23:42:37.239 INFO:journalctl@ceph.mgr.x.smithi151.stdout:Sep 15 23:42:36 smithi151 ceph-e958a53e-73bb-11ef-bceb-c7b262605968-mgr-x[31160]:
2024-09-15T23:42:36.950+0000 7f8cf5951040 -1 mgr[py] Module rgw has missing NOTIFY_TYPES member
2024-09-15T23:42:37.239 INFO:journalctl@ceph.mgr.x.smithi151.stdout:Sep 15 23:42:37 smithi151 ceph-e958a53e-73bb-11ef-bceb-c7b262605968-mgr-x[31160]:
2024-09-15T23:42:37.019+0000 7f8cf5951040 -1 mgr[py] Module alerts has missing NOTIFY_TYPES member
2024-09-15T23:42:37.239 INFO:journalctl@ceph.mgr.x.smithi151.stdout:Sep 15 23:42:37 smithi151 ceph-e958a53e-73bb-11ef-bceb-c7b262605968-mgr-x[31160]:
2024-09-15T23:42:37.080+0000 7f8cf5951040 -1 mgr[py] Module progress has missing NOTIFY_TYPES member
2024-09-15T23:42:37.239 INFO:journalctl@ceph.mgr.x.smithi151.stdout:Sep 15 23:42:37 smithi151 ceph-e958a53e-73bb-11ef-bceb-c7b262605968-mgr-x[31160]:
2024-09-15T23:42:37.238+0000 7f8cf5951040 -1 mgr[py] Module nfs has missing NOTIFY_TYPES member
2024-09-15T23:42:37.514 INFO:journalctl@ceph.mgr.x.smithi151.stdout:Sep 15 23:42:37 smithi151 ceph-e958a53e-73bb-11ef-bceb-c7b262605968-mgr-x[31160]:
2024-09-15T23:42:37.303+0000 7f8cf5951040 -1 mgr[py] Module status has missing NOTIFY_TYPES member
2024-09-15T23:42:37.514 INFO:journalctl@ceph.mgr.x.smithi151.stdout:Sep 15 23:42:37 smithi151 ceph-e958a53e-73bb-11ef-bceb-c7b262605968-mgr-x[31160]:
2024-09-15T23:42:37.369+0000 7f8cf5951040 -1 mgr[py] Module pg_autoscaler has missing NOTIFY_TYPES member
2024-09-15T23:42:37.514 INFO:journalctl@ceph.mgr.x.smithi151.stdout:Sep 15 23:42:37 smithi151 ceph-e958a53e-73bb-11ef-bceb-c7b262605968-mgr-x[31160]:
2024-09-15T23:42:37.452+0000 7f8cf5951040 -1 mgr[py] Module rbd_support has missing NOTIFY_TYPES member
2024-09-15T23:42:37.514 INFO:journalctl@ceph.mgr.x.smithi151.stdout:Sep 15 23:42:37 smithi151 ceph-e958a53e-73bb-11ef-bceb-c7b262605968-mgr-x[31160]:
2024-09-15T23:42:37.513+0000 7f8cf5951040 -1 mgr[py] Module influx has missing NOTIFY_TYPES member
2024-09-15T23:42:37.928 INFO:journalctl@ceph.mgr.x.smithi151.stdout:Sep 15 23:42:37 smithi151 ceph-e958a53e-73bb-11ef-bceb-c7b262605968-mgr-x[31160]:
2024-09-15T23:42:37.572+0000 7f8cf5951040 -1 mgr[py] Module zabbix has missing NOTIFY_TYPES member
2024-09-15T23:42:38.678 INFO:journalctl@ceph.mgr.x.smithi151.stdout:Sep 15 23:42:38 smithi151 ceph-e958a53e-73bb-11ef-bceb-c7b262605968-mgr-x[31160]:
2024-09-15T23:42:38.360+0000 7f8cf5951040 -1 mgr[py] Module telegraf has missing NOTIFY_TYPES member
2024-09-15T23:42:38.678 INFO:journalctl@ceph.mon.a.smithi151.stdout:Sep 15 23:42:38 smithi151 ceph-mon[30934]: Active manager daemon x restarted
2024-09-15T23:42:38.678 INFO:journalctl@ceph.mon.a.smithi151.stdout:Sep 15 23:42:38 smithi151 ceph-mon[30934]: Activating manager daemon x
2024-09-15T23:42:38.679 INFO:journalctl@ceph.mon.a.smithi151.stdout:Sep 15 23:42:38 smithi151 ceph-mon[30934]: osdmap e3: 0 total, 0 up, 0 in
2024-09-15T23:42:38.679 INFO:journalctl@ceph.mon.a.smithi151.stdout:Sep 15 23:42:38 smithi151 ceph-mon[30934]: mgrmap e10: x(active, starting, since 0.00345924s)
2024-09-15T23:42:38.679 INFO:journalctl@ceph.mon.a.smithi151.stdout:Sep 15 23:42:38 smithi151 ceph-mon[30934]: from='mgr.14150 172.21.15.151:0/1909144551' entity='mgr.x' cmd=[{"prefix": "mon metadata", "id": "a"}]: dispatch
2024-09-15T23:42:38.679 INFO:journalctl@ceph.mon.a.smithi151.stdout:Sep 15 23:42:38 smithi151 ceph-mon[30934]: from='mgr.14150 172.21.15.151:0/1909144551' entity='mgr.x' cmd=[{"prefix": "mgr metadata", "who": "x", "id": "x"}]: dispatch
2024-09-15T23:42:38.679 INFO:journalctl@ceph.mon.a.smithi151.stdout:Sep 15 23:42:38 smithi151 ceph-mon[30934]: from='mgr.14150 172.21.15.151:0/1909144551' entity='mgr.x' cmd=[{"prefix": "mds metadata"}]: dispatch
2024-09-15T23:42:38.679 INFO:journalctl@ceph.mon.a.smithi151.stdout:Sep 15 23:42:38 smithi151 ceph-mon[30934]: from='mgr.14150 172.21.15.151:0/1909144551' entity='mgr.x' cmd=[{"prefix": "osd metadata"}]: dispatch
2024-09-15T23:42:38.679 INFO:journalctl@ceph.mon.a.smithi151.stdout:Sep 15 23:42:38 smithi151 ceph-mon[30934]: from='mgr.14150 172.21.15.151:0/1909144551' entity='mgr.x' cmd=[{"prefix": "mon metadata"}]: dispatch
2024-09-15T23:42:38.679 INFO:journalctl@ceph.mon.a.smithi151.stdout:Sep 15 23:42:38 smithi151 ceph-mon[30934]: Manager daemon x is now available
2024-09-15T23:42:38.679 INFO:journalctl@ceph.mon.a.smithi151.stdout:Sep 15 23:42:38 smithi151 ceph-mon[30934]: from='mgr.14150 172.21.15.151:0/1909144551' entity='mgr.x' cmd=[{"prefix": "config dump", "format": "json"}]: dispatch
2024-09-15T23:42:38.679 INFO:journalctl@ceph.mon.a.smithi151.stdout:Sep 15 23:42:38 smithi151 ceph-mon[30934]: from='mgr.14150 172.21.15.151:0/1909144551' entity='mgr.x' cmd=[{"prefix":"config rm","who":"mgr","name":"mgr/rbd_support/x/mirror_snapshot_schedule"}]: dispatch
2024-09-15T23:42:38.679 INFO:journalctl@ceph.mon.a.smithi151.stdout:Sep 15 23:42:38 smithi151 ceph-mon[30934]: from='mgr.14150 172.21.15.151:0/1909144551' entity='mgr.x' cmd=[{"prefix":"config rm","who":"mgr","name":"mgr/rbd_support/x/trash_purge_schedule"}]: dispatch
2024-09-15T23:42:39.928 INFO:journalctl@ceph.mgr.x.smithi151.stdout:Sep 15 23:42:39 smithi151 ceph-e958a53e-73bb-11ef-bceb-c7b262605968-mgr-x[31160]:
2024-09-15T23:42:39.507+0000 7f8c5b41a640 -1 log_channel(cephadm) log [ERR] : [15/Sep/2024:23:42:39] ENGINE Error in HTTPServer.serve
2024-09-15T23:42:39.928 INFO:journalctl@ceph.mgr.x.smithi151.stdout:Sep 15 23:42:39 smithi151 ceph-e958a53e-73bb-11ef-bceb-c7b262605968-mgr-x[31160]: Traceback (most recent call last):
2024-09-15T23:42:39.929 INFO:journalctl@ceph.mgr.x.smithi151.stdout:Sep 15 23:42:39 smithi151 ceph-e958a53e-73bb-11ef-bceb-c7b262605968-mgr-x[31160]: File "/lib/python3.9/site-packages/cheroot/server.py", line 1823, in serve
2024-09-15T23:42:39.929 INFO:journalctl@ceph.mgr.x.smithi151.stdout:Sep 15 23:42:39 smithi151 ceph-e958a53e-73bb-11ef-bceb-c7b262605968-mgr-x[31160]: self._connections.run(self.expiration_interval)
2024-09-15T23:42:39.929 INFO:journalctl@ceph.mgr.x.smithi151.stdout:Sep 15 23:42:39 smithi151 ceph-e958a53e-73bb-11ef-bceb-c7b262605968-mgr-x[31160]: File "/lib/python3.9/site-packages/cheroot/connections.py", line 203, in run
2024-09-15T23:42:39.929 INFO:journalctl@ceph.mgr.x.smithi151.stdout:Sep 15 23:42:39 smithi151 ceph-e958a53e-73bb-11ef-bceb-c7b262605968-mgr-x[31160]: self._run(expiration_interval)
2024-09-15T23:42:39.929 INFO:journalctl@ceph.mgr.x.smithi151.stdout:Sep 15 23:42:39 smithi151 ceph-e958a53e-73bb-11ef-bceb-c7b262605968-mgr-x[31160]: File "/lib/python3.9/site-packages/cheroot/connections.py", line 246, in _run
2024-09-15T23:42:39.929 INFO:journalctl@ceph.mgr.x.smithi151.stdout:Sep 15 23:42:39 smithi151 ceph-e958a53e-73bb-11ef-bceb-c7b262605968-mgr-x[31160]: new_conn = self._from_server_socket(self.server.socket)
2024-09-15T23:42:39.929 INFO:journalctl@ceph.mgr.x.smithi151.stdout:Sep 15 23:42:39 smithi151 ceph-e958a53e-73bb-11ef-bceb-c7b262605968-mgr-x[31160]: File "/lib/python3.9/site-packages/cheroot/connections.py", line 300, in _from_server_socket
2024-09-15T23:42:39.929 INFO:journalctl@ceph.mgr.x.smithi151.stdout:Sep 15 23:42:39 smithi151 ceph-e958a53e-73bb-11ef-bceb-c7b262605968-mgr-x[31160]: s, ssl_env = self.server.ssl_adapter.wrap(s)
2024-09-15T23:42:39.929 INFO:journalctl@ceph.mgr.x.smithi151.stdout:Sep 15 23:42:39 smithi151 ceph-e958a53e-73bb-11ef-bceb-c7b262605968-mgr-x[31160]: File "/lib/python3.9/site-packages/cheroot/ssl/builtin.py", line 277, in wrap
2024-09-15T23:42:39.929 INFO:journalctl@ceph.mgr.x.smithi151.stdout:Sep 15 23:42:39 smithi151 ceph-e958a53e-73bb-11ef-bceb-c7b262605968-mgr-x[31160]: s = self.context.wrap_socket(
2024-09-15T23:42:39.929 INFO:journalctl@ceph.mgr.x.smithi151.stdout:Sep 15 23:42:39 smithi151 ceph-e958a53e-73bb-11ef-bceb-c7b262605968-mgr-x[31160]: File "/lib64/python3.9/ssl.py", line 501, in wrap_socket
2024-09-15T23:42:39.929 INFO:journalctl@ceph.mgr.x.smithi151.stdout:Sep 15 23:42:39 smithi151 ceph-e958a53e-73bb-11ef-bceb-c7b262605968-mgr-x[31160]: return self.sslsocket_class._create(
2024-09-15T23:42:39.929 INFO:journalctl@ceph.mgr.x.smithi151.stdout:Sep 15 23:42:39 smithi151 ceph-e958a53e-73bb-11ef-bceb-c7b262605968-mgr-x[31160]: File "/lib64/python3.9/ssl.py", line 1074, in _create
2024-09-15T23:42:39.929 INFO:journalctl@ceph.mgr.x.smithi151.stdout:Sep 15 23:42:39 smithi151 ceph-e958a53e-73bb-11ef-bceb-c7b262605968-mgr-x[31160]: self.do_handshake()
2024-09-15T23:42:39.930 INFO:journalctl@ceph.mgr.x.smithi151.stdout:Sep 15 23:42:39 smithi151 ceph-e958a53e-73bb-11ef-bceb-c7b262605968-mgr-x[31160]: File "/lib64/python3.9/ssl.py", line 1343, in do_handshake
2024-09-15T23:42:39.930 INFO:journalctl@ceph.mgr.x.smithi151.stdout:Sep 15 23:42:39 smithi151 ceph-e958a53e-73bb-11ef-bceb-c7b262605968-mgr-x[31160]: self._sslobj.do_handshake()
2024-09-15T23:42:39.930 INFO:journalctl@ceph.mgr.x.smithi151.stdout:Sep 15 23:42:39 smithi151 ceph-e958a53e-73bb-11ef-bceb-c7b262605968-mgr-x[31160]: ssl.SSLZeroReturnError: TLS/SSL connection has been closed (EOF) (_ssl.c:1133)
2024-09-15T23:42:39.930 INFO:journalctl@ceph.mgr.x.smithi151.stdout:Sep 15 23:42:39 smithi151 ceph-e958a53e-73bb-11ef-bceb-c7b262605968-mgr-x[31160]:
2024-09-15T23:42:40.167 INFO:teuthology.orchestra.run.smithi151.stdout:/usr/bin/ceph: stdout {
2024-09-15T23:42:40.168 INFO:teuthology.orchestra.run.smithi151.stdout:/usr/bin/ceph: stdout "mgrmap_epoch": 11,
2024-09-15T23:42:40.168 INFO:teuthology.orchestra.run.smithi151.stdout:/usr/bin/ceph: stdout "initialized": true
2024-09-15T23:42:40.168 INFO:teuthology.orchestra.run.smithi151.stdout:/usr/bin/ceph: stdout }
2024-09-15T23:42:40.168 INFO:teuthology.orchestra.run.smithi151.stdout:/usr/bin/ceph: stderr
2024-09-15T23:42:36.074+0000 7f4382964640 1 Processor -- start
2024-09-15T23:42:40.168 INFO:teuthology.orchestra.run.smithi151.stdout:/usr/bin/ceph: stderr
2024-09-15T23:42:36.074+0000 7f4382964640 1 -- start start
2024-09-15T23:42:40.168 INFO:teuthology.orchestra.run.smithi151.stdout:/usr/bin/ceph: stderr
2024-09-15T23:42:36.074+0000 7f4382964640 1 --2- >> [v2:172.21.15.151:3300/0,v1:172.21.15.151:6789/0] conn(0x7f437c1080e0 0x7f437c10a4d0 unknown :-1 s=NONE pgs=0 cs=0 l=0 rev1=0 crypto rx=0 tx=0 comp rx=0 tx=0).connect
2024-09-15T23:42:40.168 INFO:teuthology.orchestra.run.smithi151.stdout:/usr/bin/ceph: stderr
2024-09-15T23:42:36.074+0000 7f4382964640 1 -- --> [v2:172.21.15.151:3300/0,v1:172.21.15.151:6789/0] -- mon_getmap magic: 0 -- 0x7f437c07be00 con 0x7f437c1080e0
2024-09-15T23:42:40.168 INFO:teuthology.orchestra.run.smithi151.stdout:/usr/bin/ceph: stderr
2024-09-15T23:42:36.074+0000 7f437bfff640 1 --2- >> [v2:172.21.15.151:3300/0,v1:172.21.15.151:6789/0] conn(0x7f437c1080e0 0x7f437c10a4d0 unknown :-1 s=BANNER_CONNECTING pgs=0 cs=0 l=0 rev1=0 crypto rx=0 tx=0 comp rx=0 tx=0)._handle_peer_banner_payload supported=3 required=0
2024-09-15T23:42:40.168 INFO:teuthology.orchestra.run.smithi151.stdout:/usr/bin/ceph: stderr
2024-09-15T23:42:36.074+0000 7f437bfff640 1 --2- >> [v2:172.21.15.151:3300/0,v1:172.21.15.151:6789/0] conn(0x7f437c1080e0 0x7f437c10a4d0 unknown :-1 s=HELLO_CONNECTING pgs=0 cs=0 l=0 rev1=1 crypto rx=0 tx=0 comp rx=0 tx=0).handle_hello peer v2:172.21.15.151:3300/0 says I am v2:172.21.15.151:37202/0 (socket says 172.21.15.151:37202)
2024-09-15T23:42:40.168 INFO:teuthology.orchestra.run.smithi151.stdout:/usr/bin/ceph: stderr
2024-09-15T23:42:36.074+0000 7f437bfff640 1 -- 172.21.15.151:0/341249685 learned_addr learned my addr 172.21.15.151:0/341249685 (peer_addr_for_me v2:172.21.15.151:0/0)
2024-09-15T23:42:40.168 INFO:teuthology.orchestra.run.smithi151.stdout:/usr/bin/ceph: stderr
2024-09-15T23:42:36.074+0000 7f437bfff640 1 -- 172.21.15.151:0/341249685 --> [v2:172.21.15.151:3300/0,v1:172.21.15.151:6789/0] -- mon_subscribe({config=0+,monmap=0+}) -- 0x7f437c10aa10 con 0x7f437c1080e0
2024-09-15T23:42:40.168 INFO:teuthology.orchestra.run.smithi151.stdout:/usr/bin/ceph: stderr
2024-09-15T23:42:36.075+0000 7f437bfff640 1 --2- 172.21.15.151:0/341249685 >> [v2:172.21.15.151:3300/0,v1:172.21.15.151:6789/0] conn(0x7f437c1080e0 0x7f437c10a4d0 secure :-1 s=READY pgs=59 cs=0 l=1 rev1=1 crypto rx=0x7f436c009820 tx=0x7f436c02a270 comp rx=0 tx=0).ready entity=mon.0 client_cookie=863abed6dca542bb server_cookie=0 in_seq=0 out_seq=0
2024-09-15T23:42:40.169 INFO:teuthology.orchestra.run.smithi151.stdout:/usr/bin/ceph: stderr
2024-09-15T23:42:36.075+0000 7f437affd640 1 -- 172.21.15.151:0/341249685 <== mon.0 v2:172.21.15.151:3300/0 1 ==== mon_map magic: 0 ==== 205+0+0 (secure 0 0 0) 0x7f436c037070 con 0x7f437c1080e0
2024-09-15T23:42:40.169 INFO:teuthology.orchestra.run.smithi151.stdout:/usr/bin/ceph: stderr
2024-09-15T23:42:36.075+0000 7f437affd640 1 -- 172.21.15.151:0/341249685 <== mon.0 v2:172.21.15.151:3300/0 2 ==== config(27 keys) ==== 1140+0+0 (secure 0 0 0) 0x7f436c032920 con 0x7f437c1080e0
2024-09-15T23:42:40.169 INFO:teuthology.orchestra.run.smithi151.stdout:/usr/bin/ceph: stderr
2024-09-15T23:42:36.075+0000 7f437affd640 1 -- 172.21.15.151:0/341249685 <== mon.0 v2:172.21.15.151:3300/0 3 ==== mon_map magic: 0 ==== 205+0+0 (secure 0 0 0) 0x7f436c030810 con 0x7f437c1080e0
2024-09-15T23:42:40.169 INFO:teuthology.orchestra.run.smithi151.stdout:/usr/bin/ceph: stderr
2024-09-15T23:42:36.076+0000 7f4382964640 1 -- 172.21.15.151:0/341249685 >> [v2:172.21.15.151:3300/0,v1:172.21.15.151:6789/0] conn(0x7f437c1080e0 msgr2=0x7f437c10a4d0 secure :-1 s=STATE_CONNECTION_ESTABLISHED l=1).mark_down
2024-09-15T23:42:40.169 INFO:teuthology.orchestra.run.smithi151.stdout:/usr/bin/ceph: stderr
2024-09-15T23:42:36.076+0000 7f4382964640 1 --2- 172.21.15.151:0/341249685 >> [v2:172.21.15.151:3300/0,v1:172.21.15.151:6789/0] conn(0x7f437c1080e0 0x7f437c10a4d0 secure :-1 s=READY pgs=59 cs=0 l=1 rev1=1 crypto rx=0x7f436c009820 tx=0x7f436c02a270 comp rx=0 tx=0).stop
2024-09-15T23:42:40.169 INFO:teuthology.orchestra.run.smithi151.stdout:/usr/bin/ceph: stderr
2024-09-15T23:42:36.076+0000 7f4382964640 1 -- 172.21.15.151:0/341249685 shutdown_connections
2024-09-15T23:42:40.169 INFO:teuthology.orchestra.run.smithi151.stdout:/usr/bin/ceph: stderr
2024-09-15T23:42:36.076+0000 7f4382964640 1 --2- 172.21.15.151:0/341249685 >> [v2:172.21.15.151:3300/0,v1:172.21.15.151:6789/0] conn(0x7f437c1080e0 0x7f437c10a4d0 unknown :-1 s=CLOSED pgs=59 cs=0 l=1 rev1=1 crypto rx=0 tx=0 comp rx=0 tx=0).stop
2024-09-15T23:42:40.169 INFO:teuthology.orchestra.run.smithi151.stdout:/usr/bin/ceph: stderr
2024-09-15T23:42:36.076+0000 7f4382964640 1 -- 172.21.15.151:0/341249685 >> 172.21.15.151:0/341249685 conn(0x7f437c101ca0 msgr2=0x7f437c1040e0 unknown :-1 s=STATE_NONE l=0).mark_down
2024-09-15T23:42:40.169 INFO:teuthology.orchestra.run.smithi151.stdout:/usr/bin/ceph: stderr
2024-09-15T23:42:36.076+0000 7f4382964640 1 -- 172.21.15.151:0/341249685 shutdown_connections
2024-09-15T23:42:40.169 INFO:teuthology.orchestra.run.smithi151.stdout:/usr/bin/ceph: stderr
2024-09-15T23:42:36.076+0000 7f4382964640 1 -- 172.21.15.151:0/341249685 wait complete.
2024-09-15T23:42:40.169 INFO:teuthology.orchestra.run.smithi151.stdout:/usr/bin/ceph: stderr
2024-09-15T23:42:36.077+0000 7f4382964640 1 Processor -- start
2024-09-15T23:42:40.169 INFO:teuthology.orchestra.run.smithi151.stdout:/usr/bin/ceph: stderr
2024-09-15T23:42:36.077+0000 7f4382964640 1 -- start start
2024-09-15T23:42:40.169 INFO:teuthology.orchestra.run.smithi151.stdout:/usr/bin/ceph: stderr
2024-09-15T23:42:36.077+0000 7f4382964640 1 --2- >> [v2:172.21.15.151:3300/0,v1:172.21.15.151:6789/0] conn(0x7f437c1080e0 0x7f437c19b5d0 unknown :-1 s=NONE pgs=0 cs=0 l=1 rev1=0 crypto rx=0 tx=0 comp rx=0 tx=0).connect
2024-09-15T23:42:40.169 INFO:teuthology.orchestra.run.smithi151.stdout:/usr/bin/ceph: stderr
2024-09-15T23:42:36.077+0000 7f4382964640 1 -- --> [v2:172.21.15.151:3300/0,v1:172.21.15.151:6789/0] -- mon_getmap magic: 0 -- 0x7f437c10ba30 con 0x7f437c1080e0
2024-09-15T23:42:40.169 INFO:teuthology.orchestra.run.smithi151.stdout:/usr/bin/ceph: stderr
2024-09-15T23:42:36.077+0000 7f437bfff640 1 --2- >> [v2:172.21.15.151:3300/0,v1:172.21.15.151:6789/0] conn(0x7f437c1080e0 0x7f437c19b5d0 unknown :-1 s=BANNER_CONNECTING pgs=0 cs=0 l=1 rev1=0 crypto rx=0 tx=0 comp rx=0 tx=0)._handle_peer_banner_payload supported=3 required=0
2024-09-15T23:42:40.170 INFO:teuthology.orchestra.run.smithi151.stdout:/usr/bin/ceph: stderr
2024-09-15T23:42:36.077+0000 7f437bfff640 1 --2- >> [v2:172.21.15.151:3300/0,v1:172.21.15.151:6789/0] conn(0x7f437c1080e0 0x7f437c19b5d0 unknown :-1 s=HELLO_CONNECTING pgs=0 cs=0 l=1 rev1=1 crypto rx=0 tx=0 comp rx=0 tx=0).handle_hello peer v2:172.21.15.151:3300/0 says I am v2:172.21.15.151:37212/0 (socket says 172.21.15.151:37212)
2024-09-15T23:42:40.170 INFO:teuthology.orchestra.run.smithi151.stdout:/usr/bin/ceph: stderr
2024-09-15T23:42:36.077+0000 7f437bfff640 1 -- 172.21.15.151:0/1443469690 learned_addr learned my addr 172.21.15.151:0/1443469690 (peer_addr_for_me v2:172.21.15.151:0/0)
2024-09-15T23:42:40.170 INFO:teuthology.orchestra.run.smithi151.stdout:/usr/bin/ceph: stderr
2024-09-15T23:42:36.078+0000 7f437bfff640 1 -- 172.21.15.151:0/1443469690 --> [v2:172.21.15.151:3300/0,v1:172.21.15.151:6789/0] -- mon_subscribe({config=0+,monmap=0+}) -- 0x7f437c19bb10 con 0x7f437c1080e0
2024-09-15T23:42:40.170 INFO:teuthology.orchestra.run.smithi151.stdout:/usr/bin/ceph: stderr
2024-09-15T23:42:36.078+0000 7f437bfff640 1 --2- 172.21.15.151:0/1443469690 >> [v2:172.21.15.151:3300/0,v1:172.21.15.151:6789/0] conn(0x7f437c1080e0 0x7f437c19b5d0 secure :-1 s=READY pgs=60 cs=0 l=1 rev1=1 crypto rx=0x7f436c030380 tx=0x7f436c032670 comp rx=0 tx=0).ready entity=mon.0 client_cookie=0 server_cookie=0 in_seq=0 out_seq=0
2024-09-15T23:42:40.170 INFO:teuthology.orchestra.run.smithi151.stdout:/usr/bin/ceph: stderr
2024-09-15T23:42:36.078+0000 7f43797fa640 1 -- 172.21.15.151:0/1443469690 <== mon.0 v2:172.21.15.151:3300/0 1 ==== mon_map magic: 0 ==== 205+0+0 (secure 0 0 0) 0x7f436c037040 con 0x7f437c1080e0
2024-09-15T23:42:40.170 INFO:teuthology.orchestra.run.smithi151.stdout:/usr/bin/ceph: stderr
2024-09-15T23:42:36.078+0000 7f43797fa640 1 -- 172.21.15.151:0/1443469690 <== mon.0 v2:172.21.15.151:3300/0 2 ==== config(27 keys) ==== 1140+0+0 (secure 0 0 0) 0x7f436c040070 con 0x7f437c1080e0
2024-09-15T23:42:40.170 INFO:teuthology.orchestra.run.smithi151.stdout:/usr/bin/ceph: stderr
2024-09-15T23:42:36.078+0000 7f4382964640 1 -- 172.21.15.151:0/1443469690 --> [v2:172.21.15.151:3300/0,v1:172.21.15.151:6789/0] -- mon_subscribe({mgrmap=0+}) -- 0x7f437c19bda0 con 0x7f437c1080e0
2024-09-15T23:42:40.170 INFO:teuthology.orchestra.run.smithi151.stdout:/usr/bin/ceph: stderr
2024-09-15T23:42:36.078+0000 7f43797fa640 1 -- 172.21.15.151:0/1443469690 <== mon.0 v2:172.21.15.151:3300/0 3 ==== mon_map magic: 0 ==== 205+0+0 (secure 0 0 0) 0x7f436c03a7b0 con 0x7f437c1080e0
2024-09-15T23:42:40.170 INFO:teuthology.orchestra.run.smithi151.stdout:/usr/bin/ceph: stderr
2024-09-15T23:42:36.078+0000 7f4382964640 1 -- 172.21.15.151:0/1443469690 --> [v2:172.21.15.151:3300/0,v1:172.21.15.151:6789/0] -- mon_subscribe({osdmap=0}) -- 0x7f437c19ea90 con 0x7f437c1080e0
2024-09-15T23:42:40.170 INFO:teuthology.orchestra.run.smithi151.stdout:/usr/bin/ceph: stderr
2024-09-15T23:42:36.079+0000 7f43797fa640 1 -- 172.21.15.151:0/1443469690 <== mon.0 v2:172.21.15.151:3300/0 4 ==== mgrmap(e 9) ==== 46474+0+0 (secure 0 0 0) 0x7f436c03aa30 con 0x7f437c1080e0
2024-09-15T23:42:40.170 INFO:teuthology.orchestra.run.smithi151.stdout:/usr/bin/ceph: stderr
2024-09-15T23:42:36.079+0000 7f43797fa640 1 --2- 172.21.15.151:0/1443469690 >> [v2:172.21.15.151:6800/861451186,v1:172.21.15.151:6801/861451186] conn(0x7f4364039200 0x7f436403b6c0 unknown :-1 s=NONE pgs=0 cs=0 l=1 rev1=0 crypto rx=0 tx=0 comp rx=0 tx=0).connect
2024-09-15T23:42:40.170 INFO:teuthology.orchestra.run.smithi151.stdout:/usr/bin/ceph: stderr
2024-09-15T23:42:36.079+0000 7f43797fa640 1 -- 172.21.15.151:0/1443469690 --> [v2:172.21.15.151:6800/861451186,v1:172.21.15.151:6801/861451186] -- command(tid 0: {"prefix": "get_command_descriptions"}) -- 0x7f436403bdd0 con 0x7f4364039200
2024-09-15T23:42:40.170 INFO:teuthology.orchestra.run.smithi151.stdout:/usr/bin/ceph: stderr
2024-09-15T23:42:36.079+0000 7f43797fa640 1 -- 172.21.15.151:0/1443469690 <== mon.0 v2:172.21.15.151:3300/0 5 ==== osd_map(2..2 src has 1..2) ==== 940+0+0 (secure 0 0 0) 0x7f436c06c9f0 con 0x7f437c1080e0
2024-09-15T23:42:40.171 INFO:teuthology.orchestra.run.smithi151.stdout:/usr/bin/ceph: stderr
2024-09-15T23:42:36.079+0000 7f437b7fe640 1 -- 172.21.15.151:0/1443469690 >> [v2:172.21.15.151:6800/861451186,v1:172.21.15.151:6801/861451186] conn(0x7f4364039200 msgr2=0x7f436403b6c0 unknown :-1 s=STATE_CONNECTING_RE l=1).process reconnect failed to v2:172.21.15.151:6800/861451186
2024-09-15T23:42:40.171 INFO:teuthology.orchestra.run.smithi151.stdout:/usr/bin/ceph: stderr
2024-09-15T23:42:36.079+0000 7f437b7fe640 1 --2- 172.21.15.151:0/1443469690 >> [v2:172.21.15.151:6800/861451186,v1:172.21.15.151:6801/861451186] conn(0x7f4364039200 0x7f436403b6c0 unknown :-1 s=START_CONNECT pgs=0 cs=0 l=1 rev1=0 crypto rx=0 tx=0 comp rx=0 tx=0)._fault waiting 0.200000
2024-09-15T23:42:40.171 INFO:teuthology.orchestra.run.smithi151.stdout:/usr/bin/ceph: stderr
2024-09-15T23:42:36.280+0000 7f437b7fe640 1 -- 172.21.15.151:0/1443469690 >> [v2:172.21.15.151:6800/861451186,v1:172.21.15.151:6801/861451186] conn(0x7f4364039200 msgr2=0x7f436403b6c0 unknown :-1 s=STATE_CONNECTING_RE l=1).process reconnect failed to v2:172.21.15.151:6800/861451186
2024-09-15T23:42:40.171 INFO:teuthology.orchestra.run.smithi151.stdout:/usr/bin/ceph: stderr
2024-09-15T23:42:36.280+0000 7f437b7fe640 1 --2- 172.21.15.151:0/1443469690 >> [v2:172.21.15.151:6800/861451186,v1:172.21.15.151:6801/861451186] conn(0x7f4364039200 0x7f436403b6c0 unknown :-1 s=START_CONNECT pgs=0 cs=0 l=1 rev1=0 crypto rx=0 tx=0 comp rx=0 tx=0)._fault waiting 0.400000
2024-09-15T23:42:40.171 INFO:teuthology.orchestra.run.smithi151.stdout:/usr/bin/ceph: stderr
2024-09-15T23:42:36.681+0000 7f437b7fe640 1 -- 172.21.15.151:0/1443469690 >> [v2:172.21.15.151:6800/861451186,v1:172.21.15.151:6801/861451186] conn(0x7f4364039200 msgr2=0x7f436403b6c0 unknown :-1 s=STATE_CONNECTING_RE l=1).process reconnect failed to v2:172.21.15.151:6800/861451186
2024-09-15T23:42:40.171 INFO:teuthology.orchestra.run.smithi151.stdout:/usr/bin/ceph: stderr
2024-09-15T23:42:36.681+0000 7f437b7fe640 1 --2- 172.21.15.151:0/1443469690 >> [v2:172.21.15.151:6800/861451186,v1:172.21.15.151:6801/861451186] conn(0x7f4364039200 0x7f436403b6c0 unknown :-1 s=START_CONNECT pgs=0 cs=0 l=1 rev1=0 crypto rx=0 tx=0 comp rx=0 tx=0)._fault waiting 0.800000
2024-09-15T23:42:40.171 INFO:teuthology.orchestra.run.smithi151.stdout:/usr/bin/ceph: stderr
2024-09-15T23:42:37.482+0000 7f437b7fe640 1 -- 172.21.15.151:0/1443469690 >> [v2:172.21.15.151:6800/861451186,v1:172.21.15.151:6801/861451186] conn(0x7f4364039200 msgr2=0x7f436403b6c0 unknown :-1 s=STATE_CONNECTING_RE l=1).process reconnect failed to v2:172.21.15.151:6800/861451186
2024-09-15T23:42:40.171 INFO:teuthology.orchestra.run.smithi151.stdout:/usr/bin/ceph: stderr
2024-09-15T23:42:37.482+0000 7f437b7fe640 1 --2- 172.21.15.151:0/1443469690 >> [v2:172.21.15.151:6800/861451186,v1:172.21.15.151:6801/861451186] conn(0x7f4364039200 0x7f436403b6c0 unknown :-1 s=START_CONNECT pgs=0 cs=0 l=1 rev1=0 crypto rx=0 tx=0 comp rx=0 tx=0)._fault waiting 1.600000
2024-09-15T23:42:40.171 INFO:teuthology.orchestra.run.smithi151.stdout:/usr/bin/ceph: stderr
2024-09-15T23:42:38.363+0000 7f43797fa640 1 -- 172.21.15.151:0/1443469690 <== mon.0 v2:172.21.15.151:3300/0 6 ==== mgrmap(e 10) ==== 46241+0+0 (secure 0 0 0) 0x7f436c06b420 con 0x7f437c1080e0
2024-09-15T23:42:40.171 INFO:teuthology.orchestra.run.smithi151.stdout:/usr/bin/ceph: stderr
2024-09-15T23:42:38.364+0000 7f43797fa640 1 -- 172.21.15.151:0/1443469690 >> [v2:172.21.15.151:6800/861451186,v1:172.21.15.151:6801/861451186] conn(0x7f4364039200 msgr2=0x7f436403b6c0 unknown :-1 s=STATE_CONNECTING l=1).mark_down
2024-09-15T23:42:40.171 INFO:teuthology.orchestra.run.smithi151.stdout:/usr/bin/ceph: stderr
2024-09-15T23:42:38.364+0000 7f43797fa640 1 --2- 172.21.15.151:0/1443469690 >> [v2:172.21.15.151:6800/861451186,v1:172.21.15.151:6801/861451186] conn(0x7f4364039200 0x7f436403b6c0 unknown :-1 s=START_CONNECT pgs=0 cs=0 l=1 rev1=0 crypto rx=0 tx=0 comp rx=0 tx=0).stop
2024-09-15T23:42:40.171 INFO:teuthology.orchestra.run.smithi151.stdout:/usr/bin/ceph: stderr
2024-09-15T23:42:39.365+0000 7f43797fa640 1 -- 172.21.15.151:0/1443469690 <== mon.0 v2:172.21.15.151:3300/0 7 ==== mgrmap(e 11) ==== 46368+0+0 (secure 0 0 0) 0x7f436c06b710 con 0x7f437c1080e0
2024-09-15T23:42:40.171 INFO:teuthology.orchestra.run.smithi151.stdout:/usr/bin/ceph: stderr
2024-09-15T23:42:39.365+0000 7f43797fa640 1 --2- 172.21.15.151:0/1443469690 >> [v2:172.21.15.151:6800/1726409715,v1:172.21.15.151:6801/1726409715] conn(0x7f436403ccc0 0x7f436403f0b0 unknown :-1 s=NONE pgs=0 cs=0 l=1 rev1=0 crypto rx=0 tx=0 comp rx=0 tx=0).connect
2024-09-15T23:42:40.171 INFO:teuthology.orchestra.run.smithi151.stdout:/usr/bin/ceph: stderr
2024-09-15T23:42:39.365+0000 7f43797fa640 1 -- 172.21.15.151:0/1443469690 --> [v2:172.21.15.151:6800/1726409715,v1:172.21.15.151:6801/1726409715] -- command(tid 0: {"prefix": "get_command_descriptions"}) -- 0x7f436403bdd0 con 0x7f436403ccc0
2024-09-15T23:42:40.172 INFO:teuthology.orchestra.run.smithi151.stdout:/usr/bin/ceph: stderr
2024-09-15T23:42:39.365+0000 7f437b7fe640 1 --2- 172.21.15.151:0/1443469690 >> [v2:172.21.15.151:6800/1726409715,v1:172.21.15.151:6801/1726409715] conn(0x7f436403ccc0 0x7f436403f0b0 unknown :-1 s=BANNER_CONNECTING pgs=0 cs=0 l=1 rev1=0 crypto rx=0 tx=0 comp rx=0 tx=0)._handle_peer_banner_payload supported=3 required=0
2024-09-15T23:42:40.172 INFO:teuthology.orchestra.run.smithi151.stdout:/usr/bin/ceph: stderr
2024-09-15T23:42:39.366+0000 7f437b7fe640 1 --2- 172.21.15.151:0/1443469690 >> [v2:172.21.15.151:6800/1726409715,v1:172.21.15.151:6801/1726409715] conn(0x7f436403ccc0 0x7f436403f0b0 secure :-1 s=READY pgs=1 cs=0 l=1 rev1=1 crypto rx=0x7f4370003980 tx=0x7f4370006e10 comp rx=0 tx=0).ready entity=mgr.14150 client_cookie=0 server_cookie=0 in_seq=0 out_seq=0
2024-09-15T23:42:40.172 INFO:teuthology.orchestra.run.smithi151.stdout:/usr/bin/ceph: stderr
2024-09-15T23:42:39.367+0000 7f43797fa640 1 -- 172.21.15.151:0/1443469690 <== mgr.14150 v2:172.21.15.151:6800/1726409715 1 ==== command_reply(tid 0: 0 ) ==== 8+0+9564 (secure 0 0 0) 0x7f436403bdd0 con 0x7f436403ccc0
2024-09-15T23:42:40.172 INFO:teuthology.orchestra.run.smithi151.stdout:/usr/bin/ceph: stderr
2024-09-15T23:42:39.373+0000 7f4382964640 1 -- 172.21.15.151:0/1443469690 --> [v2:172.21.15.151:6800/1726409715,v1:172.21.15.151:6801/1726409715] -- command(tid 1: {"prefix": "mgr_status"}) -- 0x7f437c108540 con 0x7f436403ccc0
2024-09-15T23:42:40.172 INFO:teuthology.orchestra.run.smithi151.stdout:/usr/bin/ceph: stderr
2024-09-15T23:42:39.374+0000 7f43797fa640 1 -- 172.21.15.151:0/1443469690 <== mgr.14150 v2:172.21.15.151:6800/1726409715 2 ==== command_reply(tid 1: 0 ) ==== 8+0+52 (secure 0 0 0) 0x7f437c108540 con 0x7f436403ccc0
2024-09-15T23:42:40.172 INFO:teuthology.orchestra.run.smithi151.stdout:/usr/bin/ceph: stderr
2024-09-15T23:42:39.374+0000 7f4382964640 1 -- 172.21.15.151:0/1443469690 >> [v2:172.21.15.151:6800/1726409715,v1:172.21.15.151:6801/1726409715] conn(0x7f436403ccc0 msgr2=0x7f436403f0b0 secure :-1 s=STATE_CONNECTION_ESTABLISHED l=1).mark_down
2024-09-15T23:42:40.172 INFO:teuthology.orchestra.run.smithi151.stdout:/usr/bin/ceph: stderr
2024-09-15T23:42:39.374+0000 7f4382964640 1 --2- 172.21.15.151:0/1443469690 >> [v2:172.21.15.151:6800/1726409715,v1:172.21.15.151:6801/1726409715] conn(0x7f436403ccc0 0x7f436403f0b0 secure :-1 s=READY pgs=1 cs=0 l=1 rev1=1 crypto rx=0x7f4370003980 tx=0x7f4370006e10 comp rx=0 tx=0).stop
2024-09-15T23:42:40.172 INFO:teuthology.orchestra.run.smithi151.stdout:/usr/bin/ceph: stderr
2024-09-15T23:42:39.374+0000 7f4382964640 1 -- 172.21.15.151:0/1443469690 >> [v2:172.21.15.151:3300/0,v1:172.21.15.151:6789/0] conn(0x7f437c1080e0 msgr2=0x7f437c19b5d0 secure :-1 s=STATE_CONNECTION_ESTABLISHED l=1).mark_down
2024-09-15T23:42:40.172 INFO:teuthology.orchestra.run.smithi151.stdout:/usr/bin/ceph: stderr
2024-09-15T23:42:39.374+0000 7f4382964640 1 --2- 172.21.15.151:0/1443469690 >> [v2:172.21.15.151:3300/0,v1:172.21.15.151:6789/0] conn(0x7f437c1080e0 0x7f437c19b5d0 secure :-1 s=READY pgs=60 cs=0 l=1 rev1=1 crypto rx=0x7f436c030380 tx=0x7f436c032670 comp rx=0 tx=0).stop
2024-09-15T23:42:40.172 INFO:teuthology.orchestra.run.smithi151.stdout:/usr/bin/ceph: stderr
2024-09-15T23:42:39.374+0000 7f4382964640 1 -- 172.21.15.151:0/1443469690 shutdown_connections
2024-09-15T23:42:40.172 INFO:teuthology.orchestra.run.smithi151.stdout:/usr/bin/ceph: stderr
2024-09-15T23:42:39.374+0000 7f4382964640 1 --2- 172.21.15.151:0/1443469690 >> [v2:172.21.15.151:6800/1726409715,v1:172.21.15.151:6801/1726409715] conn(0x7f436403ccc0 0x7f436403f0b0 unknown :-1 s=CLOSED pgs=1 cs=0 l=1 rev1=1 crypto rx=0 tx=0 comp rx=0 tx=0).stop
2024-09-15T23:42:40.172 INFO:teuthology.orchestra.run.smithi151.stdout:/usr/bin/ceph: stderr
2024-09-15T23:42:39.374+0000 7f4382964640 1 --2- 172.21.15.151:0/1443469690 >> [v2:172.21.15.151:6800/861451186,v1:172.21.15.151:6801/861451186] conn(0x7f4364039200 0x7f436403b6c0 unknown :-1 s=CLOSED pgs=0 cs=0 l=1 rev1=0 crypto rx=0 tx=0 comp rx=0 tx=0).stop
2024-09-15T23:42:40.172 INFO:teuthology.orchestra.run.smithi151.stdout:/usr/bin/ceph: stderr
2024-09-15T23:42:39.374+0000 7f4382964640 1 --2- 172.21.15.151:0/1443469690 >> [v2:172.21.15.151:3300/0,v1:172.21.15.151:6789/0] conn(0x7f437c1080e0 0x7f437c19b5d0 unknown :-1 s=CLOSED pgs=60 cs=0 l=1 rev1=1 crypto rx=0 tx=0 comp rx=0 tx=0).stop
2024-09-15T23:42:40.172 INFO:teuthology.orchestra.run.smithi151.stdout:/usr/bin/ceph: stderr
2024-09-15T23:42:39.374+0000 7f4382964640 1 -- 172.21.15.151:0/1443469690 >> 172.21.15.151:0/1443469690 conn(0x7f437c101ca0 msgr2=0x7f437c102880 unknown :-1 s=STATE_NONE l=0).mark_down
2024-09-15T23:42:40.173 INFO:teuthology.orchestra.run.smithi151.stdout:/usr/bin/ceph: stderr
2024-09-15T23:42:39.374+0000 7f4382964640 1 -- 172.21.15.151:0/1443469690 shutdown_connections
2024-09-15T23:42:40.173 INFO:teuthology.orchestra.run.smithi151.stdout:/usr/bin/ceph: stderr
2024-09-15T23:42:39.374+0000 7f4382964640 1 -- 172.21.15.151:0/1443469690 wait complete.
2024-09-15T23:42:40.173 INFO:teuthology.orchestra.run.smithi151.stdout:mgr epoch 9 is available
2024-09-15T23:42:40.173 INFO:teuthology.orchestra.run.smithi151.stdout:Generating a dashboard self-signed certificate...
2024-09-15T23:42:40.599 INFO:journalctl@ceph.mon.a.smithi151.stdout:Sep 15 23:42:40 smithi151 ceph-mon[30934]: [15/Sep/2024:23:42:39] ENGINE Bus STARTING
2024-09-15T23:42:40.599 INFO:journalctl@ceph.mon.a.smithi151.stdout:Sep 15 23:42:40 smithi151 ceph-mon[30934]: from='client.14154 -' entity='client.admin' cmd=[{"prefix": "get_command_descriptions"}]: dispatch
2024-09-15T23:42:40.599 INFO:journalctl@ceph.mon.a.smithi151.stdout:Sep 15 23:42:40 smithi151 ceph-mon[30934]: mgrmap e11: x(active, since 1.00589s)
2024-09-15T23:42:40.599 INFO:journalctl@ceph.mon.a.smithi151.stdout:Sep 15 23:42:40 smithi151 ceph-mon[30934]: from='client.14154 -' entity='client.admin' cmd=[{"prefix": "mgr_status"}]: dispatch
2024-09-15T23:42:40.599 INFO:journalctl@ceph.mon.a.smithi151.stdout:Sep 15 23:42:40 smithi151 ceph-mon[30934]: [15/Sep/2024:23:42:39] ENGINE Serving on http://172.21.15.151:8765
2024-09-15T23:42:40.600 INFO:journalctl@ceph.mon.a.smithi151.stdout:Sep 15 23:42:40 smithi151 ceph-mon[30934]: from='mgr.14150 172.21.15.151:0/1909144551' entity='mgr.x'
2024-09-15T23:42:41.388 INFO:teuthology.orchestra.run.smithi151.stdout:/usr/bin/ceph: stdout Self-signed certificate created
2024-09-15T23:42:41.388 INFO:teuthology.orchestra.run.smithi151.stdout:/usr/bin/ceph: stderr
2024-09-15T23:42:40.598+0000 7f8bbef71640 1 Processor -- start
2024-09-15T23:42:41.388 INFO:teuthology.orchestra.run.smithi151.stdout:/usr/bin/ceph: stderr
2024-09-15T23:42:40.598+0000 7f8bbef71640 1 -- start start
2024-09-15T23:42:41.388 INFO:teuthology.orchestra.run.smithi151.stdout:/usr/bin/ceph: stderr
2024-09-15T23:42:40.598+0000 7f8bbef71640 1 --2- >> [v2:172.21.15.151:3300/0,v1:172.21.15.151:6789/0] conn(0x7f8bb8107740 0x7f8bb8107b40 unknown :-1 s=NONE pgs=0 cs=0 l=0 rev1=0 crypto rx=0 tx=0 comp rx=0 tx=0).connect
2024-09-15T23:42:41.389 INFO:teuthology.orchestra.run.smithi151.stdout:/usr/bin/ceph: stderr
2024-09-15T23:42:40.598+0000 7f8bbef71640 1 -- --> [v2:172.21.15.151:3300/0,v1:172.21.15.151:6789/0] -- mon_getmap magic: 0 -- 0x7f8bb8108110 con 0x7f8bb8107740
2024-09-15T23:42:41.389 INFO:teuthology.orchestra.run.smithi151.stdout:/usr/bin/ceph: stderr
2024-09-15T23:42:40.598+0000 7f8bbcd0d640 1 --2- >> [v2:172.21.15.151:3300/0,v1:172.21.15.151:6789/0] conn(0x7f8bb8107740 0x7f8bb8107b40 unknown :-1 s=BANNER_CONNECTING pgs=0 cs=0 l=0 rev1=0 crypto rx=0 tx=0 comp rx=0 tx=0)._handle_peer_banner_payload supported=3 required=0
2024-09-15T23:42:41.389 INFO:teuthology.orchestra.run.smithi151.stdout:/usr/bin/ceph: stderr
2024-09-15T23:42:40.598+0000 7f8bbcd0d640 1 --2- >> [v2:172.21.15.151:3300/0,v1:172.21.15.151:6789/0] conn(0x7f8bb8107740 0x7f8bb8107b40 unknown :-1 s=HELLO_CONNECTING pgs=0 cs=0 l=0 rev1=1 crypto rx=0 tx=0 comp rx=0 tx=0).handle_hello peer v2:172.21.15.151:3300/0 says I am v2:172.21.15.151:37282/0 (socket says 172.21.15.151:37282)
2024-09-15T23:42:41.389 INFO:teuthology.orchestra.run.smithi151.stdout:/usr/bin/ceph: stderr
2024-09-15T23:42:40.598+0000 7f8bbcd0d640 1 -- 172.21.15.151:0/2176089112 learned_addr learned my addr 172.21.15.151:0/2176089112 (peer_addr_for_me v2:172.21.15.151:0/0)
2024-09-15T23:42:41.389 INFO:teuthology.orchestra.run.smithi151.stdout:/usr/bin/ceph: stderr
2024-09-15T23:42:40.598+0000 7f8bbcd0d640 1 -- 172.21.15.151:0/2176089112 --> [v2:172.21.15.151:3300/0,v1:172.21.15.151:6789/0] -- mon_subscribe({config=0+,monmap=0+}) -- 0x7f8bb81088a0 con 0x7f8bb8107740
2024-09-15T23:42:41.389 INFO:teuthology.orchestra.run.smithi151.stdout:/usr/bin/ceph: stderr
2024-09-15T23:42:40.599+0000 7f8bbcd0d640 1 --2- 172.21.15.151:0/2176089112 >> [v2:172.21.15.151:3300/0,v1:172.21.15.151:6789/0] conn(0x7f8bb8107740 0x7f8bb8107b40 secure :-1 s=READY pgs=68 cs=0 l=1 rev1=1 crypto rx=0x7f8bac009820 tx=0x7f8bac02a270 comp rx=0 tx=0).ready entity=mon.0 client_cookie=7a0ceba4e4535222 server_cookie=0 in_seq=0 out_seq=0
2024-09-15T23:42:41.389 INFO:teuthology.orchestra.run.smithi151.stdout:/usr/bin/ceph: stderr
2024-09-15T23:42:40.599+0000 7f8bb77fe640 1 -- 172.21.15.151:0/2176089112 <== mon.0 v2:172.21.15.151:3300/0 1 ==== mon_map magic: 0 ==== 205+0+0 (secure 0 0 0) 0x7f8bac037070 con 0x7f8bb8107740
2024-09-15T23:42:41.389 INFO:teuthology.orchestra.run.smithi151.stdout:/usr/bin/ceph: stderr
2024-09-15T23:42:40.599+0000 7f8bb77fe640 1 -- 172.21.15.151:0/2176089112 <== mon.0 v2:172.21.15.151:3300/0 2 ==== config(27 keys) ==== 1140+0+0 (secure 0 0 0) 0x7f8bac032920 con 0x7f8bb8107740
2024-09-15T23:42:41.389 INFO:teuthology.orchestra.run.smithi151.stdout:/usr/bin/ceph: stderr
2024-09-15T23:42:40.599+0000 7f8bb77fe640 1 -- 172.21.15.151:0/2176089112 <== mon.0 v2:172.21.15.151:3300/0 3 ==== mon_map magic: 0 ==== 205+0+0 (secure 0 0 0) 0x7f8bac030810 con 0x7f8bb8107740
2024-09-15T23:42:41.389 INFO:teuthology.orchestra.run.smithi151.stdout:/usr/bin/ceph: stderr
2024-09-15T23:42:40.600+0000 7f8bbef71640 1 -- 172.21.15.151:0/2176089112 >> [v2:172.21.15.151:3300/0,v1:172.21.15.151:6789/0] conn(0x7f8bb8107740 msgr2=0x7f8bb8107b40 secure :-1 s=STATE_CONNECTION_ESTABLISHED l=1).mark_down
2024-09-15T23:42:41.389 INFO:teuthology.orchestra.run.smithi151.stdout:/usr/bin/ceph: stderr
2024-09-15T23:42:40.600+0000 7f8bbef71640 1 --2- 172.21.15.151:0/2176089112 >> [v2:172.21.15.151:3300/0,v1:172.21.15.151:6789/0] conn(0x7f8bb8107740 0x7f8bb8107b40 secure :-1 s=READY pgs=68 cs=0 l=1 rev1=1 crypto rx=0x7f8bac009820 tx=0x7f8bac02a270 comp rx=0 tx=0).stop
2024-09-15T23:42:41.389 INFO:teuthology.orchestra.run.smithi151.stdout:/usr/bin/ceph: stderr
2024-09-15T23:42:40.600+0000 7f8bbef71640 1 -- 172.21.15.151:0/2176089112 shutdown_connections
2024-09-15T23:42:41.389 INFO:teuthology.orchestra.run.smithi151.stdout:/usr/bin/ceph: stderr
2024-09-15T23:42:40.600+0000 7f8bbef71640 1 --2- 172.21.15.151:0/2176089112 >> [v2:172.21.15.151:3300/0,v1:172.21.15.151:6789/0] conn(0x7f8bb8107740 0x7f8bb8107b40 unknown :-1 s=CLOSED pgs=68 cs=0 l=1 rev1=1 crypto rx=0 tx=0 comp rx=0 tx=0).stop
2024-09-15T23:42:41.390 INFO:teuthology.orchestra.run.smithi151.stdout:/usr/bin/ceph: stderr
2024-09-15T23:42:40.600+0000 7f8bbef71640 1 -- 172.21.15.151:0/2176089112 >> 172.21.15.151:0/2176089112 conn(0x7f8bb8102eb0 msgr2=0x7f8bb8105310 unknown :-1 s=STATE_NONE l=0).mark_down
2024-09-15T23:42:41.390 INFO:teuthology.orchestra.run.smithi151.stdout:/usr/bin/ceph: stderr
2024-09-15T23:42:40.600+0000 7f8bbef71640 1 -- 172.21.15.151:0/2176089112 shutdown_connections
2024-09-15T23:42:41.390 INFO:teuthology.orchestra.run.smithi151.stdout:/usr/bin/ceph: stderr
2024-09-15T23:42:40.600+0000 7f8bbef71640 1 -- 172.21.15.151:0/2176089112 wait complete.
2024-09-15T23:42:41.390 INFO:teuthology.orchestra.run.smithi151.stdout:/usr/bin/ceph: stderr
2024-09-15T23:42:40.601+0000 7f8bbef71640 1 Processor -- start
2024-09-15T23:42:41.390 INFO:teuthology.orchestra.run.smithi151.stdout:/usr/bin/ceph: stderr
2024-09-15T23:42:40.601+0000 7f8bbef71640 1 -- start start
2024-09-15T23:42:41.390 INFO:teuthology.orchestra.run.smithi151.stdout:/usr/bin/ceph: stderr
2024-09-15T23:42:40.601+0000 7f8bbef71640 1 --2- >> [v2:172.21.15.151:3300/0,v1:172.21.15.151:6789/0] conn(0x7f8bb8107740 0x7f8bb819d8f0 unknown :-1 s=NONE pgs=0 cs=0 l=1 rev1=0 crypto rx=0 tx=0 comp rx=0 tx=0).connect
2024-09-15T23:42:41.390 INFO:teuthology.orchestra.run.smithi151.stdout:/usr/bin/ceph: stderr
2024-09-15T23:42:40.601+0000 7f8bbef71640 1 -- --> [v2:172.21.15.151:3300/0,v1:172.21.15.151:6789/0] -- mon_getmap magic: 0 -- 0x7f8bb810bc50 con 0x7f8bb8107740
2024-09-15T23:42:41.390 INFO:teuthology.orchestra.run.smithi151.stdout:/usr/bin/ceph: stderr
2024-09-15T23:42:40.601+0000 7f8bbcd0d640 1 --2- >> [v2:172.21.15.151:3300/0,v1:172.21.15.151:6789/0] conn(0x7f8bb8107740 0x7f8bb819d8f0 unknown :-1 s=BANNER_CONNECTING pgs=0 cs=0 l=1 rev1=0 crypto rx=0 tx=0 comp rx=0 tx=0)._handle_peer_banner_payload supported=3 required=0
2024-09-15T23:42:41.390 INFO:teuthology.orchestra.run.smithi151.stdout:/usr/bin/ceph: stderr
2024-09-15T23:42:40.601+0000 7f8bbcd0d640 1 --2- >> [v2:172.21.15.151:3300/0,v1:172.21.15.151:6789/0] conn(0x7f8bb8107740 0x7f8bb819d8f0 unknown :-1 s=HELLO_CONNECTING pgs=0 cs=0 l=1 rev1=1 crypto rx=0 tx=0 comp rx=0 tx=0).handle_hello peer v2:172.21.15.151:3300/0 says I am v2:172.21.15.151:37298/0 (socket says 172.21.15.151:37298)
2024-09-15T23:42:41.390 INFO:teuthology.orchestra.run.smithi151.stdout:/usr/bin/ceph: stderr
2024-09-15T23:42:40.601+0000 7f8bbcd0d640 1 -- 172.21.15.151:0/2762104646 learned_addr learned my addr 172.21.15.151:0/2762104646 (peer_addr_for_me v2:172.21.15.151:0/0)
2024-09-15T23:42:41.390 INFO:teuthology.orchestra.run.smithi151.stdout:/usr/bin/ceph: stderr
2024-09-15T23:42:40.601+0000 7f8bbcd0d640 1 -- 172.21.15.151:0/2762104646 --> [v2:172.21.15.151:3300/0,v1:172.21.15.151:6789/0] -- mon_subscribe({config=0+,monmap=0+}) -- 0x7f8bb819de30 con 0x7f8bb8107740
2024-09-15T23:42:41.390 INFO:teuthology.orchestra.run.smithi151.stdout:/usr/bin/ceph: stderr
2024-09-15T23:42:40.601+0000 7f8bbcd0d640 1 --2- 172.21.15.151:0/2762104646 >> [v2:172.21.15.151:3300/0,v1:172.21.15.151:6789/0] conn(0x7f8bb8107740 0x7f8bb819d8f0 secure :-1 s=READY pgs=69 cs=0 l=1 rev1=1 crypto rx=0x7f8bac0097f0 tx=0x7f8bac0327b0 comp rx=0 tx=0).ready entity=mon.0 client_cookie=0 server_cookie=0 in_seq=0 out_seq=0
2024-09-15T23:42:41.390 INFO:teuthology.orchestra.run.smithi151.stdout:/usr/bin/ceph: stderr
2024-09-15T23:42:40.601+0000 7f8bb5ffb640 1 -- 172.21.15.151:0/2762104646 <== mon.0 v2:172.21.15.151:3300/0 1 ==== mon_map magic: 0 ==== 205+0+0 (secure 0 0 0) 0x7f8bac037040 con 0x7f8bb8107740
2024-09-15T23:42:41.391 INFO:teuthology.orchestra.run.smithi151.stdout:/usr/bin/ceph: stderr
2024-09-15T23:42:40.601+0000 7f8bb5ffb640 1 -- 172.21.15.151:0/2762104646 <== mon.0 v2:172.21.15.151:3300/0 2 ==== config(27 keys) ==== 1140+0+0 (secure 0 0 0) 0x7f8bac030c40 con 0x7f8bb8107740
2024-09-15T23:42:41.391 INFO:teuthology.orchestra.run.smithi151.stdout:/usr/bin/ceph: stderr
2024-09-15T23:42:40.601+0000 7f8bbef71640 1 -- 172.21.15.151:0/2762104646 --> [v2:172.21.15.151:3300/0,v1:172.21.15.151:6789/0] -- mon_subscribe({mgrmap=0+}) -- 0x7f8bb819e0c0 con 0x7f8bb8107740
2024-09-15T23:42:41.391 INFO:teuthology.orchestra.run.smithi151.stdout:/usr/bin/ceph: stderr
2024-09-15T23:42:40.601+0000 7f8bb5ffb640 1 -- 172.21.15.151:0/2762104646 <== mon.0 v2:172.21.15.151:3300/0 3 ==== mon_map magic: 0 ==== 205+0+0 (secure 0 0 0) 0x7f8bac03a5b0 con 0x7f8bb8107740
2024-09-15T23:42:41.391 INFO:teuthology.orchestra.run.smithi151.stdout:/usr/bin/ceph: stderr
2024-09-15T23:42:40.602+0000 7f8bbef71640 1 -- 172.21.15.151:0/2762104646 --> [v2:172.21.15.151:3300/0,v1:172.21.15.151:6789/0] -- mon_subscribe({osdmap=0}) -- 0x7f8bb81a0db0 con 0x7f8bb8107740
2024-09-15T23:42:41.391 INFO:teuthology.orchestra.run.smithi151.stdout:/usr/bin/ceph: stderr
2024-09-15T23:42:40.603+0000 7f8bb5ffb640 1 -- 172.21.15.151:0/2762104646 <== mon.0 v2:172.21.15.151:3300/0 4 ==== mgrmap(e 11) ==== 46368+0+0 (secure 0 0 0) 0x7f8bac03a7f0 con 0x7f8bb8107740
2024-09-15T23:42:41.391 INFO:teuthology.orchestra.run.smithi151.stdout:/usr/bin/ceph: stderr
2024-09-15T23:42:40.603+0000 7f8bb5ffb640 1 --2- 172.21.15.151:0/2762104646 >> [v2:172.21.15.151:6800/1726409715,v1:172.21.15.151:6801/1726409715] conn(0x7f8ba80390f0 0x7f8ba803b5b0 unknown :-1 s=NONE pgs=0 cs=0 l=1 rev1=0 crypto rx=0 tx=0 comp rx=0 tx=0).connect
2024-09-15T23:42:41.391 INFO:teuthology.orchestra.run.smithi151.stdout:/usr/bin/ceph: stderr
2024-09-15T23:42:40.603+0000 7f8bb5ffb640 1 -- 172.21.15.151:0/2762104646 <== mon.0 v2:172.21.15.151:3300/0 5 ==== osd_map(3..3 src has 1..3) ==== 1155+0+0 (secure 0 0 0) 0x7f8bac06c600 con 0x7f8bb8107740
2024-09-15T23:42:41.391 INFO:teuthology.orchestra.run.smithi151.stdout:/usr/bin/ceph: stderr
2024-09-15T23:42:40.603+0000 7f8bb7fff640 1 --2- 172.21.15.151:0/2762104646 >> [v2:172.21.15.151:6800/1726409715,v1:172.21.15.151:6801/1726409715] conn(0x7f8ba80390f0 0x7f8ba803b5b0 unknown :-1 s=BANNER_CONNECTING pgs=0 cs=0 l=1 rev1=0 crypto rx=0 tx=0 comp rx=0 tx=0)._handle_peer_banner_payload supported=3 required=0
2024-09-15T23:42:41.391 INFO:teuthology.orchestra.run.smithi151.stdout:/usr/bin/ceph: stderr
2024-09-15T23:42:40.603+0000 7f8bbef71640 1 -- 172.21.15.151:0/2762104646 --> [v2:172.21.15.151:3300/0,v1:172.21.15.151:6789/0] -- mon_command({"prefix": "get_command_descriptions"} v 0) -- 0x7f8bb8107bc0 con 0x7f8bb8107740
2024-09-15T23:42:41.391 INFO:teuthology.orchestra.run.smithi151.stdout:/usr/bin/ceph: stderr
2024-09-15T23:42:40.603+0000 7f8bb7fff640 1 --2- 172.21.15.151:0/2762104646 >> [v2:172.21.15.151:6800/1726409715,v1:172.21.15.151:6801/1726409715] conn(0x7f8ba80390f0 0x7f8ba803b5b0 secure :-1 s=READY pgs=7 cs=0 l=1 rev1=1 crypto rx=0x7f8ba40098c0 tx=0x7f8ba4006db0 comp rx=0 tx=0).ready entity=mgr.14150 client_cookie=0 server_cookie=0 in_seq=0 out_seq=0
2024-09-15T23:42:41.391 INFO:teuthology.orchestra.run.smithi151.stdout:/usr/bin/ceph: stderr
2024-09-15T23:42:40.609+0000 7f8bb5ffb640 1 -- 172.21.15.151:0/2762104646 <== mon.0 v2:172.21.15.151:3300/0 6 ==== mon_command_ack([{"prefix": "get_command_descriptions"}]=0 v0) ==== 72+0+188821 (secure 0 0 0) 0x7f8bac030df0 con 0x7f8bb8107740
2024-09-15T23:42:41.391 INFO:teuthology.orchestra.run.smithi151.stdout:/usr/bin/ceph: stderr
2024-09-15T23:42:40.791+0000 7f8bbef71640 1 -- 172.21.15.151:0/2762104646 --> [v2:172.21.15.151:6800/1726409715,v1:172.21.15.151:6801/1726409715] -- mgr_command(tid 0: {"prefix": "dashboard create-self-signed-cert", "target": ["mon-mgr", ""]}) -- 0x7f8bb8104180 con 0x7f8ba80390f0
2024-09-15T23:42:41.391 INFO:teuthology.orchestra.run.smithi151.stdout:/usr/bin/ceph: stderr
2024-09-15T23:42:40.842+0000 7f8bb5ffb640 1 -- 172.21.15.151:0/2762104646 <== mgr.14150 v2:172.21.15.151:6800/1726409715 1 ==== mgr_command_reply(tid 0: 0 ) ==== 8+0+32 (secure 0 0 0) 0x7f8bb8104180 con 0x7f8ba80390f0
2024-09-15T23:42:41.391 INFO:teuthology.orchestra.run.smithi151.stdout:/usr/bin/ceph: stderr
2024-09-15T23:42:40.844+0000 7f8bbef71640 1 -- 172.21.15.151:0/2762104646 >> [v2:172.21.15.151:6800/1726409715,v1:172.21.15.151:6801/1726409715] conn(0x7f8ba80390f0 msgr2=0x7f8ba803b5b0 secure :-1 s=STATE_CONNECTION_ESTABLISHED l=1).mark_down
2024-09-15T23:42:41.392 INFO:teuthology.orchestra.run.smithi151.stdout:/usr/bin/ceph: stderr
2024-09-15T23:42:40.844+0000 7f8bbef71640 1 --2- 172.21.15.151:0/2762104646 >> [v2:172.21.15.151:6800/1726409715,v1:172.21.15.151:6801/1726409715] conn(0x7f8ba80390f0 0x7f8ba803b5b0 secure :-1 s=READY pgs=7 cs=0 l=1 rev1=1 crypto rx=0x7f8ba40098c0 tx=0x7f8ba4006db0 comp rx=0 tx=0).stop
2024-09-15T23:42:41.392 INFO:teuthology.orchestra.run.smithi151.stdout:/usr/bin/ceph: stderr
2024-09-15T23:42:40.844+0000 7f8bbef71640 1 -- 172.21.15.151:0/2762104646 >> [v2:172.21.15.151:3300/0,v1:172.21.15.151:6789/0] conn(0x7f8bb8107740 msgr2=0x7f8bb819d8f0 secure :-1 s=STATE_CONNECTION_ESTABLISHED l=1).mark_down
2024-09-15T23:42:41.392 INFO:teuthology.orchestra.run.smithi151.stdout:/usr/bin/ceph: stderr
2024-09-15T23:42:40.844+0000 7f8bbef71640 1 --2- 172.21.15.151:0/2762104646 >> [v2:172.21.15.151:3300/0,v1:172.21.15.151:6789/0] conn(0x7f8bb8107740 0x7f8bb819d8f0 secure :-1 s=READY pgs=69 cs=0 l=1 rev1=1 crypto rx=0x7f8bac0097f0 tx=0x7f8bac0327b0 comp rx=0 tx=0).stop
2024-09-15T23:42:41.392 INFO:teuthology.orchestra.run.smithi151.stdout:/usr/bin/ceph: stderr
2024-09-15T23:42:40.844+0000 7f8bbef71640 1 -- 172.21.15.151:0/2762104646 shutdown_connections
2024-09-15T23:42:41.392 INFO:teuthology.orchestra.run.smithi151.stdout:/usr/bin/ceph: stderr
2024-09-15T23:42:40.845+0000 7f8bbef71640 1 --2- 172.21.15.151:0/2762104646 >> [v2:172.21.15.151:6800/1726409715,v1:172.21.15.151:6801/1726409715] conn(0x7f8ba80390f0 0x7f8ba803b5b0 unknown :-1 s=CLOSED pgs=7 cs=0 l=1 rev1=1 crypto rx=0 tx=0 comp rx=0 tx=0).stop
2024-09-15T23:42:41.392 INFO:teuthology.orchestra.run.smithi151.stdout:/usr/bin/ceph: stderr
2024-09-15T23:42:40.845+0000 7f8bbef71640 1 --2- 172.21.15.151:0/2762104646 >> [v2:172.21.15.151:3300/0,v1:172.21.15.151:6789/0] conn(0x7f8bb8107740 0x7f8bb819d8f0 unknown :-1 s=CLOSED pgs=69 cs=0 l=1 rev1=1 crypto rx=0 tx=0 comp rx=0 tx=0).stop
2024-09-15T23:42:41.392 INFO:teuthology.orchestra.run.smithi151.stdout:/usr/bin/ceph: stderr
2024-09-15T23:42:40.845+0000 7f8bbef71640 1 -- 172.21.15.151:0/2762104646 >> 172.21.15.151:0/2762104646 conn(0x7f8bb8102eb0 msgr2=0x7f8bb8103a70 unknown :-1 s=STATE_NONE l=0).mark_down
2024-09-15T23:42:41.393 INFO:teuthology.orchestra.run.smithi151.stdout:/usr/bin/ceph: stderr
2024-09-15T23:42:40.845+0000 7f8bbef71640 1 -- 172.21.15.151:0/2762104646 shutdown_connections
2024-09-15T23:42:41.394 INFO:teuthology.orchestra.run.smithi151.stdout:/usr/bin/ceph: stderr
2024-09-15T23:42:40.845+0000 7f8bbef71640 1 -- 172.21.15.151:0/2762104646 wait complete.
2024-09-15T23:42:41.394 INFO:teuthology.orchestra.run.smithi151.stdout:Creating initial admin user...
2024-09-15T23:42:41.609 INFO:journalctl@ceph.mon.a.smithi151.stdout:Sep 15 23:42:41 smithi151 ceph-mon[30934]: [15/Sep/2024:23:42:39] ENGINE Serving on https://172.21.15.151:7150
2024-09-15T23:42:41.609 INFO:journalctl@ceph.mon.a.smithi151.stdout:Sep 15 23:42:41 smithi151 ceph-mon[30934]: [15/Sep/2024:23:42:39] ENGINE Bus STARTED
2024-09-15T23:42:41.609 INFO:journalctl@ceph.mon.a.smithi151.stdout:Sep 15 23:42:41 smithi151 ceph-mon[30934]: [15/Sep/2024:23:42:39] ENGINE Error in HTTPServer.serve
2024-09-15T23:42:41.609 INFO:journalctl@ceph.mon.a.smithi151.stdout: Traceback (most recent call last):
2024-09-15T23:42:41.609 INFO:journalctl@ceph.mon.a.smithi151.stdout: File "/lib/python3.9/site-packages/cheroot/server.py", line 1823, in serve
2024-09-15T23:42:41.610 INFO:journalctl@ceph.mon.a.smithi151.stdout: self._connections.run(self.expiration_interval)
2024-09-15T23:42:41.610 INFO:journalctl@ceph.mon.a.smithi151.stdout: File "/lib/python3.9/site-packages/cheroot/connections.py", line 203, in run
2024-09-15T23:42:41.610 INFO:journalctl@ceph.mon.a.smithi151.stdout: self._run(expiration_interval)
2024-09-15T23:42:41.610 INFO:journalctl@ceph.mon.a.smithi151.stdout: File "/lib/python3.9/site-packages/cheroot/connections.py", line 246, in _run
2024-09-15T23:42:41.610 INFO:journalctl@ceph.mon.a.smithi151.stdout: new_conn = self._from_server_socket(self.server.socket)
2024-09-15T23:42:41.610 INFO:journalctl@ceph.mon.a.smithi151.stdout: File "/lib/python3.9/site-packages/cheroot/connections.py", line 300, in _from_server_socket
2024-09-15T23:42:41.610 INFO:journalctl@ceph.mon.a.smithi151.stdout: s, ssl_env = self.server.ssl_adapter.wrap(s)
