2024-09-15T23:51:46.548+0000 7ffab8529640 1 -- 172.21.15.16:0/1659368986 >> [v2:172.21.15.16:6800/1158516627,v1:172.21.15.16:6801/1158516627] conn(0x7ffa9c0391b0 msgr2=0x7ffa9c03b670 secure :-1 s=STATE_CONNECTION_ESTABLISHED l=1).mark_down
2024-09-15T23:51:47.130 INFO:teuthology.orchestra.run.smithi016.stdout:/usr/bin/ceph: stderr
2024-09-15T23:51:46.548+0000 7ffab8529640 1 --2- 172.21.15.16:0/1659368986 >> [v2:172.21.15.16:6800/1158516627,v1:172.21.15.16:6801/1158516627] conn(0x7ffa9c0391b0 0x7ffa9c03b670 secure :-1 s=READY pgs=11 cs=0 l=1 rev1=1 crypto rx=0x7ffaa00098c0 tx=0x7ffaa0006db0 comp rx=0 tx=0).stop
2024-09-15T23:51:47.130 INFO:teuthology.orchestra.run.smithi016.stdout:/usr/bin/ceph: stderr
2024-09-15T23:51:46.548+0000 7ffab8529640 1 -- 172.21.15.16:0/1659368986 >> [v2:172.21.15.16:3300/0,v1:172.21.15.16:6789/0] conn(0x7ffab0105ff0 msgr2=0x7ffab018ebb0 secure :-1 s=STATE_CONNECTION_ESTABLISHED l=1).mark_down
2024-09-15T23:51:47.130 INFO:teuthology.orchestra.run.smithi016.stdout:/usr/bin/ceph: stderr
2024-09-15T23:51:46.548+0000 7ffab8529640 1 --2- 172.21.15.16:0/1659368986 >> [v2:172.21.15.16:3300/0,v1:172.21.15.16:6789/0] conn(0x7ffab0105ff0 0x7ffab018ebb0 secure :-1 s=READY pgs=44 cs=0 l=1 rev1=1 crypto rx=0x7ffaac006f40 tx=0x7ffaac030740 comp rx=0 tx=0).stop
2024-09-15T23:51:47.130 INFO:teuthology.orchestra.run.smithi016.stdout:/usr/bin/ceph: stderr
2024-09-15T23:51:46.548+0000 7ffab8529640 1 -- 172.21.15.16:0/1659368986 shutdown_connections
2024-09-15T23:51:47.130 INFO:teuthology.orchestra.run.smithi016.stdout:/usr/bin/ceph: stderr
2024-09-15T23:51:46.548+0000 7ffab8529640 1 --2- 172.21.15.16:0/1659368986 >> [v2:172.21.15.16:6800/1158516627,v1:172.21.15.16:6801/1158516627] conn(0x7ffa9c0391b0 0x7ffa9c03b670 unknown :-1 s=CLOSED pgs=11 cs=0 l=1 rev1=1 crypto rx=0 tx=0 comp rx=0 tx=0).stop
2024-09-15T23:51:47.130 INFO:teuthology.orchestra.run.smithi016.stdout:/usr/bin/ceph: stderr
2024-09-15T23:51:46.548+0000 7ffab8529640 1 --2- 172.21.15.16:0/1659368986 >> [v2:172.21.15.16:3300/0,v1:172.21.15.16:6789/0] conn(0x7ffab0105ff0 0x7ffab018ebb0 unknown :-1 s=CLOSED pgs=44 cs=0 l=1 rev1=1 crypto rx=0 tx=0 comp rx=0 tx=0).stop
2024-09-15T23:51:47.130 INFO:teuthology.orchestra.run.smithi016.stdout:/usr/bin/ceph: stderr
2024-09-15T23:51:46.548+0000 7ffab8529640 1 -- 172.21.15.16:0/1659368986 >> 172.21.15.16:0/1659368986 conn(0x7ffab01017a0 msgr2=0x7ffab01926c0 unknown :-1 s=STATE_NONE l=0).mark_down
2024-09-15T23:51:47.130 INFO:teuthology.orchestra.run.smithi016.stdout:/usr/bin/ceph: stderr
2024-09-15T23:51:46.549+0000 7ffab8529640 1 -- 172.21.15.16:0/1659368986 shutdown_connections
2024-09-15T23:51:47.130 INFO:teuthology.orchestra.run.smithi016.stdout:/usr/bin/ceph: stderr
2024-09-15T23:51:46.549+0000 7ffab8529640 1 -- 172.21.15.16:0/1659368986 wait complete.
2024-09-15T23:51:47.130 INFO:teuthology.orchestra.run.smithi016.stdout:Deploying unmanaged mon service...
2024-09-15T23:51:47.739 INFO:journalctl@ceph.mon.a.smithi016.stdout:Sep 15 23:51:47 smithi016 ceph-mon[31444]: from='mgr.14118 172.21.15.16:0/2329670571' entity='mgr.x'
2024-09-15T23:51:47.739 INFO:journalctl@ceph.mon.a.smithi016.stdout:Sep 15 23:51:47 smithi016 ceph-mon[31444]: Added host smithi016
2024-09-15T23:51:47.739 INFO:journalctl@ceph.mon.a.smithi016.stdout:Sep 15 23:51:47 smithi016 ceph-mon[31444]: from='mgr.14118 172.21.15.16:0/2329670571' entity='mgr.x' cmd=[{"prefix": "config dump", "format": "json"}]: dispatch
2024-09-15T23:51:48.409 INFO:teuthology.orchestra.run.smithi016.stdout:/usr/bin/ceph: stdout Scheduled mon update...
2024-09-15T23:51:48.410 INFO:teuthology.orchestra.run.smithi016.stdout:/usr/bin/ceph: stderr
2024-09-15T23:51:47.528+0000 7efc33cbc640 1 Processor -- start
2024-09-15T23:51:48.410 INFO:teuthology.orchestra.run.smithi016.stdout:/usr/bin/ceph: stderr
2024-09-15T23:51:47.528+0000 7efc33cbc640 1 -- start start
2024-09-15T23:51:48.410 INFO:teuthology.orchestra.run.smithi016.stdout:/usr/bin/ceph: stderr
2024-09-15T23:51:47.528+0000 7efc33cbc640 1 --2- >> [v2:172.21.15.16:3300/0,v1:172.21.15.16:6789/0] conn(0x7efc2c107970 0x7efc2c107d70 unknown :-1 s=NONE pgs=0 cs=0 l=0 rev1=0 crypto rx=0 tx=0 comp rx=0 tx=0).connect
2024-09-15T23:51:48.410 INFO:teuthology.orchestra.run.smithi016.stdout:/usr/bin/ceph: stderr
2024-09-15T23:51:47.528+0000 7efc33cbc640 1 -- --> [v2:172.21.15.16:3300/0,v1:172.21.15.16:6789/0] -- mon_getmap magic: 0 -- 0x7efc2c108340 con 0x7efc2c107970
2024-09-15T23:51:48.410 INFO:teuthology.orchestra.run.smithi016.stdout:/usr/bin/ceph: stderr
2024-09-15T23:51:47.529+0000 7efc31a58640 1 --2- >> [v2:172.21.15.16:3300/0,v1:172.21.15.16:6789/0] conn(0x7efc2c107970 0x7efc2c107d70 unknown :-1 s=BANNER_CONNECTING pgs=0 cs=0 l=0 rev1=0 crypto rx=0 tx=0 comp rx=0 tx=0)._handle_peer_banner_payload supported=3 required=0
2024-09-15T23:51:48.410 INFO:teuthology.orchestra.run.smithi016.stdout:/usr/bin/ceph: stderr
2024-09-15T23:51:47.529+0000 7efc31a58640 1 --2- >> [v2:172.21.15.16:3300/0,v1:172.21.15.16:6789/0] conn(0x7efc2c107970 0x7efc2c107d70 unknown :-1 s=HELLO_CONNECTING pgs=0 cs=0 l=0 rev1=1 crypto rx=0 tx=0 comp rx=0 tx=0).handle_hello peer v2:172.21.15.16:3300/0 says I am v2:172.21.15.16:34492/0 (socket says 172.21.15.16:34492)
2024-09-15T23:51:48.410 INFO:teuthology.orchestra.run.smithi016.stdout:/usr/bin/ceph: stderr
2024-09-15T23:51:47.529+0000 7efc31a58640 1 -- 172.21.15.16:0/3981825914 learned_addr learned my addr 172.21.15.16:0/3981825914 (peer_addr_for_me v2:172.21.15.16:0/0)
2024-09-15T23:51:48.410 INFO:teuthology.orchestra.run.smithi016.stdout:/usr/bin/ceph: stderr
2024-09-15T23:51:47.529+0000 7efc31a58640 1 -- 172.21.15.16:0/3981825914 --> [v2:172.21.15.16:3300/0,v1:172.21.15.16:6789/0] -- mon_subscribe({config=0+,monmap=0+}) -- 0x7efc2c108b70 con 0x7efc2c107970
2024-09-15T23:51:48.410 INFO:teuthology.orchestra.run.smithi016.stdout:/usr/bin/ceph: stderr
2024-09-15T23:51:47.530+0000 7efc31a58640 1 --2- 172.21.15.16:0/3981825914 >> [v2:172.21.15.16:3300/0,v1:172.21.15.16:6789/0] conn(0x7efc2c107970 0x7efc2c107d70 secure :-1 s=READY pgs=45 cs=0 l=1 rev1=1 crypto rx=0x7efc1c009820 tx=0x7efc1c02a270 comp rx=0 tx=0).ready entity=mon.0 client_cookie=b5918e7df80385b server_cookie=0 in_seq=0 out_seq=0
2024-09-15T23:51:48.410 INFO:teuthology.orchestra.run.smithi016.stdout:/usr/bin/ceph: stderr
2024-09-15T23:51:47.530+0000 7efc30a56640 1 -- 172.21.15.16:0/3981825914 <== mon.0 v2:172.21.15.16:3300/0 1 ==== mon_map magic: 0 ==== 205+0+0 (secure 0 0 0) 0x7efc1c037070 con 0x7efc2c107970
2024-09-15T23:51:48.410 INFO:teuthology.orchestra.run.smithi016.stdout:/usr/bin/ceph: stderr
2024-09-15T23:51:47.530+0000 7efc30a56640 1 -- 172.21.15.16:0/3981825914 <== mon.0 v2:172.21.15.16:3300/0 2 ==== config(29 keys) ==== 1178+0+0 (secure 0 0 0) 0x7efc1c032940 con 0x7efc2c107970
2024-09-15T23:51:48.411 INFO:teuthology.orchestra.run.smithi016.stdout:/usr/bin/ceph: stderr
2024-09-15T23:51:47.530+0000 7efc30a56640 1 -- 172.21.15.16:0/3981825914 <== mon.0 v2:172.21.15.16:3300/0 3 ==== mon_map magic: 0 ==== 205+0+0 (secure 0 0 0) 0x7efc1c0309c0 con 0x7efc2c107970
2024-09-15T23:51:48.411 INFO:teuthology.orchestra.run.smithi016.stdout:/usr/bin/ceph: stderr
2024-09-15T23:51:47.530+0000 7efc33cbc640 1 -- 172.21.15.16:0/3981825914 >> [v2:172.21.15.16:3300/0,v1:172.21.15.16:6789/0] conn(0x7efc2c107970 msgr2=0x7efc2c107d70 secure :-1 s=STATE_CONNECTION_ESTABLISHED l=1).mark_down
2024-09-15T23:51:48.411 INFO:teuthology.orchestra.run.smithi016.stdout:/usr/bin/ceph: stderr
2024-09-15T23:51:47.530+0000 7efc33cbc640 1 --2- 172.21.15.16:0/3981825914 >> [v2:172.21.15.16:3300/0,v1:172.21.15.16:6789/0] conn(0x7efc2c107970 0x7efc2c107d70 secure :-1 s=READY pgs=45 cs=0 l=1 rev1=1 crypto rx=0x7efc1c009820 tx=0x7efc1c02a270 comp rx=0 tx=0).stop
2024-09-15T23:51:48.411 INFO:teuthology.orchestra.run.smithi016.stdout:/usr/bin/ceph: stderr
2024-09-15T23:51:47.530+0000 7efc33cbc640 1 -- 172.21.15.16:0/3981825914 shutdown_connections
2024-09-15T23:51:48.411 INFO:teuthology.orchestra.run.smithi016.stdout:/usr/bin/ceph: stderr
2024-09-15T23:51:47.530+0000 7efc33cbc640 1 --2- 172.21.15.16:0/3981825914 >> [v2:172.21.15.16:3300/0,v1:172.21.15.16:6789/0] conn(0x7efc2c107970 0x7efc2c107d70 unknown :-1 s=CLOSED pgs=45 cs=0 l=1 rev1=1 crypto rx=0 tx=0 comp rx=0 tx=0).stop
2024-09-15T23:51:48.411 INFO:teuthology.orchestra.run.smithi016.stdout:/usr/bin/ceph: stderr
2024-09-15T23:51:47.530+0000 7efc33cbc640 1 -- 172.21.15.16:0/3981825914 >> 172.21.15.16:0/3981825914 conn(0x7efc2c103120 msgr2=0x7efc2c105540 unknown :-1 s=STATE_NONE l=0).mark_down
2024-09-15T23:51:48.411 INFO:teuthology.orchestra.run.smithi016.stdout:/usr/bin/ceph: stderr
2024-09-15T23:51:47.531+0000 7efc33cbc640 1 -- 172.21.15.16:0/3981825914 shutdown_connections
2024-09-15T23:51:48.411 INFO:teuthology.orchestra.run.smithi016.stdout:/usr/bin/ceph: stderr
2024-09-15T23:51:47.531+0000 7efc33cbc640 1 -- 172.21.15.16:0/3981825914 wait complete.
2024-09-15T23:51:48.411 INFO:teuthology.orchestra.run.smithi016.stdout:/usr/bin/ceph: stderr
2024-09-15T23:51:47.531+0000 7efc33cbc640 1 Processor -- start
2024-09-15T23:51:48.411 INFO:teuthology.orchestra.run.smithi016.stdout:/usr/bin/ceph: stderr
2024-09-15T23:51:47.531+0000 7efc33cbc640 1 -- start start
2024-09-15T23:51:48.411 INFO:teuthology.orchestra.run.smithi016.stdout:/usr/bin/ceph: stderr
2024-09-15T23:51:47.531+0000 7efc33cbc640 1 --2- >> [v2:172.21.15.16:3300/0,v1:172.21.15.16:6789/0] conn(0x7efc2c107970 0x7efc2c19ba70 unknown :-1 s=NONE pgs=0 cs=0 l=1 rev1=0 crypto rx=0 tx=0 comp rx=0 tx=0).connect
2024-09-15T23:51:48.411 INFO:teuthology.orchestra.run.smithi016.stdout:/usr/bin/ceph: stderr
2024-09-15T23:51:47.531+0000 7efc33cbc640 1 -- --> [v2:172.21.15.16:3300/0,v1:172.21.15.16:6789/0] -- mon_getmap magic: 0 -- 0x7efc2c10bf20 con 0x7efc2c107970
2024-09-15T23:51:48.411 INFO:teuthology.orchestra.run.smithi016.stdout:/usr/bin/ceph: stderr
2024-09-15T23:51:47.531+0000 7efc31a58640 1 --2- >> [v2:172.21.15.16:3300/0,v1:172.21.15.16:6789/0] conn(0x7efc2c107970 0x7efc2c19ba70 unknown :-1 s=BANNER_CONNECTING pgs=0 cs=0 l=1 rev1=0 crypto rx=0 tx=0 comp rx=0 tx=0)._handle_peer_banner_payload supported=3 required=0
2024-09-15T23:51:48.412 INFO:teuthology.orchestra.run.smithi016.stdout:/usr/bin/ceph: stderr
2024-09-15T23:51:47.532+0000 7efc31a58640 1 --2- >> [v2:172.21.15.16:3300/0,v1:172.21.15.16:6789/0] conn(0x7efc2c107970 0x7efc2c19ba70 unknown :-1 s=HELLO_CONNECTING pgs=0 cs=0 l=1 rev1=1 crypto rx=0 tx=0 comp rx=0 tx=0).handle_hello peer v2:172.21.15.16:3300/0 says I am v2:172.21.15.16:34502/0 (socket says 172.21.15.16:34502)
2024-09-15T23:51:48.412 INFO:teuthology.orchestra.run.smithi016.stdout:/usr/bin/ceph: stderr
2024-09-15T23:51:47.532+0000 7efc31a58640 1 -- 172.21.15.16:0/774906858 learned_addr learned my addr 172.21.15.16:0/774906858 (peer_addr_for_me v2:172.21.15.16:0/0)
2024-09-15T23:51:48.412 INFO:teuthology.orchestra.run.smithi016.stdout:/usr/bin/ceph: stderr
2024-09-15T23:51:47.532+0000 7efc31a58640 1 -- 172.21.15.16:0/774906858 --> [v2:172.21.15.16:3300/0,v1:172.21.15.16:6789/0] -- mon_subscribe({config=0+,monmap=0+}) -- 0x7efc2c19bfb0 con 0x7efc2c107970
2024-09-15T23:51:48.412 INFO:teuthology.orchestra.run.smithi016.stdout:/usr/bin/ceph: stderr
2024-09-15T23:51:47.532+0000 7efc31a58640 1 --2- 172.21.15.16:0/774906858 >> [v2:172.21.15.16:3300/0,v1:172.21.15.16:6789/0] conn(0x7efc2c107970 0x7efc2c19ba70 secure :-1 s=READY pgs=46 cs=0 l=1 rev1=1 crypto rx=0x7efc1c0097f0 tx=0x7efc1c032e60 comp rx=0 tx=0).ready entity=mon.0 client_cookie=0 server_cookie=0 in_seq=0 out_seq=0
2024-09-15T23:51:48.412 INFO:teuthology.orchestra.run.smithi016.stdout:/usr/bin/ceph: stderr
2024-09-15T23:51:47.532+0000 7efc22ffd640 1 -- 172.21.15.16:0/774906858 <== mon.0 v2:172.21.15.16:3300/0 1 ==== mon_map magic: 0 ==== 205+0+0 (secure 0 0 0) 0x7efc1c042070 con 0x7efc2c107970
2024-09-15T23:51:48.412 INFO:teuthology.orchestra.run.smithi016.stdout:/usr/bin/ceph: stderr
2024-09-15T23:51:47.532+0000 7efc22ffd640 1 -- 172.21.15.16:0/774906858 <== mon.0 v2:172.21.15.16:3300/0 2 ==== config(29 keys) ==== 1178+0+0 (secure 0 0 0) 0x7efc1c0325f0 con 0x7efc2c107970
2024-09-15T23:51:48.412 INFO:teuthology.orchestra.run.smithi016.stdout:/usr/bin/ceph: stderr
2024-09-15T23:51:47.532+0000 7efc33cbc640 1 -- 172.21.15.16:0/774906858 --> [v2:172.21.15.16:3300/0,v1:172.21.15.16:6789/0] -- mon_subscribe({mgrmap=0+}) -- 0x7efc2c19c240 con 0x7efc2c107970
2024-09-15T23:51:48.412 INFO:teuthology.orchestra.run.smithi016.stdout:/usr/bin/ceph: stderr
2024-09-15T23:51:47.532+0000 7efc22ffd640 1 -- 172.21.15.16:0/774906858 <== mon.0 v2:172.21.15.16:3300/0 3 ==== mon_map magic: 0 ==== 205+0+0 (secure 0 0 0) 0x7efc1c037040 con 0x7efc2c107970
2024-09-15T23:51:48.412 INFO:teuthology.orchestra.run.smithi016.stdout:/usr/bin/ceph: stderr
2024-09-15T23:51:47.532+0000 7efc33cbc640 1 -- 172.21.15.16:0/774906858 --> [v2:172.21.15.16:3300/0,v1:172.21.15.16:6789/0] -- mon_subscribe({osdmap=0}) -- 0x7efc2c19ef30 con 0x7efc2c107970
2024-09-15T23:51:48.412 INFO:teuthology.orchestra.run.smithi016.stdout:/usr/bin/ceph: stderr
2024-09-15T23:51:47.533+0000 7efc22ffd640 1 -- 172.21.15.16:0/774906858 <== mon.0 v2:172.21.15.16:3300/0 4 ==== mgrmap(e 8) ==== 46461+0+0 (secure 0 0 0) 0x7efc1c045070 con 0x7efc2c107970
2024-09-15T23:51:48.412 INFO:teuthology.orchestra.run.smithi016.stdout:/usr/bin/ceph: stderr
2024-09-15T23:51:47.533+0000 7efc33cbc640 1 -- 172.21.15.16:0/774906858 --> [v2:172.21.15.16:3300/0,v1:172.21.15.16:6789/0] -- mon_command({"prefix": "get_command_descriptions"} v 0) -- 0x7efc2c107df0 con 0x7efc2c107970
2024-09-15T23:51:48.412 INFO:teuthology.orchestra.run.smithi016.stdout:/usr/bin/ceph: stderr
2024-09-15T23:51:47.533+0000 7efc22ffd640 1 --2- 172.21.15.16:0/774906858 >> [v2:172.21.15.16:6800/1158516627,v1:172.21.15.16:6801/1158516627] conn(0x7efc18039200 0x7efc1803b6c0 unknown :-1 s=NONE pgs=0 cs=0 l=1 rev1=0 crypto rx=0 tx=0 comp rx=0 tx=0).connect
2024-09-15T23:51:48.412 INFO:teuthology.orchestra.run.smithi016.stdout:/usr/bin/ceph: stderr
2024-09-15T23:51:47.533+0000 7efc22ffd640 1 -- 172.21.15.16:0/774906858 <== mon.0 v2:172.21.15.16:3300/0 5 ==== osd_map(2..2 src has 1..2) ==== 940+0+0 (secure 0 0 0) 0x7efc1c06c1f0 con 0x7efc2c107970
2024-09-15T23:51:48.413 INFO:teuthology.orchestra.run.smithi016.stdout:/usr/bin/ceph: stderr
2024-09-15T23:51:47.533+0000 7efc31257640 1 --2- 172.21.15.16:0/774906858 >> [v2:172.21.15.16:6800/1158516627,v1:172.21.15.16:6801/1158516627] conn(0x7efc18039200 0x7efc1803b6c0 unknown :-1 s=BANNER_CONNECTING pgs=0 cs=0 l=1 rev1=0 crypto rx=0 tx=0 comp rx=0 tx=0)._handle_peer_banner_payload supported=3 required=0
2024-09-15T23:51:48.413 INFO:teuthology.orchestra.run.smithi016.stdout:/usr/bin/ceph: stderr
2024-09-15T23:51:47.534+0000 7efc31257640 1 --2- 172.21.15.16:0/774906858 >> [v2:172.21.15.16:6800/1158516627,v1:172.21.15.16:6801/1158516627] conn(0x7efc18039200 0x7efc1803b6c0 secure :-1 s=READY pgs=12 cs=0 l=1 rev1=1 crypto rx=0x7efc280098c0 tx=0x7efc28006db0 comp rx=0 tx=0).ready entity=mgr.14118 client_cookie=0 server_cookie=0 in_seq=0 out_seq=0
2024-09-15T23:51:48.413 INFO:teuthology.orchestra.run.smithi016.stdout:/usr/bin/ceph: stderr
2024-09-15T23:51:47.538+0000 7efc22ffd640 1 -- 172.21.15.16:0/774906858 <== mon.0 v2:172.21.15.16:3300/0 6 ==== mon_command_ack([{"prefix": "get_command_descriptions"}]=0 v0) ==== 72+0+188821 (secure 0 0 0) 0x7efc1c042210 con 0x7efc2c107970
2024-09-15T23:51:48.413 INFO:teuthology.orchestra.run.smithi016.stdout:/usr/bin/ceph: stderr
2024-09-15T23:51:47.738+0000 7efc33cbc640 1 -- 172.21.15.16:0/774906858 --> [v2:172.21.15.16:6800/1158516627,v1:172.21.15.16:6801/1158516627] -- mgr_command(tid 0: {"prefix": "orch apply", "service_type": "mon", "unmanaged": true, "target": ["mon-mgr", ""]}) -- 0x7efc2c1043c0 con 0x7efc18039200
2024-09-15T23:51:48.413 INFO:teuthology.orchestra.run.smithi016.stdout:/usr/bin/ceph: stderr
2024-09-15T23:51:47.743+0000 7efc22ffd640 1 -- 172.21.15.16:0/774906858 <== mgr.14118 v2:172.21.15.16:6800/1158516627 1 ==== mgr_command_reply(tid 0: 0 ) ==== 8+0+24 (secure 0 0 0) 0x7efc2c1043c0 con 0x7efc18039200
2024-09-15T23:51:48.413 INFO:teuthology.orchestra.run.smithi016.stdout:/usr/bin/ceph: stderr
2024-09-15T23:51:47.745+0000 7efc33cbc640 1 -- 172.21.15.16:0/774906858 >> [v2:172.21.15.16:6800/1158516627,v1:172.21.15.16:6801/1158516627] conn(0x7efc18039200 msgr2=0x7efc1803b6c0 secure :-1 s=STATE_CONNECTION_ESTABLISHED l=1).mark_down
2024-09-15T23:51:48.413 INFO:teuthology.orchestra.run.smithi016.stdout:/usr/bin/ceph: stderr
2024-09-15T23:51:47.745+0000 7efc33cbc640 1 --2- 172.21.15.16:0/774906858 >> [v2:172.21.15.16:6800/1158516627,v1:172.21.15.16:6801/1158516627] conn(0x7efc18039200 0x7efc1803b6c0 secure :-1 s=READY pgs=12 cs=0 l=1 rev1=1 crypto rx=0x7efc280098c0 tx=0x7efc28006db0 comp rx=0 tx=0).stop
2024-09-15T23:51:48.413 INFO:teuthology.orchestra.run.smithi016.stdout:/usr/bin/ceph: stderr
2024-09-15T23:51:47.745+0000 7efc33cbc640 1 -- 172.21.15.16:0/774906858 >> [v2:172.21.15.16:3300/0,v1:172.21.15.16:6789/0] conn(0x7efc2c107970 msgr2=0x7efc2c19ba70 secure :-1 s=STATE_CONNECTION_ESTABLISHED l=1).mark_down
2024-09-15T23:51:48.414 INFO:teuthology.orchestra.run.smithi016.stdout:/usr/bin/ceph: stderr
2024-09-15T23:51:47.745+0000 7efc33cbc640 1 --2- 172.21.15.16:0/774906858 >> [v2:172.21.15.16:3300/0,v1:172.21.15.16:6789/0] conn(0x7efc2c107970 0x7efc2c19ba70 secure :-1 s=READY pgs=46 cs=0 l=1 rev1=1 crypto rx=0x7efc1c0097f0 tx=0x7efc1c032e60 comp rx=0 tx=0).stop
2024-09-15T23:51:48.414 INFO:teuthology.orchestra.run.smithi016.stdout:/usr/bin/ceph: stderr
2024-09-15T23:51:47.745+0000 7efc33cbc640 1 -- 172.21.15.16:0/774906858 shutdown_connections
2024-09-15T23:51:48.414 INFO:teuthology.orchestra.run.smithi016.stdout:/usr/bin/ceph: stderr
2024-09-15T23:51:47.745+0000 7efc33cbc640 1 --2- 172.21.15.16:0/774906858 >> [v2:172.21.15.16:6800/1158516627,v1:172.21.15.16:6801/1158516627] conn(0x7efc18039200 0x7efc1803b6c0 unknown :-1 s=CLOSED pgs=12 cs=0 l=1 rev1=1 crypto rx=0 tx=0 comp rx=0 tx=0).stop
2024-09-15T23:51:48.414 INFO:teuthology.orchestra.run.smithi016.stdout:/usr/bin/ceph: stderr
2024-09-15T23:51:47.745+0000 7efc33cbc640 1 --2- 172.21.15.16:0/774906858 >> [v2:172.21.15.16:3300/0,v1:172.21.15.16:6789/0] conn(0x7efc2c107970 0x7efc2c19ba70 unknown :-1 s=CLOSED pgs=46 cs=0 l=1 rev1=1 crypto rx=0 tx=0 comp rx=0 tx=0).stop
2024-09-15T23:51:48.414 INFO:teuthology.orchestra.run.smithi016.stdout:/usr/bin/ceph: stderr
2024-09-15T23:51:47.745+0000 7efc33cbc640 1 -- 172.21.15.16:0/774906858 >> 172.21.15.16:0/774906858 conn(0x7efc2c103120 msgr2=0x7efc2c103cb0 unknown :-1 s=STATE_NONE l=0).mark_down
2024-09-15T23:51:48.414 INFO:teuthology.orchestra.run.smithi016.stdout:/usr/bin/ceph: stderr
2024-09-15T23:51:47.745+0000 7efc33cbc640 1 -- 172.21.15.16:0/774906858 shutdown_connections
2024-09-15T23:51:48.414 INFO:teuthology.orchestra.run.smithi016.stdout:/usr/bin/ceph: stderr
2024-09-15T23:51:47.745+0000 7efc33cbc640 1 -- 172.21.15.16:0/774906858 wait complete.
2024-09-15T23:51:48.414 INFO:teuthology.orchestra.run.smithi016.stdout:Deploying unmanaged mgr service...
2024-09-15T23:51:48.995 INFO:journalctl@ceph.mon.a.smithi016.stdout:Sep 15 23:51:48 smithi016 ceph-mon[31444]: from='client.14140 -' entity='client.admin' cmd=[{"prefix": "orch apply", "service_type": "mon", "unmanaged": true, "target": ["mon-mgr", ""]}]: dispatch
2024-09-15T23:51:48.995 INFO:journalctl@ceph.mon.a.smithi016.stdout:Sep 15 23:51:48 smithi016 ceph-mon[31444]: Saving service mon spec with placement count:5
2024-09-15T23:51:48.995 INFO:journalctl@ceph.mon.a.smithi016.stdout:Sep 15 23:51:48 smithi016 ceph-mon[31444]: from='mgr.14118 172.21.15.16:0/2329670571' entity='mgr.x'
2024-09-15T23:51:49.537 INFO:teuthology.orchestra.run.smithi016.stdout:/usr/bin/ceph: stdout Scheduled mgr update...
2024-09-15T23:51:49.537 INFO:teuthology.orchestra.run.smithi016.stdout:/usr/bin/ceph: stderr
2024-09-15T23:51:48.792+0000 7ffbe7747640 1 Processor -- start
2024-09-15T23:51:49.537 INFO:teuthology.orchestra.run.smithi016.stdout:/usr/bin/ceph: stderr
2024-09-15T23:51:48.792+0000 7ffbe7747640 1 -- start start
2024-09-15T23:51:49.537 INFO:teuthology.orchestra.run.smithi016.stdout:/usr/bin/ceph: stderr
2024-09-15T23:51:48.792+0000 7ffbe7747640 1 --2- >> [v2:172.21.15.16:3300/0,v1:172.21.15.16:6789/0] conn(0x7ffbe0106260 0x7ffbe0106660 unknown :-1 s=NONE pgs=0 cs=0 l=0 rev1=0 crypto rx=0 tx=0 comp rx=0 tx=0).connect
2024-09-15T23:51:49.537 INFO:teuthology.orchestra.run.smithi016.stdout:/usr/bin/ceph: stderr
2024-09-15T23:51:48.792+0000 7ffbe7747640 1 -- --> [v2:172.21.15.16:3300/0,v1:172.21.15.16:6789/0] -- mon_getmap magic: 0 -- 0x7ffbe007be20 con 0x7ffbe0106260
2024-09-15T23:51:49.537 INFO:teuthology.orchestra.run.smithi016.stdout:/usr/bin/ceph: stderr
2024-09-15T23:51:48.793+0000 7ffbe54e3640 1 --2- >> [v2:172.21.15.16:3300/0,v1:172.21.15.16:6789/0] conn(0x7ffbe0106260 0x7ffbe0106660 unknown :-1 s=BANNER_CONNECTING pgs=0 cs=0 l=0 rev1=0 crypto rx=0 tx=0 comp rx=0 tx=0)._handle_peer_banner_payload supported=3 required=0
2024-09-15T23:51:49.538 INFO:teuthology.orchestra.run.smithi016.stdout:/usr/bin/ceph: stderr
2024-09-15T23:51:48.793+0000 7ffbe54e3640 1 --2- >> [v2:172.21.15.16:3300/0,v1:172.21.15.16:6789/0] conn(0x7ffbe0106260 0x7ffbe0106660 unknown :-1 s=HELLO_CONNECTING pgs=0 cs=0 l=0 rev1=1 crypto rx=0 tx=0 comp rx=0 tx=0).handle_hello peer v2:172.21.15.16:3300/0 says I am v2:172.21.15.16:34514/0 (socket says 172.21.15.16:34514)
2024-09-15T23:51:49.538 INFO:teuthology.orchestra.run.smithi016.stdout:/usr/bin/ceph: stderr
2024-09-15T23:51:48.793+0000 7ffbe54e3640 1 -- 172.21.15.16:0/1563788823 learned_addr learned my addr 172.21.15.16:0/1563788823 (peer_addr_for_me v2:172.21.15.16:0/0)
2024-09-15T23:51:49.538 INFO:teuthology.orchestra.run.smithi016.stdout:/usr/bin/ceph: stderr
2024-09-15T23:51:48.793+0000 7ffbe54e3640 1 -- 172.21.15.16:0/1563788823 --> [v2:172.21.15.16:3300/0,v1:172.21.15.16:6789/0] -- mon_subscribe({config=0+,monmap=0+}) -- 0x7ffbe0106ba0 con 0x7ffbe0106260
2024-09-15T23:51:49.538 INFO:teuthology.orchestra.run.smithi016.stdout:/usr/bin/ceph: stderr
2024-09-15T23:51:48.794+0000 7ffbe54e3640 1 --2- 172.21.15.16:0/1563788823 >> [v2:172.21.15.16:3300/0,v1:172.21.15.16:6789/0] conn(0x7ffbe0106260 0x7ffbe0106660 secure :-1 s=READY pgs=47 cs=0 l=1 rev1=1 crypto rx=0x7ffbd8009820 tx=0x7ffbd802a270 comp rx=0 tx=0).ready entity=mon.0 client_cookie=d4504a0b751cb418 server_cookie=0 in_seq=0 out_seq=0
2024-09-15T23:51:49.538 INFO:teuthology.orchestra.run.smithi016.stdout:/usr/bin/ceph: stderr
2024-09-15T23:51:48.794+0000 7ffbdffff640 1 -- 172.21.15.16:0/1563788823 <== mon.0 v2:172.21.15.16:3300/0 1 ==== mon_map magic: 0 ==== 205+0+0 (secure 0 0 0) 0x7ffbd8037070 con 0x7ffbe0106260
2024-09-15T23:51:49.538 INFO:teuthology.orchestra.run.smithi016.stdout:/usr/bin/ceph: stderr
2024-09-15T23:51:48.794+0000 7ffbdffff640 1 -- 172.21.15.16:0/1563788823 <== mon.0 v2:172.21.15.16:3300/0 2 ==== config(29 keys) ==== 1178+0+0 (secure 0 0 0) 0x7ffbd8032940 con 0x7ffbe0106260
2024-09-15T23:51:49.538 INFO:teuthology.orchestra.run.smithi016.stdout:/usr/bin/ceph: stderr
2024-09-15T23:51:48.794+0000 7ffbdffff640 1 -- 172.21.15.16:0/1563788823 <== mon.0 v2:172.21.15.16:3300/0 3 ==== mon_map magic: 0 ==== 205+0+0 (secure 0 0 0) 0x7ffbd80309c0 con 0x7ffbe0106260
2024-09-15T23:51:49.538 INFO:teuthology.orchestra.run.smithi016.stdout:/usr/bin/ceph: stderr
2024-09-15T23:51:48.795+0000 7ffbe7747640 1 -- 172.21.15.16:0/1563788823 >> [v2:172.21.15.16:3300/0,v1:172.21.15.16:6789/0] conn(0x7ffbe0106260 msgr2=0x7ffbe0106660 secure :-1 s=STATE_CONNECTION_ESTABLISHED l=1).mark_down
2024-09-15T23:51:49.538 INFO:teuthology.orchestra.run.smithi016.stdout:/usr/bin/ceph: stderr
2024-09-15T23:51:48.795+0000 7ffbe7747640 1 --2- 172.21.15.16:0/1563788823 >> [v2:172.21.15.16:3300/0,v1:172.21.15.16:6789/0] conn(0x7ffbe0106260 0x7ffbe0106660 secure :-1 s=READY pgs=47 cs=0 l=1 rev1=1 crypto rx=0x7ffbd8009820 tx=0x7ffbd802a270 comp rx=0 tx=0).stop
2024-09-15T23:51:49.538 INFO:teuthology.orchestra.run.smithi016.stdout:/usr/bin/ceph: stderr
2024-09-15T23:51:48.795+0000 7ffbe7747640 1 -- 172.21.15.16:0/1563788823 shutdown_connections
2024-09-15T23:51:49.538 INFO:teuthology.orchestra.run.smithi016.stdout:/usr/bin/ceph: stderr
2024-09-15T23:51:48.795+0000 7ffbe7747640 1 --2- 172.21.15.16:0/1563788823 >> [v2:172.21.15.16:3300/0,v1:172.21.15.16:6789/0] conn(0x7ffbe0106260 0x7ffbe0106660 unknown :-1 s=CLOSED pgs=47 cs=0 l=1 rev1=1 crypto rx=0 tx=0 comp rx=0 tx=0).stop
2024-09-15T23:51:49.538 INFO:teuthology.orchestra.run.smithi016.stdout:/usr/bin/ceph: stderr
2024-09-15T23:51:48.795+0000 7ffbe7747640 1 -- 172.21.15.16:0/1563788823 >> 172.21.15.16:0/1563788823 conn(0x7ffbe0102030 msgr2=0x7ffbe0104450 unknown :-1 s=STATE_NONE l=0).mark_down
2024-09-15T23:51:49.539 INFO:teuthology.orchestra.run.smithi016.stdout:/usr/bin/ceph: stderr
2024-09-15T23:51:48.795+0000 7ffbe7747640 1 -- 172.21.15.16:0/1563788823 shutdown_connections
2024-09-15T23:51:49.539 INFO:teuthology.orchestra.run.smithi016.stdout:/usr/bin/ceph: stderr
2024-09-15T23:51:48.795+0000 7ffbe7747640 1 -- 172.21.15.16:0/1563788823 wait complete.
2024-09-15T23:51:49.539 INFO:teuthology.orchestra.run.smithi016.stdout:/usr/bin/ceph: stderr
2024-09-15T23:51:48.796+0000 7ffbe7747640 1 Processor -- start
2024-09-15T23:51:49.539 INFO:teuthology.orchestra.run.smithi016.stdout:/usr/bin/ceph: stderr
2024-09-15T23:51:48.796+0000 7ffbe7747640 1 -- start start
2024-09-15T23:51:49.539 INFO:teuthology.orchestra.run.smithi016.stdout:/usr/bin/ceph: stderr
2024-09-15T23:51:48.796+0000 7ffbe7747640 1 --2- >> [v2:172.21.15.16:3300/0,v1:172.21.15.16:6789/0] conn(0x7ffbe0106260 0x7ffbe019db90 unknown :-1 s=NONE pgs=0 cs=0 l=1 rev1=0 crypto rx=0 tx=0 comp rx=0 tx=0).connect
2024-09-15T23:51:49.539 INFO:teuthology.orchestra.run.smithi016.stdout:/usr/bin/ceph: stderr
2024-09-15T23:51:48.796+0000 7ffbe7747640 1 -- --> [v2:172.21.15.16:3300/0,v1:172.21.15.16:6789/0] -- mon_getmap magic: 0 -- 0x7ffbe0107cf0 con 0x7ffbe0106260
2024-09-15T23:51:49.539 INFO:teuthology.orchestra.run.smithi016.stdout:/usr/bin/ceph: stderr
2024-09-15T23:51:48.796+0000 7ffbe54e3640 1 --2- >> [v2:172.21.15.16:3300/0,v1:172.21.15.16:6789/0] conn(0x7ffbe0106260 0x7ffbe019db90 unknown :-1 s=BANNER_CONNECTING pgs=0 cs=0 l=1 rev1=0 crypto rx=0 tx=0 comp rx=0 tx=0)._handle_peer_banner_payload supported=3 required=0
2024-09-15T23:51:49.539 INFO:teuthology.orchestra.run.smithi016.stdout:/usr/bin/ceph: stderr
2024-09-15T23:51:48.796+0000 7ffbe54e3640 1 --2- >> [v2:172.21.15.16:3300/0,v1:172.21.15.16:6789/0] conn(0x7ffbe0106260 0x7ffbe019db90 unknown :-1 s=HELLO_CONNECTING pgs=0 cs=0 l=1 rev1=1 crypto rx=0 tx=0 comp rx=0 tx=0).handle_hello peer v2:172.21.15.16:3300/0 says I am v2:172.21.15.16:34516/0 (socket says 172.21.15.16:34516)
2024-09-15T23:51:49.539 INFO:teuthology.orchestra.run.smithi016.stdout:/usr/bin/ceph: stderr
2024-09-15T23:51:48.796+0000 7ffbe54e3640 1 -- 172.21.15.16:0/388889580 learned_addr learned my addr 172.21.15.16:0/388889580 (peer_addr_for_me v2:172.21.15.16:0/0)
2024-09-15T23:51:49.539 INFO:teuthology.orchestra.run.smithi016.stdout:/usr/bin/ceph: stderr
2024-09-15T23:51:48.796+0000 7ffbe54e3640 1 -- 172.21.15.16:0/388889580 --> [v2:172.21.15.16:3300/0,v1:172.21.15.16:6789/0] -- mon_subscribe({config=0+,monmap=0+}) -- 0x7ffbe019e0d0 con 0x7ffbe0106260
2024-09-15T23:51:49.539 INFO:teuthology.orchestra.run.smithi016.stdout:/usr/bin/ceph: stderr
2024-09-15T23:51:48.796+0000 7ffbe54e3640 1 --2- 172.21.15.16:0/388889580 >> [v2:172.21.15.16:3300/0,v1:172.21.15.16:6789/0] conn(0x7ffbe0106260 0x7ffbe019db90 secure :-1 s=READY pgs=48 cs=0 l=1 rev1=1 crypto rx=0x7ffbd8032d90 tx=0x7ffbd8032dc0 comp rx=0 tx=0).ready entity=mon.0 client_cookie=0 server_cookie=0 in_seq=0 out_seq=0
2024-09-15T23:51:49.539 INFO:teuthology.orchestra.run.smithi016.stdout:/usr/bin/ceph: stderr
2024-09-15T23:51:48.797+0000 7ffbde7fc640 1 -- 172.21.15.16:0/388889580 <== mon.0 v2:172.21.15.16:3300/0 1 ==== mon_map magic: 0 ==== 205+0+0 (secure 0 0 0) 0x7ffbd8042070 con 0x7ffbe0106260
2024-09-15T23:51:49.539 INFO:teuthology.orchestra.run.smithi016.stdout:/usr/bin/ceph: stderr
2024-09-15T23:51:48.797+0000 7ffbe7747640 1 -- 172.21.15.16:0/388889580 --> [v2:172.21.15.16:3300/0,v1:172.21.15.16:6789/0] -- mon_subscribe({mgrmap=0+}) -- 0x7ffbe019e360 con 0x7ffbe0106260
2024-09-15T23:51:49.540 INFO:teuthology.orchestra.run.smithi016.stdout:/usr/bin/ceph: stderr
2024-09-15T23:51:48.797+0000 7ffbde7fc640 1 -- 172.21.15.16:0/388889580 <== mon.0 v2:172.21.15.16:3300/0 2 ==== config(29 keys) ==== 1178+0+0 (secure 0 0 0) 0x7ffbd80325f0 con 0x7ffbe0106260
2024-09-15T23:51:49.540 INFO:teuthology.orchestra.run.smithi016.stdout:/usr/bin/ceph: stderr
2024-09-15T23:51:48.797+0000 7ffbde7fc640 1 -- 172.21.15.16:0/388889580 <== mon.0 v2:172.21.15.16:3300/0 3 ==== mon_map magic: 0 ==== 205+0+0 (secure 0 0 0) 0x7ffbd8037040 con 0x7ffbe0106260
2024-09-15T23:51:49.540 INFO:teuthology.orchestra.run.smithi016.stdout:/usr/bin/ceph: stderr
2024-09-15T23:51:48.797+0000 7ffbe7747640 1 -- 172.21.15.16:0/388889580 --> [v2:172.21.15.16:3300/0,v1:172.21.15.16:6789/0] -- mon_subscribe({osdmap=0}) -- 0x7ffbe01a1050 con 0x7ffbe0106260
2024-09-15T23:51:49.540 INFO:teuthology.orchestra.run.smithi016.stdout:/usr/bin/ceph: stderr
2024-09-15T23:51:48.798+0000 7ffbde7fc640 1 -- 172.21.15.16:0/388889580 <== mon.0 v2:172.21.15.16:3300/0 4 ==== mgrmap(e 8) ==== 46461+0+0 (secure 0 0 0) 0x7ffbd8045070 con 0x7ffbe0106260
2024-09-15T23:51:49.540 INFO:teuthology.orchestra.run.smithi016.stdout:/usr/bin/ceph: stderr
2024-09-15T23:51:48.798+0000 7ffbe7747640 1 -- 172.21.15.16:0/388889580 --> [v2:172.21.15.16:3300/0,v1:172.21.15.16:6789/0] -- mon_command({"prefix": "get_command_descriptions"} v 0) -- 0x7ffbe0106660 con 0x7ffbe0106260
2024-09-15T23:51:49.540 INFO:teuthology.orchestra.run.smithi016.stdout:/usr/bin/ceph: stderr
2024-09-15T23:51:48.798+0000 7ffbde7fc640 1 --2- 172.21.15.16:0/388889580 >> [v2:172.21.15.16:6800/1158516627,v1:172.21.15.16:6801/1158516627] conn(0x7ffbc80391b0 0x7ffbc803b670 unknown :-1 s=NONE pgs=0 cs=0 l=1 rev1=0 crypto rx=0 tx=0 comp rx=0 tx=0).connect
2024-09-15T23:51:49.540 INFO:teuthology.orchestra.run.smithi016.stdout:/usr/bin/ceph: stderr
2024-09-15T23:51:48.798+0000 7ffbde7fc640 1 -- 172.21.15.16:0/388889580 <== mon.0 v2:172.21.15.16:3300/0 5 ==== osd_map(2..2 src has 1..2) ==== 940+0+0 (secure 0 0 0) 0x7ffbd806c220 con 0x7ffbe0106260
2024-09-15T23:51:49.540 INFO:teuthology.orchestra.run.smithi016.stdout:/usr/bin/ceph: stderr
2024-09-15T23:51:48.798+0000 7ffbe4ce2640 1 --2- 172.21.15.16:0/388889580 >> [v2:172.21.15.16:6800/1158516627,v1:172.21.15.16:6801/1158516627] conn(0x7ffbc80391b0 0x7ffbc803b670 unknown :-1 s=BANNER_CONNECTING pgs=0 cs=0 l=1 rev1=0 crypto rx=0 tx=0 comp rx=0 tx=0)._handle_peer_banner_payload supported=3 required=0
2024-09-15T23:51:49.540 INFO:teuthology.orchestra.run.smithi016.stdout:/usr/bin/ceph: stderr
2024-09-15T23:51:48.799+0000 7ffbe4ce2640 1 --2- 172.21.15.16:0/388889580 >> [v2:172.21.15.16:6800/1158516627,v1:172.21.15.16:6801/1158516627] conn(0x7ffbc80391b0 0x7ffbc803b670 secure :-1 s=READY pgs=13 cs=0 l=1 rev1=1 crypto rx=0x7ffbd40098c0 tx=0x7ffbd4006db0 comp rx=0 tx=0).ready entity=mgr.14118 client_cookie=0 server_cookie=0 in_seq=0 out_seq=0
2024-09-15T23:51:49.540 INFO:teuthology.orchestra.run.smithi016.stdout:/usr/bin/ceph: stderr
2024-09-15T23:51:48.803+0000 7ffbde7fc640 1 -- 172.21.15.16:0/388889580 <== mon.0 v2:172.21.15.16:3300/0 6 ==== mon_command_ack([{"prefix": "get_command_descriptions"}]=0 v0) ==== 72+0+188821 (secure 0 0 0) 0x7ffbd8045520 con 0x7ffbe0106260
2024-09-15T23:51:49.540 INFO:teuthology.orchestra.run.smithi016.stdout:/usr/bin/ceph: stderr
2024-09-15T23:51:48.994+0000 7ffbe7747640 1 -- 172.21.15.16:0/388889580 --> [v2:172.21.15.16:6800/1158516627,v1:172.21.15.16:6801/1158516627] -- mgr_command(tid 0: {"prefix": "orch apply", "service_type": "mgr", "unmanaged": true, "target": ["mon-mgr", ""]}) -- 0x7ffbe002dab0 con 0x7ffbc80391b0
2024-09-15T23:51:49.540 INFO:teuthology.orchestra.run.smithi016.stdout:/usr/bin/ceph: stderr
2024-09-15T23:51:48.998+0000 7ffbde7fc640 1 -- 172.21.15.16:0/388889580 <== mgr.14118 v2:172.21.15.16:6800/1158516627 1 ==== mgr_command_reply(tid 0: 0 ) ==== 8+0+24 (secure 0 0 0) 0x7ffbe002dab0 con 0x7ffbc80391b0
2024-09-15T23:51:49.541 INFO:teuthology.orchestra.run.smithi016.stdout:/usr/bin/ceph: stderr
2024-09-15T23:51:49.000+0000 7ffbe7747640 1 -- 172.21.15.16:0/388889580 >> [v2:172.21.15.16:6800/1158516627,v1:172.21.15.16:6801/1158516627] conn(0x7ffbc80391b0 msgr2=0x7ffbc803b670 secure :-1 s=STATE_CONNECTION_ESTABLISHED l=1).mark_down
2024-09-15T23:51:49.541 INFO:teuthology.orchestra.run.smithi016.stdout:/usr/bin/ceph: stderr
2024-09-15T23:51:49.000+0000 7ffbe7747640 1 --2- 172.21.15.16:0/388889580 >> [v2:172.21.15.16:6800/1158516627,v1:172.21.15.16:6801/1158516627] conn(0x7ffbc80391b0 0x7ffbc803b670 secure :-1 s=READY pgs=13 cs=0 l=1 rev1=1 crypto rx=0x7ffbd40098c0 tx=0x7ffbd4006db0 comp rx=0 tx=0).stop
2024-09-15T23:51:49.541 INFO:teuthology.orchestra.run.smithi016.stdout:/usr/bin/ceph: stderr
2024-09-15T23:51:49.000+0000 7ffbe7747640 1 -- 172.21.15.16:0/388889580 >> [v2:172.21.15.16:3300/0,v1:172.21.15.16:6789/0] conn(0x7ffbe0106260 msgr2=0x7ffbe019db90 secure :-1 s=STATE_CONNECTION_ESTABLISHED l=1).mark_down
2024-09-15T23:51:49.541 INFO:teuthology.orchestra.run.smithi016.stdout:/usr/bin/ceph: stderr
2024-09-15T23:51:49.000+0000 7ffbe7747640 1 --2- 172.21.15.16:0/388889580 >> [v2:172.21.15.16:3300/0,v1:172.21.15.16:6789/0] conn(0x7ffbe0106260 0x7ffbe019db90 secure :-1 s=READY pgs=48 cs=0 l=1 rev1=1 crypto rx=0x7ffbd8032d90 tx=0x7ffbd8032dc0 comp rx=0 tx=0).stop
2024-09-15T23:51:49.541 INFO:teuthology.orchestra.run.smithi016.stdout:/usr/bin/ceph: stderr
2024-09-15T23:51:49.000+0000 7ffbe7747640 1 -- 172.21.15.16:0/388889580 shutdown_connections
2024-09-15T23:51:49.541 INFO:teuthology.orchestra.run.smithi016.stdout:/usr/bin/ceph: stderr
2024-09-15T23:51:49.000+0000 7ffbe7747640 1 --2- 172.21.15.16:0/388889580 >> [v2:172.21.15.16:6800/1158516627,v1:172.21.15.16:6801/1158516627] conn(0x7ffbc80391b0 0x7ffbc803b670 unknown :-1 s=CLOSED pgs=13 cs=0 l=1 rev1=1 crypto rx=0 tx=0 comp rx=0 tx=0).stop
2024-09-15T23:51:49.541 INFO:teuthology.orchestra.run.smithi016.stdout:/usr/bin/ceph: stderr
2024-09-15T23:51:49.000+0000 7ffbe7747640 1 --2- 172.21.15.16:0/388889580 >> [v2:172.21.15.16:3300/0,v1:172.21.15.16:6789/0] conn(0x7ffbe0106260 0x7ffbe019db90 unknown :-1 s=CLOSED pgs=48 cs=0 l=1 rev1=1 crypto rx=0 tx=0 comp rx=0 tx=0).stop
2024-09-15T23:51:49.541 INFO:teuthology.orchestra.run.smithi016.stdout:/usr/bin/ceph: stderr
2024-09-15T23:51:49.000+0000 7ffbe7747640 1 -- 172.21.15.16:0/388889580 >> 172.21.15.16:0/388889580 conn(0x7ffbe0102030 msgr2=0x7ffbe01947f0 unknown :-1 s=STATE_NONE l=0).mark_down
2024-09-15T23:51:49.541 INFO:teuthology.orchestra.run.smithi016.stdout:/usr/bin/ceph: stderr
2024-09-15T23:51:49.000+0000 7ffbe7747640 1 -- 172.21.15.16:0/388889580 shutdown_connections
2024-09-15T23:51:49.541 INFO:teuthology.orchestra.run.smithi016.stdout:/usr/bin/ceph: stderr
2024-09-15T23:51:49.000+0000 7ffbe7747640 1 -- 172.21.15.16:0/388889580 wait complete.
2024-09-15T23:51:50.143 INFO:journalctl@ceph.mon.a.smithi016.stdout:Sep 15 23:51:49 smithi016 ceph-mon[31444]: from='client.14142 -' entity='client.admin' cmd=[{"prefix": "orch apply", "service_type": "mgr", "unmanaged": true, "target": ["mon-mgr", ""]}]: dispatch
2024-09-15T23:51:50.143 INFO:journalctl@ceph.mon.a.smithi016.stdout:Sep 15 23:51:49 smithi016 ceph-mon[31444]: Saving service mgr spec with placement count:2
2024-09-15T23:51:50.143 INFO:journalctl@ceph.mon.a.smithi016.stdout:Sep 15 23:51:49 smithi016 ceph-mon[31444]: from='mgr.14118 172.21.15.16:0/2329670571' entity='mgr.x'
2024-09-15T23:51:51.248 INFO:teuthology.orchestra.run.smithi016.stdout:/usr/bin/ceph: stderr
2024-09-15T23:51:50.142+0000 7f8111b48640 1 Processor -- start
2024-09-15T23:51:51.248 INFO:teuthology.orchestra.run.smithi016.stdout:/usr/bin/ceph: stderr
2024-09-15T23:51:50.142+0000 7f8111b48640 1 -- start start
2024-09-15T23:51:51.248 INFO:teuthology.orchestra.run.smithi016.stdout:/usr/bin/ceph: stderr
2024-09-15T23:51:50.142+0000 7f8111b48640 1 --2- >> [v2:172.21.15.16:3300/0,v1:172.21.15.16:6789/0] conn(0x7f810c108470 0x7f810c10a860 unknown :-1 s=NONE pgs=0 cs=0 l=0 rev1=0 crypto rx=0 tx=0 comp rx=0 tx=0).connect
2024-09-15T23:51:51.248 INFO:teuthology.orchestra.run.smithi016.stdout:/usr/bin/ceph: stderr
2024-09-15T23:51:50.142+0000 7f8111b48640 1 -- --> [v2:172.21.15.16:3300/0,v1:172.21.15.16:6789/0] -- mon_getmap magic: 0 -- 0x7f810c07be40 con 0x7f810c108470
2024-09-15T23:51:51.248 INFO:teuthology.orchestra.run.smithi016.stdout:/usr/bin/ceph: stderr
2024-09-15T23:51:50.142+0000 7f810b7fe640 1 --2- >> [v2:172.21.15.16:3300/0,v1:172.21.15.16:6789/0] conn(0x7f810c108470 0x7f810c10a860 unknown :-1 s=BANNER_CONNECTING pgs=0 cs=0 l=0 rev1=0 crypto rx=0 tx=0 comp rx=0 tx=0)._handle_peer_banner_payload supported=3 required=0
2024-09-15T23:51:51.249 INFO:teuthology.orchestra.run.smithi016.stdout:/usr/bin/ceph: stderr
2024-09-15T23:51:50.142+0000 7f810b7fe640 1 --2- >> [v2:172.21.15.16:3300/0,v1:172.21.15.16:6789/0] conn(0x7f810c108470 0x7f810c10a860 unknown :-1 s=HELLO_CONNECTING pgs=0 cs=0 l=0 rev1=1 crypto rx=0 tx=0 comp rx=0 tx=0).handle_hello peer v2:172.21.15.16:3300/0 says I am v2:172.21.15.16:34528/0 (socket says 172.21.15.16:34528)
2024-09-15T23:51:51.249 INFO:teuthology.orchestra.run.smithi016.stdout:/usr/bin/ceph: stderr
2024-09-15T23:51:50.142+0000 7f810b7fe640 1 -- 172.21.15.16:0/3354493938 learned_addr learned my addr 172.21.15.16:0/3354493938 (peer_addr_for_me v2:172.21.15.16:0/0)
2024-09-15T23:51:51.249 INFO:teuthology.orchestra.run.smithi016.stdout:/usr/bin/ceph: stderr
2024-09-15T23:51:50.142+0000 7f810b7fe640 1 -- 172.21.15.16:0/3354493938 --> [v2:172.21.15.16:3300/0,v1:172.21.15.16:6789/0] -- mon_subscribe({config=0+,monmap=0+}) -- 0x7f810c10ada0 con 0x7f810c108470
2024-09-15T23:51:51.249 INFO:teuthology.orchestra.run.smithi016.stdout:/usr/bin/ceph: stderr
2024-09-15T23:51:50.143+0000 7f810b7fe640 1 --2- 172.21.15.16:0/3354493938 >> [v2:172.21.15.16:3300/0,v1:172.21.15.16:6789/0] conn(0x7f810c108470 0x7f810c10a860 secure :-1 s=READY pgs=49 cs=0 l=1 rev1=1 crypto rx=0x7f80fc009820 tx=0x7f80fc02a270 comp rx=0 tx=0).ready entity=mon.0 client_cookie=3f25dbe32077be56 server_cookie=0 in_seq=0 out_seq=0
2024-09-15T23:51:51.249 INFO:teuthology.orchestra.run.smithi016.stdout:/usr/bin/ceph: stderr
2024-09-15T23:51:50.143+0000 7f810affd640 1 -- 172.21.15.16:0/3354493938 <== mon.0 v2:172.21.15.16:3300/0 1 ==== mon_map magic: 0 ==== 205+0+0 (secure 0 0 0) 0x7f80fc037070 con 0x7f810c108470
2024-09-15T23:51:51.249 INFO:teuthology.orchestra.run.smithi016.stdout:/usr/bin/ceph: stderr
2024-09-15T23:51:50.143+0000 7f810affd640 1 -- 172.21.15.16:0/3354493938 <== mon.0 v2:172.21.15.16:3300/0 2 ==== config(29 keys) ==== 1178+0+0 (secure 0 0 0) 0x7f80fc032940 con 0x7f810c108470
2024-09-15T23:51:51.249 INFO:teuthology.orchestra.run.smithi016.stdout:/usr/bin/ceph: stderr
2024-09-15T23:51:50.143+0000 7f810affd640 1 -- 172.21.15.16:0/3354493938 <== mon.0 v2:172.21.15.16:3300/0 3 ==== mon_map magic: 0 ==== 205+0+0 (secure 0 0 0) 0x7f80fc0309c0 con 0x7f810c108470
2024-09-15T23:51:51.249 INFO:teuthology.orchestra.run.smithi016.stdout:/usr/bin/ceph: stderr
2024-09-15T23:51:50.144+0000 7f8111b48640 1 -- 172.21.15.16:0/3354493938 >> [v2:172.21.15.16:3300/0,v1:172.21.15.16:6789/0] conn(0x7f810c108470 msgr2=0x7f810c10a860 secure :-1 s=STATE_CONNECTION_ESTABLISHED l=1).mark_down
2024-09-15T23:51:51.249 INFO:teuthology.orchestra.run.smithi016.stdout:/usr/bin/ceph: stderr
2024-09-15T23:51:50.144+0000 7f8111b48640 1 --2- 172.21.15.16:0/3354493938 >> [v2:172.21.15.16:3300/0,v1:172.21.15.16:6789/0] conn(0x7f810c108470 0x7f810c10a860 secure :-1 s=READY pgs=49 cs=0 l=1 rev1=1 crypto rx=0x7f80fc009820 tx=0x7f80fc02a270 comp rx=0 tx=0).stop
2024-09-15T23:51:51.249 INFO:teuthology.orchestra.run.smithi016.stdout:/usr/bin/ceph: stderr
2024-09-15T23:51:50.144+0000 7f8111b48640 1 -- 172.21.15.16:0/3354493938 shutdown_connections
2024-09-15T23:51:51.249 INFO:teuthology.orchestra.run.smithi016.stdout:/usr/bin/ceph: stderr
2024-09-15T23:51:50.144+0000 7f8111b48640 1 --2- 172.21.15.16:0/3354493938 >> [v2:172.21.15.16:3300/0,v1:172.21.15.16:6789/0] conn(0x7f810c108470 0x7f810c10a860 unknown :-1 s=CLOSED pgs=49 cs=0 l=1 rev1=1 crypto rx=0 tx=0 comp rx=0 tx=0).stop
2024-09-15T23:51:51.249 INFO:teuthology.orchestra.run.smithi016.stdout:/usr/bin/ceph: stderr
2024-09-15T23:51:50.144+0000 7f8111b48640 1 -- 172.21.15.16:0/3354493938 >> 172.21.15.16:0/3354493938 conn(0x7f810c102050 msgr2=0x7f810c104470 unknown :-1 s=STATE_NONE l=0).mark_down
2024-09-15T23:51:51.249 INFO:teuthology.orchestra.run.smithi016.stdout:/usr/bin/ceph: stderr
2024-09-15T23:51:50.144+0000 7f8111b48640 1 -- 172.21.15.16:0/3354493938 shutdown_connections
2024-09-15T23:51:51.250 INFO:teuthology.orchestra.run.smithi016.stdout:/usr/bin/ceph: stderr
2024-09-15T23:51:50.144+0000 7f8111b48640 1 -- 172.21.15.16:0/3354493938 wait complete.
2024-09-15T23:51:51.250 INFO:teuthology.orchestra.run.smithi016.stdout:/usr/bin/ceph: stderr
2024-09-15T23:51:50.145+0000 7f8111b48640 1 Processor -- start
2024-09-15T23:51:51.250 INFO:teuthology.orchestra.run.smithi016.stdout:/usr/bin/ceph: stderr
2024-09-15T23:51:50.145+0000 7f8111b48640 1 -- start start
2024-09-15T23:51:51.250 INFO:teuthology.orchestra.run.smithi016.stdout:/usr/bin/ceph: stderr
2024-09-15T23:51:50.145+0000 7f8111b48640 1 --2- >> [v2:172.21.15.16:3300/0,v1:172.21.15.16:6789/0] conn(0x7f810c108470 0x7f810c19b9f0 unknown :-1 s=NONE pgs=0 cs=0 l=1 rev1=0 crypto rx=0 tx=0 comp rx=0 tx=0).connect
2024-09-15T23:51:51.250 INFO:teuthology.orchestra.run.smithi016.stdout:/usr/bin/ceph: stderr
2024-09-15T23:51:50.145+0000 7f8111b48640 1 -- --> [v2:172.21.15.16:3300/0,v1:172.21.15.16:6789/0] -- mon_getmap magic: 0 -- 0x7f810c10be30 con 0x7f810c108470
2024-09-15T23:51:51.250 INFO:teuthology.orchestra.run.smithi016.stdout:/usr/bin/ceph: stderr
2024-09-15T23:51:50.145+0000 7f810b7fe640 1 --2- >> [v2:172.21.15.16:3300/0,v1:172.21.15.16:6789/0] conn(0x7f810c108470 0x7f810c19b9f0 unknown :-1 s=BANNER_CONNECTING pgs=0 cs=0 l=1 rev1=0 crypto rx=0 tx=0 comp rx=0 tx=0)._handle_peer_banner_payload supported=3 required=0
2024-09-15T23:51:51.250 INFO:teuthology.orchestra.run.smithi016.stdout:/usr/bin/ceph: stderr
2024-09-15T23:51:50.145+0000 7f810b7fe640 1 --2- >> [v2:172.21.15.16:3300/0,v1:172.21.15.16:6789/0] conn(0x7f810c108470 0x7f810c19b9f0 unknown :-1 s=HELLO_CONNECTING pgs=0 cs=0 l=1 rev1=1 crypto rx=0 tx=0 comp rx=0 tx=0).handle_hello peer v2:172.21.15.16:3300/0 says I am v2:172.21.15.16:34534/0 (socket says 172.21.15.16:34534)
2024-09-15T23:51:51.250 INFO:teuthology.orchestra.run.smithi016.stdout:/usr/bin/ceph: stderr
2024-09-15T23:51:50.145+0000 7f810b7fe640 1 -- 172.21.15.16:0/1147912828 learned_addr learned my addr 172.21.15.16:0/1147912828 (peer_addr_for_me v2:172.21.15.16:0/0)
2024-09-15T23:51:51.250 INFO:teuthology.orchestra.run.smithi016.stdout:/usr/bin/ceph: stderr
2024-09-15T23:51:50.145+0000 7f810b7fe640 1 -- 172.21.15.16:0/1147912828 --> [v2:172.21.15.16:3300/0,v1:172.21.15.16:6789/0] -- mon_subscribe({config=0+,monmap=0+}) -- 0x7f810c19bf30 con 0x7f810c108470
2024-09-15T23:51:51.250 INFO:teuthology.orchestra.run.smithi016.stdout:/usr/bin/ceph: stderr
2024-09-15T23:51:50.145+0000 7f810b7fe640 1 --2- 172.21.15.16:0/1147912828 >> [v2:172.21.15.16:3300/0,v1:172.21.15.16:6789/0] conn(0x7f810c108470 0x7f810c19b9f0 secure :-1 s=READY pgs=50 cs=0 l=1 rev1=1 crypto rx=0x7f80fc009940 tx=0x7f80fc032670 comp rx=0 tx=0).ready entity=mon.0 client_cookie=0 server_cookie=0 in_seq=0 out_seq=0
2024-09-15T23:51:51.250 INFO:teuthology.orchestra.run.smithi016.stdout:/usr/bin/ceph: stderr
2024-09-15T23:51:50.146+0000 7f81097fa640 1 -- 172.21.15.16:0/1147912828 <== mon.0 v2:172.21.15.16:3300/0 1 ==== mon_map magic: 0 ==== 205+0+0 (secure 0 0 0) 0x7f80fc042070 con 0x7f810c108470
2024-09-15T23:51:51.250 INFO:teuthology.orchestra.run.smithi016.stdout:/usr/bin/ceph: stderr
2024-09-15T23:51:50.146+0000 7f81097fa640 1 -- 172.21.15.16:0/1147912828 <== mon.0 v2:172.21.15.16:3300/0 2 ==== config(29 keys) ==== 1178+0+0 (secure 0 0 0) 0x7f80fc030e50 con 0x7f810c108470
2024-09-15T23:51:51.250 INFO:teuthology.orchestra.run.smithi016.stdout:/usr/bin/ceph: stderr
2024-09-15T23:51:50.146+0000 7f8111b48640 1 -- 172.21.15.16:0/1147912828 --> [v2:172.21.15.16:3300/0,v1:172.21.15.16:6789/0] -- mon_subscribe({mgrmap=0+}) -- 0x7f810c19c1c0 con 0x7f810c108470
2024-09-15T23:51:51.251 INFO:teuthology.orchestra.run.smithi016.stdout:/usr/bin/ceph: stderr
2024-09-15T23:51:50.146+0000 7f81097fa640 1 -- 172.21.15.16:0/1147912828 <== mon.0 v2:172.21.15.16:3300/0 3 ==== mon_map magic: 0 ==== 205+0+0 (secure 0 0 0) 0x7f80fc037040 con 0x7f810c108470
2024-09-15T23:51:51.251 INFO:teuthology.orchestra.run.smithi016.stdout:/usr/bin/ceph: stderr
2024-09-15T23:51:50.146+0000 7f8111b48640 1 -- 172.21.15.16:0/1147912828 --> [v2:172.21.15.16:3300/0,v1:172.21.15.16:6789/0] -- mon_subscribe({osdmap=0}) -- 0x7f810c19eeb0 con 0x7f810c108470
2024-09-15T23:51:51.251 INFO:teuthology.orchestra.run.smithi016.stdout:/usr/bin/ceph: stderr
2024-09-15T23:51:50.147+0000 7f81097fa640 1 -- 172.21.15.16:0/1147912828 <== mon.0 v2:172.21.15.16:3300/0 4 ==== mgrmap(e 8) ==== 46461+0+0 (secure 0 0 0) 0x7f80fc045070 con 0x7f810c108470
2024-09-15T23:51:51.251 INFO:teuthology.orchestra.run.smithi016.stdout:/usr/bin/ceph: stderr
2024-09-15T23:51:50.147+0000 7f81097fa640 1 --2- 172.21.15.16:0/1147912828 >> [v2:172.21.15.16:6800/1158516627,v1:172.21.15.16:6801/1158516627] conn(0x7f80f80391b0 0x7f80f803b670 unknown :-1 s=NONE pgs=0 cs=0 l=1 rev1=0 crypto rx=0 tx=0 comp rx=0 tx=0).connect
2024-09-15T23:51:51.251 INFO:teuthology.orchestra.run.smithi016.stdout:/usr/bin/ceph: stderr
2024-09-15T23:51:50.147+0000 7f8111b48640 1 -- 172.21.15.16:0/1147912828 --> [v2:172.21.15.16:3300/0,v1:172.21.15.16:6789/0] -- mon_command({"prefix": "get_command_descriptions"} v 0) -- 0x7f810c1088d0 con 0x7f810c108470
2024-09-15T23:51:51.251 INFO:teuthology.orchestra.run.smithi016.stdout:/usr/bin/ceph: stderr
2024-09-15T23:51:50.147+0000 7f81097fa640 1 -- 172.21.15.16:0/1147912828 <== mon.0 v2:172.21.15.16:3300/0 5 ==== osd_map(2..2 src has 1..2) ==== 940+0+0 (secure 0 0 0) 0x7f80fc06c440 con 0x7f810c108470
2024-09-15T23:51:51.251 INFO:teuthology.orchestra.run.smithi016.stdout:/usr/bin/ceph: stderr
2024-09-15T23:51:50.147+0000 7f8102ffd640 1 --2- 172.21.15.16:0/1147912828 >> [v2:172.21.15.16:6800/1158516627,v1:172.21.15.16:6801/1158516627] conn(0x7f80f80391b0 0x7f80f803b670 unknown :-1 s=BANNER_CONNECTING pgs=0 cs=0 l=1 rev1=0 crypto rx=0 tx=0 comp rx=0 tx=0)._handle_peer_banner_payload supported=3 required=0
2024-09-15T23:51:51.251 INFO:teuthology.orchestra.run.smithi016.stdout:/usr/bin/ceph: stderr
2024-09-15T23:51:50.147+0000 7f8102ffd640 1 --2- 172.21.15.16:0/1147912828 >> [v2:172.21.15.16:6800/1158516627,v1:172.21.15.16:6801/1158516627] conn(0x7f80f80391b0 0x7f80f803b670 secure :-1 s=READY pgs=14 cs=0 l=1 rev1=1 crypto rx=0x7f80f40098c0 tx=0x7f80f4006db0 comp rx=0 tx=0).ready entity=mgr.14118 client_cookie=0 server_cookie=0 in_seq=0 out_seq=0
2024-09-15T23:51:51.251 INFO:teuthology.orchestra.run.smithi016.stdout:/usr/bin/ceph: stderr
2024-09-15T23:51:50.152+0000 7f81097fa640 1 -- 172.21.15.16:0/1147912828 <== mon.0 v2:172.21.15.16:3300/0 6 ==== mon_command_ack([{"prefix": "get_command_descriptions"}]=0 v0) ==== 72+0+188821 (secure 0 0 0) 0x7f80fc03ce10 con 0x7f810c108470
2024-09-15T23:51:51.251 INFO:teuthology.orchestra.run.smithi016.stdout:/usr/bin/ceph: stderr
2024-09-15T23:51:50.328+0000 7f8111b48640 1 -- 172.21.15.16:0/1147912828 --> [v2:172.21.15.16:3300/0,v1:172.21.15.16:6789/0] -- mon_command([{prefix=config set, name=mgr/cephadm/container_init}] v 0) -- 0x7f810c19f500 con 0x7f810c108470
2024-09-15T23:51:51.251 INFO:teuthology.orchestra.run.smithi016.stdout:/usr/bin/ceph: stderr
2024-09-15T23:51:50.330+0000 7f81097fa640 1 -- 172.21.15.16:0/1147912828 <== mon.0 v2:172.21.15.16:3300/0 7 ==== mon_command_ack([{prefix=config set, name=mgr/cephadm/container_init}]=0 v6)=0 v6) ==== 142+0+0 (secure 0 0 0) 0x7f80fc03c8f0 con 0x7f810c108470
2024-09-15T23:51:51.251 INFO:teuthology.orchestra.run.smithi016.stdout:/usr/bin/ceph: stderr
2024-09-15T23:51:50.333+0000 7f8111b48640 1 -- 172.21.15.16:0/1147912828 >> [v2:172.21.15.16:6800/1158516627,v1:172.21.15.16:6801/1158516627] conn(0x7f80f80391b0 msgr2=0x7f80f803b670 secure :-1 s=STATE_CONNECTION_ESTABLISHED l=1).mark_down
2024-09-15T23:51:51.251 INFO:teuthology.orchestra.run.smithi016.stdout:/usr/bin/ceph: stderr
2024-09-15T23:51:50.333+0000 7f8111b48640 1 --2- 172.21.15.16:0/1147912828 >> [v2:172.21.15.16:6800/1158516627,v1:172.21.15.16:6801/1158516627] conn(0x7f80f80391b0 0x7f80f803b670 secure :-1 s=READY pgs=14 cs=0 l=1 rev1=1 crypto rx=0x7f80f40098c0 tx=0x7f80f4006db0 comp rx=0 tx=0).stop
2024-09-15T23:51:51.252 INFO:teuthology.orchestra.run.smithi016.stdout:/usr/bin/ceph: stderr
2024-09-15T23:51:50.333+0000 7f8111b48640 1 -- 172.21.15.16:0/1147912828 >> [v2:172.21.15.16:3300/0,v1:172.21.15.16:6789/0] conn(0x7f810c108470 msgr2=0x7f810c19b9f0 secure :-1 s=STATE_CONNECTION_ESTABLISHED l=1).mark_down
2024-09-15T23:51:51.252 INFO:teuthology.orchestra.run.smithi016.stdout:/usr/bin/ceph: stderr
2024-09-15T23:51:50.333+0000 7f8111b48640 1 --2- 172.21.15.16:0/1147912828 >> [v2:172.21.15.16:3300/0,v1:172.21.15.16:6789/0] conn(0x7f810c108470 0x7f810c19b9f0 secure :-1 s=READY pgs=50 cs=0 l=1 rev1=1 crypto rx=0x7f80fc009940 tx=0x7f80fc032670 comp rx=0 tx=0).stop
2024-09-15T23:51:51.252 INFO:teuthology.orchestra.run.smithi016.stdout:/usr/bin/ceph: stderr
2024-09-15T23:51:50.333+0000 7f8111b48640 1 -- 172.21.15.16:0/1147912828 shutdown_connections
