2024-09-15T23:59:45.165+0000 7fd8a9ce0640 1 -- 172.21.15.159:0/1557525071 >> [v2:172.21.15.159:6800/1078846478,v1:172.21.15.159:6801/1078846478] conn(0x7fd88c039200 msgr2=0x7fd88c03b6c0 secure :-1 s=STATE_CONNECTION_ESTABLISHED l=1).mark_down
2024-09-15T23:59:45.753 INFO:teuthology.orchestra.run.smithi159.stdout:/usr/bin/ceph: stderr
2024-09-15T23:59:45.165+0000 7fd8a9ce0640 1 --2- 172.21.15.159:0/1557525071 >> [v2:172.21.15.159:6800/1078846478,v1:172.21.15.159:6801/1078846478] conn(0x7fd88c039200 0x7fd88c03b6c0 secure :-1 s=READY pgs=15 cs=0 l=1 rev1=1 crypto rx=0x7fd8980098c0 tx=0x7fd898006db0 comp rx=0 tx=0).stop
2024-09-15T23:59:45.753 INFO:teuthology.orchestra.run.smithi159.stdout:/usr/bin/ceph: stderr
2024-09-15T23:59:45.165+0000 7fd8a9ce0640 1 -- 172.21.15.159:0/1557525071 >> [v2:172.21.15.159:3300/0,v1:172.21.15.159:6789/0] conn(0x7fd8a41053b0 msgr2=0x7fd8a419cc10 secure :-1 s=STATE_CONNECTION_ESTABLISHED l=1).mark_down
2024-09-15T23:59:45.753 INFO:teuthology.orchestra.run.smithi159.stdout:/usr/bin/ceph: stderr
2024-09-15T23:59:45.165+0000 7fd8a9ce0640 1 --2- 172.21.15.159:0/1557525071 >> [v2:172.21.15.159:3300/0,v1:172.21.15.159:6789/0] conn(0x7fd8a41053b0 0x7fd8a419cc10 secure :-1 s=READY pgs=52 cs=0 l=1 rev1=1 crypto rx=0x7fd894030cc0 tx=0x7fd894030cf0 comp rx=0 tx=0).stop
2024-09-15T23:59:45.754 INFO:teuthology.orchestra.run.smithi159.stdout:/usr/bin/ceph: stderr
2024-09-15T23:59:45.165+0000 7fd8a9ce0640 1 -- 172.21.15.159:0/1557525071 shutdown_connections
2024-09-15T23:59:45.754 INFO:teuthology.orchestra.run.smithi159.stdout:/usr/bin/ceph: stderr
2024-09-15T23:59:45.165+0000 7fd8a9ce0640 1 --2- 172.21.15.159:0/1557525071 >> [v2:172.21.15.159:6800/1078846478,v1:172.21.15.159:6801/1078846478] conn(0x7fd88c039200 0x7fd88c03b6c0 unknown :-1 s=CLOSED pgs=15 cs=0 l=1 rev1=1 crypto rx=0 tx=0 comp rx=0 tx=0).stop
2024-09-15T23:59:45.754 INFO:teuthology.orchestra.run.smithi159.stdout:/usr/bin/ceph: stderr
2024-09-15T23:59:45.165+0000 7fd8a9ce0640 1 --2- 172.21.15.159:0/1557525071 >> [v2:172.21.15.159:3300/0,v1:172.21.15.159:6789/0] conn(0x7fd8a41053b0 0x7fd8a419cc10 unknown :-1 s=CLOSED pgs=52 cs=0 l=1 rev1=1 crypto rx=0 tx=0 comp rx=0 tx=0).stop
2024-09-15T23:59:45.754 INFO:teuthology.orchestra.run.smithi159.stdout:/usr/bin/ceph: stderr
2024-09-15T23:59:45.165+0000 7fd8a9ce0640 1 -- 172.21.15.159:0/1557525071 >> 172.21.15.159:0/1557525071 conn(0x7fd8a41011a0 msgr2=0x7fd8a4191010 unknown :-1 s=STATE_NONE l=0).mark_down
2024-09-15T23:59:45.754 INFO:teuthology.orchestra.run.smithi159.stdout:/usr/bin/ceph: stderr
2024-09-15T23:59:45.165+0000 7fd8a9ce0640 1 -- 172.21.15.159:0/1557525071 shutdown_connections
2024-09-15T23:59:45.754 INFO:teuthology.orchestra.run.smithi159.stdout:/usr/bin/ceph: stderr
2024-09-15T23:59:45.165+0000 7fd8a9ce0640 1 -- 172.21.15.159:0/1557525071 wait complete.
2024-09-15T23:59:45.754 INFO:teuthology.orchestra.run.smithi159.stdout:Enabling the dashboard module...
2024-09-15T23:59:46.546 INFO:journalctl@ceph.mon.a.smithi159.stdout:Sep 15 23:59:46 smithi159 bash[22792]: audit
2024-09-15T23:59:45.165850+0000 mon.a (mon.0) 68 : audit [INF] from='client.? 172.21.15.159:0/1557525071' entity='client.admin'
2024-09-15T23:59:46.547 INFO:journalctl@ceph.mon.a.smithi159.stdout:Sep 15 23:59:46 smithi159 bash[22792]: audit
2024-09-15T23:59:45.452216+0000 mon.a (mon.0) 69 : audit [INF] from='mgr.14118 172.21.15.159:0/957414695' entity='mgr.x'
2024-09-15T23:59:46.547 INFO:journalctl@ceph.mon.a.smithi159.stdout:Sep 15 23:59:46 smithi159 bash[22792]: cluster
2024-09-15T23:59:45.933560+0000 mgr.x (mgr.14118) 24 : cluster [DBG] pgmap v6: 0 pgs: ; 0 B data, 0 B used, 0 B / 0 B avail
2024-09-15T23:59:48.053 INFO:journalctl@ceph.mon.a.smithi159.stdout:Sep 15 23:59:47 smithi159 bash[22792]: audit
2024-09-15T23:59:46.761679+0000 mon.a (mon.0) 70 : audit [INF] from='mgr.14118 172.21.15.159:0/957414695' entity='mgr.x'
2024-09-15T23:59:48.054 INFO:journalctl@ceph.mon.a.smithi159.stdout:Sep 15 23:59:47 smithi159 bash[22792]: audit
2024-09-15T23:59:47.371933+0000 mon.a (mon.0) 71 : audit [INF] from='client.? 172.21.15.159:0/1593257150' entity='client.admin' cmd=[{"prefix": "mgr module enable", "module": "dashboard"}]: dispatch
2024-09-15T23:59:48.054 INFO:journalctl@ceph.mgr.x.smithi159.stdout:Sep 15 23:59:47 smithi159 bash[23045]: ignoring --setuser ceph since I am not root
2024-09-15T23:59:48.054 INFO:journalctl@ceph.mgr.x.smithi159.stdout:Sep 15 23:59:47 smithi159 bash[23045]: ignoring --setgroup ceph since I am not root
2024-09-15T23:59:48.054 INFO:journalctl@ceph.mgr.x.smithi159.stdout:Sep 15 23:59:47 smithi159 bash[23045]: debug
2024-09-15T23:59:47.925+0000 7f90e5951040 -1 mgr[py] Module devicehealth has missing NOTIFY_TYPES member
2024-09-15T23:59:48.455 INFO:teuthology.orchestra.run.smithi159.stdout:/usr/bin/ceph: stderr
2024-09-15T23:59:46.937+0000 7fa6ec439640 1 Processor -- start
2024-09-15T23:59:48.455 INFO:teuthology.orchestra.run.smithi159.stdout:/usr/bin/ceph: stderr
2024-09-15T23:59:46.937+0000 7fa6ec439640 1 -- start start
2024-09-15T23:59:48.455 INFO:teuthology.orchestra.run.smithi159.stdout:/usr/bin/ceph: stderr
2024-09-15T23:59:46.937+0000 7fa6ec439640 1 --2- >> [v2:172.21.15.159:3300/0,v1:172.21.15.159:6789/0] conn(0x7fa6e4106ac0 0x7fa6e4106ec0 unknown :-1 s=NONE pgs=0 cs=0 l=0 rev1=0 crypto rx=0 tx=0 comp rx=0 tx=0).connect
2024-09-15T23:59:48.455 INFO:teuthology.orchestra.run.smithi159.stdout:/usr/bin/ceph: stderr
2024-09-15T23:59:46.937+0000 7fa6ec439640 1 -- --> [v2:172.21.15.159:3300/0,v1:172.21.15.159:6789/0] -- mon_getmap magic: 0 -- 0x7fa6e4107490 con 0x7fa6e4106ac0
2024-09-15T23:59:48.456 INFO:teuthology.orchestra.run.smithi159.stdout:/usr/bin/ceph: stderr
2024-09-15T23:59:46.937+0000 7fa6ea1d5640 1 --2- >> [v2:172.21.15.159:3300/0,v1:172.21.15.159:6789/0] conn(0x7fa6e4106ac0 0x7fa6e4106ec0 unknown :-1 s=BANNER_CONNECTING pgs=0 cs=0 l=0 rev1=0 crypto rx=0 tx=0 comp rx=0 tx=0)._handle_peer_banner_payload supported=3 required=0
2024-09-15T23:59:48.456 INFO:teuthology.orchestra.run.smithi159.stdout:/usr/bin/ceph: stderr
2024-09-15T23:59:46.937+0000 7fa6ea1d5640 1 --2- >> [v2:172.21.15.159:3300/0,v1:172.21.15.159:6789/0] conn(0x7fa6e4106ac0 0x7fa6e4106ec0 unknown :-1 s=HELLO_CONNECTING pgs=0 cs=0 l=0 rev1=1 crypto rx=0 tx=0 comp rx=0 tx=0).handle_hello peer v2:172.21.15.159:3300/0 says I am v2:172.21.15.159:46362/0 (socket says 172.21.15.159:46362)
2024-09-15T23:59:48.456 INFO:teuthology.orchestra.run.smithi159.stdout:/usr/bin/ceph: stderr
2024-09-15T23:59:46.937+0000 7fa6ea1d5640 1 -- 172.21.15.159:0/1058023975 learned_addr learned my addr 172.21.15.159:0/1058023975 (peer_addr_for_me v2:172.21.15.159:0/0)
2024-09-15T23:59:48.456 INFO:teuthology.orchestra.run.smithi159.stdout:/usr/bin/ceph: stderr
2024-09-15T23:59:46.937+0000 7fa6ea1d5640 1 -- 172.21.15.159:0/1058023975 --> [v2:172.21.15.159:3300/0,v1:172.21.15.159:6789/0] -- mon_subscribe({config=0+,monmap=0+}) -- 0x7fa6e4107cc0 con 0x7fa6e4106ac0
2024-09-15T23:59:48.456 INFO:teuthology.orchestra.run.smithi159.stdout:/usr/bin/ceph: stderr
2024-09-15T23:59:46.941+0000 7fa6ea1d5640 1 --2- 172.21.15.159:0/1058023975 >> [v2:172.21.15.159:3300/0,v1:172.21.15.159:6789/0] conn(0x7fa6e4106ac0 0x7fa6e4106ec0 secure :-1 s=READY pgs=53 cs=0 l=1 rev1=1 crypto rx=0x7fa6e0009820 tx=0x7fa6e002a270 comp rx=0 tx=0).ready entity=mon.0 client_cookie=1f86c1fc1238aa7b server_cookie=0 in_seq=0 out_seq=0
2024-09-15T23:59:48.456 INFO:teuthology.orchestra.run.smithi159.stdout:/usr/bin/ceph: stderr
2024-09-15T23:59:46.941+0000 7fa6e91d3640 1 -- 172.21.15.159:0/1058023975 <== mon.0 v2:172.21.15.159:3300/0 1 ==== mon_map magic: 0 ==== 205+0+0 (secure 0 0 0) 0x7fa6e0037070 con 0x7fa6e4106ac0
2024-09-15T23:59:48.456 INFO:teuthology.orchestra.run.smithi159.stdout:/usr/bin/ceph: stderr
2024-09-15T23:59:46.941+0000 7fa6e91d3640 1 -- 172.21.15.159:0/1058023975 <== mon.0 v2:172.21.15.159:3300/0 2 ==== config(26 keys) ==== 1102+0+0 (secure 0 0 0) 0x7fa6e00328f0 con 0x7fa6e4106ac0
2024-09-15T23:59:48.456 INFO:teuthology.orchestra.run.smithi159.stdout:/usr/bin/ceph: stderr
2024-09-15T23:59:46.941+0000 7fa6e91d3640 1 -- 172.21.15.159:0/1058023975 <== mon.0 v2:172.21.15.159:3300/0 3 ==== mon_map magic: 0 ==== 205+0+0 (secure 0 0 0) 0x7fa6e0030740 con 0x7fa6e4106ac0
2024-09-15T23:59:48.456 INFO:teuthology.orchestra.run.smithi159.stdout:/usr/bin/ceph: stderr
2024-09-15T23:59:46.941+0000 7fa6ec439640 1 -- 172.21.15.159:0/1058023975 >> [v2:172.21.15.159:3300/0,v1:172.21.15.159:6789/0] conn(0x7fa6e4106ac0 msgr2=0x7fa6e4106ec0 secure :-1 s=STATE_CONNECTION_ESTABLISHED l=1).mark_down
2024-09-15T23:59:48.456 INFO:teuthology.orchestra.run.smithi159.stdout:/usr/bin/ceph: stderr
2024-09-15T23:59:46.941+0000 7fa6ec439640 1 --2- 172.21.15.159:0/1058023975 >> [v2:172.21.15.159:3300/0,v1:172.21.15.159:6789/0] conn(0x7fa6e4106ac0 0x7fa6e4106ec0 secure :-1 s=READY pgs=53 cs=0 l=1 rev1=1 crypto rx=0x7fa6e0009820 tx=0x7fa6e002a270 comp rx=0 tx=0).stop
2024-09-15T23:59:48.456 INFO:teuthology.orchestra.run.smithi159.stdout:/usr/bin/ceph: stderr
2024-09-15T23:59:46.941+0000 7fa6ec439640 1 -- 172.21.15.159:0/1058023975 shutdown_connections
2024-09-15T23:59:48.456 INFO:teuthology.orchestra.run.smithi159.stdout:/usr/bin/ceph: stderr
2024-09-15T23:59:46.941+0000 7fa6ec439640 1 --2- 172.21.15.159:0/1058023975 >> [v2:172.21.15.159:3300/0,v1:172.21.15.159:6789/0] conn(0x7fa6e4106ac0 0x7fa6e4106ec0 unknown :-1 s=CLOSED pgs=53 cs=0 l=1 rev1=1 crypto rx=0 tx=0 comp rx=0 tx=0).stop
2024-09-15T23:59:48.457 INFO:teuthology.orchestra.run.smithi159.stdout:/usr/bin/ceph: stderr
2024-09-15T23:59:46.941+0000 7fa6ec439640 1 -- 172.21.15.159:0/1058023975 >> 172.21.15.159:0/1058023975 conn(0x7fa6e4102210 msgr2=0x7fa6e4104690 unknown :-1 s=STATE_NONE l=0).mark_down
2024-09-15T23:59:48.457 INFO:teuthology.orchestra.run.smithi159.stdout:/usr/bin/ceph: stderr
2024-09-15T23:59:46.941+0000 7fa6ec439640 1 -- 172.21.15.159:0/1058023975 shutdown_connections
2024-09-15T23:59:48.457 INFO:teuthology.orchestra.run.smithi159.stdout:/usr/bin/ceph: stderr
2024-09-15T23:59:46.941+0000 7fa6ec439640 1 -- 172.21.15.159:0/1058023975 wait complete.
2024-09-15T23:59:48.457 INFO:teuthology.orchestra.run.smithi159.stdout:/usr/bin/ceph: stderr
2024-09-15T23:59:46.941+0000 7fa6ec439640 1 Processor -- start
2024-09-15T23:59:48.457 INFO:teuthology.orchestra.run.smithi159.stdout:/usr/bin/ceph: stderr
2024-09-15T23:59:46.941+0000 7fa6ec439640 1 -- start start
2024-09-15T23:59:48.457 INFO:teuthology.orchestra.run.smithi159.stdout:/usr/bin/ceph: stderr
2024-09-15T23:59:46.941+0000 7fa6ec439640 1 --2- >> [v2:172.21.15.159:3300/0,v1:172.21.15.159:6789/0] conn(0x7fa6e4106ac0 0x7fa6e407bb70 unknown :-1 s=NONE pgs=0 cs=0 l=1 rev1=0 crypto rx=0 tx=0 comp rx=0 tx=0).connect
2024-09-15T23:59:48.457 INFO:teuthology.orchestra.run.smithi159.stdout:/usr/bin/ceph: stderr
2024-09-15T23:59:46.941+0000 7fa6ec439640 1 -- --> [v2:172.21.15.159:3300/0,v1:172.21.15.159:6789/0] -- mon_getmap magic: 0 -- 0x7fa6e410b070 con 0x7fa6e4106ac0
2024-09-15T23:59:48.457 INFO:teuthology.orchestra.run.smithi159.stdout:/usr/bin/ceph: stderr
2024-09-15T23:59:46.941+0000 7fa6ea1d5640 1 --2- >> [v2:172.21.15.159:3300/0,v1:172.21.15.159:6789/0] conn(0x7fa6e4106ac0 0x7fa6e407bb70 unknown :-1 s=BANNER_CONNECTING pgs=0 cs=0 l=1 rev1=0 crypto rx=0 tx=0 comp rx=0 tx=0)._handle_peer_banner_payload supported=3 required=0
2024-09-15T23:59:48.457 INFO:teuthology.orchestra.run.smithi159.stdout:/usr/bin/ceph: stderr
2024-09-15T23:59:46.941+0000 7fa6ea1d5640 1 --2- >> [v2:172.21.15.159:3300/0,v1:172.21.15.159:6789/0] conn(0x7fa6e4106ac0 0x7fa6e407bb70 unknown :-1 s=HELLO_CONNECTING pgs=0 cs=0 l=1 rev1=1 crypto rx=0 tx=0 comp rx=0 tx=0).handle_hello peer v2:172.21.15.159:3300/0 says I am v2:172.21.15.159:46372/0 (socket says 172.21.15.159:46372)
2024-09-15T23:59:48.457 INFO:teuthology.orchestra.run.smithi159.stdout:/usr/bin/ceph: stderr
2024-09-15T23:59:46.941+0000 7fa6ea1d5640 1 -- 172.21.15.159:0/1593257150 learned_addr learned my addr 172.21.15.159:0/1593257150 (peer_addr_for_me v2:172.21.15.159:0/0)
2024-09-15T23:59:48.457 INFO:teuthology.orchestra.run.smithi159.stdout:/usr/bin/ceph: stderr
2024-09-15T23:59:46.941+0000 7fa6ea1d5640 1 -- 172.21.15.159:0/1593257150 --> [v2:172.21.15.159:3300/0,v1:172.21.15.159:6789/0] -- mon_subscribe({config=0+,monmap=0+}) -- 0x7fa6e407c0b0 con 0x7fa6e4106ac0
2024-09-15T23:59:48.457 INFO:teuthology.orchestra.run.smithi159.stdout:/usr/bin/ceph: stderr
2024-09-15T23:59:46.941+0000 7fa6ea1d5640 1 --2- 172.21.15.159:0/1593257150 >> [v2:172.21.15.159:3300/0,v1:172.21.15.159:6789/0] conn(0x7fa6e4106ac0 0x7fa6e407bb70 secure :-1 s=READY pgs=54 cs=0 l=1 rev1=1 crypto rx=0x7fa6e0009940 tx=0x7fa6e0030cc0 comp rx=0 tx=0).ready entity=mon.0 client_cookie=0 server_cookie=0 in_seq=0 out_seq=0
2024-09-15T23:59:48.458 INFO:teuthology.orchestra.run.smithi159.stdout:/usr/bin/ceph: stderr
2024-09-15T23:59:46.941+0000 7fa6db7fe640 1 -- 172.21.15.159:0/1593257150 <== mon.0 v2:172.21.15.159:3300/0 1 ==== mon_map magic: 0 ==== 205+0+0 (secure 0 0 0) 0x7fa6e0042070 con 0x7fa6e4106ac0
2024-09-15T23:59:48.458 INFO:teuthology.orchestra.run.smithi159.stdout:/usr/bin/ceph: stderr
2024-09-15T23:59:46.941+0000 7fa6db7fe640 1 -- 172.21.15.159:0/1593257150 <== mon.0 v2:172.21.15.159:3300/0 2 ==== config(26 keys) ==== 1102+0+0 (secure 0 0 0) 0x7fa6e0030e30 con 0x7fa6e4106ac0
2024-09-15T23:59:48.458 INFO:teuthology.orchestra.run.smithi159.stdout:/usr/bin/ceph: stderr
2024-09-15T23:59:46.941+0000 7fa6ec439640 1 -- 172.21.15.159:0/1593257150 --> [v2:172.21.15.159:3300/0,v1:172.21.15.159:6789/0] -- mon_subscribe({mgrmap=0+}) -- 0x7fa6e407a2a0 con 0x7fa6e4106ac0
2024-09-15T23:59:48.458 INFO:teuthology.orchestra.run.smithi159.stdout:/usr/bin/ceph: stderr
2024-09-15T23:59:46.941+0000 7fa6db7fe640 1 -- 172.21.15.159:0/1593257150 <== mon.0 v2:172.21.15.159:3300/0 3 ==== mon_map magic: 0 ==== 205+0+0 (secure 0 0 0) 0x7fa6e0037040 con 0x7fa6e4106ac0
2024-09-15T23:59:48.458 INFO:teuthology.orchestra.run.smithi159.stdout:/usr/bin/ceph: stderr
2024-09-15T23:59:46.941+0000 7fa6ec439640 1 -- 172.21.15.159:0/1593257150 --> [v2:172.21.15.159:3300/0,v1:172.21.15.159:6789/0] -- mon_subscribe({osdmap=0}) -- 0x7fa6e407a7e0 con 0x7fa6e4106ac0
2024-09-15T23:59:48.458 INFO:teuthology.orchestra.run.smithi159.stdout:/usr/bin/ceph: stderr
2024-09-15T23:59:46.945+0000 7fa6db7fe640 1 -- 172.21.15.159:0/1593257150 <== mon.0 v2:172.21.15.159:3300/0 4 ==== mgrmap(e 8) ==== 46461+0+0 (secure 0 0 0) 0x7fa6e0045070 con 0x7fa6e4106ac0
2024-09-15T23:59:48.458 INFO:teuthology.orchestra.run.smithi159.stdout:/usr/bin/ceph: stderr
2024-09-15T23:59:46.945+0000 7fa6db7fe640 1 --2- 172.21.15.159:0/1593257150 >> [v2:172.21.15.159:6800/1078846478,v1:172.21.15.159:6801/1078846478] conn(0x7fa6d00391b0 0x7fa6d003b670 unknown :-1 s=NONE pgs=0 cs=0 l=1 rev1=0 crypto rx=0 tx=0 comp rx=0 tx=0).connect
2024-09-15T23:59:48.458 INFO:teuthology.orchestra.run.smithi159.stdout:/usr/bin/ceph: stderr
2024-09-15T23:59:46.945+0000 7fa6db7fe640 1 -- 172.21.15.159:0/1593257150 <== mon.0 v2:172.21.15.159:3300/0 5 ==== osd_map(2..2 src has 1..2) ==== 940+0+0 (secure 0 0 0) 0x7fa6e006c390 con 0x7fa6e4106ac0
2024-09-15T23:59:48.458 INFO:teuthology.orchestra.run.smithi159.stdout:/usr/bin/ceph: stderr
2024-09-15T23:59:46.945+0000 7fa6ec439640 1 -- 172.21.15.159:0/1593257150 --> [v2:172.21.15.159:3300/0,v1:172.21.15.159:6789/0] -- mon_command({"prefix": "get_command_descriptions"} v 0) -- 0x7fa6e4106f40 con 0x7fa6e4106ac0
2024-09-15T23:59:48.458 INFO:teuthology.orchestra.run.smithi159.stdout:/usr/bin/ceph: stderr
2024-09-15T23:59:46.945+0000 7fa6e99d4640 1 --2- 172.21.15.159:0/1593257150 >> [v2:172.21.15.159:6800/1078846478,v1:172.21.15.159:6801/1078846478] conn(0x7fa6d00391b0 0x7fa6d003b670 unknown :-1 s=BANNER_CONNECTING pgs=0 cs=0 l=1 rev1=0 crypto rx=0 tx=0 comp rx=0 tx=0)._handle_peer_banner_payload supported=3 required=0
2024-09-15T23:59:48.458 INFO:teuthology.orchestra.run.smithi159.stdout:/usr/bin/ceph: stderr
2024-09-15T23:59:46.945+0000 7fa6e99d4640 1 --2- 172.21.15.159:0/1593257150 >> [v2:172.21.15.159:6800/1078846478,v1:172.21.15.159:6801/1078846478] conn(0x7fa6d00391b0 0x7fa6d003b670 secure :-1 s=READY pgs=16 cs=0 l=1 rev1=1 crypto rx=0x7fa6d40098c0 tx=0x7fa6d4006db0 comp rx=0 tx=0).ready entity=mgr.14118 client_cookie=0 server_cookie=0 in_seq=0 out_seq=0
2024-09-15T23:59:48.458 INFO:teuthology.orchestra.run.smithi159.stdout:/usr/bin/ceph: stderr
2024-09-15T23:59:46.949+0000 7fa6db7fe640 1 -- 172.21.15.159:0/1593257150 <== mon.0 v2:172.21.15.159:3300/0 6 ==== mon_command_ack([{"prefix": "get_command_descriptions"}]=0 v0) ==== 72+0+188821 (secure 0 0 0) 0x7fa6e004b170 con 0x7fa6e4106ac0
2024-09-15T23:59:48.458 INFO:teuthology.orchestra.run.smithi159.stdout:/usr/bin/ceph: stderr
2024-09-15T23:59:47.365+0000 7fa6ec439640 1 -- 172.21.15.159:0/1593257150 --> [v2:172.21.15.159:3300/0,v1:172.21.15.159:6789/0] -- mon_command({"prefix": "mgr module enable", "module": "dashboard"} v 0) -- 0x7fa6e407b110 con 0x7fa6e4106ac0
2024-09-15T23:59:48.459 INFO:teuthology.orchestra.run.smithi159.stdout:/usr/bin/ceph: stderr
2024-09-15T23:59:47.757+0000 7fa6db7fe640 1 -- 172.21.15.159:0/1593257150 <== mon.0 v2:172.21.15.159:3300/0 7 ==== mon_command_ack([{"prefix": "mgr module enable", "module": "dashboard"}]=0 v9) ==== 88+0+0 (secure 0 0 0) 0x7fa6e006bd20 con 0x7fa6e4106ac0
2024-09-15T23:59:48.459 INFO:teuthology.orchestra.run.smithi159.stdout:/usr/bin/ceph: stderr
2024-09-15T23:59:47.761+0000 7fa6db7fe640 1 -- 172.21.15.159:0/1593257150 <== mon.0 v2:172.21.15.159:3300/0 8 ==== mgrmap(e 9) ==== 46474+0+0 (secure 0 0 0) 0x7fa6e003d950 con 0x7fa6e4106ac0
2024-09-15T23:59:48.459 INFO:teuthology.orchestra.run.smithi159.stdout:/usr/bin/ceph: stderr
2024-09-15T23:59:47.761+0000 7fa6ec439640 1 -- 172.21.15.159:0/1593257150 >> [v2:172.21.15.159:6800/1078846478,v1:172.21.15.159:6801/1078846478] conn(0x7fa6d00391b0 msgr2=0x7fa6d003b670 secure :-1 s=STATE_CONNECTION_ESTABLISHED l=1).mark_down
2024-09-15T23:59:48.459 INFO:teuthology.orchestra.run.smithi159.stdout:/usr/bin/ceph: stderr
2024-09-15T23:59:47.761+0000 7fa6ec439640 1 --2- 172.21.15.159:0/1593257150 >> [v2:172.21.15.159:6800/1078846478,v1:172.21.15.159:6801/1078846478] conn(0x7fa6d00391b0 0x7fa6d003b670 secure :-1 s=READY pgs=16 cs=0 l=1 rev1=1 crypto rx=0x7fa6d40098c0 tx=0x7fa6d4006db0 comp rx=0 tx=0).stop
2024-09-15T23:59:48.459 INFO:teuthology.orchestra.run.smithi159.stdout:/usr/bin/ceph: stderr
2024-09-15T23:59:47.761+0000 7fa6ec439640 1 -- 172.21.15.159:0/1593257150 >> [v2:172.21.15.159:3300/0,v1:172.21.15.159:6789/0] conn(0x7fa6e4106ac0 msgr2=0x7fa6e407bb70 secure :-1 s=STATE_CONNECTION_ESTABLISHED l=1).mark_down
2024-09-15T23:59:48.459 INFO:teuthology.orchestra.run.smithi159.stdout:/usr/bin/ceph: stderr
2024-09-15T23:59:47.761+0000 7fa6ec439640 1 --2- 172.21.15.159:0/1593257150 >> [v2:172.21.15.159:3300/0,v1:172.21.15.159:6789/0] conn(0x7fa6e4106ac0 0x7fa6e407bb70 secure :-1 s=READY pgs=54 cs=0 l=1 rev1=1 crypto rx=0x7fa6e0009940 tx=0x7fa6e0030cc0 comp rx=0 tx=0).stop
2024-09-15T23:59:48.459 INFO:teuthology.orchestra.run.smithi159.stdout:/usr/bin/ceph: stderr
2024-09-15T23:59:47.761+0000 7fa6ec439640 1 -- 172.21.15.159:0/1593257150 shutdown_connections
2024-09-15T23:59:48.459 INFO:teuthology.orchestra.run.smithi159.stdout:/usr/bin/ceph: stderr
2024-09-15T23:59:47.761+0000 7fa6ec439640 1 --2- 172.21.15.159:0/1593257150 >> [v2:172.21.15.159:6800/1078846478,v1:172.21.15.159:6801/1078846478] conn(0x7fa6d00391b0 0x7fa6d003b670 unknown :-1 s=CLOSED pgs=16 cs=0 l=1 rev1=1 crypto rx=0 tx=0 comp rx=0 tx=0).stop
2024-09-15T23:59:48.459 INFO:teuthology.orchestra.run.smithi159.stdout:/usr/bin/ceph: stderr
2024-09-15T23:59:47.761+0000 7fa6ec439640 1 --2- 172.21.15.159:0/1593257150 >> [v2:172.21.15.159:3300/0,v1:172.21.15.159:6789/0] conn(0x7fa6e4106ac0 0x7fa6e407bb70 unknown :-1 s=CLOSED pgs=54 cs=0 l=1 rev1=1 crypto rx=0 tx=0 comp rx=0 tx=0).stop
2024-09-15T23:59:48.459 INFO:teuthology.orchestra.run.smithi159.stdout:/usr/bin/ceph: stderr
2024-09-15T23:59:47.761+0000 7fa6ec439640 1 -- 172.21.15.159:0/1593257150 >> 172.21.15.159:0/1593257150 conn(0x7fa6e4102210 msgr2=0x7fa6e4102e30 unknown :-1 s=STATE_NONE l=0).mark_down
2024-09-15T23:59:48.459 INFO:teuthology.orchestra.run.smithi159.stdout:/usr/bin/ceph: stderr
2024-09-15T23:59:47.761+0000 7fa6ec439640 1 -- 172.21.15.159:0/1593257150 shutdown_connections
2024-09-15T23:59:48.459 INFO:teuthology.orchestra.run.smithi159.stdout:/usr/bin/ceph: stderr
2024-09-15T23:59:47.761+0000 7fa6ec439640 1 -- 172.21.15.159:0/1593257150 wait complete.
2024-09-15T23:59:48.796 INFO:journalctl@ceph.mon.a.smithi159.stdout:Sep 15 23:59:48 smithi159 bash[22792]: audit
2024-09-15T23:59:47.761147+0000 mon.a (mon.0) 72 : audit [INF] from='client.? 172.21.15.159:0/1593257150' entity='client.admin' cmd='[{"prefix": "mgr module enable", "module": "dashboard"}]': finished
2024-09-15T23:59:48.797 INFO:journalctl@ceph.mon.a.smithi159.stdout:Sep 15 23:59:48 smithi159 bash[22792]: cluster
2024-09-15T23:59:47.767438+0000 mon.a (mon.0) 73 : cluster [DBG] mgrmap e9: x(active, since 27s)
2024-09-15T23:59:49.392 INFO:journalctl@ceph.mgr.x.smithi159.stdout:Sep 15 23:59:49 smithi159 bash[23045]: debug
2024-09-15T23:59:49.121+0000 7f90e5951040 -1 mgr[py] Module rook has missing NOTIFY_TYPES member
2024-09-15T23:59:49.392 INFO:journalctl@ceph.mgr.x.smithi159.stdout:Sep 15 23:59:49 smithi159 bash[23045]: debug
2024-09-15T23:59:49.185+0000 7f90e5951040 -1 mgr[py] Module iostat has missing NOTIFY_TYPES member
2024-09-15T23:59:49.393 INFO:journalctl@ceph.mgr.x.smithi159.stdout:Sep 15 23:59:49 smithi159 bash[23045]: debug
2024-09-15T23:59:49.337+0000 7f90e5951040 -1 mgr[py] Module telemetry has missing NOTIFY_TYPES member
2024-09-15T23:59:50.296 INFO:journalctl@ceph.mon.a.smithi159.stdout:Sep 15 23:59:50 smithi159 bash[22792]: audit
2024-09-15T23:59:49.992908+0000 mon.a (mon.0) 74 : audit [DBG] from='client.? 172.21.15.159:0/1020264604' entity='client.admin' cmd=[{"prefix": "mgr stat"}]: dispatch
2024-09-15T23:59:50.297 INFO:journalctl@ceph.mgr.x.smithi159.stdout:Sep 15 23:59:50 smithi159 bash[23045]: debug
2024-09-15T23:59:50.001+0000 7f90e5951040 -1 mgr[py] Module osd_support has missing NOTIFY_TYPES member
2024-09-15T23:59:50.297 INFO:journalctl@ceph.mgr.x.smithi159.stdout:Sep 15 23:59:50 smithi159 bash[23045]: debug
2024-09-15T23:59:50.077+0000 7f90e5951040 -1 mgr[py] Module selftest has missing NOTIFY_TYPES member
2024-09-15T23:59:50.297 INFO:journalctl@ceph.mgr.x.smithi159.stdout:Sep 15 23:59:50 smithi159 bash[23045]: debug
2024-09-15T23:59:50.145+0000 7f90e5951040 -1 mgr[py] Module progress has missing NOTIFY_TYPES member
2024-09-15T23:59:50.589 INFO:teuthology.orchestra.run.smithi159.stdout:/usr/bin/ceph: stdout {
2024-09-15T23:59:50.590 INFO:teuthology.orchestra.run.smithi159.stdout:/usr/bin/ceph: stdout "epoch": 9,
2024-09-15T23:59:50.590 INFO:teuthology.orchestra.run.smithi159.stdout:/usr/bin/ceph: stdout "available": true,
2024-09-15T23:59:50.592 INFO:teuthology.orchestra.run.smithi159.stdout:/usr/bin/ceph: stdout "active_name": "x",
2024-09-15T23:59:50.592 INFO:teuthology.orchestra.run.smithi159.stdout:/usr/bin/ceph: stdout "num_standby": 0
2024-09-15T23:59:50.592 INFO:teuthology.orchestra.run.smithi159.stdout:/usr/bin/ceph: stdout }
2024-09-15T23:59:50.592 INFO:teuthology.orchestra.run.smithi159.stdout:/usr/bin/ceph: stderr
2024-09-15T23:59:49.549+0000 7f6d7eff0640 1 Processor -- start
2024-09-15T23:59:50.592 INFO:teuthology.orchestra.run.smithi159.stdout:/usr/bin/ceph: stderr
2024-09-15T23:59:49.549+0000 7f6d7eff0640 1 -- start start
2024-09-15T23:59:50.592 INFO:teuthology.orchestra.run.smithi159.stdout:/usr/bin/ceph: stderr
2024-09-15T23:59:49.549+0000 7f6d7eff0640 1 --2- >> [v2:172.21.15.159:3300/0,v1:172.21.15.159:6789/0] conn(0x7f6d78105350 0x7f6d78105750 unknown :-1 s=NONE pgs=0 cs=0 l=0 rev1=0 crypto rx=0 tx=0 comp rx=0 tx=0).connect
2024-09-15T23:59:50.592 INFO:teuthology.orchestra.run.smithi159.stdout:/usr/bin/ceph: stderr
2024-09-15T23:59:49.549+0000 7f6d7eff0640 1 -- --> [v2:172.21.15.159:3300/0,v1:172.21.15.159:6789/0] -- mon_getmap magic: 0 -- 0x7f6d78079e70 con 0x7f6d78105350
2024-09-15T23:59:50.592 INFO:teuthology.orchestra.run.smithi159.stdout:/usr/bin/ceph: stderr
2024-09-15T23:59:49.549+0000 7f6d7cd8c640 1 --2- >> [v2:172.21.15.159:3300/0,v1:172.21.15.159:6789/0] conn(0x7f6d78105350 0x7f6d78105750 unknown :-1 s=BANNER_CONNECTING pgs=0 cs=0 l=0 rev1=0 crypto rx=0 tx=0 comp rx=0 tx=0)._handle_peer_banner_payload supported=3 required=0
2024-09-15T23:59:50.592 INFO:teuthology.orchestra.run.smithi159.stdout:/usr/bin/ceph: stderr
2024-09-15T23:59:49.549+0000 7f6d7cd8c640 1 --2- >> [v2:172.21.15.159:3300/0,v1:172.21.15.159:6789/0] conn(0x7f6d78105350 0x7f6d78105750 unknown :-1 s=HELLO_CONNECTING pgs=0 cs=0 l=0 rev1=1 crypto rx=0 tx=0 comp rx=0 tx=0).handle_hello peer v2:172.21.15.159:3300/0 says I am v2:172.21.15.159:35764/0 (socket says 172.21.15.159:35764)
2024-09-15T23:59:50.593 INFO:teuthology.orchestra.run.smithi159.stdout:/usr/bin/ceph: stderr
2024-09-15T23:59:49.549+0000 7f6d7cd8c640 1 -- 172.21.15.159:0/3822974358 learned_addr learned my addr 172.21.15.159:0/3822974358 (peer_addr_for_me v2:172.21.15.159:0/0)
2024-09-15T23:59:50.593 INFO:teuthology.orchestra.run.smithi159.stdout:/usr/bin/ceph: stderr
2024-09-15T23:59:49.549+0000 7f6d7cd8c640 1 -- 172.21.15.159:0/3822974358 --> [v2:172.21.15.159:3300/0,v1:172.21.15.159:6789/0] -- mon_subscribe({config=0+,monmap=0+}) -- 0x7f6d78105c90 con 0x7f6d78105350
2024-09-15T23:59:50.593 INFO:teuthology.orchestra.run.smithi159.stdout:/usr/bin/ceph: stderr
2024-09-15T23:59:49.553+0000 7f6d7cd8c640 1 --2- 172.21.15.159:0/3822974358 >> [v2:172.21.15.159:3300/0,v1:172.21.15.159:6789/0] conn(0x7f6d78105350 0x7f6d78105750 secure :-1 s=READY pgs=57 cs=0 l=1 rev1=1 crypto rx=0x7f6d6c009820 tx=0x7f6d6c02a270 comp rx=0 tx=0).ready entity=mon.0 client_cookie=fe18ecafb45651a7 server_cookie=0 in_seq=0 out_seq=0
2024-09-15T23:59:50.593 INFO:teuthology.orchestra.run.smithi159.stdout:/usr/bin/ceph: stderr
2024-09-15T23:59:49.553+0000 7f6d777fe640 1 -- 172.21.15.159:0/3822974358 <== mon.0 v2:172.21.15.159:3300/0 1 ==== mon_map magic: 0 ==== 205+0+0 (secure 0 0 0) 0x7f6d6c037070 con 0x7f6d78105350
2024-09-15T23:59:50.593 INFO:teuthology.orchestra.run.smithi159.stdout:/usr/bin/ceph: stderr
2024-09-15T23:59:49.553+0000 7f6d777fe640 1 -- 172.21.15.159:0/3822974358 <== mon.0 v2:172.21.15.159:3300/0 2 ==== config(26 keys) ==== 1102+0+0 (secure 0 0 0) 0x7f6d6c0328f0 con 0x7f6d78105350
2024-09-15T23:59:50.593 INFO:teuthology.orchestra.run.smithi159.stdout:/usr/bin/ceph: stderr
2024-09-15T23:59:49.553+0000 7f6d777fe640 1 -- 172.21.15.159:0/3822974358 <== mon.0 v2:172.21.15.159:3300/0 3 ==== mon_map magic: 0 ==== 205+0+0 (secure 0 0 0) 0x7f6d6c030740 con 0x7f6d78105350
2024-09-15T23:59:50.593 INFO:teuthology.orchestra.run.smithi159.stdout:/usr/bin/ceph: stderr
2024-09-15T23:59:49.553+0000 7f6d7eff0640 1 -- 172.21.15.159:0/3822974358 >> [v2:172.21.15.159:3300/0,v1:172.21.15.159:6789/0] conn(0x7f6d78105350 msgr2=0x7f6d78105750 secure :-1 s=STATE_CONNECTION_ESTABLISHED l=1).mark_down
2024-09-15T23:59:50.593 INFO:teuthology.orchestra.run.smithi159.stdout:/usr/bin/ceph: stderr
2024-09-15T23:59:49.553+0000 7f6d7eff0640 1 --2- 172.21.15.159:0/3822974358 >> [v2:172.21.15.159:3300/0,v1:172.21.15.159:6789/0] conn(0x7f6d78105350 0x7f6d78105750 secure :-1 s=READY pgs=57 cs=0 l=1 rev1=1 crypto rx=0x7f6d6c009820 tx=0x7f6d6c02a270 comp rx=0 tx=0).stop
2024-09-15T23:59:50.593 INFO:teuthology.orchestra.run.smithi159.stdout:/usr/bin/ceph: stderr
2024-09-15T23:59:49.553+0000 7f6d7eff0640 1 -- 172.21.15.159:0/3822974358 shutdown_connections
2024-09-15T23:59:50.593 INFO:teuthology.orchestra.run.smithi159.stdout:/usr/bin/ceph: stderr
2024-09-15T23:59:49.553+0000 7f6d7eff0640 1 --2- 172.21.15.159:0/3822974358 >> [v2:172.21.15.159:3300/0,v1:172.21.15.159:6789/0] conn(0x7f6d78105350 0x7f6d78105750 unknown :-1 s=CLOSED pgs=57 cs=0 l=1 rev1=1 crypto rx=0 tx=0 comp rx=0 tx=0).stop
2024-09-15T23:59:50.593 INFO:teuthology.orchestra.run.smithi159.stdout:/usr/bin/ceph: stderr
2024-09-15T23:59:49.553+0000 7f6d7eff0640 1 -- 172.21.15.159:0/3822974358 >> 172.21.15.159:0/3822974358 conn(0x7f6d78101100 msgr2=0x7f6d78103580 unknown :-1 s=STATE_NONE l=0).mark_down
2024-09-15T23:59:50.594 INFO:teuthology.orchestra.run.smithi159.stdout:/usr/bin/ceph: stderr
2024-09-15T23:59:49.553+0000 7f6d7eff0640 1 -- 172.21.15.159:0/3822974358 shutdown_connections
2024-09-15T23:59:50.594 INFO:teuthology.orchestra.run.smithi159.stdout:/usr/bin/ceph: stderr
2024-09-15T23:59:49.553+0000 7f6d7eff0640 1 -- 172.21.15.159:0/3822974358 wait complete.
2024-09-15T23:59:50.594 INFO:teuthology.orchestra.run.smithi159.stdout:/usr/bin/ceph: stderr
2024-09-15T23:59:49.553+0000 7f6d7eff0640 1 Processor -- start
2024-09-15T23:59:50.594 INFO:teuthology.orchestra.run.smithi159.stdout:/usr/bin/ceph: stderr
2024-09-15T23:59:49.553+0000 7f6d7eff0640 1 -- start start
2024-09-15T23:59:50.594 INFO:teuthology.orchestra.run.smithi159.stdout:/usr/bin/ceph: stderr
2024-09-15T23:59:49.553+0000 7f6d7eff0640 1 --2- >> [v2:172.21.15.159:3300/0,v1:172.21.15.159:6789/0] conn(0x7f6d78105350 0x7f6d7819cca0 unknown :-1 s=NONE pgs=0 cs=0 l=1 rev1=0 crypto rx=0 tx=0 comp rx=0 tx=0).connect
2024-09-15T23:59:50.595 INFO:teuthology.orchestra.run.smithi159.stdout:/usr/bin/ceph: stderr
2024-09-15T23:59:49.553+0000 7f6d7eff0640 1 -- --> [v2:172.21.15.159:3300/0,v1:172.21.15.159:6789/0] -- mon_getmap magic: 0 -- 0x7f6d78106d70 con 0x7f6d78105350
2024-09-15T23:59:50.595 INFO:teuthology.orchestra.run.smithi159.stdout:/usr/bin/ceph: stderr
2024-09-15T23:59:49.553+0000 7f6d7cd8c640 1 --2- >> [v2:172.21.15.159:3300/0,v1:172.21.15.159:6789/0] conn(0x7f6d78105350 0x7f6d7819cca0 unknown :-1 s=BANNER_CONNECTING pgs=0 cs=0 l=1 rev1=0 crypto rx=0 tx=0 comp rx=0 tx=0)._handle_peer_banner_payload supported=3 required=0
2024-09-15T23:59:50.595 INFO:teuthology.orchestra.run.smithi159.stdout:/usr/bin/ceph: stderr
2024-09-15T23:59:49.553+0000 7f6d7cd8c640 1 --2- >> [v2:172.21.15.159:3300/0,v1:172.21.15.159:6789/0] conn(0x7f6d78105350 0x7f6d7819cca0 unknown :-1 s=HELLO_CONNECTING pgs=0 cs=0 l=1 rev1=1 crypto rx=0 tx=0 comp rx=0 tx=0).handle_hello peer v2:172.21.15.159:3300/0 says I am v2:172.21.15.159:35776/0 (socket says 172.21.15.159:35776)
2024-09-15T23:59:50.595 INFO:teuthology.orchestra.run.smithi159.stdout:/usr/bin/ceph: stderr
2024-09-15T23:59:49.553+0000 7f6d7cd8c640 1 -- 172.21.15.159:0/1020264604 learned_addr learned my addr 172.21.15.159:0/1020264604 (peer_addr_for_me v2:172.21.15.159:0/0)
2024-09-15T23:59:50.595 INFO:teuthology.orchestra.run.smithi159.stdout:/usr/bin/ceph: stderr
2024-09-15T23:59:49.553+0000 7f6d7cd8c640 1 -- 172.21.15.159:0/1020264604 --> [v2:172.21.15.159:3300/0,v1:172.21.15.159:6789/0] -- mon_subscribe({config=0+,monmap=0+}) -- 0x7f6d7819d1e0 con 0x7f6d78105350
2024-09-15T23:59:50.595 INFO:teuthology.orchestra.run.smithi159.stdout:/usr/bin/ceph: stderr
2024-09-15T23:59:49.553+0000 7f6d7cd8c640 1 --2- 172.21.15.159:0/1020264604 >> [v2:172.21.15.159:3300/0,v1:172.21.15.159:6789/0] conn(0x7f6d78105350 0x7f6d7819cca0 secure :-1 s=READY pgs=58 cs=0 l=1 rev1=1 crypto rx=0x7f6d6c0097f0 tx=0x7f6d6c030c70 comp rx=0 tx=0).ready entity=mon.0 client_cookie=0 server_cookie=0 in_seq=0 out_seq=0
2024-09-15T23:59:50.595 INFO:teuthology.orchestra.run.smithi159.stdout:/usr/bin/ceph: stderr
2024-09-15T23:59:49.553+0000 7f6d75ffb640 1 -- 172.21.15.159:0/1020264604 <== mon.0 v2:172.21.15.159:3300/0 1 ==== mon_map magic: 0 ==== 205+0+0 (secure 0 0 0) 0x7f6d6c042070 con 0x7f6d78105350
2024-09-15T23:59:50.595 INFO:teuthology.orchestra.run.smithi159.stdout:/usr/bin/ceph: stderr
2024-09-15T23:59:49.553+0000 7f6d75ffb640 1 -- 172.21.15.159:0/1020264604 <== mon.0 v2:172.21.15.159:3300/0 2 ==== config(26 keys) ==== 1102+0+0 (secure 0 0 0) 0x7f6d6c030e80 con 0x7f6d78105350
2024-09-15T23:59:50.595 INFO:teuthology.orchestra.run.smithi159.stdout:/usr/bin/ceph: stderr
2024-09-15T23:59:49.553+0000 7f6d7eff0640 1 -- 172.21.15.159:0/1020264604 --> [v2:172.21.15.159:3300/0,v1:172.21.15.159:6789/0] -- mon_subscribe({mgrmap=0+}) -- 0x7f6d7819d470 con 0x7f6d78105350
2024-09-15T23:59:50.595 INFO:teuthology.orchestra.run.smithi159.stdout:/usr/bin/ceph: stderr
2024-09-15T23:59:49.553+0000 7f6d75ffb640 1 -- 172.21.15.159:0/1020264604 <== mon.0 v2:172.21.15.159:3300/0 3 ==== mon_map magic: 0 ==== 205+0+0 (secure 0 0 0) 0x7f6d6c037040 con 0x7f6d78105350
2024-09-15T23:59:50.595 INFO:teuthology.orchestra.run.smithi159.stdout:/usr/bin/ceph: stderr
2024-09-15T23:59:49.553+0000 7f6d7eff0640 1 -- 172.21.15.159:0/1020264604 --> [v2:172.21.15.159:3300/0,v1:172.21.15.159:6789/0] -- mon_subscribe({osdmap=0}) -- 0x7f6d781a0160 con 0x7f6d78105350
2024-09-15T23:59:50.596 INFO:teuthology.orchestra.run.smithi159.stdout:/usr/bin/ceph: stderr
2024-09-15T23:59:49.557+0000 7f6d75ffb640 1 -- 172.21.15.159:0/1020264604 <== mon.0 v2:172.21.15.159:3300/0 4 ==== mgrmap(e 9) ==== 46474+0+0 (secure 0 0 0) 0x7f6d6c045070 con 0x7f6d78105350
2024-09-15T23:59:50.596 INFO:teuthology.orchestra.run.smithi159.stdout:/usr/bin/ceph: stderr
2024-09-15T23:59:49.557+0000 7f6d7eff0640 1 -- 172.21.15.159:0/1020264604 --> [v2:172.21.15.159:3300/0,v1:172.21.15.159:6789/0] -- mon_command({"prefix": "get_command_descriptions"} v 0) -- 0x7f6d78105750 con 0x7f6d78105350
2024-09-15T23:59:50.596 INFO:teuthology.orchestra.run.smithi159.stdout:/usr/bin/ceph: stderr
2024-09-15T23:59:49.557+0000 7f6d75ffb640 1 --2- 172.21.15.159:0/1020264604 >> [v2:172.21.15.159:6800/1078846478,v1:172.21.15.159:6801/1078846478] conn(0x7f6d68039260 0x7f6d6803b720 unknown :-1 s=NONE pgs=0 cs=0 l=1 rev1=0 crypto rx=0 tx=0 comp rx=0 tx=0).connect
2024-09-15T23:59:50.596 INFO:teuthology.orchestra.run.smithi159.stdout:/usr/bin/ceph: stderr
2024-09-15T23:59:49.557+0000 7f6d75ffb640 1 -- 172.21.15.159:0/1020264604 <== mon.0 v2:172.21.15.159:3300/0 5 ==== osd_map(2..2 src has 1..2) ==== 940+0+0 (secure 0 0 0) 0x7f6d6c06c3e0 con 0x7f6d78105350
2024-09-15T23:59:50.596 INFO:teuthology.orchestra.run.smithi159.stdout:/usr/bin/ceph: stderr
2024-09-15T23:59:49.557+0000 7f6d77fff640 1 -- 172.21.15.159:0/1020264604 >> [v2:172.21.15.159:6800/1078846478,v1:172.21.15.159:6801/1078846478] conn(0x7f6d68039260 msgr2=0x7f6d6803b720 unknown :-1 s=STATE_CONNECTING_RE l=1).process reconnect failed to v2:172.21.15.159:6800/1078846478
2024-09-15T23:59:50.596 INFO:teuthology.orchestra.run.smithi159.stdout:/usr/bin/ceph: stderr
2024-09-15T23:59:49.557+0000 7f6d77fff640 1 --2- 172.21.15.159:0/1020264604 >> [v2:172.21.15.159:6800/1078846478,v1:172.21.15.159:6801/1078846478] conn(0x7f6d68039260 0x7f6d6803b720 unknown :-1 s=START_CONNECT pgs=0 cs=0 l=1 rev1=0 crypto rx=0 tx=0 comp rx=0 tx=0)._fault waiting 0.200000
2024-09-15T23:59:50.596 INFO:teuthology.orchestra.run.smithi159.stdout:/usr/bin/ceph: stderr
2024-09-15T23:59:49.561+0000 7f6d75ffb640 1 -- 172.21.15.159:0/1020264604 <== mon.0 v2:172.21.15.159:3300/0 6 ==== mon_command_ack([{"prefix": "get_command_descriptions"}]=0 v0) ==== 72+0+188821 (secure 0 0 0) 0x7f6d6c06bd70 con 0x7f6d78105350
2024-09-15T23:59:50.596 INFO:teuthology.orchestra.run.smithi159.stdout:/usr/bin/ceph: stderr
2024-09-15T23:59:49.761+0000 7f6d77fff640 1 -- 172.21.15.159:0/1020264604 >> [v2:172.21.15.159:6800/1078846478,v1:172.21.15.159:6801/1078846478] conn(0x7f6d68039260 msgr2=0x7f6d6803b720 unknown :-1 s=STATE_CONNECTING_RE l=1).process reconnect failed to v2:172.21.15.159:6800/1078846478
2024-09-15T23:59:50.596 INFO:teuthology.orchestra.run.smithi159.stdout:/usr/bin/ceph: stderr
2024-09-15T23:59:49.761+0000 7f6d77fff640 1 --2- 172.21.15.159:0/1020264604 >> [v2:172.21.15.159:6800/1078846478,v1:172.21.15.159:6801/1078846478] conn(0x7f6d68039260 0x7f6d6803b720 unknown :-1 s=START_CONNECT pgs=0 cs=0 l=1 rev1=0 crypto rx=0 tx=0 comp rx=0 tx=0)._fault waiting 0.400000
2024-09-15T23:59:50.597 INFO:teuthology.orchestra.run.smithi159.stdout:/usr/bin/ceph: stderr
2024-09-15T23:59:49.985+0000 7f6d7eff0640 1 -- 172.21.15.159:0/1020264604 --> [v2:172.21.15.159:3300/0,v1:172.21.15.159:6789/0] -- mon_command({"prefix": "mgr stat"} v 0) -- 0x7f6d7802d9a0 con 0x7f6d78105350
2024-09-15T23:59:50.597 INFO:teuthology.orchestra.run.smithi159.stdout:/usr/bin/ceph: stderr
2024-09-15T23:59:49.989+0000 7f6d75ffb640 1 -- 172.21.15.159:0/1020264604 <== mon.0 v2:172.21.15.159:3300/0 7 ==== mon_command_ack([{"prefix": "mgr stat"}]=0 v9) ==== 56+0+88 (secure 0 0 0) 0x7f6d6c02fd90 con 0x7f6d78105350
2024-09-15T23:59:50.597 INFO:teuthology.orchestra.run.smithi159.stdout:/usr/bin/ceph: stderr
2024-09-15T23:59:49.989+0000 7f6d7eff0640 1 -- 172.21.15.159:0/1020264604 >> [v2:172.21.15.159:6800/1078846478,v1:172.21.15.159:6801/1078846478] conn(0x7f6d68039260 msgr2=0x7f6d6803b720 unknown :-1 s=STATE_CONNECTING l=1).mark_down
2024-09-15T23:59:50.597 INFO:teuthology.orchestra.run.smithi159.stdout:/usr/bin/ceph: stderr
2024-09-15T23:59:49.989+0000 7f6d7eff0640 1 --2- 172.21.15.159:0/1020264604 >> [v2:172.21.15.159:6800/1078846478,v1:172.21.15.159:6801/1078846478] conn(0x7f6d68039260 0x7f6d6803b720 unknown :-1 s=START_CONNECT pgs=0 cs=0 l=1 rev1=0 crypto rx=0 tx=0 comp rx=0 tx=0).stop
2024-09-15T23:59:50.597 INFO:teuthology.orchestra.run.smithi159.stdout:/usr/bin/ceph: stderr
2024-09-15T23:59:49.989+0000 7f6d7eff0640 1 -- 172.21.15.159:0/1020264604 >> [v2:172.21.15.159:3300/0,v1:172.21.15.159:6789/0] conn(0x7f6d78105350 msgr2=0x7f6d7819cca0 secure :-1 s=STATE_CONNECTION_ESTABLISHED l=1).mark_down
2024-09-15T23:59:50.597 INFO:teuthology.orchestra.run.smithi159.stdout:/usr/bin/ceph: stderr
2024-09-15T23:59:49.989+0000 7f6d7eff0640 1 --2- 172.21.15.159:0/1020264604 >> [v2:172.21.15.159:3300/0,v1:172.21.15.159:6789/0] conn(0x7f6d78105350 0x7f6d7819cca0 secure :-1 s=READY pgs=58 cs=0 l=1 rev1=1 crypto rx=0x7f6d6c0097f0 tx=0x7f6d6c030c70 comp rx=0 tx=0).stop
2024-09-15T23:59:50.597 INFO:teuthology.orchestra.run.smithi159.stdout:/usr/bin/ceph: stderr
2024-09-15T23:59:49.989+0000 7f6d7eff0640 1 -- 172.21.15.159:0/1020264604 shutdown_connections
2024-09-15T23:59:50.597 INFO:teuthology.orchestra.run.smithi159.stdout:/usr/bin/ceph: stderr
2024-09-15T23:59:49.989+0000 7f6d7eff0640 1 --2- 172.21.15.159:0/1020264604 >> [v2:172.21.15.159:6800/1078846478,v1:172.21.15.159:6801/1078846478] conn(0x7f6d68039260 0x7f6d6803b720 unknown :-1 s=CLOSED pgs=0 cs=0 l=1 rev1=0 crypto rx=0 tx=0 comp rx=0 tx=0).stop
2024-09-15T23:59:50.597 INFO:teuthology.orchestra.run.smithi159.stdout:/usr/bin/ceph: stderr
2024-09-15T23:59:49.989+0000 7f6d7eff0640 1 --2- 172.21.15.159:0/1020264604 >> [v2:172.21.15.159:3300/0,v1:172.21.15.159:6789/0] conn(0x7f6d78105350 0x7f6d7819cca0 unknown :-1 s=CLOSED pgs=58 cs=0 l=1 rev1=1 crypto rx=0 tx=0 comp rx=0 tx=0).stop
2024-09-15T23:59:50.597 INFO:teuthology.orchestra.run.smithi159.stdout:/usr/bin/ceph: stderr
2024-09-15T23:59:49.989+0000 7f6d7eff0640 1 -- 172.21.15.159:0/1020264604 >> 172.21.15.159:0/1020264604 conn(0x7f6d78101100 msgr2=0x7f6d78190fa0 unknown :-1 s=STATE_NONE l=0).mark_down
2024-09-15T23:59:50.597 INFO:teuthology.orchestra.run.smithi159.stdout:/usr/bin/ceph: stderr
2024-09-15T23:59:49.989+0000 7f6d7eff0640 1 -- 172.21.15.159:0/1020264604 shutdown_connections
2024-09-15T23:59:50.597 INFO:teuthology.orchestra.run.smithi159.stdout:/usr/bin/ceph: stderr
2024-09-15T23:59:49.989+0000 7f6d7eff0640 1 -- 172.21.15.159:0/1020264604 wait complete.
2024-09-15T23:59:50.598 INFO:teuthology.orchestra.run.smithi159.stdout:Waiting for the mgr to restart...
2024-09-15T23:59:50.598 INFO:teuthology.orchestra.run.smithi159.stdout:Waiting for mgr epoch 9...
2024-09-15T23:59:50.672 INFO:journalctl@ceph.mgr.x.smithi159.stdout:Sep 15 23:59:50 smithi159 bash[23045]: debug
2024-09-15T23:59:50.333+0000 7f90e5951040 -1 mgr[py] Module rgw has missing NOTIFY_TYPES member
2024-09-15T23:59:50.672 INFO:journalctl@ceph.mgr.x.smithi159.stdout:Sep 15 23:59:50 smithi159 bash[23045]: debug
2024-09-15T23:59:50.409+0000 7f90e5951040 -1 mgr[py] Module crash has missing NOTIFY_TYPES member
2024-09-15T23:59:50.672 INFO:journalctl@ceph.mgr.x.smithi159.stdout:Sep 15 23:59:50 smithi159 bash[23045]: debug
2024-09-15T23:59:50.477+0000 7f90e5951040 -1 mgr[py] Module telegraf has missing NOTIFY_TYPES member
2024-09-15T23:59:51.004 INFO:journalctl@ceph.mgr.x.smithi159.stdout:Sep 15 23:59:50 smithi159 bash[23045]: debug
2024-09-15T23:59:50.737+0000 7f90e5951040 -1 mgr[py] Module pg_autoscaler has missing NOTIFY_TYPES member
2024-09-15T23:59:51.004 INFO:journalctl@ceph.mgr.x.smithi159.stdout:Sep 15 23:59:50 smithi159 bash[23045]: debug
2024-09-15T23:59:50.805+0000 7f90e5951040 -1 mgr[py] Module zabbix has missing NOTIFY_TYPES member
2024-09-15T23:59:51.296 INFO:journalctl@ceph.mgr.x.smithi159.stdout:Sep 15 23:59:51 smithi159 bash[23045]: debug
2024-09-15T23:59:51.001+0000 7f90e5951040 -1 mgr[py] Module nfs has missing NOTIFY_TYPES member
2024-09-15T23:59:51.297 INFO:journalctl@ceph.mgr.x.smithi159.stdout:Sep 15 23:59:51 smithi159 bash[23045]: debug
2024-09-15T23:59:51.077+0000 7f90e5951040 -1 mgr[py] Module balancer has missing NOTIFY_TYPES member
2024-09-15T23:59:51.600 INFO:journalctl@ceph.mgr.x.smithi159.stdout:Sep 15 23:59:51 smithi159 bash[23045]: debug
2024-09-15T23:59:51.325+0000 7f90e5951040 -1 mgr[py] Module diskprediction_local has missing NOTIFY_TYPES member
2024-09-15T23:59:51.600 INFO:journalctl@ceph.mgr.x.smithi159.stdout:Sep 15 23:59:51 smithi159 bash[23045]: debug
2024-09-15T23:59:51.505+0000 7f90e5951040 -1 mgr[py] Module orchestrator has missing NOTIFY_TYPES member
2024-09-15T23:59:51.941 INFO:journalctl@ceph.mgr.x.smithi159.stdout:Sep 15 23:59:51 smithi159 bash[23045]: debug
2024-09-15T23:59:51.677+0000 7f90e5951040 -1 mgr[py] Module rbd_support has missing NOTIFY_TYPES member
2024-09-15T23:59:51.941 INFO:journalctl@ceph.mgr.x.smithi159.stdout:Sep 15 23:59:51 smithi159 bash[23045]: debug
2024-09-15T23:59:51.757+0000 7f90e5951040 -1 mgr[py] Module alerts has missing NOTIFY_TYPES member
2024-09-15T23:59:52.296 INFO:journalctl@ceph.mgr.x.smithi159.stdout:Sep 15 23:59:51 smithi159 bash[23045]: debug
2024-09-15T23:59:51.937+0000 7f90e5951040 -1 mgr[py] Module test_orchestrator has missing NOTIFY_TYPES member
2024-09-15T23:59:53.047 INFO:journalctl@ceph.mgr.x.smithi159.stdout:Sep 15 23:59:52 smithi159 bash[23045]: debug
2024-09-15T23:59:52.749+0000 7f90e5951040 -1 mgr[py] Module influx has missing NOTIFY_TYPES member
2024-09-15T23:59:53.048 INFO:journalctl@ceph.mgr.x.smithi159.stdout:Sep 15 23:59:52 smithi159 bash[23045]: debug
2024-09-15T23:59:52.825+0000 7f90e5951040 -1 mgr[py] Module status has missing NOTIFY_TYPES member
2024-09-15T23:59:53.434 INFO:journalctl@ceph.mgr.x.smithi159.stdout:Sep 15 23:59:53 smithi159 bash[23045]: debug
2024-09-15T23:59:53.049+0000 7f90e5951040 -1 mgr[py] Module volumes has missing NOTIFY_TYPES member
2024-09-15T23:59:53.434 INFO:journalctl@ceph.mgr.x.smithi159.stdout:Sep 15 23:59:53 smithi159 bash[23045]: debug
2024-09-15T23:59:53.125+0000 7f90e5951040 -1 mgr[py] Module osd_perf_query has missing NOTIFY_TYPES member
2024-09-15T23:59:53.796 INFO:journalctl@ceph.mgr.x.smithi159.stdout:Sep 15 23:59:53 smithi159 bash[23045]: debug
2024-09-15T23:59:53.525+0000 7f90e5951040 -1 mgr[py] Module prometheus has missing NOTIFY_TYPES member
2024-09-15T23:59:53.797 INFO:journalctl@ceph.mgr.x.smithi159.stdout:Sep 15 23:59:53 smithi159 bash[23045]: debug
2024-09-15T23:59:53.605+0000 7f90e5951040 -1 mgr[py] Module snap_schedule has missing NOTIFY_TYPES member
2024-09-15T23:59:53.797 INFO:journalctl@ceph.mon.a.smithi159.stdout:Sep 15 23:59:53 smithi159 bash[22792]: cluster
2024-09-15T23:59:53.612750+0000 mon.a (mon.0) 75 : cluster [INF] Active manager daemon x restarted
2024-09-15T23:59:53.797 INFO:journalctl@ceph.mon.a.smithi159.stdout:Sep 15 23:59:53 smithi159 bash[22792]: cluster
2024-09-15T23:59:53.612987+0000 mon.a (mon.0) 76 : cluster [INF] Activating manager daemon x
2024-09-15T23:59:53.797 INFO:journalctl@ceph.mon.a.smithi159.stdout:Sep 15 23:59:53 smithi159 bash[22792]: cluster
2024-09-15T23:59:53.619427+0000 mon.a (mon.0) 77 : cluster [DBG] osdmap e3: 0 total, 0 up, 0 in
2024-09-15T23:59:53.797 INFO:journalctl@ceph.mon.a.smithi159.stdout:Sep 15 23:59:53 smithi159 bash[22792]: cluster
2024-09-15T23:59:53.619698+0000 mon.a (mon.0) 78 : cluster [DBG] mgrmap e10: x(active, starting, since 0.00679464s)
2024-09-15T23:59:53.797 INFO:journalctl@ceph.mon.a.smithi159.stdout:Sep 15 23:59:53 smithi159 bash[22792]: audit
2024-09-15T23:59:53.621327+0000 mon.a (mon.0) 79 : audit [DBG] from='mgr.14150 172.21.15.159:0/4250873747' entity='mgr.x' cmd=[{"prefix": "mon metadata", "id": "a"}]: dispatch
2024-09-15T23:59:53.797 INFO:journalctl@ceph.mon.a.smithi159.stdout:Sep 15 23:59:53 smithi159 bash[22792]: audit
2024-09-15T23:59:53.622473+0000 mon.a (mon.0) 80 : audit [DBG] from='mgr.14150 172.21.15.159:0/4250873747' entity='mgr.x' cmd=[{"prefix": "mgr metadata", "who": "x", "id": "x"}]: dispatch
2024-09-15T23:59:53.797 INFO:journalctl@ceph.mon.a.smithi159.stdout:Sep 15 23:59:53 smithi159 bash[22792]: audit
2024-09-15T23:59:53.623716+0000 mon.a (mon.0) 81 : audit [DBG] from='mgr.14150 172.21.15.159:0/4250873747' entity='mgr.x' cmd=[{"prefix": "mds metadata"}]: dispatch
2024-09-15T23:59:53.797 INFO:journalctl@ceph.mon.a.smithi159.stdout:Sep 15 23:59:53 smithi159 bash[22792]: audit
2024-09-15T23:59:53.623904+0000 mon.a (mon.0) 82 : audit [DBG] from='mgr.14150 172.21.15.159:0/4250873747' entity='mgr.x' cmd=[{"prefix": "osd metadata"}]: dispatch
2024-09-15T23:59:53.798 INFO:journalctl@ceph.mon.a.smithi159.stdout:Sep 15 23:59:53 smithi159 bash[22792]: audit
2024-09-15T23:59:53.624074+0000 mon.a (mon.0) 83 : audit [DBG] from='mgr.14150 172.21.15.159:0/4250873747' entity='mgr.x' cmd=[{"prefix": "mon metadata"}]: dispatch
2024-09-15T23:59:53.798 INFO:journalctl@ceph.mon.a.smithi159.stdout:Sep 15 23:59:53 smithi159 bash[22792]: cluster
2024-09-15T23:59:53.651213+0000 mon.a (mon.0) 84 : cluster [INF] Manager daemon x is now available
2024-09-15T23:59:54.950 INFO:journalctl@ceph.mon.a.smithi159.stdout:Sep 15 23:59:54 smithi159 bash[22792]: audit
2024-09-15T23:59:53.668103+0000 mon.a (mon.0) 85 : audit [DBG] from='mgr.14150 172.21.15.159:0/4250873747' entity='mgr.x' cmd=[{"prefix": "config dump", "format": "json"}]: dispatch
2024-09-15T23:59:54.951 INFO:journalctl@ceph.mon.a.smithi159.stdout:Sep 15 23:59:54 smithi159 bash[22792]: audit
2024-09-15T23:59:53.685745+0000 mon.a (mon.0) 86 : audit [INF] from='mgr.14150 172.21.15.159:0/4250873747' entity='mgr.x' cmd=[{"prefix":"config rm","who":"mgr","name":"mgr/rbd_support/x/mirror_snapshot_schedule"}]: dispatch
2024-09-15T23:59:54.951 INFO:journalctl@ceph.mon.a.smithi159.stdout:Sep 15 23:59:54 smithi159 bash[22792]: audit
2024-09-15T23:59:53.688091+0000 mon.a (mon.0) 87 : audit [INF] from='mgr.14150 172.21.15.159:0/4250873747' entity='mgr.x' cmd=[{"prefix":"config rm","who":"mgr","name":"mgr/rbd_support/x/trash_purge_schedule"}]: dispatch
2024-09-15T23:59:54.951 INFO:journalctl@ceph.mon.a.smithi159.stdout:Sep 15 23:59:54 smithi159 bash[22792]: cluster
2024-09-15T23:59:54.623969+0000 mon.a (mon.0) 88 : cluster [DBG] mgrmap e11: x(active, since 1.01107s)
2024-09-15T23:59:55.286 INFO:teuthology.orchestra.run.smithi159.stdout:/usr/bin/ceph: stdout {
2024-09-15T23:59:55.286 INFO:teuthology.orchestra.run.smithi159.stdout:/usr/bin/ceph: stdout "mgrmap_epoch": 11,
2024-09-15T23:59:55.286 INFO:teuthology.orchestra.run.smithi159.stdout:/usr/bin/ceph: stdout "initialized": true
2024-09-15T23:59:55.286 INFO:teuthology.orchestra.run.smithi159.stdout:/usr/bin/ceph: stdout }
2024-09-15T23:59:55.287 INFO:teuthology.orchestra.run.smithi159.stdout:/usr/bin/ceph: stderr
2024-09-15T23:59:51.757+0000 7f6f1e3f2640 1 Processor -- start
2024-09-15T23:59:55.287 INFO:teuthology.orchestra.run.smithi159.stdout:/usr/bin/ceph: stderr
2024-09-15T23:59:51.757+0000 7f6f1e3f2640 1 -- start start
2024-09-15T23:59:55.287 INFO:teuthology.orchestra.run.smithi159.stdout:/usr/bin/ceph: stderr
2024-09-15T23:59:51.757+0000 7f6f1e3f2640 1 --2- >> [v2:172.21.15.159:3300/0,v1:172.21.15.159:6789/0] conn(0x7f6f18105350 0x7f6f18105750 unknown :-1 s=NONE pgs=0 cs=0 l=0 rev1=0 crypto rx=0 tx=0 comp rx=0 tx=0).connect
2024-09-15T23:59:55.287 INFO:teuthology.orchestra.run.smithi159.stdout:/usr/bin/ceph: stderr
2024-09-15T23:59:51.757+0000 7f6f1e3f2640 1 -- --> [v2:172.21.15.159:3300/0,v1:172.21.15.159:6789/0] -- mon_getmap magic: 0 -- 0x7f6f18079e70 con 0x7f6f18105350
2024-09-15T23:59:55.287 INFO:teuthology.orchestra.run.smithi159.stdout:/usr/bin/ceph: stderr
2024-09-15T23:59:51.757+0000 7f6f17fff640 1 --2- >> [v2:172.21.15.159:3300/0,v1:172.21.15.159:6789/0] conn(0x7f6f18105350 0x7f6f18105750 unknown :-1 s=BANNER_CONNECTING pgs=0 cs=0 l=0 rev1=0 crypto rx=0 tx=0 comp rx=0 tx=0)._handle_peer_banner_payload supported=3 required=0
2024-09-15T23:59:55.287 INFO:teuthology.orchestra.run.smithi159.stdout:/usr/bin/ceph: stderr
2024-09-15T23:59:51.757+0000 7f6f17fff640 1 --2- >> [v2:172.21.15.159:3300/0,v1:172.21.15.159:6789/0] conn(0x7f6f18105350 0x7f6f18105750 unknown :-1 s=HELLO_CONNECTING pgs=0 cs=0 l=0 rev1=1 crypto rx=0 tx=0 comp rx=0 tx=0).handle_hello peer v2:172.21.15.159:3300/0 says I am v2:172.21.15.159:35788/0 (socket says 172.21.15.159:35788)
2024-09-15T23:59:55.287 INFO:teuthology.orchestra.run.smithi159.stdout:/usr/bin/ceph: stderr
2024-09-15T23:59:51.757+0000 7f6f17fff640 1 -- 172.21.15.159:0/2390644489 learned_addr learned my addr 172.21.15.159:0/2390644489 (peer_addr_for_me v2:172.21.15.159:0/0)
2024-09-15T23:59:55.287 INFO:teuthology.orchestra.run.smithi159.stdout:/usr/bin/ceph: stderr
2024-09-15T23:59:51.761+0000 7f6f17fff640 1 -- 172.21.15.159:0/2390644489 --> [v2:172.21.15.159:3300/0,v1:172.21.15.159:6789/0] -- mon_subscribe({config=0+,monmap=0+}) -- 0x7f6f18105c90 con 0x7f6f18105350
2024-09-15T23:59:55.287 INFO:teuthology.orchestra.run.smithi159.stdout:/usr/bin/ceph: stderr
