2024-09-15T23:59:38.718+0000 7fcae6b06640 1 -- 172.21.15.159:0/1306308101 >> [v2:172.21.15.159:6800/1078846478,v1:172.21.15.159:6801/1078846478] conn(0x7fcacc039200 msgr2=0x7fcacc03b6c0 secure :-1 s=STATE_CONNECTION_ESTABLISHED l=1).mark_down
2024-09-15T23:59:39.605 INFO:teuthology.orchestra.run.smithi159.stdout:/usr/bin/ceph: stderr
2024-09-15T23:59:38.718+0000 7fcae6b06640 1 --2- 172.21.15.159:0/1306308101 >> [v2:172.21.15.159:6800/1078846478,v1:172.21.15.159:6801/1078846478] conn(0x7fcacc039200 0x7fcacc03b6c0 secure :-1 s=READY pgs=12 cs=0 l=1 rev1=1 crypto rx=0x7fcac80098c0 tx=0x7fcac8006db0 comp rx=0 tx=0).stop
2024-09-15T23:59:39.606 INFO:teuthology.orchestra.run.smithi159.stdout:/usr/bin/ceph: stderr
2024-09-15T23:59:38.718+0000 7fcae6b06640 1 -- 172.21.15.159:0/1306308101 >> [v2:172.21.15.159:3300/0,v1:172.21.15.159:6789/0] conn(0x7fcae0108cf0 msgr2=0x7fcae019cc10 secure :-1 s=STATE_CONNECTION_ESTABLISHED l=1).mark_down
2024-09-15T23:59:39.606 INFO:teuthology.orchestra.run.smithi159.stdout:/usr/bin/ceph: stderr
2024-09-15T23:59:38.718+0000 7fcae6b06640 1 --2- 172.21.15.159:0/1306308101 >> [v2:172.21.15.159:3300/0,v1:172.21.15.159:6789/0] conn(0x7fcae0108cf0 0x7fcae019cc10 secure :-1 s=READY pgs=46 cs=0 l=1 rev1=1 crypto rx=0x7fcad002acc0 tx=0x7fcad0031c70 comp rx=0 tx=0).stop
2024-09-15T23:59:39.606 INFO:teuthology.orchestra.run.smithi159.stdout:/usr/bin/ceph: stderr
2024-09-15T23:59:38.718+0000 7fcae6b06640 1 -- 172.21.15.159:0/1306308101 shutdown_connections
2024-09-15T23:59:39.606 INFO:teuthology.orchestra.run.smithi159.stdout:/usr/bin/ceph: stderr
2024-09-15T23:59:38.718+0000 7fcae6b06640 1 --2- 172.21.15.159:0/1306308101 >> [v2:172.21.15.159:6800/1078846478,v1:172.21.15.159:6801/1078846478] conn(0x7fcacc039200 0x7fcacc03b6c0 unknown :-1 s=CLOSED pgs=12 cs=0 l=1 rev1=1 crypto rx=0 tx=0 comp rx=0 tx=0).stop
2024-09-15T23:59:39.606 INFO:teuthology.orchestra.run.smithi159.stdout:/usr/bin/ceph: stderr
2024-09-15T23:59:38.718+0000 7fcae6b06640 1 --2- 172.21.15.159:0/1306308101 >> [v2:172.21.15.159:3300/0,v1:172.21.15.159:6789/0] conn(0x7fcae0108cf0 0x7fcae019cc10 unknown :-1 s=CLOSED pgs=46 cs=0 l=1 rev1=1 crypto rx=0 tx=0 comp rx=0 tx=0).stop
2024-09-15T23:59:39.606 INFO:teuthology.orchestra.run.smithi159.stdout:/usr/bin/ceph: stderr
2024-09-15T23:59:38.718+0000 7fcae6b06640 1 -- 172.21.15.159:0/1306308101 >> 172.21.15.159:0/1306308101 conn(0x7fcae007c360 msgr2=0x7fcae01064c0 unknown :-1 s=STATE_NONE l=0).mark_down
2024-09-15T23:59:39.606 INFO:teuthology.orchestra.run.smithi159.stdout:/usr/bin/ceph: stderr
2024-09-15T23:59:38.718+0000 7fcae6b06640 1 -- 172.21.15.159:0/1306308101 shutdown_connections
2024-09-15T23:59:39.606 INFO:teuthology.orchestra.run.smithi159.stdout:/usr/bin/ceph: stderr
2024-09-15T23:59:38.718+0000 7fcae6b06640 1 -- 172.21.15.159:0/1306308101 wait complete.
2024-09-15T23:59:39.606 INFO:teuthology.orchestra.run.smithi159.stdout:Deploying unmanaged mgr service...
2024-09-15T23:59:40.046 INFO:journalctl@ceph.mon.a.smithi159.stdout:Sep 15 23:59:39 smithi159 bash[22792]: audit
2024-09-15T23:59:38.715332+0000 mgr.x (mgr.14118) 17 : audit [DBG] from='client.14140 -' entity='client.admin' cmd=[{"prefix": "orch apply", "service_type": "mon", "unmanaged": true, "target": ["mon-mgr", ""]}]: dispatch
2024-09-15T23:59:40.046 INFO:journalctl@ceph.mon.a.smithi159.stdout:Sep 15 23:59:39 smithi159 bash[22792]: cephadm
2024-09-15T23:59:38.716932+0000 mgr.x (mgr.14118) 18 : cephadm [INF] Saving service mon spec with placement count:5
2024-09-15T23:59:40.047 INFO:journalctl@ceph.mon.a.smithi159.stdout:Sep 15 23:59:39 smithi159 bash[22792]: audit
2024-09-15T23:59:38.719373+0000 mon.a (mon.0) 63 : audit [INF] from='mgr.14118 172.21.15.159:0/957414695' entity='mgr.x'
2024-09-15T23:59:40.047 INFO:journalctl@ceph.mon.a.smithi159.stdout:Sep 15 23:59:39 smithi159 bash[22792]: audit
2024-09-15T23:59:39.306614+0000 mon.a (mon.0) 64 : audit [INF] from='mgr.14118 172.21.15.159:0/957414695' entity='mgr.x'
2024-09-15T23:59:41.137 INFO:journalctl@ceph.mon.a.smithi159.stdout:Sep 15 23:59:40 smithi159 bash[22792]: audit
2024-09-15T23:59:39.878176+0000 mon.a (mon.0) 65 : audit [INF] from='mgr.14118 172.21.15.159:0/957414695' entity='mgr.x'
2024-09-15T23:59:41.137 INFO:journalctl@ceph.mon.a.smithi159.stdout:Sep 15 23:59:40 smithi159 bash[22792]: cluster
2024-09-15T23:59:39.932285+0000 mgr.x (mgr.14118) 19 : cluster [DBG] pgmap v3: 0 pgs: ; 0 B data, 0 B used, 0 B / 0 B avail
2024-09-15T23:59:41.729 INFO:teuthology.orchestra.run.smithi159.stdout:/usr/bin/ceph: stdout Scheduled mgr update...
2024-09-15T23:59:41.729 INFO:teuthology.orchestra.run.smithi159.stdout:/usr/bin/ceph: stderr
2024-09-15T23:59:40.761+0000 7fbfacf46640 1 Processor -- start
2024-09-15T23:59:41.729 INFO:teuthology.orchestra.run.smithi159.stdout:/usr/bin/ceph: stderr
2024-09-15T23:59:40.761+0000 7fbfacf46640 1 -- start start
2024-09-15T23:59:41.729 INFO:teuthology.orchestra.run.smithi159.stdout:/usr/bin/ceph: stderr
2024-09-15T23:59:40.761+0000 7fbfacf46640 1 --2- >> [v2:172.21.15.159:3300/0,v1:172.21.15.159:6789/0] conn(0x7fbfa81075a0 0x7fbfa8109990 unknown :-1 s=NONE pgs=0 cs=0 l=0 rev1=0 crypto rx=0 tx=0 comp rx=0 tx=0).connect
2024-09-15T23:59:41.729 INFO:teuthology.orchestra.run.smithi159.stdout:/usr/bin/ceph: stderr
2024-09-15T23:59:40.761+0000 7fbfacf46640 1 -- --> [v2:172.21.15.159:3300/0,v1:172.21.15.159:6789/0] -- mon_getmap magic: 0 -- 0x7fbfa8079e30 con 0x7fbfa81075a0
2024-09-15T23:59:41.730 INFO:teuthology.orchestra.run.smithi159.stdout:/usr/bin/ceph: stderr
2024-09-15T23:59:40.761+0000 7fbfa659c640 1 --2- >> [v2:172.21.15.159:3300/0,v1:172.21.15.159:6789/0] conn(0x7fbfa81075a0 0x7fbfa8109990 unknown :-1 s=BANNER_CONNECTING pgs=0 cs=0 l=0 rev1=0 crypto rx=0 tx=0 comp rx=0 tx=0)._handle_peer_banner_payload supported=3 required=0
2024-09-15T23:59:41.730 INFO:teuthology.orchestra.run.smithi159.stdout:/usr/bin/ceph: stderr
2024-09-15T23:59:40.761+0000 7fbfa659c640 1 --2- >> [v2:172.21.15.159:3300/0,v1:172.21.15.159:6789/0] conn(0x7fbfa81075a0 0x7fbfa8109990 unknown :-1 s=HELLO_CONNECTING pgs=0 cs=0 l=0 rev1=1 crypto rx=0 tx=0 comp rx=0 tx=0).handle_hello peer v2:172.21.15.159:3300/0 says I am v2:172.21.15.159:46304/0 (socket says 172.21.15.159:46304)
2024-09-15T23:59:41.730 INFO:teuthology.orchestra.run.smithi159.stdout:/usr/bin/ceph: stderr
2024-09-15T23:59:40.761+0000 7fbfa659c640 1 -- 172.21.15.159:0/4020229612 learned_addr learned my addr 172.21.15.159:0/4020229612 (peer_addr_for_me v2:172.21.15.159:0/0)
2024-09-15T23:59:41.730 INFO:teuthology.orchestra.run.smithi159.stdout:/usr/bin/ceph: stderr
2024-09-15T23:59:40.761+0000 7fbfa659c640 1 -- 172.21.15.159:0/4020229612 --> [v2:172.21.15.159:3300/0,v1:172.21.15.159:6789/0] -- mon_subscribe({config=0+,monmap=0+}) -- 0x7fbfa8109ed0 con 0x7fbfa81075a0
2024-09-15T23:59:41.730 INFO:teuthology.orchestra.run.smithi159.stdout:/usr/bin/ceph: stderr
2024-09-15T23:59:40.761+0000 7fbfa659c640 1 --2- 172.21.15.159:0/4020229612 >> [v2:172.21.15.159:3300/0,v1:172.21.15.159:6789/0] conn(0x7fbfa81075a0 0x7fbfa8109990 secure :-1 s=READY pgs=47 cs=0 l=1 rev1=1 crypto rx=0x7fbfa0009e80 tx=0x7fbfa002a7a0 comp rx=0 tx=0).ready entity=mon.0 client_cookie=4282f10bbb33daa5 server_cookie=0 in_seq=0 out_seq=0
2024-09-15T23:59:41.730 INFO:teuthology.orchestra.run.smithi159.stdout:/usr/bin/ceph: stderr
2024-09-15T23:59:40.761+0000 7fbfa559a640 1 -- 172.21.15.159:0/4020229612 <== mon.0 v2:172.21.15.159:3300/0 1 ==== mon_map magic: 0 ==== 205+0+0 (secure 0 0 0) 0x7fbfa0036070 con 0x7fbfa81075a0
2024-09-15T23:59:41.730 INFO:teuthology.orchestra.run.smithi159.stdout:/usr/bin/ceph: stderr
2024-09-15T23:59:40.761+0000 7fbfa559a640 1 -- 172.21.15.159:0/4020229612 <== mon.0 v2:172.21.15.159:3300/0 2 ==== config(26 keys) ==== 1102+0+0 (secure 0 0 0) 0x7fbfa00318b0 con 0x7fbfa81075a0
2024-09-15T23:59:41.734 INFO:teuthology.orchestra.run.smithi159.stdout:/usr/bin/ceph: stderr
2024-09-15T23:59:40.761+0000 7fbfa559a640 1 -- 172.21.15.159:0/4020229612 <== mon.0 v2:172.21.15.159:3300/0 3 ==== mon_map magic: 0 ==== 205+0+0 (secure 0 0 0) 0x7fbfa0007930 con 0x7fbfa81075a0
2024-09-15T23:59:41.734 INFO:teuthology.orchestra.run.smithi159.stdout:/usr/bin/ceph: stderr
2024-09-15T23:59:40.761+0000 7fbfacf46640 1 -- 172.21.15.159:0/4020229612 >> [v2:172.21.15.159:3300/0,v1:172.21.15.159:6789/0] conn(0x7fbfa81075a0 msgr2=0x7fbfa8109990 secure :-1 s=STATE_CONNECTION_ESTABLISHED l=1).mark_down
2024-09-15T23:59:41.734 INFO:teuthology.orchestra.run.smithi159.stdout:/usr/bin/ceph: stderr
2024-09-15T23:59:40.761+0000 7fbfacf46640 1 --2- 172.21.15.159:0/4020229612 >> [v2:172.21.15.159:3300/0,v1:172.21.15.159:6789/0] conn(0x7fbfa81075a0 0x7fbfa8109990 secure :-1 s=READY pgs=47 cs=0 l=1 rev1=1 crypto rx=0x7fbfa0009e80 tx=0x7fbfa002a7a0 comp rx=0 tx=0).stop
2024-09-15T23:59:41.734 INFO:teuthology.orchestra.run.smithi159.stdout:/usr/bin/ceph: stderr
2024-09-15T23:59:40.761+0000 7fbfacf46640 1 -- 172.21.15.159:0/4020229612 shutdown_connections
2024-09-15T23:59:41.734 INFO:teuthology.orchestra.run.smithi159.stdout:/usr/bin/ceph: stderr
2024-09-15T23:59:40.761+0000 7fbfacf46640 1 --2- 172.21.15.159:0/4020229612 >> [v2:172.21.15.159:3300/0,v1:172.21.15.159:6789/0] conn(0x7fbfa81075a0 0x7fbfa8109990 unknown :-1 s=CLOSED pgs=47 cs=0 l=1 rev1=1 crypto rx=0 tx=0 comp rx=0 tx=0).stop
2024-09-15T23:59:41.734 INFO:teuthology.orchestra.run.smithi159.stdout:/usr/bin/ceph: stderr
2024-09-15T23:59:40.761+0000 7fbfacf46640 1 -- 172.21.15.159:0/4020229612 >> 172.21.15.159:0/4020229612 conn(0x7fbfa8101100 msgr2=0x7fbfa8103580 unknown :-1 s=STATE_NONE l=0).mark_down
2024-09-15T23:59:41.734 INFO:teuthology.orchestra.run.smithi159.stdout:/usr/bin/ceph: stderr
2024-09-15T23:59:40.761+0000 7fbfacf46640 1 -- 172.21.15.159:0/4020229612 shutdown_connections
2024-09-15T23:59:41.734 INFO:teuthology.orchestra.run.smithi159.stdout:/usr/bin/ceph: stderr
2024-09-15T23:59:40.761+0000 7fbfacf46640 1 -- 172.21.15.159:0/4020229612 wait complete.
2024-09-15T23:59:41.734 INFO:teuthology.orchestra.run.smithi159.stdout:/usr/bin/ceph: stderr
2024-09-15T23:59:40.761+0000 7fbfacf46640 1 Processor -- start
2024-09-15T23:59:41.734 INFO:teuthology.orchestra.run.smithi159.stdout:/usr/bin/ceph: stderr
2024-09-15T23:59:40.761+0000 7fbfacf46640 1 -- start start
2024-09-15T23:59:41.735 INFO:teuthology.orchestra.run.smithi159.stdout:/usr/bin/ceph: stderr
2024-09-15T23:59:40.765+0000 7fbfacf46640 1 --2- >> [v2:172.21.15.159:3300/0,v1:172.21.15.159:6789/0] conn(0x7fbfa81075a0 0x7fbfa819cce0 unknown :-1 s=NONE pgs=0 cs=0 l=1 rev1=0 crypto rx=0 tx=0 comp rx=0 tx=0).connect
2024-09-15T23:59:41.735 INFO:teuthology.orchestra.run.smithi159.stdout:/usr/bin/ceph: stderr
2024-09-15T23:59:40.765+0000 7fbfacf46640 1 -- --> [v2:172.21.15.159:3300/0,v1:172.21.15.159:6789/0] -- mon_getmap magic: 0 -- 0x7fbfa810ae90 con 0x7fbfa81075a0
2024-09-15T23:59:41.735 INFO:teuthology.orchestra.run.smithi159.stdout:/usr/bin/ceph: stderr
2024-09-15T23:59:40.765+0000 7fbfa659c640 1 --2- >> [v2:172.21.15.159:3300/0,v1:172.21.15.159:6789/0] conn(0x7fbfa81075a0 0x7fbfa819cce0 unknown :-1 s=BANNER_CONNECTING pgs=0 cs=0 l=1 rev1=0 crypto rx=0 tx=0 comp rx=0 tx=0)._handle_peer_banner_payload supported=3 required=0
2024-09-15T23:59:41.735 INFO:teuthology.orchestra.run.smithi159.stdout:/usr/bin/ceph: stderr
2024-09-15T23:59:40.765+0000 7fbfa659c640 1 --2- >> [v2:172.21.15.159:3300/0,v1:172.21.15.159:6789/0] conn(0x7fbfa81075a0 0x7fbfa819cce0 unknown :-1 s=HELLO_CONNECTING pgs=0 cs=0 l=1 rev1=1 crypto rx=0 tx=0 comp rx=0 tx=0).handle_hello peer v2:172.21.15.159:3300/0 says I am v2:172.21.15.159:46318/0 (socket says 172.21.15.159:46318)
2024-09-15T23:59:41.735 INFO:teuthology.orchestra.run.smithi159.stdout:/usr/bin/ceph: stderr
2024-09-15T23:59:40.765+0000 7fbfa659c640 1 -- 172.21.15.159:0/490551510 learned_addr learned my addr 172.21.15.159:0/490551510 (peer_addr_for_me v2:172.21.15.159:0/0)
2024-09-15T23:59:41.735 INFO:teuthology.orchestra.run.smithi159.stdout:/usr/bin/ceph: stderr
2024-09-15T23:59:40.765+0000 7fbfa659c640 1 -- 172.21.15.159:0/490551510 --> [v2:172.21.15.159:3300/0,v1:172.21.15.159:6789/0] -- mon_subscribe({config=0+,monmap=0+}) -- 0x7fbfa819d220 con 0x7fbfa81075a0
2024-09-15T23:59:41.735 INFO:teuthology.orchestra.run.smithi159.stdout:/usr/bin/ceph: stderr
2024-09-15T23:59:40.765+0000 7fbfa659c640 1 --2- 172.21.15.159:0/490551510 >> [v2:172.21.15.159:3300/0,v1:172.21.15.159:6789/0] conn(0x7fbfa81075a0 0x7fbfa819cce0 secure :-1 s=READY pgs=48 cs=0 l=1 rev1=1 crypto rx=0x7fbfa0031cc0 tx=0x7fbfa0031cf0 comp rx=0 tx=0).ready entity=mon.0 client_cookie=0 server_cookie=0 in_seq=0 out_seq=0
2024-09-15T23:59:41.735 INFO:teuthology.orchestra.run.smithi159.stdout:/usr/bin/ceph: stderr
2024-09-15T23:59:40.765+0000 7fbf977fe640 1 -- 172.21.15.159:0/490551510 <== mon.0 v2:172.21.15.159:3300/0 1 ==== mon_map magic: 0 ==== 205+0+0 (secure 0 0 0) 0x7fbfa0036050 con 0x7fbfa81075a0
2024-09-15T23:59:41.735 INFO:teuthology.orchestra.run.smithi159.stdout:/usr/bin/ceph: stderr
2024-09-15T23:59:40.765+0000 7fbf977fe640 1 -- 172.21.15.159:0/490551510 <== mon.0 v2:172.21.15.159:3300/0 2 ==== config(26 keys) ==== 1102+0+0 (secure 0 0 0) 0x7fbfa0042070 con 0x7fbfa81075a0
2024-09-15T23:59:41.735 INFO:teuthology.orchestra.run.smithi159.stdout:/usr/bin/ceph: stderr
2024-09-15T23:59:40.765+0000 7fbf977fe640 1 -- 172.21.15.159:0/490551510 <== mon.0 v2:172.21.15.159:3300/0 3 ==== mon_map magic: 0 ==== 205+0+0 (secure 0 0 0) 0x7fbfa003db10 con 0x7fbfa81075a0
2024-09-15T23:59:41.735 INFO:teuthology.orchestra.run.smithi159.stdout:/usr/bin/ceph: stderr
2024-09-15T23:59:40.765+0000 7fbfacf46640 1 -- 172.21.15.159:0/490551510 --> [v2:172.21.15.159:3300/0,v1:172.21.15.159:6789/0] -- mon_subscribe({mgrmap=0+}) -- 0x7fbfa819d4b0 con 0x7fbfa81075a0
2024-09-15T23:59:41.735 INFO:teuthology.orchestra.run.smithi159.stdout:/usr/bin/ceph: stderr
2024-09-15T23:59:40.765+0000 7fbfacf46640 1 -- 172.21.15.159:0/490551510 --> [v2:172.21.15.159:3300/0,v1:172.21.15.159:6789/0] -- mon_subscribe({osdmap=0}) -- 0x7fbfa81a0190 con 0x7fbfa81075a0
2024-09-15T23:59:41.735 INFO:teuthology.orchestra.run.smithi159.stdout:/usr/bin/ceph: stderr
2024-09-15T23:59:40.765+0000 7fbf977fe640 1 -- 172.21.15.159:0/490551510 <== mon.0 v2:172.21.15.159:3300/0 4 ==== mgrmap(e 8) ==== 46461+0+0 (secure 0 0 0) 0x7fbfa003dcb0 con 0x7fbfa81075a0
2024-09-15T23:59:41.736 INFO:teuthology.orchestra.run.smithi159.stdout:/usr/bin/ceph: stderr
2024-09-15T23:59:40.765+0000 7fbf977fe640 1 --2- 172.21.15.159:0/490551510 >> [v2:172.21.15.159:6800/1078846478,v1:172.21.15.159:6801/1078846478] conn(0x7fbf90039200 0x7fbf9003b6c0 unknown :-1 s=NONE pgs=0 cs=0 l=1 rev1=0 crypto rx=0 tx=0 comp rx=0 tx=0).connect
2024-09-15T23:59:41.736 INFO:teuthology.orchestra.run.smithi159.stdout:/usr/bin/ceph: stderr
2024-09-15T23:59:40.765+0000 7fbf977fe640 1 -- 172.21.15.159:0/490551510 <== mon.0 v2:172.21.15.159:3300/0 5 ==== osd_map(2..2 src has 1..2) ==== 940+0+0 (secure 0 0 0) 0x7fbfa006d9c0 con 0x7fbfa81075a0
2024-09-15T23:59:41.736 INFO:teuthology.orchestra.run.smithi159.stdout:/usr/bin/ceph: stderr
2024-09-15T23:59:40.765+0000 7fbfacf46640 1 -- 172.21.15.159:0/490551510 --> [v2:172.21.15.159:3300/0,v1:172.21.15.159:6789/0] -- mon_command({"prefix": "get_command_descriptions"} v 0) -- 0x7fbfa8107a00 con 0x7fbfa81075a0
2024-09-15T23:59:41.736 INFO:teuthology.orchestra.run.smithi159.stdout:/usr/bin/ceph: stderr
2024-09-15T23:59:40.765+0000 7fbfa5d9b640 1 --2- 172.21.15.159:0/490551510 >> [v2:172.21.15.159:6800/1078846478,v1:172.21.15.159:6801/1078846478] conn(0x7fbf90039200 0x7fbf9003b6c0 unknown :-1 s=BANNER_CONNECTING pgs=0 cs=0 l=1 rev1=0 crypto rx=0 tx=0 comp rx=0 tx=0)._handle_peer_banner_payload supported=3 required=0
2024-09-15T23:59:41.736 INFO:teuthology.orchestra.run.smithi159.stdout:/usr/bin/ceph: stderr
2024-09-15T23:59:40.765+0000 7fbfa5d9b640 1 --2- 172.21.15.159:0/490551510 >> [v2:172.21.15.159:6800/1078846478,v1:172.21.15.159:6801/1078846478] conn(0x7fbf90039200 0x7fbf9003b6c0 secure :-1 s=READY pgs=13 cs=0 l=1 rev1=1 crypto rx=0x7fbf9c0098c0 tx=0x7fbf9c006db0 comp rx=0 tx=0).ready entity=mgr.14118 client_cookie=0 server_cookie=0 in_seq=0 out_seq=0
2024-09-15T23:59:41.736 INFO:teuthology.orchestra.run.smithi159.stdout:/usr/bin/ceph: stderr
2024-09-15T23:59:40.769+0000 7fbf977fe640 1 -- 172.21.15.159:0/490551510 <== mon.0 v2:172.21.15.159:3300/0 6 ==== mon_command_ack([{"prefix": "get_command_descriptions"}]=0 v0) ==== 72+0+188821 (secure 0 0 0) 0x7fbfa003b740 con 0x7fbfa81075a0
2024-09-15T23:59:41.736 INFO:teuthology.orchestra.run.smithi159.stdout:/usr/bin/ceph: stderr
2024-09-15T23:59:41.113+0000 7fbfacf46640 1 -- 172.21.15.159:0/490551510 --> [v2:172.21.15.159:6800/1078846478,v1:172.21.15.159:6801/1078846478] -- mgr_command(tid 0: {"prefix": "orch apply", "service_type": "mgr", "unmanaged": true, "target": ["mon-mgr", ""]}) -- 0x7fbfa8102400 con 0x7fbf90039200
2024-09-15T23:59:41.736 INFO:teuthology.orchestra.run.smithi159.stdout:/usr/bin/ceph: stderr
2024-09-15T23:59:41.121+0000 7fbf977fe640 1 -- 172.21.15.159:0/490551510 <== mgr.14118 v2:172.21.15.159:6800/1078846478 1 ==== mgr_command_reply(tid 0: 0 ) ==== 8+0+24 (secure 0 0 0) 0x7fbfa8102400 con 0x7fbf90039200
2024-09-15T23:59:41.736 INFO:teuthology.orchestra.run.smithi159.stdout:/usr/bin/ceph: stderr
2024-09-15T23:59:41.125+0000 7fbfacf46640 1 -- 172.21.15.159:0/490551510 >> [v2:172.21.15.159:6800/1078846478,v1:172.21.15.159:6801/1078846478] conn(0x7fbf90039200 msgr2=0x7fbf9003b6c0 secure :-1 s=STATE_CONNECTION_ESTABLISHED l=1).mark_down
2024-09-15T23:59:41.736 INFO:teuthology.orchestra.run.smithi159.stdout:/usr/bin/ceph: stderr
2024-09-15T23:59:41.125+0000 7fbfacf46640 1 --2- 172.21.15.159:0/490551510 >> [v2:172.21.15.159:6800/1078846478,v1:172.21.15.159:6801/1078846478] conn(0x7fbf90039200 0x7fbf9003b6c0 secure :-1 s=READY pgs=13 cs=0 l=1 rev1=1 crypto rx=0x7fbf9c0098c0 tx=0x7fbf9c006db0 comp rx=0 tx=0).stop
2024-09-15T23:59:41.737 INFO:teuthology.orchestra.run.smithi159.stdout:/usr/bin/ceph: stderr
2024-09-15T23:59:41.125+0000 7fbfacf46640 1 -- 172.21.15.159:0/490551510 >> [v2:172.21.15.159:3300/0,v1:172.21.15.159:6789/0] conn(0x7fbfa81075a0 msgr2=0x7fbfa819cce0 secure :-1 s=STATE_CONNECTION_ESTABLISHED l=1).mark_down
2024-09-15T23:59:41.737 INFO:teuthology.orchestra.run.smithi159.stdout:/usr/bin/ceph: stderr
2024-09-15T23:59:41.125+0000 7fbfacf46640 1 --2- 172.21.15.159:0/490551510 >> [v2:172.21.15.159:3300/0,v1:172.21.15.159:6789/0] conn(0x7fbfa81075a0 0x7fbfa819cce0 secure :-1 s=READY pgs=48 cs=0 l=1 rev1=1 crypto rx=0x7fbfa0031cc0 tx=0x7fbfa0031cf0 comp rx=0 tx=0).stop
2024-09-15T23:59:41.737 INFO:teuthology.orchestra.run.smithi159.stdout:/usr/bin/ceph: stderr
2024-09-15T23:59:41.125+0000 7fbfacf46640 1 -- 172.21.15.159:0/490551510 shutdown_connections
2024-09-15T23:59:41.737 INFO:teuthology.orchestra.run.smithi159.stdout:/usr/bin/ceph: stderr
2024-09-15T23:59:41.125+0000 7fbfacf46640 1 --2- 172.21.15.159:0/490551510 >> [v2:172.21.15.159:6800/1078846478,v1:172.21.15.159:6801/1078846478] conn(0x7fbf90039200 0x7fbf9003b6c0 unknown :-1 s=CLOSED pgs=13 cs=0 l=1 rev1=1 crypto rx=0 tx=0 comp rx=0 tx=0).stop
2024-09-15T23:59:41.737 INFO:teuthology.orchestra.run.smithi159.stdout:/usr/bin/ceph: stderr
2024-09-15T23:59:41.125+0000 7fbfacf46640 1 --2- 172.21.15.159:0/490551510 >> [v2:172.21.15.159:3300/0,v1:172.21.15.159:6789/0] conn(0x7fbfa81075a0 0x7fbfa819cce0 unknown :-1 s=CLOSED pgs=48 cs=0 l=1 rev1=1 crypto rx=0 tx=0 comp rx=0 tx=0).stop
2024-09-15T23:59:41.737 INFO:teuthology.orchestra.run.smithi159.stdout:/usr/bin/ceph: stderr
2024-09-15T23:59:41.125+0000 7fbfacf46640 1 -- 172.21.15.159:0/490551510 >> 172.21.15.159:0/490551510 conn(0x7fbfa8101100 msgr2=0x7fbfa8101cf0 unknown :-1 s=STATE_NONE l=0).mark_down
2024-09-15T23:59:41.737 INFO:teuthology.orchestra.run.smithi159.stdout:/usr/bin/ceph: stderr
2024-09-15T23:59:41.125+0000 7fbfacf46640 1 -- 172.21.15.159:0/490551510 shutdown_connections
2024-09-15T23:59:41.737 INFO:teuthology.orchestra.run.smithi159.stdout:/usr/bin/ceph: stderr
2024-09-15T23:59:41.125+0000 7fbfacf46640 1 -- 172.21.15.159:0/490551510 wait complete.
2024-09-15T23:59:42.296 INFO:journalctl@ceph.mon.a.smithi159.stdout:Sep 15 23:59:41 smithi159 bash[22792]: audit
2024-09-15T23:59:41.119834+0000 mgr.x (mgr.14118) 20 : audit [DBG] from='client.14142 -' entity='client.admin' cmd=[{"prefix": "orch apply", "service_type": "mgr", "unmanaged": true, "target": ["mon-mgr", ""]}]: dispatch
2024-09-15T23:59:42.297 INFO:journalctl@ceph.mon.a.smithi159.stdout:Sep 15 23:59:41 smithi159 bash[22792]: audit
2024-09-15T23:59:41.125834+0000 mon.a (mon.0) 66 : audit [INF] from='mgr.14118 172.21.15.159:0/957414695' entity='mgr.x'
2024-09-15T23:59:43.046 INFO:journalctl@ceph.mon.a.smithi159.stdout:Sep 15 23:59:42 smithi159 bash[22792]: cephadm
2024-09-15T23:59:41.121335+0000 mgr.x (mgr.14118) 21 : cephadm [INF] Saving service mgr spec with placement count:2
2024-09-15T23:59:43.046 INFO:journalctl@ceph.mon.a.smithi159.stdout:Sep 15 23:59:42 smithi159 bash[22792]: cluster
2024-09-15T23:59:41.932749+0000 mgr.x (mgr.14118) 22 : cluster [DBG] pgmap v4: 0 pgs: ; 0 B data, 0 B used, 0 B / 0 B avail
2024-09-15T23:59:43.822 INFO:teuthology.orchestra.run.smithi159.stdout:/usr/bin/ceph: stderr
2024-09-15T23:59:42.853+0000 7f0e6c1e8640 1 Processor -- start
2024-09-15T23:59:43.822 INFO:teuthology.orchestra.run.smithi159.stdout:/usr/bin/ceph: stderr
2024-09-15T23:59:42.853+0000 7f0e6c1e8640 1 -- start start
2024-09-15T23:59:43.822 INFO:teuthology.orchestra.run.smithi159.stdout:/usr/bin/ceph: stderr
2024-09-15T23:59:42.853+0000 7f0e6c1e8640 1 --2- >> [v2:172.21.15.159:3300/0,v1:172.21.15.159:6789/0] conn(0x7f0e64108d00 0x7f0e64109100 unknown :-1 s=NONE pgs=0 cs=0 l=0 rev1=0 crypto rx=0 tx=0 comp rx=0 tx=0).connect
2024-09-15T23:59:43.822 INFO:teuthology.orchestra.run.smithi159.stdout:/usr/bin/ceph: stderr
2024-09-15T23:59:42.853+0000 7f0e6c1e8640 1 -- --> [v2:172.21.15.159:3300/0,v1:172.21.15.159:6789/0] -- mon_getmap magic: 0 -- 0x7f0e641096d0 con 0x7f0e64108d00
2024-09-15T23:59:43.822 INFO:teuthology.orchestra.run.smithi159.stdout:/usr/bin/ceph: stderr
2024-09-15T23:59:42.853+0000 7f0e69f84640 1 --2- >> [v2:172.21.15.159:3300/0,v1:172.21.15.159:6789/0] conn(0x7f0e64108d00 0x7f0e64109100 unknown :-1 s=BANNER_CONNECTING pgs=0 cs=0 l=0 rev1=0 crypto rx=0 tx=0 comp rx=0 tx=0)._handle_peer_banner_payload supported=3 required=0
2024-09-15T23:59:43.822 INFO:teuthology.orchestra.run.smithi159.stdout:/usr/bin/ceph: stderr
2024-09-15T23:59:42.853+0000 7f0e69f84640 1 --2- >> [v2:172.21.15.159:3300/0,v1:172.21.15.159:6789/0] conn(0x7f0e64108d00 0x7f0e64109100 unknown :-1 s=HELLO_CONNECTING pgs=0 cs=0 l=0 rev1=1 crypto rx=0 tx=0 comp rx=0 tx=0).handle_hello peer v2:172.21.15.159:3300/0 says I am v2:172.21.15.159:46330/0 (socket says 172.21.15.159:46330)
2024-09-15T23:59:43.822 INFO:teuthology.orchestra.run.smithi159.stdout:/usr/bin/ceph: stderr
2024-09-15T23:59:42.853+0000 7f0e69f84640 1 -- 172.21.15.159:0/4217885137 learned_addr learned my addr 172.21.15.159:0/4217885137 (peer_addr_for_me v2:172.21.15.159:0/0)
2024-09-15T23:59:43.822 INFO:teuthology.orchestra.run.smithi159.stdout:/usr/bin/ceph: stderr
2024-09-15T23:59:42.853+0000 7f0e69f84640 1 -- 172.21.15.159:0/4217885137 --> [v2:172.21.15.159:3300/0,v1:172.21.15.159:6789/0] -- mon_subscribe({config=0+,monmap=0+}) -- 0x7f0e64109eb0 con 0x7f0e64108d00
2024-09-15T23:59:43.822 INFO:teuthology.orchestra.run.smithi159.stdout:/usr/bin/ceph: stderr
2024-09-15T23:59:42.853+0000 7f0e69f84640 1 --2- 172.21.15.159:0/4217885137 >> [v2:172.21.15.159:3300/0,v1:172.21.15.159:6789/0] conn(0x7f0e64108d00 0x7f0e64109100 secure :-1 s=READY pgs=49 cs=0 l=1 rev1=1 crypto rx=0x7f0e60009820 tx=0x7f0e6002a270 comp rx=0 tx=0).ready entity=mon.0 client_cookie=a816f81fd79e9136 server_cookie=0 in_seq=0 out_seq=0
2024-09-15T23:59:43.822 INFO:teuthology.orchestra.run.smithi159.stdout:/usr/bin/ceph: stderr
2024-09-15T23:59:42.853+0000 7f0e68f82640 1 -- 172.21.15.159:0/4217885137 <== mon.0 v2:172.21.15.159:3300/0 1 ==== mon_map magic: 0 ==== 205+0+0 (secure 0 0 0) 0x7f0e60037070 con 0x7f0e64108d00
2024-09-15T23:59:43.822 INFO:teuthology.orchestra.run.smithi159.stdout:/usr/bin/ceph: stderr
2024-09-15T23:59:42.853+0000 7f0e68f82640 1 -- 172.21.15.159:0/4217885137 <== mon.0 v2:172.21.15.159:3300/0 2 ==== config(26 keys) ==== 1102+0+0 (secure 0 0 0) 0x7f0e600328f0 con 0x7f0e64108d00
2024-09-15T23:59:43.822 INFO:teuthology.orchestra.run.smithi159.stdout:/usr/bin/ceph: stderr
2024-09-15T23:59:42.853+0000 7f0e68f82640 1 -- 172.21.15.159:0/4217885137 <== mon.0 v2:172.21.15.159:3300/0 3 ==== mon_map magic: 0 ==== 205+0+0 (secure 0 0 0) 0x7f0e60030740 con 0x7f0e64108d00
2024-09-15T23:59:43.823 INFO:teuthology.orchestra.run.smithi159.stdout:/usr/bin/ceph: stderr
2024-09-15T23:59:42.857+0000 7f0e6c1e8640 1 -- 172.21.15.159:0/4217885137 >> [v2:172.21.15.159:3300/0,v1:172.21.15.159:6789/0] conn(0x7f0e64108d00 msgr2=0x7f0e64109100 secure :-1 s=STATE_CONNECTION_ESTABLISHED l=1).mark_down
2024-09-15T23:59:43.823 INFO:teuthology.orchestra.run.smithi159.stdout:/usr/bin/ceph: stderr
2024-09-15T23:59:42.857+0000 7f0e6c1e8640 1 --2- 172.21.15.159:0/4217885137 >> [v2:172.21.15.159:3300/0,v1:172.21.15.159:6789/0] conn(0x7f0e64108d00 0x7f0e64109100 secure :-1 s=READY pgs=49 cs=0 l=1 rev1=1 crypto rx=0x7f0e60009820 tx=0x7f0e6002a270 comp rx=0 tx=0).stop
2024-09-15T23:59:43.823 INFO:teuthology.orchestra.run.smithi159.stdout:/usr/bin/ceph: stderr
2024-09-15T23:59:42.857+0000 7f0e6c1e8640 1 -- 172.21.15.159:0/4217885137 shutdown_connections
2024-09-15T23:59:43.826 INFO:teuthology.orchestra.run.smithi159.stdout:/usr/bin/ceph: stderr
2024-09-15T23:59:42.857+0000 7f0e6c1e8640 1 --2- 172.21.15.159:0/4217885137 >> [v2:172.21.15.159:3300/0,v1:172.21.15.159:6789/0] conn(0x7f0e64108d00 0x7f0e64109100 unknown :-1 s=CLOSED pgs=49 cs=0 l=1 rev1=1 crypto rx=0 tx=0 comp rx=0 tx=0).stop
2024-09-15T23:59:43.826 INFO:teuthology.orchestra.run.smithi159.stdout:/usr/bin/ceph: stderr
2024-09-15T23:59:42.857+0000 7f0e6c1e8640 1 -- 172.21.15.159:0/4217885137 >> 172.21.15.159:0/4217885137 conn(0x7f0e6407c350 msgr2=0x7f0e64106d60 unknown :-1 s=STATE_NONE l=0).mark_down
2024-09-15T23:59:43.827 INFO:teuthology.orchestra.run.smithi159.stdout:/usr/bin/ceph: stderr
2024-09-15T23:59:42.857+0000 7f0e6c1e8640 1 -- 172.21.15.159:0/4217885137 shutdown_connections
2024-09-15T23:59:43.827 INFO:teuthology.orchestra.run.smithi159.stdout:/usr/bin/ceph: stderr
2024-09-15T23:59:42.857+0000 7f0e6c1e8640 1 -- 172.21.15.159:0/4217885137 wait complete.
2024-09-15T23:59:43.827 INFO:teuthology.orchestra.run.smithi159.stdout:/usr/bin/ceph: stderr
2024-09-15T23:59:42.857+0000 7f0e6c1e8640 1 Processor -- start
2024-09-15T23:59:43.827 INFO:teuthology.orchestra.run.smithi159.stdout:/usr/bin/ceph: stderr
2024-09-15T23:59:42.857+0000 7f0e6c1e8640 1 -- start start
2024-09-15T23:59:43.827 INFO:teuthology.orchestra.run.smithi159.stdout:/usr/bin/ceph: stderr
2024-09-15T23:59:42.857+0000 7f0e6c1e8640 1 --2- >> [v2:172.21.15.159:3300/0,v1:172.21.15.159:6789/0] conn(0x7f0e64108d00 0x7f0e6419cd00 unknown :-1 s=NONE pgs=0 cs=0 l=1 rev1=0 crypto rx=0 tx=0 comp rx=0 tx=0).connect
2024-09-15T23:59:43.827 INFO:teuthology.orchestra.run.smithi159.stdout:/usr/bin/ceph: stderr
2024-09-15T23:59:42.857+0000 7f0e6c1e8640 1 -- --> [v2:172.21.15.159:3300/0,v1:172.21.15.159:6789/0] -- mon_getmap magic: 0 -- 0x7f0e6410d260 con 0x7f0e64108d00
2024-09-15T23:59:43.827 INFO:teuthology.orchestra.run.smithi159.stdout:/usr/bin/ceph: stderr
2024-09-15T23:59:42.857+0000 7f0e69f84640 1 --2- >> [v2:172.21.15.159:3300/0,v1:172.21.15.159:6789/0] conn(0x7f0e64108d00 0x7f0e6419cd00 unknown :-1 s=BANNER_CONNECTING pgs=0 cs=0 l=1 rev1=0 crypto rx=0 tx=0 comp rx=0 tx=0)._handle_peer_banner_payload supported=3 required=0
2024-09-15T23:59:43.827 INFO:teuthology.orchestra.run.smithi159.stdout:/usr/bin/ceph: stderr
2024-09-15T23:59:42.857+0000 7f0e69f84640 1 --2- >> [v2:172.21.15.159:3300/0,v1:172.21.15.159:6789/0] conn(0x7f0e64108d00 0x7f0e6419cd00 unknown :-1 s=HELLO_CONNECTING pgs=0 cs=0 l=1 rev1=1 crypto rx=0 tx=0 comp rx=0 tx=0).handle_hello peer v2:172.21.15.159:3300/0 says I am v2:172.21.15.159:46340/0 (socket says 172.21.15.159:46340)
2024-09-15T23:59:43.827 INFO:teuthology.orchestra.run.smithi159.stdout:/usr/bin/ceph: stderr
2024-09-15T23:59:42.857+0000 7f0e69f84640 1 -- 172.21.15.159:0/4084740629 learned_addr learned my addr 172.21.15.159:0/4084740629 (peer_addr_for_me v2:172.21.15.159:0/0)
2024-09-15T23:59:43.827 INFO:teuthology.orchestra.run.smithi159.stdout:/usr/bin/ceph: stderr
2024-09-15T23:59:42.857+0000 7f0e69f84640 1 -- 172.21.15.159:0/4084740629 --> [v2:172.21.15.159:3300/0,v1:172.21.15.159:6789/0] -- mon_subscribe({config=0+,monmap=0+}) -- 0x7f0e6419d240 con 0x7f0e64108d00
2024-09-15T23:59:43.827 INFO:teuthology.orchestra.run.smithi159.stdout:/usr/bin/ceph: stderr
2024-09-15T23:59:42.857+0000 7f0e69f84640 1 --2- 172.21.15.159:0/4084740629 >> [v2:172.21.15.159:3300/0,v1:172.21.15.159:6789/0] conn(0x7f0e64108d00 0x7f0e6419cd00 secure :-1 s=READY pgs=50 cs=0 l=1 rev1=1 crypto rx=0x7f0e600097f0 tx=0x7f0e60030c70 comp rx=0 tx=0).ready entity=mon.0 client_cookie=0 server_cookie=0 in_seq=0 out_seq=0
2024-09-15T23:59:43.827 INFO:teuthology.orchestra.run.smithi159.stdout:/usr/bin/ceph: stderr
2024-09-15T23:59:42.857+0000 7f0e5affd640 1 -- 172.21.15.159:0/4084740629 <== mon.0 v2:172.21.15.159:3300/0 1 ==== mon_map magic: 0 ==== 205+0+0 (secure 0 0 0) 0x7f0e60042070 con 0x7f0e64108d00
2024-09-15T23:59:43.827 INFO:teuthology.orchestra.run.smithi159.stdout:/usr/bin/ceph: stderr
2024-09-15T23:59:42.857+0000 7f0e5affd640 1 -- 172.21.15.159:0/4084740629 <== mon.0 v2:172.21.15.159:3300/0 2 ==== config(26 keys) ==== 1102+0+0 (secure 0 0 0) 0x7f0e60030e80 con 0x7f0e64108d00
2024-09-15T23:59:43.828 INFO:teuthology.orchestra.run.smithi159.stdout:/usr/bin/ceph: stderr
2024-09-15T23:59:42.857+0000 7f0e6c1e8640 1 -- 172.21.15.159:0/4084740629 --> [v2:172.21.15.159:3300/0,v1:172.21.15.159:6789/0] -- mon_subscribe({mgrmap=0+}) -- 0x7f0e6419d4d0 con 0x7f0e64108d00
2024-09-15T23:59:43.828 INFO:teuthology.orchestra.run.smithi159.stdout:/usr/bin/ceph: stderr
2024-09-15T23:59:42.857+0000 7f0e5affd640 1 -- 172.21.15.159:0/4084740629 <== mon.0 v2:172.21.15.159:3300/0 3 ==== mon_map magic: 0 ==== 205+0+0 (secure 0 0 0) 0x7f0e60037040 con 0x7f0e64108d00
2024-09-15T23:59:43.828 INFO:teuthology.orchestra.run.smithi159.stdout:/usr/bin/ceph: stderr
2024-09-15T23:59:42.857+0000 7f0e6c1e8640 1 -- 172.21.15.159:0/4084740629 --> [v2:172.21.15.159:3300/0,v1:172.21.15.159:6789/0] -- mon_subscribe({osdmap=0}) -- 0x7f0e641a01b0 con 0x7f0e64108d00
2024-09-15T23:59:43.828 INFO:teuthology.orchestra.run.smithi159.stdout:/usr/bin/ceph: stderr
2024-09-15T23:59:42.857+0000 7f0e5affd640 1 -- 172.21.15.159:0/4084740629 <== mon.0 v2:172.21.15.159:3300/0 4 ==== mgrmap(e 8) ==== 46461+0+0 (secure 0 0 0) 0x7f0e60045070 con 0x7f0e64108d00
2024-09-15T23:59:43.828 INFO:teuthology.orchestra.run.smithi159.stdout:/usr/bin/ceph: stderr
2024-09-15T23:59:42.857+0000 7f0e5affd640 1 --2- 172.21.15.159:0/4084740629 >> [v2:172.21.15.159:6800/1078846478,v1:172.21.15.159:6801/1078846478] conn(0x7f0e50039200 0x7f0e5003b6c0 unknown :-1 s=NONE pgs=0 cs=0 l=1 rev1=0 crypto rx=0 tx=0 comp rx=0 tx=0).connect
2024-09-15T23:59:43.828 INFO:teuthology.orchestra.run.smithi159.stdout:/usr/bin/ceph: stderr
2024-09-15T23:59:42.857+0000 7f0e5affd640 1 -- 172.21.15.159:0/4084740629 <== mon.0 v2:172.21.15.159:3300/0 5 ==== osd_map(2..2 src has 1..2) ==== 940+0+0 (secure 0 0 0) 0x7f0e6006c330 con 0x7f0e64108d00
2024-09-15T23:59:43.828 INFO:teuthology.orchestra.run.smithi159.stdout:/usr/bin/ceph: stderr
2024-09-15T23:59:42.857+0000 7f0e6c1e8640 1 -- 172.21.15.159:0/4084740629 --> [v2:172.21.15.159:3300/0,v1:172.21.15.159:6789/0] -- mon_command({"prefix": "get_command_descriptions"} v 0) -- 0x7f0e6410d3e0 con 0x7f0e64108d00
2024-09-15T23:59:43.828 INFO:teuthology.orchestra.run.smithi159.stdout:/usr/bin/ceph: stderr
2024-09-15T23:59:42.857+0000 7f0e69783640 1 --2- 172.21.15.159:0/4084740629 >> [v2:172.21.15.159:6800/1078846478,v1:172.21.15.159:6801/1078846478] conn(0x7f0e50039200 0x7f0e5003b6c0 unknown :-1 s=BANNER_CONNECTING pgs=0 cs=0 l=1 rev1=0 crypto rx=0 tx=0 comp rx=0 tx=0)._handle_peer_banner_payload supported=3 required=0
2024-09-15T23:59:43.828 INFO:teuthology.orchestra.run.smithi159.stdout:/usr/bin/ceph: stderr
2024-09-15T23:59:42.861+0000 7f0e69783640 1 --2- 172.21.15.159:0/4084740629 >> [v2:172.21.15.159:6800/1078846478,v1:172.21.15.159:6801/1078846478] conn(0x7f0e50039200 0x7f0e5003b6c0 secure :-1 s=READY pgs=14 cs=0 l=1 rev1=1 crypto rx=0x7f0e540098c0 tx=0x7f0e54006db0 comp rx=0 tx=0).ready entity=mgr.14118 client_cookie=0 server_cookie=0 in_seq=0 out_seq=0
2024-09-15T23:59:43.828 INFO:teuthology.orchestra.run.smithi159.stdout:/usr/bin/ceph: stderr
2024-09-15T23:59:42.865+0000 7f0e5affd640 1 -- 172.21.15.159:0/4084740629 <== mon.0 v2:172.21.15.159:3300/0 6 ==== mon_command_ack([{"prefix": "get_command_descriptions"}]=0 v0) ==== 72+0+188821 (secure 0 0 0) 0x7f0e6004b170 con 0x7f0e64108d00
2024-09-15T23:59:43.828 INFO:teuthology.orchestra.run.smithi159.stdout:/usr/bin/ceph: stderr
2024-09-15T23:59:43.181+0000 7f0e6c1e8640 1 -- 172.21.15.159:0/4084740629 --> [v2:172.21.15.159:3300/0,v1:172.21.15.159:6789/0] -- mon_command([{prefix=config set, name=mgr/cephadm/container_init}] v 0) -- 0x7f0e641a0380 con 0x7f0e64108d00
2024-09-15T23:59:43.828 INFO:teuthology.orchestra.run.smithi159.stdout:/usr/bin/ceph: stderr
2024-09-15T23:59:43.185+0000 7f0e5affd640 1 -- 172.21.15.159:0/4084740629 <== mon.0 v2:172.21.15.159:3300/0 7 ==== mon_command_ack([{prefix=config set, name=mgr/cephadm/container_init}]=0 v7)=0 v7) ==== 142+0+0 (secure 0 0 0) 0x7f0e6003d7b0 con 0x7f0e64108d00
2024-09-15T23:59:43.829 INFO:teuthology.orchestra.run.smithi159.stdout:/usr/bin/ceph: stderr
2024-09-15T23:59:43.189+0000 7f0e6c1e8640 1 -- 172.21.15.159:0/4084740629 >> [v2:172.21.15.159:6800/1078846478,v1:172.21.15.159:6801/1078846478] conn(0x7f0e50039200 msgr2=0x7f0e5003b6c0 secure :-1 s=STATE_CONNECTION_ESTABLISHED l=1).mark_down
2024-09-15T23:59:43.829 INFO:teuthology.orchestra.run.smithi159.stdout:/usr/bin/ceph: stderr
2024-09-15T23:59:43.189+0000 7f0e6c1e8640 1 --2- 172.21.15.159:0/4084740629 >> [v2:172.21.15.159:6800/1078846478,v1:172.21.15.159:6801/1078846478] conn(0x7f0e50039200 0x7f0e5003b6c0 secure :-1 s=READY pgs=14 cs=0 l=1 rev1=1 crypto rx=0x7f0e540098c0 tx=0x7f0e54006db0 comp rx=0 tx=0).stop
2024-09-15T23:59:43.829 INFO:teuthology.orchestra.run.smithi159.stdout:/usr/bin/ceph: stderr
2024-09-15T23:59:43.189+0000 7f0e6c1e8640 1 -- 172.21.15.159:0/4084740629 >> [v2:172.21.15.159:3300/0,v1:172.21.15.159:6789/0] conn(0x7f0e64108d00 msgr2=0x7f0e6419cd00 secure :-1 s=STATE_CONNECTION_ESTABLISHED l=1).mark_down
2024-09-15T23:59:43.829 INFO:teuthology.orchestra.run.smithi159.stdout:/usr/bin/ceph: stderr
2024-09-15T23:59:43.189+0000 7f0e6c1e8640 1 --2- 172.21.15.159:0/4084740629 >> [v2:172.21.15.159:3300/0,v1:172.21.15.159:6789/0] conn(0x7f0e64108d00 0x7f0e6419cd00 secure :-1 s=READY pgs=50 cs=0 l=1 rev1=1 crypto rx=0x7f0e600097f0 tx=0x7f0e60030c70 comp rx=0 tx=0).stop
2024-09-15T23:59:43.829 INFO:teuthology.orchestra.run.smithi159.stdout:/usr/bin/ceph: stderr
2024-09-15T23:59:43.189+0000 7f0e6c1e8640 1 -- 172.21.15.159:0/4084740629 shutdown_connections
2024-09-15T23:59:43.829 INFO:teuthology.orchestra.run.smithi159.stdout:/usr/bin/ceph: stderr
2024-09-15T23:59:43.189+0000 7f0e6c1e8640 1 --2- 172.21.15.159:0/4084740629 >> [v2:172.21.15.159:6800/1078846478,v1:172.21.15.159:6801/1078846478] conn(0x7f0e50039200 0x7f0e5003b6c0 unknown :-1 s=CLOSED pgs=14 cs=0 l=1 rev1=1 crypto rx=0 tx=0 comp rx=0 tx=0).stop
2024-09-15T23:59:43.829 INFO:teuthology.orchestra.run.smithi159.stdout:/usr/bin/ceph: stderr
2024-09-15T23:59:43.189+0000 7f0e6c1e8640 1 --2- 172.21.15.159:0/4084740629 >> [v2:172.21.15.159:3300/0,v1:172.21.15.159:6789/0] conn(0x7f0e64108d00 0x7f0e6419cd00 unknown :-1 s=CLOSED pgs=50 cs=0 l=1 rev1=1 crypto rx=0 tx=0 comp rx=0 tx=0).stop
2024-09-15T23:59:43.829 INFO:teuthology.orchestra.run.smithi159.stdout:/usr/bin/ceph: stderr
2024-09-15T23:59:43.189+0000 7f0e6c1e8640 1 -- 172.21.15.159:0/4084740629 >> 172.21.15.159:0/4084740629 conn(0x7f0e6407c350 msgr2=0x7f0e641065d0 unknown :-1 s=STATE_NONE l=0).mark_down
2024-09-15T23:59:43.829 INFO:teuthology.orchestra.run.smithi159.stdout:/usr/bin/ceph: stderr
2024-09-15T23:59:43.189+0000 7f0e6c1e8640 1 -- 172.21.15.159:0/4084740629 shutdown_connections
2024-09-15T23:59:43.829 INFO:teuthology.orchestra.run.smithi159.stdout:/usr/bin/ceph: stderr
2024-09-15T23:59:43.189+0000 7f0e6c1e8640 1 -- 172.21.15.159:0/4084740629 wait complete.
2024-09-15T23:59:44.546 INFO:journalctl@ceph.mon.a.smithi159.stdout:Sep 15 23:59:44 smithi159 bash[22792]: audit
2024-09-15T23:59:43.192586+0000 mon.a (mon.0) 67 : audit [INF] from='client.? 172.21.15.159:0/4084740629' entity='client.admin'
2024-09-15T23:59:44.547 INFO:journalctl@ceph.mon.a.smithi159.stdout:Sep 15 23:59:44 smithi159 bash[22792]: cluster
2024-09-15T23:59:43.933263+0000 mgr.x (mgr.14118) 23 : cluster [DBG] pgmap v5: 0 pgs: ; 0 B data, 0 B used, 0 B / 0 B avail
2024-09-15T23:59:45.750 INFO:teuthology.orchestra.run.smithi159.stdout:/usr/bin/ceph: stderr
2024-09-15T23:59:44.825+0000 7fd8a9ce0640 1 Processor -- start
2024-09-15T23:59:45.750 INFO:teuthology.orchestra.run.smithi159.stdout:/usr/bin/ceph: stderr
2024-09-15T23:59:44.825+0000 7fd8a9ce0640 1 -- start start
2024-09-15T23:59:45.750 INFO:teuthology.orchestra.run.smithi159.stdout:/usr/bin/ceph: stderr
2024-09-15T23:59:44.825+0000 7fd8a9ce0640 1 --2- >> [v2:172.21.15.159:3300/0,v1:172.21.15.159:6789/0] conn(0x7fd8a41053b0 0x7fd8a41057b0 unknown :-1 s=NONE pgs=0 cs=0 l=0 rev1=0 crypto rx=0 tx=0 comp rx=0 tx=0).connect
2024-09-15T23:59:45.750 INFO:teuthology.orchestra.run.smithi159.stdout:/usr/bin/ceph: stderr
2024-09-15T23:59:44.829+0000 7fd8a9ce0640 1 -- --> [v2:172.21.15.159:3300/0,v1:172.21.15.159:6789/0] -- mon_getmap magic: 0 -- 0x7fd8a407a6c0 con 0x7fd8a41053b0
2024-09-15T23:59:45.750 INFO:teuthology.orchestra.run.smithi159.stdout:/usr/bin/ceph: stderr
2024-09-15T23:59:44.829+0000 7fd8a37fe640 1 --2- >> [v2:172.21.15.159:3300/0,v1:172.21.15.159:6789/0] conn(0x7fd8a41053b0 0x7fd8a41057b0 unknown :-1 s=BANNER_CONNECTING pgs=0 cs=0 l=0 rev1=0 crypto rx=0 tx=0 comp rx=0 tx=0)._handle_peer_banner_payload supported=3 required=0
2024-09-15T23:59:45.750 INFO:teuthology.orchestra.run.smithi159.stdout:/usr/bin/ceph: stderr
2024-09-15T23:59:44.829+0000 7fd8a37fe640 1 --2- >> [v2:172.21.15.159:3300/0,v1:172.21.15.159:6789/0] conn(0x7fd8a41053b0 0x7fd8a41057b0 unknown :-1 s=HELLO_CONNECTING pgs=0 cs=0 l=0 rev1=1 crypto rx=0 tx=0 comp rx=0 tx=0).handle_hello peer v2:172.21.15.159:3300/0 says I am v2:172.21.15.159:46356/0 (socket says 172.21.15.159:46356)
2024-09-15T23:59:45.750 INFO:teuthology.orchestra.run.smithi159.stdout:/usr/bin/ceph: stderr
2024-09-15T23:59:44.829+0000 7fd8a37fe640 1 -- 172.21.15.159:0/158284964 learned_addr learned my addr 172.21.15.159:0/158284964 (peer_addr_for_me v2:172.21.15.159:0/0)
2024-09-15T23:59:45.750 INFO:teuthology.orchestra.run.smithi159.stdout:/usr/bin/ceph: stderr
2024-09-15T23:59:44.829+0000 7fd8a37fe640 1 -- 172.21.15.159:0/158284964 --> [v2:172.21.15.159:3300/0,v1:172.21.15.159:6789/0] -- mon_subscribe({config=0+,monmap=0+}) -- 0x7fd8a4105cf0 con 0x7fd8a41053b0
2024-09-15T23:59:45.750 INFO:teuthology.orchestra.run.smithi159.stdout:/usr/bin/ceph: stderr
2024-09-15T23:59:44.829+0000 7fd8a37fe640 1 --2- 172.21.15.159:0/158284964 >> [v2:172.21.15.159:3300/0,v1:172.21.15.159:6789/0] conn(0x7fd8a41053b0 0x7fd8a41057b0 secure :-1 s=READY pgs=51 cs=0 l=1 rev1=1 crypto rx=0x7fd894009820 tx=0x7fd89402a270 comp rx=0 tx=0).ready entity=mon.0 client_cookie=8092908faa598768 server_cookie=0 in_seq=0 out_seq=0
2024-09-15T23:59:45.751 INFO:teuthology.orchestra.run.smithi159.stdout:/usr/bin/ceph: stderr
2024-09-15T23:59:44.829+0000 7fd8a27fc640 1 -- 172.21.15.159:0/158284964 <== mon.0 v2:172.21.15.159:3300/0 1 ==== mon_map magic: 0 ==== 205+0+0 (secure 0 0 0) 0x7fd894037070 con 0x7fd8a41053b0
2024-09-15T23:59:45.751 INFO:teuthology.orchestra.run.smithi159.stdout:/usr/bin/ceph: stderr
2024-09-15T23:59:44.829+0000 7fd8a27fc640 1 -- 172.21.15.159:0/158284964 <== mon.0 v2:172.21.15.159:3300/0 2 ==== config(26 keys) ==== 1102+0+0 (secure 0 0 0) 0x7fd8940328f0 con 0x7fd8a41053b0
2024-09-15T23:59:45.751 INFO:teuthology.orchestra.run.smithi159.stdout:/usr/bin/ceph: stderr
2024-09-15T23:59:44.829+0000 7fd8a27fc640 1 -- 172.21.15.159:0/158284964 <== mon.0 v2:172.21.15.159:3300/0 3 ==== mon_map magic: 0 ==== 205+0+0 (secure 0 0 0) 0x7fd894030740 con 0x7fd8a41053b0
2024-09-15T23:59:45.751 INFO:teuthology.orchestra.run.smithi159.stdout:/usr/bin/ceph: stderr
2024-09-15T23:59:44.829+0000 7fd8a9ce0640 1 -- 172.21.15.159:0/158284964 >> [v2:172.21.15.159:3300/0,v1:172.21.15.159:6789/0] conn(0x7fd8a41053b0 msgr2=0x7fd8a41057b0 secure :-1 s=STATE_CONNECTION_ESTABLISHED l=1).mark_down
2024-09-15T23:59:45.751 INFO:teuthology.orchestra.run.smithi159.stdout:/usr/bin/ceph: stderr
2024-09-15T23:59:44.829+0000 7fd8a9ce0640 1 --2- 172.21.15.159:0/158284964 >> [v2:172.21.15.159:3300/0,v1:172.21.15.159:6789/0] conn(0x7fd8a41053b0 0x7fd8a41057b0 secure :-1 s=READY pgs=51 cs=0 l=1 rev1=1 crypto rx=0x7fd894009820 tx=0x7fd89402a270 comp rx=0 tx=0).stop
2024-09-15T23:59:45.751 INFO:teuthology.orchestra.run.smithi159.stdout:/usr/bin/ceph: stderr
2024-09-15T23:59:44.829+0000 7fd8a9ce0640 1 -- 172.21.15.159:0/158284964 shutdown_connections
2024-09-15T23:59:45.751 INFO:teuthology.orchestra.run.smithi159.stdout:/usr/bin/ceph: stderr
2024-09-15T23:59:44.829+0000 7fd8a9ce0640 1 --2- 172.21.15.159:0/158284964 >> [v2:172.21.15.159:3300/0,v1:172.21.15.159:6789/0] conn(0x7fd8a41053b0 0x7fd8a41057b0 unknown :-1 s=CLOSED pgs=51 cs=0 l=1 rev1=1 crypto rx=0 tx=0 comp rx=0 tx=0).stop
2024-09-15T23:59:45.751 INFO:teuthology.orchestra.run.smithi159.stdout:/usr/bin/ceph: stderr
2024-09-15T23:59:44.829+0000 7fd8a9ce0640 1 -- 172.21.15.159:0/158284964 >> 172.21.15.159:0/158284964 conn(0x7fd8a41011a0 msgr2=0x7fd8a41035c0 unknown :-1 s=STATE_NONE l=0).mark_down
2024-09-15T23:59:45.751 INFO:teuthology.orchestra.run.smithi159.stdout:/usr/bin/ceph: stderr
2024-09-15T23:59:44.829+0000 7fd8a9ce0640 1 -- 172.21.15.159:0/158284964 shutdown_connections
2024-09-15T23:59:45.751 INFO:teuthology.orchestra.run.smithi159.stdout:/usr/bin/ceph: stderr
2024-09-15T23:59:44.829+0000 7fd8a9ce0640 1 -- 172.21.15.159:0/158284964 wait complete.
2024-09-15T23:59:45.751 INFO:teuthology.orchestra.run.smithi159.stdout:/usr/bin/ceph: stderr
2024-09-15T23:59:44.829+0000 7fd8a9ce0640 1 Processor -- start
2024-09-15T23:59:45.751 INFO:teuthology.orchestra.run.smithi159.stdout:/usr/bin/ceph: stderr
2024-09-15T23:59:44.829+0000 7fd8a9ce0640 1 -- start start
2024-09-15T23:59:45.751 INFO:teuthology.orchestra.run.smithi159.stdout:/usr/bin/ceph: stderr
2024-09-15T23:59:44.829+0000 7fd8a9ce0640 1 --2- >> [v2:172.21.15.159:3300/0,v1:172.21.15.159:6789/0] conn(0x7fd8a41053b0 0x7fd8a419cc10 unknown :-1 s=NONE pgs=0 cs=0 l=1 rev1=0 crypto rx=0 tx=0 comp rx=0 tx=0).connect
2024-09-15T23:59:45.752 INFO:teuthology.orchestra.run.smithi159.stdout:/usr/bin/ceph: stderr
2024-09-15T23:59:44.829+0000 7fd8a9ce0640 1 -- --> [v2:172.21.15.159:3300/0,v1:172.21.15.159:6789/0] -- mon_getmap magic: 0 -- 0x7fd8a4106dd0 con 0x7fd8a41053b0
2024-09-15T23:59:45.752 INFO:teuthology.orchestra.run.smithi159.stdout:/usr/bin/ceph: stderr
2024-09-15T23:59:44.829+0000 7fd8a37fe640 1 --2- >> [v2:172.21.15.159:3300/0,v1:172.21.15.159:6789/0] conn(0x7fd8a41053b0 0x7fd8a419cc10 unknown :-1 s=BANNER_CONNECTING pgs=0 cs=0 l=1 rev1=0 crypto rx=0 tx=0 comp rx=0 tx=0)._handle_peer_banner_payload supported=3 required=0
2024-09-15T23:59:45.752 INFO:teuthology.orchestra.run.smithi159.stdout:/usr/bin/ceph: stderr
2024-09-15T23:59:44.829+0000 7fd8a37fe640 1 --2- >> [v2:172.21.15.159:3300/0,v1:172.21.15.159:6789/0] conn(0x7fd8a41053b0 0x7fd8a419cc10 unknown :-1 s=HELLO_CONNECTING pgs=0 cs=0 l=1 rev1=1 crypto rx=0 tx=0 comp rx=0 tx=0).handle_hello peer v2:172.21.15.159:3300/0 says I am v2:172.21.15.159:46358/0 (socket says 172.21.15.159:46358)
2024-09-15T23:59:45.752 INFO:teuthology.orchestra.run.smithi159.stdout:/usr/bin/ceph: stderr
2024-09-15T23:59:44.829+0000 7fd8a37fe640 1 -- 172.21.15.159:0/1557525071 learned_addr learned my addr 172.21.15.159:0/1557525071 (peer_addr_for_me v2:172.21.15.159:0/0)
2024-09-15T23:59:45.752 INFO:teuthology.orchestra.run.smithi159.stdout:/usr/bin/ceph: stderr
2024-09-15T23:59:44.829+0000 7fd8a37fe640 1 -- 172.21.15.159:0/1557525071 --> [v2:172.21.15.159:3300/0,v1:172.21.15.159:6789/0] -- mon_subscribe({config=0+,monmap=0+}) -- 0x7fd8a419d150 con 0x7fd8a41053b0
2024-09-15T23:59:45.752 INFO:teuthology.orchestra.run.smithi159.stdout:/usr/bin/ceph: stderr
2024-09-15T23:59:44.829+0000 7fd8a37fe640 1 --2- 172.21.15.159:0/1557525071 >> [v2:172.21.15.159:3300/0,v1:172.21.15.159:6789/0] conn(0x7fd8a41053b0 0x7fd8a419cc10 secure :-1 s=READY pgs=52 cs=0 l=1 rev1=1 crypto rx=0x7fd894030cc0 tx=0x7fd894030cf0 comp rx=0 tx=0).ready entity=mon.0 client_cookie=0 server_cookie=0 in_seq=0 out_seq=0
2024-09-15T23:59:45.752 INFO:teuthology.orchestra.run.smithi159.stdout:/usr/bin/ceph: stderr
2024-09-15T23:59:44.829+0000 7fd8a0ff9640 1 -- 172.21.15.159:0/1557525071 <== mon.0 v2:172.21.15.159:3300/0 1 ==== mon_map magic: 0 ==== 205+0+0 (secure 0 0 0) 0x7fd894042070 con 0x7fd8a41053b0
2024-09-15T23:59:45.752 INFO:teuthology.orchestra.run.smithi159.stdout:/usr/bin/ceph: stderr
2024-09-15T23:59:44.829+0000 7fd8a0ff9640 1 -- 172.21.15.159:0/1557525071 <== mon.0 v2:172.21.15.159:3300/0 2 ==== config(26 keys) ==== 1102+0+0 (secure 0 0 0) 0x7fd894030e60 con 0x7fd8a41053b0
2024-09-15T23:59:45.752 INFO:teuthology.orchestra.run.smithi159.stdout:/usr/bin/ceph: stderr
2024-09-15T23:59:44.829+0000 7fd8a9ce0640 1 -- 172.21.15.159:0/1557525071 --> [v2:172.21.15.159:3300/0,v1:172.21.15.159:6789/0] -- mon_subscribe({mgrmap=0+}) -- 0x7fd8a419d3e0 con 0x7fd8a41053b0
2024-09-15T23:59:45.752 INFO:teuthology.orchestra.run.smithi159.stdout:/usr/bin/ceph: stderr
2024-09-15T23:59:44.833+0000 7fd8a0ff9640 1 -- 172.21.15.159:0/1557525071 <== mon.0 v2:172.21.15.159:3300/0 3 ==== mon_map magic: 0 ==== 205+0+0 (secure 0 0 0) 0x7fd894037040 con 0x7fd8a41053b0
2024-09-15T23:59:45.752 INFO:teuthology.orchestra.run.smithi159.stdout:/usr/bin/ceph: stderr
2024-09-15T23:59:44.833+0000 7fd8a9ce0640 1 -- 172.21.15.159:0/1557525071 --> [v2:172.21.15.159:3300/0,v1:172.21.15.159:6789/0] -- mon_subscribe({osdmap=0}) -- 0x7fd8a41a00d0 con 0x7fd8a41053b0
2024-09-15T23:59:45.752 INFO:teuthology.orchestra.run.smithi159.stdout:/usr/bin/ceph: stderr
2024-09-15T23:59:44.833+0000 7fd8a0ff9640 1 -- 172.21.15.159:0/1557525071 <== mon.0 v2:172.21.15.159:3300/0 4 ==== mgrmap(e 8) ==== 46461+0+0 (secure 0 0 0) 0x7fd894045070 con 0x7fd8a41053b0
2024-09-15T23:59:45.753 INFO:teuthology.orchestra.run.smithi159.stdout:/usr/bin/ceph: stderr
2024-09-15T23:59:44.833+0000 7fd8a9ce0640 1 -- 172.21.15.159:0/1557525071 --> [v2:172.21.15.159:3300/0,v1:172.21.15.159:6789/0] -- mon_command({"prefix": "get_command_descriptions"} v 0) -- 0x7fd8a41057b0 con 0x7fd8a41053b0
2024-09-15T23:59:45.753 INFO:teuthology.orchestra.run.smithi159.stdout:/usr/bin/ceph: stderr
2024-09-15T23:59:44.833+0000 7fd8a0ff9640 1 --2- 172.21.15.159:0/1557525071 >> [v2:172.21.15.159:6800/1078846478,v1:172.21.15.159:6801/1078846478] conn(0x7fd88c039200 0x7fd88c03b6c0 unknown :-1 s=NONE pgs=0 cs=0 l=1 rev1=0 crypto rx=0 tx=0 comp rx=0 tx=0).connect
2024-09-15T23:59:45.753 INFO:teuthology.orchestra.run.smithi159.stdout:/usr/bin/ceph: stderr
2024-09-15T23:59:44.833+0000 7fd8a0ff9640 1 -- 172.21.15.159:0/1557525071 <== mon.0 v2:172.21.15.159:3300/0 5 ==== osd_map(2..2 src has 1..2) ==== 940+0+0 (secure 0 0 0) 0x7fd89406c590 con 0x7fd8a41053b0
2024-09-15T23:59:45.753 INFO:teuthology.orchestra.run.smithi159.stdout:/usr/bin/ceph: stderr
2024-09-15T23:59:44.833+0000 7fd8a2ffd640 1 --2- 172.21.15.159:0/1557525071 >> [v2:172.21.15.159:6800/1078846478,v1:172.21.15.159:6801/1078846478] conn(0x7fd88c039200 0x7fd88c03b6c0 unknown :-1 s=BANNER_CONNECTING pgs=0 cs=0 l=1 rev1=0 crypto rx=0 tx=0 comp rx=0 tx=0)._handle_peer_banner_payload supported=3 required=0
2024-09-15T23:59:45.753 INFO:teuthology.orchestra.run.smithi159.stdout:/usr/bin/ceph: stderr
2024-09-15T23:59:44.833+0000 7fd8a2ffd640 1 --2- 172.21.15.159:0/1557525071 >> [v2:172.21.15.159:6800/1078846478,v1:172.21.15.159:6801/1078846478] conn(0x7fd88c039200 0x7fd88c03b6c0 secure :-1 s=READY pgs=15 cs=0 l=1 rev1=1 crypto rx=0x7fd8980098c0 tx=0x7fd898006db0 comp rx=0 tx=0).ready entity=mgr.14118 client_cookie=0 server_cookie=0 in_seq=0 out_seq=0
2024-09-15T23:59:45.753 INFO:teuthology.orchestra.run.smithi159.stdout:/usr/bin/ceph: stderr
2024-09-15T23:59:44.837+0000 7fd8a0ff9640 1 -- 172.21.15.159:0/1557525071 <== mon.0 v2:172.21.15.159:3300/0 6 ==== mon_command_ack([{"prefix": "get_command_descriptions"}]=0 v0) ==== 72+0+188821 (secure 0 0 0) 0x7fd894045360 con 0x7fd8a41053b0
2024-09-15T23:59:45.753 INFO:teuthology.orchestra.run.smithi159.stdout:/usr/bin/ceph: stderr
2024-09-15T23:59:45.157+0000 7fd8a9ce0640 1 -- 172.21.15.159:0/1557525071 --> [v2:172.21.15.159:3300/0,v1:172.21.15.159:6789/0] -- mon_command([{prefix=config set, name=mgr/dashboard/ssl_server_port}] v 0) -- 0x7fd8a4196080 con 0x7fd8a41053b0
2024-09-15T23:59:45.753 INFO:teuthology.orchestra.run.smithi159.stdout:/usr/bin/ceph: stderr
2024-09-15T23:59:45.161+0000 7fd8a0ff9640 1 -- 172.21.15.159:0/1557525071 <== mon.0 v2:172.21.15.159:3300/0 7 ==== mon_command_ack([{prefix=config set, name=mgr/dashboard/ssl_server_port}]=0 v8)=0 v8) ==== 130+0+0 (secure 0 0 0) 0x7fd89403c760 con 0x7fd8a41053b0
2024-09-15T23:59:45.753 INFO:teuthology.orchestra.run.smithi159.stdout:/usr/bin/ceph: stderr
