2024-09-15T23:59:51.761+0000 7f6f17fff640 1 --2- 172.21.15.159:0/2390644489 >> [v2:172.21.15.159:3300/0,v1:172.21.15.159:6789/0] conn(0x7f6f18105350 0x7f6f18105750 secure :-1 s=READY pgs=59 cs=0 l=1 rev1=1 crypto rx=0x7f6f08009e80 tx=0x7f6f0802a7a0 comp rx=0 tx=0).ready entity=mon.0 client_cookie=4033c3560becc150 server_cookie=0 in_seq=0 out_seq=0
2024-09-15T23:59:55.287 INFO:teuthology.orchestra.run.smithi159.stdout:/usr/bin/ceph: stderr
2024-09-15T23:59:51.761+0000 7f6f16ffd640 1 -- 172.21.15.159:0/2390644489 <== mon.0 v2:172.21.15.159:3300/0 1 ==== mon_map magic: 0 ==== 205+0+0 (secure 0 0 0) 0x7f6f08036070 con 0x7f6f18105350
2024-09-15T23:59:55.287 INFO:teuthology.orchestra.run.smithi159.stdout:/usr/bin/ceph: stderr
2024-09-15T23:59:51.761+0000 7f6f16ffd640 1 -- 172.21.15.159:0/2390644489 <== mon.0 v2:172.21.15.159:3300/0 2 ==== config(26 keys) ==== 1102+0+0 (secure 0 0 0) 0x7f6f080318b0 con 0x7f6f18105350
2024-09-15T23:59:55.287 INFO:teuthology.orchestra.run.smithi159.stdout:/usr/bin/ceph: stderr
2024-09-15T23:59:51.761+0000 7f6f16ffd640 1 -- 172.21.15.159:0/2390644489 <== mon.0 v2:172.21.15.159:3300/0 3 ==== mon_map magic: 0 ==== 205+0+0 (secure 0 0 0) 0x7f6f08007930 con 0x7f6f18105350
2024-09-15T23:59:55.288 INFO:teuthology.orchestra.run.smithi159.stdout:/usr/bin/ceph: stderr
2024-09-15T23:59:51.761+0000 7f6f1e3f2640 1 -- 172.21.15.159:0/2390644489 >> [v2:172.21.15.159:3300/0,v1:172.21.15.159:6789/0] conn(0x7f6f18105350 msgr2=0x7f6f18105750 secure :-1 s=STATE_CONNECTION_ESTABLISHED l=1).mark_down
2024-09-15T23:59:55.288 INFO:teuthology.orchestra.run.smithi159.stdout:/usr/bin/ceph: stderr
2024-09-15T23:59:51.761+0000 7f6f1e3f2640 1 --2- 172.21.15.159:0/2390644489 >> [v2:172.21.15.159:3300/0,v1:172.21.15.159:6789/0] conn(0x7f6f18105350 0x7f6f18105750 secure :-1 s=READY pgs=59 cs=0 l=1 rev1=1 crypto rx=0x7f6f08009e80 tx=0x7f6f0802a7a0 comp rx=0 tx=0).stop
2024-09-15T23:59:55.288 INFO:teuthology.orchestra.run.smithi159.stdout:/usr/bin/ceph: stderr
2024-09-15T23:59:51.761+0000 7f6f1e3f2640 1 -- 172.21.15.159:0/2390644489 shutdown_connections
2024-09-15T23:59:55.288 INFO:teuthology.orchestra.run.smithi159.stdout:/usr/bin/ceph: stderr
2024-09-15T23:59:51.761+0000 7f6f1e3f2640 1 --2- 172.21.15.159:0/2390644489 >> [v2:172.21.15.159:3300/0,v1:172.21.15.159:6789/0] conn(0x7f6f18105350 0x7f6f18105750 unknown :-1 s=CLOSED pgs=59 cs=0 l=1 rev1=1 crypto rx=0 tx=0 comp rx=0 tx=0).stop
2024-09-15T23:59:55.288 INFO:teuthology.orchestra.run.smithi159.stdout:/usr/bin/ceph: stderr
2024-09-15T23:59:51.761+0000 7f6f1e3f2640 1 -- 172.21.15.159:0/2390644489 >> 172.21.15.159:0/2390644489 conn(0x7f6f18101100 msgr2=0x7f6f18103580 unknown :-1 s=STATE_NONE l=0).mark_down
2024-09-15T23:59:55.288 INFO:teuthology.orchestra.run.smithi159.stdout:/usr/bin/ceph: stderr
2024-09-15T23:59:51.761+0000 7f6f1e3f2640 1 -- 172.21.15.159:0/2390644489 shutdown_connections
2024-09-15T23:59:55.288 INFO:teuthology.orchestra.run.smithi159.stdout:/usr/bin/ceph: stderr
2024-09-15T23:59:51.761+0000 7f6f1e3f2640 1 -- 172.21.15.159:0/2390644489 wait complete.
2024-09-15T23:59:55.288 INFO:teuthology.orchestra.run.smithi159.stdout:/usr/bin/ceph: stderr
2024-09-15T23:59:51.761+0000 7f6f1e3f2640 1 Processor -- start
2024-09-15T23:59:55.289 INFO:teuthology.orchestra.run.smithi159.stdout:/usr/bin/ceph: stderr
2024-09-15T23:59:51.761+0000 7f6f1e3f2640 1 -- start start
2024-09-15T23:59:55.293 INFO:teuthology.orchestra.run.smithi159.stdout:/usr/bin/ceph: stderr
2024-09-15T23:59:51.761+0000 7f6f1e3f2640 1 --2- >> [v2:172.21.15.159:3300/0,v1:172.21.15.159:6789/0] conn(0x7f6f18105350 0x7f6f1819ccc0 unknown :-1 s=NONE pgs=0 cs=0 l=1 rev1=0 crypto rx=0 tx=0 comp rx=0 tx=0).connect
2024-09-15T23:59:55.293 INFO:teuthology.orchestra.run.smithi159.stdout:/usr/bin/ceph: stderr
2024-09-15T23:59:51.761+0000 7f6f1e3f2640 1 -- --> [v2:172.21.15.159:3300/0,v1:172.21.15.159:6789/0] -- mon_getmap magic: 0 -- 0x7f6f18106d70 con 0x7f6f18105350
2024-09-15T23:59:55.293 INFO:teuthology.orchestra.run.smithi159.stdout:/usr/bin/ceph: stderr
2024-09-15T23:59:51.761+0000 7f6f17fff640 1 --2- >> [v2:172.21.15.159:3300/0,v1:172.21.15.159:6789/0] conn(0x7f6f18105350 0x7f6f1819ccc0 unknown :-1 s=BANNER_CONNECTING pgs=0 cs=0 l=1 rev1=0 crypto rx=0 tx=0 comp rx=0 tx=0)._handle_peer_banner_payload supported=3 required=0
2024-09-15T23:59:55.294 INFO:teuthology.orchestra.run.smithi159.stdout:/usr/bin/ceph: stderr
2024-09-15T23:59:51.761+0000 7f6f17fff640 1 --2- >> [v2:172.21.15.159:3300/0,v1:172.21.15.159:6789/0] conn(0x7f6f18105350 0x7f6f1819ccc0 unknown :-1 s=HELLO_CONNECTING pgs=0 cs=0 l=1 rev1=1 crypto rx=0 tx=0 comp rx=0 tx=0).handle_hello peer v2:172.21.15.159:3300/0 says I am v2:172.21.15.159:35798/0 (socket says 172.21.15.159:35798)
2024-09-15T23:59:55.294 INFO:teuthology.orchestra.run.smithi159.stdout:/usr/bin/ceph: stderr
2024-09-15T23:59:51.761+0000 7f6f17fff640 1 -- 172.21.15.159:0/3835730189 learned_addr learned my addr 172.21.15.159:0/3835730189 (peer_addr_for_me v2:172.21.15.159:0/0)
2024-09-15T23:59:55.294 INFO:teuthology.orchestra.run.smithi159.stdout:/usr/bin/ceph: stderr
2024-09-15T23:59:51.761+0000 7f6f17fff640 1 -- 172.21.15.159:0/3835730189 --> [v2:172.21.15.159:3300/0,v1:172.21.15.159:6789/0] -- mon_subscribe({config=0+,monmap=0+}) -- 0x7f6f1819d200 con 0x7f6f18105350
2024-09-15T23:59:55.294 INFO:teuthology.orchestra.run.smithi159.stdout:/usr/bin/ceph: stderr
2024-09-15T23:59:51.761+0000 7f6f17fff640 1 --2- 172.21.15.159:0/3835730189 >> [v2:172.21.15.159:3300/0,v1:172.21.15.159:6789/0] conn(0x7f6f18105350 0x7f6f1819ccc0 secure :-1 s=READY pgs=60 cs=0 l=1 rev1=1 crypto rx=0x7f6f08031c90 tx=0x7f6f08031cc0 comp rx=0 tx=0).ready entity=mon.0 client_cookie=0 server_cookie=0 in_seq=0 out_seq=0
2024-09-15T23:59:55.294 INFO:teuthology.orchestra.run.smithi159.stdout:/usr/bin/ceph: stderr
2024-09-15T23:59:51.761+0000 7f6f157fa640 1 -- 172.21.15.159:0/3835730189 <== mon.0 v2:172.21.15.159:3300/0 1 ==== mon_map magic: 0 ==== 205+0+0 (secure 0 0 0) 0x7f6f08036050 con 0x7f6f18105350
2024-09-15T23:59:55.294 INFO:teuthology.orchestra.run.smithi159.stdout:/usr/bin/ceph: stderr
2024-09-15T23:59:51.761+0000 7f6f157fa640 1 -- 172.21.15.159:0/3835730189 <== mon.0 v2:172.21.15.159:3300/0 2 ==== config(26 keys) ==== 1102+0+0 (secure 0 0 0) 0x7f6f08042070 con 0x7f6f18105350
2024-09-15T23:59:55.294 INFO:teuthology.orchestra.run.smithi159.stdout:/usr/bin/ceph: stderr
2024-09-15T23:59:51.761+0000 7f6f157fa640 1 -- 172.21.15.159:0/3835730189 <== mon.0 v2:172.21.15.159:3300/0 3 ==== mon_map magic: 0 ==== 205+0+0 (secure 0 0 0) 0x7f6f0803d950 con 0x7f6f18105350
2024-09-15T23:59:55.294 INFO:teuthology.orchestra.run.smithi159.stdout:/usr/bin/ceph: stderr
2024-09-15T23:59:51.761+0000 7f6f1e3f2640 1 -- 172.21.15.159:0/3835730189 --> [v2:172.21.15.159:3300/0,v1:172.21.15.159:6789/0] -- mon_subscribe({mgrmap=0+}) -- 0x7f6f1819d490 con 0x7f6f18105350
2024-09-15T23:59:55.294 INFO:teuthology.orchestra.run.smithi159.stdout:/usr/bin/ceph: stderr
2024-09-15T23:59:51.761+0000 7f6f1e3f2640 1 -- 172.21.15.159:0/3835730189 --> [v2:172.21.15.159:3300/0,v1:172.21.15.159:6789/0] -- mon_subscribe({osdmap=0}) -- 0x7f6f181a0180 con 0x7f6f18105350
2024-09-15T23:59:55.294 INFO:teuthology.orchestra.run.smithi159.stdout:/usr/bin/ceph: stderr
2024-09-15T23:59:51.765+0000 7f6f157fa640 1 -- 172.21.15.159:0/3835730189 <== mon.0 v2:172.21.15.159:3300/0 4 ==== mgrmap(e 9) ==== 46474+0+0 (secure 0 0 0) 0x7f6f0803dc00 con 0x7f6f18105350
2024-09-15T23:59:55.294 INFO:teuthology.orchestra.run.smithi159.stdout:/usr/bin/ceph: stderr
2024-09-15T23:59:51.765+0000 7f6f157fa640 1 --2- 172.21.15.159:0/3835730189 >> [v2:172.21.15.159:6800/1078846478,v1:172.21.15.159:6801/1078846478] conn(0x7f6f04039260 0x7f6f0403b720 unknown :-1 s=NONE pgs=0 cs=0 l=1 rev1=0 crypto rx=0 tx=0 comp rx=0 tx=0).connect
2024-09-15T23:59:55.294 INFO:teuthology.orchestra.run.smithi159.stdout:/usr/bin/ceph: stderr
2024-09-15T23:59:51.765+0000 7f6f1e3f2640 1 -- 172.21.15.159:0/3835730189 --> [v2:172.21.15.159:6800/1078846478,v1:172.21.15.159:6801/1078846478] -- command(tid 0: {"prefix": "get_command_descriptions"}) -- 0x7f6f18105750 con 0x7f6f04039260
2024-09-15T23:59:55.294 INFO:teuthology.orchestra.run.smithi159.stdout:/usr/bin/ceph: stderr
2024-09-15T23:59:51.765+0000 7f6f157fa640 1 -- 172.21.15.159:0/3835730189 <== mon.0 v2:172.21.15.159:3300/0 5 ==== osd_map(2..2 src has 1..2) ==== 940+0+0 (secure 0 0 0) 0x7f6f0806d870 con 0x7f6f18105350
2024-09-15T23:59:55.295 INFO:teuthology.orchestra.run.smithi159.stdout:/usr/bin/ceph: stderr
2024-09-15T23:59:51.765+0000 7f6f177fe640 1 -- 172.21.15.159:0/3835730189 >> [v2:172.21.15.159:6800/1078846478,v1:172.21.15.159:6801/1078846478] conn(0x7f6f04039260 msgr2=0x7f6f0403b720 unknown :-1 s=STATE_CONNECTING_RE l=1).process reconnect failed to v2:172.21.15.159:6800/1078846478
2024-09-15T23:59:55.295 INFO:teuthology.orchestra.run.smithi159.stdout:/usr/bin/ceph: stderr
2024-09-15T23:59:51.765+0000 7f6f177fe640 1 --2- 172.21.15.159:0/3835730189 >> [v2:172.21.15.159:6800/1078846478,v1:172.21.15.159:6801/1078846478] conn(0x7f6f04039260 0x7f6f0403b720 unknown :-1 s=START_CONNECT pgs=0 cs=0 l=1 rev1=0 crypto rx=0 tx=0 comp rx=0 tx=0)._fault waiting 0.200000
2024-09-15T23:59:55.295 INFO:teuthology.orchestra.run.smithi159.stdout:/usr/bin/ceph: stderr
2024-09-15T23:59:51.969+0000 7f6f177fe640 1 -- 172.21.15.159:0/3835730189 >> [v2:172.21.15.159:6800/1078846478,v1:172.21.15.159:6801/1078846478] conn(0x7f6f04039260 msgr2=0x7f6f0403b720 unknown :-1 s=STATE_CONNECTING_RE l=1).process reconnect failed to v2:172.21.15.159:6800/1078846478
2024-09-15T23:59:55.295 INFO:teuthology.orchestra.run.smithi159.stdout:/usr/bin/ceph: stderr
2024-09-15T23:59:51.969+0000 7f6f177fe640 1 --2- 172.21.15.159:0/3835730189 >> [v2:172.21.15.159:6800/1078846478,v1:172.21.15.159:6801/1078846478] conn(0x7f6f04039260 0x7f6f0403b720 unknown :-1 s=START_CONNECT pgs=0 cs=0 l=1 rev1=0 crypto rx=0 tx=0 comp rx=0 tx=0)._fault waiting 0.400000
2024-09-15T23:59:55.295 INFO:teuthology.orchestra.run.smithi159.stdout:/usr/bin/ceph: stderr
2024-09-15T23:59:52.373+0000 7f6f177fe640 1 -- 172.21.15.159:0/3835730189 >> [v2:172.21.15.159:6800/1078846478,v1:172.21.15.159:6801/1078846478] conn(0x7f6f04039260 msgr2=0x7f6f0403b720 unknown :-1 s=STATE_CONNECTING_RE l=1).process reconnect failed to v2:172.21.15.159:6800/1078846478
2024-09-15T23:59:55.295 INFO:teuthology.orchestra.run.smithi159.stdout:/usr/bin/ceph: stderr
2024-09-15T23:59:52.373+0000 7f6f177fe640 1 --2- 172.21.15.159:0/3835730189 >> [v2:172.21.15.159:6800/1078846478,v1:172.21.15.159:6801/1078846478] conn(0x7f6f04039260 0x7f6f0403b720 unknown :-1 s=START_CONNECT pgs=0 cs=0 l=1 rev1=0 crypto rx=0 tx=0 comp rx=0 tx=0)._fault waiting 0.800000
2024-09-15T23:59:55.295 INFO:teuthology.orchestra.run.smithi159.stdout:/usr/bin/ceph: stderr
2024-09-15T23:59:53.177+0000 7f6f177fe640 1 -- 172.21.15.159:0/3835730189 >> [v2:172.21.15.159:6800/1078846478,v1:172.21.15.159:6801/1078846478] conn(0x7f6f04039260 msgr2=0x7f6f0403b720 unknown :-1 s=STATE_CONNECTING_RE l=1).process reconnect failed to v2:172.21.15.159:6800/1078846478
2024-09-15T23:59:55.295 INFO:teuthology.orchestra.run.smithi159.stdout:/usr/bin/ceph: stderr
2024-09-15T23:59:53.177+0000 7f6f177fe640 1 --2- 172.21.15.159:0/3835730189 >> [v2:172.21.15.159:6800/1078846478,v1:172.21.15.159:6801/1078846478] conn(0x7f6f04039260 0x7f6f0403b720 unknown :-1 s=START_CONNECT pgs=0 cs=0 l=1 rev1=0 crypto rx=0 tx=0 comp rx=0 tx=0)._fault waiting 1.600000
2024-09-15T23:59:55.295 INFO:teuthology.orchestra.run.smithi159.stdout:/usr/bin/ceph: stderr
2024-09-15T23:59:53.609+0000 7f6f157fa640 1 -- 172.21.15.159:0/3835730189 <== mon.0 v2:172.21.15.159:3300/0 6 ==== mgrmap(e 10) ==== 46241+0+0 (secure 0 0 0) 0x7f6f0804dcf0 con 0x7f6f18105350
2024-09-15T23:59:55.295 INFO:teuthology.orchestra.run.smithi159.stdout:/usr/bin/ceph: stderr
2024-09-15T23:59:53.613+0000 7f6f157fa640 1 -- 172.21.15.159:0/3835730189 >> [v2:172.21.15.159:6800/1078846478,v1:172.21.15.159:6801/1078846478] conn(0x7f6f04039260 msgr2=0x7f6f0403b720 unknown :-1 s=STATE_CONNECTING l=1).mark_down
2024-09-15T23:59:55.295 INFO:teuthology.orchestra.run.smithi159.stdout:/usr/bin/ceph: stderr
2024-09-15T23:59:53.613+0000 7f6f157fa640 1 --2- 172.21.15.159:0/3835730189 >> [v2:172.21.15.159:6800/1078846478,v1:172.21.15.159:6801/1078846478] conn(0x7f6f04039260 0x7f6f0403b720 unknown :-1 s=START_CONNECT pgs=0 cs=0 l=1 rev1=0 crypto rx=0 tx=0 comp rx=0 tx=0).stop
2024-09-15T23:59:55.295 INFO:teuthology.orchestra.run.smithi159.stdout:/usr/bin/ceph: stderr
2024-09-15T23:59:54.613+0000 7f6f157fa640 1 -- 172.21.15.159:0/3835730189 <== mon.0 v2:172.21.15.159:3300/0 7 ==== mgrmap(e 11) ==== 46368+0+0 (secure 0 0 0) 0x7f6f0806cce0 con 0x7f6f18105350
2024-09-15T23:59:55.296 INFO:teuthology.orchestra.run.smithi159.stdout:/usr/bin/ceph: stderr
2024-09-15T23:59:54.613+0000 7f6f157fa640 1 --2- 172.21.15.159:0/3835730189 >> [v2:172.21.15.159:6800/664426065,v1:172.21.15.159:6801/664426065] conn(0x7f6f0403cb30 0x7f6f0403ef20 unknown :-1 s=NONE pgs=0 cs=0 l=1 rev1=0 crypto rx=0 tx=0 comp rx=0 tx=0).connect
2024-09-15T23:59:55.296 INFO:teuthology.orchestra.run.smithi159.stdout:/usr/bin/ceph: stderr
2024-09-15T23:59:54.613+0000 7f6f157fa640 1 -- 172.21.15.159:0/3835730189 --> [v2:172.21.15.159:6800/664426065,v1:172.21.15.159:6801/664426065] -- command(tid 0: {"prefix": "get_command_descriptions"}) -- 0x7f6f18105750 con 0x7f6f0403cb30
2024-09-15T23:59:55.296 INFO:teuthology.orchestra.run.smithi159.stdout:/usr/bin/ceph: stderr
2024-09-15T23:59:54.617+0000 7f6f177fe640 1 --2- 172.21.15.159:0/3835730189 >> [v2:172.21.15.159:6800/664426065,v1:172.21.15.159:6801/664426065] conn(0x7f6f0403cb30 0x7f6f0403ef20 unknown :-1 s=BANNER_CONNECTING pgs=0 cs=0 l=1 rev1=0 crypto rx=0 tx=0 comp rx=0 tx=0)._handle_peer_banner_payload supported=3 required=0
2024-09-15T23:59:55.296 INFO:teuthology.orchestra.run.smithi159.stdout:/usr/bin/ceph: stderr
2024-09-15T23:59:54.617+0000 7f6f177fe640 1 --2- 172.21.15.159:0/3835730189 >> [v2:172.21.15.159:6800/664426065,v1:172.21.15.159:6801/664426065] conn(0x7f6f0403cb30 0x7f6f0403ef20 secure :-1 s=READY pgs=1 cs=0 l=1 rev1=1 crypto rx=0x7f6f00003980 tx=0x7f6f000092b0 comp rx=0 tx=0).ready entity=mgr.14150 client_cookie=0 server_cookie=0 in_seq=0 out_seq=0
2024-09-15T23:59:55.296 INFO:teuthology.orchestra.run.smithi159.stdout:/usr/bin/ceph: stderr
2024-09-15T23:59:54.617+0000 7f6f157fa640 1 -- 172.21.15.159:0/3835730189 <== mgr.14150 v2:172.21.15.159:6800/664426065 1 ==== command_reply(tid 0: 0 ) ==== 8+0+9564 (secure 0 0 0) 0x7f6f18105750 con 0x7f6f0403cb30
2024-09-15T23:59:55.296 INFO:teuthology.orchestra.run.smithi159.stdout:/usr/bin/ceph: stderr
2024-09-15T23:59:54.633+0000 7f6f1e3f2640 1 -- 172.21.15.159:0/3835730189 --> [v2:172.21.15.159:6800/664426065,v1:172.21.15.159:6801/664426065] -- command(tid 1: {"prefix": "mgr_status"}) -- 0x7f6f18062630 con 0x7f6f0403cb30
2024-09-15T23:59:55.296 INFO:teuthology.orchestra.run.smithi159.stdout:/usr/bin/ceph: stderr
2024-09-15T23:59:54.633+0000 7f6f157fa640 1 -- 172.21.15.159:0/3835730189 <== mgr.14150 v2:172.21.15.159:6800/664426065 2 ==== command_reply(tid 1: 0 ) ==== 8+0+52 (secure 0 0 0) 0x7f6f18062630 con 0x7f6f0403cb30
2024-09-15T23:59:55.296 INFO:teuthology.orchestra.run.smithi159.stdout:/usr/bin/ceph: stderr
2024-09-15T23:59:54.633+0000 7f6f1e3f2640 1 -- 172.21.15.159:0/3835730189 >> [v2:172.21.15.159:6800/664426065,v1:172.21.15.159:6801/664426065] conn(0x7f6f0403cb30 msgr2=0x7f6f0403ef20 secure :-1 s=STATE_CONNECTION_ESTABLISHED l=1).mark_down
2024-09-15T23:59:55.296 INFO:teuthology.orchestra.run.smithi159.stdout:/usr/bin/ceph: stderr
2024-09-15T23:59:54.633+0000 7f6f1e3f2640 1 --2- 172.21.15.159:0/3835730189 >> [v2:172.21.15.159:6800/664426065,v1:172.21.15.159:6801/664426065] conn(0x7f6f0403cb30 0x7f6f0403ef20 secure :-1 s=READY pgs=1 cs=0 l=1 rev1=1 crypto rx=0x7f6f00003980 tx=0x7f6f000092b0 comp rx=0 tx=0).stop
2024-09-15T23:59:55.296 INFO:teuthology.orchestra.run.smithi159.stdout:/usr/bin/ceph: stderr
2024-09-15T23:59:54.633+0000 7f6f1e3f2640 1 -- 172.21.15.159:0/3835730189 >> [v2:172.21.15.159:3300/0,v1:172.21.15.159:6789/0] conn(0x7f6f18105350 msgr2=0x7f6f1819ccc0 secure :-1 s=STATE_CONNECTION_ESTABLISHED l=1).mark_down
2024-09-15T23:59:55.296 INFO:teuthology.orchestra.run.smithi159.stdout:/usr/bin/ceph: stderr
2024-09-15T23:59:54.633+0000 7f6f1e3f2640 1 --2- 172.21.15.159:0/3835730189 >> [v2:172.21.15.159:3300/0,v1:172.21.15.159:6789/0] conn(0x7f6f18105350 0x7f6f1819ccc0 secure :-1 s=READY pgs=60 cs=0 l=1 rev1=1 crypto rx=0x7f6f08031c90 tx=0x7f6f08031cc0 comp rx=0 tx=0).stop
2024-09-15T23:59:55.296 INFO:teuthology.orchestra.run.smithi159.stdout:/usr/bin/ceph: stderr
2024-09-15T23:59:54.633+0000 7f6f1e3f2640 1 -- 172.21.15.159:0/3835730189 shutdown_connections
2024-09-15T23:59:55.297 INFO:teuthology.orchestra.run.smithi159.stdout:/usr/bin/ceph: stderr
2024-09-15T23:59:54.633+0000 7f6f1e3f2640 1 --2- 172.21.15.159:0/3835730189 >> [v2:172.21.15.159:6800/664426065,v1:172.21.15.159:6801/664426065] conn(0x7f6f0403cb30 0x7f6f0403ef20 unknown :-1 s=CLOSED pgs=1 cs=0 l=1 rev1=1 crypto rx=0 tx=0 comp rx=0 tx=0).stop
2024-09-15T23:59:55.297 INFO:teuthology.orchestra.run.smithi159.stdout:/usr/bin/ceph: stderr
2024-09-15T23:59:54.633+0000 7f6f1e3f2640 1 --2- 172.21.15.159:0/3835730189 >> [v2:172.21.15.159:6800/1078846478,v1:172.21.15.159:6801/1078846478] conn(0x7f6f04039260 0x7f6f0403b720 unknown :-1 s=CLOSED pgs=0 cs=0 l=1 rev1=0 crypto rx=0 tx=0 comp rx=0 tx=0).stop
2024-09-15T23:59:55.297 INFO:teuthology.orchestra.run.smithi159.stdout:/usr/bin/ceph: stderr
2024-09-15T23:59:54.633+0000 7f6f1e3f2640 1 --2- 172.21.15.159:0/3835730189 >> [v2:172.21.15.159:3300/0,v1:172.21.15.159:6789/0] conn(0x7f6f18105350 0x7f6f1819ccc0 unknown :-1 s=CLOSED pgs=60 cs=0 l=1 rev1=1 crypto rx=0 tx=0 comp rx=0 tx=0).stop
2024-09-15T23:59:55.297 INFO:teuthology.orchestra.run.smithi159.stdout:/usr/bin/ceph: stderr
2024-09-15T23:59:54.633+0000 7f6f1e3f2640 1 -- 172.21.15.159:0/3835730189 >> 172.21.15.159:0/3835730189 conn(0x7f6f18101100 msgr2=0x7f6f18190fc0 unknown :-1 s=STATE_NONE l=0).mark_down
2024-09-15T23:59:55.297 INFO:teuthology.orchestra.run.smithi159.stdout:/usr/bin/ceph: stderr
2024-09-15T23:59:54.633+0000 7f6f1e3f2640 1 -- 172.21.15.159:0/3835730189 shutdown_connections
2024-09-15T23:59:55.297 INFO:teuthology.orchestra.run.smithi159.stdout:/usr/bin/ceph: stderr
2024-09-15T23:59:54.633+0000 7f6f1e3f2640 1 -- 172.21.15.159:0/3835730189 wait complete.
2024-09-15T23:59:55.297 INFO:teuthology.orchestra.run.smithi159.stdout:mgr epoch 9 is available
2024-09-15T23:59:55.297 INFO:teuthology.orchestra.run.smithi159.stdout:Generating a dashboard self-signed certificate...
2024-09-15T23:59:55.297 INFO:journalctl@ceph.mgr.x.smithi159.stdout:Sep 15 23:59:54 smithi159 bash[23045]: debug
2024-09-15T23:59:54.945+0000 7f904b40d640 -1 log_channel(cephadm) log [ERR] : [15/Sep/2024:23:59:54] ENGINE Error in HTTPServer.serve
2024-09-15T23:59:55.298 INFO:journalctl@ceph.mgr.x.smithi159.stdout:Sep 15 23:59:54 smithi159 bash[23045]: Traceback (most recent call last):
2024-09-15T23:59:55.298 INFO:journalctl@ceph.mgr.x.smithi159.stdout:Sep 15 23:59:54 smithi159 bash[23045]: File "/lib/python3.9/site-packages/cheroot/server.py", line 1823, in serve
2024-09-15T23:59:55.298 INFO:journalctl@ceph.mgr.x.smithi159.stdout:Sep 15 23:59:54 smithi159 bash[23045]: self._connections.run(self.expiration_interval)
2024-09-15T23:59:55.298 INFO:journalctl@ceph.mgr.x.smithi159.stdout:Sep 15 23:59:54 smithi159 bash[23045]: File "/lib/python3.9/site-packages/cheroot/connections.py", line 203, in run
2024-09-15T23:59:55.298 INFO:journalctl@ceph.mgr.x.smithi159.stdout:Sep 15 23:59:54 smithi159 bash[23045]: self._run(expiration_interval)
2024-09-15T23:59:55.298 INFO:journalctl@ceph.mgr.x.smithi159.stdout:Sep 15 23:59:54 smithi159 bash[23045]: File "/lib/python3.9/site-packages/cheroot/connections.py", line 246, in _run
2024-09-15T23:59:55.298 INFO:journalctl@ceph.mgr.x.smithi159.stdout:Sep 15 23:59:54 smithi159 bash[23045]: new_conn = self._from_server_socket(self.server.socket)
2024-09-15T23:59:55.298 INFO:journalctl@ceph.mgr.x.smithi159.stdout:Sep 15 23:59:54 smithi159 bash[23045]: File "/lib/python3.9/site-packages/cheroot/connections.py", line 300, in _from_server_socket
2024-09-15T23:59:55.298 INFO:journalctl@ceph.mgr.x.smithi159.stdout:Sep 15 23:59:54 smithi159 bash[23045]: s, ssl_env = self.server.ssl_adapter.wrap(s)
2024-09-15T23:59:55.298 INFO:journalctl@ceph.mgr.x.smithi159.stdout:Sep 15 23:59:54 smithi159 bash[23045]: File "/lib/python3.9/site-packages/cheroot/ssl/builtin.py", line 277, in wrap
2024-09-15T23:59:55.298 INFO:journalctl@ceph.mgr.x.smithi159.stdout:Sep 15 23:59:54 smithi159 bash[23045]: s = self.context.wrap_socket(
2024-09-15T23:59:55.298 INFO:journalctl@ceph.mgr.x.smithi159.stdout:Sep 15 23:59:54 smithi159 bash[23045]: File "/lib64/python3.9/ssl.py", line 501, in wrap_socket
2024-09-15T23:59:55.298 INFO:journalctl@ceph.mgr.x.smithi159.stdout:Sep 15 23:59:54 smithi159 bash[23045]: return self.sslsocket_class._create(
2024-09-15T23:59:55.299 INFO:journalctl@ceph.mgr.x.smithi159.stdout:Sep 15 23:59:54 smithi159 bash[23045]: File "/lib64/python3.9/ssl.py", line 1074, in _create
2024-09-15T23:59:55.299 INFO:journalctl@ceph.mgr.x.smithi159.stdout:Sep 15 23:59:54 smithi159 bash[23045]: self.do_handshake()
2024-09-15T23:59:55.299 INFO:journalctl@ceph.mgr.x.smithi159.stdout:Sep 15 23:59:54 smithi159 bash[23045]: File "/lib64/python3.9/ssl.py", line 1343, in do_handshake
2024-09-15T23:59:55.299 INFO:journalctl@ceph.mgr.x.smithi159.stdout:Sep 15 23:59:54 smithi159 bash[23045]: self._sslobj.do_handshake()
2024-09-15T23:59:55.299 INFO:journalctl@ceph.mgr.x.smithi159.stdout:Sep 15 23:59:54 smithi159 bash[23045]: ssl.SSLZeroReturnError: TLS/SSL connection has been closed (EOF) (_ssl.c:1133)
2024-09-15T23:59:56.046 INFO:journalctl@ceph.mon.a.smithi159.stdout:Sep 15 23:59:55 smithi159 bash[22792]: cephadm
2024-09-15T23:59:54.729220+0000 mgr.x (mgr.14150) 3 : cephadm [INF] [15/Sep/2024:23:59:54] ENGINE Bus STARTING
2024-09-15T23:59:57.199 INFO:journalctl@ceph.mon.a.smithi159.stdout:Sep 15 23:59:56 smithi159 bash[22792]: cephadm
2024-09-15T23:59:54.830869+0000 mgr.x (mgr.14150) 4 : cephadm [INF] [15/Sep/2024:23:59:54] ENGINE Serving on http://172.21.15.159:8765
2024-09-15T23:59:57.199 INFO:journalctl@ceph.mon.a.smithi159.stdout:Sep 15 23:59:56 smithi159 bash[22792]: cephadm
2024-09-15T23:59:54.950597+0000 mgr.x (mgr.14150) 5 : cephadm [INF] [15/Sep/2024:23:59:54] ENGINE Serving on https://172.21.15.159:7150
2024-09-15T23:59:57.199 INFO:journalctl@ceph.mon.a.smithi159.stdout:Sep 15 23:59:56 smithi159 bash[22792]: cephadm
2024-09-15T23:59:54.950794+0000 mgr.x (mgr.14150) 6 : cephadm [INF] [15/Sep/2024:23:59:54] ENGINE Bus STARTED
2024-09-15T23:59:57.199 INFO:journalctl@ceph.mon.a.smithi159.stdout:Sep 15 23:59:56 smithi159 bash[22792]: cephadm
2024-09-15T23:59:54.952545+0000 mgr.x (mgr.14150) 7 : cephadm [ERR] [15/Sep/2024:23:59:54] ENGINE Error in HTTPServer.serve
2024-09-15T23:59:57.199 INFO:journalctl@ceph.mon.a.smithi159.stdout:Sep 15 23:59:56 smithi159 bash[22792]: Traceback (most recent call last):
2024-09-15T23:59:57.200 INFO:journalctl@ceph.mon.a.smithi159.stdout:Sep 15 23:59:56 smithi159 bash[22792]: File "/lib/python3.9/site-packages/cheroot/server.py", line 1823, in serve
2024-09-15T23:59:57.200 INFO:journalctl@ceph.mon.a.smithi159.stdout:Sep 15 23:59:56 smithi159 bash[22792]: self._connections.run(self.expiration_interval)
2024-09-15T23:59:57.200 INFO:journalctl@ceph.mon.a.smithi159.stdout:Sep 15 23:59:56 smithi159 bash[22792]: File "/lib/python3.9/site-packages/cheroot/connections.py", line 203, in run
2024-09-15T23:59:57.200 INFO:journalctl@ceph.mon.a.smithi159.stdout:Sep 15 23:59:56 smithi159 bash[22792]: self._run(expiration_interval)
2024-09-15T23:59:57.200 INFO:journalctl@ceph.mon.a.smithi159.stdout:Sep 15 23:59:56 smithi159 bash[22792]: File "/lib/python3.9/site-packages/cheroot/connections.py", line 246, in _run
2024-09-15T23:59:57.200 INFO:journalctl@ceph.mon.a.smithi159.stdout:Sep 15 23:59:56 smithi159 bash[22792]: new_conn = self._from_server_socket(self.server.socket)
2024-09-15T23:59:57.200 INFO:journalctl@ceph.mon.a.smithi159.stdout:Sep 15 23:59:56 smithi159 bash[22792]: File "/lib/python3.9/site-packages/cheroot/connections.py", line 300, in _from_server_socket
2024-09-15T23:59:57.200 INFO:journalctl@ceph.mon.a.smithi159.stdout:Sep 15 23:59:56 smithi159 bash[22792]: s, ssl_env = self.server.ssl_adapter.wrap(s)
2024-09-15T23:59:57.200 INFO:journalctl@ceph.mon.a.smithi159.stdout:Sep 15 23:59:56 smithi159 bash[22792]: File "/lib/python3.9/site-packages/cheroot/ssl/builtin.py", line 277, in wrap
2024-09-15T23:59:57.201 INFO:journalctl@ceph.mon.a.smithi159.stdout:Sep 15 23:59:56 smithi159 bash[22792]: s = self.context.wrap_socket(
2024-09-15T23:59:57.201 INFO:journalctl@ceph.mon.a.smithi159.stdout:Sep 15 23:59:56 smithi159 bash[22792]: File "/lib64/python3.9/ssl.py", line 501, in wrap_socket
2024-09-15T23:59:57.201 INFO:journalctl@ceph.mon.a.smithi159.stdout:Sep 15 23:59:56 smithi159 bash[22792]: return self.sslsocket_class._create(
2024-09-15T23:59:57.201 INFO:journalctl@ceph.mon.a.smithi159.stdout:Sep 15 23:59:56 smithi159 bash[22792]: File "/lib64/python3.9/ssl.py", line 1074, in _create
2024-09-15T23:59:57.201 INFO:journalctl@ceph.mon.a.smithi159.stdout:Sep 15 23:59:56 smithi159 bash[22792]: self.do_handshake()
2024-09-15T23:59:57.201 INFO:journalctl@ceph.mon.a.smithi159.stdout:Sep 15 23:59:56 smithi159 bash[22792]: File "/lib64/python3.9/ssl.py", line 1343, in do_handshake
2024-09-15T23:59:57.201 INFO:journalctl@ceph.mon.a.smithi159.stdout:Sep 15 23:59:56 smithi159 bash[22792]: self._sslobj.do_handshake()
2024-09-15T23:59:57.201 INFO:journalctl@ceph.mon.a.smithi159.stdout:Sep 15 23:59:56 smithi159 bash[22792]: ssl.SSLZeroReturnError: TLS/SSL connection has been closed (EOF) (_ssl.c:1133)
2024-09-15T23:59:57.201 INFO:journalctl@ceph.mon.a.smithi159.stdout:Sep 15 23:59:56 smithi159 bash[22792]: cluster
2024-09-15T23:59:55.679523+0000 mon.a (mon.0) 89 : cluster [DBG] mgrmap e12: x(active, since 2s)
2024-09-15T23:59:57.595 INFO:teuthology.orchestra.run.smithi159.stdout:/usr/bin/ceph: stdout Self-signed certificate created
2024-09-15T23:59:57.595 INFO:teuthology.orchestra.run.smithi159.stdout:/usr/bin/ceph: stderr
2024-09-15T23:59:56.549+0000 7f8f2138e640 1 Processor -- start
2024-09-15T23:59:57.595 INFO:teuthology.orchestra.run.smithi159.stdout:/usr/bin/ceph: stderr
2024-09-15T23:59:56.549+0000 7f8f2138e640 1 -- start start
2024-09-15T23:59:57.595 INFO:teuthology.orchestra.run.smithi159.stdout:/usr/bin/ceph: stderr
2024-09-15T23:59:56.549+0000 7f8f2138e640 1 --2- >> [v2:172.21.15.159:3300/0,v1:172.21.15.159:6789/0] conn(0x7f8f1c108d00 0x7f8f1c109100 unknown :-1 s=NONE pgs=0 cs=0 l=0 rev1=0 crypto rx=0 tx=0 comp rx=0 tx=0).connect
2024-09-15T23:59:57.595 INFO:teuthology.orchestra.run.smithi159.stdout:/usr/bin/ceph: stderr
2024-09-15T23:59:56.549+0000 7f8f2138e640 1 -- --> [v2:172.21.15.159:3300/0,v1:172.21.15.159:6789/0] -- mon_getmap magic: 0 -- 0x7f8f1c1096d0 con 0x7f8f1c108d00
2024-09-15T23:59:57.595 INFO:teuthology.orchestra.run.smithi159.stdout:/usr/bin/ceph: stderr
2024-09-15T23:59:56.549+0000 7f8f1affd640 1 --2- >> [v2:172.21.15.159:3300/0,v1:172.21.15.159:6789/0] conn(0x7f8f1c108d00 0x7f8f1c109100 unknown :-1 s=BANNER_CONNECTING pgs=0 cs=0 l=0 rev1=0 crypto rx=0 tx=0 comp rx=0 tx=0)._handle_peer_banner_payload supported=3 required=0
2024-09-15T23:59:57.596 INFO:teuthology.orchestra.run.smithi159.stdout:/usr/bin/ceph: stderr
2024-09-15T23:59:56.549+0000 7f8f1affd640 1 --2- >> [v2:172.21.15.159:3300/0,v1:172.21.15.159:6789/0] conn(0x7f8f1c108d00 0x7f8f1c109100 unknown :-1 s=HELLO_CONNECTING pgs=0 cs=0 l=0 rev1=1 crypto rx=0 tx=0 comp rx=0 tx=0).handle_hello peer v2:172.21.15.159:3300/0 says I am v2:172.21.15.159:35868/0 (socket says 172.21.15.159:35868)
2024-09-15T23:59:57.596 INFO:teuthology.orchestra.run.smithi159.stdout:/usr/bin/ceph: stderr
2024-09-15T23:59:56.553+0000 7f8f1affd640 1 -- 172.21.15.159:0/1125574666 learned_addr learned my addr 172.21.15.159:0/1125574666 (peer_addr_for_me v2:172.21.15.159:0/0)
2024-09-15T23:59:57.596 INFO:teuthology.orchestra.run.smithi159.stdout:/usr/bin/ceph: stderr
2024-09-15T23:59:56.553+0000 7f8f1affd640 1 -- 172.21.15.159:0/1125574666 --> [v2:172.21.15.159:3300/0,v1:172.21.15.159:6789/0] -- mon_subscribe({config=0+,monmap=0+}) -- 0x7f8f1c109eb0 con 0x7f8f1c108d00
2024-09-15T23:59:57.596 INFO:teuthology.orchestra.run.smithi159.stdout:/usr/bin/ceph: stderr
2024-09-15T23:59:56.553+0000 7f8f1affd640 1 --2- 172.21.15.159:0/1125574666 >> [v2:172.21.15.159:3300/0,v1:172.21.15.159:6789/0] conn(0x7f8f1c108d00 0x7f8f1c109100 secure :-1 s=READY pgs=68 cs=0 l=1 rev1=1 crypto rx=0x7f8f10009820 tx=0x7f8f1002a270 comp rx=0 tx=0).ready entity=mon.0 client_cookie=3f128b58b8aeaa9 server_cookie=0 in_seq=0 out_seq=0
2024-09-15T23:59:57.596 INFO:teuthology.orchestra.run.smithi159.stdout:/usr/bin/ceph: stderr
2024-09-15T23:59:56.553+0000 7f8f19ffb640 1 -- 172.21.15.159:0/1125574666 <== mon.0 v2:172.21.15.159:3300/0 1 ==== mon_map magic: 0 ==== 205+0+0 (secure 0 0 0) 0x7f8f10037070 con 0x7f8f1c108d00
2024-09-15T23:59:57.596 INFO:teuthology.orchestra.run.smithi159.stdout:/usr/bin/ceph: stderr
2024-09-15T23:59:56.553+0000 7f8f19ffb640 1 -- 172.21.15.159:0/1125574666 <== mon.0 v2:172.21.15.159:3300/0 2 ==== config(26 keys) ==== 1102+0+0 (secure 0 0 0) 0x7f8f100328f0 con 0x7f8f1c108d00
2024-09-15T23:59:57.596 INFO:teuthology.orchestra.run.smithi159.stdout:/usr/bin/ceph: stderr
2024-09-15T23:59:56.553+0000 7f8f19ffb640 1 -- 172.21.15.159:0/1125574666 <== mon.0 v2:172.21.15.159:3300/0 3 ==== mon_map magic: 0 ==== 205+0+0 (secure 0 0 0) 0x7f8f10030740 con 0x7f8f1c108d00
2024-09-15T23:59:57.596 INFO:teuthology.orchestra.run.smithi159.stdout:/usr/bin/ceph: stderr
2024-09-15T23:59:56.553+0000 7f8f2138e640 1 -- 172.21.15.159:0/1125574666 >> [v2:172.21.15.159:3300/0,v1:172.21.15.159:6789/0] conn(0x7f8f1c108d00 msgr2=0x7f8f1c109100 secure :-1 s=STATE_CONNECTION_ESTABLISHED l=1).mark_down
2024-09-15T23:59:57.596 INFO:teuthology.orchestra.run.smithi159.stdout:/usr/bin/ceph: stderr
2024-09-15T23:59:56.553+0000 7f8f2138e640 1 --2- 172.21.15.159:0/1125574666 >> [v2:172.21.15.159:3300/0,v1:172.21.15.159:6789/0] conn(0x7f8f1c108d00 0x7f8f1c109100 secure :-1 s=READY pgs=68 cs=0 l=1 rev1=1 crypto rx=0x7f8f10009820 tx=0x7f8f1002a270 comp rx=0 tx=0).stop
2024-09-15T23:59:57.597 INFO:teuthology.orchestra.run.smithi159.stdout:/usr/bin/ceph: stderr
2024-09-15T23:59:56.553+0000 7f8f2138e640 1 -- 172.21.15.159:0/1125574666 shutdown_connections
2024-09-15T23:59:57.597 INFO:teuthology.orchestra.run.smithi159.stdout:/usr/bin/ceph: stderr
2024-09-15T23:59:56.553+0000 7f8f2138e640 1 --2- 172.21.15.159:0/1125574666 >> [v2:172.21.15.159:3300/0,v1:172.21.15.159:6789/0] conn(0x7f8f1c108d00 0x7f8f1c109100 unknown :-1 s=CLOSED pgs=68 cs=0 l=1 rev1=1 crypto rx=0 tx=0 comp rx=0 tx=0).stop
2024-09-15T23:59:57.597 INFO:teuthology.orchestra.run.smithi159.stdout:/usr/bin/ceph: stderr
2024-09-15T23:59:56.553+0000 7f8f2138e640 1 -- 172.21.15.159:0/1125574666 >> 172.21.15.159:0/1125574666 conn(0x7f8f1c07c350 msgr2=0x7f8f1c106d60 unknown :-1 s=STATE_NONE l=0).mark_down
2024-09-15T23:59:57.597 INFO:teuthology.orchestra.run.smithi159.stdout:/usr/bin/ceph: stderr
2024-09-15T23:59:56.553+0000 7f8f2138e640 1 -- 172.21.15.159:0/1125574666 shutdown_connections
2024-09-15T23:59:57.597 INFO:teuthology.orchestra.run.smithi159.stdout:/usr/bin/ceph: stderr
2024-09-15T23:59:56.553+0000 7f8f2138e640 1 -- 172.21.15.159:0/1125574666 wait complete.
2024-09-15T23:59:57.597 INFO:teuthology.orchestra.run.smithi159.stdout:/usr/bin/ceph: stderr
2024-09-15T23:59:56.553+0000 7f8f2138e640 1 Processor -- start
2024-09-15T23:59:57.597 INFO:teuthology.orchestra.run.smithi159.stdout:/usr/bin/ceph: stderr
2024-09-15T23:59:56.553+0000 7f8f2138e640 1 -- start start
2024-09-15T23:59:57.597 INFO:teuthology.orchestra.run.smithi159.stdout:/usr/bin/ceph: stderr
2024-09-15T23:59:56.553+0000 7f8f2138e640 1 --2- >> [v2:172.21.15.159:3300/0,v1:172.21.15.159:6789/0] conn(0x7f8f1c108d00 0x7f8f1c19cd00 unknown :-1 s=NONE pgs=0 cs=0 l=1 rev1=0 crypto rx=0 tx=0 comp rx=0 tx=0).connect
2024-09-15T23:59:57.597 INFO:teuthology.orchestra.run.smithi159.stdout:/usr/bin/ceph: stderr
2024-09-15T23:59:56.553+0000 7f8f2138e640 1 -- --> [v2:172.21.15.159:3300/0,v1:172.21.15.159:6789/0] -- mon_getmap magic: 0 -- 0x7f8f1c10d260 con 0x7f8f1c108d00
2024-09-15T23:59:57.597 INFO:teuthology.orchestra.run.smithi159.stdout:/usr/bin/ceph: stderr
2024-09-15T23:59:56.553+0000 7f8f1affd640 1 --2- >> [v2:172.21.15.159:3300/0,v1:172.21.15.159:6789/0] conn(0x7f8f1c108d00 0x7f8f1c19cd00 unknown :-1 s=BANNER_CONNECTING pgs=0 cs=0 l=1 rev1=0 crypto rx=0 tx=0 comp rx=0 tx=0)._handle_peer_banner_payload supported=3 required=0
2024-09-15T23:59:57.597 INFO:teuthology.orchestra.run.smithi159.stdout:/usr/bin/ceph: stderr
2024-09-15T23:59:56.553+0000 7f8f1affd640 1 --2- >> [v2:172.21.15.159:3300/0,v1:172.21.15.159:6789/0] conn(0x7f8f1c108d00 0x7f8f1c19cd00 unknown :-1 s=HELLO_CONNECTING pgs=0 cs=0 l=1 rev1=1 crypto rx=0 tx=0 comp rx=0 tx=0).handle_hello peer v2:172.21.15.159:3300/0 says I am v2:172.21.15.159:35876/0 (socket says 172.21.15.159:35876)
2024-09-15T23:59:57.597 INFO:teuthology.orchestra.run.smithi159.stdout:/usr/bin/ceph: stderr
2024-09-15T23:59:56.553+0000 7f8f1affd640 1 -- 172.21.15.159:0/3667136208 learned_addr learned my addr 172.21.15.159:0/3667136208 (peer_addr_for_me v2:172.21.15.159:0/0)
2024-09-15T23:59:57.598 INFO:teuthology.orchestra.run.smithi159.stdout:/usr/bin/ceph: stderr
2024-09-15T23:59:56.553+0000 7f8f1affd640 1 -- 172.21.15.159:0/3667136208 --> [v2:172.21.15.159:3300/0,v1:172.21.15.159:6789/0] -- mon_subscribe({config=0+,monmap=0+}) -- 0x7f8f1c19d240 con 0x7f8f1c108d00
2024-09-15T23:59:57.598 INFO:teuthology.orchestra.run.smithi159.stdout:/usr/bin/ceph: stderr
2024-09-15T23:59:56.557+0000 7f8f1affd640 1 --2- 172.21.15.159:0/3667136208 >> [v2:172.21.15.159:3300/0,v1:172.21.15.159:6789/0] conn(0x7f8f1c108d00 0x7f8f1c19cd00 secure :-1 s=READY pgs=69 cs=0 l=1 rev1=1 crypto rx=0x7f8f10009940 tx=0x7f8f100327b0 comp rx=0 tx=0).ready entity=mon.0 client_cookie=0 server_cookie=0 in_seq=0 out_seq=0
2024-09-15T23:59:57.598 INFO:teuthology.orchestra.run.smithi159.stdout:/usr/bin/ceph: stderr
2024-09-15T23:59:56.557+0000 7f8f03fff640 1 -- 172.21.15.159:0/3667136208 <== mon.0 v2:172.21.15.159:3300/0 1 ==== mon_map magic: 0 ==== 205+0+0 (secure 0 0 0) 0x7f8f10042070 con 0x7f8f1c108d00
2024-09-15T23:59:57.598 INFO:teuthology.orchestra.run.smithi159.stdout:/usr/bin/ceph: stderr
2024-09-15T23:59:56.557+0000 7f8f03fff640 1 -- 172.21.15.159:0/3667136208 <== mon.0 v2:172.21.15.159:3300/0 2 ==== config(26 keys) ==== 1102+0+0 (secure 0 0 0) 0x7f8f10030d00 con 0x7f8f1c108d00
2024-09-15T23:59:57.598 INFO:teuthology.orchestra.run.smithi159.stdout:/usr/bin/ceph: stderr
2024-09-15T23:59:56.557+0000 7f8f03fff640 1 -- 172.21.15.159:0/3667136208 <== mon.0 v2:172.21.15.159:3300/0 3 ==== mon_map magic: 0 ==== 205+0+0 (secure 0 0 0) 0x7f8f10037040 con 0x7f8f1c108d00
2024-09-15T23:59:57.598 INFO:teuthology.orchestra.run.smithi159.stdout:/usr/bin/ceph: stderr
2024-09-15T23:59:56.557+0000 7f8f2138e640 1 -- 172.21.15.159:0/3667136208 --> [v2:172.21.15.159:3300/0,v1:172.21.15.159:6789/0] -- mon_subscribe({mgrmap=0+}) -- 0x7f8f1c19d4d0 con 0x7f8f1c108d00
2024-09-15T23:59:57.598 INFO:teuthology.orchestra.run.smithi159.stdout:/usr/bin/ceph: stderr
2024-09-15T23:59:56.557+0000 7f8f2138e640 1 -- 172.21.15.159:0/3667136208 --> [v2:172.21.15.159:3300/0,v1:172.21.15.159:6789/0] -- mon_subscribe({osdmap=0}) -- 0x7f8f1c1a01b0 con 0x7f8f1c108d00
2024-09-15T23:59:57.598 INFO:teuthology.orchestra.run.smithi159.stdout:/usr/bin/ceph: stderr
2024-09-15T23:59:56.557+0000 7f8f03fff640 1 -- 172.21.15.159:0/3667136208 <== mon.0 v2:172.21.15.159:3300/0 4 ==== mgrmap(e 12) ==== 46474+0+0 (secure 0 0 0) 0x7f8f10045070 con 0x7f8f1c108d00
2024-09-15T23:59:57.598 INFO:teuthology.orchestra.run.smithi159.stdout:/usr/bin/ceph: stderr
2024-09-15T23:59:56.557+0000 7f8f03fff640 1 --2- 172.21.15.159:0/3667136208 >> [v2:172.21.15.159:6800/664426065,v1:172.21.15.159:6801/664426065] conn(0x7f8f04039200 0x7f8f0403b6c0 unknown :-1 s=NONE pgs=0 cs=0 l=1 rev1=0 crypto rx=0 tx=0 comp rx=0 tx=0).connect
2024-09-15T23:59:57.598 INFO:teuthology.orchestra.run.smithi159.stdout:/usr/bin/ceph: stderr
2024-09-15T23:59:56.557+0000 7f8f2138e640 1 -- 172.21.15.159:0/3667136208 --> [v2:172.21.15.159:3300/0,v1:172.21.15.159:6789/0] -- mon_command({"prefix": "get_command_descriptions"} v 0) -- 0x7f8f1c10d3e0 con 0x7f8f1c108d00
2024-09-15T23:59:57.598 INFO:teuthology.orchestra.run.smithi159.stdout:/usr/bin/ceph: stderr
2024-09-15T23:59:56.557+0000 7f8f03fff640 1 -- 172.21.15.159:0/3667136208 <== mon.0 v2:172.21.15.159:3300/0 5 ==== osd_map(3..3 src has 1..3) ==== 1155+0+0 (secure 0 0 0) 0x7f8f1006c4b0 con 0x7f8f1c108d00
2024-09-15T23:59:57.598 INFO:teuthology.orchestra.run.smithi159.stdout:/usr/bin/ceph: stderr
2024-09-15T23:59:56.557+0000 7f8f1a7fc640 1 --2- 172.21.15.159:0/3667136208 >> [v2:172.21.15.159:6800/664426065,v1:172.21.15.159:6801/664426065] conn(0x7f8f04039200 0x7f8f0403b6c0 unknown :-1 s=BANNER_CONNECTING pgs=0 cs=0 l=1 rev1=0 crypto rx=0 tx=0 comp rx=0 tx=0)._handle_peer_banner_payload supported=3 required=0
2024-09-15T23:59:57.598 INFO:teuthology.orchestra.run.smithi159.stdout:/usr/bin/ceph: stderr
2024-09-15T23:59:56.557+0000 7f8f1a7fc640 1 --2- 172.21.15.159:0/3667136208 >> [v2:172.21.15.159:6800/664426065,v1:172.21.15.159:6801/664426065] conn(0x7f8f04039200 0x7f8f0403b6c0 secure :-1 s=READY pgs=7 cs=0 l=1 rev1=1 crypto rx=0x7f8f0c0098c0 tx=0x7f8f0c006db0 comp rx=0 tx=0).ready entity=mgr.14150 client_cookie=0 server_cookie=0 in_seq=0 out_seq=0
2024-09-15T23:59:57.598 INFO:teuthology.orchestra.run.smithi159.stdout:/usr/bin/ceph: stderr
2024-09-15T23:59:56.561+0000 7f8f03fff640 1 -- 172.21.15.159:0/3667136208 <== mon.0 v2:172.21.15.159:3300/0 6 ==== mon_command_ack([{"prefix": "get_command_descriptions"}]=0 v0) ==== 72+0+188821 (secure 0 0 0) 0x7f8f1004b170 con 0x7f8f1c108d00
2024-09-15T23:59:57.599 INFO:teuthology.orchestra.run.smithi159.stdout:/usr/bin/ceph: stderr
2024-09-15T23:59:56.897+0000 7f8f2138e640 1 -- 172.21.15.159:0/3667136208 --> [v2:172.21.15.159:6800/664426065,v1:172.21.15.159:6801/664426065] -- mgr_command(tid 0: {"prefix": "dashboard create-self-signed-cert", "target": ["mon-mgr", ""]}) -- 0x7f8f1c106c60 con 0x7f8f04039200
2024-09-15T23:59:57.599 INFO:teuthology.orchestra.run.smithi159.stdout:/usr/bin/ceph: stderr
2024-09-15T23:59:56.973+0000 7f8f03fff640 1 -- 172.21.15.159:0/3667136208 <== mgr.14150 v2:172.21.15.159:6800/664426065 1 ==== mgr_command_reply(tid 0: 0 ) ==== 8+0+32 (secure 0 0 0) 0x7f8f1c106c60 con 0x7f8f04039200
2024-09-15T23:59:57.599 INFO:teuthology.orchestra.run.smithi159.stdout:/usr/bin/ceph: stderr
2024-09-15T23:59:56.973+0000 7f8f2138e640 1 -- 172.21.15.159:0/3667136208 >> [v2:172.21.15.159:6800/664426065,v1:172.21.15.159:6801/664426065] conn(0x7f8f04039200 msgr2=0x7f8f0403b6c0 secure :-1 s=STATE_CONNECTION_ESTABLISHED l=1).mark_down
2024-09-15T23:59:57.599 INFO:teuthology.orchestra.run.smithi159.stdout:/usr/bin/ceph: stderr
2024-09-15T23:59:56.973+0000 7f8f2138e640 1 --2- 172.21.15.159:0/3667136208 >> [v2:172.21.15.159:6800/664426065,v1:172.21.15.159:6801/664426065] conn(0x7f8f04039200 0x7f8f0403b6c0 secure :-1 s=READY pgs=7 cs=0 l=1 rev1=1 crypto rx=0x7f8f0c0098c0 tx=0x7f8f0c006db0 comp rx=0 tx=0).stop
2024-09-15T23:59:57.599 INFO:teuthology.orchestra.run.smithi159.stdout:/usr/bin/ceph: stderr
2024-09-15T23:59:56.973+0000 7f8f2138e640 1 -- 172.21.15.159:0/3667136208 >> [v2:172.21.15.159:3300/0,v1:172.21.15.159:6789/0] conn(0x7f8f1c108d00 msgr2=0x7f8f1c19cd00 secure :-1 s=STATE_CONNECTION_ESTABLISHED l=1).mark_down
2024-09-15T23:59:57.599 INFO:teuthology.orchestra.run.smithi159.stdout:/usr/bin/ceph: stderr
2024-09-15T23:59:56.973+0000 7f8f2138e640 1 --2- 172.21.15.159:0/3667136208 >> [v2:172.21.15.159:3300/0,v1:172.21.15.159:6789/0] conn(0x7f8f1c108d00 0x7f8f1c19cd00 secure :-1 s=READY pgs=69 cs=0 l=1 rev1=1 crypto rx=0x7f8f10009940 tx=0x7f8f100327b0 comp rx=0 tx=0).stop
2024-09-15T23:59:57.599 INFO:teuthology.orchestra.run.smithi159.stdout:/usr/bin/ceph: stderr
2024-09-15T23:59:56.977+0000 7f8f2138e640 1 -- 172.21.15.159:0/3667136208 shutdown_connections
2024-09-15T23:59:57.599 INFO:teuthology.orchestra.run.smithi159.stdout:/usr/bin/ceph: stderr
2024-09-15T23:59:56.977+0000 7f8f2138e640 1 --2- 172.21.15.159:0/3667136208 >> [v2:172.21.15.159:6800/664426065,v1:172.21.15.159:6801/664426065] conn(0x7f8f04039200 0x7f8f0403b6c0 unknown :-1 s=CLOSED pgs=7 cs=0 l=1 rev1=1 crypto rx=0 tx=0 comp rx=0 tx=0).stop
2024-09-15T23:59:57.599 INFO:teuthology.orchestra.run.smithi159.stdout:/usr/bin/ceph: stderr
2024-09-15T23:59:56.977+0000 7f8f2138e640 1 --2- 172.21.15.159:0/3667136208 >> [v2:172.21.15.159:3300/0,v1:172.21.15.159:6789/0] conn(0x7f8f1c108d00 0x7f8f1c19cd00 unknown :-1 s=CLOSED pgs=69 cs=0 l=1 rev1=1 crypto rx=0 tx=0 comp rx=0 tx=0).stop
2024-09-15T23:59:57.599 INFO:teuthology.orchestra.run.smithi159.stdout:/usr/bin/ceph: stderr
2024-09-15T23:59:56.977+0000 7f8f2138e640 1 -- 172.21.15.159:0/3667136208 >> 172.21.15.159:0/3667136208 conn(0x7f8f1c07c350 msgr2=0x7f8f1c106550 unknown :-1 s=STATE_NONE l=0).mark_down
2024-09-15T23:59:57.599 INFO:teuthology.orchestra.run.smithi159.stdout:/usr/bin/ceph: stderr
2024-09-15T23:59:56.977+0000 7f8f2138e640 1 -- 172.21.15.159:0/3667136208 shutdown_connections
2024-09-15T23:59:57.599 INFO:teuthology.orchestra.run.smithi159.stdout:/usr/bin/ceph: stderr
2024-09-15T23:59:56.977+0000 7f8f2138e640 1 -- 172.21.15.159:0/3667136208 wait complete.
2024-09-15T23:59:57.599 INFO:teuthology.orchestra.run.smithi159.stdout:Creating initial admin user...
2024-09-15T23:59:58.297 INFO:journalctl@ceph.mon.a.smithi159.stdout:Sep 15 23:59:57 smithi159 bash[22792]: audit
2024-09-15T23:59:56.903339+0000 mgr.x (mgr.14150) 8 : audit [DBG] from='client.14162 -' entity='client.admin' cmd=[{"prefix": "dashboard create-self-signed-cert", "target": ["mon-mgr", ""]}]: dispatch
2024-09-15T23:59:58.297 INFO:journalctl@ceph.mon.a.smithi159.stdout:Sep 15 23:59:57 smithi159 bash[22792]: audit
2024-09-15T23:59:56.974140+0000 mon.a (mon.0) 90 : audit [INF] from='mgr.14150 172.21.15.159:0/4250873747' entity='mgr.x'
2024-09-15T23:59:58.297 INFO:journalctl@ceph.mon.a.smithi159.stdout:Sep 15 23:59:57 smithi159 bash[22792]: audit
2024-09-15T23:59:56.977553+0000 mon.a (mon.0) 91 : audit [INF] from='mgr.14150 172.21.15.159:0/4250873747' entity='mgr.x'
2024-09-15T23:59:59.944 INFO:teuthology.orchestra.run.smithi159.stdout:/usr/bin/ceph: stdout {"username": "admin", "password": "$2b$12$APsTYMMGLxf6FXAN7WjauuOOnsQ9sCcF/UcjJOsqxyGJCPx0t1OGW", "roles": ["administrator"], "name": null, "email": null, "lastUpdate": 1726444799, "enabled": true, "pwdExpirationDate": null, "pwdUpdateRequired": true}
2024-09-15T23:59:59.945 INFO:teuthology.orchestra.run.smithi159.stdout:/usr/bin/ceph: stderr
2024-09-15T23:59:58.649+0000 7f6741483640 1 Processor -- start
2024-09-15T23:59:59.945 INFO:teuthology.orchestra.run.smithi159.stdout:/usr/bin/ceph: stderr
2024-09-15T23:59:58.649+0000 7f6741483640 1 -- start start
2024-09-15T23:59:59.945 INFO:teuthology.orchestra.run.smithi159.stdout:/usr/bin/ceph: stderr
2024-09-15T23:59:58.649+0000 7f6741483640 1 --2- >> [v2:172.21.15.159:3300/0,v1:172.21.15.159:6789/0] conn(0x7f673c106b10 0x7f673c106f10 unknown :-1 s=NONE pgs=0 cs=0 l=0 rev1=0 crypto rx=0 tx=0 comp rx=0 tx=0).connect
2024-09-15T23:59:59.945 INFO:teuthology.orchestra.run.smithi159.stdout:/usr/bin/ceph: stderr
2024-09-15T23:59:58.649+0000 7f6741483640 1 -- --> [v2:172.21.15.159:3300/0,v1:172.21.15.159:6789/0] -- mon_getmap magic: 0 -- 0x7f673c1074e0 con 0x7f673c106b10
2024-09-15T23:59:59.945 INFO:teuthology.orchestra.run.smithi159.stdout:/usr/bin/ceph: stderr
2024-09-15T23:59:58.653+0000 7f673affd640 1 --2- >> [v2:172.21.15.159:3300/0,v1:172.21.15.159:6789/0] conn(0x7f673c106b10 0x7f673c106f10 unknown :-1 s=BANNER_CONNECTING pgs=0 cs=0 l=0 rev1=0 crypto rx=0 tx=0 comp rx=0 tx=0)._handle_peer_banner_payload supported=3 required=0
2024-09-15T23:59:59.945 INFO:teuthology.orchestra.run.smithi159.stdout:/usr/bin/ceph: stderr
2024-09-15T23:59:58.653+0000 7f673affd640 1 --2- >> [v2:172.21.15.159:3300/0,v1:172.21.15.159:6789/0] conn(0x7f673c106b10 0x7f673c106f10 unknown :-1 s=HELLO_CONNECTING pgs=0 cs=0 l=0 rev1=1 crypto rx=0 tx=0 comp rx=0 tx=0).handle_hello peer v2:172.21.15.159:3300/0 says I am v2:172.21.15.159:56112/0 (socket says 172.21.15.159:56112)
2024-09-15T23:59:59.945 INFO:teuthology.orchestra.run.smithi159.stdout:/usr/bin/ceph: stderr
2024-09-15T23:59:58.653+0000 7f673affd640 1 -- 172.21.15.159:0/3860811646 learned_addr learned my addr 172.21.15.159:0/3860811646 (peer_addr_for_me v2:172.21.15.159:0/0)
2024-09-15T23:59:59.945 INFO:teuthology.orchestra.run.smithi159.stdout:/usr/bin/ceph: stderr
2024-09-15T23:59:58.653+0000 7f673affd640 1 -- 172.21.15.159:0/3860811646 --> [v2:172.21.15.159:3300/0,v1:172.21.15.159:6789/0] -- mon_subscribe({config=0+,monmap=0+}) -- 0x7f673c107cc0 con 0x7f673c106b10
2024-09-15T23:59:59.945 INFO:teuthology.orchestra.run.smithi159.stdout:/usr/bin/ceph: stderr
2024-09-15T23:59:58.653+0000 7f673affd640 1 --2- 172.21.15.159:0/3860811646 >> [v2:172.21.15.159:3300/0,v1:172.21.15.159:6789/0] conn(0x7f673c106b10 0x7f673c106f10 secure :-1 s=READY pgs=70 cs=0 l=1 rev1=1 crypto rx=0x7f672c009e80 tx=0x7f672c02a7a0 comp rx=0 tx=0).ready entity=mon.0 client_cookie=38952a9aafec5f25 server_cookie=0 in_seq=0 out_seq=0
2024-09-15T23:59:59.945 INFO:teuthology.orchestra.run.smithi159.stdout:/usr/bin/ceph: stderr
2024-09-15T23:59:58.653+0000 7f6739ffb640 1 -- 172.21.15.159:0/3860811646 <== mon.0 v2:172.21.15.159:3300/0 1 ==== mon_map magic: 0 ==== 205+0+0 (secure 0 0 0) 0x7f672c036070 con 0x7f673c106b10
2024-09-15T23:59:59.945 INFO:teuthology.orchestra.run.smithi159.stdout:/usr/bin/ceph: stderr
2024-09-15T23:59:58.653+0000 7f6739ffb640 1 -- 172.21.15.159:0/3860811646 <== mon.0 v2:172.21.15.159:3300/0 2 ==== config(26 keys) ==== 1102+0+0 (secure 0 0 0) 0x7f672c0318b0 con 0x7f673c106b10
2024-09-15T23:59:59.946 INFO:teuthology.orchestra.run.smithi159.stdout:/usr/bin/ceph: stderr
2024-09-15T23:59:58.653+0000 7f6739ffb640 1 -- 172.21.15.159:0/3860811646 <== mon.0 v2:172.21.15.159:3300/0 3 ==== mon_map magic: 0 ==== 205+0+0 (secure 0 0 0) 0x7f672c007930 con 0x7f673c106b10
2024-09-15T23:59:59.946 INFO:teuthology.orchestra.run.smithi159.stdout:/usr/bin/ceph: stderr
2024-09-15T23:59:58.653+0000 7f6741483640 1 -- 172.21.15.159:0/3860811646 >> [v2:172.21.15.159:3300/0,v1:172.21.15.159:6789/0] conn(0x7f673c106b10 msgr2=0x7f673c106f10 secure :-1 s=STATE_CONNECTION_ESTABLISHED l=1).mark_down
2024-09-15T23:59:59.946 INFO:teuthology.orchestra.run.smithi159.stdout:/usr/bin/ceph: stderr
2024-09-15T23:59:58.653+0000 7f6741483640 1 --2- 172.21.15.159:0/3860811646 >> [v2:172.21.15.159:3300/0,v1:172.21.15.159:6789/0] conn(0x7f673c106b10 0x7f673c106f10 secure :-1 s=READY pgs=70 cs=0 l=1 rev1=1 crypto rx=0x7f672c009e80 tx=0x7f672c02a7a0 comp rx=0 tx=0).stop
2024-09-15T23:59:59.946 INFO:teuthology.orchestra.run.smithi159.stdout:/usr/bin/ceph: stderr
2024-09-15T23:59:58.653+0000 7f6741483640 1 -- 172.21.15.159:0/3860811646 shutdown_connections
2024-09-15T23:59:59.946 INFO:teuthology.orchestra.run.smithi159.stdout:/usr/bin/ceph: stderr
2024-09-15T23:59:58.653+0000 7f6741483640 1 --2- 172.21.15.159:0/3860811646 >> [v2:172.21.15.159:3300/0,v1:172.21.15.159:6789/0] conn(0x7f673c106b10 0x7f673c106f10 unknown :-1 s=CLOSED pgs=70 cs=0 l=1 rev1=1 crypto rx=0 tx=0 comp rx=0 tx=0).stop
2024-09-15T23:59:59.946 INFO:teuthology.orchestra.run.smithi159.stdout:/usr/bin/ceph: stderr
2024-09-15T23:59:58.653+0000 7f6741483640 1 -- 172.21.15.159:0/3860811646 >> 172.21.15.159:0/3860811646 conn(0x7f673c102360 msgr2=0x7f673c104780 unknown :-1 s=STATE_NONE l=0).mark_down
2024-09-15T23:59:59.946 INFO:teuthology.orchestra.run.smithi159.stdout:/usr/bin/ceph: stderr
2024-09-15T23:59:58.653+0000 7f6741483640 1 -- 172.21.15.159:0/3860811646 shutdown_connections
2024-09-15T23:59:59.946 INFO:teuthology.orchestra.run.smithi159.stdout:/usr/bin/ceph: stderr
2024-09-15T23:59:58.653+0000 7f6741483640 1 -- 172.21.15.159:0/3860811646 wait complete.
2024-09-15T23:59:59.946 INFO:teuthology.orchestra.run.smithi159.stdout:/usr/bin/ceph: stderr
2024-09-15T23:59:58.653+0000 7f6741483640 1 Processor -- start
2024-09-15T23:59:59.946 INFO:teuthology.orchestra.run.smithi159.stdout:/usr/bin/ceph: stderr
2024-09-15T23:59:58.653+0000 7f6741483640 1 -- start start
2024-09-15T23:59:59.946 INFO:teuthology.orchestra.run.smithi159.stdout:/usr/bin/ceph: stderr
2024-09-15T23:59:58.653+0000 7f6741483640 1 --2- >> [v2:172.21.15.159:3300/0,v1:172.21.15.159:6789/0] conn(0x7f673c106b10 0x7f673c07c400 unknown :-1 s=NONE pgs=0 cs=0 l=1 rev1=0 crypto rx=0 tx=0 comp rx=0 tx=0).connect
2024-09-15T23:59:59.946 INFO:teuthology.orchestra.run.smithi159.stdout:/usr/bin/ceph: stderr
2024-09-15T23:59:58.653+0000 7f6741483640 1 -- --> [v2:172.21.15.159:3300/0,v1:172.21.15.159:6789/0] -- mon_getmap magic: 0 -- 0x7f673c10b070 con 0x7f673c106b10
2024-09-15T23:59:59.946 INFO:teuthology.orchestra.run.smithi159.stdout:/usr/bin/ceph: stderr
2024-09-15T23:59:58.653+0000 7f673affd640 1 --2- >> [v2:172.21.15.159:3300/0,v1:172.21.15.159:6789/0] conn(0x7f673c106b10 0x7f673c07c400 unknown :-1 s=BANNER_CONNECTING pgs=0 cs=0 l=1 rev1=0 crypto rx=0 tx=0 comp rx=0 tx=0)._handle_peer_banner_payload supported=3 required=0
2024-09-15T23:59:59.947 INFO:teuthology.orchestra.run.smithi159.stdout:/usr/bin/ceph: stderr
