2024-09-15T23:59:58.653+0000 7f673affd640 1 --2- >> [v2:172.21.15.159:3300/0,v1:172.21.15.159:6789/0] conn(0x7f673c106b10 0x7f673c07c400 unknown :-1 s=HELLO_CONNECTING pgs=0 cs=0 l=1 rev1=1 crypto rx=0 tx=0 comp rx=0 tx=0).handle_hello peer v2:172.21.15.159:3300/0 says I am v2:172.21.15.159:56114/0 (socket says 172.21.15.159:56114)
2024-09-15T23:59:59.947 INFO:teuthology.orchestra.run.smithi159.stdout:/usr/bin/ceph: stderr
2024-09-15T23:59:58.653+0000 7f673affd640 1 -- 172.21.15.159:0/855789472 learned_addr learned my addr 172.21.15.159:0/855789472 (peer_addr_for_me v2:172.21.15.159:0/0)
2024-09-15T23:59:59.947 INFO:teuthology.orchestra.run.smithi159.stdout:/usr/bin/ceph: stderr
2024-09-15T23:59:58.653+0000 7f673affd640 1 -- 172.21.15.159:0/855789472 --> [v2:172.21.15.159:3300/0,v1:172.21.15.159:6789/0] -- mon_subscribe({config=0+,monmap=0+}) -- 0x7f673c07c940 con 0x7f673c106b10
2024-09-15T23:59:59.947 INFO:teuthology.orchestra.run.smithi159.stdout:/usr/bin/ceph: stderr
2024-09-15T23:59:58.657+0000 7f673affd640 1 --2- 172.21.15.159:0/855789472 >> [v2:172.21.15.159:3300/0,v1:172.21.15.159:6789/0] conn(0x7f673c106b10 0x7f673c07c400 secure :-1 s=READY pgs=71 cs=0 l=1 rev1=1 crypto rx=0x7f672c031c90 tx=0x7f672c031cc0 comp rx=0 tx=0).ready entity=mon.0 client_cookie=0 server_cookie=0 in_seq=0 out_seq=0
2024-09-15T23:59:59.947 INFO:teuthology.orchestra.run.smithi159.stdout:/usr/bin/ceph: stderr
2024-09-15T23:59:58.657+0000 7f6733fff640 1 -- 172.21.15.159:0/855789472 <== mon.0 v2:172.21.15.159:3300/0 1 ==== mon_map magic: 0 ==== 205+0+0 (secure 0 0 0) 0x7f672c036050 con 0x7f673c106b10
2024-09-15T23:59:59.947 INFO:teuthology.orchestra.run.smithi159.stdout:/usr/bin/ceph: stderr
2024-09-15T23:59:58.657+0000 7f6733fff640 1 -- 172.21.15.159:0/855789472 <== mon.0 v2:172.21.15.159:3300/0 2 ==== config(26 keys) ==== 1102+0+0 (secure 0 0 0) 0x7f672c042070 con 0x7f673c106b10
2024-09-15T23:59:59.947 INFO:teuthology.orchestra.run.smithi159.stdout:/usr/bin/ceph: stderr
2024-09-15T23:59:58.657+0000 7f6733fff640 1 -- 172.21.15.159:0/855789472 <== mon.0 v2:172.21.15.159:3300/0 3 ==== mon_map magic: 0 ==== 205+0+0 (secure 0 0 0) 0x7f672c03da30 con 0x7f673c106b10
2024-09-15T23:59:59.947 INFO:teuthology.orchestra.run.smithi159.stdout:/usr/bin/ceph: stderr
2024-09-15T23:59:58.657+0000 7f6741483640 1 -- 172.21.15.159:0/855789472 --> [v2:172.21.15.159:3300/0,v1:172.21.15.159:6789/0] -- mon_subscribe({mgrmap=0+}) -- 0x7f673c07ab30 con 0x7f673c106b10
2024-09-15T23:59:59.947 INFO:teuthology.orchestra.run.smithi159.stdout:/usr/bin/ceph: stderr
2024-09-15T23:59:58.657+0000 7f6741483640 1 -- 172.21.15.159:0/855789472 --> [v2:172.21.15.159:3300/0,v1:172.21.15.159:6789/0] -- mon_subscribe({osdmap=0}) -- 0x7f673c07b070 con 0x7f673c106b10
2024-09-15T23:59:59.947 INFO:teuthology.orchestra.run.smithi159.stdout:/usr/bin/ceph: stderr
2024-09-15T23:59:58.657+0000 7f6733fff640 1 -- 172.21.15.159:0/855789472 <== mon.0 v2:172.21.15.159:3300/0 4 ==== mgrmap(e 12) ==== 46474+0+0 (secure 0 0 0) 0x7f672c03b740 con 0x7f673c106b10
2024-09-15T23:59:59.947 INFO:teuthology.orchestra.run.smithi159.stdout:/usr/bin/ceph: stderr
2024-09-15T23:59:58.657+0000 7f6733fff640 1 --2- 172.21.15.159:0/855789472 >> [v2:172.21.15.159:6800/664426065,v1:172.21.15.159:6801/664426065] conn(0x7f6728039260 0x7f672803b720 unknown :-1 s=NONE pgs=0 cs=0 l=1 rev1=0 crypto rx=0 tx=0 comp rx=0 tx=0).connect
2024-09-15T23:59:59.947 INFO:teuthology.orchestra.run.smithi159.stdout:/usr/bin/ceph: stderr
2024-09-15T23:59:58.657+0000 7f6733fff640 1 -- 172.21.15.159:0/855789472 <== mon.0 v2:172.21.15.159:3300/0 5 ==== osd_map(3..3 src has 1..3) ==== 1155+0+0 (secure 0 0 0) 0x7f672c06dab0 con 0x7f673c106b10
2024-09-15T23:59:59.948 INFO:teuthology.orchestra.run.smithi159.stdout:/usr/bin/ceph: stderr
2024-09-15T23:59:58.657+0000 7f6741483640 1 -- 172.21.15.159:0/855789472 --> [v2:172.21.15.159:3300/0,v1:172.21.15.159:6789/0] -- mon_command({"prefix": "get_command_descriptions"} v 0) -- 0x7f673c106f90 con 0x7f673c106b10
2024-09-15T23:59:59.948 INFO:teuthology.orchestra.run.smithi159.stdout:/usr/bin/ceph: stderr
2024-09-15T23:59:58.657+0000 7f673a7fc640 1 --2- 172.21.15.159:0/855789472 >> [v2:172.21.15.159:6800/664426065,v1:172.21.15.159:6801/664426065] conn(0x7f6728039260 0x7f672803b720 unknown :-1 s=BANNER_CONNECTING pgs=0 cs=0 l=1 rev1=0 crypto rx=0 tx=0 comp rx=0 tx=0)._handle_peer_banner_payload supported=3 required=0
2024-09-15T23:59:59.948 INFO:teuthology.orchestra.run.smithi159.stdout:/usr/bin/ceph: stderr
2024-09-15T23:59:58.657+0000 7f673a7fc640 1 --2- 172.21.15.159:0/855789472 >> [v2:172.21.15.159:6800/664426065,v1:172.21.15.159:6801/664426065] conn(0x7f6728039260 0x7f672803b720 secure :-1 s=READY pgs=8 cs=0 l=1 rev1=1 crypto rx=0x7f67240098c0 tx=0x7f6724006db0 comp rx=0 tx=0).ready entity=mgr.14150 client_cookie=0 server_cookie=0 in_seq=0 out_seq=0
2024-09-15T23:59:59.948 INFO:teuthology.orchestra.run.smithi159.stdout:/usr/bin/ceph: stderr
2024-09-15T23:59:58.661+0000 7f6733fff640 1 -- 172.21.15.159:0/855789472 <== mon.0 v2:172.21.15.159:3300/0 6 ==== mon_command_ack([{"prefix": "get_command_descriptions"}]=0 v0) ==== 72+0+188821 (secure 0 0 0) 0x7f672c04c200 con 0x7f673c106b10
2024-09-15T23:59:59.948 INFO:teuthology.orchestra.run.smithi159.stdout:/usr/bin/ceph: stderr
2024-09-15T23:59:59.021+0000 7f6741483640 1 -- 172.21.15.159:0/855789472 --> [v2:172.21.15.159:6800/664426065,v1:172.21.15.159:6801/664426065] -- mgr_command(tid 0: {"prefix": "dashboard ac-user-create", "username": "admin", "rolename": "administrator", "force_password": true, "pwd_update_required": true, "target": ["mon-mgr", ""]}) -- 0x7f673c07b2f0 con 0x7f6728039260
2024-09-15T23:59:59.948 INFO:teuthology.orchestra.run.smithi159.stdout:/usr/bin/ceph: stderr
2024-09-15T23:59:59.253+0000 7f6733fff640 1 -- 172.21.15.159:0/855789472 <== mgr.14150 v2:172.21.15.159:6800/664426065 1 ==== mgr_command_reply(tid 0: 0 ) ==== 8+0+252 (secure 0 0 0) 0x7f673c07b2f0 con 0x7f6728039260
2024-09-15T23:59:59.948 INFO:teuthology.orchestra.run.smithi159.stdout:/usr/bin/ceph: stderr
2024-09-15T23:59:59.257+0000 7f6741483640 1 -- 172.21.15.159:0/855789472 >> [v2:172.21.15.159:6800/664426065,v1:172.21.15.159:6801/664426065] conn(0x7f6728039260 msgr2=0x7f672803b720 secure :-1 s=STATE_CONNECTION_ESTABLISHED l=1).mark_down
2024-09-15T23:59:59.948 INFO:teuthology.orchestra.run.smithi159.stdout:/usr/bin/ceph: stderr
2024-09-15T23:59:59.257+0000 7f6741483640 1 --2- 172.21.15.159:0/855789472 >> [v2:172.21.15.159:6800/664426065,v1:172.21.15.159:6801/664426065] conn(0x7f6728039260 0x7f672803b720 secure :-1 s=READY pgs=8 cs=0 l=1 rev1=1 crypto rx=0x7f67240098c0 tx=0x7f6724006db0 comp rx=0 tx=0).stop
2024-09-15T23:59:59.948 INFO:teuthology.orchestra.run.smithi159.stdout:/usr/bin/ceph: stderr
2024-09-15T23:59:59.257+0000 7f6741483640 1 -- 172.21.15.159:0/855789472 >> [v2:172.21.15.159:3300/0,v1:172.21.15.159:6789/0] conn(0x7f673c106b10 msgr2=0x7f673c07c400 secure :-1 s=STATE_CONNECTION_ESTABLISHED l=1).mark_down
2024-09-15T23:59:59.948 INFO:teuthology.orchestra.run.smithi159.stdout:/usr/bin/ceph: stderr
2024-09-15T23:59:59.257+0000 7f6741483640 1 --2- 172.21.15.159:0/855789472 >> [v2:172.21.15.159:3300/0,v1:172.21.15.159:6789/0] conn(0x7f673c106b10 0x7f673c07c400 secure :-1 s=READY pgs=71 cs=0 l=1 rev1=1 crypto rx=0x7f672c031c90 tx=0x7f672c031cc0 comp rx=0 tx=0).stop
2024-09-15T23:59:59.949 INFO:teuthology.orchestra.run.smithi159.stdout:/usr/bin/ceph: stderr
2024-09-15T23:59:59.257+0000 7f6741483640 1 -- 172.21.15.159:0/855789472 shutdown_connections
2024-09-15T23:59:59.949 INFO:teuthology.orchestra.run.smithi159.stdout:/usr/bin/ceph: stderr
2024-09-15T23:59:59.257+0000 7f6741483640 1 --2- 172.21.15.159:0/855789472 >> [v2:172.21.15.159:6800/664426065,v1:172.21.15.159:6801/664426065] conn(0x7f6728039260 0x7f672803b720 unknown :-1 s=CLOSED pgs=8 cs=0 l=1 rev1=1 crypto rx=0 tx=0 comp rx=0 tx=0).stop
2024-09-15T23:59:59.949 INFO:teuthology.orchestra.run.smithi159.stdout:/usr/bin/ceph: stderr
2024-09-15T23:59:59.257+0000 7f6741483640 1 --2- 172.21.15.159:0/855789472 >> [v2:172.21.15.159:3300/0,v1:172.21.15.159:6789/0] conn(0x7f673c106b10 0x7f673c07c400 unknown :-1 s=CLOSED pgs=71 cs=0 l=1 rev1=1 crypto rx=0 tx=0 comp rx=0 tx=0).stop
2024-09-15T23:59:59.949 INFO:teuthology.orchestra.run.smithi159.stdout:/usr/bin/ceph: stderr
2024-09-15T23:59:59.257+0000 7f6741483640 1 -- 172.21.15.159:0/855789472 >> 172.21.15.159:0/855789472 conn(0x7f673c102360 msgr2=0x7f673c102ed0 unknown :-1 s=STATE_NONE l=0).mark_down
2024-09-15T23:59:59.949 INFO:teuthology.orchestra.run.smithi159.stdout:/usr/bin/ceph: stderr
2024-09-15T23:59:59.257+0000 7f6741483640 1 -- 172.21.15.159:0/855789472 shutdown_connections
2024-09-15T23:59:59.949 INFO:teuthology.orchestra.run.smithi159.stdout:/usr/bin/ceph: stderr
2024-09-15T23:59:59.257+0000 7f6741483640 1 -- 172.21.15.159:0/855789472 wait complete.
2024-09-15T23:59:59.949 INFO:teuthology.orchestra.run.smithi159.stdout:Fetching dashboard port number...
2024-09-16T00:00:00.296 INFO:journalctl@ceph.mon.a.smithi159.stdout:Sep 16 00:00:00 smithi159 bash[22792]: audit
2024-09-15T23:59:59.028912+0000 mgr.x (mgr.14150) 9 : audit [DBG] from='client.14164 -' entity='client.admin' cmd=[{"prefix": "dashboard ac-user-create", "username": "admin", "rolename": "administrator", "force_password": true, "pwd_update_required": true, "target": ["mon-mgr", ""]}]: dispatch
2024-09-16T00:00:00.297 INFO:journalctl@ceph.mon.a.smithi159.stdout:Sep 16 00:00:00 smithi159 bash[22792]: audit
2024-09-15T23:59:59.259595+0000 mon.a (mon.0) 92 : audit [INF] from='mgr.14150 172.21.15.159:0/4250873747' entity='mgr.x'
2024-09-16T00:00:00.297 INFO:journalctl@ceph.mon.a.smithi159.stdout:Sep 16 00:00:00 smithi159 bash[22792]: audit
2024-09-15T23:59:59.297181+0000 mon.a (mon.0) 93 : audit [INF] from='mgr.14150 172.21.15.159:0/4250873747' entity='mgr.x'
2024-09-16T00:00:01.547 INFO:journalctl@ceph.mon.a.smithi159.stdout:Sep 16 00:00:01 smithi159 bash[22792]: cluster
2024-09-16T00:00:00.302656+0000 mon.a (mon.0) 94 : cluster [DBG] mgrmap e13: x(active, since 6s)
2024-09-16T00:00:01.547 INFO:journalctl@ceph.mon.a.smithi159.stdout:Sep 16 00:00:01 smithi159 bash[22792]: audit
2024-09-16T00:00:00.352118+0000 mon.a (mon.0) 95 : audit [INF] from='mgr.14150 172.21.15.159:0/4250873747' entity='mgr.x'
2024-09-16T00:00:02.516 INFO:teuthology.orchestra.run.smithi159.stdout:/usr/bin/ceph: stdout 8443
2024-09-16T00:00:02.516 INFO:teuthology.orchestra.run.smithi159.stdout:/usr/bin/ceph: stderr
2024-09-16T00:00:01.425+0000 7fc8d69aa640 1 Processor -- start
2024-09-16T00:00:02.516 INFO:teuthology.orchestra.run.smithi159.stdout:/usr/bin/ceph: stderr
2024-09-16T00:00:01.425+0000 7fc8d69aa640 1 -- start start
2024-09-16T00:00:02.516 INFO:teuthology.orchestra.run.smithi159.stdout:/usr/bin/ceph: stderr
2024-09-16T00:00:01.425+0000 7fc8d69aa640 1 --2- >> [v2:172.21.15.159:3300/0,v1:172.21.15.159:6789/0] conn(0x7fc8d0108d00 0x7fc8d0109100 unknown :-1 s=NONE pgs=0 cs=0 l=0 rev1=0 crypto rx=0 tx=0 comp rx=0 tx=0).connect
2024-09-16T00:00:02.516 INFO:teuthology.orchestra.run.smithi159.stdout:/usr/bin/ceph: stderr
2024-09-16T00:00:01.425+0000 7fc8d69aa640 1 -- --> [v2:172.21.15.159:3300/0,v1:172.21.15.159:6789/0] -- mon_getmap magic: 0 -- 0x7fc8d01096d0 con 0x7fc8d0108d00
2024-09-16T00:00:02.516 INFO:teuthology.orchestra.run.smithi159.stdout:/usr/bin/ceph: stderr
2024-09-16T00:00:01.425+0000 7fc8cffff640 1 --2- >> [v2:172.21.15.159:3300/0,v1:172.21.15.159:6789/0] conn(0x7fc8d0108d00 0x7fc8d0109100 unknown :-1 s=BANNER_CONNECTING pgs=0 cs=0 l=0 rev1=0 crypto rx=0 tx=0 comp rx=0 tx=0)._handle_peer_banner_payload supported=3 required=0
2024-09-16T00:00:02.516 INFO:teuthology.orchestra.run.smithi159.stdout:/usr/bin/ceph: stderr
2024-09-16T00:00:01.425+0000 7fc8cffff640 1 --2- >> [v2:172.21.15.159:3300/0,v1:172.21.15.159:6789/0] conn(0x7fc8d0108d00 0x7fc8d0109100 unknown :-1 s=HELLO_CONNECTING pgs=0 cs=0 l=0 rev1=1 crypto rx=0 tx=0 comp rx=0 tx=0).handle_hello peer v2:172.21.15.159:3300/0 says I am v2:172.21.15.159:56130/0 (socket says 172.21.15.159:56130)
2024-09-16T00:00:02.516 INFO:teuthology.orchestra.run.smithi159.stdout:/usr/bin/ceph: stderr
2024-09-16T00:00:01.425+0000 7fc8cffff640 1 -- 172.21.15.159:0/1031421672 learned_addr learned my addr 172.21.15.159:0/1031421672 (peer_addr_for_me v2:172.21.15.159:0/0)
2024-09-16T00:00:02.516 INFO:teuthology.orchestra.run.smithi159.stdout:/usr/bin/ceph: stderr
2024-09-16T00:00:01.425+0000 7fc8cffff640 1 -- 172.21.15.159:0/1031421672 --> [v2:172.21.15.159:3300/0,v1:172.21.15.159:6789/0] -- mon_subscribe({config=0+,monmap=0+}) -- 0x7fc8d0109eb0 con 0x7fc8d0108d00
2024-09-16T00:00:02.517 INFO:teuthology.orchestra.run.smithi159.stdout:/usr/bin/ceph: stderr
2024-09-16T00:00:01.425+0000 7fc8cffff640 1 --2- 172.21.15.159:0/1031421672 >> [v2:172.21.15.159:3300/0,v1:172.21.15.159:6789/0] conn(0x7fc8d0108d00 0x7fc8d0109100 secure :-1 s=READY pgs=72 cs=0 l=1 rev1=1 crypto rx=0x7fc8c0009e80 tx=0x7fc8c002a7a0 comp rx=0 tx=0).ready entity=mon.0 client_cookie=225816dc0129d61f server_cookie=0 in_seq=0 out_seq=0
2024-09-16T00:00:02.517 INFO:teuthology.orchestra.run.smithi159.stdout:/usr/bin/ceph: stderr
2024-09-16T00:00:01.425+0000 7fc8ceffd640 1 -- 172.21.15.159:0/1031421672 <== mon.0 v2:172.21.15.159:3300/0 1 ==== mon_map magic: 0 ==== 205+0+0 (secure 0 0 0) 0x7fc8c0036070 con 0x7fc8d0108d00
2024-09-16T00:00:02.517 INFO:teuthology.orchestra.run.smithi159.stdout:/usr/bin/ceph: stderr
2024-09-16T00:00:01.425+0000 7fc8ceffd640 1 -- 172.21.15.159:0/1031421672 <== mon.0 v2:172.21.15.159:3300/0 2 ==== config(26 keys) ==== 1102+0+0 (secure 0 0 0) 0x7fc8c00318b0 con 0x7fc8d0108d00
2024-09-16T00:00:02.517 INFO:teuthology.orchestra.run.smithi159.stdout:/usr/bin/ceph: stderr
2024-09-16T00:00:01.425+0000 7fc8ceffd640 1 -- 172.21.15.159:0/1031421672 <== mon.0 v2:172.21.15.159:3300/0 3 ==== mon_map magic: 0 ==== 205+0+0 (secure 0 0 0) 0x7fc8c0007930 con 0x7fc8d0108d00
2024-09-16T00:00:02.517 INFO:teuthology.orchestra.run.smithi159.stdout:/usr/bin/ceph: stderr
2024-09-16T00:00:01.429+0000 7fc8d69aa640 1 -- 172.21.15.159:0/1031421672 >> [v2:172.21.15.159:3300/0,v1:172.21.15.159:6789/0] conn(0x7fc8d0108d00 msgr2=0x7fc8d0109100 secure :-1 s=STATE_CONNECTION_ESTABLISHED l=1).mark_down
2024-09-16T00:00:02.517 INFO:teuthology.orchestra.run.smithi159.stdout:/usr/bin/ceph: stderr
2024-09-16T00:00:01.429+0000 7fc8d69aa640 1 --2- 172.21.15.159:0/1031421672 >> [v2:172.21.15.159:3300/0,v1:172.21.15.159:6789/0] conn(0x7fc8d0108d00 0x7fc8d0109100 secure :-1 s=READY pgs=72 cs=0 l=1 rev1=1 crypto rx=0x7fc8c0009e80 tx=0x7fc8c002a7a0 comp rx=0 tx=0).stop
2024-09-16T00:00:02.517 INFO:teuthology.orchestra.run.smithi159.stdout:/usr/bin/ceph: stderr
2024-09-16T00:00:01.429+0000 7fc8d69aa640 1 -- 172.21.15.159:0/1031421672 shutdown_connections
2024-09-16T00:00:02.517 INFO:teuthology.orchestra.run.smithi159.stdout:/usr/bin/ceph: stderr
2024-09-16T00:00:01.429+0000 7fc8d69aa640 1 --2- 172.21.15.159:0/1031421672 >> [v2:172.21.15.159:3300/0,v1:172.21.15.159:6789/0] conn(0x7fc8d0108d00 0x7fc8d0109100 unknown :-1 s=CLOSED pgs=72 cs=0 l=1 rev1=1 crypto rx=0 tx=0 comp rx=0 tx=0).stop
2024-09-16T00:00:02.517 INFO:teuthology.orchestra.run.smithi159.stdout:/usr/bin/ceph: stderr
2024-09-16T00:00:01.429+0000 7fc8d69aa640 1 -- 172.21.15.159:0/1031421672 >> 172.21.15.159:0/1031421672 conn(0x7fc8d007c350 msgr2=0x7fc8d0106d60 unknown :-1 s=STATE_NONE l=0).mark_down
2024-09-16T00:00:02.517 INFO:teuthology.orchestra.run.smithi159.stdout:/usr/bin/ceph: stderr
2024-09-16T00:00:01.429+0000 7fc8d69aa640 1 -- 172.21.15.159:0/1031421672 shutdown_connections
2024-09-16T00:00:02.517 INFO:teuthology.orchestra.run.smithi159.stdout:/usr/bin/ceph: stderr
2024-09-16T00:00:01.429+0000 7fc8d69aa640 1 -- 172.21.15.159:0/1031421672 wait complete.
2024-09-16T00:00:02.517 INFO:teuthology.orchestra.run.smithi159.stdout:/usr/bin/ceph: stderr
2024-09-16T00:00:01.429+0000 7fc8d69aa640 1 Processor -- start
2024-09-16T00:00:02.517 INFO:teuthology.orchestra.run.smithi159.stdout:/usr/bin/ceph: stderr
2024-09-16T00:00:01.429+0000 7fc8d69aa640 1 -- start start
2024-09-16T00:00:02.518 INFO:teuthology.orchestra.run.smithi159.stdout:/usr/bin/ceph: stderr
2024-09-16T00:00:01.429+0000 7fc8d69aa640 1 --2- >> [v2:172.21.15.159:3300/0,v1:172.21.15.159:6789/0] conn(0x7fc8d0108d00 0x7fc8d019cd00 unknown :-1 s=NONE pgs=0 cs=0 l=1 rev1=0 crypto rx=0 tx=0 comp rx=0 tx=0).connect
2024-09-16T00:00:02.518 INFO:teuthology.orchestra.run.smithi159.stdout:/usr/bin/ceph: stderr
2024-09-16T00:00:01.429+0000 7fc8d69aa640 1 -- --> [v2:172.21.15.159:3300/0,v1:172.21.15.159:6789/0] -- mon_getmap magic: 0 -- 0x7fc8d010d260 con 0x7fc8d0108d00
2024-09-16T00:00:02.518 INFO:teuthology.orchestra.run.smithi159.stdout:/usr/bin/ceph: stderr
2024-09-16T00:00:01.429+0000 7fc8cffff640 1 --2- >> [v2:172.21.15.159:3300/0,v1:172.21.15.159:6789/0] conn(0x7fc8d0108d00 0x7fc8d019cd00 unknown :-1 s=BANNER_CONNECTING pgs=0 cs=0 l=1 rev1=0 crypto rx=0 tx=0 comp rx=0 tx=0)._handle_peer_banner_payload supported=3 required=0
2024-09-16T00:00:02.518 INFO:teuthology.orchestra.run.smithi159.stdout:/usr/bin/ceph: stderr
2024-09-16T00:00:01.429+0000 7fc8cffff640 1 --2- >> [v2:172.21.15.159:3300/0,v1:172.21.15.159:6789/0] conn(0x7fc8d0108d00 0x7fc8d019cd00 unknown :-1 s=HELLO_CONNECTING pgs=0 cs=0 l=1 rev1=1 crypto rx=0 tx=0 comp rx=0 tx=0).handle_hello peer v2:172.21.15.159:3300/0 says I am v2:172.21.15.159:56140/0 (socket says 172.21.15.159:56140)
2024-09-16T00:00:02.518 INFO:teuthology.orchestra.run.smithi159.stdout:/usr/bin/ceph: stderr
2024-09-16T00:00:01.429+0000 7fc8cffff640 1 -- 172.21.15.159:0/599769070 learned_addr learned my addr 172.21.15.159:0/599769070 (peer_addr_for_me v2:172.21.15.159:0/0)
2024-09-16T00:00:02.518 INFO:teuthology.orchestra.run.smithi159.stdout:/usr/bin/ceph: stderr
2024-09-16T00:00:01.429+0000 7fc8cffff640 1 -- 172.21.15.159:0/599769070 --> [v2:172.21.15.159:3300/0,v1:172.21.15.159:6789/0] -- mon_subscribe({config=0+,monmap=0+}) -- 0x7fc8d019d240 con 0x7fc8d0108d00
2024-09-16T00:00:02.518 INFO:teuthology.orchestra.run.smithi159.stdout:/usr/bin/ceph: stderr
2024-09-16T00:00:01.429+0000 7fc8cffff640 1 --2- 172.21.15.159:0/599769070 >> [v2:172.21.15.159:3300/0,v1:172.21.15.159:6789/0] conn(0x7fc8d0108d00 0x7fc8d019cd00 secure :-1 s=READY pgs=73 cs=0 l=1 rev1=1 crypto rx=0x7fc8c002acc0 tx=0x7fc8c0031c90 comp rx=0 tx=0).ready entity=mon.0 client_cookie=0 server_cookie=0 in_seq=0 out_seq=0
2024-09-16T00:00:02.518 INFO:teuthology.orchestra.run.smithi159.stdout:/usr/bin/ceph: stderr
2024-09-16T00:00:01.429+0000 7fc8cd7fa640 1 -- 172.21.15.159:0/599769070 <== mon.0 v2:172.21.15.159:3300/0 1 ==== mon_map magic: 0 ==== 205+0+0 (secure 0 0 0) 0x7fc8c0036050 con 0x7fc8d0108d00
2024-09-16T00:00:02.518 INFO:teuthology.orchestra.run.smithi159.stdout:/usr/bin/ceph: stderr
2024-09-16T00:00:01.429+0000 7fc8cd7fa640 1 -- 172.21.15.159:0/599769070 <== mon.0 v2:172.21.15.159:3300/0 2 ==== config(26 keys) ==== 1102+0+0 (secure 0 0 0) 0x7fc8c0037040 con 0x7fc8d0108d00
2024-09-16T00:00:02.518 INFO:teuthology.orchestra.run.smithi159.stdout:/usr/bin/ceph: stderr
2024-09-16T00:00:01.429+0000 7fc8d69aa640 1 -- 172.21.15.159:0/599769070 --> [v2:172.21.15.159:3300/0,v1:172.21.15.159:6789/0] -- mon_subscribe({mgrmap=0+}) -- 0x7fc8d019d4d0 con 0x7fc8d0108d00
2024-09-16T00:00:02.518 INFO:teuthology.orchestra.run.smithi159.stdout:/usr/bin/ceph: stderr
2024-09-16T00:00:01.429+0000 7fc8cd7fa640 1 -- 172.21.15.159:0/599769070 <== mon.0 v2:172.21.15.159:3300/0 3 ==== mon_map magic: 0 ==== 205+0+0 (secure 0 0 0) 0x7fc8c003d950 con 0x7fc8d0108d00
2024-09-16T00:00:02.518 INFO:teuthology.orchestra.run.smithi159.stdout:/usr/bin/ceph: stderr
2024-09-16T00:00:01.429+0000 7fc8d69aa640 1 -- 172.21.15.159:0/599769070 --> [v2:172.21.15.159:3300/0,v1:172.21.15.159:6789/0] -- mon_subscribe({osdmap=0}) -- 0x7fc8d01a01b0 con 0x7fc8d0108d00
2024-09-16T00:00:02.518 INFO:teuthology.orchestra.run.smithi159.stdout:/usr/bin/ceph: stderr
2024-09-16T00:00:01.429+0000 7fc8cd7fa640 1 -- 172.21.15.159:0/599769070 <== mon.0 v2:172.21.15.159:3300/0 4 ==== mgrmap(e 13) ==== 46518+0+0 (secure 0 0 0) 0x7fc8c0044020 con 0x7fc8d0108d00
2024-09-16T00:00:02.519 INFO:teuthology.orchestra.run.smithi159.stdout:/usr/bin/ceph: stderr
2024-09-16T00:00:01.429+0000 7fc8cd7fa640 1 --2- 172.21.15.159:0/599769070 >> [v2:172.21.15.159:6800/664426065,v1:172.21.15.159:6801/664426065] conn(0x7fc8bc039300 0x7fc8bc03b7c0 unknown :-1 s=NONE pgs=0 cs=0 l=1 rev1=0 crypto rx=0 tx=0 comp rx=0 tx=0).connect
2024-09-16T00:00:02.519 INFO:teuthology.orchestra.run.smithi159.stdout:/usr/bin/ceph: stderr
2024-09-16T00:00:01.429+0000 7fc8cd7fa640 1 -- 172.21.15.159:0/599769070 <== mon.0 v2:172.21.15.159:3300/0 5 ==== osd_map(3..3 src has 1..3) ==== 1155+0+0 (secure 0 0 0) 0x7fc8c0042020 con 0x7fc8d0108d00
2024-09-16T00:00:02.519 INFO:teuthology.orchestra.run.smithi159.stdout:/usr/bin/ceph: stderr
2024-09-16T00:00:01.429+0000 7fc8d69aa640 1 -- 172.21.15.159:0/599769070 --> [v2:172.21.15.159:3300/0,v1:172.21.15.159:6789/0] -- mon_command({"prefix": "get_command_descriptions"} v 0) -- 0x7fc8d010d3e0 con 0x7fc8d0108d00
2024-09-16T00:00:02.519 INFO:teuthology.orchestra.run.smithi159.stdout:/usr/bin/ceph: stderr
2024-09-16T00:00:01.429+0000 7fc8cf7fe640 1 --2- 172.21.15.159:0/599769070 >> [v2:172.21.15.159:6800/664426065,v1:172.21.15.159:6801/664426065] conn(0x7fc8bc039300 0x7fc8bc03b7c0 unknown :-1 s=BANNER_CONNECTING pgs=0 cs=0 l=1 rev1=0 crypto rx=0 tx=0 comp rx=0 tx=0)._handle_peer_banner_payload supported=3 required=0
2024-09-16T00:00:02.519 INFO:teuthology.orchestra.run.smithi159.stdout:/usr/bin/ceph: stderr
2024-09-16T00:00:01.433+0000 7fc8cf7fe640 1 --2- 172.21.15.159:0/599769070 >> [v2:172.21.15.159:6800/664426065,v1:172.21.15.159:6801/664426065] conn(0x7fc8bc039300 0x7fc8bc03b7c0 secure :-1 s=READY pgs=9 cs=0 l=1 rev1=1 crypto rx=0x7fc8b80098c0 tx=0x7fc8b8006db0 comp rx=0 tx=0).ready entity=mgr.14150 client_cookie=0 server_cookie=0 in_seq=0 out_seq=0
2024-09-16T00:00:02.519 INFO:teuthology.orchestra.run.smithi159.stdout:/usr/bin/ceph: stderr
2024-09-16T00:00:01.437+0000 7fc8cd7fa640 1 -- 172.21.15.159:0/599769070 <== mon.0 v2:172.21.15.159:3300/0 6 ==== mon_command_ack([{"prefix": "get_command_descriptions"}]=0 v0) ==== 72+0+188821 (secure 0 0 0) 0x7fc8c004b020 con 0x7fc8d0108d00
2024-09-16T00:00:02.519 INFO:teuthology.orchestra.run.smithi159.stdout:/usr/bin/ceph: stderr
2024-09-16T00:00:01.757+0000 7fc8d69aa640 1 -- 172.21.15.159:0/599769070 --> [v2:172.21.15.159:3300/0,v1:172.21.15.159:6789/0] -- mon_command({"prefix": "config get", "who": "mgr", "key": "mgr/dashboard/ssl_server_port"} v 0) -- 0x7fc8d0109180 con 0x7fc8d0108d00
2024-09-16T00:00:02.519 INFO:teuthology.orchestra.run.smithi159.stdout:/usr/bin/ceph: stderr
2024-09-16T00:00:01.757+0000 7fc8cd7fa640 1 -- 172.21.15.159:0/599769070 <== mon.0 v2:172.21.15.159:3300/0 7 ==== mon_command_ack([{"prefix": "config get", "who": "mgr", "key": "mgr/dashboard/ssl_server_port"}]=0 v8) ==== 112+0+5 (secure 0 0 0) 0x7fc8c00361f0 con 0x7fc8d0108d00
2024-09-16T00:00:02.519 INFO:teuthology.orchestra.run.smithi159.stdout:/usr/bin/ceph: stderr
2024-09-16T00:00:01.761+0000 7fc8d69aa640 1 -- 172.21.15.159:0/599769070 >> [v2:172.21.15.159:6800/664426065,v1:172.21.15.159:6801/664426065] conn(0x7fc8bc039300 msgr2=0x7fc8bc03b7c0 secure :-1 s=STATE_CONNECTION_ESTABLISHED l=1).mark_down
2024-09-16T00:00:02.519 INFO:teuthology.orchestra.run.smithi159.stdout:/usr/bin/ceph: stderr
2024-09-16T00:00:01.761+0000 7fc8d69aa640 1 --2- 172.21.15.159:0/599769070 >> [v2:172.21.15.159:6800/664426065,v1:172.21.15.159:6801/664426065] conn(0x7fc8bc039300 0x7fc8bc03b7c0 secure :-1 s=READY pgs=9 cs=0 l=1 rev1=1 crypto rx=0x7fc8b80098c0 tx=0x7fc8b8006db0 comp rx=0 tx=0).stop
2024-09-16T00:00:02.519 INFO:teuthology.orchestra.run.smithi159.stdout:/usr/bin/ceph: stderr
2024-09-16T00:00:01.761+0000 7fc8d69aa640 1 -- 172.21.15.159:0/599769070 >> [v2:172.21.15.159:3300/0,v1:172.21.15.159:6789/0] conn(0x7fc8d0108d00 msgr2=0x7fc8d019cd00 secure :-1 s=STATE_CONNECTION_ESTABLISHED l=1).mark_down
2024-09-16T00:00:02.519 INFO:teuthology.orchestra.run.smithi159.stdout:/usr/bin/ceph: stderr
2024-09-16T00:00:01.761+0000 7fc8d69aa640 1 --2- 172.21.15.159:0/599769070 >> [v2:172.21.15.159:3300/0,v1:172.21.15.159:6789/0] conn(0x7fc8d0108d00 0x7fc8d019cd00 secure :-1 s=READY pgs=73 cs=0 l=1 rev1=1 crypto rx=0x7fc8c002acc0 tx=0x7fc8c0031c90 comp rx=0 tx=0).stop
2024-09-16T00:00:02.521 INFO:teuthology.orchestra.run.smithi159.stdout:/usr/bin/ceph: stderr
2024-09-16T00:00:01.761+0000 7fc8d69aa640 1 -- 172.21.15.159:0/599769070 shutdown_connections
2024-09-16T00:00:02.521 INFO:teuthology.orchestra.run.smithi159.stdout:/usr/bin/ceph: stderr
2024-09-16T00:00:01.761+0000 7fc8d69aa640 1 --2- 172.21.15.159:0/599769070 >> [v2:172.21.15.159:6800/664426065,v1:172.21.15.159:6801/664426065] conn(0x7fc8bc039300 0x7fc8bc03b7c0 unknown :-1 s=CLOSED pgs=9 cs=0 l=1 rev1=1 crypto rx=0 tx=0 comp rx=0 tx=0).stop
2024-09-16T00:00:02.521 INFO:teuthology.orchestra.run.smithi159.stdout:/usr/bin/ceph: stderr
2024-09-16T00:00:01.761+0000 7fc8d69aa640 1 --2- 172.21.15.159:0/599769070 >> [v2:172.21.15.159:3300/0,v1:172.21.15.159:6789/0] conn(0x7fc8d0108d00 0x7fc8d019cd00 unknown :-1 s=CLOSED pgs=73 cs=0 l=1 rev1=1 crypto rx=0 tx=0 comp rx=0 tx=0).stop
2024-09-16T00:00:02.521 INFO:teuthology.orchestra.run.smithi159.stdout:/usr/bin/ceph: stderr
2024-09-16T00:00:01.761+0000 7fc8d69aa640 1 -- 172.21.15.159:0/599769070 >> 172.21.15.159:0/599769070 conn(0x7fc8d007c350 msgr2=0x7fc8d0106550 unknown :-1 s=STATE_NONE l=0).mark_down
2024-09-16T00:00:02.521 INFO:teuthology.orchestra.run.smithi159.stdout:/usr/bin/ceph: stderr
2024-09-16T00:00:01.761+0000 7fc8d69aa640 1 -- 172.21.15.159:0/599769070 shutdown_connections
2024-09-16T00:00:02.521 INFO:teuthology.orchestra.run.smithi159.stdout:/usr/bin/ceph: stderr
2024-09-16T00:00:01.761+0000 7fc8d69aa640 1 -- 172.21.15.159:0/599769070 wait complete.
2024-09-16T00:00:02.521 INFO:teuthology.orchestra.run.smithi159.stdout:firewalld does not appear to be present
2024-09-16T00:00:02.521 INFO:teuthology.orchestra.run.smithi159.stdout:Not possible to open ports <[8443]>. firewalld.service is not available
2024-09-16T00:00:02.521 INFO:teuthology.orchestra.run.smithi159.stdout:Ceph Dashboard is now available at:
2024-09-16T00:00:02.521 INFO:teuthology.orchestra.run.smithi159.stdout:
2024-09-16T00:00:02.521 INFO:teuthology.orchestra.run.smithi159.stdout: URL: https://smithi159.front.sepia.ceph.com:8443/
2024-09-16T00:00:02.521 INFO:teuthology.orchestra.run.smithi159.stdout: User: admin
2024-09-16T00:00:02.521 INFO:teuthology.orchestra.run.smithi159.stdout: Password: 9n2lqipz57
2024-09-16T00:00:02.522 INFO:teuthology.orchestra.run.smithi159.stdout:
2024-09-16T00:00:02.522 INFO:teuthology.orchestra.run.smithi159.stdout:Saving cluster configuration to /var/lib/ceph/4bf224ca-73be-11ef-bceb-c7b262605968/config directory
2024-09-16T00:00:02.547 INFO:journalctl@ceph.mon.a.smithi159.stdout:Sep 16 00:00:02 smithi159 bash[22792]: audit
2024-09-16T00:00:01.763388+0000 mon.a (mon.0) 96 : audit [DBG] from='client.? 172.21.15.159:0/599769070' entity='client.admin' cmd=[{"prefix": "config get", "who": "mgr", "key": "mgr/dashboard/ssl_server_port"}]: dispatch
2024-09-16T00:00:04.830 INFO:teuthology.orchestra.run.smithi159.stdout:/usr/bin/ceph: stderr
2024-09-16T00:00:03.693+0000 7f9a12364640 1 Processor -- start
2024-09-16T00:00:04.831 INFO:teuthology.orchestra.run.smithi159.stdout:/usr/bin/ceph: stderr
2024-09-16T00:00:03.693+0000 7f9a12364640 1 -- start start
2024-09-16T00:00:04.831 INFO:teuthology.orchestra.run.smithi159.stdout:/usr/bin/ceph: stderr
2024-09-16T00:00:03.693+0000 7f9a12364640 1 --2- >> [v2:172.21.15.159:3300/0,v1:172.21.15.159:6789/0] conn(0x7f9a0c1059b0 0x7f9a0c105db0 unknown :-1 s=NONE pgs=0 cs=0 l=0 rev1=0 crypto rx=0 tx=0 comp rx=0 tx=0).connect
2024-09-16T00:00:04.831 INFO:teuthology.orchestra.run.smithi159.stdout:/usr/bin/ceph: stderr
2024-09-16T00:00:03.693+0000 7f9a12364640 1 -- --> [v2:172.21.15.159:3300/0,v1:172.21.15.159:6789/0] -- mon_getmap magic: 0 -- 0x7f9a0c106380 con 0x7f9a0c1059b0
2024-09-16T00:00:04.831 INFO:teuthology.orchestra.run.smithi159.stdout:/usr/bin/ceph: stderr
2024-09-16T00:00:03.693+0000 7f9a0bfff640 1 --2- >> [v2:172.21.15.159:3300/0,v1:172.21.15.159:6789/0] conn(0x7f9a0c1059b0 0x7f9a0c105db0 unknown :-1 s=BANNER_CONNECTING pgs=0 cs=0 l=0 rev1=0 crypto rx=0 tx=0 comp rx=0 tx=0)._handle_peer_banner_payload supported=3 required=0
2024-09-16T00:00:04.831 INFO:teuthology.orchestra.run.smithi159.stdout:/usr/bin/ceph: stderr
2024-09-16T00:00:03.693+0000 7f9a0bfff640 1 --2- >> [v2:172.21.15.159:3300/0,v1:172.21.15.159:6789/0] conn(0x7f9a0c1059b0 0x7f9a0c105db0 unknown :-1 s=HELLO_CONNECTING pgs=0 cs=0 l=0 rev1=1 crypto rx=0 tx=0 comp rx=0 tx=0).handle_hello peer v2:172.21.15.159:3300/0 says I am v2:172.21.15.159:56146/0 (socket says 172.21.15.159:56146)
2024-09-16T00:00:04.831 INFO:teuthology.orchestra.run.smithi159.stdout:/usr/bin/ceph: stderr
2024-09-16T00:00:03.693+0000 7f9a0bfff640 1 -- 172.21.15.159:0/403362777 learned_addr learned my addr 172.21.15.159:0/403362777 (peer_addr_for_me v2:172.21.15.159:0/0)
2024-09-16T00:00:04.831 INFO:teuthology.orchestra.run.smithi159.stdout:/usr/bin/ceph: stderr
2024-09-16T00:00:03.693+0000 7f9a0bfff640 1 -- 172.21.15.159:0/403362777 --> [v2:172.21.15.159:3300/0,v1:172.21.15.159:6789/0] -- mon_subscribe({config=0+,monmap=0+}) -- 0x7f9a0c106bb0 con 0x7f9a0c1059b0
2024-09-16T00:00:04.831 INFO:teuthology.orchestra.run.smithi159.stdout:/usr/bin/ceph: stderr
2024-09-16T00:00:03.697+0000 7f9a0bfff640 1 --2- 172.21.15.159:0/403362777 >> [v2:172.21.15.159:3300/0,v1:172.21.15.159:6789/0] conn(0x7f9a0c1059b0 0x7f9a0c105db0 secure :-1 s=READY pgs=74 cs=0 l=1 rev1=1 crypto rx=0x7f99fc009820 tx=0x7f99fc02a270 comp rx=0 tx=0).ready entity=mon.0 client_cookie=d2ba9a4be6e8e69d server_cookie=0 in_seq=0 out_seq=0
2024-09-16T00:00:04.831 INFO:teuthology.orchestra.run.smithi159.stdout:/usr/bin/ceph: stderr
2024-09-16T00:00:03.697+0000 7f9a0affd640 1 -- 172.21.15.159:0/403362777 <== mon.0 v2:172.21.15.159:3300/0 1 ==== mon_map magic: 0 ==== 205+0+0 (secure 0 0 0) 0x7f99fc037070 con 0x7f9a0c1059b0
2024-09-16T00:00:04.831 INFO:teuthology.orchestra.run.smithi159.stdout:/usr/bin/ceph: stderr
2024-09-16T00:00:03.697+0000 7f9a0affd640 1 -- 172.21.15.159:0/403362777 <== mon.0 v2:172.21.15.159:3300/0 2 ==== config(26 keys) ==== 1102+0+0 (secure 0 0 0) 0x7f99fc0328f0 con 0x7f9a0c1059b0
2024-09-16T00:00:04.831 INFO:teuthology.orchestra.run.smithi159.stdout:/usr/bin/ceph: stderr
2024-09-16T00:00:03.697+0000 7f9a0affd640 1 -- 172.21.15.159:0/403362777 <== mon.0 v2:172.21.15.159:3300/0 3 ==== mon_map magic: 0 ==== 205+0+0 (secure 0 0 0) 0x7f99fc030740 con 0x7f9a0c1059b0
2024-09-16T00:00:04.831 INFO:teuthology.orchestra.run.smithi159.stdout:/usr/bin/ceph: stderr
2024-09-16T00:00:03.697+0000 7f9a12364640 1 -- 172.21.15.159:0/403362777 >> [v2:172.21.15.159:3300/0,v1:172.21.15.159:6789/0] conn(0x7f9a0c1059b0 msgr2=0x7f9a0c105db0 secure :-1 s=STATE_CONNECTION_ESTABLISHED l=1).mark_down
2024-09-16T00:00:04.832 INFO:teuthology.orchestra.run.smithi159.stdout:/usr/bin/ceph: stderr
2024-09-16T00:00:03.697+0000 7f9a12364640 1 --2- 172.21.15.159:0/403362777 >> [v2:172.21.15.159:3300/0,v1:172.21.15.159:6789/0] conn(0x7f9a0c1059b0 0x7f9a0c105db0 secure :-1 s=READY pgs=74 cs=0 l=1 rev1=1 crypto rx=0x7f99fc009820 tx=0x7f99fc02a270 comp rx=0 tx=0).stop
2024-09-16T00:00:04.832 INFO:teuthology.orchestra.run.smithi159.stdout:/usr/bin/ceph: stderr
2024-09-16T00:00:03.697+0000 7f9a12364640 1 -- 172.21.15.159:0/403362777 shutdown_connections
2024-09-16T00:00:04.832 INFO:teuthology.orchestra.run.smithi159.stdout:/usr/bin/ceph: stderr
2024-09-16T00:00:03.697+0000 7f9a12364640 1 --2- 172.21.15.159:0/403362777 >> [v2:172.21.15.159:3300/0,v1:172.21.15.159:6789/0] conn(0x7f9a0c1059b0 0x7f9a0c105db0 unknown :-1 s=CLOSED pgs=74 cs=0 l=1 rev1=1 crypto rx=0 tx=0 comp rx=0 tx=0).stop
2024-09-16T00:00:04.832 INFO:teuthology.orchestra.run.smithi159.stdout:/usr/bin/ceph: stderr
2024-09-16T00:00:03.697+0000 7f9a12364640 1 -- 172.21.15.159:0/403362777 >> 172.21.15.159:0/403362777 conn(0x7f9a0c101100 msgr2=0x7f9a0c103580 unknown :-1 s=STATE_NONE l=0).mark_down
2024-09-16T00:00:04.832 INFO:teuthology.orchestra.run.smithi159.stdout:/usr/bin/ceph: stderr
2024-09-16T00:00:03.697+0000 7f9a12364640 1 -- 172.21.15.159:0/403362777 shutdown_connections
2024-09-16T00:00:04.832 INFO:teuthology.orchestra.run.smithi159.stdout:/usr/bin/ceph: stderr
2024-09-16T00:00:03.697+0000 7f9a12364640 1 -- 172.21.15.159:0/403362777 wait complete.
2024-09-16T00:00:04.832 INFO:teuthology.orchestra.run.smithi159.stdout:/usr/bin/ceph: stderr
2024-09-16T00:00:03.697+0000 7f9a12364640 1 Processor -- start
2024-09-16T00:00:04.832 INFO:teuthology.orchestra.run.smithi159.stdout:/usr/bin/ceph: stderr
2024-09-16T00:00:03.697+0000 7f9a12364640 1 -- start start
2024-09-16T00:00:04.832 INFO:teuthology.orchestra.run.smithi159.stdout:/usr/bin/ceph: stderr
2024-09-16T00:00:03.697+0000 7f9a12364640 1 --2- >> [v2:172.21.15.159:3300/0,v1:172.21.15.159:6789/0] conn(0x7f9a0c1059b0 0x7f9a0c1988d0 unknown :-1 s=NONE pgs=0 cs=0 l=1 rev1=0 crypto rx=0 tx=0 comp rx=0 tx=0).connect
2024-09-16T00:00:04.832 INFO:teuthology.orchestra.run.smithi159.stdout:/usr/bin/ceph: stderr
2024-09-16T00:00:03.697+0000 7f9a12364640 1 -- --> [v2:172.21.15.159:3300/0,v1:172.21.15.159:6789/0] -- mon_getmap magic: 0 -- 0x7f9a0c079150 con 0x7f9a0c1059b0
2024-09-16T00:00:04.833 INFO:teuthology.orchestra.run.smithi159.stdout:/usr/bin/ceph: stderr
2024-09-16T00:00:03.697+0000 7f9a0bfff640 1 --2- >> [v2:172.21.15.159:3300/0,v1:172.21.15.159:6789/0] conn(0x7f9a0c1059b0 0x7f9a0c1988d0 unknown :-1 s=BANNER_CONNECTING pgs=0 cs=0 l=1 rev1=0 crypto rx=0 tx=0 comp rx=0 tx=0)._handle_peer_banner_payload supported=3 required=0
2024-09-16T00:00:04.833 INFO:teuthology.orchestra.run.smithi159.stdout:/usr/bin/ceph: stderr
2024-09-16T00:00:03.697+0000 7f9a0bfff640 1 --2- >> [v2:172.21.15.159:3300/0,v1:172.21.15.159:6789/0] conn(0x7f9a0c1059b0 0x7f9a0c1988d0 unknown :-1 s=HELLO_CONNECTING pgs=0 cs=0 l=1 rev1=1 crypto rx=0 tx=0 comp rx=0 tx=0).handle_hello peer v2:172.21.15.159:3300/0 says I am v2:172.21.15.159:56152/0 (socket says 172.21.15.159:56152)
2024-09-16T00:00:04.833 INFO:teuthology.orchestra.run.smithi159.stdout:/usr/bin/ceph: stderr
2024-09-16T00:00:03.697+0000 7f9a0bfff640 1 -- 172.21.15.159:0/592964135 learned_addr learned my addr 172.21.15.159:0/592964135 (peer_addr_for_me v2:172.21.15.159:0/0)
2024-09-16T00:00:04.833 INFO:teuthology.orchestra.run.smithi159.stdout:/usr/bin/ceph: stderr
2024-09-16T00:00:03.697+0000 7f9a0bfff640 1 -- 172.21.15.159:0/592964135 --> [v2:172.21.15.159:3300/0,v1:172.21.15.159:6789/0] -- mon_subscribe({config=0+,monmap=0+}) -- 0x7f9a0c198e10 con 0x7f9a0c1059b0
2024-09-16T00:00:04.833 INFO:teuthology.orchestra.run.smithi159.stdout:/usr/bin/ceph: stderr
2024-09-16T00:00:03.697+0000 7f9a0bfff640 1 --2- 172.21.15.159:0/592964135 >> [v2:172.21.15.159:3300/0,v1:172.21.15.159:6789/0] conn(0x7f9a0c1059b0 0x7f9a0c1988d0 secure :-1 s=READY pgs=75 cs=0 l=1 rev1=1 crypto rx=0x7f99fc009940 tx=0x7f99fc0327b0 comp rx=0 tx=0).ready entity=mon.0 client_cookie=0 server_cookie=0 in_seq=0 out_seq=0
2024-09-16T00:00:04.833 INFO:teuthology.orchestra.run.smithi159.stdout:/usr/bin/ceph: stderr
2024-09-16T00:00:03.697+0000 7f9a097fa640 1 -- 172.21.15.159:0/592964135 <== mon.0 v2:172.21.15.159:3300/0 1 ==== mon_map magic: 0 ==== 205+0+0 (secure 0 0 0) 0x7f99fc042070 con 0x7f9a0c1059b0
2024-09-16T00:00:04.833 INFO:teuthology.orchestra.run.smithi159.stdout:/usr/bin/ceph: stderr
2024-09-16T00:00:03.697+0000 7f9a097fa640 1 -- 172.21.15.159:0/592964135 <== mon.0 v2:172.21.15.159:3300/0 2 ==== config(26 keys) ==== 1102+0+0 (secure 0 0 0) 0x7f99fc030d00 con 0x7f9a0c1059b0
2024-09-16T00:00:04.834 INFO:teuthology.orchestra.run.smithi159.stdout:/usr/bin/ceph: stderr
2024-09-16T00:00:03.697+0000 7f9a12364640 1 -- 172.21.15.159:0/592964135 --> [v2:172.21.15.159:3300/0,v1:172.21.15.159:6789/0] -- mon_subscribe({mgrmap=0+}) -- 0x7f9a0c1990a0 con 0x7f9a0c1059b0
2024-09-16T00:00:04.834 INFO:teuthology.orchestra.run.smithi159.stdout:/usr/bin/ceph: stderr
2024-09-16T00:00:03.697+0000 7f9a097fa640 1 -- 172.21.15.159:0/592964135 <== mon.0 v2:172.21.15.159:3300/0 3 ==== mon_map magic: 0 ==== 205+0+0 (secure 0 0 0) 0x7f99fc037040 con 0x7f9a0c1059b0
2024-09-16T00:00:04.834 INFO:teuthology.orchestra.run.smithi159.stdout:/usr/bin/ceph: stderr
2024-09-16T00:00:03.697+0000 7f9a12364640 1 -- 172.21.15.159:0/592964135 --> [v2:172.21.15.159:3300/0,v1:172.21.15.159:6789/0] -- mon_subscribe({osdmap=0}) -- 0x7f9a0c19bd90 con 0x7f9a0c1059b0
2024-09-16T00:00:04.834 INFO:teuthology.orchestra.run.smithi159.stdout:/usr/bin/ceph: stderr
2024-09-16T00:00:03.701+0000 7f9a097fa640 1 -- 172.21.15.159:0/592964135 <== mon.0 v2:172.21.15.159:3300/0 4 ==== mgrmap(e 13) ==== 46518+0+0 (secure 0 0 0) 0x7f99fc045070 con 0x7f9a0c1059b0
2024-09-16T00:00:04.834 INFO:teuthology.orchestra.run.smithi159.stdout:/usr/bin/ceph: stderr
2024-09-16T00:00:03.701+0000 7f9a12364640 1 -- 172.21.15.159:0/592964135 --> [v2:172.21.15.159:3300/0,v1:172.21.15.159:6789/0] -- mon_command({"prefix": "get_command_descriptions"} v 0) -- 0x7f9a0c105db0 con 0x7f9a0c1059b0
2024-09-16T00:00:04.834 INFO:teuthology.orchestra.run.smithi159.stdout:/usr/bin/ceph: stderr
2024-09-16T00:00:03.701+0000 7f9a097fa640 1 --2- 172.21.15.159:0/592964135 >> [v2:172.21.15.159:6800/664426065,v1:172.21.15.159:6801/664426065] conn(0x7f99f403d700 0x7f99f403fbc0 unknown :-1 s=NONE pgs=0 cs=0 l=1 rev1=0 crypto rx=0 tx=0 comp rx=0 tx=0).connect
2024-09-16T00:00:04.834 INFO:teuthology.orchestra.run.smithi159.stdout:/usr/bin/ceph: stderr
2024-09-16T00:00:03.701+0000 7f9a097fa640 1 -- 172.21.15.159:0/592964135 <== mon.0 v2:172.21.15.159:3300/0 5 ==== osd_map(3..3 src has 1..3) ==== 1155+0+0 (secure 0 0 0) 0x7f99fc06c540 con 0x7f9a0c1059b0
2024-09-16T00:00:04.834 INFO:teuthology.orchestra.run.smithi159.stdout:/usr/bin/ceph: stderr
2024-09-16T00:00:03.701+0000 7f9a0b7fe640 1 --2- 172.21.15.159:0/592964135 >> [v2:172.21.15.159:6800/664426065,v1:172.21.15.159:6801/664426065] conn(0x7f99f403d700 0x7f99f403fbc0 unknown :-1 s=BANNER_CONNECTING pgs=0 cs=0 l=1 rev1=0 crypto rx=0 tx=0 comp rx=0 tx=0)._handle_peer_banner_payload supported=3 required=0
2024-09-16T00:00:04.834 INFO:teuthology.orchestra.run.smithi159.stdout:/usr/bin/ceph: stderr
2024-09-16T00:00:03.701+0000 7f9a0b7fe640 1 --2- 172.21.15.159:0/592964135 >> [v2:172.21.15.159:6800/664426065,v1:172.21.15.159:6801/664426065] conn(0x7f99f403d700 0x7f99f403fbc0 secure :-1 s=READY pgs=10 cs=0 l=1 rev1=1 crypto rx=0x7f9a000098c0 tx=0x7f9a00006db0 comp rx=0 tx=0).ready entity=mgr.14150 client_cookie=0 server_cookie=0 in_seq=0 out_seq=0
2024-09-16T00:00:04.835 INFO:teuthology.orchestra.run.smithi159.stdout:/usr/bin/ceph: stderr
2024-09-16T00:00:03.705+0000 7f9a097fa640 1 -- 172.21.15.159:0/592964135 <== mon.0 v2:172.21.15.159:3300/0 6 ==== mon_command_ack([{"prefix": "get_command_descriptions"}]=0 v0) ==== 72+0+188821 (secure 0 0 0) 0x7f99fc03d430 con 0x7f9a0c1059b0
2024-09-16T00:00:04.835 INFO:teuthology.orchestra.run.smithi159.stdout:/usr/bin/ceph: stderr
2024-09-16T00:00:04.221+0000 7f9a12364640 1 -- 172.21.15.159:0/592964135 --> [v2:172.21.15.159:3300/0,v1:172.21.15.159:6789/0] -- mon_command([{prefix=config-key set, key=mgr/dashboard/cluster/status}] v 0) -- 0x7f9a0c191d40 con 0x7f9a0c1059b0
2024-09-16T00:00:04.835 INFO:teuthology.orchestra.run.smithi159.stdout:/usr/bin/ceph: stderr
2024-09-16T00:00:04.225+0000 7f9a097fa640 1 -- 172.21.15.159:0/592964135 <== mon.0 v2:172.21.15.159:3300/0 7 ==== mon_command_ack([{prefix=config-key set, key=mgr/dashboard/cluster/status}]=0 set mgr/dashboard/cluster/status v28)=0 set mgr/dashboard/cluster/status v28) ==== 153+0+0 (secure 0 0 0) 0x7f99fc03d9e0 con 0x7f9a0c1059b0
2024-09-16T00:00:04.835 INFO:teuthology.orchestra.run.smithi159.stdout:/usr/bin/ceph: stderr set mgr/dashboard/cluster/status
2024-09-16T00:00:04.835 INFO:teuthology.orchestra.run.smithi159.stdout:/usr/bin/ceph: stderr
2024-09-16T00:00:04.229+0000 7f9a12364640 1 -- 172.21.15.159:0/592964135 >> [v2:172.21.15.159:6800/664426065,v1:172.21.15.159:6801/664426065] conn(0x7f99f403d700 msgr2=0x7f99f403fbc0 secure :-1 s=STATE_CONNECTION_ESTABLISHED l=1).mark_down
2024-09-16T00:00:04.835 INFO:teuthology.orchestra.run.smithi159.stdout:/usr/bin/ceph: stderr
2024-09-16T00:00:04.229+0000 7f9a12364640 1 --2- 172.21.15.159:0/592964135 >> [v2:172.21.15.159:6800/664426065,v1:172.21.15.159:6801/664426065] conn(0x7f99f403d700 0x7f99f403fbc0 secure :-1 s=READY pgs=10 cs=0 l=1 rev1=1 crypto rx=0x7f9a000098c0 tx=0x7f9a00006db0 comp rx=0 tx=0).stop
2024-09-16T00:00:04.835 INFO:teuthology.orchestra.run.smithi159.stdout:/usr/bin/ceph: stderr
2024-09-16T00:00:04.229+0000 7f9a12364640 1 -- 172.21.15.159:0/592964135 >> [v2:172.21.15.159:3300/0,v1:172.21.15.159:6789/0] conn(0x7f9a0c1059b0 msgr2=0x7f9a0c1988d0 secure :-1 s=STATE_CONNECTION_ESTABLISHED l=1).mark_down
2024-09-16T00:00:04.835 INFO:teuthology.orchestra.run.smithi159.stdout:/usr/bin/ceph: stderr
2024-09-16T00:00:04.229+0000 7f9a12364640 1 --2- 172.21.15.159:0/592964135 >> [v2:172.21.15.159:3300/0,v1:172.21.15.159:6789/0] conn(0x7f9a0c1059b0 0x7f9a0c1988d0 secure :-1 s=READY pgs=75 cs=0 l=1 rev1=1 crypto rx=0x7f99fc009940 tx=0x7f99fc0327b0 comp rx=0 tx=0).stop
2024-09-16T00:00:04.835 INFO:teuthology.orchestra.run.smithi159.stdout:/usr/bin/ceph: stderr
2024-09-16T00:00:04.229+0000 7f9a12364640 1 -- 172.21.15.159:0/592964135 shutdown_connections
2024-09-16T00:00:04.835 INFO:teuthology.orchestra.run.smithi159.stdout:/usr/bin/ceph: stderr
2024-09-16T00:00:04.229+0000 7f9a12364640 1 --2- 172.21.15.159:0/592964135 >> [v2:172.21.15.159:6800/664426065,v1:172.21.15.159:6801/664426065] conn(0x7f99f403d700 0x7f99f403fbc0 unknown :-1 s=CLOSED pgs=10 cs=0 l=1 rev1=1 crypto rx=0 tx=0 comp rx=0 tx=0).stop
2024-09-16T00:00:04.835 INFO:teuthology.orchestra.run.smithi159.stdout:/usr/bin/ceph: stderr
2024-09-16T00:00:04.229+0000 7f9a12364640 1 --2- 172.21.15.159:0/592964135 >> [v2:172.21.15.159:3300/0,v1:172.21.15.159:6789/0] conn(0x7f9a0c1059b0 0x7f9a0c1988d0 unknown :-1 s=CLOSED pgs=75 cs=0 l=1 rev1=1 crypto rx=0 tx=0 comp rx=0 tx=0).stop
2024-09-16T00:00:04.836 INFO:teuthology.orchestra.run.smithi159.stdout:/usr/bin/ceph: stderr
2024-09-16T00:00:04.229+0000 7f9a12364640 1 -- 172.21.15.159:0/592964135 >> 172.21.15.159:0/592964135 conn(0x7f9a0c101100 msgr2=0x7f9a0c18ee90 unknown :-1 s=STATE_NONE l=0).mark_down
2024-09-16T00:00:04.836 INFO:teuthology.orchestra.run.smithi159.stdout:/usr/bin/ceph: stderr
2024-09-16T00:00:04.229+0000 7f9a12364640 1 -- 172.21.15.159:0/592964135 shutdown_connections
2024-09-16T00:00:04.836 INFO:teuthology.orchestra.run.smithi159.stdout:/usr/bin/ceph: stderr
2024-09-16T00:00:04.229+0000 7f9a12364640 1 -- 172.21.15.159:0/592964135 wait complete.
2024-09-16T00:00:04.836 INFO:teuthology.orchestra.run.smithi159.stdout:You can access the Ceph CLI as following in case of multi-cluster or non-default config:
2024-09-16T00:00:04.836 INFO:teuthology.orchestra.run.smithi159.stdout:
2024-09-16T00:00:04.836 INFO:teuthology.orchestra.run.smithi159.stdout: sudo /home/ubuntu/cephtest/cephadm shell --fsid 4bf224ca-73be-11ef-bceb-c7b262605968 -c /etc/ceph/ceph.conf -k /etc/ceph/ceph.client.admin.keyring
2024-09-16T00:00:04.836 INFO:teuthology.orchestra.run.smithi159.stdout:
2024-09-16T00:00:04.836 INFO:teuthology.orchestra.run.smithi159.stdout:Or, if you are only running a single cluster on this host:
2024-09-16T00:00:04.836 INFO:teuthology.orchestra.run.smithi159.stdout:
2024-09-16T00:00:04.836 INFO:teuthology.orchestra.run.smithi159.stdout: sudo /home/ubuntu/cephtest/cephadm shell
2024-09-16T00:00:04.836 INFO:teuthology.orchestra.run.smithi159.stdout:
2024-09-16T00:00:04.836 INFO:teuthology.orchestra.run.smithi159.stdout:Please consider enabling telemetry to help improve Ceph:
2024-09-16T00:00:04.836 INFO:teuthology.orchestra.run.smithi159.stdout:
2024-09-16T00:00:04.837 INFO:teuthology.orchestra.run.smithi159.stdout: ceph telemetry on
2024-09-16T00:00:04.837 INFO:teuthology.orchestra.run.smithi159.stdout:
2024-09-16T00:00:04.837 INFO:teuthology.orchestra.run.smithi159.stdout:For more information see:
2024-09-16T00:00:04.837 INFO:teuthology.orchestra.run.smithi159.stdout:
2024-09-16T00:00:04.837 INFO:teuthology.orchestra.run.smithi159.stdout: https://docs.ceph.com/en/latest/mgr/telemetry/
2024-09-16T00:00:04.837 INFO:teuthology.orchestra.run.smithi159.stdout:
2024-09-16T00:00:04.837 INFO:teuthology.orchestra.run.smithi159.stdout:Bootstrap complete.
2024-09-16T00:00:04.872 INFO:tasks.cephadm:Fetching config...
2024-09-16T00:00:04.872 DEBUG:teuthology.orchestra.run.smithi159:> set -ex
2024-09-16T00:00:04.873 DEBUG:teuthology.orchestra.run.smithi159:> dd if=/etc/ceph/ceph.conf of=/dev/stdout
2024-09-16T00:00:04.878 INFO:tasks.cephadm:Fetching client.admin keyring...
2024-09-16T00:00:04.878 DEBUG:teuthology.orchestra.run.smithi159:> set -ex
2024-09-16T00:00:04.878 DEBUG:teuthology.orchestra.run.smithi159:> dd if=/etc/ceph/ceph.client.admin.keyring of=/dev/stdout
2024-09-16T00:00:04.929 INFO:tasks.cephadm:Fetching mon keyring...
2024-09-16T00:00:04.929 DEBUG:teuthology.orchestra.run.smithi159:> set -ex
2024-09-16T00:00:04.929 DEBUG:teuthology.orchestra.run.smithi159:> sudo dd if=/var/lib/ceph/4bf224ca-73be-11ef-bceb-c7b262605968/mon.a/keyring of=/dev/stdout
2024-09-16T00:00:04.980 INFO:tasks.cephadm:Fetching pub ssh key...
2024-09-16T00:00:04.980 DEBUG:teuthology.orchestra.run.smithi159:> set -ex
2024-09-16T00:00:04.980 DEBUG:teuthology.orchestra.run.smithi159:> dd if=/home/ubuntu/cephtest/ceph.pub of=/dev/stdout
2024-09-16T00:00:05.027 INFO:tasks.cephadm:Installing pub ssh key for root users...
2024-09-16T00:00:05.027 DEBUG:teuthology.orchestra.run.smithi159:> sudo install -d -m 0700 /root/.ssh && echo 'ssh-rsa AAAAB3NzaC1yc2EAAAADAQABAAABgQCSYcCrvHoIxWT7Krxubn2SIO7Qn5cdDXMtNY+DqP7U/5WmtgC/xWM+NecvNMNnf922q/jBVgL1gxI9/ahCnj6fLTAfH6g30KJDJDFX77tZ/TPDk8/+fyK+v0mAGZxIPsUGQKq8CRTrS7xQXboRqJ4IrWpJu9FupqNGla5H4pBo7G0ANz5mmguTOx/o4LfSkxISYKl7myBGHxjOuaBhNomqeck2DwVGP60B8rOcUwayoM/jPcqJDx7mPboSLljrp0xWFt8l3NPfNFAkyO0Rm5+PdQRfGrY/Cn9P5NTbE01iNtYjK3kEnhVHvdZKdvU5fXEoOI1Y5tUIm3A7FPxTCN4AuwWAMJk9aa+T2N0YNL68YjhHqBFn5vBCH8dQF/F88f9OR5ccUMauICmkwEz0L0xx9iOs4L0WWYfPKehQVeqZ+2VcDJBHBGE4yjuXiRmNTxzjYD+jTOB6GD/831/bZbCG9RGMUddXdnXmem8y+tK+AsELpNoU/xhbmE0cDz/lSRk= ceph-4bf224ca-73be-11ef-bceb-c7b262605968' | sudo tee -a /root/.ssh/authorized_keys && sudo chmod 0600 /root/.ssh/authorized_keys
2024-09-16T00:00:05.089 INFO:teuthology.orchestra.run.smithi159.stdout:ssh-rsa AAAAB3NzaC1yc2EAAAADAQABAAABgQCSYcCrvHoIxWT7Krxubn2SIO7Qn5cdDXMtNY+DqP7U/5WmtgC/xWM+NecvNMNnf922q/jBVgL1gxI9/ahCnj6fLTAfH6g30KJDJDFX77tZ/TPDk8/+fyK+v0mAGZxIPsUGQKq8CRTrS7xQXboRqJ4IrWpJu9FupqNGla5H4pBo7G0ANz5mmguTOx/o4LfSkxISYKl7myBGHxjOuaBhNomqeck2DwVGP60B8rOcUwayoM/jPcqJDx7mPboSLljrp0xWFt8l3NPfNFAkyO0Rm5+PdQRfGrY/Cn9P5NTbE01iNtYjK3kEnhVHvdZKdvU5fXEoOI1Y5tUIm3A7FPxTCN4AuwWAMJk9aa+T2N0YNL68YjhHqBFn5vBCH8dQF/F88f9OR5ccUMauICmkwEz0L0xx9iOs4L0WWYfPKehQVeqZ+2VcDJBHBGE4yjuXiRmNTxzjYD+jTOB6GD/831/bZbCG9RGMUddXdnXmem8y+tK+AsELpNoU/xhbmE0cDz/lSRk= ceph-4bf224ca-73be-11ef-bceb-c7b262605968
2024-09-16T00:00:05.171 DEBUG:teuthology.orchestra.run.smithi159:> sudo /home/ubuntu/cephtest/cephadm --image quay-quay-quay.apps.os.sepia.ceph.com/ceph-ci/ceph:8921c8ef947807b717db041d85f0761b7914d5fc shell -c /etc/ceph/ceph.conf -k /etc/ceph/ceph.client.admin.keyring --fsid 4bf224ca-73be-11ef-bceb-c7b262605968 -- ceph config set mgr mgr/cephadm/allow_ptrace true
2024-09-16T00:00:05.297 INFO:journalctl@ceph.mon.a.smithi159.stdout:Sep 16 00:00:05 smithi159 bash[22792]: audit
2024-09-16T00:00:04.232205+0000 mon.a (mon.0) 97 : audit [INF] from='client.? 172.21.15.159:0/592964135' entity='client.admin'
2024-09-16T00:00:11.577 INFO:teuthology.orchestra.run.smithi159.stderr:Inferring config /var/lib/ceph/4bf224ca-73be-11ef-bceb-c7b262605968/mon.a/config
2024-09-16T00:00:12.493 INFO:journalctl@ceph.mon.a.smithi159.stdout:Sep 16 00:00:12 smithi159 bash[22792]: audit
2024-09-16T00:00:11.185744+0000 mon.a (mon.0) 98 : audit [INF] from='mgr.14150 172.21.15.159:0/4250873747' entity='mgr.x'
2024-09-16T00:00:12.493 INFO:journalctl@ceph.mon.a.smithi159.stdout:Sep 16 00:00:12 smithi159 bash[22792]: audit
2024-09-16T00:00:11.191048+0000 mon.a (mon.0) 99 : audit [INF] from='mgr.14150 172.21.15.159:0/4250873747' entity='mgr.x'
2024-09-16T00:00:12.493 INFO:journalctl@ceph.mon.a.smithi159.stdout:Sep 16 00:00:12 smithi159 bash[22792]: audit
2024-09-16T00:00:11.192998+0000 mon.a (mon.0) 100 : audit [INF] from='mgr.14150 172.21.15.159:0/4250873747' entity='mgr.x' cmd=[{"prefix": "config rm", "who": "osd/host:smithi159", "name": "osd_memory_target"}]: dispatch
2024-09-16T00:00:12.493 INFO:journalctl@ceph.mon.a.smithi159.stdout:Sep 16 00:00:12 smithi159 bash[22792]: audit
2024-09-16T00:00:11.202965+0000 mon.a (mon.0) 101 : audit [INF] from='mgr.14150 172.21.15.159:0/4250873747' entity='mgr.x'
2024-09-16T00:00:12.494 INFO:journalctl@ceph.mon.a.smithi159.stdout:Sep 16 00:00:12 smithi159 bash[22792]: audit
2024-09-16T00:00:11.233865+0000 mon.a (mon.0) 102 : audit [DBG] from='mgr.14150 172.21.15.159:0/4250873747' entity='mgr.x' cmd=[{"prefix": "config dump", "format": "json"}]: dispatch
2024-09-16T00:00:12.494 INFO:journalctl@ceph.mon.a.smithi159.stdout:Sep 16 00:00:12 smithi159 bash[22792]: audit
2024-09-16T00:00:11.242109+0000 mon.a (mon.0) 103 : audit [INF] from='mgr.14150 172.21.15.159:0/4250873747' entity='mgr.x'
2024-09-16T00:00:12.644 INFO:teuthology.orchestra.run.smithi159.stderr:2024-09-16T00:00:12.640+0000 7fe1d5fcf640 1 -- 172.21.15.159:0/4199420979 >> [v2:172.21.15.159:3300/0,v1:172.21.15.159:6789/0] conn(0x7fe1d0100520 msgr2=0x7fe1d0100920 secure :-1 s=STATE_CONNECTION_ESTABLISHED l=1).mark_down
