2024-09-15T23:59:15.699+0000 7f6fdc4d1640 1 -- 172.21.15.159:0/3331277596 >> [v2:172.21.15.159:3300/0,v1:172.21.15.159:6789/0] conn(0x7f6fd41059b0 msgr2=0x7f6fd4105db0 secure :-1 s=STATE_CONNECTION_ESTABLISHED l=1).mark_down
2024-09-15T23:59:16.700 INFO:teuthology.orchestra.run.smithi159.stdout:/usr/bin/ceph: stderr
2024-09-15T23:59:15.699+0000 7f6fdc4d1640 1 --2- 172.21.15.159:0/3331277596 >> [v2:172.21.15.159:3300/0,v1:172.21.15.159:6789/0] conn(0x7f6fd41059b0 0x7f6fd4105db0 secure :-1 s=READY pgs=24 cs=0 l=1 rev1=1 crypto rx=0x7f6fd0009820 tx=0x7f6fd002a270 comp rx=0 tx=0).stop
2024-09-15T23:59:16.701 INFO:teuthology.orchestra.run.smithi159.stdout:/usr/bin/ceph: stderr
2024-09-15T23:59:15.699+0000 7f6fdc4d1640 1 -- 172.21.15.159:0/3331277596 shutdown_connections
2024-09-15T23:59:16.701 INFO:teuthology.orchestra.run.smithi159.stdout:/usr/bin/ceph: stderr
2024-09-15T23:59:15.699+0000 7f6fdc4d1640 1 --2- 172.21.15.159:0/3331277596 >> [v2:172.21.15.159:3300/0,v1:172.21.15.159:6789/0] conn(0x7f6fd41059b0 0x7f6fd4105db0 unknown :-1 s=CLOSED pgs=24 cs=0 l=1 rev1=1 crypto rx=0 tx=0 comp rx=0 tx=0).stop
2024-09-15T23:59:16.701 INFO:teuthology.orchestra.run.smithi159.stdout:/usr/bin/ceph: stderr
2024-09-15T23:59:15.699+0000 7f6fdc4d1640 1 -- 172.21.15.159:0/3331277596 >> 172.21.15.159:0/3331277596 conn(0x7f6fd4101100 msgr2=0x7f6fd4103580 unknown :-1 s=STATE_NONE l=0).mark_down
2024-09-15T23:59:16.701 INFO:teuthology.orchestra.run.smithi159.stdout:/usr/bin/ceph: stderr
2024-09-15T23:59:15.699+0000 7f6fdc4d1640 1 -- 172.21.15.159:0/3331277596 shutdown_connections
2024-09-15T23:59:16.701 INFO:teuthology.orchestra.run.smithi159.stdout:/usr/bin/ceph: stderr
2024-09-15T23:59:15.699+0000 7f6fdc4d1640 1 -- 172.21.15.159:0/3331277596 wait complete.
2024-09-15T23:59:16.701 INFO:teuthology.orchestra.run.smithi159.stdout:/usr/bin/ceph: stderr
2024-09-15T23:59:15.699+0000 7f6fdc4d1640 1 Processor -- start
2024-09-15T23:59:16.701 INFO:teuthology.orchestra.run.smithi159.stdout:/usr/bin/ceph: stderr
2024-09-15T23:59:15.699+0000 7f6fdc4d1640 1 -- start start
2024-09-15T23:59:16.701 INFO:teuthology.orchestra.run.smithi159.stdout:/usr/bin/ceph: stderr
2024-09-15T23:59:15.699+0000 7f6fdc4d1640 1 --2- >> [v2:172.21.15.159:3300/0,v1:172.21.15.159:6789/0] conn(0x7f6fd41059b0 0x7f6fd4190be0 unknown :-1 s=NONE pgs=0 cs=0 l=1 rev1=0 crypto rx=0 tx=0 comp rx=0 tx=0).connect
2024-09-15T23:59:16.701 INFO:teuthology.orchestra.run.smithi159.stdout:/usr/bin/ceph: stderr
2024-09-15T23:59:15.699+0000 7f6fdc4d1640 1 -- --> [v2:172.21.15.159:3300/0,v1:172.21.15.159:6789/0] -- mon_getmap magic: 0 -- 0x7f6fd4109f60 con 0x7f6fd41059b0
2024-09-15T23:59:16.701 INFO:teuthology.orchestra.run.smithi159.stdout:/usr/bin/ceph: stderr
2024-09-15T23:59:15.703+0000 7f6fda26d640 1 --2- >> [v2:172.21.15.159:3300/0,v1:172.21.15.159:6789/0] conn(0x7f6fd41059b0 0x7f6fd4190be0 unknown :-1 s=BANNER_CONNECTING pgs=0 cs=0 l=1 rev1=0 crypto rx=0 tx=0 comp rx=0 tx=0)._handle_peer_banner_payload supported=3 required=0
2024-09-15T23:59:16.702 INFO:teuthology.orchestra.run.smithi159.stdout:/usr/bin/ceph: stderr
2024-09-15T23:59:15.703+0000 7f6fda26d640 1 --2- >> [v2:172.21.15.159:3300/0,v1:172.21.15.159:6789/0] conn(0x7f6fd41059b0 0x7f6fd4190be0 unknown :-1 s=HELLO_CONNECTING pgs=0 cs=0 l=1 rev1=1 crypto rx=0 tx=0 comp rx=0 tx=0).handle_hello peer v2:172.21.15.159:3300/0 says I am v2:172.21.15.159:40032/0 (socket says 172.21.15.159:40032)
2024-09-15T23:59:16.702 INFO:teuthology.orchestra.run.smithi159.stdout:/usr/bin/ceph: stderr
2024-09-15T23:59:15.703+0000 7f6fda26d640 1 -- 172.21.15.159:0/4251716486 learned_addr learned my addr 172.21.15.159:0/4251716486 (peer_addr_for_me v2:172.21.15.159:0/0)
2024-09-15T23:59:16.702 INFO:teuthology.orchestra.run.smithi159.stdout:/usr/bin/ceph: stderr
2024-09-15T23:59:15.703+0000 7f6fda26d640 1 -- 172.21.15.159:0/4251716486 --> [v2:172.21.15.159:3300/0,v1:172.21.15.159:6789/0] -- mon_subscribe({config=0+,monmap=0+}) -- 0x7f6fd4191120 con 0x7f6fd41059b0
2024-09-15T23:59:16.702 INFO:teuthology.orchestra.run.smithi159.stdout:/usr/bin/ceph: stderr
2024-09-15T23:59:15.703+0000 7f6fda26d640 1 --2- 172.21.15.159:0/4251716486 >> [v2:172.21.15.159:3300/0,v1:172.21.15.159:6789/0] conn(0x7f6fd41059b0 0x7f6fd4190be0 secure :-1 s=READY pgs=25 cs=0 l=1 rev1=1 crypto rx=0x7f6fd0030520 tx=0x7f6fd0032dd0 comp rx=0 tx=0).ready entity=mon.0 client_cookie=0 server_cookie=0 in_seq=0 out_seq=0
2024-09-15T23:59:16.702 INFO:teuthology.orchestra.run.smithi159.stdout:/usr/bin/ceph: stderr
2024-09-15T23:59:15.703+0000 7f6fcb7fe640 1 -- 172.21.15.159:0/4251716486 <== mon.0 v2:172.21.15.159:3300/0 1 ==== mon_map magic: 0 ==== 205+0+0 (secure 0 0 0) 0x7f6fd0042070 con 0x7f6fd41059b0
2024-09-15T23:59:16.702 INFO:teuthology.orchestra.run.smithi159.stdout:/usr/bin/ceph: stderr
2024-09-15T23:59:15.703+0000 7f6fdc4d1640 1 -- 172.21.15.159:0/4251716486 --> [v2:172.21.15.159:3300/0,v1:172.21.15.159:6789/0] -- mon_subscribe({mgrmap=0+}) -- 0x7f6fd418f310 con 0x7f6fd41059b0
2024-09-15T23:59:16.702 INFO:teuthology.orchestra.run.smithi159.stdout:/usr/bin/ceph: stderr
2024-09-15T23:59:15.703+0000 7f6fcb7fe640 1 -- 172.21.15.159:0/4251716486 <== mon.0 v2:172.21.15.159:3300/0 2 ==== config(26 keys) ==== 1071+0+0 (secure 0 0 0) 0x7f6fd0030cc0 con 0x7f6fd41059b0
2024-09-15T23:59:16.702 INFO:teuthology.orchestra.run.smithi159.stdout:/usr/bin/ceph: stderr
2024-09-15T23:59:15.703+0000 7f6fcb7fe640 1 -- 172.21.15.159:0/4251716486 <== mon.0 v2:172.21.15.159:3300/0 3 ==== mon_map magic: 0 ==== 205+0+0 (secure 0 0 0) 0x7f6fd0037040 con 0x7f6fd41059b0
2024-09-15T23:59:16.703 INFO:teuthology.orchestra.run.smithi159.stdout:/usr/bin/ceph: stderr
2024-09-15T23:59:15.703+0000 7f6fdc4d1640 1 -- 172.21.15.159:0/4251716486 --> [v2:172.21.15.159:3300/0,v1:172.21.15.159:6789/0] -- mon_subscribe({osdmap=0}) -- 0x7f6fd418f850 con 0x7f6fd41059b0
2024-09-15T23:59:16.703 INFO:teuthology.orchestra.run.smithi159.stdout:/usr/bin/ceph: stderr
2024-09-15T23:59:15.703+0000 7f6fcb7fe640 1 -- 172.21.15.159:0/4251716486 <== mon.0 v2:172.21.15.159:3300/0 4 ==== mgrmap(e 5) ==== 46461+0+0 (secure 0 0 0) 0x7f6fd0045070 con 0x7f6fd41059b0
2024-09-15T23:59:16.703 INFO:teuthology.orchestra.run.smithi159.stdout:/usr/bin/ceph: stderr
2024-09-15T23:59:15.703+0000 7f6fcb7fe640 1 --2- 172.21.15.159:0/4251716486 >> [v2:172.21.15.159:6800/3935564446,v1:172.21.15.159:6801/3935564446] conn(0x7f6fc0039200 0x7f6fc003b6c0 unknown :-1 s=NONE pgs=0 cs=0 l=1 rev1=0 crypto rx=0 tx=0 comp rx=0 tx=0).connect
2024-09-15T23:59:16.703 INFO:teuthology.orchestra.run.smithi159.stdout:/usr/bin/ceph: stderr
2024-09-15T23:59:15.703+0000 7f6fcb7fe640 1 -- 172.21.15.159:0/4251716486 <== mon.0 v2:172.21.15.159:3300/0 5 ==== osd_map(1..1 src has 1..1) ==== 725+0+0 (secure 0 0 0) 0x7f6fd006c210 con 0x7f6fd41059b0
2024-09-15T23:59:16.703 INFO:teuthology.orchestra.run.smithi159.stdout:/usr/bin/ceph: stderr
2024-09-15T23:59:15.703+0000 7f6fd9a6c640 1 -- 172.21.15.159:0/4251716486 >> [v2:172.21.15.159:6800/3935564446,v1:172.21.15.159:6801/3935564446] conn(0x7f6fc0039200 msgr2=0x7f6fc003b6c0 unknown :-1 s=STATE_CONNECTING_RE l=1).process reconnect failed to v2:172.21.15.159:6800/3935564446
2024-09-15T23:59:16.703 INFO:teuthology.orchestra.run.smithi159.stdout:/usr/bin/ceph: stderr
2024-09-15T23:59:15.703+0000 7f6fd9a6c640 1 --2- 172.21.15.159:0/4251716486 >> [v2:172.21.15.159:6800/3935564446,v1:172.21.15.159:6801/3935564446] conn(0x7f6fc0039200 0x7f6fc003b6c0 unknown :-1 s=START_CONNECT pgs=0 cs=0 l=1 rev1=0 crypto rx=0 tx=0 comp rx=0 tx=0)._fault waiting 0.200000
2024-09-15T23:59:16.703 INFO:teuthology.orchestra.run.smithi159.stdout:/usr/bin/ceph: stderr
2024-09-15T23:59:15.703+0000 7f6fdc4d1640 1 -- 172.21.15.159:0/4251716486 --> [v2:172.21.15.159:3300/0,v1:172.21.15.159:6789/0] -- mon_command({"prefix": "get_command_descriptions"} v 0) -- 0x7f6fd410a0e0 con 0x7f6fd41059b0
2024-09-15T23:59:16.703 INFO:teuthology.orchestra.run.smithi159.stdout:/usr/bin/ceph: stderr
2024-09-15T23:59:15.707+0000 7f6fcb7fe640 1 -- 172.21.15.159:0/4251716486 <== mon.0 v2:172.21.15.159:3300/0 6 ==== mon_command_ack([{"prefix": "get_command_descriptions"}]=0 v0) ==== 72+0+188821 (secure 0 0 0) 0x7f6fd0045360 con 0x7f6fd41059b0
2024-09-15T23:59:16.703 INFO:teuthology.orchestra.run.smithi159.stdout:/usr/bin/ceph: stderr
2024-09-15T23:59:15.907+0000 7f6fd9a6c640 1 -- 172.21.15.159:0/4251716486 >> [v2:172.21.15.159:6800/3935564446,v1:172.21.15.159:6801/3935564446] conn(0x7f6fc0039200 msgr2=0x7f6fc003b6c0 unknown :-1 s=STATE_CONNECTING_RE l=1).process reconnect failed to v2:172.21.15.159:6800/3935564446
2024-09-15T23:59:16.703 INFO:teuthology.orchestra.run.smithi159.stdout:/usr/bin/ceph: stderr
2024-09-15T23:59:15.907+0000 7f6fd9a6c640 1 --2- 172.21.15.159:0/4251716486 >> [v2:172.21.15.159:6800/3935564446,v1:172.21.15.159:6801/3935564446] conn(0x7f6fc0039200 0x7f6fc003b6c0 unknown :-1 s=START_CONNECT pgs=0 cs=0 l=1 rev1=0 crypto rx=0 tx=0 comp rx=0 tx=0)._fault waiting 0.400000
2024-09-15T23:59:16.704 INFO:teuthology.orchestra.run.smithi159.stdout:/usr/bin/ceph: stderr
2024-09-15T23:59:16.131+0000 7f6fdc4d1640 1 -- 172.21.15.159:0/4251716486 --> [v2:172.21.15.159:3300/0,v1:172.21.15.159:6789/0] -- mon_command({"prefix": "mgr stat"} v 0) -- 0x7f6fd4105e30 con 0x7f6fd41059b0
2024-09-15T23:59:16.704 INFO:teuthology.orchestra.run.smithi159.stdout:/usr/bin/ceph: stderr
2024-09-15T23:59:16.131+0000 7f6fcb7fe640 1 -- 172.21.15.159:0/4251716486 <== mon.0 v2:172.21.15.159:3300/0 7 ==== mon_command_ack([{"prefix": "mgr stat"}]=0 v5) ==== 56+0+88 (secure 0 0 0) 0x7f6fd0046dd0 con 0x7f6fd41059b0
2024-09-15T23:59:16.704 INFO:teuthology.orchestra.run.smithi159.stdout:/usr/bin/ceph: stderr
2024-09-15T23:59:16.131+0000 7f6fdc4d1640 1 -- 172.21.15.159:0/4251716486 >> [v2:172.21.15.159:6800/3935564446,v1:172.21.15.159:6801/3935564446] conn(0x7f6fc0039200 msgr2=0x7f6fc003b6c0 unknown :-1 s=STATE_CONNECTING l=1).mark_down
2024-09-15T23:59:16.704 INFO:teuthology.orchestra.run.smithi159.stdout:/usr/bin/ceph: stderr
2024-09-15T23:59:16.131+0000 7f6fdc4d1640 1 --2- 172.21.15.159:0/4251716486 >> [v2:172.21.15.159:6800/3935564446,v1:172.21.15.159:6801/3935564446] conn(0x7f6fc0039200 0x7f6fc003b6c0 unknown :-1 s=START_CONNECT pgs=0 cs=0 l=1 rev1=0 crypto rx=0 tx=0 comp rx=0 tx=0).stop
2024-09-15T23:59:16.704 INFO:teuthology.orchestra.run.smithi159.stdout:/usr/bin/ceph: stderr
2024-09-15T23:59:16.131+0000 7f6fdc4d1640 1 -- 172.21.15.159:0/4251716486 >> [v2:172.21.15.159:3300/0,v1:172.21.15.159:6789/0] conn(0x7f6fd41059b0 msgr2=0x7f6fd4190be0 secure :-1 s=STATE_CONNECTION_ESTABLISHED l=1).mark_down
2024-09-15T23:59:16.704 INFO:teuthology.orchestra.run.smithi159.stdout:/usr/bin/ceph: stderr
2024-09-15T23:59:16.131+0000 7f6fdc4d1640 1 --2- 172.21.15.159:0/4251716486 >> [v2:172.21.15.159:3300/0,v1:172.21.15.159:6789/0] conn(0x7f6fd41059b0 0x7f6fd4190be0 secure :-1 s=READY pgs=25 cs=0 l=1 rev1=1 crypto rx=0x7f6fd0030520 tx=0x7f6fd0032dd0 comp rx=0 tx=0).stop
2024-09-15T23:59:16.704 INFO:teuthology.orchestra.run.smithi159.stdout:/usr/bin/ceph: stderr
2024-09-15T23:59:16.131+0000 7f6fdc4d1640 1 -- 172.21.15.159:0/4251716486 shutdown_connections
2024-09-15T23:59:16.704 INFO:journalctl@ceph.mgr.x.smithi159.stdout:Sep 15 23:59:16 smithi159 bash[23045]: debug
2024-09-15T23:59:16.431+0000 7f719c1f3040 -1 mgr[py] Module progress has missing NOTIFY_TYPES member
2024-09-15T23:59:16.705 INFO:journalctl@ceph.mgr.x.smithi159.stdout:Sep 15 23:59:16 smithi159 bash[23045]: debug
2024-09-15T23:59:16.615+0000 7f719c1f3040 -1 mgr[py] Module rgw has missing NOTIFY_TYPES member
2024-09-15T23:59:16.705 INFO:journalctl@ceph.mgr.x.smithi159.stdout:Sep 15 23:59:16 smithi159 bash[23045]: debug
2024-09-15T23:59:16.695+0000 7f719c1f3040 -1 mgr[py] Module crash has missing NOTIFY_TYPES member
2024-09-15T23:59:16.706 INFO:teuthology.orchestra.run.smithi159.stdout:/usr/bin/ceph: stderr
2024-09-15T23:59:16.131+0000 7f6fdc4d1640 1 --2- 172.21.15.159:0/4251716486 >> [v2:172.21.15.159:6800/3935564446,v1:172.21.15.159:6801/3935564446] conn(0x7f6fc0039200 0x7f6fc003b6c0 unknown :-1 s=CLOSED pgs=0 cs=0 l=1 rev1=0 crypto rx=0 tx=0 comp rx=0 tx=0).stop
2024-09-15T23:59:16.706 INFO:teuthology.orchestra.run.smithi159.stdout:/usr/bin/ceph: stderr
2024-09-15T23:59:16.131+0000 7f6fdc4d1640 1 --2- 172.21.15.159:0/4251716486 >> [v2:172.21.15.159:3300/0,v1:172.21.15.159:6789/0] conn(0x7f6fd41059b0 0x7f6fd4190be0 unknown :-1 s=CLOSED pgs=25 cs=0 l=1 rev1=1 crypto rx=0 tx=0 comp rx=0 tx=0).stop
2024-09-15T23:59:16.706 INFO:teuthology.orchestra.run.smithi159.stdout:/usr/bin/ceph: stderr
2024-09-15T23:59:16.131+0000 7f6fdc4d1640 1 -- 172.21.15.159:0/4251716486 >> 172.21.15.159:0/4251716486 conn(0x7f6fd4101100 msgr2=0x7f6fd4079890 unknown :-1 s=STATE_NONE l=0).mark_down
2024-09-15T23:59:16.706 INFO:teuthology.orchestra.run.smithi159.stdout:/usr/bin/ceph: stderr
2024-09-15T23:59:16.131+0000 7f6fdc4d1640 1 -- 172.21.15.159:0/4251716486 shutdown_connections
2024-09-15T23:59:16.706 INFO:teuthology.orchestra.run.smithi159.stdout:/usr/bin/ceph: stderr
2024-09-15T23:59:16.131+0000 7f6fdc4d1640 1 -- 172.21.15.159:0/4251716486 wait complete.
2024-09-15T23:59:16.706 INFO:teuthology.orchestra.run.smithi159.stdout:Waiting for the mgr to restart...
2024-09-15T23:59:16.706 INFO:teuthology.orchestra.run.smithi159.stdout:Waiting for mgr epoch 5...
2024-09-15T23:59:17.022 INFO:journalctl@ceph.mgr.x.smithi159.stdout:Sep 15 23:59:16 smithi159 bash[23045]: debug
2024-09-15T23:59:16.767+0000 7f719c1f3040 -1 mgr[py] Module telegraf has missing NOTIFY_TYPES member
2024-09-15T23:59:17.286 INFO:journalctl@ceph.mgr.x.smithi159.stdout:Sep 15 23:59:17 smithi159 bash[23045]: debug
2024-09-15T23:59:17.023+0000 7f719c1f3040 -1 mgr[py] Module pg_autoscaler has missing NOTIFY_TYPES member
2024-09-15T23:59:17.287 INFO:journalctl@ceph.mgr.x.smithi159.stdout:Sep 15 23:59:17 smithi159 bash[23045]: debug
2024-09-15T23:59:17.091+0000 7f719c1f3040 -1 mgr[py] Module zabbix has missing NOTIFY_TYPES member
2024-09-15T23:59:17.546 INFO:journalctl@ceph.mgr.x.smithi159.stdout:Sep 15 23:59:17 smithi159 bash[23045]: debug
2024-09-15T23:59:17.287+0000 7f719c1f3040 -1 mgr[py] Module nfs has missing NOTIFY_TYPES member
2024-09-15T23:59:17.546 INFO:journalctl@ceph.mgr.x.smithi159.stdout:Sep 15 23:59:17 smithi159 bash[23045]: debug
2024-09-15T23:59:17.363+0000 7f719c1f3040 -1 mgr[py] Module balancer has missing NOTIFY_TYPES member
2024-09-15T23:59:17.966 INFO:journalctl@ceph.mgr.x.smithi159.stdout:Sep 15 23:59:17 smithi159 bash[23045]: debug
2024-09-15T23:59:17.611+0000 7f719c1f3040 -1 mgr[py] Module diskprediction_local has missing NOTIFY_TYPES member
2024-09-15T23:59:17.966 INFO:journalctl@ceph.mgr.x.smithi159.stdout:Sep 15 23:59:17 smithi159 bash[23045]: debug
2024-09-15T23:59:17.795+0000 7f719c1f3040 -1 mgr[py] Module orchestrator has missing NOTIFY_TYPES member
2024-09-15T23:59:18.221 INFO:journalctl@ceph.mgr.x.smithi159.stdout:Sep 15 23:59:17 smithi159 bash[23045]: debug
2024-09-15T23:59:17.963+0000 7f719c1f3040 -1 mgr[py] Module rbd_support has missing NOTIFY_TYPES member
2024-09-15T23:59:18.221 INFO:journalctl@ceph.mgr.x.smithi159.stdout:Sep 15 23:59:18 smithi159 bash[23045]: debug
2024-09-15T23:59:18.043+0000 7f719c1f3040 -1 mgr[py] Module alerts has missing NOTIFY_TYPES member
2024-09-15T23:59:18.545 INFO:journalctl@ceph.mgr.x.smithi159.stdout:Sep 15 23:59:18 smithi159 bash[23045]: debug
2024-09-15T23:59:18.219+0000 7f719c1f3040 -1 mgr[py] Module test_orchestrator has missing NOTIFY_TYPES member
2024-09-15T23:59:19.358 INFO:journalctl@ceph.mgr.x.smithi159.stdout:Sep 15 23:59:19 smithi159 bash[23045]: debug
2024-09-15T23:59:19.063+0000 7f719c1f3040 -1 mgr[py] Module influx has missing NOTIFY_TYPES member
2024-09-15T23:59:19.359 INFO:journalctl@ceph.mgr.x.smithi159.stdout:Sep 15 23:59:19 smithi159 bash[23045]: debug
2024-09-15T23:59:19.135+0000 7f719c1f3040 -1 mgr[py] Module status has missing NOTIFY_TYPES member
2024-09-15T23:59:19.796 INFO:journalctl@ceph.mgr.x.smithi159.stdout:Sep 15 23:59:19 smithi159 bash[23045]: debug
2024-09-15T23:59:19.359+0000 7f719c1f3040 -1 mgr[py] Module volumes has missing NOTIFY_TYPES member
2024-09-15T23:59:19.796 INFO:journalctl@ceph.mgr.x.smithi159.stdout:Sep 15 23:59:19 smithi159 bash[23045]: debug
2024-09-15T23:59:19.431+0000 7f719c1f3040 -1 mgr[py] Module osd_perf_query has missing NOTIFY_TYPES member
2024-09-15T23:59:20.296 INFO:journalctl@ceph.mgr.x.smithi159.stdout:Sep 15 23:59:19 smithi159 bash[23045]: debug
2024-09-15T23:59:19.815+0000 7f719c1f3040 -1 mgr[py] Module prometheus has missing NOTIFY_TYPES member
2024-09-15T23:59:20.296 INFO:journalctl@ceph.mgr.x.smithi159.stdout:Sep 15 23:59:19 smithi159 bash[23045]: debug
2024-09-15T23:59:19.895+0000 7f719c1f3040 -1 mgr[py] Module snap_schedule has missing NOTIFY_TYPES member
2024-09-15T23:59:20.296 INFO:journalctl@ceph.mon.a.smithi159.stdout:Sep 15 23:59:19 smithi159 bash[22792]: cluster
2024-09-15T23:59:19.918626+0000 mon.a (mon.0) 36 : cluster [INF] Active manager daemon x restarted
2024-09-15T23:59:20.296 INFO:journalctl@ceph.mon.a.smithi159.stdout:Sep 15 23:59:19 smithi159 bash[22792]: cluster
2024-09-15T23:59:19.919067+0000 mon.a (mon.0) 37 : cluster [INF] Activating manager daemon x
2024-09-15T23:59:20.296 INFO:journalctl@ceph.mon.a.smithi159.stdout:Sep 15 23:59:19 smithi159 bash[22792]: cluster
2024-09-15T23:59:19.925303+0000 mon.a (mon.0) 38 : cluster [DBG] osdmap e2: 0 total, 0 up, 0 in
2024-09-15T23:59:20.296 INFO:journalctl@ceph.mon.a.smithi159.stdout:Sep 15 23:59:19 smithi159 bash[22792]: cluster
2024-09-15T23:59:19.925515+0000 mon.a (mon.0) 39 : cluster [DBG] mgrmap e6: x(active, starting, since 0.00661896s)
2024-09-15T23:59:20.296 INFO:journalctl@ceph.mon.a.smithi159.stdout:Sep 15 23:59:19 smithi159 bash[22792]: audit
2024-09-15T23:59:19.928803+0000 mon.a (mon.0) 40 : audit [DBG] from='mgr.14118 172.21.15.159:0/957414695' entity='mgr.x' cmd=[{"prefix": "mon metadata", "id": "a"}]: dispatch
2024-09-15T23:59:20.297 INFO:journalctl@ceph.mon.a.smithi159.stdout:Sep 15 23:59:19 smithi159 bash[22792]: audit
2024-09-15T23:59:19.930006+0000 mon.a (mon.0) 41 : audit [DBG] from='mgr.14118 172.21.15.159:0/957414695' entity='mgr.x' cmd=[{"prefix": "mgr metadata", "who": "x", "id": "x"}]: dispatch
2024-09-15T23:59:20.297 INFO:journalctl@ceph.mon.a.smithi159.stdout:Sep 15 23:59:19 smithi159 bash[22792]: audit
2024-09-15T23:59:19.930735+0000 mon.a (mon.0) 42 : audit [DBG] from='mgr.14118 172.21.15.159:0/957414695' entity='mgr.x' cmd=[{"prefix": "mds metadata"}]: dispatch
2024-09-15T23:59:20.297 INFO:journalctl@ceph.mon.a.smithi159.stdout:Sep 15 23:59:19 smithi159 bash[22792]: audit
2024-09-15T23:59:19.931067+0000 mon.a (mon.0) 43 : audit [DBG] from='mgr.14118 172.21.15.159:0/957414695' entity='mgr.x' cmd=[{"prefix": "osd metadata"}]: dispatch
2024-09-15T23:59:20.297 INFO:journalctl@ceph.mon.a.smithi159.stdout:Sep 15 23:59:19 smithi159 bash[22792]: audit
2024-09-15T23:59:19.931375+0000 mon.a (mon.0) 44 : audit [DBG] from='mgr.14118 172.21.15.159:0/957414695' entity='mgr.x' cmd=[{"prefix": "mon metadata"}]: dispatch
2024-09-15T23:59:20.297 INFO:journalctl@ceph.mon.a.smithi159.stdout:Sep 15 23:59:19 smithi159 bash[22792]: cluster
2024-09-15T23:59:19.954848+0000 mon.a (mon.0) 45 : cluster [INF] Manager daemon x is now available
2024-09-15T23:59:21.296 INFO:journalctl@ceph.mon.a.smithi159.stdout:Sep 15 23:59:20 smithi159 bash[22792]: cephadm
2024-09-15T23:59:19.966587+0000 mgr.x (mgr.14118) 1 : cephadm [INF] Found migration_current of "None". Setting to last migration.
2024-09-15T23:59:21.296 INFO:journalctl@ceph.mon.a.smithi159.stdout:Sep 15 23:59:20 smithi159 bash[22792]: audit
2024-09-15T23:59:19.971385+0000 mon.a (mon.0) 46 : audit [INF] from='mgr.14118 172.21.15.159:0/957414695' entity='mgr.x'
2024-09-15T23:59:21.296 INFO:journalctl@ceph.mon.a.smithi159.stdout:Sep 15 23:59:20 smithi159 bash[22792]: audit
2024-09-15T23:59:19.983380+0000 mon.a (mon.0) 47 : audit [INF] from='mgr.14118 172.21.15.159:0/957414695' entity='mgr.x'
2024-09-15T23:59:21.296 INFO:journalctl@ceph.mon.a.smithi159.stdout:Sep 15 23:59:20 smithi159 bash[22792]: audit
2024-09-15T23:59:19.986542+0000 mon.a (mon.0) 48 : audit [DBG] from='mgr.14118 172.21.15.159:0/957414695' entity='mgr.x' cmd=[{"prefix": "config dump", "format": "json"}]: dispatch
2024-09-15T23:59:21.297 INFO:journalctl@ceph.mon.a.smithi159.stdout:Sep 15 23:59:20 smithi159 bash[22792]: audit
2024-09-15T23:59:19.989311+0000 mon.a (mon.0) 49 : audit [DBG] from='mgr.14118 172.21.15.159:0/957414695' entity='mgr.x' cmd=[{"prefix": "config dump", "format": "json"}]: dispatch
2024-09-15T23:59:21.297 INFO:journalctl@ceph.mon.a.smithi159.stdout:Sep 15 23:59:20 smithi159 bash[22792]: audit
2024-09-15T23:59:19.999731+0000 mon.a (mon.0) 50 : audit [INF] from='mgr.14118 172.21.15.159:0/957414695' entity='mgr.x' cmd=[{"prefix":"config rm","who":"mgr","name":"mgr/rbd_support/x/mirror_snapshot_schedule"}]: dispatch
2024-09-15T23:59:21.297 INFO:journalctl@ceph.mon.a.smithi159.stdout:Sep 15 23:59:20 smithi159 bash[22792]: audit
2024-09-15T23:59:20.001880+0000 mon.a (mon.0) 51 : audit [INF] from='mgr.14118 172.21.15.159:0/957414695' entity='mgr.x' cmd=[{"prefix":"config rm","who":"mgr","name":"mgr/rbd_support/x/trash_purge_schedule"}]: dispatch
2024-09-15T23:59:21.297 INFO:journalctl@ceph.mon.a.smithi159.stdout:Sep 15 23:59:20 smithi159 bash[22792]: audit
2024-09-15T23:59:20.414777+0000 mon.a (mon.0) 52 : audit [INF] from='mgr.14118 172.21.15.159:0/957414695' entity='mgr.x'
2024-09-15T23:59:21.297 INFO:journalctl@ceph.mon.a.smithi159.stdout:Sep 15 23:59:20 smithi159 bash[22792]: audit
2024-09-15T23:59:20.419877+0000 mon.a (mon.0) 53 : audit [INF] from='mgr.14118 172.21.15.159:0/957414695' entity='mgr.x'
2024-09-15T23:59:21.297 INFO:journalctl@ceph.mon.a.smithi159.stdout:Sep 15 23:59:20 smithi159 bash[22792]: cluster
2024-09-15T23:59:20.930676+0000 mon.a (mon.0) 54 : cluster [DBG] mgrmap e7: x(active, since 1.01177s)
2024-09-15T23:59:21.590 INFO:teuthology.orchestra.run.smithi159.stdout:/usr/bin/ceph: stdout {
2024-09-15T23:59:21.590 INFO:teuthology.orchestra.run.smithi159.stdout:/usr/bin/ceph: stdout "mgrmap_epoch": 7,
2024-09-15T23:59:21.590 INFO:teuthology.orchestra.run.smithi159.stdout:/usr/bin/ceph: stdout "initialized": true
2024-09-15T23:59:21.590 INFO:teuthology.orchestra.run.smithi159.stdout:/usr/bin/ceph: stdout }
2024-09-15T23:59:21.590 INFO:teuthology.orchestra.run.smithi159.stdout:/usr/bin/ceph: stderr
2024-09-15T23:59:17.927+0000 7fb21bb0a640 1 Processor -- start
2024-09-15T23:59:21.591 INFO:teuthology.orchestra.run.smithi159.stdout:/usr/bin/ceph: stderr
2024-09-15T23:59:17.927+0000 7fb21bb0a640 1 -- start start
2024-09-15T23:59:21.591 INFO:teuthology.orchestra.run.smithi159.stdout:/usr/bin/ceph: stderr
2024-09-15T23:59:17.927+0000 7fb21bb0a640 1 --2- >> [v2:172.21.15.159:3300/0,v1:172.21.15.159:6789/0] conn(0x7fb214107580 0x7fb214109970 unknown :-1 s=NONE pgs=0 cs=0 l=0 rev1=0 crypto rx=0 tx=0 comp rx=0 tx=0).connect
2024-09-15T23:59:21.591 INFO:teuthology.orchestra.run.smithi159.stdout:/usr/bin/ceph: stderr
2024-09-15T23:59:17.927+0000 7fb21bb0a640 1 -- --> [v2:172.21.15.159:3300/0,v1:172.21.15.159:6789/0] -- mon_getmap magic: 0 -- 0x7fb214079e50 con 0x7fb214107580
2024-09-15T23:59:21.591 INFO:teuthology.orchestra.run.smithi159.stdout:/usr/bin/ceph: stderr
2024-09-15T23:59:17.927+0000 7fb2198a6640 1 --2- >> [v2:172.21.15.159:3300/0,v1:172.21.15.159:6789/0] conn(0x7fb214107580 0x7fb214109970 unknown :-1 s=BANNER_CONNECTING pgs=0 cs=0 l=0 rev1=0 crypto rx=0 tx=0 comp rx=0 tx=0)._handle_peer_banner_payload supported=3 required=0
2024-09-15T23:59:21.591 INFO:teuthology.orchestra.run.smithi159.stdout:/usr/bin/ceph: stderr
2024-09-15T23:59:17.927+0000 7fb2198a6640 1 --2- >> [v2:172.21.15.159:3300/0,v1:172.21.15.159:6789/0] conn(0x7fb214107580 0x7fb214109970 unknown :-1 s=HELLO_CONNECTING pgs=0 cs=0 l=0 rev1=1 crypto rx=0 tx=0 comp rx=0 tx=0).handle_hello peer v2:172.21.15.159:3300/0 says I am v2:172.21.15.159:40044/0 (socket says 172.21.15.159:40044)
2024-09-15T23:59:21.591 INFO:teuthology.orchestra.run.smithi159.stdout:/usr/bin/ceph: stderr
2024-09-15T23:59:17.927+0000 7fb2198a6640 1 -- 172.21.15.159:0/2548106283 learned_addr learned my addr 172.21.15.159:0/2548106283 (peer_addr_for_me v2:172.21.15.159:0/0)
2024-09-15T23:59:21.591 INFO:teuthology.orchestra.run.smithi159.stdout:/usr/bin/ceph: stderr
2024-09-15T23:59:17.927+0000 7fb2198a6640 1 -- 172.21.15.159:0/2548106283 --> [v2:172.21.15.159:3300/0,v1:172.21.15.159:6789/0] -- mon_subscribe({config=0+,monmap=0+}) -- 0x7fb214109eb0 con 0x7fb214107580
2024-09-15T23:59:21.591 INFO:teuthology.orchestra.run.smithi159.stdout:/usr/bin/ceph: stderr
2024-09-15T23:59:17.927+0000 7fb2198a6640 1 --2- 172.21.15.159:0/2548106283 >> [v2:172.21.15.159:3300/0,v1:172.21.15.159:6789/0] conn(0x7fb214107580 0x7fb214109970 secure :-1 s=READY pgs=26 cs=0 l=1 rev1=1 crypto rx=0x7fb210009820 tx=0x7fb21002a270 comp rx=0 tx=0).ready entity=mon.0 client_cookie=fb6f7344b63774fe server_cookie=0 in_seq=0 out_seq=0
2024-09-15T23:59:21.591 INFO:teuthology.orchestra.run.smithi159.stdout:/usr/bin/ceph: stderr
2024-09-15T23:59:17.927+0000 7fb2188a4640 1 -- 172.21.15.159:0/2548106283 <== mon.0 v2:172.21.15.159:3300/0 1 ==== mon_map magic: 0 ==== 205+0+0 (secure 0 0 0) 0x7fb210037070 con 0x7fb214107580
2024-09-15T23:59:21.591 INFO:teuthology.orchestra.run.smithi159.stdout:/usr/bin/ceph: stderr
2024-09-15T23:59:17.927+0000 7fb2188a4640 1 -- 172.21.15.159:0/2548106283 <== mon.0 v2:172.21.15.159:3300/0 2 ==== config(26 keys) ==== 1071+0+0 (secure 0 0 0) 0x7fb2100328d0 con 0x7fb214107580
2024-09-15T23:59:21.591 INFO:teuthology.orchestra.run.smithi159.stdout:/usr/bin/ceph: stderr
2024-09-15T23:59:17.927+0000 7fb2188a4640 1 -- 172.21.15.159:0/2548106283 <== mon.0 v2:172.21.15.159:3300/0 3 ==== mon_map magic: 0 ==== 205+0+0 (secure 0 0 0) 0x7fb2100307d0 con 0x7fb214107580
2024-09-15T23:59:21.591 INFO:teuthology.orchestra.run.smithi159.stdout:/usr/bin/ceph: stderr
2024-09-15T23:59:17.927+0000 7fb21bb0a640 1 -- 172.21.15.159:0/2548106283 >> [v2:172.21.15.159:3300/0,v1:172.21.15.159:6789/0] conn(0x7fb214107580 msgr2=0x7fb214109970 secure :-1 s=STATE_CONNECTION_ESTABLISHED l=1).mark_down
2024-09-15T23:59:21.591 INFO:teuthology.orchestra.run.smithi159.stdout:/usr/bin/ceph: stderr
2024-09-15T23:59:17.927+0000 7fb21bb0a640 1 --2- 172.21.15.159:0/2548106283 >> [v2:172.21.15.159:3300/0,v1:172.21.15.159:6789/0] conn(0x7fb214107580 0x7fb214109970 secure :-1 s=READY pgs=26 cs=0 l=1 rev1=1 crypto rx=0x7fb210009820 tx=0x7fb21002a270 comp rx=0 tx=0).stop
2024-09-15T23:59:21.592 INFO:teuthology.orchestra.run.smithi159.stdout:/usr/bin/ceph: stderr
2024-09-15T23:59:17.927+0000 7fb21bb0a640 1 -- 172.21.15.159:0/2548106283 shutdown_connections
2024-09-15T23:59:21.592 INFO:teuthology.orchestra.run.smithi159.stdout:/usr/bin/ceph: stderr
2024-09-15T23:59:17.927+0000 7fb21bb0a640 1 --2- 172.21.15.159:0/2548106283 >> [v2:172.21.15.159:3300/0,v1:172.21.15.159:6789/0] conn(0x7fb214107580 0x7fb214109970 unknown :-1 s=CLOSED pgs=26 cs=0 l=1 rev1=1 crypto rx=0 tx=0 comp rx=0 tx=0).stop
2024-09-15T23:59:21.592 INFO:teuthology.orchestra.run.smithi159.stdout:/usr/bin/ceph: stderr
2024-09-15T23:59:17.927+0000 7fb21bb0a640 1 -- 172.21.15.159:0/2548106283 >> 172.21.15.159:0/2548106283 conn(0x7fb214101100 msgr2=0x7fb214103580 unknown :-1 s=STATE_NONE l=0).mark_down
2024-09-15T23:59:21.592 INFO:teuthology.orchestra.run.smithi159.stdout:/usr/bin/ceph: stderr
2024-09-15T23:59:17.927+0000 7fb21bb0a640 1 -- 172.21.15.159:0/2548106283 shutdown_connections
2024-09-15T23:59:21.592 INFO:teuthology.orchestra.run.smithi159.stdout:/usr/bin/ceph: stderr
2024-09-15T23:59:17.927+0000 7fb21bb0a640 1 -- 172.21.15.159:0/2548106283 wait complete.
2024-09-15T23:59:21.592 INFO:teuthology.orchestra.run.smithi159.stdout:/usr/bin/ceph: stderr
2024-09-15T23:59:17.927+0000 7fb21bb0a640 1 Processor -- start
2024-09-15T23:59:21.592 INFO:teuthology.orchestra.run.smithi159.stdout:/usr/bin/ceph: stderr
2024-09-15T23:59:17.927+0000 7fb21bb0a640 1 -- start start
2024-09-15T23:59:21.592 INFO:teuthology.orchestra.run.smithi159.stdout:/usr/bin/ceph: stderr
2024-09-15T23:59:17.927+0000 7fb21bb0a640 1 --2- >> [v2:172.21.15.159:3300/0,v1:172.21.15.159:6789/0] conn(0x7fb214107580 0x7fb2141988a0 unknown :-1 s=NONE pgs=0 cs=0 l=1 rev1=0 crypto rx=0 tx=0 comp rx=0 tx=0).connect
2024-09-15T23:59:21.592 INFO:teuthology.orchestra.run.smithi159.stdout:/usr/bin/ceph: stderr
2024-09-15T23:59:17.927+0000 7fb21bb0a640 1 -- --> [v2:172.21.15.159:3300/0,v1:172.21.15.159:6789/0] -- mon_getmap magic: 0 -- 0x7fb214106120 con 0x7fb214107580
2024-09-15T23:59:21.592 INFO:teuthology.orchestra.run.smithi159.stdout:/usr/bin/ceph: stderr
2024-09-15T23:59:17.931+0000 7fb2198a6640 1 --2- >> [v2:172.21.15.159:3300/0,v1:172.21.15.159:6789/0] conn(0x7fb214107580 0x7fb2141988a0 unknown :-1 s=BANNER_CONNECTING pgs=0 cs=0 l=1 rev1=0 crypto rx=0 tx=0 comp rx=0 tx=0)._handle_peer_banner_payload supported=3 required=0
2024-09-15T23:59:21.592 INFO:teuthology.orchestra.run.smithi159.stdout:/usr/bin/ceph: stderr
2024-09-15T23:59:17.931+0000 7fb2198a6640 1 --2- >> [v2:172.21.15.159:3300/0,v1:172.21.15.159:6789/0] conn(0x7fb214107580 0x7fb2141988a0 unknown :-1 s=HELLO_CONNECTING pgs=0 cs=0 l=1 rev1=1 crypto rx=0 tx=0 comp rx=0 tx=0).handle_hello peer v2:172.21.15.159:3300/0 says I am v2:172.21.15.159:40058/0 (socket says 172.21.15.159:40058)
2024-09-15T23:59:21.592 INFO:teuthology.orchestra.run.smithi159.stdout:/usr/bin/ceph: stderr
2024-09-15T23:59:17.931+0000 7fb2198a6640 1 -- 172.21.15.159:0/1854821069 learned_addr learned my addr 172.21.15.159:0/1854821069 (peer_addr_for_me v2:172.21.15.159:0/0)
2024-09-15T23:59:21.593 INFO:teuthology.orchestra.run.smithi159.stdout:/usr/bin/ceph: stderr
2024-09-15T23:59:17.931+0000 7fb2198a6640 1 -- 172.21.15.159:0/1854821069 --> [v2:172.21.15.159:3300/0,v1:172.21.15.159:6789/0] -- mon_subscribe({config=0+,monmap=0+}) -- 0x7fb214198de0 con 0x7fb214107580
2024-09-15T23:59:21.593 INFO:teuthology.orchestra.run.smithi159.stdout:/usr/bin/ceph: stderr
2024-09-15T23:59:17.931+0000 7fb2198a6640 1 --2- 172.21.15.159:0/1854821069 >> [v2:172.21.15.159:3300/0,v1:172.21.15.159:6789/0] conn(0x7fb214107580 0x7fb2141988a0 secure :-1 s=READY pgs=27 cs=0 l=1 rev1=1 crypto rx=0x7fb210030520 tx=0x7fb210032dd0 comp rx=0 tx=0).ready entity=mon.0 client_cookie=0 server_cookie=0 in_seq=0 out_seq=0
2024-09-15T23:59:21.593 INFO:teuthology.orchestra.run.smithi159.stdout:/usr/bin/ceph: stderr
2024-09-15T23:59:17.931+0000 7fb20affd640 1 -- 172.21.15.159:0/1854821069 <== mon.0 v2:172.21.15.159:3300/0 1 ==== mon_map magic: 0 ==== 205+0+0 (secure 0 0 0) 0x7fb210042070 con 0x7fb214107580
2024-09-15T23:59:21.593 INFO:teuthology.orchestra.run.smithi159.stdout:/usr/bin/ceph: stderr
2024-09-15T23:59:17.931+0000 7fb20affd640 1 -- 172.21.15.159:0/1854821069 <== mon.0 v2:172.21.15.159:3300/0 2 ==== config(26 keys) ==== 1071+0+0 (secure 0 0 0) 0x7fb210030cc0 con 0x7fb214107580
2024-09-15T23:59:21.593 INFO:teuthology.orchestra.run.smithi159.stdout:/usr/bin/ceph: stderr
2024-09-15T23:59:17.931+0000 7fb20affd640 1 -- 172.21.15.159:0/1854821069 <== mon.0 v2:172.21.15.159:3300/0 3 ==== mon_map magic: 0 ==== 205+0+0 (secure 0 0 0) 0x7fb210037040 con 0x7fb214107580
2024-09-15T23:59:21.593 INFO:teuthology.orchestra.run.smithi159.stdout:/usr/bin/ceph: stderr
2024-09-15T23:59:17.931+0000 7fb21bb0a640 1 -- 172.21.15.159:0/1854821069 --> [v2:172.21.15.159:3300/0,v1:172.21.15.159:6789/0] -- mon_subscribe({mgrmap=0+}) -- 0x7fb214199070 con 0x7fb214107580
2024-09-15T23:59:21.593 INFO:teuthology.orchestra.run.smithi159.stdout:/usr/bin/ceph: stderr
2024-09-15T23:59:17.931+0000 7fb21bb0a640 1 -- 172.21.15.159:0/1854821069 --> [v2:172.21.15.159:3300/0,v1:172.21.15.159:6789/0] -- mon_subscribe({osdmap=0}) -- 0x7fb21419bd60 con 0x7fb214107580
2024-09-15T23:59:21.593 INFO:teuthology.orchestra.run.smithi159.stdout:/usr/bin/ceph: stderr
2024-09-15T23:59:17.931+0000 7fb20affd640 1 -- 172.21.15.159:0/1854821069 <== mon.0 v2:172.21.15.159:3300/0 4 ==== mgrmap(e 5) ==== 46461+0+0 (secure 0 0 0) 0x7fb210045070 con 0x7fb214107580
2024-09-15T23:59:21.593 INFO:teuthology.orchestra.run.smithi159.stdout:/usr/bin/ceph: stderr
2024-09-15T23:59:17.931+0000 7fb20affd640 1 --2- 172.21.15.159:0/1854821069 >> [v2:172.21.15.159:6800/3935564446,v1:172.21.15.159:6801/3935564446] conn(0x7fb20003d610 0x7fb20003fad0 unknown :-1 s=NONE pgs=0 cs=0 l=1 rev1=0 crypto rx=0 tx=0 comp rx=0 tx=0).connect
2024-09-15T23:59:21.593 INFO:teuthology.orchestra.run.smithi159.stdout:/usr/bin/ceph: stderr
2024-09-15T23:59:17.931+0000 7fb20affd640 1 -- 172.21.15.159:0/1854821069 --> [v2:172.21.15.159:6800/3935564446,v1:172.21.15.159:6801/3935564446] -- command(tid 0: {"prefix": "get_command_descriptions"}) -- 0x7fb2000401e0 con 0x7fb20003d610
2024-09-15T23:59:21.593 INFO:teuthology.orchestra.run.smithi159.stdout:/usr/bin/ceph: stderr
2024-09-15T23:59:17.931+0000 7fb20affd640 1 -- 172.21.15.159:0/1854821069 <== mon.0 v2:172.21.15.159:3300/0 5 ==== osd_map(1..1 src has 1..1) ==== 725+0+0 (secure 0 0 0) 0x7fb21006c220 con 0x7fb214107580
2024-09-15T23:59:21.593 INFO:teuthology.orchestra.run.smithi159.stdout:/usr/bin/ceph: stderr
2024-09-15T23:59:17.931+0000 7fb2190a5640 1 -- 172.21.15.159:0/1854821069 >> [v2:172.21.15.159:6800/3935564446,v1:172.21.15.159:6801/3935564446] conn(0x7fb20003d610 msgr2=0x7fb20003fad0 unknown :-1 s=STATE_CONNECTING_RE l=1).process reconnect failed to v2:172.21.15.159:6800/3935564446
2024-09-15T23:59:21.593 INFO:teuthology.orchestra.run.smithi159.stdout:/usr/bin/ceph: stderr
2024-09-15T23:59:17.931+0000 7fb2190a5640 1 --2- 172.21.15.159:0/1854821069 >> [v2:172.21.15.159:6800/3935564446,v1:172.21.15.159:6801/3935564446] conn(0x7fb20003d610 0x7fb20003fad0 unknown :-1 s=START_CONNECT pgs=0 cs=0 l=1 rev1=0 crypto rx=0 tx=0 comp rx=0 tx=0)._fault waiting 0.200000
2024-09-15T23:59:21.593 INFO:teuthology.orchestra.run.smithi159.stdout:/usr/bin/ceph: stderr
2024-09-15T23:59:18.135+0000 7fb2190a5640 1 -- 172.21.15.159:0/1854821069 >> [v2:172.21.15.159:6800/3935564446,v1:172.21.15.159:6801/3935564446] conn(0x7fb20003d610 msgr2=0x7fb20003fad0 unknown :-1 s=STATE_CONNECTING_RE l=1).process reconnect failed to v2:172.21.15.159:6800/3935564446
2024-09-15T23:59:21.594 INFO:teuthology.orchestra.run.smithi159.stdout:/usr/bin/ceph: stderr
2024-09-15T23:59:18.135+0000 7fb2190a5640 1 --2- 172.21.15.159:0/1854821069 >> [v2:172.21.15.159:6800/3935564446,v1:172.21.15.159:6801/3935564446] conn(0x7fb20003d610 0x7fb20003fad0 unknown :-1 s=START_CONNECT pgs=0 cs=0 l=1 rev1=0 crypto rx=0 tx=0 comp rx=0 tx=0)._fault waiting 0.400000
2024-09-15T23:59:21.594 INFO:teuthology.orchestra.run.smithi159.stdout:/usr/bin/ceph: stderr
2024-09-15T23:59:18.539+0000 7fb2190a5640 1 -- 172.21.15.159:0/1854821069 >> [v2:172.21.15.159:6800/3935564446,v1:172.21.15.159:6801/3935564446] conn(0x7fb20003d610 msgr2=0x7fb20003fad0 unknown :-1 s=STATE_CONNECTING_RE l=1).process reconnect failed to v2:172.21.15.159:6800/3935564446
2024-09-15T23:59:21.594 INFO:teuthology.orchestra.run.smithi159.stdout:/usr/bin/ceph: stderr
2024-09-15T23:59:18.539+0000 7fb2190a5640 1 --2- 172.21.15.159:0/1854821069 >> [v2:172.21.15.159:6800/3935564446,v1:172.21.15.159:6801/3935564446] conn(0x7fb20003d610 0x7fb20003fad0 unknown :-1 s=START_CONNECT pgs=0 cs=0 l=1 rev1=0 crypto rx=0 tx=0 comp rx=0 tx=0)._fault waiting 0.800000
2024-09-15T23:59:21.594 INFO:teuthology.orchestra.run.smithi159.stdout:/usr/bin/ceph: stderr
2024-09-15T23:59:19.343+0000 7fb2190a5640 1 -- 172.21.15.159:0/1854821069 >> [v2:172.21.15.159:6800/3935564446,v1:172.21.15.159:6801/3935564446] conn(0x7fb20003d610 msgr2=0x7fb20003fad0 unknown :-1 s=STATE_CONNECTING_RE l=1).process reconnect failed to v2:172.21.15.159:6800/3935564446
2024-09-15T23:59:21.594 INFO:teuthology.orchestra.run.smithi159.stdout:/usr/bin/ceph: stderr
2024-09-15T23:59:19.343+0000 7fb2190a5640 1 --2- 172.21.15.159:0/1854821069 >> [v2:172.21.15.159:6800/3935564446,v1:172.21.15.159:6801/3935564446] conn(0x7fb20003d610 0x7fb20003fad0 unknown :-1 s=START_CONNECT pgs=0 cs=0 l=1 rev1=0 crypto rx=0 tx=0 comp rx=0 tx=0)._fault waiting 1.600000
2024-09-15T23:59:21.594 INFO:teuthology.orchestra.run.smithi159.stdout:/usr/bin/ceph: stderr
2024-09-15T23:59:19.919+0000 7fb20affd640 1 -- 172.21.15.159:0/1854821069 <== mon.0 v2:172.21.15.159:3300/0 6 ==== mgrmap(e 6) ==== 46228+0+0 (secure 0 0 0) 0x7fb21006ace0 con 0x7fb214107580
2024-09-15T23:59:21.594 INFO:teuthology.orchestra.run.smithi159.stdout:/usr/bin/ceph: stderr
2024-09-15T23:59:19.923+0000 7fb20affd640 1 -- 172.21.15.159:0/1854821069 >> [v2:172.21.15.159:6800/3935564446,v1:172.21.15.159:6801/3935564446] conn(0x7fb20003d610 msgr2=0x7fb20003fad0 unknown :-1 s=STATE_CONNECTING l=1).mark_down
2024-09-15T23:59:21.594 INFO:teuthology.orchestra.run.smithi159.stdout:/usr/bin/ceph: stderr
2024-09-15T23:59:19.923+0000 7fb20affd640 1 --2- 172.21.15.159:0/1854821069 >> [v2:172.21.15.159:6800/3935564446,v1:172.21.15.159:6801/3935564446] conn(0x7fb20003d610 0x7fb20003fad0 unknown :-1 s=START_CONNECT pgs=0 cs=0 l=1 rev1=0 crypto rx=0 tx=0 comp rx=0 tx=0).stop
2024-09-15T23:59:21.594 INFO:teuthology.orchestra.run.smithi159.stdout:/usr/bin/ceph: stderr
2024-09-15T23:59:20.923+0000 7fb20affd640 1 -- 172.21.15.159:0/1854821069 <== mon.0 v2:172.21.15.159:3300/0 7 ==== mgrmap(e 7) ==== 46355+0+0 (secure 0 0 0) 0x7fb21006dd00 con 0x7fb214107580
2024-09-15T23:59:21.594 INFO:teuthology.orchestra.run.smithi159.stdout:/usr/bin/ceph: stderr
2024-09-15T23:59:20.923+0000 7fb20affd640 1 --2- 172.21.15.159:0/1854821069 >> [v2:172.21.15.159:6800/1078846478,v1:172.21.15.159:6801/1078846478] conn(0x7fb200040f90 0x7fb200043380 unknown :-1 s=NONE pgs=0 cs=0 l=1 rev1=0 crypto rx=0 tx=0 comp rx=0 tx=0).connect
2024-09-15T23:59:21.594 INFO:teuthology.orchestra.run.smithi159.stdout:/usr/bin/ceph: stderr
2024-09-15T23:59:20.923+0000 7fb20affd640 1 -- 172.21.15.159:0/1854821069 --> [v2:172.21.15.159:6800/1078846478,v1:172.21.15.159:6801/1078846478] -- command(tid 0: {"prefix": "get_command_descriptions"}) -- 0x7fb210065350 con 0x7fb200040f90
2024-09-15T23:59:21.594 INFO:teuthology.orchestra.run.smithi159.stdout:/usr/bin/ceph: stderr
2024-09-15T23:59:20.923+0000 7fb2190a5640 1 --2- 172.21.15.159:0/1854821069 >> [v2:172.21.15.159:6800/1078846478,v1:172.21.15.159:6801/1078846478] conn(0x7fb200040f90 0x7fb200043380 unknown :-1 s=BANNER_CONNECTING pgs=0 cs=0 l=1 rev1=0 crypto rx=0 tx=0 comp rx=0 tx=0)._handle_peer_banner_payload supported=3 required=0
2024-09-15T23:59:21.594 INFO:teuthology.orchestra.run.smithi159.stdout:/usr/bin/ceph: stderr
2024-09-15T23:59:20.923+0000 7fb2190a5640 1 --2- 172.21.15.159:0/1854821069 >> [v2:172.21.15.159:6800/1078846478,v1:172.21.15.159:6801/1078846478] conn(0x7fb200040f90 0x7fb200043380 secure :-1 s=READY pgs=1 cs=0 l=1 rev1=1 crypto rx=0x7fb204003980 tx=0x7fb204006e10 comp rx=0 tx=0).ready entity=mgr.14118 client_cookie=0 server_cookie=0 in_seq=0 out_seq=0
2024-09-15T23:59:21.594 INFO:teuthology.orchestra.run.smithi159.stdout:/usr/bin/ceph: stderr
2024-09-15T23:59:20.927+0000 7fb20affd640 1 -- 172.21.15.159:0/1854821069 <== mgr.14118 v2:172.21.15.159:6800/1078846478 1 ==== command_reply(tid 0: 0 ) ==== 8+0+9564 (secure 0 0 0) 0x7fb210065350 con 0x7fb200040f90
2024-09-15T23:59:21.594 INFO:teuthology.orchestra.run.smithi159.stdout:/usr/bin/ceph: stderr
2024-09-15T23:59:20.943+0000 7fb21bb0a640 1 -- 172.21.15.159:0/1854821069 --> [v2:172.21.15.159:6800/1078846478,v1:172.21.15.159:6801/1078846478] -- command(tid 1: {"prefix": "mgr_status"}) -- 0x7fb1fc000d10 con 0x7fb200040f90
2024-09-15T23:59:21.595 INFO:teuthology.orchestra.run.smithi159.stdout:/usr/bin/ceph: stderr
2024-09-15T23:59:20.943+0000 7fb20affd640 1 -- 172.21.15.159:0/1854821069 <== mgr.14118 v2:172.21.15.159:6800/1078846478 2 ==== command_reply(tid 1: 0 ) ==== 8+0+51 (secure 0 0 0) 0x7fb1fc000d10 con 0x7fb200040f90
2024-09-15T23:59:21.595 INFO:teuthology.orchestra.run.smithi159.stdout:/usr/bin/ceph: stderr
2024-09-15T23:59:20.943+0000 7fb21bb0a640 1 -- 172.21.15.159:0/1854821069 >> [v2:172.21.15.159:6800/1078846478,v1:172.21.15.159:6801/1078846478] conn(0x7fb200040f90 msgr2=0x7fb200043380 secure :-1 s=STATE_CONNECTION_ESTABLISHED l=1).mark_down
2024-09-15T23:59:21.595 INFO:teuthology.orchestra.run.smithi159.stdout:/usr/bin/ceph: stderr
2024-09-15T23:59:20.943+0000 7fb21bb0a640 1 --2- 172.21.15.159:0/1854821069 >> [v2:172.21.15.159:6800/1078846478,v1:172.21.15.159:6801/1078846478] conn(0x7fb200040f90 0x7fb200043380 secure :-1 s=READY pgs=1 cs=0 l=1 rev1=1 crypto rx=0x7fb204003980 tx=0x7fb204006e10 comp rx=0 tx=0).stop
2024-09-15T23:59:21.595 INFO:teuthology.orchestra.run.smithi159.stdout:/usr/bin/ceph: stderr
2024-09-15T23:59:20.943+0000 7fb21bb0a640 1 -- 172.21.15.159:0/1854821069 >> [v2:172.21.15.159:3300/0,v1:172.21.15.159:6789/0] conn(0x7fb214107580 msgr2=0x7fb2141988a0 secure :-1 s=STATE_CONNECTION_ESTABLISHED l=1).mark_down
2024-09-15T23:59:21.595 INFO:teuthology.orchestra.run.smithi159.stdout:/usr/bin/ceph: stderr
2024-09-15T23:59:20.943+0000 7fb21bb0a640 1 --2- 172.21.15.159:0/1854821069 >> [v2:172.21.15.159:3300/0,v1:172.21.15.159:6789/0] conn(0x7fb214107580 0x7fb2141988a0 secure :-1 s=READY pgs=27 cs=0 l=1 rev1=1 crypto rx=0x7fb210030520 tx=0x7fb210032dd0 comp rx=0 tx=0).stop
2024-09-15T23:59:21.595 INFO:teuthology.orchestra.run.smithi159.stdout:/usr/bin/ceph: stderr
2024-09-15T23:59:20.943+0000 7fb21bb0a640 1 -- 172.21.15.159:0/1854821069 shutdown_connections
2024-09-15T23:59:21.595 INFO:teuthology.orchestra.run.smithi159.stdout:/usr/bin/ceph: stderr
2024-09-15T23:59:20.943+0000 7fb21bb0a640 1 --2- 172.21.15.159:0/1854821069 >> [v2:172.21.15.159:6800/1078846478,v1:172.21.15.159:6801/1078846478] conn(0x7fb200040f90 0x7fb200043380 unknown :-1 s=CLOSED pgs=1 cs=0 l=1 rev1=1 crypto rx=0 tx=0 comp rx=0 tx=0).stop
2024-09-15T23:59:21.595 INFO:teuthology.orchestra.run.smithi159.stdout:/usr/bin/ceph: stderr
2024-09-15T23:59:20.943+0000 7fb21bb0a640 1 --2- 172.21.15.159:0/1854821069 >> [v2:172.21.15.159:6800/3935564446,v1:172.21.15.159:6801/3935564446] conn(0x7fb20003d610 0x7fb20003fad0 unknown :-1 s=CLOSED pgs=0 cs=0 l=1 rev1=0 crypto rx=0 tx=0 comp rx=0 tx=0).stop
2024-09-15T23:59:21.595 INFO:teuthology.orchestra.run.smithi159.stdout:/usr/bin/ceph: stderr
2024-09-15T23:59:20.943+0000 7fb21bb0a640 1 --2- 172.21.15.159:0/1854821069 >> [v2:172.21.15.159:3300/0,v1:172.21.15.159:6789/0] conn(0x7fb214107580 0x7fb2141988a0 unknown :-1 s=CLOSED pgs=27 cs=0 l=1 rev1=1 crypto rx=0 tx=0 comp rx=0 tx=0).stop
2024-09-15T23:59:21.595 INFO:teuthology.orchestra.run.smithi159.stdout:/usr/bin/ceph: stderr
2024-09-15T23:59:20.943+0000 7fb21bb0a640 1 -- 172.21.15.159:0/1854821069 >> 172.21.15.159:0/1854821069 conn(0x7fb214101100 msgr2=0x7fb214101d90 unknown :-1 s=STATE_NONE l=0).mark_down
2024-09-15T23:59:21.595 INFO:teuthology.orchestra.run.smithi159.stdout:/usr/bin/ceph: stderr
2024-09-15T23:59:20.943+0000 7fb21bb0a640 1 -- 172.21.15.159:0/1854821069 shutdown_connections
2024-09-15T23:59:21.595 INFO:teuthology.orchestra.run.smithi159.stdout:/usr/bin/ceph: stderr
2024-09-15T23:59:20.943+0000 7fb21bb0a640 1 -- 172.21.15.159:0/1854821069 wait complete.
2024-09-15T23:59:21.595 INFO:teuthology.orchestra.run.smithi159.stdout:mgr epoch 5 is available
2024-09-15T23:59:21.595 INFO:teuthology.orchestra.run.smithi159.stdout:Setting orchestrator backend to cephadm...
2024-09-15T23:59:21.977 INFO:journalctl@ceph.mgr.x.smithi159.stdout:Sep 15 23:59:21 smithi159 bash[23045]: debug
2024-09-15T23:59:21.682+0000 7f7103532640 -1 log_channel(cephadm) log [ERR] : [15/Sep/2024:23:59:21] ENGINE Error in HTTPServer.serve
2024-09-15T23:59:21.978 INFO:journalctl@ceph.mgr.x.smithi159.stdout:Sep 15 23:59:21 smithi159 bash[23045]: Traceback (most recent call last):
2024-09-15T23:59:21.978 INFO:journalctl@ceph.mgr.x.smithi159.stdout:Sep 15 23:59:21 smithi159 bash[23045]: File "/lib/python3.9/site-packages/cheroot/server.py", line 1823, in serve
2024-09-15T23:59:21.978 INFO:journalctl@ceph.mgr.x.smithi159.stdout:Sep 15 23:59:21 smithi159 bash[23045]: self._connections.run(self.expiration_interval)
2024-09-15T23:59:21.978 INFO:journalctl@ceph.mgr.x.smithi159.stdout:Sep 15 23:59:21 smithi159 bash[23045]: File "/lib/python3.9/site-packages/cheroot/connections.py", line 203, in run
2024-09-15T23:59:21.978 INFO:journalctl@ceph.mgr.x.smithi159.stdout:Sep 15 23:59:21 smithi159 bash[23045]: self._run(expiration_interval)
2024-09-15T23:59:21.978 INFO:journalctl@ceph.mgr.x.smithi159.stdout:Sep 15 23:59:21 smithi159 bash[23045]: File "/lib/python3.9/site-packages/cheroot/connections.py", line 246, in _run
2024-09-15T23:59:21.978 INFO:journalctl@ceph.mgr.x.smithi159.stdout:Sep 15 23:59:21 smithi159 bash[23045]: new_conn = self._from_server_socket(self.server.socket)
2024-09-15T23:59:21.978 INFO:journalctl@ceph.mgr.x.smithi159.stdout:Sep 15 23:59:21 smithi159 bash[23045]: File "/lib/python3.9/site-packages/cheroot/connections.py", line 300, in _from_server_socket
2024-09-15T23:59:21.978 INFO:journalctl@ceph.mgr.x.smithi159.stdout:Sep 15 23:59:21 smithi159 bash[23045]: s, ssl_env = self.server.ssl_adapter.wrap(s)
2024-09-15T23:59:21.978 INFO:journalctl@ceph.mgr.x.smithi159.stdout:Sep 15 23:59:21 smithi159 bash[23045]: File "/lib/python3.9/site-packages/cheroot/ssl/builtin.py", line 277, in wrap
2024-09-15T23:59:21.978 INFO:journalctl@ceph.mgr.x.smithi159.stdout:Sep 15 23:59:21 smithi159 bash[23045]: s = self.context.wrap_socket(
2024-09-15T23:59:21.978 INFO:journalctl@ceph.mgr.x.smithi159.stdout:Sep 15 23:59:21 smithi159 bash[23045]: File "/lib64/python3.9/ssl.py", line 501, in wrap_socket
2024-09-15T23:59:21.979 INFO:journalctl@ceph.mgr.x.smithi159.stdout:Sep 15 23:59:21 smithi159 bash[23045]: return self.sslsocket_class._create(
2024-09-15T23:59:21.979 INFO:journalctl@ceph.mgr.x.smithi159.stdout:Sep 15 23:59:21 smithi159 bash[23045]: File "/lib64/python3.9/ssl.py", line 1074, in _create
2024-09-15T23:59:21.979 INFO:journalctl@ceph.mgr.x.smithi159.stdout:Sep 15 23:59:21 smithi159 bash[23045]: self.do_handshake()
2024-09-15T23:59:21.979 INFO:journalctl@ceph.mgr.x.smithi159.stdout:Sep 15 23:59:21 smithi159 bash[23045]: File "/lib64/python3.9/ssl.py", line 1343, in do_handshake
2024-09-15T23:59:21.979 INFO:journalctl@ceph.mgr.x.smithi159.stdout:Sep 15 23:59:21 smithi159 bash[23045]: self._sslobj.do_handshake()
2024-09-15T23:59:21.979 INFO:journalctl@ceph.mgr.x.smithi159.stdout:Sep 15 23:59:21 smithi159 bash[23045]: ssl.SSLZeroReturnError: TLS/SSL connection has been closed (EOF) (_ssl.c:1133)
2024-09-15T23:59:22.296 INFO:journalctl@ceph.mon.a.smithi159.stdout:Sep 15 23:59:21 smithi159 bash[22792]: audit
2024-09-15T23:59:20.929044+0000 mgr.x (mgr.14118) 2 : audit [DBG] from='client.14122 -' entity='client.admin' cmd=[{"prefix": "get_command_descriptions"}]: dispatch
2024-09-15T23:59:22.296 INFO:journalctl@ceph.mon.a.smithi159.stdout:Sep 15 23:59:21 smithi159 bash[22792]: audit
2024-09-15T23:59:20.945978+0000 mgr.x (mgr.14118) 3 : audit [DBG] from='client.14122 -' entity='client.admin' cmd=[{"prefix": "mgr_status"}]: dispatch
2024-09-15T23:59:22.296 INFO:journalctl@ceph.mon.a.smithi159.stdout:Sep 15 23:59:21 smithi159 bash[22792]: audit
2024-09-15T23:59:21.687679+0000 mon.a (mon.0) 55 : audit [DBG] from='mgr.14118 172.21.15.159:0/957414695' entity='mgr.x' cmd=[{"prefix": "config dump", "format": "json"}]: dispatch
2024-09-15T23:59:23.296 INFO:journalctl@ceph.mon.a.smithi159.stdout:Sep 15 23:59:22 smithi159 bash[22792]: cephadm
2024-09-15T23:59:21.463386+0000 mgr.x (mgr.14118) 4 : cephadm [INF] [15/Sep/2024:23:59:21] ENGINE Bus STARTING
2024-09-15T23:59:23.297 INFO:journalctl@ceph.mon.a.smithi159.stdout:Sep 15 23:59:22 smithi159 bash[22792]: cephadm
2024-09-15T23:59:21.565069+0000 mgr.x (mgr.14118) 5 : cephadm [INF] [15/Sep/2024:23:59:21] ENGINE Serving on http://172.21.15.159:8765
2024-09-15T23:59:23.297 INFO:journalctl@ceph.mon.a.smithi159.stdout:Sep 15 23:59:22 smithi159 bash[22792]: cephadm
2024-09-15T23:59:21.686637+0000 mgr.x (mgr.14118) 6 : cephadm [INF] [15/Sep/2024:23:59:21] ENGINE Serving on https://172.21.15.159:7150
2024-09-15T23:59:23.297 INFO:journalctl@ceph.mon.a.smithi159.stdout:Sep 15 23:59:22 smithi159 bash[22792]: cephadm
2024-09-15T23:59:21.686834+0000 mgr.x (mgr.14118) 7 : cephadm [INF] [15/Sep/2024:23:59:21] ENGINE Bus STARTED
2024-09-15T23:59:23.297 INFO:journalctl@ceph.mon.a.smithi159.stdout:Sep 15 23:59:22 smithi159 bash[22792]: cephadm
2024-09-15T23:59:21.688710+0000 mgr.x (mgr.14118) 8 : cephadm [ERR] [15/Sep/2024:23:59:21] ENGINE Error in HTTPServer.serve
2024-09-15T23:59:23.297 INFO:journalctl@ceph.mon.a.smithi159.stdout:Sep 15 23:59:22 smithi159 bash[22792]: Traceback (most recent call last):
2024-09-15T23:59:23.297 INFO:journalctl@ceph.mon.a.smithi159.stdout:Sep 15 23:59:22 smithi159 bash[22792]: File "/lib/python3.9/site-packages/cheroot/server.py", line 1823, in serve
2024-09-15T23:59:23.297 INFO:journalctl@ceph.mon.a.smithi159.stdout:Sep 15 23:59:22 smithi159 bash[22792]: self._connections.run(self.expiration_interval)
2024-09-15T23:59:23.297 INFO:journalctl@ceph.mon.a.smithi159.stdout:Sep 15 23:59:22 smithi159 bash[22792]: File "/lib/python3.9/site-packages/cheroot/connections.py", line 203, in run
2024-09-15T23:59:23.297 INFO:journalctl@ceph.mon.a.smithi159.stdout:Sep 15 23:59:22 smithi159 bash[22792]: self._run(expiration_interval)
2024-09-15T23:59:23.297 INFO:journalctl@ceph.mon.a.smithi159.stdout:Sep 15 23:59:22 smithi159 bash[22792]: File "/lib/python3.9/site-packages/cheroot/connections.py", line 246, in _run
2024-09-15T23:59:23.297 INFO:journalctl@ceph.mon.a.smithi159.stdout:Sep 15 23:59:22 smithi159 bash[22792]: new_conn = self._from_server_socket(self.server.socket)
2024-09-15T23:59:23.298 INFO:journalctl@ceph.mon.a.smithi159.stdout:Sep 15 23:59:22 smithi159 bash[22792]: File "/lib/python3.9/site-packages/cheroot/connections.py", line 300, in _from_server_socket
