2024-09-15T23:59:09.351+0000 7ff1037fe640 1 --2- >> [v2:172.21.15.159:3300/0,v1:172.21.15.159:6789/0] conn(0x7ff10407c6c0 0x7ff10419cc50 unknown :-1 s=HELLO_CONNECTING pgs=0 cs=0 l=1 rev1=1 crypto rx=0 tx=0 comp rx=0 tx=0).handle_hello peer v2:172.21.15.159:3300/0 says I am v2:172.21.15.159:39942/0 (socket says 172.21.15.159:39942)
2024-09-15T23:59:10.429 INFO:teuthology.orchestra.run.smithi159.stdout:/usr/bin/ceph: stderr
2024-09-15T23:59:09.351+0000 7ff1037fe640 1 -- 172.21.15.159:0/3092834202 learned_addr learned my addr 172.21.15.159:0/3092834202 (peer_addr_for_me v2:172.21.15.159:0/0)
2024-09-15T23:59:10.429 INFO:teuthology.orchestra.run.smithi159.stdout:/usr/bin/ceph: stderr
2024-09-15T23:59:09.351+0000 7ff1037fe640 1 -- 172.21.15.159:0/3092834202 --> [v2:172.21.15.159:3300/0,v1:172.21.15.159:6789/0] -- mon_subscribe({config=0+,monmap=0+}) -- 0x7ff10419d190 con 0x7ff10407c6c0
2024-09-15T23:59:10.429 INFO:teuthology.orchestra.run.smithi159.stdout:/usr/bin/ceph: stderr
2024-09-15T23:59:09.351+0000 7ff1037fe640 1 --2- 172.21.15.159:0/3092834202 >> [v2:172.21.15.159:3300/0,v1:172.21.15.159:6789/0] conn(0x7ff10407c6c0 0x7ff10419cc50 secure :-1 s=READY pgs=17 cs=0 l=1 rev1=1 crypto rx=0x7ff0f4009680 tx=0x7ff0f4031c70 comp rx=0 tx=0).ready entity=mon.0 client_cookie=0 server_cookie=0 in_seq=0 out_seq=0
2024-09-15T23:59:10.429 INFO:teuthology.orchestra.run.smithi159.stdout:/usr/bin/ceph: stderr
2024-09-15T23:59:09.351+0000 7ff100ff9640 1 -- 172.21.15.159:0/3092834202 <== mon.0 v2:172.21.15.159:3300/0 1 ==== mon_map magic: 0 ==== 205+0+0 (secure 0 0 0) 0x7ff0f4041020 con 0x7ff10407c6c0
2024-09-15T23:59:10.429 INFO:teuthology.orchestra.run.smithi159.stdout:/usr/bin/ceph: stderr
2024-09-15T23:59:09.351+0000 7ff100ff9640 1 -- 172.21.15.159:0/3092834202 <== mon.0 v2:172.21.15.159:3300/0 2 ==== config(26 keys) ==== 1071+0+0 (secure 0 0 0) 0x7ff0f403c900 con 0x7ff10407c6c0
2024-09-15T23:59:10.430 INFO:teuthology.orchestra.run.smithi159.stdout:/usr/bin/ceph: stderr
2024-09-15T23:59:09.351+0000 7ff100ff9640 1 -- 172.21.15.159:0/3092834202 <== mon.0 v2:172.21.15.159:3300/0 3 ==== mon_map magic: 0 ==== 205+0+0 (secure 0 0 0) 0x7ff0f4036040 con 0x7ff10407c6c0
2024-09-15T23:59:10.430 INFO:teuthology.orchestra.run.smithi159.stdout:/usr/bin/ceph: stderr
2024-09-15T23:59:09.351+0000 7ff10a0b1640 1 -- 172.21.15.159:0/3092834202 --> [v2:172.21.15.159:3300/0,v1:172.21.15.159:6789/0] -- mon_subscribe({mgrmap=0+}) -- 0x7ff10419d420 con 0x7ff10407c6c0
2024-09-15T23:59:10.430 INFO:teuthology.orchestra.run.smithi159.stdout:/usr/bin/ceph: stderr
2024-09-15T23:59:09.351+0000 7ff10a0b1640 1 -- 172.21.15.159:0/3092834202 --> [v2:172.21.15.159:3300/0,v1:172.21.15.159:6789/0] -- mon_subscribe({osdmap=0}) -- 0x7ff1041a0110 con 0x7ff10407c6c0
2024-09-15T23:59:10.430 INFO:teuthology.orchestra.run.smithi159.stdout:/usr/bin/ceph: stderr
2024-09-15T23:59:09.351+0000 7ff100ff9640 1 -- 172.21.15.159:0/3092834202 <== mon.0 v2:172.21.15.159:3300/0 4 ==== mgrmap(e 4) ==== 46450+0+0 (secure 0 0 0) 0x7ff0f4044020 con 0x7ff10407c6c0
2024-09-15T23:59:10.430 INFO:teuthology.orchestra.run.smithi159.stdout:/usr/bin/ceph: stderr
2024-09-15T23:59:09.351+0000 7ff100ff9640 1 --2- 172.21.15.159:0/3092834202 >> [v2:172.21.15.159:6800/3935564446,v1:172.21.15.159:6801/3935564446] conn(0x7ff0ec039160 0x7ff0ec03b620 unknown :-1 s=NONE pgs=0 cs=0 l=1 rev1=0 crypto rx=0 tx=0 comp rx=0 tx=0).connect
2024-09-15T23:59:10.430 INFO:teuthology.orchestra.run.smithi159.stdout:/usr/bin/ceph: stderr
2024-09-15T23:59:09.351+0000 7ff10a0b1640 1 -- 172.21.15.159:0/3092834202 --> [v2:172.21.15.159:3300/0,v1:172.21.15.159:6789/0] -- mon_command({"prefix": "get_command_descriptions"} v 0) -- 0x7ff10407abf0 con 0x7ff10407c6c0
2024-09-15T23:59:10.430 INFO:teuthology.orchestra.run.smithi159.stdout:/usr/bin/ceph: stderr
2024-09-15T23:59:09.351+0000 7ff100ff9640 1 -- 172.21.15.159:0/3092834202 <== mon.0 v2:172.21.15.159:3300/0 5 ==== osd_map(1..1 src has 1..1) ==== 725+0+0 (secure 0 0 0) 0x7ff0f406d360 con 0x7ff10407c6c0
2024-09-15T23:59:10.430 INFO:teuthology.orchestra.run.smithi159.stdout:/usr/bin/ceph: stderr
2024-09-15T23:59:09.351+0000 7ff102ffd640 1 --2- 172.21.15.159:0/3092834202 >> [v2:172.21.15.159:6800/3935564446,v1:172.21.15.159:6801/3935564446] conn(0x7ff0ec039160 0x7ff0ec03b620 unknown :-1 s=BANNER_CONNECTING pgs=0 cs=0 l=1 rev1=0 crypto rx=0 tx=0 comp rx=0 tx=0)._handle_peer_banner_payload supported=3 required=0
2024-09-15T23:59:10.430 INFO:teuthology.orchestra.run.smithi159.stdout:/usr/bin/ceph: stderr
2024-09-15T23:59:09.351+0000 7ff102ffd640 1 --2- 172.21.15.159:0/3092834202 >> [v2:172.21.15.159:6800/3935564446,v1:172.21.15.159:6801/3935564446] conn(0x7ff0ec039160 0x7ff0ec03b620 secure :-1 s=READY pgs=6 cs=0 l=1 rev1=1 crypto rx=0x7ff0f80098c0 tx=0x7ff0f8006db0 comp rx=0 tx=0).ready entity=mgr.14100 client_cookie=0 server_cookie=0 in_seq=0 out_seq=0
2024-09-15T23:59:10.430 INFO:teuthology.orchestra.run.smithi159.stdout:/usr/bin/ceph: stderr
2024-09-15T23:59:09.355+0000 7ff100ff9640 1 -- 172.21.15.159:0/3092834202 <== mon.0 v2:172.21.15.159:3300/0 6 ==== mon_command_ack([{"prefix": "get_command_descriptions"}]=0 v0) ==== 72+0+188821 (secure 0 0 0) 0x7ff0f404b020 con 0x7ff10407c6c0
2024-09-15T23:59:10.430 INFO:teuthology.orchestra.run.smithi159.stdout:/usr/bin/ceph: stderr
2024-09-15T23:59:09.807+0000 7ff10a0b1640 1 -- 172.21.15.159:0/3092834202 --> [v2:172.21.15.159:3300/0,v1:172.21.15.159:6789/0] -- mon_command({"prefix": "status", "format": "json-pretty"} v 0) -- 0x7ff1041a0780 con 0x7ff10407c6c0
2024-09-15T23:59:10.431 INFO:teuthology.orchestra.run.smithi159.stdout:/usr/bin/ceph: stderr
2024-09-15T23:59:09.811+0000 7ff100ff9640 1 -- 172.21.15.159:0/3092834202 <== mon.0 v2:172.21.15.159:3300/0 7 ==== mon_command_ack([{"prefix": "status", "format": "json-pretty"}]=0 v0) ==== 79+0+1291 (secure 0 0 0) 0x7ff0f4031830 con 0x7ff10407c6c0
2024-09-15T23:59:10.431 INFO:teuthology.orchestra.run.smithi159.stdout:/usr/bin/ceph: stderr
2024-09-15T23:59:09.811+0000 7ff10a0b1640 1 -- 172.21.15.159:0/3092834202 >> [v2:172.21.15.159:6800/3935564446,v1:172.21.15.159:6801/3935564446] conn(0x7ff0ec039160 msgr2=0x7ff0ec03b620 secure :-1 s=STATE_CONNECTION_ESTABLISHED l=1).mark_down
2024-09-15T23:59:10.431 INFO:teuthology.orchestra.run.smithi159.stdout:/usr/bin/ceph: stderr
2024-09-15T23:59:09.811+0000 7ff10a0b1640 1 --2- 172.21.15.159:0/3092834202 >> [v2:172.21.15.159:6800/3935564446,v1:172.21.15.159:6801/3935564446] conn(0x7ff0ec039160 0x7ff0ec03b620 secure :-1 s=READY pgs=6 cs=0 l=1 rev1=1 crypto rx=0x7ff0f80098c0 tx=0x7ff0f8006db0 comp rx=0 tx=0).stop
2024-09-15T23:59:10.431 INFO:teuthology.orchestra.run.smithi159.stdout:/usr/bin/ceph: stderr
2024-09-15T23:59:09.811+0000 7ff10a0b1640 1 -- 172.21.15.159:0/3092834202 >> [v2:172.21.15.159:3300/0,v1:172.21.15.159:6789/0] conn(0x7ff10407c6c0 msgr2=0x7ff10419cc50 secure :-1 s=STATE_CONNECTION_ESTABLISHED l=1).mark_down
2024-09-15T23:59:10.431 INFO:teuthology.orchestra.run.smithi159.stdout:/usr/bin/ceph: stderr
2024-09-15T23:59:09.811+0000 7ff10a0b1640 1 --2- 172.21.15.159:0/3092834202 >> [v2:172.21.15.159:3300/0,v1:172.21.15.159:6789/0] conn(0x7ff10407c6c0 0x7ff10419cc50 secure :-1 s=READY pgs=17 cs=0 l=1 rev1=1 crypto rx=0x7ff0f4009680 tx=0x7ff0f4031c70 comp rx=0 tx=0).stop
2024-09-15T23:59:10.431 INFO:teuthology.orchestra.run.smithi159.stdout:/usr/bin/ceph: stderr
2024-09-15T23:59:09.811+0000 7ff10a0b1640 1 -- 172.21.15.159:0/3092834202 shutdown_connections
2024-09-15T23:59:10.431 INFO:teuthology.orchestra.run.smithi159.stdout:/usr/bin/ceph: stderr
2024-09-15T23:59:09.811+0000 7ff10a0b1640 1 --2- 172.21.15.159:0/3092834202 >> [v2:172.21.15.159:6800/3935564446,v1:172.21.15.159:6801/3935564446] conn(0x7ff0ec039160 0x7ff0ec03b620 unknown :-1 s=CLOSED pgs=6 cs=0 l=1 rev1=1 crypto rx=0 tx=0 comp rx=0 tx=0).stop
2024-09-15T23:59:10.431 INFO:teuthology.orchestra.run.smithi159.stdout:/usr/bin/ceph: stderr
2024-09-15T23:59:09.811+0000 7ff10a0b1640 1 --2- 172.21.15.159:0/3092834202 >> [v2:172.21.15.159:3300/0,v1:172.21.15.159:6789/0] conn(0x7ff10407c6c0 0x7ff10419cc50 unknown :-1 s=CLOSED pgs=17 cs=0 l=1 rev1=1 crypto rx=0 tx=0 comp rx=0 tx=0).stop
2024-09-15T23:59:10.431 INFO:teuthology.orchestra.run.smithi159.stdout:/usr/bin/ceph: stderr
2024-09-15T23:59:09.811+0000 7ff10a0b1640 1 -- 172.21.15.159:0/3092834202 >> 172.21.15.159:0/3092834202 conn(0x7ff104102360 msgr2=0x7ff104102ef0 unknown :-1 s=STATE_NONE l=0).mark_down
2024-09-15T23:59:10.431 INFO:teuthology.orchestra.run.smithi159.stdout:/usr/bin/ceph: stderr
2024-09-15T23:59:09.811+0000 7ff10a0b1640 1 -- 172.21.15.159:0/3092834202 shutdown_connections
2024-09-15T23:59:10.431 INFO:teuthology.orchestra.run.smithi159.stdout:/usr/bin/ceph: stderr
2024-09-15T23:59:09.811+0000 7ff10a0b1640 1 -- 172.21.15.159:0/3092834202 wait complete.
2024-09-15T23:59:10.431 INFO:teuthology.orchestra.run.smithi159.stdout:mgr is available
2024-09-15T23:59:10.511 INFO:journalctl@ceph.mon.a.smithi159.stdout:Sep 15 23:59:10 smithi159 bash[22792]: cluster
2024-09-15T23:59:09.212268+0000 mon.a (mon.0) 29 : cluster [DBG] mgrmap e4: x(active, since 2s)
2024-09-15T23:59:10.511 INFO:journalctl@ceph.mon.a.smithi159.stdout:Sep 15 23:59:10 smithi159 bash[22792]: audit
2024-09-15T23:59:09.812537+0000 mon.a (mon.0) 30 : audit [DBG] from='client.? 172.21.15.159:0/3092834202' entity='client.admin' cmd=[{"prefix": "status", "format": "json-pretty"}]: dispatch
2024-09-15T23:59:12.297 INFO:journalctl@ceph.mon.a.smithi159.stdout:Sep 15 23:59:11 smithi159 bash[22792]: audit
2024-09-15T23:59:11.875146+0000 mon.a (mon.0) 31 : audit [INF] from='client.? 172.21.15.159:0/1946802016' entity='client.admin' cmd=[{"prefix": "config assimilate-conf"}]: dispatch
2024-09-15T23:59:12.485 INFO:teuthology.orchestra.run.smithi159.stdout:/usr/bin/ceph: stdout
2024-09-15T23:59:12.485 INFO:teuthology.orchestra.run.smithi159.stdout:/usr/bin/ceph: stdout [global]
2024-09-15T23:59:12.485 INFO:teuthology.orchestra.run.smithi159.stdout:/usr/bin/ceph: stdout fsid = 4bf224ca-73be-11ef-bceb-c7b262605968
2024-09-15T23:59:12.485 INFO:teuthology.orchestra.run.smithi159.stdout:/usr/bin/ceph: stdout mon_host = [v2:172.21.15.159:3300,v1:172.21.15.159:6789]
2024-09-15T23:59:12.485 INFO:teuthology.orchestra.run.smithi159.stdout:/usr/bin/ceph: stdout mon_osd_allow_pg_remap = true
2024-09-15T23:59:12.486 INFO:teuthology.orchestra.run.smithi159.stdout:/usr/bin/ceph: stdout mon_osd_allow_primary_affinity = true
2024-09-15T23:59:12.486 INFO:teuthology.orchestra.run.smithi159.stdout:/usr/bin/ceph: stdout mon_warn_on_no_sortbitwise = false
2024-09-15T23:59:12.486 INFO:teuthology.orchestra.run.smithi159.stdout:/usr/bin/ceph: stdout osd_crush_chooseleaf_type = 0
2024-09-15T23:59:12.486 INFO:teuthology.orchestra.run.smithi159.stdout:/usr/bin/ceph: stdout
2024-09-15T23:59:12.486 INFO:teuthology.orchestra.run.smithi159.stdout:/usr/bin/ceph: stdout [mgr]
2024-09-15T23:59:12.486 INFO:teuthology.orchestra.run.smithi159.stdout:/usr/bin/ceph: stdout mgr/telemetry/nag = false
2024-09-15T23:59:12.486 INFO:teuthology.orchestra.run.smithi159.stdout:/usr/bin/ceph: stdout
2024-09-15T23:59:12.486 INFO:teuthology.orchestra.run.smithi159.stdout:/usr/bin/ceph: stdout [osd]
2024-09-15T23:59:12.486 INFO:teuthology.orchestra.run.smithi159.stdout:/usr/bin/ceph: stdout osd_map_max_advance = 10
2024-09-15T23:59:12.486 INFO:teuthology.orchestra.run.smithi159.stdout:/usr/bin/ceph: stdout osd_sloppy_crc = true
2024-09-15T23:59:12.486 INFO:teuthology.orchestra.run.smithi159.stdout:/usr/bin/ceph: stderr
2024-09-15T23:59:11.531+0000 7fda26bec640 1 Processor -- start
2024-09-15T23:59:12.487 INFO:teuthology.orchestra.run.smithi159.stdout:/usr/bin/ceph: stderr
2024-09-15T23:59:11.531+0000 7fda26bec640 1 -- start start
2024-09-15T23:59:12.487 INFO:teuthology.orchestra.run.smithi159.stdout:/usr/bin/ceph: stderr
2024-09-15T23:59:11.531+0000 7fda26bec640 1 --2- >> [v2:172.21.15.159:3300/0,v1:172.21.15.159:6789/0] conn(0x7fda20104da0 0x7fda201051a0 unknown :-1 s=NONE pgs=0 cs=0 l=0 rev1=0 crypto rx=0 tx=0 comp rx=0 tx=0).connect
2024-09-15T23:59:12.487 INFO:teuthology.orchestra.run.smithi159.stdout:/usr/bin/ceph: stderr
2024-09-15T23:59:11.531+0000 7fda26bec640 1 -- --> [v2:172.21.15.159:3300/0,v1:172.21.15.159:6789/0] -- mon_getmap magic: 0 -- 0x7fda20105770 con 0x7fda20104da0
2024-09-15T23:59:12.487 INFO:teuthology.orchestra.run.smithi159.stdout:/usr/bin/ceph: stderr
2024-09-15T23:59:11.531+0000 7fda24988640 1 --2- >> [v2:172.21.15.159:3300/0,v1:172.21.15.159:6789/0] conn(0x7fda20104da0 0x7fda201051a0 unknown :-1 s=BANNER_CONNECTING pgs=0 cs=0 l=0 rev1=0 crypto rx=0 tx=0 comp rx=0 tx=0)._handle_peer_banner_payload supported=3 required=0
2024-09-15T23:59:12.487 INFO:teuthology.orchestra.run.smithi159.stdout:/usr/bin/ceph: stderr
2024-09-15T23:59:11.531+0000 7fda24988640 1 --2- >> [v2:172.21.15.159:3300/0,v1:172.21.15.159:6789/0] conn(0x7fda20104da0 0x7fda201051a0 unknown :-1 s=HELLO_CONNECTING pgs=0 cs=0 l=0 rev1=1 crypto rx=0 tx=0 comp rx=0 tx=0).handle_hello peer v2:172.21.15.159:3300/0 says I am v2:172.21.15.159:39958/0 (socket says 172.21.15.159:39958)
2024-09-15T23:59:12.487 INFO:teuthology.orchestra.run.smithi159.stdout:/usr/bin/ceph: stderr
2024-09-15T23:59:11.531+0000 7fda24988640 1 -- 172.21.15.159:0/800032956 learned_addr learned my addr 172.21.15.159:0/800032956 (peer_addr_for_me v2:172.21.15.159:0/0)
2024-09-15T23:59:12.487 INFO:teuthology.orchestra.run.smithi159.stdout:/usr/bin/ceph: stderr
2024-09-15T23:59:11.531+0000 7fda24988640 1 -- 172.21.15.159:0/800032956 --> [v2:172.21.15.159:3300/0,v1:172.21.15.159:6789/0] -- mon_subscribe({config=0+,monmap=0+}) -- 0x7fda20105b10 con 0x7fda20104da0
2024-09-15T23:59:12.487 INFO:teuthology.orchestra.run.smithi159.stdout:/usr/bin/ceph: stderr
2024-09-15T23:59:11.535+0000 7fda24988640 1 --2- 172.21.15.159:0/800032956 >> [v2:172.21.15.159:3300/0,v1:172.21.15.159:6789/0] conn(0x7fda20104da0 0x7fda201051a0 secure :-1 s=READY pgs=18 cs=0 l=1 rev1=1 crypto rx=0x7fda18009e80 tx=0x7fda1802a7a0 comp rx=0 tx=0).ready entity=mon.0 client_cookie=7017c5df11220aaf server_cookie=0 in_seq=0 out_seq=0
2024-09-15T23:59:12.487 INFO:teuthology.orchestra.run.smithi159.stdout:/usr/bin/ceph: stderr
2024-09-15T23:59:11.535+0000 7fda1f7fe640 1 -- 172.21.15.159:0/800032956 <== mon.0 v2:172.21.15.159:3300/0 1 ==== mon_map magic: 0 ==== 205+0+0 (secure 0 0 0) 0x7fda18036070 con 0x7fda20104da0
2024-09-15T23:59:12.487 INFO:teuthology.orchestra.run.smithi159.stdout:/usr/bin/ceph: stderr
2024-09-15T23:59:11.535+0000 7fda1f7fe640 1 -- 172.21.15.159:0/800032956 <== mon.0 v2:172.21.15.159:3300/0 2 ==== config(26 keys) ==== 1071+0+0 (secure 0 0 0) 0x7fda18031890 con 0x7fda20104da0
2024-09-15T23:59:12.487 INFO:teuthology.orchestra.run.smithi159.stdout:/usr/bin/ceph: stderr
2024-09-15T23:59:11.535+0000 7fda1f7fe640 1 -- 172.21.15.159:0/800032956 <== mon.0 v2:172.21.15.159:3300/0 3 ==== mon_map magic: 0 ==== 205+0+0 (secure 0 0 0) 0x7fda18007980 con 0x7fda20104da0
2024-09-15T23:59:12.488 INFO:teuthology.orchestra.run.smithi159.stdout:/usr/bin/ceph: stderr
2024-09-15T23:59:11.535+0000 7fda26bec640 1 -- 172.21.15.159:0/800032956 >> [v2:172.21.15.159:3300/0,v1:172.21.15.159:6789/0] conn(0x7fda20104da0 msgr2=0x7fda201051a0 secure :-1 s=STATE_CONNECTION_ESTABLISHED l=1).mark_down
2024-09-15T23:59:12.488 INFO:teuthology.orchestra.run.smithi159.stdout:/usr/bin/ceph: stderr
2024-09-15T23:59:11.535+0000 7fda26bec640 1 --2- 172.21.15.159:0/800032956 >> [v2:172.21.15.159:3300/0,v1:172.21.15.159:6789/0] conn(0x7fda20104da0 0x7fda201051a0 secure :-1 s=READY pgs=18 cs=0 l=1 rev1=1 crypto rx=0x7fda18009e80 tx=0x7fda1802a7a0 comp rx=0 tx=0).stop
2024-09-15T23:59:12.488 INFO:teuthology.orchestra.run.smithi159.stdout:/usr/bin/ceph: stderr
2024-09-15T23:59:11.535+0000 7fda26bec640 1 -- 172.21.15.159:0/800032956 shutdown_connections
2024-09-15T23:59:12.488 INFO:teuthology.orchestra.run.smithi159.stdout:/usr/bin/ceph: stderr
2024-09-15T23:59:11.535+0000 7fda26bec640 1 --2- 172.21.15.159:0/800032956 >> [v2:172.21.15.159:3300/0,v1:172.21.15.159:6789/0] conn(0x7fda20104da0 0x7fda201051a0 unknown :-1 s=CLOSED pgs=18 cs=0 l=1 rev1=1 crypto rx=0 tx=0 comp rx=0 tx=0).stop
2024-09-15T23:59:12.488 INFO:teuthology.orchestra.run.smithi159.stdout:/usr/bin/ceph: stderr
2024-09-15T23:59:11.535+0000 7fda26bec640 1 -- 172.21.15.159:0/800032956 >> 172.21.15.159:0/800032956 conn(0x7fda20100950 msgr2=0x7fda20102d70 unknown :-1 s=STATE_NONE l=0).mark_down
2024-09-15T23:59:12.488 INFO:teuthology.orchestra.run.smithi159.stdout:/usr/bin/ceph: stderr
2024-09-15T23:59:11.535+0000 7fda26bec640 1 -- 172.21.15.159:0/800032956 shutdown_connections
2024-09-15T23:59:12.488 INFO:teuthology.orchestra.run.smithi159.stdout:/usr/bin/ceph: stderr
2024-09-15T23:59:11.535+0000 7fda26bec640 1 -- 172.21.15.159:0/800032956 wait complete.
2024-09-15T23:59:12.488 INFO:teuthology.orchestra.run.smithi159.stdout:/usr/bin/ceph: stderr
2024-09-15T23:59:11.535+0000 7fda26bec640 1 Processor -- start
2024-09-15T23:59:12.488 INFO:teuthology.orchestra.run.smithi159.stdout:/usr/bin/ceph: stderr
2024-09-15T23:59:11.535+0000 7fda26bec640 1 -- start start
2024-09-15T23:59:12.488 INFO:teuthology.orchestra.run.smithi159.stdout:/usr/bin/ceph: stderr
2024-09-15T23:59:11.535+0000 7fda26bec640 1 --2- >> [v2:172.21.15.159:3300/0,v1:172.21.15.159:6789/0] conn(0x7fda20104da0 0x7fda2019cc10 unknown :-1 s=NONE pgs=0 cs=0 l=1 rev1=0 crypto rx=0 tx=0 comp rx=0 tx=0).connect
2024-09-15T23:59:12.488 INFO:teuthology.orchestra.run.smithi159.stdout:/usr/bin/ceph: stderr
2024-09-15T23:59:11.535+0000 7fda26bec640 1 -- --> [v2:172.21.15.159:3300/0,v1:172.21.15.159:6789/0] -- mon_getmap magic: 0 -- 0x7fda20106d50 con 0x7fda20104da0
2024-09-15T23:59:12.489 INFO:teuthology.orchestra.run.smithi159.stdout:/usr/bin/ceph: stderr
2024-09-15T23:59:11.535+0000 7fda24988640 1 --2- >> [v2:172.21.15.159:3300/0,v1:172.21.15.159:6789/0] conn(0x7fda20104da0 0x7fda2019cc10 unknown :-1 s=BANNER_CONNECTING pgs=0 cs=0 l=1 rev1=0 crypto rx=0 tx=0 comp rx=0 tx=0)._handle_peer_banner_payload supported=3 required=0
2024-09-15T23:59:12.489 INFO:teuthology.orchestra.run.smithi159.stdout:/usr/bin/ceph: stderr
2024-09-15T23:59:11.535+0000 7fda24988640 1 --2- >> [v2:172.21.15.159:3300/0,v1:172.21.15.159:6789/0] conn(0x7fda20104da0 0x7fda2019cc10 unknown :-1 s=HELLO_CONNECTING pgs=0 cs=0 l=1 rev1=1 crypto rx=0 tx=0 comp rx=0 tx=0).handle_hello peer v2:172.21.15.159:3300/0 says I am v2:172.21.15.159:39972/0 (socket says 172.21.15.159:39972)
2024-09-15T23:59:12.489 INFO:teuthology.orchestra.run.smithi159.stdout:/usr/bin/ceph: stderr
2024-09-15T23:59:11.535+0000 7fda24988640 1 -- 172.21.15.159:0/1946802016 learned_addr learned my addr 172.21.15.159:0/1946802016 (peer_addr_for_me v2:172.21.15.159:0/0)
2024-09-15T23:59:12.489 INFO:teuthology.orchestra.run.smithi159.stdout:/usr/bin/ceph: stderr
2024-09-15T23:59:11.535+0000 7fda24988640 1 -- 172.21.15.159:0/1946802016 --> [v2:172.21.15.159:3300/0,v1:172.21.15.159:6789/0] -- mon_subscribe({config=0+,monmap=0+}) -- 0x7fda2019d150 con 0x7fda20104da0
2024-09-15T23:59:12.489 INFO:teuthology.orchestra.run.smithi159.stdout:/usr/bin/ceph: stderr
2024-09-15T23:59:11.535+0000 7fda24988640 1 --2- 172.21.15.159:0/1946802016 >> [v2:172.21.15.159:3300/0,v1:172.21.15.159:6789/0] conn(0x7fda20104da0 0x7fda2019cc10 secure :-1 s=READY pgs=19 cs=0 l=1 rev1=1 crypto rx=0x7fda18009680 tx=0x7fda18031c70 comp rx=0 tx=0).ready entity=mon.0 client_cookie=0 server_cookie=0 in_seq=0 out_seq=0
2024-09-15T23:59:12.489 INFO:teuthology.orchestra.run.smithi159.stdout:/usr/bin/ceph: stderr
2024-09-15T23:59:11.535+0000 7fda1dffb640 1 -- 172.21.15.159:0/1946802016 <== mon.0 v2:172.21.15.159:3300/0 1 ==== mon_map magic: 0 ==== 205+0+0 (secure 0 0 0) 0x7fda18041020 con 0x7fda20104da0
2024-09-15T23:59:12.489 INFO:teuthology.orchestra.run.smithi159.stdout:/usr/bin/ceph: stderr
2024-09-15T23:59:11.535+0000 7fda1dffb640 1 -- 172.21.15.159:0/1946802016 <== mon.0 v2:172.21.15.159:3300/0 2 ==== config(26 keys) ==== 1071+0+0 (secure 0 0 0) 0x7fda1803c900 con 0x7fda20104da0
2024-09-15T23:59:12.489 INFO:teuthology.orchestra.run.smithi159.stdout:/usr/bin/ceph: stderr
2024-09-15T23:59:11.535+0000 7fda1dffb640 1 -- 172.21.15.159:0/1946802016 <== mon.0 v2:172.21.15.159:3300/0 3 ==== mon_map magic: 0 ==== 205+0+0 (secure 0 0 0) 0x7fda18036040 con 0x7fda20104da0
2024-09-15T23:59:12.489 INFO:teuthology.orchestra.run.smithi159.stdout:/usr/bin/ceph: stderr
2024-09-15T23:59:11.535+0000 7fda26bec640 1 -- 172.21.15.159:0/1946802016 --> [v2:172.21.15.159:3300/0,v1:172.21.15.159:6789/0] -- mon_subscribe({mgrmap=0+}) -- 0x7fda2019d3e0 con 0x7fda20104da0
2024-09-15T23:59:12.489 INFO:teuthology.orchestra.run.smithi159.stdout:/usr/bin/ceph: stderr
2024-09-15T23:59:11.535+0000 7fda26bec640 1 -- 172.21.15.159:0/1946802016 --> [v2:172.21.15.159:3300/0,v1:172.21.15.159:6789/0] -- mon_subscribe({osdmap=0}) -- 0x7fda201a00d0 con 0x7fda20104da0
2024-09-15T23:59:12.489 INFO:teuthology.orchestra.run.smithi159.stdout:/usr/bin/ceph: stderr
2024-09-15T23:59:11.539+0000 7fda1dffb640 1 -- 172.21.15.159:0/1946802016 <== mon.0 v2:172.21.15.159:3300/0 4 ==== mgrmap(e 4) ==== 46450+0+0 (secure 0 0 0) 0x7fda18044020 con 0x7fda20104da0
2024-09-15T23:59:12.490 INFO:teuthology.orchestra.run.smithi159.stdout:/usr/bin/ceph: stderr
2024-09-15T23:59:11.539+0000 7fda1dffb640 1 --2- 172.21.15.159:0/1946802016 >> [v2:172.21.15.159:6800/3935564446,v1:172.21.15.159:6801/3935564446] conn(0x7fda0c0391b0 0x7fda0c03b670 unknown :-1 s=NONE pgs=0 cs=0 l=1 rev1=0 crypto rx=0 tx=0 comp rx=0 tx=0).connect
2024-09-15T23:59:12.490 INFO:teuthology.orchestra.run.smithi159.stdout:/usr/bin/ceph: stderr
2024-09-15T23:59:11.539+0000 7fda1dffb640 1 -- 172.21.15.159:0/1946802016 <== mon.0 v2:172.21.15.159:3300/0 5 ==== osd_map(1..1 src has 1..1) ==== 725+0+0 (secure 0 0 0) 0x7fda1806d390 con 0x7fda20104da0
2024-09-15T23:59:12.490 INFO:teuthology.orchestra.run.smithi159.stdout:/usr/bin/ceph: stderr
2024-09-15T23:59:11.539+0000 7fda1ffff640 1 --2- 172.21.15.159:0/1946802016 >> [v2:172.21.15.159:6800/3935564446,v1:172.21.15.159:6801/3935564446] conn(0x7fda0c0391b0 0x7fda0c03b670 unknown :-1 s=BANNER_CONNECTING pgs=0 cs=0 l=1 rev1=0 crypto rx=0 tx=0 comp rx=0 tx=0)._handle_peer_banner_payload supported=3 required=0
2024-09-15T23:59:12.490 INFO:teuthology.orchestra.run.smithi159.stdout:/usr/bin/ceph: stderr
2024-09-15T23:59:11.539+0000 7fda26bec640 1 -- 172.21.15.159:0/1946802016 --> [v2:172.21.15.159:3300/0,v1:172.21.15.159:6789/0] -- mon_command({"prefix": "get_command_descriptions"} v 0) -- 0x7fda201051a0 con 0x7fda20104da0
2024-09-15T23:59:12.490 INFO:teuthology.orchestra.run.smithi159.stdout:/usr/bin/ceph: stderr
2024-09-15T23:59:11.539+0000 7fda1ffff640 1 --2- 172.21.15.159:0/1946802016 >> [v2:172.21.15.159:6800/3935564446,v1:172.21.15.159:6801/3935564446] conn(0x7fda0c0391b0 0x7fda0c03b670 secure :-1 s=READY pgs=7 cs=0 l=1 rev1=1 crypto rx=0x7fda080098c0 tx=0x7fda08006db0 comp rx=0 tx=0).ready entity=mgr.14100 client_cookie=0 server_cookie=0 in_seq=0 out_seq=0
2024-09-15T23:59:12.490 INFO:teuthology.orchestra.run.smithi159.stdout:/usr/bin/ceph: stderr
2024-09-15T23:59:11.543+0000 7fda1dffb640 1 -- 172.21.15.159:0/1946802016 <== mon.0 v2:172.21.15.159:3300/0 6 ==== mon_command_ack([{"prefix": "get_command_descriptions"}]=0 v0) ==== 72+0+188821 (secure 0 0 0) 0x7fda1804b020 con 0x7fda20104da0
2024-09-15T23:59:12.490 INFO:teuthology.orchestra.run.smithi159.stdout:/usr/bin/ceph: stderr
2024-09-15T23:59:11.871+0000 7fda26bec640 1 -- 172.21.15.159:0/1946802016 --> [v2:172.21.15.159:3300/0,v1:172.21.15.159:6789/0] -- mon_command({"prefix": "config assimilate-conf"} v 0) -- 0x7fda201a02a0 con 0x7fda20104da0
2024-09-15T23:59:12.490 INFO:teuthology.orchestra.run.smithi159.stdout:/usr/bin/ceph: stderr
2024-09-15T23:59:11.871+0000 7fda1dffb640 1 -- 172.21.15.159:0/1946802016 <== mon.0 v2:172.21.15.159:3300/0 7 ==== mon_command_ack([{"prefix": "config assimilate-conf"}]=0 v3) ==== 70+0+340 (secure 0 0 0) 0x7fda1803ce50 con 0x7fda20104da0
2024-09-15T23:59:12.490 INFO:teuthology.orchestra.run.smithi159.stdout:/usr/bin/ceph: stderr
2024-09-15T23:59:11.875+0000 7fda26bec640 1 -- 172.21.15.159:0/1946802016 >> [v2:172.21.15.159:6800/3935564446,v1:172.21.15.159:6801/3935564446] conn(0x7fda0c0391b0 msgr2=0x7fda0c03b670 secure :-1 s=STATE_CONNECTION_ESTABLISHED l=1).mark_down
2024-09-15T23:59:12.490 INFO:teuthology.orchestra.run.smithi159.stdout:/usr/bin/ceph: stderr
2024-09-15T23:59:11.875+0000 7fda26bec640 1 --2- 172.21.15.159:0/1946802016 >> [v2:172.21.15.159:6800/3935564446,v1:172.21.15.159:6801/3935564446] conn(0x7fda0c0391b0 0x7fda0c03b670 secure :-1 s=READY pgs=7 cs=0 l=1 rev1=1 crypto rx=0x7fda080098c0 tx=0x7fda08006db0 comp rx=0 tx=0).stop
2024-09-15T23:59:12.490 INFO:teuthology.orchestra.run.smithi159.stdout:/usr/bin/ceph: stderr
2024-09-15T23:59:11.875+0000 7fda26bec640 1 -- 172.21.15.159:0/1946802016 >> [v2:172.21.15.159:3300/0,v1:172.21.15.159:6789/0] conn(0x7fda20104da0 msgr2=0x7fda2019cc10 secure :-1 s=STATE_CONNECTION_ESTABLISHED l=1).mark_down
2024-09-15T23:59:12.491 INFO:teuthology.orchestra.run.smithi159.stdout:/usr/bin/ceph: stderr
2024-09-15T23:59:11.875+0000 7fda26bec640 1 --2- 172.21.15.159:0/1946802016 >> [v2:172.21.15.159:3300/0,v1:172.21.15.159:6789/0] conn(0x7fda20104da0 0x7fda2019cc10 secure :-1 s=READY pgs=19 cs=0 l=1 rev1=1 crypto rx=0x7fda18009680 tx=0x7fda18031c70 comp rx=0 tx=0).stop
2024-09-15T23:59:12.491 INFO:teuthology.orchestra.run.smithi159.stdout:/usr/bin/ceph: stderr
2024-09-15T23:59:11.875+0000 7fda26bec640 1 -- 172.21.15.159:0/1946802016 shutdown_connections
2024-09-15T23:59:12.491 INFO:teuthology.orchestra.run.smithi159.stdout:/usr/bin/ceph: stderr
2024-09-15T23:59:11.875+0000 7fda26bec640 1 --2- 172.21.15.159:0/1946802016 >> [v2:172.21.15.159:6800/3935564446,v1:172.21.15.159:6801/3935564446] conn(0x7fda0c0391b0 0x7fda0c03b670 unknown :-1 s=CLOSED pgs=7 cs=0 l=1 rev1=1 crypto rx=0 tx=0 comp rx=0 tx=0).stop
2024-09-15T23:59:12.491 INFO:teuthology.orchestra.run.smithi159.stdout:/usr/bin/ceph: stderr
2024-09-15T23:59:11.875+0000 7fda26bec640 1 --2- 172.21.15.159:0/1946802016 >> [v2:172.21.15.159:3300/0,v1:172.21.15.159:6789/0] conn(0x7fda20104da0 0x7fda2019cc10 unknown :-1 s=CLOSED pgs=19 cs=0 l=1 rev1=1 crypto rx=0 tx=0 comp rx=0 tx=0).stop
2024-09-15T23:59:12.491 INFO:teuthology.orchestra.run.smithi159.stdout:/usr/bin/ceph: stderr
2024-09-15T23:59:11.875+0000 7fda26bec640 1 -- 172.21.15.159:0/1946802016 >> 172.21.15.159:0/1946802016 conn(0x7fda20100950 msgr2=0x7fda201931f0 unknown :-1 s=STATE_NONE l=0).mark_down
2024-09-15T23:59:12.491 INFO:teuthology.orchestra.run.smithi159.stdout:/usr/bin/ceph: stderr
2024-09-15T23:59:11.875+0000 7fda26bec640 1 -- 172.21.15.159:0/1946802016 shutdown_connections
2024-09-15T23:59:12.491 INFO:teuthology.orchestra.run.smithi159.stdout:/usr/bin/ceph: stderr
2024-09-15T23:59:11.875+0000 7fda26bec640 1 -- 172.21.15.159:0/1946802016 wait complete.
2024-09-15T23:59:12.491 INFO:teuthology.orchestra.run.smithi159.stdout:Enabling cephadm module...
2024-09-15T23:59:14.546 INFO:journalctl@ceph.mon.a.smithi159.stdout:Sep 15 23:59:14 smithi159 bash[22792]: audit
2024-09-15T23:59:14.012408+0000 mon.a (mon.0) 32 : audit [INF] from='client.? 172.21.15.159:0/1445124139' entity='client.admin' cmd=[{"prefix": "mgr module enable", "module": "cephadm"}]: dispatch
2024-09-15T23:59:14.546 INFO:journalctl@ceph.mgr.x.smithi159.stdout:Sep 15 23:59:14 smithi159 bash[23045]: ignoring --setuser ceph since I am not root
2024-09-15T23:59:14.546 INFO:journalctl@ceph.mgr.x.smithi159.stdout:Sep 15 23:59:14 smithi159 bash[23045]: ignoring --setgroup ceph since I am not root
2024-09-15T23:59:14.546 INFO:journalctl@ceph.mgr.x.smithi159.stdout:Sep 15 23:59:14 smithi159 bash[23045]: debug
2024-09-15T23:59:14.219+0000 7f719c1f3040 -1 mgr[py] Module devicehealth has missing NOTIFY_TYPES member
2024-09-15T23:59:14.632 INFO:teuthology.orchestra.run.smithi159.stdout:/usr/bin/ceph: stderr
2024-09-15T23:59:13.583+0000 7f1a03d15640 1 Processor -- start
2024-09-15T23:59:14.632 INFO:teuthology.orchestra.run.smithi159.stdout:/usr/bin/ceph: stderr
2024-09-15T23:59:13.583+0000 7f1a03d15640 1 -- start start
2024-09-15T23:59:14.632 INFO:teuthology.orchestra.run.smithi159.stdout:/usr/bin/ceph: stderr
2024-09-15T23:59:13.583+0000 7f1a03d15640 1 --2- >> [v2:172.21.15.159:3300/0,v1:172.21.15.159:6789/0] conn(0x7f19fc108cf0 0x7f19fc1090f0 unknown :-1 s=NONE pgs=0 cs=0 l=0 rev1=0 crypto rx=0 tx=0 comp rx=0 tx=0).connect
2024-09-15T23:59:14.632 INFO:teuthology.orchestra.run.smithi159.stdout:/usr/bin/ceph: stderr
2024-09-15T23:59:13.583+0000 7f1a03d15640 1 -- --> [v2:172.21.15.159:3300/0,v1:172.21.15.159:6789/0] -- mon_getmap magic: 0 -- 0x7f19fc1096c0 con 0x7f19fc108cf0
2024-09-15T23:59:14.632 INFO:teuthology.orchestra.run.smithi159.stdout:/usr/bin/ceph: stderr
2024-09-15T23:59:13.583+0000 7f1a01ab1640 1 --2- >> [v2:172.21.15.159:3300/0,v1:172.21.15.159:6789/0] conn(0x7f19fc108cf0 0x7f19fc1090f0 unknown :-1 s=BANNER_CONNECTING pgs=0 cs=0 l=0 rev1=0 crypto rx=0 tx=0 comp rx=0 tx=0)._handle_peer_banner_payload supported=3 required=0
2024-09-15T23:59:14.633 INFO:teuthology.orchestra.run.smithi159.stdout:/usr/bin/ceph: stderr
2024-09-15T23:59:13.583+0000 7f1a01ab1640 1 --2- >> [v2:172.21.15.159:3300/0,v1:172.21.15.159:6789/0] conn(0x7f19fc108cf0 0x7f19fc1090f0 unknown :-1 s=HELLO_CONNECTING pgs=0 cs=0 l=0 rev1=1 crypto rx=0 tx=0 comp rx=0 tx=0).handle_hello peer v2:172.21.15.159:3300/0 says I am v2:172.21.15.159:39978/0 (socket says 172.21.15.159:39978)
2024-09-15T23:59:14.633 INFO:teuthology.orchestra.run.smithi159.stdout:/usr/bin/ceph: stderr
2024-09-15T23:59:13.583+0000 7f1a01ab1640 1 -- 172.21.15.159:0/2040486623 learned_addr learned my addr 172.21.15.159:0/2040486623 (peer_addr_for_me v2:172.21.15.159:0/0)
2024-09-15T23:59:14.633 INFO:teuthology.orchestra.run.smithi159.stdout:/usr/bin/ceph: stderr
2024-09-15T23:59:13.583+0000 7f1a01ab1640 1 -- 172.21.15.159:0/2040486623 --> [v2:172.21.15.159:3300/0,v1:172.21.15.159:6789/0] -- mon_subscribe({config=0+,monmap=0+}) -- 0x7f19fc109ea0 con 0x7f19fc108cf0
2024-09-15T23:59:14.633 INFO:teuthology.orchestra.run.smithi159.stdout:/usr/bin/ceph: stderr
2024-09-15T23:59:13.583+0000 7f1a01ab1640 1 --2- 172.21.15.159:0/2040486623 >> [v2:172.21.15.159:3300/0,v1:172.21.15.159:6789/0] conn(0x7f19fc108cf0 0x7f19fc1090f0 secure :-1 s=READY pgs=20 cs=0 l=1 rev1=1 crypto rx=0x7f19f4009820 tx=0x7f19f402a270 comp rx=0 tx=0).ready entity=mon.0 client_cookie=7e0a6f3745ef5613 server_cookie=0 in_seq=0 out_seq=0
2024-09-15T23:59:14.633 INFO:teuthology.orchestra.run.smithi159.stdout:/usr/bin/ceph: stderr
2024-09-15T23:59:13.587+0000 7f1a00aaf640 1 -- 172.21.15.159:0/2040486623 <== mon.0 v2:172.21.15.159:3300/0 1 ==== mon_map magic: 0 ==== 205+0+0 (secure 0 0 0) 0x7f19f4037070 con 0x7f19fc108cf0
2024-09-15T23:59:14.633 INFO:teuthology.orchestra.run.smithi159.stdout:/usr/bin/ceph: stderr
2024-09-15T23:59:13.587+0000 7f1a00aaf640 1 -- 172.21.15.159:0/2040486623 <== mon.0 v2:172.21.15.159:3300/0 2 ==== config(26 keys) ==== 1071+0+0 (secure 0 0 0) 0x7f19f40328d0 con 0x7f19fc108cf0
2024-09-15T23:59:14.633 INFO:teuthology.orchestra.run.smithi159.stdout:/usr/bin/ceph: stderr
2024-09-15T23:59:13.587+0000 7f1a00aaf640 1 -- 172.21.15.159:0/2040486623 <== mon.0 v2:172.21.15.159:3300/0 3 ==== mon_map magic: 0 ==== 205+0+0 (secure 0 0 0) 0x7f19f40307d0 con 0x7f19fc108cf0
2024-09-15T23:59:14.633 INFO:teuthology.orchestra.run.smithi159.stdout:/usr/bin/ceph: stderr
2024-09-15T23:59:13.587+0000 7f1a03d15640 1 -- 172.21.15.159:0/2040486623 >> [v2:172.21.15.159:3300/0,v1:172.21.15.159:6789/0] conn(0x7f19fc108cf0 msgr2=0x7f19fc1090f0 secure :-1 s=STATE_CONNECTION_ESTABLISHED l=1).mark_down
2024-09-15T23:59:14.633 INFO:teuthology.orchestra.run.smithi159.stdout:/usr/bin/ceph: stderr
2024-09-15T23:59:13.587+0000 7f1a03d15640 1 --2- 172.21.15.159:0/2040486623 >> [v2:172.21.15.159:3300/0,v1:172.21.15.159:6789/0] conn(0x7f19fc108cf0 0x7f19fc1090f0 secure :-1 s=READY pgs=20 cs=0 l=1 rev1=1 crypto rx=0x7f19f4009820 tx=0x7f19f402a270 comp rx=0 tx=0).stop
2024-09-15T23:59:14.633 INFO:teuthology.orchestra.run.smithi159.stdout:/usr/bin/ceph: stderr
2024-09-15T23:59:13.587+0000 7f1a03d15640 1 -- 172.21.15.159:0/2040486623 shutdown_connections
2024-09-15T23:59:14.633 INFO:teuthology.orchestra.run.smithi159.stdout:/usr/bin/ceph: stderr
2024-09-15T23:59:13.587+0000 7f1a03d15640 1 --2- 172.21.15.159:0/2040486623 >> [v2:172.21.15.159:3300/0,v1:172.21.15.159:6789/0] conn(0x7f19fc108cf0 0x7f19fc1090f0 unknown :-1 s=CLOSED pgs=20 cs=0 l=1 rev1=1 crypto rx=0 tx=0 comp rx=0 tx=0).stop
2024-09-15T23:59:14.633 INFO:teuthology.orchestra.run.smithi159.stdout:/usr/bin/ceph: stderr
2024-09-15T23:59:13.587+0000 7f1a03d15640 1 -- 172.21.15.159:0/2040486623 >> 172.21.15.159:0/2040486623 conn(0x7f19fc07c360 msgr2=0x7f19fc106d60 unknown :-1 s=STATE_NONE l=0).mark_down
2024-09-15T23:59:14.633 INFO:teuthology.orchestra.run.smithi159.stdout:/usr/bin/ceph: stderr
2024-09-15T23:59:13.587+0000 7f1a03d15640 1 -- 172.21.15.159:0/2040486623 shutdown_connections
2024-09-15T23:59:14.634 INFO:teuthology.orchestra.run.smithi159.stdout:/usr/bin/ceph: stderr
2024-09-15T23:59:13.587+0000 7f1a03d15640 1 -- 172.21.15.159:0/2040486623 wait complete.
2024-09-15T23:59:14.634 INFO:teuthology.orchestra.run.smithi159.stdout:/usr/bin/ceph: stderr
2024-09-15T23:59:13.587+0000 7f1a03d15640 1 Processor -- start
2024-09-15T23:59:14.634 INFO:teuthology.orchestra.run.smithi159.stdout:/usr/bin/ceph: stderr
2024-09-15T23:59:13.587+0000 7f1a03d15640 1 -- start start
2024-09-15T23:59:14.634 INFO:teuthology.orchestra.run.smithi159.stdout:/usr/bin/ceph: stderr
2024-09-15T23:59:13.587+0000 7f1a03d15640 1 --2- >> [v2:172.21.15.159:3300/0,v1:172.21.15.159:6789/0] conn(0x7f19fc108cf0 0x7f19fc080410 unknown :-1 s=NONE pgs=0 cs=0 l=1 rev1=0 crypto rx=0 tx=0 comp rx=0 tx=0).connect
2024-09-15T23:59:14.634 INFO:teuthology.orchestra.run.smithi159.stdout:/usr/bin/ceph: stderr
2024-09-15T23:59:13.587+0000 7f1a03d15640 1 -- --> [v2:172.21.15.159:3300/0,v1:172.21.15.159:6789/0] -- mon_getmap magic: 0 -- 0x7f19fc10d250 con 0x7f19fc108cf0
2024-09-15T23:59:14.634 INFO:teuthology.orchestra.run.smithi159.stdout:/usr/bin/ceph: stderr
2024-09-15T23:59:13.587+0000 7f1a01ab1640 1 --2- >> [v2:172.21.15.159:3300/0,v1:172.21.15.159:6789/0] conn(0x7f19fc108cf0 0x7f19fc080410 unknown :-1 s=BANNER_CONNECTING pgs=0 cs=0 l=1 rev1=0 crypto rx=0 tx=0 comp rx=0 tx=0)._handle_peer_banner_payload supported=3 required=0
2024-09-15T23:59:14.634 INFO:teuthology.orchestra.run.smithi159.stdout:/usr/bin/ceph: stderr
2024-09-15T23:59:13.587+0000 7f1a01ab1640 1 --2- >> [v2:172.21.15.159:3300/0,v1:172.21.15.159:6789/0] conn(0x7f19fc108cf0 0x7f19fc080410 unknown :-1 s=HELLO_CONNECTING pgs=0 cs=0 l=1 rev1=1 crypto rx=0 tx=0 comp rx=0 tx=0).handle_hello peer v2:172.21.15.159:3300/0 says I am v2:172.21.15.159:39992/0 (socket says 172.21.15.159:39992)
2024-09-15T23:59:14.634 INFO:teuthology.orchestra.run.smithi159.stdout:/usr/bin/ceph: stderr
2024-09-15T23:59:13.587+0000 7f1a01ab1640 1 -- 172.21.15.159:0/1445124139 learned_addr learned my addr 172.21.15.159:0/1445124139 (peer_addr_for_me v2:172.21.15.159:0/0)
2024-09-15T23:59:14.634 INFO:teuthology.orchestra.run.smithi159.stdout:/usr/bin/ceph: stderr
2024-09-15T23:59:13.587+0000 7f1a01ab1640 1 -- 172.21.15.159:0/1445124139 --> [v2:172.21.15.159:3300/0,v1:172.21.15.159:6789/0] -- mon_subscribe({config=0+,monmap=0+}) -- 0x7f19fc080950 con 0x7f19fc108cf0
2024-09-15T23:59:14.634 INFO:teuthology.orchestra.run.smithi159.stdout:/usr/bin/ceph: stderr
2024-09-15T23:59:13.587+0000 7f1a01ab1640 1 --2- 172.21.15.159:0/1445124139 >> [v2:172.21.15.159:3300/0,v1:172.21.15.159:6789/0] conn(0x7f19fc108cf0 0x7f19fc080410 secure :-1 s=READY pgs=21 cs=0 l=1 rev1=1 crypto rx=0x7f19f40097f0 tx=0x7f19f4030d00 comp rx=0 tx=0).ready entity=mon.0 client_cookie=0 server_cookie=0 in_seq=0 out_seq=0
2024-09-15T23:59:14.634 INFO:teuthology.orchestra.run.smithi159.stdout:/usr/bin/ceph: stderr
2024-09-15T23:59:13.587+0000 7f19eeffd640 1 -- 172.21.15.159:0/1445124139 <== mon.0 v2:172.21.15.159:3300/0 1 ==== mon_map magic: 0 ==== 205+0+0 (secure 0 0 0) 0x7f19f4037040 con 0x7f19fc108cf0
2024-09-15T23:59:14.635 INFO:teuthology.orchestra.run.smithi159.stdout:/usr/bin/ceph: stderr
2024-09-15T23:59:13.587+0000 7f1a03d15640 1 -- 172.21.15.159:0/1445124139 --> [v2:172.21.15.159:3300/0,v1:172.21.15.159:6789/0] -- mon_subscribe({mgrmap=0+}) -- 0x7f19fc080be0 con 0x7f19fc108cf0
2024-09-15T23:59:14.635 INFO:teuthology.orchestra.run.smithi159.stdout:/usr/bin/ceph: stderr
2024-09-15T23:59:13.587+0000 7f1a03d15640 1 -- 172.21.15.159:0/1445124139 --> [v2:172.21.15.159:3300/0,v1:172.21.15.159:6789/0] -- mon_subscribe({osdmap=0}) -- 0x7f19fc07d1a0 con 0x7f19fc108cf0
2024-09-15T23:59:14.635 INFO:teuthology.orchestra.run.smithi159.stdout:/usr/bin/ceph: stderr
2024-09-15T23:59:13.587+0000 7f19eeffd640 1 -- 172.21.15.159:0/1445124139 <== mon.0 v2:172.21.15.159:3300/0 2 ==== config(26 keys) ==== 1071+0+0 (secure 0 0 0) 0x7f19f4032bb0 con 0x7f19fc108cf0
2024-09-15T23:59:14.635 INFO:teuthology.orchestra.run.smithi159.stdout:/usr/bin/ceph: stderr
2024-09-15T23:59:13.587+0000 7f19eeffd640 1 -- 172.21.15.159:0/1445124139 <== mon.0 v2:172.21.15.159:3300/0 3 ==== mon_map magic: 0 ==== 205+0+0 (secure 0 0 0) 0x7f19f403a390 con 0x7f19fc108cf0
2024-09-15T23:59:14.635 INFO:teuthology.orchestra.run.smithi159.stdout:/usr/bin/ceph: stderr
2024-09-15T23:59:13.587+0000 7f19eeffd640 1 -- 172.21.15.159:0/1445124139 <== mon.0 v2:172.21.15.159:3300/0 4 ==== mgrmap(e 4) ==== 46450+0+0 (secure 0 0 0) 0x7f19f403a5d0 con 0x7f19fc108cf0
2024-09-15T23:59:14.635 INFO:teuthology.orchestra.run.smithi159.stdout:/usr/bin/ceph: stderr
2024-09-15T23:59:13.587+0000 7f19eeffd640 1 --2- 172.21.15.159:0/1445124139 >> [v2:172.21.15.159:6800/3935564446,v1:172.21.15.159:6801/3935564446] conn(0x7f19e8039160 0x7f19e803b620 unknown :-1 s=NONE pgs=0 cs=0 l=1 rev1=0 crypto rx=0 tx=0 comp rx=0 tx=0).connect
2024-09-15T23:59:14.635 INFO:teuthology.orchestra.run.smithi159.stdout:/usr/bin/ceph: stderr
2024-09-15T23:59:13.587+0000 7f19eeffd640 1 -- 172.21.15.159:0/1445124139 <== mon.0 v2:172.21.15.159:3300/0 5 ==== osd_map(1..1 src has 1..1) ==== 725+0+0 (secure 0 0 0) 0x7f19f406c690 con 0x7f19fc108cf0
2024-09-15T23:59:14.635 INFO:teuthology.orchestra.run.smithi159.stdout:/usr/bin/ceph: stderr
2024-09-15T23:59:13.591+0000 7f1a012b0640 1 --2- 172.21.15.159:0/1445124139 >> [v2:172.21.15.159:6800/3935564446,v1:172.21.15.159:6801/3935564446] conn(0x7f19e8039160 0x7f19e803b620 unknown :-1 s=BANNER_CONNECTING pgs=0 cs=0 l=1 rev1=0 crypto rx=0 tx=0 comp rx=0 tx=0)._handle_peer_banner_payload supported=3 required=0
2024-09-15T23:59:14.635 INFO:teuthology.orchestra.run.smithi159.stdout:/usr/bin/ceph: stderr
2024-09-15T23:59:13.591+0000 7f1a03d15640 1 -- 172.21.15.159:0/1445124139 --> [v2:172.21.15.159:3300/0,v1:172.21.15.159:6789/0] -- mon_command({"prefix": "get_command_descriptions"} v 0) -- 0x7f19fc080db0 con 0x7f19fc108cf0
2024-09-15T23:59:14.635 INFO:teuthology.orchestra.run.smithi159.stdout:/usr/bin/ceph: stderr
2024-09-15T23:59:13.591+0000 7f1a012b0640 1 --2- 172.21.15.159:0/1445124139 >> [v2:172.21.15.159:6800/3935564446,v1:172.21.15.159:6801/3935564446] conn(0x7f19e8039160 0x7f19e803b620 secure :-1 s=READY pgs=8 cs=0 l=1 rev1=1 crypto rx=0x7f19f000ad30 tx=0x7f19f00093f0 comp rx=0 tx=0).ready entity=mgr.14100 client_cookie=0 server_cookie=0 in_seq=0 out_seq=0
2024-09-15T23:59:14.635 INFO:teuthology.orchestra.run.smithi159.stdout:/usr/bin/ceph: stderr
2024-09-15T23:59:13.595+0000 7f19eeffd640 1 -- 172.21.15.159:0/1445124139 <== mon.0 v2:172.21.15.159:3300/0 6 ==== mon_command_ack([{"prefix": "get_command_descriptions"}]=0 v0) ==== 72+0+188821 (secure 0 0 0) 0x7f19fc080db0 con 0x7f19fc108cf0
2024-09-15T23:59:14.636 INFO:teuthology.orchestra.run.smithi159.stdout:/usr/bin/ceph: stderr
2024-09-15T23:59:14.007+0000 7f1a03d15640 1 -- 172.21.15.159:0/1445124139 --> [v2:172.21.15.159:3300/0,v1:172.21.15.159:6789/0] -- mon_command({"prefix": "mgr module enable", "module": "cephadm"} v 0) -- 0x7f19fc07d6c0 con 0x7f19fc108cf0
2024-09-15T23:59:14.636 INFO:teuthology.orchestra.run.smithi159.stdout:/usr/bin/ceph: stderr
2024-09-15T23:59:14.059+0000 7f19eeffd640 1 -- 172.21.15.159:0/1445124139 <== mon.0 v2:172.21.15.159:3300/0 7 ==== mon_command_ack([{"prefix": "mgr module enable", "module": "cephadm"}]=0 v5) ==== 86+0+0 (secure 0 0 0) 0x7f19f4040210 con 0x7f19fc108cf0
2024-09-15T23:59:14.636 INFO:teuthology.orchestra.run.smithi159.stdout:/usr/bin/ceph: stderr
2024-09-15T23:59:14.063+0000 7f19eeffd640 1 -- 172.21.15.159:0/1445124139 <== mon.0 v2:172.21.15.159:3300/0 8 ==== mgrmap(e 5) ==== 46461+0+0 (secure 0 0 0) 0x7f19f4049cf0 con 0x7f19fc108cf0
2024-09-15T23:59:14.636 INFO:teuthology.orchestra.run.smithi159.stdout:/usr/bin/ceph: stderr
2024-09-15T23:59:14.063+0000 7f1a03d15640 1 -- 172.21.15.159:0/1445124139 >> [v2:172.21.15.159:6800/3935564446,v1:172.21.15.159:6801/3935564446] conn(0x7f19e8039160 msgr2=0x7f19e803b620 secure :-1 s=STATE_CONNECTION_ESTABLISHED l=1).mark_down
2024-09-15T23:59:14.636 INFO:teuthology.orchestra.run.smithi159.stdout:/usr/bin/ceph: stderr
2024-09-15T23:59:14.063+0000 7f1a03d15640 1 --2- 172.21.15.159:0/1445124139 >> [v2:172.21.15.159:6800/3935564446,v1:172.21.15.159:6801/3935564446] conn(0x7f19e8039160 0x7f19e803b620 secure :-1 s=READY pgs=8 cs=0 l=1 rev1=1 crypto rx=0x7f19f000ad30 tx=0x7f19f00093f0 comp rx=0 tx=0).stop
2024-09-15T23:59:14.636 INFO:teuthology.orchestra.run.smithi159.stdout:/usr/bin/ceph: stderr
2024-09-15T23:59:14.063+0000 7f1a03d15640 1 -- 172.21.15.159:0/1445124139 >> [v2:172.21.15.159:3300/0,v1:172.21.15.159:6789/0] conn(0x7f19fc108cf0 msgr2=0x7f19fc080410 secure :-1 s=STATE_CONNECTION_ESTABLISHED l=1).mark_down
2024-09-15T23:59:14.636 INFO:teuthology.orchestra.run.smithi159.stdout:/usr/bin/ceph: stderr
2024-09-15T23:59:14.063+0000 7f1a03d15640 1 --2- 172.21.15.159:0/1445124139 >> [v2:172.21.15.159:3300/0,v1:172.21.15.159:6789/0] conn(0x7f19fc108cf0 0x7f19fc080410 secure :-1 s=READY pgs=21 cs=0 l=1 rev1=1 crypto rx=0x7f19f40097f0 tx=0x7f19f4030d00 comp rx=0 tx=0).stop
2024-09-15T23:59:14.636 INFO:teuthology.orchestra.run.smithi159.stdout:/usr/bin/ceph: stderr
2024-09-15T23:59:14.063+0000 7f1a03d15640 1 -- 172.21.15.159:0/1445124139 shutdown_connections
2024-09-15T23:59:14.636 INFO:teuthology.orchestra.run.smithi159.stdout:/usr/bin/ceph: stderr
2024-09-15T23:59:14.063+0000 7f1a03d15640 1 --2- 172.21.15.159:0/1445124139 >> [v2:172.21.15.159:6800/3935564446,v1:172.21.15.159:6801/3935564446] conn(0x7f19e8039160 0x7f19e803b620 unknown :-1 s=CLOSED pgs=8 cs=0 l=1 rev1=1 crypto rx=0 tx=0 comp rx=0 tx=0).stop
2024-09-15T23:59:14.636 INFO:teuthology.orchestra.run.smithi159.stdout:/usr/bin/ceph: stderr
2024-09-15T23:59:14.063+0000 7f1a03d15640 1 --2- 172.21.15.159:0/1445124139 >> [v2:172.21.15.159:3300/0,v1:172.21.15.159:6789/0] conn(0x7f19fc108cf0 0x7f19fc080410 unknown :-1 s=CLOSED pgs=21 cs=0 l=1 rev1=1 crypto rx=0 tx=0 comp rx=0 tx=0).stop
2024-09-15T23:59:14.636 INFO:teuthology.orchestra.run.smithi159.stdout:/usr/bin/ceph: stderr
2024-09-15T23:59:14.063+0000 7f1a03d15640 1 -- 172.21.15.159:0/1445124139 >> 172.21.15.159:0/1445124139 conn(0x7f19fc07c360 msgr2=0x7f19fc1064c0 unknown :-1 s=STATE_NONE l=0).mark_down
2024-09-15T23:59:14.636 INFO:teuthology.orchestra.run.smithi159.stdout:/usr/bin/ceph: stderr
2024-09-15T23:59:14.063+0000 7f1a03d15640 1 -- 172.21.15.159:0/1445124139 shutdown_connections
2024-09-15T23:59:14.636 INFO:teuthology.orchestra.run.smithi159.stdout:/usr/bin/ceph: stderr
2024-09-15T23:59:14.063+0000 7f1a03d15640 1 -- 172.21.15.159:0/1445124139 wait complete.
2024-09-15T23:59:15.410 INFO:journalctl@ceph.mon.a.smithi159.stdout:Sep 15 23:59:15 smithi159 bash[22792]: audit
2024-09-15T23:59:14.064218+0000 mon.a (mon.0) 33 : audit [INF] from='client.? 172.21.15.159:0/1445124139' entity='client.admin' cmd='[{"prefix": "mgr module enable", "module": "cephadm"}]': finished
2024-09-15T23:59:15.410 INFO:journalctl@ceph.mon.a.smithi159.stdout:Sep 15 23:59:15 smithi159 bash[22792]: cluster
2024-09-15T23:59:14.069495+0000 mon.a (mon.0) 34 : cluster [DBG] mgrmap e5: x(active, since 6s)
2024-09-15T23:59:15.796 INFO:journalctl@ceph.mgr.x.smithi159.stdout:Sep 15 23:59:15 smithi159 bash[23045]: debug
2024-09-15T23:59:15.407+0000 7f719c1f3040 -1 mgr[py] Module rook has missing NOTIFY_TYPES member
2024-09-15T23:59:15.796 INFO:journalctl@ceph.mgr.x.smithi159.stdout:Sep 15 23:59:15 smithi159 bash[23045]: debug
2024-09-15T23:59:15.475+0000 7f719c1f3040 -1 mgr[py] Module iostat has missing NOTIFY_TYPES member
2024-09-15T23:59:15.796 INFO:journalctl@ceph.mgr.x.smithi159.stdout:Sep 15 23:59:15 smithi159 bash[23045]: debug
2024-09-15T23:59:15.631+0000 7f719c1f3040 -1 mgr[py] Module telemetry has missing NOTIFY_TYPES member
2024-09-15T23:59:16.432 INFO:journalctl@ceph.mon.a.smithi159.stdout:Sep 15 23:59:16 smithi159 bash[22792]: audit
2024-09-15T23:59:16.133516+0000 mon.a (mon.0) 35 : audit [DBG] from='client.? 172.21.15.159:0/4251716486' entity='client.admin' cmd=[{"prefix": "mgr stat"}]: dispatch
2024-09-15T23:59:16.432 INFO:journalctl@ceph.mgr.x.smithi159.stdout:Sep 15 23:59:16 smithi159 bash[23045]: debug
2024-09-15T23:59:16.291+0000 7f719c1f3040 -1 mgr[py] Module osd_support has missing NOTIFY_TYPES member
2024-09-15T23:59:16.432 INFO:journalctl@ceph.mgr.x.smithi159.stdout:Sep 15 23:59:16 smithi159 bash[23045]: debug
2024-09-15T23:59:16.363+0000 7f719c1f3040 -1 mgr[py] Module selftest has missing NOTIFY_TYPES member
2024-09-15T23:59:16.699 INFO:teuthology.orchestra.run.smithi159.stdout:/usr/bin/ceph: stdout {
2024-09-15T23:59:16.699 INFO:teuthology.orchestra.run.smithi159.stdout:/usr/bin/ceph: stdout "epoch": 5,
2024-09-15T23:59:16.699 INFO:teuthology.orchestra.run.smithi159.stdout:/usr/bin/ceph: stdout "available": true,
2024-09-15T23:59:16.699 INFO:teuthology.orchestra.run.smithi159.stdout:/usr/bin/ceph: stdout "active_name": "x",
2024-09-15T23:59:16.699 INFO:teuthology.orchestra.run.smithi159.stdout:/usr/bin/ceph: stdout "num_standby": 0
2024-09-15T23:59:16.699 INFO:teuthology.orchestra.run.smithi159.stdout:/usr/bin/ceph: stdout }
2024-09-15T23:59:16.699 INFO:teuthology.orchestra.run.smithi159.stdout:/usr/bin/ceph: stderr
2024-09-15T23:59:15.699+0000 7f6fdc4d1640 1 Processor -- start
2024-09-15T23:59:16.699 INFO:teuthology.orchestra.run.smithi159.stdout:/usr/bin/ceph: stderr
2024-09-15T23:59:15.699+0000 7f6fdc4d1640 1 -- start start
2024-09-15T23:59:16.699 INFO:teuthology.orchestra.run.smithi159.stdout:/usr/bin/ceph: stderr
2024-09-15T23:59:15.699+0000 7f6fdc4d1640 1 --2- >> [v2:172.21.15.159:3300/0,v1:172.21.15.159:6789/0] conn(0x7f6fd41059b0 0x7f6fd4105db0 unknown :-1 s=NONE pgs=0 cs=0 l=0 rev1=0 crypto rx=0 tx=0 comp rx=0 tx=0).connect
2024-09-15T23:59:16.700 INFO:teuthology.orchestra.run.smithi159.stdout:/usr/bin/ceph: stderr
2024-09-15T23:59:15.699+0000 7f6fdc4d1640 1 -- --> [v2:172.21.15.159:3300/0,v1:172.21.15.159:6789/0] -- mon_getmap magic: 0 -- 0x7f6fd4106380 con 0x7f6fd41059b0
2024-09-15T23:59:16.700 INFO:teuthology.orchestra.run.smithi159.stdout:/usr/bin/ceph: stderr
2024-09-15T23:59:15.699+0000 7f6fda26d640 1 --2- >> [v2:172.21.15.159:3300/0,v1:172.21.15.159:6789/0] conn(0x7f6fd41059b0 0x7f6fd4105db0 unknown :-1 s=BANNER_CONNECTING pgs=0 cs=0 l=0 rev1=0 crypto rx=0 tx=0 comp rx=0 tx=0)._handle_peer_banner_payload supported=3 required=0
2024-09-15T23:59:16.700 INFO:teuthology.orchestra.run.smithi159.stdout:/usr/bin/ceph: stderr
2024-09-15T23:59:15.699+0000 7f6fda26d640 1 --2- >> [v2:172.21.15.159:3300/0,v1:172.21.15.159:6789/0] conn(0x7f6fd41059b0 0x7f6fd4105db0 unknown :-1 s=HELLO_CONNECTING pgs=0 cs=0 l=0 rev1=1 crypto rx=0 tx=0 comp rx=0 tx=0).handle_hello peer v2:172.21.15.159:3300/0 says I am v2:172.21.15.159:40028/0 (socket says 172.21.15.159:40028)
2024-09-15T23:59:16.700 INFO:teuthology.orchestra.run.smithi159.stdout:/usr/bin/ceph: stderr
2024-09-15T23:59:15.699+0000 7f6fda26d640 1 -- 172.21.15.159:0/3331277596 learned_addr learned my addr 172.21.15.159:0/3331277596 (peer_addr_for_me v2:172.21.15.159:0/0)
2024-09-15T23:59:16.700 INFO:teuthology.orchestra.run.smithi159.stdout:/usr/bin/ceph: stderr
2024-09-15T23:59:15.699+0000 7f6fda26d640 1 -- 172.21.15.159:0/3331277596 --> [v2:172.21.15.159:3300/0,v1:172.21.15.159:6789/0] -- mon_subscribe({config=0+,monmap=0+}) -- 0x7f6fd4106bb0 con 0x7f6fd41059b0
2024-09-15T23:59:16.700 INFO:teuthology.orchestra.run.smithi159.stdout:/usr/bin/ceph: stderr
2024-09-15T23:59:15.699+0000 7f6fda26d640 1 --2- 172.21.15.159:0/3331277596 >> [v2:172.21.15.159:3300/0,v1:172.21.15.159:6789/0] conn(0x7f6fd41059b0 0x7f6fd4105db0 secure :-1 s=READY pgs=24 cs=0 l=1 rev1=1 crypto rx=0x7f6fd0009820 tx=0x7f6fd002a270 comp rx=0 tx=0).ready entity=mon.0 client_cookie=2056446a7df2a91b server_cookie=0 in_seq=0 out_seq=0
2024-09-15T23:59:16.700 INFO:teuthology.orchestra.run.smithi159.stdout:/usr/bin/ceph: stderr
2024-09-15T23:59:15.699+0000 7f6fd926b640 1 -- 172.21.15.159:0/3331277596 <== mon.0 v2:172.21.15.159:3300/0 1 ==== mon_map magic: 0 ==== 205+0+0 (secure 0 0 0) 0x7f6fd0037070 con 0x7f6fd41059b0
2024-09-15T23:59:16.700 INFO:teuthology.orchestra.run.smithi159.stdout:/usr/bin/ceph: stderr
2024-09-15T23:59:15.699+0000 7f6fd926b640 1 -- 172.21.15.159:0/3331277596 <== mon.0 v2:172.21.15.159:3300/0 2 ==== config(26 keys) ==== 1071+0+0 (secure 0 0 0) 0x7f6fd00328d0 con 0x7f6fd41059b0
2024-09-15T23:59:16.700 INFO:teuthology.orchestra.run.smithi159.stdout:/usr/bin/ceph: stderr
2024-09-15T23:59:15.699+0000 7f6fd926b640 1 -- 172.21.15.159:0/3331277596 <== mon.0 v2:172.21.15.159:3300/0 3 ==== mon_map magic: 0 ==== 205+0+0 (secure 0 0 0) 0x7f6fd00307d0 con 0x7f6fd41059b0
2024-09-15T23:59:16.700 INFO:teuthology.orchestra.run.smithi159.stdout:/usr/bin/ceph: stderr
