2024-09-16T00:03:35.415+0000 7f2638ff9640 1 -- 172.21.15.78:0/1786259686 <== mon.0 v2:172.21.15.78:3300/0 2 ==== config(27 keys) ==== 1109+0+0 (secure 0 0 0) 0x7f262c0308c0 con 0x7f263c108100
2024-09-16T00:03:39.600 INFO:teuthology.orchestra.run.smithi078.stdout:/usr/bin/ceph: stderr
2024-09-16T00:03:35.415+0000 7f2638ff9640 1 -- 172.21.15.78:0/1786259686 <== mon.0 v2:172.21.15.78:3300/0 3 ==== mon_map magic: 0 ==== 205+0+0 (secure 0 0 0) 0x7f262c037040 con 0x7f263c108100
2024-09-16T00:03:39.601 INFO:teuthology.orchestra.run.smithi078.stdout:/usr/bin/ceph: stderr
2024-09-16T00:03:35.415+0000 7f2641752640 1 -- 172.21.15.78:0/1786259686 --> [v2:172.21.15.78:3300/0,v1:172.21.15.78:6789/0] -- mon_subscribe({mgrmap=0+}) -- 0x7f263c19bd60 con 0x7f263c108100
2024-09-16T00:03:39.601 INFO:teuthology.orchestra.run.smithi078.stdout:/usr/bin/ceph: stderr
2024-09-16T00:03:35.416+0000 7f2641752640 1 -- 172.21.15.78:0/1786259686 --> [v2:172.21.15.78:3300/0,v1:172.21.15.78:6789/0] -- mon_subscribe({osdmap=0}) -- 0x7f263c19ea50 con 0x7f263c108100
2024-09-16T00:03:39.601 INFO:teuthology.orchestra.run.smithi078.stdout:/usr/bin/ceph: stderr
2024-09-16T00:03:35.416+0000 7f2638ff9640 1 -- 172.21.15.78:0/1786259686 <== mon.0 v2:172.21.15.78:3300/0 4 ==== mgrmap(e 5) ==== 46461+0+0 (secure 0 0 0) 0x7f262c045070 con 0x7f263c108100
2024-09-16T00:03:39.601 INFO:teuthology.orchestra.run.smithi078.stdout:/usr/bin/ceph: stderr
2024-09-16T00:03:35.417+0000 7f2638ff9640 1 --2- 172.21.15.78:0/1786259686 >> [v2:172.21.15.78:6800/1515675480,v1:172.21.15.78:6801/1515675480] conn(0x7f26280391b0 0x7f262803b670 unknown :-1 s=NONE pgs=0 cs=0 l=1 rev1=0 crypto rx=0 tx=0 comp rx=0 tx=0).connect
2024-09-16T00:03:39.601 INFO:teuthology.orchestra.run.smithi078.stdout:/usr/bin/ceph: stderr
2024-09-16T00:03:35.417+0000 7f2638ff9640 1 -- 172.21.15.78:0/1786259686 --> [v2:172.21.15.78:6800/1515675480,v1:172.21.15.78:6801/1515675480] -- command(tid 0: {"prefix": "get_command_descriptions"}) -- 0x7f262803bd80 con 0x7f26280391b0
2024-09-16T00:03:39.601 INFO:teuthology.orchestra.run.smithi078.stdout:/usr/bin/ceph: stderr
2024-09-16T00:03:35.417+0000 7f2638ff9640 1 -- 172.21.15.78:0/1786259686 <== mon.0 v2:172.21.15.78:3300/0 5 ==== osd_map(1..1 src has 1..1) ==== 725+0+0 (secure 0 0 0) 0x7f262c06c4d0 con 0x7f263c108100
2024-09-16T00:03:39.601 INFO:teuthology.orchestra.run.smithi078.stdout:/usr/bin/ceph: stderr
2024-09-16T00:03:35.417+0000 7f2633fff640 1 -- 172.21.15.78:0/1786259686 >> [v2:172.21.15.78:6800/1515675480,v1:172.21.15.78:6801/1515675480] conn(0x7f26280391b0 msgr2=0x7f262803b670 unknown :-1 s=STATE_CONNECTING_RE l=1).process reconnect failed to v2:172.21.15.78:6800/1515675480
2024-09-16T00:03:39.601 INFO:teuthology.orchestra.run.smithi078.stdout:/usr/bin/ceph: stderr
2024-09-16T00:03:35.417+0000 7f2633fff640 1 --2- 172.21.15.78:0/1786259686 >> [v2:172.21.15.78:6800/1515675480,v1:172.21.15.78:6801/1515675480] conn(0x7f26280391b0 0x7f262803b670 unknown :-1 s=START_CONNECT pgs=0 cs=0 l=1 rev1=0 crypto rx=0 tx=0 comp rx=0 tx=0)._fault waiting 0.200000
2024-09-16T00:03:39.601 INFO:teuthology.orchestra.run.smithi078.stdout:/usr/bin/ceph: stderr
2024-09-16T00:03:35.618+0000 7f2633fff640 1 -- 172.21.15.78:0/1786259686 >> [v2:172.21.15.78:6800/1515675480,v1:172.21.15.78:6801/1515675480] conn(0x7f26280391b0 msgr2=0x7f262803b670 unknown :-1 s=STATE_CONNECTING_RE l=1).process reconnect failed to v2:172.21.15.78:6800/1515675480
2024-09-16T00:03:39.601 INFO:teuthology.orchestra.run.smithi078.stdout:/usr/bin/ceph: stderr
2024-09-16T00:03:35.618+0000 7f2633fff640 1 --2- 172.21.15.78:0/1786259686 >> [v2:172.21.15.78:6800/1515675480,v1:172.21.15.78:6801/1515675480] conn(0x7f26280391b0 0x7f262803b670 unknown :-1 s=START_CONNECT pgs=0 cs=0 l=1 rev1=0 crypto rx=0 tx=0 comp rx=0 tx=0)._fault waiting 0.400000
2024-09-16T00:03:39.601 INFO:teuthology.orchestra.run.smithi078.stdout:/usr/bin/ceph: stderr
2024-09-16T00:03:36.019+0000 7f2633fff640 1 -- 172.21.15.78:0/1786259686 >> [v2:172.21.15.78:6800/1515675480,v1:172.21.15.78:6801/1515675480] conn(0x7f26280391b0 msgr2=0x7f262803b670 unknown :-1 s=STATE_CONNECTING_RE l=1).process reconnect failed to v2:172.21.15.78:6800/1515675480
2024-09-16T00:03:39.601 INFO:teuthology.orchestra.run.smithi078.stdout:/usr/bin/ceph: stderr
2024-09-16T00:03:36.019+0000 7f2633fff640 1 --2- 172.21.15.78:0/1786259686 >> [v2:172.21.15.78:6800/1515675480,v1:172.21.15.78:6801/1515675480] conn(0x7f26280391b0 0x7f262803b670 unknown :-1 s=START_CONNECT pgs=0 cs=0 l=1 rev1=0 crypto rx=0 tx=0 comp rx=0 tx=0)._fault waiting 0.800000
2024-09-16T00:03:39.601 INFO:teuthology.orchestra.run.smithi078.stdout:/usr/bin/ceph: stderr
2024-09-16T00:03:36.820+0000 7f2633fff640 1 -- 172.21.15.78:0/1786259686 >> [v2:172.21.15.78:6800/1515675480,v1:172.21.15.78:6801/1515675480] conn(0x7f26280391b0 msgr2=0x7f262803b670 unknown :-1 s=STATE_CONNECTING_RE l=1).process reconnect failed to v2:172.21.15.78:6800/1515675480
2024-09-16T00:03:39.602 INFO:teuthology.orchestra.run.smithi078.stdout:/usr/bin/ceph: stderr
2024-09-16T00:03:36.820+0000 7f2633fff640 1 --2- 172.21.15.78:0/1786259686 >> [v2:172.21.15.78:6800/1515675480,v1:172.21.15.78:6801/1515675480] conn(0x7f26280391b0 0x7f262803b670 unknown :-1 s=START_CONNECT pgs=0 cs=0 l=1 rev1=0 crypto rx=0 tx=0 comp rx=0 tx=0)._fault waiting 1.600000
2024-09-16T00:03:39.602 INFO:teuthology.orchestra.run.smithi078.stdout:/usr/bin/ceph: stderr
2024-09-16T00:03:37.957+0000 7f2638ff9640 1 -- 172.21.15.78:0/1786259686 <== mon.0 v2:172.21.15.78:3300/0 6 ==== mgrmap(e 6) ==== 46228+0+0 (secure 0 0 0) 0x7f262c06af90 con 0x7f263c108100
2024-09-16T00:03:39.602 INFO:teuthology.orchestra.run.smithi078.stdout:/usr/bin/ceph: stderr
2024-09-16T00:03:37.957+0000 7f2638ff9640 1 -- 172.21.15.78:0/1786259686 >> [v2:172.21.15.78:6800/1515675480,v1:172.21.15.78:6801/1515675480] conn(0x7f26280391b0 msgr2=0x7f262803b670 unknown :-1 s=STATE_CONNECTING l=1).mark_down
2024-09-16T00:03:39.602 INFO:teuthology.orchestra.run.smithi078.stdout:/usr/bin/ceph: stderr
2024-09-16T00:03:37.957+0000 7f2638ff9640 1 --2- 172.21.15.78:0/1786259686 >> [v2:172.21.15.78:6800/1515675480,v1:172.21.15.78:6801/1515675480] conn(0x7f26280391b0 0x7f262803b670 unknown :-1 s=START_CONNECT pgs=0 cs=0 l=1 rev1=0 crypto rx=0 tx=0 comp rx=0 tx=0).stop
2024-09-16T00:03:39.602 INFO:teuthology.orchestra.run.smithi078.stdout:/usr/bin/ceph: stderr
2024-09-16T00:03:38.957+0000 7f2638ff9640 1 -- 172.21.15.78:0/1786259686 <== mon.0 v2:172.21.15.78:3300/0 7 ==== mgrmap(e 7) ==== 46355+0+0 (secure 0 0 0) 0x7f262c03cd00 con 0x7f263c108100
2024-09-16T00:03:39.602 INFO:teuthology.orchestra.run.smithi078.stdout:/usr/bin/ceph: stderr
2024-09-16T00:03:38.957+0000 7f2638ff9640 1 --2- 172.21.15.78:0/1786259686 >> [v2:172.21.15.78:6800/1052494441,v1:172.21.15.78:6801/1052494441] conn(0x7f262803cae0 0x7f262803eed0 unknown :-1 s=NONE pgs=0 cs=0 l=1 rev1=0 crypto rx=0 tx=0 comp rx=0 tx=0).connect
2024-09-16T00:03:39.602 INFO:teuthology.orchestra.run.smithi078.stdout:/usr/bin/ceph: stderr
2024-09-16T00:03:38.957+0000 7f2638ff9640 1 -- 172.21.15.78:0/1786259686 --> [v2:172.21.15.78:6800/1052494441,v1:172.21.15.78:6801/1052494441] -- command(tid 0: {"prefix": "get_command_descriptions"}) -- 0x7f262803bd80 con 0x7f262803cae0
2024-09-16T00:03:39.602 INFO:teuthology.orchestra.run.smithi078.stdout:/usr/bin/ceph: stderr
2024-09-16T00:03:38.958+0000 7f2633fff640 1 --2- 172.21.15.78:0/1786259686 >> [v2:172.21.15.78:6800/1052494441,v1:172.21.15.78:6801/1052494441] conn(0x7f262803cae0 0x7f262803eed0 unknown :-1 s=BANNER_CONNECTING pgs=0 cs=0 l=1 rev1=0 crypto rx=0 tx=0 comp rx=0 tx=0)._handle_peer_banner_payload supported=3 required=0
2024-09-16T00:03:39.602 INFO:teuthology.orchestra.run.smithi078.stdout:/usr/bin/ceph: stderr
2024-09-16T00:03:38.958+0000 7f2633fff640 1 --2- 172.21.15.78:0/1786259686 >> [v2:172.21.15.78:6800/1052494441,v1:172.21.15.78:6801/1052494441] conn(0x7f262803cae0 0x7f262803eed0 secure :-1 s=READY pgs=1 cs=0 l=1 rev1=1 crypto rx=0x7f2624003980 tx=0x7f2624006e10 comp rx=0 tx=0).ready entity=mgr.14118 client_cookie=0 server_cookie=0 in_seq=0 out_seq=0
2024-09-16T00:03:39.602 INFO:teuthology.orchestra.run.smithi078.stdout:/usr/bin/ceph: stderr
2024-09-16T00:03:38.959+0000 7f2638ff9640 1 -- 172.21.15.78:0/1786259686 <== mgr.14118 v2:172.21.15.78:6800/1052494441 1 ==== command_reply(tid 0: 0 ) ==== 8+0+9564 (secure 0 0 0) 0x7f262803bd80 con 0x7f262803cae0
2024-09-16T00:03:39.602 INFO:teuthology.orchestra.run.smithi078.stdout:/usr/bin/ceph: stderr
2024-09-16T00:03:38.966+0000 7f2641752640 1 -- 172.21.15.78:0/1786259686 --> [v2:172.21.15.78:6800/1052494441,v1:172.21.15.78:6801/1052494441] -- command(tid 1: {"prefix": "mgr_status"}) -- 0x7f263c108560 con 0x7f262803cae0
2024-09-16T00:03:39.602 INFO:teuthology.orchestra.run.smithi078.stdout:/usr/bin/ceph: stderr
2024-09-16T00:03:38.966+0000 7f2638ff9640 1 -- 172.21.15.78:0/1786259686 <== mgr.14118 v2:172.21.15.78:6800/1052494441 2 ==== command_reply(tid 1: 0 ) ==== 8+0+51 (secure 0 0 0) 0x7f263c108560 con 0x7f262803cae0
2024-09-16T00:03:39.602 INFO:teuthology.orchestra.run.smithi078.stdout:/usr/bin/ceph: stderr
2024-09-16T00:03:38.966+0000 7f2641752640 1 -- 172.21.15.78:0/1786259686 >> [v2:172.21.15.78:6800/1052494441,v1:172.21.15.78:6801/1052494441] conn(0x7f262803cae0 msgr2=0x7f262803eed0 secure :-1 s=STATE_CONNECTION_ESTABLISHED l=1).mark_down
2024-09-16T00:03:39.603 INFO:teuthology.orchestra.run.smithi078.stdout:/usr/bin/ceph: stderr
2024-09-16T00:03:38.966+0000 7f2641752640 1 --2- 172.21.15.78:0/1786259686 >> [v2:172.21.15.78:6800/1052494441,v1:172.21.15.78:6801/1052494441] conn(0x7f262803cae0 0x7f262803eed0 secure :-1 s=READY pgs=1 cs=0 l=1 rev1=1 crypto rx=0x7f2624003980 tx=0x7f2624006e10 comp rx=0 tx=0).stop
2024-09-16T00:03:39.603 INFO:teuthology.orchestra.run.smithi078.stdout:/usr/bin/ceph: stderr
2024-09-16T00:03:38.966+0000 7f2641752640 1 -- 172.21.15.78:0/1786259686 >> [v2:172.21.15.78:3300/0,v1:172.21.15.78:6789/0] conn(0x7f263c108100 msgr2=0x7f263c19b590 secure :-1 s=STATE_CONNECTION_ESTABLISHED l=1).mark_down
2024-09-16T00:03:39.603 INFO:teuthology.orchestra.run.smithi078.stdout:/usr/bin/ceph: stderr
2024-09-16T00:03:38.966+0000 7f2641752640 1 --2- 172.21.15.78:0/1786259686 >> [v2:172.21.15.78:3300/0,v1:172.21.15.78:6789/0] conn(0x7f263c108100 0x7f263c19b590 secure :-1 s=READY pgs=27 cs=0 l=1 rev1=1 crypto rx=0x7f262c032ce0 tx=0x7f262c032d10 comp rx=0 tx=0).stop
2024-09-16T00:03:39.603 INFO:teuthology.orchestra.run.smithi078.stdout:/usr/bin/ceph: stderr
2024-09-16T00:03:38.966+0000 7f2641752640 1 -- 172.21.15.78:0/1786259686 shutdown_connections
2024-09-16T00:03:39.603 INFO:teuthology.orchestra.run.smithi078.stdout:/usr/bin/ceph: stderr
2024-09-16T00:03:38.966+0000 7f2641752640 1 --2- 172.21.15.78:0/1786259686 >> [v2:172.21.15.78:6800/1052494441,v1:172.21.15.78:6801/1052494441] conn(0x7f262803cae0 0x7f262803eed0 unknown :-1 s=CLOSED pgs=1 cs=0 l=1 rev1=1 crypto rx=0 tx=0 comp rx=0 tx=0).stop
2024-09-16T00:03:39.603 INFO:teuthology.orchestra.run.smithi078.stdout:/usr/bin/ceph: stderr
2024-09-16T00:03:38.966+0000 7f2641752640 1 --2- 172.21.15.78:0/1786259686 >> [v2:172.21.15.78:6800/1515675480,v1:172.21.15.78:6801/1515675480] conn(0x7f26280391b0 0x7f262803b670 unknown :-1 s=CLOSED pgs=0 cs=0 l=1 rev1=0 crypto rx=0 tx=0 comp rx=0 tx=0).stop
2024-09-16T00:03:39.603 INFO:teuthology.orchestra.run.smithi078.stdout:/usr/bin/ceph: stderr
2024-09-16T00:03:38.966+0000 7f2641752640 1 --2- 172.21.15.78:0/1786259686 >> [v2:172.21.15.78:3300/0,v1:172.21.15.78:6789/0] conn(0x7f263c108100 0x7f263c19b590 unknown :-1 s=CLOSED pgs=27 cs=0 l=1 rev1=1 crypto rx=0 tx=0 comp rx=0 tx=0).stop
2024-09-16T00:03:39.603 INFO:teuthology.orchestra.run.smithi078.stdout:/usr/bin/ceph: stderr
2024-09-16T00:03:38.966+0000 7f2641752640 1 -- 172.21.15.78:0/1786259686 >> 172.21.15.78:0/1786259686 conn(0x7f263c101d00 msgr2=0x7f263c102840 unknown :-1 s=STATE_NONE l=0).mark_down
2024-09-16T00:03:39.603 INFO:teuthology.orchestra.run.smithi078.stdout:/usr/bin/ceph: stderr
2024-09-16T00:03:38.966+0000 7f2641752640 1 -- 172.21.15.78:0/1786259686 shutdown_connections
2024-09-16T00:03:39.603 INFO:teuthology.orchestra.run.smithi078.stdout:/usr/bin/ceph: stderr
2024-09-16T00:03:38.967+0000 7f2641752640 1 -- 172.21.15.78:0/1786259686 wait complete.
2024-09-16T00:03:39.604 INFO:teuthology.orchestra.run.smithi078.stdout:mgr epoch 5 is available
2024-09-16T00:03:39.604 INFO:teuthology.orchestra.run.smithi078.stdout:Setting orchestrator backend to cephadm...
2024-09-16T00:03:40.178 INFO:journalctl@ceph.mon.a.smithi078.stdout:Sep 16 00:03:40 smithi078 ceph-mon[31157]: from='client.14122 -' entity='client.admin' cmd=[{"prefix": "get_command_descriptions"}]: dispatch
2024-09-16T00:03:40.178 INFO:journalctl@ceph.mon.a.smithi078.stdout:Sep 16 00:03:40 smithi078 ceph-mon[31157]: from='client.14122 -' entity='client.admin' cmd=[{"prefix": "mgr_status"}]: dispatch
2024-09-16T00:03:40.178 INFO:journalctl@ceph.mon.a.smithi078.stdout:Sep 16 00:03:40 smithi078 ceph-mon[31157]: [16/Sep/2024:00:03:39] ENGINE Bus STARTING
2024-09-16T00:03:40.178 INFO:journalctl@ceph.mon.a.smithi078.stdout:Sep 16 00:03:40 smithi078 ceph-mon[31157]: [16/Sep/2024:00:03:39] ENGINE Serving on https://172.21.15.78:7150
2024-09-16T00:03:40.178 INFO:journalctl@ceph.mon.a.smithi078.stdout:Sep 16 00:03:40 smithi078 ceph-mon[31157]: [16/Sep/2024:00:03:39] ENGINE Error in HTTPServer.serve
2024-09-16T00:03:40.178 INFO:journalctl@ceph.mon.a.smithi078.stdout: Traceback (most recent call last):
2024-09-16T00:03:40.179 INFO:journalctl@ceph.mon.a.smithi078.stdout: File "/lib/python3.9/site-packages/cheroot/server.py", line 1823, in serve
2024-09-16T00:03:40.179 INFO:journalctl@ceph.mon.a.smithi078.stdout: self._connections.run(self.expiration_interval)
2024-09-16T00:03:40.179 INFO:journalctl@ceph.mon.a.smithi078.stdout: File "/lib/python3.9/site-packages/cheroot/connections.py", line 203, in run
2024-09-16T00:03:40.179 INFO:journalctl@ceph.mon.a.smithi078.stdout: self._run(expiration_interval)
2024-09-16T00:03:40.179 INFO:journalctl@ceph.mon.a.smithi078.stdout: File "/lib/python3.9/site-packages/cheroot/connections.py", line 246, in _run
2024-09-16T00:03:40.179 INFO:journalctl@ceph.mon.a.smithi078.stdout: new_conn = self._from_server_socket(self.server.socket)
2024-09-16T00:03:40.179 INFO:journalctl@ceph.mon.a.smithi078.stdout: File "/lib/python3.9/site-packages/cheroot/connections.py", line 300, in _from_server_socket
2024-09-16T00:03:40.179 INFO:journalctl@ceph.mon.a.smithi078.stdout: s, ssl_env = self.server.ssl_adapter.wrap(s)
2024-09-16T00:03:40.179 INFO:journalctl@ceph.mon.a.smithi078.stdout: File "/lib/python3.9/site-packages/cheroot/ssl/builtin.py", line 277, in wrap
2024-09-16T00:03:40.179 INFO:journalctl@ceph.mon.a.smithi078.stdout: s = self.context.wrap_socket(
2024-09-16T00:03:40.179 INFO:journalctl@ceph.mon.a.smithi078.stdout: File "/lib64/python3.9/ssl.py", line 501, in wrap_socket
2024-09-16T00:03:40.179 INFO:journalctl@ceph.mon.a.smithi078.stdout: return self.sslsocket_class._create(
2024-09-16T00:03:40.180 INFO:journalctl@ceph.mon.a.smithi078.stdout: File "/lib64/python3.9/ssl.py", line 1074, in _create
2024-09-16T00:03:40.180 INFO:journalctl@ceph.mon.a.smithi078.stdout: self.do_handshake()
2024-09-16T00:03:40.180 INFO:journalctl@ceph.mon.a.smithi078.stdout: File "/lib64/python3.9/ssl.py", line 1343, in do_handshake
2024-09-16T00:03:40.180 INFO:journalctl@ceph.mon.a.smithi078.stdout: self._sslobj.do_handshake()
2024-09-16T00:03:40.180 INFO:journalctl@ceph.mon.a.smithi078.stdout: ssl.SSLZeroReturnError: TLS/SSL connection has been closed (EOF) (_ssl.c:1133)
2024-09-16T00:03:40.180 INFO:journalctl@ceph.mon.a.smithi078.stdout:Sep 16 00:03:40 smithi078 ceph-mon[31157]: from='mgr.14118 172.21.15.78:0/673036905' entity='mgr.x' cmd=[{"prefix": "config dump", "format": "json"}]: dispatch
2024-09-16T00:03:40.779 INFO:teuthology.orchestra.run.smithi078.stdout:/usr/bin/ceph: stderr
2024-09-16T00:03:39.985+0000 7f233b3bf640 1 Processor -- start
2024-09-16T00:03:40.779 INFO:teuthology.orchestra.run.smithi078.stdout:/usr/bin/ceph: stderr
2024-09-16T00:03:39.985+0000 7f233b3bf640 1 -- start start
2024-09-16T00:03:40.780 INFO:teuthology.orchestra.run.smithi078.stdout:/usr/bin/ceph: stderr
2024-09-16T00:03:39.985+0000 7f233b3bf640 1 --2- >> [v2:172.21.15.78:3300/0,v1:172.21.15.78:6789/0] conn(0x7f2334108080 0x7f233410a470 unknown :-1 s=NONE pgs=0 cs=0 l=0 rev1=0 crypto rx=0 tx=0 comp rx=0 tx=0).connect
2024-09-16T00:03:40.780 INFO:teuthology.orchestra.run.smithi078.stdout:/usr/bin/ceph: stderr
2024-09-16T00:03:39.985+0000 7f233b3bf640 1 -- --> [v2:172.21.15.78:3300/0,v1:172.21.15.78:6789/0] -- mon_getmap magic: 0 -- 0x7f2334075800 con 0x7f2334108080
2024-09-16T00:03:40.780 INFO:teuthology.orchestra.run.smithi078.stdout:/usr/bin/ceph: stderr
2024-09-16T00:03:39.985+0000 7f233915b640 1 --2- >> [v2:172.21.15.78:3300/0,v1:172.21.15.78:6789/0] conn(0x7f2334108080 0x7f233410a470 unknown :-1 s=BANNER_CONNECTING pgs=0 cs=0 l=0 rev1=0 crypto rx=0 tx=0 comp rx=0 tx=0)._handle_peer_banner_payload supported=3 required=0
2024-09-16T00:03:40.780 INFO:teuthology.orchestra.run.smithi078.stdout:/usr/bin/ceph: stderr
2024-09-16T00:03:39.985+0000 7f233915b640 1 --2- >> [v2:172.21.15.78:3300/0,v1:172.21.15.78:6789/0] conn(0x7f2334108080 0x7f233410a470 unknown :-1 s=HELLO_CONNECTING pgs=0 cs=0 l=0 rev1=1 crypto rx=0 tx=0 comp rx=0 tx=0).handle_hello peer v2:172.21.15.78:3300/0 says I am v2:172.21.15.78:44392/0 (socket says 172.21.15.78:44392)
2024-09-16T00:03:40.780 INFO:teuthology.orchestra.run.smithi078.stdout:/usr/bin/ceph: stderr
2024-09-16T00:03:39.985+0000 7f233915b640 1 -- 172.21.15.78:0/2902069251 learned_addr learned my addr 172.21.15.78:0/2902069251 (peer_addr_for_me v2:172.21.15.78:0/0)
2024-09-16T00:03:40.780 INFO:teuthology.orchestra.run.smithi078.stdout:/usr/bin/ceph: stderr
2024-09-16T00:03:39.986+0000 7f233915b640 1 -- 172.21.15.78:0/2902069251 --> [v2:172.21.15.78:3300/0,v1:172.21.15.78:6789/0] -- mon_subscribe({config=0+,monmap=0+}) -- 0x7f233410a9b0 con 0x7f2334108080
2024-09-16T00:03:40.780 INFO:teuthology.orchestra.run.smithi078.stdout:/usr/bin/ceph: stderr
2024-09-16T00:03:39.986+0000 7f233915b640 1 --2- 172.21.15.78:0/2902069251 >> [v2:172.21.15.78:3300/0,v1:172.21.15.78:6789/0] conn(0x7f2334108080 0x7f233410a470 secure :-1 s=READY pgs=35 cs=0 l=1 rev1=1 crypto rx=0x7f232c009820 tx=0x7f232c02a270 comp rx=0 tx=0).ready entity=mon.0 client_cookie=cb72f7a723f96c73 server_cookie=0 in_seq=0 out_seq=0
2024-09-16T00:03:40.780 INFO:teuthology.orchestra.run.smithi078.stdout:/usr/bin/ceph: stderr
2024-09-16T00:03:39.986+0000 7f2333fff640 1 -- 172.21.15.78:0/2902069251 <== mon.0 v2:172.21.15.78:3300/0 1 ==== mon_map magic: 0 ==== 205+0+0 (secure 0 0 0) 0x7f232c037070 con 0x7f2334108080
2024-09-16T00:03:40.780 INFO:teuthology.orchestra.run.smithi078.stdout:/usr/bin/ceph: stderr
2024-09-16T00:03:39.986+0000 7f2333fff640 1 -- 172.21.15.78:0/2902069251 <== mon.0 v2:172.21.15.78:3300/0 2 ==== config(27 keys) ==== 1109+0+0 (secure 0 0 0) 0x7f232c032900 con 0x7f2334108080
2024-09-16T00:03:40.780 INFO:teuthology.orchestra.run.smithi078.stdout:/usr/bin/ceph: stderr
2024-09-16T00:03:39.986+0000 7f2333fff640 1 -- 172.21.15.78:0/2902069251 <== mon.0 v2:172.21.15.78:3300/0 3 ==== mon_map magic: 0 ==== 205+0+0 (secure 0 0 0) 0x7f232c030850 con 0x7f2334108080
2024-09-16T00:03:40.780 INFO:teuthology.orchestra.run.smithi078.stdout:/usr/bin/ceph: stderr
2024-09-16T00:03:39.987+0000 7f233b3bf640 1 -- 172.21.15.78:0/2902069251 >> [v2:172.21.15.78:3300/0,v1:172.21.15.78:6789/0] conn(0x7f2334108080 msgr2=0x7f233410a470 secure :-1 s=STATE_CONNECTION_ESTABLISHED l=1).mark_down
2024-09-16T00:03:40.781 INFO:teuthology.orchestra.run.smithi078.stdout:/usr/bin/ceph: stderr
2024-09-16T00:03:39.987+0000 7f233b3bf640 1 --2- 172.21.15.78:0/2902069251 >> [v2:172.21.15.78:3300/0,v1:172.21.15.78:6789/0] conn(0x7f2334108080 0x7f233410a470 secure :-1 s=READY pgs=35 cs=0 l=1 rev1=1 crypto rx=0x7f232c009820 tx=0x7f232c02a270 comp rx=0 tx=0).stop
2024-09-16T00:03:40.781 INFO:teuthology.orchestra.run.smithi078.stdout:/usr/bin/ceph: stderr
2024-09-16T00:03:39.987+0000 7f233b3bf640 1 -- 172.21.15.78:0/2902069251 shutdown_connections
2024-09-16T00:03:40.781 INFO:teuthology.orchestra.run.smithi078.stdout:/usr/bin/ceph: stderr
2024-09-16T00:03:39.987+0000 7f233b3bf640 1 --2- 172.21.15.78:0/2902069251 >> [v2:172.21.15.78:3300/0,v1:172.21.15.78:6789/0] conn(0x7f2334108080 0x7f233410a470 unknown :-1 s=CLOSED pgs=35 cs=0 l=1 rev1=1 crypto rx=0 tx=0 comp rx=0 tx=0).stop
2024-09-16T00:03:40.781 INFO:teuthology.orchestra.run.smithi078.stdout:/usr/bin/ceph: stderr
2024-09-16T00:03:39.987+0000 7f233b3bf640 1 -- 172.21.15.78:0/2902069251 >> 172.21.15.78:0/2902069251 conn(0x7f2334101ca0 msgr2=0x7f23341040c0 unknown :-1 s=STATE_NONE l=0).mark_down
2024-09-16T00:03:40.781 INFO:teuthology.orchestra.run.smithi078.stdout:/usr/bin/ceph: stderr
2024-09-16T00:03:39.987+0000 7f233b3bf640 1 -- 172.21.15.78:0/2902069251 shutdown_connections
2024-09-16T00:03:40.781 INFO:teuthology.orchestra.run.smithi078.stdout:/usr/bin/ceph: stderr
2024-09-16T00:03:39.987+0000 7f233b3bf640 1 -- 172.21.15.78:0/2902069251 wait complete.
2024-09-16T00:03:40.781 INFO:teuthology.orchestra.run.smithi078.stdout:/usr/bin/ceph: stderr
2024-09-16T00:03:39.988+0000 7f233b3bf640 1 Processor -- start
2024-09-16T00:03:40.781 INFO:teuthology.orchestra.run.smithi078.stdout:/usr/bin/ceph: stderr
2024-09-16T00:03:39.988+0000 7f233b3bf640 1 -- start start
2024-09-16T00:03:40.781 INFO:teuthology.orchestra.run.smithi078.stdout:/usr/bin/ceph: stderr
2024-09-16T00:03:39.988+0000 7f233b3bf640 1 --2- >> [v2:172.21.15.78:3300/0,v1:172.21.15.78:6789/0] conn(0x7f2334108080 0x7f233419b590 unknown :-1 s=NONE pgs=0 cs=0 l=1 rev1=0 crypto rx=0 tx=0 comp rx=0 tx=0).connect
2024-09-16T00:03:40.781 INFO:teuthology.orchestra.run.smithi078.stdout:/usr/bin/ceph: stderr
2024-09-16T00:03:39.988+0000 7f233b3bf640 1 -- --> [v2:172.21.15.78:3300/0,v1:172.21.15.78:6789/0] -- mon_getmap magic: 0 -- 0x7f233410b990 con 0x7f2334108080
2024-09-16T00:03:40.781 INFO:teuthology.orchestra.run.smithi078.stdout:/usr/bin/ceph: stderr
2024-09-16T00:03:39.988+0000 7f233915b640 1 --2- >> [v2:172.21.15.78:3300/0,v1:172.21.15.78:6789/0] conn(0x7f2334108080 0x7f233419b590 unknown :-1 s=BANNER_CONNECTING pgs=0 cs=0 l=1 rev1=0 crypto rx=0 tx=0 comp rx=0 tx=0)._handle_peer_banner_payload supported=3 required=0
2024-09-16T00:03:40.782 INFO:teuthology.orchestra.run.smithi078.stdout:/usr/bin/ceph: stderr
2024-09-16T00:03:39.988+0000 7f233915b640 1 --2- >> [v2:172.21.15.78:3300/0,v1:172.21.15.78:6789/0] conn(0x7f2334108080 0x7f233419b590 unknown :-1 s=HELLO_CONNECTING pgs=0 cs=0 l=1 rev1=1 crypto rx=0 tx=0 comp rx=0 tx=0).handle_hello peer v2:172.21.15.78:3300/0 says I am v2:172.21.15.78:44396/0 (socket says 172.21.15.78:44396)
2024-09-16T00:03:40.782 INFO:teuthology.orchestra.run.smithi078.stdout:/usr/bin/ceph: stderr
2024-09-16T00:03:39.988+0000 7f233915b640 1 -- 172.21.15.78:0/214907110 learned_addr learned my addr 172.21.15.78:0/214907110 (peer_addr_for_me v2:172.21.15.78:0/0)
2024-09-16T00:03:40.782 INFO:teuthology.orchestra.run.smithi078.stdout:/usr/bin/ceph: stderr
2024-09-16T00:03:39.988+0000 7f233915b640 1 -- 172.21.15.78:0/214907110 --> [v2:172.21.15.78:3300/0,v1:172.21.15.78:6789/0] -- mon_subscribe({config=0+,monmap=0+}) -- 0x7f233419bad0 con 0x7f2334108080
2024-09-16T00:03:40.782 INFO:teuthology.orchestra.run.smithi078.stdout:/usr/bin/ceph: stderr
2024-09-16T00:03:39.988+0000 7f233915b640 1 --2- 172.21.15.78:0/214907110 >> [v2:172.21.15.78:3300/0,v1:172.21.15.78:6789/0] conn(0x7f2334108080 0x7f233419b590 secure :-1 s=READY pgs=36 cs=0 l=1 rev1=1 crypto rx=0x7f232c0097f0 tx=0x7f232c030d80 comp rx=0 tx=0).ready entity=mon.0 client_cookie=0 server_cookie=0 in_seq=0 out_seq=0
2024-09-16T00:03:40.782 INFO:teuthology.orchestra.run.smithi078.stdout:/usr/bin/ceph: stderr
2024-09-16T00:03:39.988+0000 7f23327fc640 1 -- 172.21.15.78:0/214907110 <== mon.0 v2:172.21.15.78:3300/0 1 ==== mon_map magic: 0 ==== 205+0+0 (secure 0 0 0) 0x7f232c037040 con 0x7f2334108080
2024-09-16T00:03:40.782 INFO:teuthology.orchestra.run.smithi078.stdout:/usr/bin/ceph: stderr
2024-09-16T00:03:39.988+0000 7f233b3bf640 1 -- 172.21.15.78:0/214907110 --> [v2:172.21.15.78:3300/0,v1:172.21.15.78:6789/0] -- mon_subscribe({mgrmap=0+}) -- 0x7f233419bd60 con 0x7f2334108080
2024-09-16T00:03:40.784 INFO:teuthology.orchestra.run.smithi078.stdout:/usr/bin/ceph: stderr
2024-09-16T00:03:39.988+0000 7f23327fc640 1 -- 172.21.15.78:0/214907110 <== mon.0 v2:172.21.15.78:3300/0 2 ==== config(27 keys) ==== 1109+0+0 (secure 0 0 0) 0x7f232c040070 con 0x7f2334108080
2024-09-16T00:03:40.784 INFO:teuthology.orchestra.run.smithi078.stdout:/usr/bin/ceph: stderr
2024-09-16T00:03:39.988+0000 7f23327fc640 1 -- 172.21.15.78:0/214907110 <== mon.0 v2:172.21.15.78:3300/0 3 ==== mon_map magic: 0 ==== 205+0+0 (secure 0 0 0) 0x7f232c03a390 con 0x7f2334108080
2024-09-16T00:03:40.784 INFO:teuthology.orchestra.run.smithi078.stdout:/usr/bin/ceph: stderr
2024-09-16T00:03:39.988+0000 7f233b3bf640 1 -- 172.21.15.78:0/214907110 --> [v2:172.21.15.78:3300/0,v1:172.21.15.78:6789/0] -- mon_subscribe({osdmap=0}) -- 0x7f233419ea50 con 0x7f2334108080
2024-09-16T00:03:40.784 INFO:teuthology.orchestra.run.smithi078.stdout:/usr/bin/ceph: stderr
2024-09-16T00:03:39.989+0000 7f23327fc640 1 -- 172.21.15.78:0/214907110 <== mon.0 v2:172.21.15.78:3300/0 4 ==== mgrmap(e 7) ==== 46355+0+0 (secure 0 0 0) 0x7f232c03a650 con 0x7f2334108080
2024-09-16T00:03:40.784 INFO:teuthology.orchestra.run.smithi078.stdout:/usr/bin/ceph: stderr
2024-09-16T00:03:39.989+0000 7f233b3bf640 1 -- 172.21.15.78:0/214907110 --> [v2:172.21.15.78:3300/0,v1:172.21.15.78:6789/0] -- mon_command({"prefix": "get_command_descriptions"} v 0) -- 0x7f23341084e0 con 0x7f2334108080
2024-09-16T00:03:40.784 INFO:teuthology.orchestra.run.smithi078.stdout:/usr/bin/ceph: stderr
2024-09-16T00:03:39.989+0000 7f23327fc640 1 --2- 172.21.15.78:0/214907110 >> [v2:172.21.15.78:6800/1052494441,v1:172.21.15.78:6801/1052494441] conn(0x7f231c0390a0 0x7f231c03b560 unknown :-1 s=NONE pgs=0 cs=0 l=1 rev1=0 crypto rx=0 tx=0 comp rx=0 tx=0).connect
2024-09-16T00:03:40.784 INFO:teuthology.orchestra.run.smithi078.stdout:/usr/bin/ceph: stderr
2024-09-16T00:03:39.989+0000 7f23327fc640 1 -- 172.21.15.78:0/214907110 <== mon.0 v2:172.21.15.78:3300/0 5 ==== osd_map(2..2 src has 1..2) ==== 940+0+0 (secure 0 0 0) 0x7f232c06c770 con 0x7f2334108080
2024-09-16T00:03:40.784 INFO:teuthology.orchestra.run.smithi078.stdout:/usr/bin/ceph: stderr
2024-09-16T00:03:39.989+0000 7f233895a640 1 --2- 172.21.15.78:0/214907110 >> [v2:172.21.15.78:6800/1052494441,v1:172.21.15.78:6801/1052494441] conn(0x7f231c0390a0 0x7f231c03b560 unknown :-1 s=BANNER_CONNECTING pgs=0 cs=0 l=1 rev1=0 crypto rx=0 tx=0 comp rx=0 tx=0)._handle_peer_banner_payload supported=3 required=0
2024-09-16T00:03:40.784 INFO:teuthology.orchestra.run.smithi078.stdout:/usr/bin/ceph: stderr
2024-09-16T00:03:39.990+0000 7f233895a640 1 --2- 172.21.15.78:0/214907110 >> [v2:172.21.15.78:6800/1052494441,v1:172.21.15.78:6801/1052494441] conn(0x7f231c0390a0 0x7f231c03b560 secure :-1 s=READY pgs=7 cs=0 l=1 rev1=1 crypto rx=0x7f23280098c0 tx=0x7f2328006db0 comp rx=0 tx=0).ready entity=mgr.14118 client_cookie=0 server_cookie=0 in_seq=0 out_seq=0
2024-09-16T00:03:40.785 INFO:teuthology.orchestra.run.smithi078.stdout:/usr/bin/ceph: stderr
2024-09-16T00:03:39.994+0000 7f23327fc640 1 -- 172.21.15.78:0/214907110 <== mon.0 v2:172.21.15.78:3300/0 6 ==== mon_command_ack([{"prefix": "get_command_descriptions"}]=0 v0) ==== 72+0+188821 (secure 0 0 0) 0x7f232c03b430 con 0x7f2334108080
2024-09-16T00:03:40.785 INFO:teuthology.orchestra.run.smithi078.stdout:/usr/bin/ceph: stderr
2024-09-16T00:03:40.009+0000 7f23327fc640 1 -- 172.21.15.78:0/214907110 <== mon.0 v2:172.21.15.78:3300/0 7 ==== mgrmap(e 8) ==== 46461+0+0 (secure 0 0 0) 0x7f232c0457e0 con 0x7f2334108080
2024-09-16T00:03:40.785 INFO:teuthology.orchestra.run.smithi078.stdout:/usr/bin/ceph: stderr
2024-09-16T00:03:40.177+0000 7f233b3bf640 1 -- 172.21.15.78:0/214907110 --> [v2:172.21.15.78:6800/1052494441,v1:172.21.15.78:6801/1052494441] -- mgr_command(tid 0: {"prefix": "orch set backend", "module_name": "cephadm", "target": ["mon-mgr", ""]}) -- 0x7f2334102f60 con 0x7f231c0390a0
2024-09-16T00:03:40.785 INFO:teuthology.orchestra.run.smithi078.stdout:/usr/bin/ceph: stderr
2024-09-16T00:03:40.182+0000 7f23327fc640 1 -- 172.21.15.78:0/214907110 <== mgr.14118 v2:172.21.15.78:6800/1052494441 1 ==== mgr_command_reply(tid 0: 0 ) ==== 8+0+0 (secure 0 0 0) 0x7f2334102f60 con 0x7f231c0390a0
2024-09-16T00:03:40.785 INFO:teuthology.orchestra.run.smithi078.stdout:/usr/bin/ceph: stderr
2024-09-16T00:03:40.184+0000 7f233b3bf640 1 -- 172.21.15.78:0/214907110 >> [v2:172.21.15.78:6800/1052494441,v1:172.21.15.78:6801/1052494441] conn(0x7f231c0390a0 msgr2=0x7f231c03b560 secure :-1 s=STATE_CONNECTION_ESTABLISHED l=1).mark_down
2024-09-16T00:03:40.785 INFO:teuthology.orchestra.run.smithi078.stdout:/usr/bin/ceph: stderr
2024-09-16T00:03:40.184+0000 7f233b3bf640 1 --2- 172.21.15.78:0/214907110 >> [v2:172.21.15.78:6800/1052494441,v1:172.21.15.78:6801/1052494441] conn(0x7f231c0390a0 0x7f231c03b560 secure :-1 s=READY pgs=7 cs=0 l=1 rev1=1 crypto rx=0x7f23280098c0 tx=0x7f2328006db0 comp rx=0 tx=0).stop
2024-09-16T00:03:40.785 INFO:teuthology.orchestra.run.smithi078.stdout:/usr/bin/ceph: stderr
2024-09-16T00:03:40.184+0000 7f233b3bf640 1 -- 172.21.15.78:0/214907110 >> [v2:172.21.15.78:3300/0,v1:172.21.15.78:6789/0] conn(0x7f2334108080 msgr2=0x7f233419b590 secure :-1 s=STATE_CONNECTION_ESTABLISHED l=1).mark_down
2024-09-16T00:03:40.785 INFO:teuthology.orchestra.run.smithi078.stdout:/usr/bin/ceph: stderr
2024-09-16T00:03:40.184+0000 7f233b3bf640 1 --2- 172.21.15.78:0/214907110 >> [v2:172.21.15.78:3300/0,v1:172.21.15.78:6789/0] conn(0x7f2334108080 0x7f233419b590 secure :-1 s=READY pgs=36 cs=0 l=1 rev1=1 crypto rx=0x7f232c0097f0 tx=0x7f232c030d80 comp rx=0 tx=0).stop
2024-09-16T00:03:40.785 INFO:teuthology.orchestra.run.smithi078.stdout:/usr/bin/ceph: stderr
2024-09-16T00:03:40.184+0000 7f233b3bf640 1 -- 172.21.15.78:0/214907110 shutdown_connections
2024-09-16T00:03:40.786 INFO:teuthology.orchestra.run.smithi078.stdout:/usr/bin/ceph: stderr
2024-09-16T00:03:40.184+0000 7f233b3bf640 1 --2- 172.21.15.78:0/214907110 >> [v2:172.21.15.78:6800/1052494441,v1:172.21.15.78:6801/1052494441] conn(0x7f231c0390a0 0x7f231c03b560 unknown :-1 s=CLOSED pgs=7 cs=0 l=1 rev1=1 crypto rx=0 tx=0 comp rx=0 tx=0).stop
2024-09-16T00:03:40.786 INFO:teuthology.orchestra.run.smithi078.stdout:/usr/bin/ceph: stderr
2024-09-16T00:03:40.184+0000 7f233b3bf640 1 --2- 172.21.15.78:0/214907110 >> [v2:172.21.15.78:3300/0,v1:172.21.15.78:6789/0] conn(0x7f2334108080 0x7f233419b590 unknown :-1 s=CLOSED pgs=36 cs=0 l=1 rev1=1 crypto rx=0 tx=0 comp rx=0 tx=0).stop
2024-09-16T00:03:40.786 INFO:teuthology.orchestra.run.smithi078.stdout:/usr/bin/ceph: stderr
2024-09-16T00:03:40.184+0000 7f233b3bf640 1 -- 172.21.15.78:0/214907110 >> 172.21.15.78:0/214907110 conn(0x7f2334101ca0 msgr2=0x7f2334102850 unknown :-1 s=STATE_NONE l=0).mark_down
2024-09-16T00:03:40.786 INFO:teuthology.orchestra.run.smithi078.stdout:/usr/bin/ceph: stderr
2024-09-16T00:03:40.184+0000 7f233b3bf640 1 -- 172.21.15.78:0/214907110 shutdown_connections
2024-09-16T00:03:40.786 INFO:teuthology.orchestra.run.smithi078.stdout:/usr/bin/ceph: stderr
2024-09-16T00:03:40.184+0000 7f233b3bf640 1 -- 172.21.15.78:0/214907110 wait complete.
2024-09-16T00:03:41.113 INFO:journalctl@ceph.mon.a.smithi078.stdout:Sep 16 00:03:41 smithi078 ceph-mon[31157]: [16/Sep/2024:00:03:39] ENGINE Serving on http://172.21.15.78:8765
2024-09-16T00:03:41.114 INFO:journalctl@ceph.mon.a.smithi078.stdout:Sep 16 00:03:41 smithi078 ceph-mon[31157]: [16/Sep/2024:00:03:39] ENGINE Bus STARTED
2024-09-16T00:03:41.114 INFO:journalctl@ceph.mon.a.smithi078.stdout:Sep 16 00:03:41 smithi078 ceph-mon[31157]: mgrmap e8: x(active, since 2s)
2024-09-16T00:03:41.114 INFO:journalctl@ceph.mon.a.smithi078.stdout:Sep 16 00:03:41 smithi078 ceph-mon[31157]: from='client.14130 -' entity='client.admin' cmd=[{"prefix": "orch set backend", "module_name": "cephadm", "target": ["mon-mgr", ""]}]: dispatch
2024-09-16T00:03:41.114 INFO:journalctl@ceph.mon.a.smithi078.stdout:Sep 16 00:03:41 smithi078 ceph-mon[31157]: from='mgr.14118 172.21.15.78:0/673036905' entity='mgr.x'
2024-09-16T00:03:41.114 INFO:journalctl@ceph.mon.a.smithi078.stdout:Sep 16 00:03:41 smithi078 ceph-mon[31157]: from='mgr.14118 172.21.15.78:0/673036905' entity='mgr.x' cmd=[{"prefix": "config dump", "format": "json"}]: dispatch
2024-09-16T00:03:41.991 INFO:teuthology.orchestra.run.smithi078.stdout:/usr/bin/ceph: stdout value unchanged
2024-09-16T00:03:41.992 INFO:teuthology.orchestra.run.smithi078.stdout:/usr/bin/ceph: stderr
2024-09-16T00:03:41.194+0000 7f372c9de640 1 Processor -- start
2024-09-16T00:03:41.992 INFO:teuthology.orchestra.run.smithi078.stdout:/usr/bin/ceph: stderr
2024-09-16T00:03:41.194+0000 7f372c9de640 1 -- start start
2024-09-16T00:03:41.992 INFO:teuthology.orchestra.run.smithi078.stdout:/usr/bin/ceph: stderr
2024-09-16T00:03:41.195+0000 7f372c9de640 1 --2- >> [v2:172.21.15.78:3300/0,v1:172.21.15.78:6789/0] conn(0x7f3728107600 0x7f3728107a00 unknown :-1 s=NONE pgs=0 cs=0 l=0 rev1=0 crypto rx=0 tx=0 comp rx=0 tx=0).connect
2024-09-16T00:03:41.992 INFO:teuthology.orchestra.run.smithi078.stdout:/usr/bin/ceph: stderr
2024-09-16T00:03:41.195+0000 7f372c9de640 1 -- --> [v2:172.21.15.78:3300/0,v1:172.21.15.78:6789/0] -- mon_getmap magic: 0 -- 0x7f3728107f40 con 0x7f3728107600
2024-09-16T00:03:41.992 INFO:teuthology.orchestra.run.smithi078.stdout:/usr/bin/ceph: stderr
2024-09-16T00:03:41.195+0000 7f372659c640 1 --2- >> [v2:172.21.15.78:3300/0,v1:172.21.15.78:6789/0] conn(0x7f3728107600 0x7f3728107a00 unknown :-1 s=BANNER_CONNECTING pgs=0 cs=0 l=0 rev1=0 crypto rx=0 tx=0 comp rx=0 tx=0)._handle_peer_banner_payload supported=3 required=0
2024-09-16T00:03:41.992 INFO:teuthology.orchestra.run.smithi078.stdout:/usr/bin/ceph: stderr
2024-09-16T00:03:41.195+0000 7f372659c640 1 --2- >> [v2:172.21.15.78:3300/0,v1:172.21.15.78:6789/0] conn(0x7f3728107600 0x7f3728107a00 unknown :-1 s=HELLO_CONNECTING pgs=0 cs=0 l=0 rev1=1 crypto rx=0 tx=0 comp rx=0 tx=0).handle_hello peer v2:172.21.15.78:3300/0 says I am v2:172.21.15.78:44402/0 (socket says 172.21.15.78:44402)
2024-09-16T00:03:41.992 INFO:teuthology.orchestra.run.smithi078.stdout:/usr/bin/ceph: stderr
2024-09-16T00:03:41.195+0000 7f372659c640 1 -- 172.21.15.78:0/684105156 learned_addr learned my addr 172.21.15.78:0/684105156 (peer_addr_for_me v2:172.21.15.78:0/0)
2024-09-16T00:03:41.992 INFO:teuthology.orchestra.run.smithi078.stdout:/usr/bin/ceph: stderr
2024-09-16T00:03:41.195+0000 7f372659c640 1 -- 172.21.15.78:0/684105156 --> [v2:172.21.15.78:3300/0,v1:172.21.15.78:6789/0] -- mon_subscribe({config=0+,monmap=0+}) -- 0x7f37281080c0 con 0x7f3728107600
2024-09-16T00:03:41.992 INFO:teuthology.orchestra.run.smithi078.stdout:/usr/bin/ceph: stderr
2024-09-16T00:03:41.196+0000 7f372659c640 1 --2- 172.21.15.78:0/684105156 >> [v2:172.21.15.78:3300/0,v1:172.21.15.78:6789/0] conn(0x7f3728107600 0x7f3728107a00 secure :-1 s=READY pgs=37 cs=0 l=1 rev1=1 crypto rx=0x7f3718009820 tx=0x7f371802a270 comp rx=0 tx=0).ready entity=mon.0 client_cookie=f5c652ef07c81453 server_cookie=0 in_seq=0 out_seq=0
2024-09-16T00:03:41.992 INFO:teuthology.orchestra.run.smithi078.stdout:/usr/bin/ceph: stderr
2024-09-16T00:03:41.196+0000 7f3725d9b640 1 -- 172.21.15.78:0/684105156 <== mon.0 v2:172.21.15.78:3300/0 1 ==== mon_map magic: 0 ==== 205+0+0 (secure 0 0 0) 0x7f3718037070 con 0x7f3728107600
2024-09-16T00:03:41.992 INFO:teuthology.orchestra.run.smithi078.stdout:/usr/bin/ceph: stderr
2024-09-16T00:03:41.196+0000 7f3725d9b640 1 -- 172.21.15.78:0/684105156 <== mon.0 v2:172.21.15.78:3300/0 2 ==== config(27 keys) ==== 1109+0+0 (secure 0 0 0) 0x7f3718032900 con 0x7f3728107600
2024-09-16T00:03:41.992 INFO:teuthology.orchestra.run.smithi078.stdout:/usr/bin/ceph: stderr
2024-09-16T00:03:41.196+0000 7f3725d9b640 1 -- 172.21.15.78:0/684105156 <== mon.0 v2:172.21.15.78:3300/0 3 ==== mon_map magic: 0 ==== 205+0+0 (secure 0 0 0) 0x7f3718030850 con 0x7f3728107600
2024-09-16T00:03:41.993 INFO:teuthology.orchestra.run.smithi078.stdout:/usr/bin/ceph: stderr
2024-09-16T00:03:41.196+0000 7f372c9de640 1 -- 172.21.15.78:0/684105156 >> [v2:172.21.15.78:3300/0,v1:172.21.15.78:6789/0] conn(0x7f3728107600 msgr2=0x7f3728107a00 secure :-1 s=STATE_CONNECTION_ESTABLISHED l=1).mark_down
2024-09-16T00:03:41.993 INFO:teuthology.orchestra.run.smithi078.stdout:/usr/bin/ceph: stderr
2024-09-16T00:03:41.196+0000 7f372c9de640 1 --2- 172.21.15.78:0/684105156 >> [v2:172.21.15.78:3300/0,v1:172.21.15.78:6789/0] conn(0x7f3728107600 0x7f3728107a00 secure :-1 s=READY pgs=37 cs=0 l=1 rev1=1 crypto rx=0x7f3718009820 tx=0x7f371802a270 comp rx=0 tx=0).stop
2024-09-16T00:03:41.993 INFO:teuthology.orchestra.run.smithi078.stdout:/usr/bin/ceph: stderr
2024-09-16T00:03:41.197+0000 7f372c9de640 1 -- 172.21.15.78:0/684105156 shutdown_connections
2024-09-16T00:03:41.993 INFO:teuthology.orchestra.run.smithi078.stdout:/usr/bin/ceph: stderr
2024-09-16T00:03:41.197+0000 7f372c9de640 1 --2- 172.21.15.78:0/684105156 >> [v2:172.21.15.78:3300/0,v1:172.21.15.78:6789/0] conn(0x7f3728107600 0x7f3728107a00 unknown :-1 s=CLOSED pgs=37 cs=0 l=1 rev1=1 crypto rx=0 tx=0 comp rx=0 tx=0).stop
2024-09-16T00:03:41.993 INFO:teuthology.orchestra.run.smithi078.stdout:/usr/bin/ceph: stderr
2024-09-16T00:03:41.197+0000 7f372c9de640 1 -- 172.21.15.78:0/684105156 >> 172.21.15.78:0/684105156 conn(0x7f3728102e50 msgr2=0x7f3728105270 unknown :-1 s=STATE_NONE l=0).mark_down
2024-09-16T00:03:41.993 INFO:teuthology.orchestra.run.smithi078.stdout:/usr/bin/ceph: stderr
2024-09-16T00:03:41.197+0000 7f372c9de640 1 -- 172.21.15.78:0/684105156 shutdown_connections
2024-09-16T00:03:41.993 INFO:teuthology.orchestra.run.smithi078.stdout:/usr/bin/ceph: stderr
2024-09-16T00:03:41.197+0000 7f372c9de640 1 -- 172.21.15.78:0/684105156 wait complete.
2024-09-16T00:03:41.993 INFO:teuthology.orchestra.run.smithi078.stdout:/usr/bin/ceph: stderr
2024-09-16T00:03:41.197+0000 7f372c9de640 1 Processor -- start
2024-09-16T00:03:41.993 INFO:teuthology.orchestra.run.smithi078.stdout:/usr/bin/ceph: stderr
2024-09-16T00:03:41.197+0000 7f372c9de640 1 -- start start
2024-09-16T00:03:41.993 INFO:teuthology.orchestra.run.smithi078.stdout:/usr/bin/ceph: stderr
2024-09-16T00:03:41.198+0000 7f372c9de640 1 --2- >> [v2:172.21.15.78:3300/0,v1:172.21.15.78:6789/0] conn(0x7f3728107600 0x7f372819b560 unknown :-1 s=NONE pgs=0 cs=0 l=1 rev1=0 crypto rx=0 tx=0 comp rx=0 tx=0).connect
2024-09-16T00:03:41.993 INFO:teuthology.orchestra.run.smithi078.stdout:/usr/bin/ceph: stderr
2024-09-16T00:03:41.198+0000 7f372c9de640 1 -- --> [v2:172.21.15.78:3300/0,v1:172.21.15.78:6789/0] -- mon_getmap magic: 0 -- 0x7f372810ba70 con 0x7f3728107600
2024-09-16T00:03:41.993 INFO:teuthology.orchestra.run.smithi078.stdout:/usr/bin/ceph: stderr
2024-09-16T00:03:41.198+0000 7f372659c640 1 --2- >> [v2:172.21.15.78:3300/0,v1:172.21.15.78:6789/0] conn(0x7f3728107600 0x7f372819b560 unknown :-1 s=BANNER_CONNECTING pgs=0 cs=0 l=1 rev1=0 crypto rx=0 tx=0 comp rx=0 tx=0)._handle_peer_banner_payload supported=3 required=0
2024-09-16T00:03:41.993 INFO:teuthology.orchestra.run.smithi078.stdout:/usr/bin/ceph: stderr
2024-09-16T00:03:41.198+0000 7f372659c640 1 --2- >> [v2:172.21.15.78:3300/0,v1:172.21.15.78:6789/0] conn(0x7f3728107600 0x7f372819b560 unknown :-1 s=HELLO_CONNECTING pgs=0 cs=0 l=1 rev1=1 crypto rx=0 tx=0 comp rx=0 tx=0).handle_hello peer v2:172.21.15.78:3300/0 says I am v2:172.21.15.78:44414/0 (socket says 172.21.15.78:44414)
2024-09-16T00:03:41.994 INFO:teuthology.orchestra.run.smithi078.stdout:/usr/bin/ceph: stderr
2024-09-16T00:03:41.198+0000 7f372659c640 1 -- 172.21.15.78:0/1857439440 learned_addr learned my addr 172.21.15.78:0/1857439440 (peer_addr_for_me v2:172.21.15.78:0/0)
2024-09-16T00:03:41.994 INFO:teuthology.orchestra.run.smithi078.stdout:/usr/bin/ceph: stderr
2024-09-16T00:03:41.198+0000 7f372659c640 1 -- 172.21.15.78:0/1857439440 --> [v2:172.21.15.78:3300/0,v1:172.21.15.78:6789/0] -- mon_subscribe({config=0+,monmap=0+}) -- 0x7f372819baa0 con 0x7f3728107600
2024-09-16T00:03:41.994 INFO:teuthology.orchestra.run.smithi078.stdout:/usr/bin/ceph: stderr
2024-09-16T00:03:41.198+0000 7f372659c640 1 --2- 172.21.15.78:0/1857439440 >> [v2:172.21.15.78:3300/0,v1:172.21.15.78:6789/0] conn(0x7f3728107600 0x7f372819b560 secure :-1 s=READY pgs=38 cs=0 l=1 rev1=1 crypto rx=0x7f3718032ce0 tx=0x7f3718032d10 comp rx=0 tx=0).ready entity=mon.0 client_cookie=0 server_cookie=0 in_seq=0 out_seq=0
2024-09-16T00:03:41.994 INFO:teuthology.orchestra.run.smithi078.stdout:/usr/bin/ceph: stderr
2024-09-16T00:03:41.198+0000 7f371f7fe640 1 -- 172.21.15.78:0/1857439440 <== mon.0 v2:172.21.15.78:3300/0 1 ==== mon_map magic: 0 ==== 205+0+0 (secure 0 0 0) 0x7f3718042070 con 0x7f3728107600
2024-09-16T00:03:41.994 INFO:teuthology.orchestra.run.smithi078.stdout:/usr/bin/ceph: stderr
2024-09-16T00:03:41.198+0000 7f371f7fe640 1 -- 172.21.15.78:0/1857439440 <== mon.0 v2:172.21.15.78:3300/0 2 ==== config(27 keys) ==== 1109+0+0 (secure 0 0 0) 0x7f37180308c0 con 0x7f3728107600
2024-09-16T00:03:41.994 INFO:teuthology.orchestra.run.smithi078.stdout:/usr/bin/ceph: stderr
2024-09-16T00:03:41.198+0000 7f372c9de640 1 -- 172.21.15.78:0/1857439440 --> [v2:172.21.15.78:3300/0,v1:172.21.15.78:6789/0] -- mon_subscribe({mgrmap=0+}) -- 0x7f372819bd30 con 0x7f3728107600
2024-09-16T00:03:41.994 INFO:teuthology.orchestra.run.smithi078.stdout:/usr/bin/ceph: stderr
2024-09-16T00:03:41.198+0000 7f371f7fe640 1 -- 172.21.15.78:0/1857439440 <== mon.0 v2:172.21.15.78:3300/0 3 ==== mon_map magic: 0 ==== 205+0+0 (secure 0 0 0) 0x7f3718037040 con 0x7f3728107600
2024-09-16T00:03:41.994 INFO:teuthology.orchestra.run.smithi078.stdout:/usr/bin/ceph: stderr
2024-09-16T00:03:41.198+0000 7f372c9de640 1 -- 172.21.15.78:0/1857439440 --> [v2:172.21.15.78:3300/0,v1:172.21.15.78:6789/0] -- mon_subscribe({osdmap=0}) -- 0x7f372819ea20 con 0x7f3728107600
2024-09-16T00:03:41.994 INFO:teuthology.orchestra.run.smithi078.stdout:/usr/bin/ceph: stderr
2024-09-16T00:03:41.199+0000 7f371f7fe640 1 -- 172.21.15.78:0/1857439440 <== mon.0 v2:172.21.15.78:3300/0 4 ==== mgrmap(e 8) ==== 46461+0+0 (secure 0 0 0) 0x7f3718045070 con 0x7f3728107600
2024-09-16T00:03:41.994 INFO:teuthology.orchestra.run.smithi078.stdout:/usr/bin/ceph: stderr
2024-09-16T00:03:41.199+0000 7f371f7fe640 1 --2- 172.21.15.78:0/1857439440 >> [v2:172.21.15.78:6800/1052494441,v1:172.21.15.78:6801/1052494441] conn(0x7f3714039200 0x7f371403b6c0 unknown :-1 s=NONE pgs=0 cs=0 l=1 rev1=0 crypto rx=0 tx=0 comp rx=0 tx=0).connect
2024-09-16T00:03:41.994 INFO:teuthology.orchestra.run.smithi078.stdout:/usr/bin/ceph: stderr
2024-09-16T00:03:41.199+0000 7f371f7fe640 1 -- 172.21.15.78:0/1857439440 <== mon.0 v2:172.21.15.78:3300/0 5 ==== osd_map(2..2 src has 1..2) ==== 940+0+0 (secure 0 0 0) 0x7f371806c330 con 0x7f3728107600
2024-09-16T00:03:41.994 INFO:teuthology.orchestra.run.smithi078.stdout:/usr/bin/ceph: stderr
2024-09-16T00:03:41.199+0000 7f372c9de640 1 -- 172.21.15.78:0/1857439440 --> [v2:172.21.15.78:3300/0,v1:172.21.15.78:6789/0] -- mon_command({"prefix": "get_command_descriptions"} v 0) -- 0x7f3728107a80 con 0x7f3728107600
2024-09-16T00:03:41.994 INFO:teuthology.orchestra.run.smithi078.stdout:/usr/bin/ceph: stderr
2024-09-16T00:03:41.199+0000 7f371ffff640 1 --2- 172.21.15.78:0/1857439440 >> [v2:172.21.15.78:6800/1052494441,v1:172.21.15.78:6801/1052494441] conn(0x7f3714039200 0x7f371403b6c0 unknown :-1 s=BANNER_CONNECTING pgs=0 cs=0 l=1 rev1=0 crypto rx=0 tx=0 comp rx=0 tx=0)._handle_peer_banner_payload supported=3 required=0
2024-09-16T00:03:41.995 INFO:teuthology.orchestra.run.smithi078.stdout:/usr/bin/ceph: stderr
2024-09-16T00:03:41.200+0000 7f371ffff640 1 --2- 172.21.15.78:0/1857439440 >> [v2:172.21.15.78:6800/1052494441,v1:172.21.15.78:6801/1052494441] conn(0x7f3714039200 0x7f371403b6c0 secure :-1 s=READY pgs=8 cs=0 l=1 rev1=1 crypto rx=0x7f37100098c0 tx=0x7f3710006db0 comp rx=0 tx=0).ready entity=mgr.14118 client_cookie=0 server_cookie=0 in_seq=0 out_seq=0
2024-09-16T00:03:41.995 INFO:teuthology.orchestra.run.smithi078.stdout:/usr/bin/ceph: stderr
2024-09-16T00:03:41.204+0000 7f371f7fe640 1 -- 172.21.15.78:0/1857439440 <== mon.0 v2:172.21.15.78:3300/0 6 ==== mon_command_ack([{"prefix": "get_command_descriptions"}]=0 v0) ==== 72+0+188821 (secure 0 0 0) 0x7f3718045360 con 0x7f3728107600
2024-09-16T00:03:41.995 INFO:teuthology.orchestra.run.smithi078.stdout:/usr/bin/ceph: stderr
2024-09-16T00:03:41.377+0000 7f372c9de640 1 -- 172.21.15.78:0/1857439440 --> [v2:172.21.15.78:6800/1052494441,v1:172.21.15.78:6801/1052494441] -- mgr_command(tid 0: {"prefix": "cephadm set-user", "user": "root", "target": ["mon-mgr", ""]}) -- 0x7f3728104090 con 0x7f3714039200
2024-09-16T00:03:41.995 INFO:teuthology.orchestra.run.smithi078.stdout:/usr/bin/ceph: stderr
2024-09-16T00:03:41.378+0000 7f371f7fe640 1 -- 172.21.15.78:0/1857439440 <== mgr.14118 v2:172.21.15.78:6800/1052494441 1 ==== mgr_command_reply(tid 0: 0 ) ==== 8+0+16 (secure 0 0 0) 0x7f3728104090 con 0x7f3714039200
2024-09-16T00:03:41.995 INFO:teuthology.orchestra.run.smithi078.stdout:/usr/bin/ceph: stderr
2024-09-16T00:03:41.380+0000 7f372c9de640 1 -- 172.21.15.78:0/1857439440 >> [v2:172.21.15.78:6800/1052494441,v1:172.21.15.78:6801/1052494441] conn(0x7f3714039200 msgr2=0x7f371403b6c0 secure :-1 s=STATE_CONNECTION_ESTABLISHED l=1).mark_down
2024-09-16T00:03:41.995 INFO:teuthology.orchestra.run.smithi078.stdout:/usr/bin/ceph: stderr
2024-09-16T00:03:41.380+0000 7f372c9de640 1 --2- 172.21.15.78:0/1857439440 >> [v2:172.21.15.78:6800/1052494441,v1:172.21.15.78:6801/1052494441] conn(0x7f3714039200 0x7f371403b6c0 secure :-1 s=READY pgs=8 cs=0 l=1 rev1=1 crypto rx=0x7f37100098c0 tx=0x7f3710006db0 comp rx=0 tx=0).stop
2024-09-16T00:03:41.995 INFO:teuthology.orchestra.run.smithi078.stdout:/usr/bin/ceph: stderr
2024-09-16T00:03:41.380+0000 7f372c9de640 1 -- 172.21.15.78:0/1857439440 >> [v2:172.21.15.78:3300/0,v1:172.21.15.78:6789/0] conn(0x7f3728107600 msgr2=0x7f372819b560 secure :-1 s=STATE_CONNECTION_ESTABLISHED l=1).mark_down
2024-09-16T00:03:41.995 INFO:teuthology.orchestra.run.smithi078.stdout:/usr/bin/ceph: stderr
2024-09-16T00:03:41.380+0000 7f372c9de640 1 --2- 172.21.15.78:0/1857439440 >> [v2:172.21.15.78:3300/0,v1:172.21.15.78:6789/0] conn(0x7f3728107600 0x7f372819b560 secure :-1 s=READY pgs=38 cs=0 l=1 rev1=1 crypto rx=0x7f3718032ce0 tx=0x7f3718032d10 comp rx=0 tx=0).stop
2024-09-16T00:03:41.995 INFO:teuthology.orchestra.run.smithi078.stdout:/usr/bin/ceph: stderr
2024-09-16T00:03:41.380+0000 7f372c9de640 1 -- 172.21.15.78:0/1857439440 shutdown_connections
2024-09-16T00:03:41.995 INFO:teuthology.orchestra.run.smithi078.stdout:/usr/bin/ceph: stderr
2024-09-16T00:03:41.380+0000 7f372c9de640 1 --2- 172.21.15.78:0/1857439440 >> [v2:172.21.15.78:6800/1052494441,v1:172.21.15.78:6801/1052494441] conn(0x7f3714039200 0x7f371403b6c0 unknown :-1 s=CLOSED pgs=8 cs=0 l=1 rev1=1 crypto rx=0 tx=0 comp rx=0 tx=0).stop
2024-09-16T00:03:41.995 INFO:teuthology.orchestra.run.smithi078.stdout:/usr/bin/ceph: stderr
2024-09-16T00:03:41.380+0000 7f372c9de640 1 --2- 172.21.15.78:0/1857439440 >> [v2:172.21.15.78:3300/0,v1:172.21.15.78:6789/0] conn(0x7f3728107600 0x7f372819b560 unknown :-1 s=CLOSED pgs=38 cs=0 l=1 rev1=1 crypto rx=0 tx=0 comp rx=0 tx=0).stop
2024-09-16T00:03:41.996 INFO:teuthology.orchestra.run.smithi078.stdout:/usr/bin/ceph: stderr
2024-09-16T00:03:41.380+0000 7f372c9de640 1 -- 172.21.15.78:0/1857439440 >> 172.21.15.78:0/1857439440 conn(0x7f3728102e50 msgr2=0x7f3728103980 unknown :-1 s=STATE_NONE l=0).mark_down
2024-09-16T00:03:41.996 INFO:teuthology.orchestra.run.smithi078.stdout:/usr/bin/ceph: stderr
2024-09-16T00:03:41.380+0000 7f372c9de640 1 -- 172.21.15.78:0/1857439440 shutdown_connections
2024-09-16T00:03:41.996 INFO:teuthology.orchestra.run.smithi078.stdout:/usr/bin/ceph: stderr
2024-09-16T00:03:41.380+0000 7f372c9de640 1 -- 172.21.15.78:0/1857439440 wait complete.
2024-09-16T00:03:41.996 INFO:teuthology.orchestra.run.smithi078.stdout:Generating ssh key...
2024-09-16T00:03:42.520 INFO:journalctl@ceph.mon.a.smithi078.stdout:Sep 16 00:03:42 smithi078 ceph-mon[31157]: from='client.14132 -' entity='client.admin' cmd=[{"prefix": "cephadm set-user", "user": "root", "target": ["mon-mgr", ""]}]: dispatch
2024-09-16T00:03:42.956 INFO:journalctl@ceph.mgr.x.smithi078.stdout:Sep 16 00:03:42 smithi078 ceph-eb73a744-73be-11ef-bceb-c7b262605968-mgr-x[31385]: Generating public/private rsa key pair.
2024-09-16T00:03:42.956 INFO:journalctl@ceph.mgr.x.smithi078.stdout:Sep 16 00:03:42 smithi078 ceph-eb73a744-73be-11ef-bceb-c7b262605968-mgr-x[31385]: Your identification has been saved in /tmp/tmpnlne2yyl/key
2024-09-16T00:03:42.957 INFO:journalctl@ceph.mgr.x.smithi078.stdout:Sep 16 00:03:42 smithi078 ceph-eb73a744-73be-11ef-bceb-c7b262605968-mgr-x[31385]: Your public key has been saved in /tmp/tmpnlne2yyl/key.pub
2024-09-16T00:03:42.957 INFO:journalctl@ceph.mgr.x.smithi078.stdout:Sep 16 00:03:42 smithi078 ceph-eb73a744-73be-11ef-bceb-c7b262605968-mgr-x[31385]: The key fingerprint is:
2024-09-16T00:03:42.957 INFO:journalctl@ceph.mgr.x.smithi078.stdout:Sep 16 00:03:42 smithi078 ceph-eb73a744-73be-11ef-bceb-c7b262605968-mgr-x[31385]: SHA256:F0noOjCYI+Z6bfqfvOaPnUNNNSGUphTYoiowz6q3DTg ceph-eb73a744-73be-11ef-bceb-c7b262605968
2024-09-16T00:03:42.957 INFO:journalctl@ceph.mgr.x.smithi078.stdout:Sep 16 00:03:42 smithi078 ceph-eb73a744-73be-11ef-bceb-c7b262605968-mgr-x[31385]: The key's randomart image is:
2024-09-16T00:03:42.957 INFO:journalctl@ceph.mgr.x.smithi078.stdout:Sep 16 00:03:42 smithi078 ceph-eb73a744-73be-11ef-bceb-c7b262605968-mgr-x[31385]: +---[RSA 3072]----+
