2024-09-16T00:03:55.306+0000 7fb4bbae6640 1 Processor -- start
2024-09-16T00:03:56.335 INFO:teuthology.orchestra.run.smithi078.stdout:/usr/bin/ceph: stderr
2024-09-16T00:03:55.307+0000 7fb4bbae6640 1 -- start start
2024-09-16T00:03:56.335 INFO:teuthology.orchestra.run.smithi078.stdout:/usr/bin/ceph: stderr
2024-09-16T00:03:55.307+0000 7fb4bbae6640 1 --2- >> [v2:172.21.15.78:3300/0,v1:172.21.15.78:6789/0] conn(0x7fb4b4107600 0x7fb4b4107a00 unknown :-1 s=NONE pgs=0 cs=0 l=0 rev1=0 crypto rx=0 tx=0 comp rx=0 tx=0).connect
2024-09-16T00:03:56.335 INFO:teuthology.orchestra.run.smithi078.stdout:/usr/bin/ceph: stderr
2024-09-16T00:03:55.307+0000 7fb4bbae6640 1 -- --> [v2:172.21.15.78:3300/0,v1:172.21.15.78:6789/0] -- mon_getmap magic: 0 -- 0x7fb4b4107f40 con 0x7fb4b4107600
2024-09-16T00:03:56.335 INFO:teuthology.orchestra.run.smithi078.stdout:/usr/bin/ceph: stderr
2024-09-16T00:03:55.307+0000 7fb4b9882640 1 --2- >> [v2:172.21.15.78:3300/0,v1:172.21.15.78:6789/0] conn(0x7fb4b4107600 0x7fb4b4107a00 unknown :-1 s=BANNER_CONNECTING pgs=0 cs=0 l=0 rev1=0 crypto rx=0 tx=0 comp rx=0 tx=0)._handle_peer_banner_payload supported=3 required=0
2024-09-16T00:03:56.335 INFO:teuthology.orchestra.run.smithi078.stdout:/usr/bin/ceph: stderr
2024-09-16T00:03:55.307+0000 7fb4b9882640 1 --2- >> [v2:172.21.15.78:3300/0,v1:172.21.15.78:6789/0] conn(0x7fb4b4107600 0x7fb4b4107a00 unknown :-1 s=HELLO_CONNECTING pgs=0 cs=0 l=0 rev1=1 crypto rx=0 tx=0 comp rx=0 tx=0).handle_hello peer v2:172.21.15.78:3300/0 says I am v2:172.21.15.78:35352/0 (socket says 172.21.15.78:35352)
2024-09-16T00:03:56.335 INFO:teuthology.orchestra.run.smithi078.stdout:/usr/bin/ceph: stderr
2024-09-16T00:03:55.307+0000 7fb4b9882640 1 -- 172.21.15.78:0/2164150724 learned_addr learned my addr 172.21.15.78:0/2164150724 (peer_addr_for_me v2:172.21.15.78:0/0)
2024-09-16T00:03:56.335 INFO:teuthology.orchestra.run.smithi078.stdout:/usr/bin/ceph: stderr
2024-09-16T00:03:55.307+0000 7fb4b9882640 1 -- 172.21.15.78:0/2164150724 --> [v2:172.21.15.78:3300/0,v1:172.21.15.78:6789/0] -- mon_subscribe({config=0+,monmap=0+}) -- 0x7fb4b41080c0 con 0x7fb4b4107600
2024-09-16T00:03:56.336 INFO:teuthology.orchestra.run.smithi078.stdout:/usr/bin/ceph: stderr
2024-09-16T00:03:55.308+0000 7fb4b9882640 1 --2- 172.21.15.78:0/2164150724 >> [v2:172.21.15.78:3300/0,v1:172.21.15.78:6789/0] conn(0x7fb4b4107600 0x7fb4b4107a00 secure :-1 s=READY pgs=51 cs=0 l=1 rev1=1 crypto rx=0x7fb4b0009820 tx=0x7fb4b002a270 comp rx=0 tx=0).ready entity=mon.0 client_cookie=d461fcf408c764df server_cookie=0 in_seq=0 out_seq=0
2024-09-16T00:03:56.336 INFO:teuthology.orchestra.run.smithi078.stdout:/usr/bin/ceph: stderr
2024-09-16T00:03:55.308+0000 7fb4b8880640 1 -- 172.21.15.78:0/2164150724 <== mon.0 v2:172.21.15.78:3300/0 1 ==== mon_map magic: 0 ==== 205+0+0 (secure 0 0 0) 0x7fb4b0037070 con 0x7fb4b4107600
2024-09-16T00:03:56.336 INFO:teuthology.orchestra.run.smithi078.stdout:/usr/bin/ceph: stderr
2024-09-16T00:03:55.308+0000 7fb4b8880640 1 -- 172.21.15.78:0/2164150724 <== mon.0 v2:172.21.15.78:3300/0 2 ==== config(27 keys) ==== 1140+0+0 (secure 0 0 0) 0x7fb4b0032920 con 0x7fb4b4107600
2024-09-16T00:03:56.336 INFO:teuthology.orchestra.run.smithi078.stdout:/usr/bin/ceph: stderr
2024-09-16T00:03:55.308+0000 7fb4b8880640 1 -- 172.21.15.78:0/2164150724 <== mon.0 v2:172.21.15.78:3300/0 3 ==== mon_map magic: 0 ==== 205+0+0 (secure 0 0 0) 0x7fb4b0030810 con 0x7fb4b4107600
2024-09-16T00:03:56.336 INFO:teuthology.orchestra.run.smithi078.stdout:/usr/bin/ceph: stderr
2024-09-16T00:03:55.309+0000 7fb4bbae6640 1 -- 172.21.15.78:0/2164150724 >> [v2:172.21.15.78:3300/0,v1:172.21.15.78:6789/0] conn(0x7fb4b4107600 msgr2=0x7fb4b4107a00 secure :-1 s=STATE_CONNECTION_ESTABLISHED l=1).mark_down
2024-09-16T00:03:56.336 INFO:teuthology.orchestra.run.smithi078.stdout:/usr/bin/ceph: stderr
2024-09-16T00:03:55.309+0000 7fb4bbae6640 1 --2- 172.21.15.78:0/2164150724 >> [v2:172.21.15.78:3300/0,v1:172.21.15.78:6789/0] conn(0x7fb4b4107600 0x7fb4b4107a00 secure :-1 s=READY pgs=51 cs=0 l=1 rev1=1 crypto rx=0x7fb4b0009820 tx=0x7fb4b002a270 comp rx=0 tx=0).stop
2024-09-16T00:03:56.336 INFO:teuthology.orchestra.run.smithi078.stdout:/usr/bin/ceph: stderr
2024-09-16T00:03:55.309+0000 7fb4bbae6640 1 -- 172.21.15.78:0/2164150724 shutdown_connections
2024-09-16T00:03:56.336 INFO:teuthology.orchestra.run.smithi078.stdout:/usr/bin/ceph: stderr
2024-09-16T00:03:55.309+0000 7fb4bbae6640 1 --2- 172.21.15.78:0/2164150724 >> [v2:172.21.15.78:3300/0,v1:172.21.15.78:6789/0] conn(0x7fb4b4107600 0x7fb4b4107a00 unknown :-1 s=CLOSED pgs=51 cs=0 l=1 rev1=1 crypto rx=0 tx=0 comp rx=0 tx=0).stop
2024-09-16T00:03:56.336 INFO:teuthology.orchestra.run.smithi078.stdout:/usr/bin/ceph: stderr
2024-09-16T00:03:55.309+0000 7fb4bbae6640 1 -- 172.21.15.78:0/2164150724 >> 172.21.15.78:0/2164150724 conn(0x7fb4b4102e50 msgr2=0x7fb4b4105270 unknown :-1 s=STATE_NONE l=0).mark_down
2024-09-16T00:03:56.336 INFO:teuthology.orchestra.run.smithi078.stdout:/usr/bin/ceph: stderr
2024-09-16T00:03:55.309+0000 7fb4bbae6640 1 -- 172.21.15.78:0/2164150724 shutdown_connections
2024-09-16T00:03:56.336 INFO:teuthology.orchestra.run.smithi078.stdout:/usr/bin/ceph: stderr
2024-09-16T00:03:55.309+0000 7fb4bbae6640 1 -- 172.21.15.78:0/2164150724 wait complete.
2024-09-16T00:03:56.336 INFO:teuthology.orchestra.run.smithi078.stdout:/usr/bin/ceph: stderr
2024-09-16T00:03:55.309+0000 7fb4bbae6640 1 Processor -- start
2024-09-16T00:03:56.336 INFO:teuthology.orchestra.run.smithi078.stdout:/usr/bin/ceph: stderr
2024-09-16T00:03:55.309+0000 7fb4bbae6640 1 -- start start
2024-09-16T00:03:56.337 INFO:teuthology.orchestra.run.smithi078.stdout:/usr/bin/ceph: stderr
2024-09-16T00:03:55.310+0000 7fb4bbae6640 1 --2- >> [v2:172.21.15.78:3300/0,v1:172.21.15.78:6789/0] conn(0x7fb4b4107600 0x7fb4b419b5a0 unknown :-1 s=NONE pgs=0 cs=0 l=1 rev1=0 crypto rx=0 tx=0 comp rx=0 tx=0).connect
2024-09-16T00:03:56.337 INFO:teuthology.orchestra.run.smithi078.stdout:/usr/bin/ceph: stderr
2024-09-16T00:03:55.310+0000 7fb4bbae6640 1 -- --> [v2:172.21.15.78:3300/0,v1:172.21.15.78:6789/0] -- mon_getmap magic: 0 -- 0x7fb4b410ba70 con 0x7fb4b4107600
2024-09-16T00:03:56.337 INFO:teuthology.orchestra.run.smithi078.stdout:/usr/bin/ceph: stderr
2024-09-16T00:03:55.310+0000 7fb4b9882640 1 --2- >> [v2:172.21.15.78:3300/0,v1:172.21.15.78:6789/0] conn(0x7fb4b4107600 0x7fb4b419b5a0 unknown :-1 s=BANNER_CONNECTING pgs=0 cs=0 l=1 rev1=0 crypto rx=0 tx=0 comp rx=0 tx=0)._handle_peer_banner_payload supported=3 required=0
2024-09-16T00:03:56.337 INFO:teuthology.orchestra.run.smithi078.stdout:/usr/bin/ceph: stderr
2024-09-16T00:03:55.310+0000 7fb4b9882640 1 --2- >> [v2:172.21.15.78:3300/0,v1:172.21.15.78:6789/0] conn(0x7fb4b4107600 0x7fb4b419b5a0 unknown :-1 s=HELLO_CONNECTING pgs=0 cs=0 l=1 rev1=1 crypto rx=0 tx=0 comp rx=0 tx=0).handle_hello peer v2:172.21.15.78:3300/0 says I am v2:172.21.15.78:35366/0 (socket says 172.21.15.78:35366)
2024-09-16T00:03:56.337 INFO:teuthology.orchestra.run.smithi078.stdout:/usr/bin/ceph: stderr
2024-09-16T00:03:55.310+0000 7fb4b9882640 1 -- 172.21.15.78:0/1664248048 learned_addr learned my addr 172.21.15.78:0/1664248048 (peer_addr_for_me v2:172.21.15.78:0/0)
2024-09-16T00:03:56.337 INFO:teuthology.orchestra.run.smithi078.stdout:/usr/bin/ceph: stderr
2024-09-16T00:03:55.310+0000 7fb4b9882640 1 -- 172.21.15.78:0/1664248048 --> [v2:172.21.15.78:3300/0,v1:172.21.15.78:6789/0] -- mon_subscribe({config=0+,monmap=0+}) -- 0x7fb4b419bae0 con 0x7fb4b4107600
2024-09-16T00:03:56.337 INFO:teuthology.orchestra.run.smithi078.stdout:/usr/bin/ceph: stderr
2024-09-16T00:03:55.310+0000 7fb4b9882640 1 --2- 172.21.15.78:0/1664248048 >> [v2:172.21.15.78:3300/0,v1:172.21.15.78:6789/0] conn(0x7fb4b4107600 0x7fb4b419b5a0 secure :-1 s=READY pgs=52 cs=0 l=1 rev1=1 crypto rx=0x7fb4b0030380 tx=0x7fb4b0032670 comp rx=0 tx=0).ready entity=mon.0 client_cookie=0 server_cookie=0 in_seq=0 out_seq=0
2024-09-16T00:03:56.337 INFO:teuthology.orchestra.run.smithi078.stdout:/usr/bin/ceph: stderr
2024-09-16T00:03:55.310+0000 7fb4aaffd640 1 -- 172.21.15.78:0/1664248048 <== mon.0 v2:172.21.15.78:3300/0 1 ==== mon_map magic: 0 ==== 205+0+0 (secure 0 0 0) 0x7fb4b0037040 con 0x7fb4b4107600
2024-09-16T00:03:56.337 INFO:teuthology.orchestra.run.smithi078.stdout:/usr/bin/ceph: stderr
2024-09-16T00:03:55.310+0000 7fb4aaffd640 1 -- 172.21.15.78:0/1664248048 <== mon.0 v2:172.21.15.78:3300/0 2 ==== config(27 keys) ==== 1140+0+0 (secure 0 0 0) 0x7fb4b0040070 con 0x7fb4b4107600
2024-09-16T00:03:56.337 INFO:teuthology.orchestra.run.smithi078.stdout:/usr/bin/ceph: stderr
2024-09-16T00:03:55.310+0000 7fb4bbae6640 1 -- 172.21.15.78:0/1664248048 --> [v2:172.21.15.78:3300/0,v1:172.21.15.78:6789/0] -- mon_subscribe({mgrmap=0+}) -- 0x7fb4b419bd70 con 0x7fb4b4107600
2024-09-16T00:03:56.337 INFO:teuthology.orchestra.run.smithi078.stdout:/usr/bin/ceph: stderr
2024-09-16T00:03:55.310+0000 7fb4aaffd640 1 -- 172.21.15.78:0/1664248048 <== mon.0 v2:172.21.15.78:3300/0 3 ==== mon_map magic: 0 ==== 205+0+0 (secure 0 0 0) 0x7fb4b003a7b0 con 0x7fb4b4107600
2024-09-16T00:03:56.337 INFO:teuthology.orchestra.run.smithi078.stdout:/usr/bin/ceph: stderr
2024-09-16T00:03:55.310+0000 7fb4bbae6640 1 -- 172.21.15.78:0/1664248048 --> [v2:172.21.15.78:3300/0,v1:172.21.15.78:6789/0] -- mon_subscribe({osdmap=0}) -- 0x7fb4b419ea60 con 0x7fb4b4107600
2024-09-16T00:03:56.337 INFO:teuthology.orchestra.run.smithi078.stdout:/usr/bin/ceph: stderr
2024-09-16T00:03:55.311+0000 7fb4aaffd640 1 -- 172.21.15.78:0/1664248048 <== mon.0 v2:172.21.15.78:3300/0 4 ==== mgrmap(e 8) ==== 46461+0+0 (secure 0 0 0) 0x7fb4b003aa30 con 0x7fb4b4107600
2024-09-16T00:03:56.338 INFO:teuthology.orchestra.run.smithi078.stdout:/usr/bin/ceph: stderr
2024-09-16T00:03:55.311+0000 7fb4aaffd640 1 --2- 172.21.15.78:0/1664248048 >> [v2:172.21.15.78:6800/1052494441,v1:172.21.15.78:6801/1052494441] conn(0x7fb4a00391b0 0x7fb4a003b670 unknown :-1 s=NONE pgs=0 cs=0 l=1 rev1=0 crypto rx=0 tx=0 comp rx=0 tx=0).connect
2024-09-16T00:03:56.338 INFO:teuthology.orchestra.run.smithi078.stdout:/usr/bin/ceph: stderr
2024-09-16T00:03:55.311+0000 7fb4bbae6640 1 -- 172.21.15.78:0/1664248048 --> [v2:172.21.15.78:3300/0,v1:172.21.15.78:6789/0] -- mon_command({"prefix": "get_command_descriptions"} v 0) -- 0x7fb4b4107a80 con 0x7fb4b4107600
2024-09-16T00:03:56.338 INFO:teuthology.orchestra.run.smithi078.stdout:/usr/bin/ceph: stderr
2024-09-16T00:03:55.311+0000 7fb4aaffd640 1 -- 172.21.15.78:0/1664248048 <== mon.0 v2:172.21.15.78:3300/0 5 ==== osd_map(2..2 src has 1..2) ==== 940+0+0 (secure 0 0 0) 0x7fb4b006cb30 con 0x7fb4b4107600
2024-09-16T00:03:56.338 INFO:teuthology.orchestra.run.smithi078.stdout:/usr/bin/ceph: stderr
2024-09-16T00:03:55.311+0000 7fb4b9081640 1 --2- 172.21.15.78:0/1664248048 >> [v2:172.21.15.78:6800/1052494441,v1:172.21.15.78:6801/1052494441] conn(0x7fb4a00391b0 0x7fb4a003b670 unknown :-1 s=BANNER_CONNECTING pgs=0 cs=0 l=1 rev1=0 crypto rx=0 tx=0 comp rx=0 tx=0)._handle_peer_banner_payload supported=3 required=0
2024-09-16T00:03:56.338 INFO:teuthology.orchestra.run.smithi078.stdout:/usr/bin/ceph: stderr
2024-09-16T00:03:55.312+0000 7fb4b9081640 1 --2- 172.21.15.78:0/1664248048 >> [v2:172.21.15.78:6800/1052494441,v1:172.21.15.78:6801/1052494441] conn(0x7fb4a00391b0 0x7fb4a003b670 secure :-1 s=READY pgs=15 cs=0 l=1 rev1=1 crypto rx=0x7fb4a40098c0 tx=0x7fb4a4006db0 comp rx=0 tx=0).ready entity=mgr.14118 client_cookie=0 server_cookie=0 in_seq=0 out_seq=0
2024-09-16T00:03:56.338 INFO:teuthology.orchestra.run.smithi078.stdout:/usr/bin/ceph: stderr
2024-09-16T00:03:55.316+0000 7fb4aaffd640 1 -- 172.21.15.78:0/1664248048 <== mon.0 v2:172.21.15.78:3300/0 6 ==== mon_command_ack([{"prefix": "get_command_descriptions"}]=0 v0) ==== 72+0+188821 (secure 0 0 0) 0x7fb4b0044c70 con 0x7fb4b4107600
2024-09-16T00:03:56.338 INFO:teuthology.orchestra.run.smithi078.stdout:/usr/bin/ceph: stderr
2024-09-16T00:03:55.483+0000 7fb4bbae6640 1 -- 172.21.15.78:0/1664248048 --> [v2:172.21.15.78:3300/0,v1:172.21.15.78:6789/0] -- mon_command([{prefix=config set, name=mgr/dashboard/ssl_server_port}] v 0) -- 0x7fb4b419f090 con 0x7fb4b4107600
2024-09-16T00:03:56.338 INFO:teuthology.orchestra.run.smithi078.stdout:/usr/bin/ceph: stderr
2024-09-16T00:03:55.485+0000 7fb4aaffd640 1 -- 172.21.15.78:0/1664248048 <== mon.0 v2:172.21.15.78:3300/0 7 ==== mon_command_ack([{prefix=config set, name=mgr/dashboard/ssl_server_port}]=0 v8)=0 v8) ==== 130+0+0 (secure 0 0 0) 0x7fb4b0041270 con 0x7fb4b4107600
2024-09-16T00:03:56.338 INFO:teuthology.orchestra.run.smithi078.stdout:/usr/bin/ceph: stderr
2024-09-16T00:03:55.487+0000 7fb4bbae6640 1 -- 172.21.15.78:0/1664248048 >> [v2:172.21.15.78:6800/1052494441,v1:172.21.15.78:6801/1052494441] conn(0x7fb4a00391b0 msgr2=0x7fb4a003b670 secure :-1 s=STATE_CONNECTION_ESTABLISHED l=1).mark_down
2024-09-16T00:03:56.338 INFO:teuthology.orchestra.run.smithi078.stdout:/usr/bin/ceph: stderr
2024-09-16T00:03:55.487+0000 7fb4bbae6640 1 --2- 172.21.15.78:0/1664248048 >> [v2:172.21.15.78:6800/1052494441,v1:172.21.15.78:6801/1052494441] conn(0x7fb4a00391b0 0x7fb4a003b670 secure :-1 s=READY pgs=15 cs=0 l=1 rev1=1 crypto rx=0x7fb4a40098c0 tx=0x7fb4a4006db0 comp rx=0 tx=0).stop
2024-09-16T00:03:56.338 INFO:teuthology.orchestra.run.smithi078.stdout:/usr/bin/ceph: stderr
2024-09-16T00:03:55.487+0000 7fb4bbae6640 1 -- 172.21.15.78:0/1664248048 >> [v2:172.21.15.78:3300/0,v1:172.21.15.78:6789/0] conn(0x7fb4b4107600 msgr2=0x7fb4b419b5a0 secure :-1 s=STATE_CONNECTION_ESTABLISHED l=1).mark_down
2024-09-16T00:03:56.338 INFO:teuthology.orchestra.run.smithi078.stdout:/usr/bin/ceph: stderr
2024-09-16T00:03:55.487+0000 7fb4bbae6640 1 --2- 172.21.15.78:0/1664248048 >> [v2:172.21.15.78:3300/0,v1:172.21.15.78:6789/0] conn(0x7fb4b4107600 0x7fb4b419b5a0 secure :-1 s=READY pgs=52 cs=0 l=1 rev1=1 crypto rx=0x7fb4b0030380 tx=0x7fb4b0032670 comp rx=0 tx=0).stop
2024-09-16T00:03:56.338 INFO:teuthology.orchestra.run.smithi078.stdout:/usr/bin/ceph: stderr
2024-09-16T00:03:55.487+0000 7fb4bbae6640 1 -- 172.21.15.78:0/1664248048 shutdown_connections
2024-09-16T00:03:56.339 INFO:teuthology.orchestra.run.smithi078.stdout:/usr/bin/ceph: stderr
2024-09-16T00:03:55.487+0000 7fb4bbae6640 1 --2- 172.21.15.78:0/1664248048 >> [v2:172.21.15.78:6800/1052494441,v1:172.21.15.78:6801/1052494441] conn(0x7fb4a00391b0 0x7fb4a003b670 unknown :-1 s=CLOSED pgs=15 cs=0 l=1 rev1=1 crypto rx=0 tx=0 comp rx=0 tx=0).stop
2024-09-16T00:03:56.339 INFO:teuthology.orchestra.run.smithi078.stdout:/usr/bin/ceph: stderr
2024-09-16T00:03:55.487+0000 7fb4bbae6640 1 --2- 172.21.15.78:0/1664248048 >> [v2:172.21.15.78:3300/0,v1:172.21.15.78:6789/0] conn(0x7fb4b4107600 0x7fb4b419b5a0 unknown :-1 s=CLOSED pgs=52 cs=0 l=1 rev1=1 crypto rx=0 tx=0 comp rx=0 tx=0).stop
2024-09-16T00:03:56.339 INFO:teuthology.orchestra.run.smithi078.stdout:/usr/bin/ceph: stderr
2024-09-16T00:03:55.487+0000 7fb4bbae6640 1 -- 172.21.15.78:0/1664248048 >> 172.21.15.78:0/1664248048 conn(0x7fb4b4102e50 msgr2=0x7fb4b4103990 unknown :-1 s=STATE_NONE l=0).mark_down
2024-09-16T00:03:56.339 INFO:teuthology.orchestra.run.smithi078.stdout:/usr/bin/ceph: stderr
2024-09-16T00:03:55.488+0000 7fb4bbae6640 1 -- 172.21.15.78:0/1664248048 shutdown_connections
2024-09-16T00:03:56.339 INFO:teuthology.orchestra.run.smithi078.stdout:/usr/bin/ceph: stderr
2024-09-16T00:03:55.488+0000 7fb4bbae6640 1 -- 172.21.15.78:0/1664248048 wait complete.
2024-09-16T00:03:56.339 INFO:teuthology.orchestra.run.smithi078.stdout:Enabling the dashboard module...
2024-09-16T00:03:56.763 INFO:journalctl@ceph.mon.a.smithi078.stdout:Sep 16 00:03:56 smithi078 ceph-mon[31157]: from='client.? 172.21.15.78:0/1664248048' entity='client.admin'
2024-09-16T00:03:57.770 INFO:journalctl@ceph.mon.a.smithi078.stdout:Sep 16 00:03:57 smithi078 ceph-mon[31157]: from='client.? 172.21.15.78:0/258981322' entity='client.admin' cmd=[{"prefix": "mgr module enable", "module": "dashboard"}]: dispatch
2024-09-16T00:03:57.770 INFO:journalctl@ceph.mgr.x.smithi078.stdout:Sep 16 00:03:57 smithi078 ceph-eb73a744-73be-11ef-bceb-c7b262605968-mgr-x[31385]: ignoring --setuser ceph since I am not root
2024-09-16T00:03:57.770 INFO:journalctl@ceph.mgr.x.smithi078.stdout:Sep 16 00:03:57 smithi078 ceph-eb73a744-73be-11ef-bceb-c7b262605968-mgr-x[31385]: ignoring --setgroup ceph since I am not root
2024-09-16T00:03:57.770 INFO:journalctl@ceph.mgr.x.smithi078.stdout:Sep 16 00:03:57 smithi078 ceph-eb73a744-73be-11ef-bceb-c7b262605968-mgr-x[31385]:
2024-09-16T00:03:57.637+0000 7fe694a52040 -1 mgr[py] Module osd_perf_query has missing NOTIFY_TYPES member
2024-09-16T00:03:57.770 INFO:journalctl@ceph.mgr.x.smithi078.stdout:Sep 16 00:03:57 smithi078 ceph-eb73a744-73be-11ef-bceb-c7b262605968-mgr-x[31385]:
2024-09-16T00:03:57.693+0000 7fe694a52040 -1 mgr[py] Module osd_support has missing NOTIFY_TYPES member
2024-09-16T00:03:58.167 INFO:journalctl@ceph.mgr.x.smithi078.stdout:Sep 16 00:03:57 smithi078 ceph-eb73a744-73be-11ef-bceb-c7b262605968-mgr-x[31385]:
2024-09-16T00:03:57.841+0000 7fe694a52040 -1 mgr[py] Module diskprediction_local has missing NOTIFY_TYPES member
2024-09-16T00:03:58.168 INFO:journalctl@ceph.mgr.x.smithi078.stdout:Sep 16 00:03:57 smithi078 ceph-eb73a744-73be-11ef-bceb-c7b262605968-mgr-x[31385]:
2024-09-16T00:03:57.907+0000 7fe694a52040 -1 mgr[py] Module crash has missing NOTIFY_TYPES member
2024-09-16T00:03:58.168 INFO:journalctl@ceph.mgr.x.smithi078.stdout:Sep 16 00:03:58 smithi078 ceph-eb73a744-73be-11ef-bceb-c7b262605968-mgr-x[31385]:
2024-09-16T00:03:58.053+0000 7fe694a52040 -1 mgr[py] Module test_orchestrator has missing NOTIFY_TYPES member
2024-09-16T00:03:58.175 INFO:teuthology.orchestra.run.smithi078.stdout:/usr/bin/ceph: stderr
2024-09-16T00:03:56.767+0000 7f2d18cc2640 1 Processor -- start
2024-09-16T00:03:58.175 INFO:teuthology.orchestra.run.smithi078.stdout:/usr/bin/ceph: stderr
2024-09-16T00:03:56.767+0000 7f2d18cc2640 1 -- start start
2024-09-16T00:03:58.175 INFO:teuthology.orchestra.run.smithi078.stdout:/usr/bin/ceph: stderr
2024-09-16T00:03:56.767+0000 7f2d18cc2640 1 --2- >> [v2:172.21.15.78:3300/0,v1:172.21.15.78:6789/0] conn(0x7f2d14107600 0x7f2d14107a00 unknown :-1 s=NONE pgs=0 cs=0 l=0 rev1=0 crypto rx=0 tx=0 comp rx=0 tx=0).connect
2024-09-16T00:03:58.175 INFO:teuthology.orchestra.run.smithi078.stdout:/usr/bin/ceph: stderr
2024-09-16T00:03:56.767+0000 7f2d18cc2640 1 -- --> [v2:172.21.15.78:3300/0,v1:172.21.15.78:6789/0] -- mon_getmap magic: 0 -- 0x7f2d14107f40 con 0x7f2d14107600
2024-09-16T00:03:58.175 INFO:teuthology.orchestra.run.smithi078.stdout:/usr/bin/ceph: stderr
2024-09-16T00:03:56.768+0000 7f2d1259c640 1 --2- >> [v2:172.21.15.78:3300/0,v1:172.21.15.78:6789/0] conn(0x7f2d14107600 0x7f2d14107a00 unknown :-1 s=BANNER_CONNECTING pgs=0 cs=0 l=0 rev1=0 crypto rx=0 tx=0 comp rx=0 tx=0)._handle_peer_banner_payload supported=3 required=0
2024-09-16T00:03:58.175 INFO:teuthology.orchestra.run.smithi078.stdout:/usr/bin/ceph: stderr
2024-09-16T00:03:56.768+0000 7f2d1259c640 1 --2- >> [v2:172.21.15.78:3300/0,v1:172.21.15.78:6789/0] conn(0x7f2d14107600 0x7f2d14107a00 unknown :-1 s=HELLO_CONNECTING pgs=0 cs=0 l=0 rev1=1 crypto rx=0 tx=0 comp rx=0 tx=0).handle_hello peer v2:172.21.15.78:3300/0 says I am v2:172.21.15.78:35226/0 (socket says 172.21.15.78:35226)
2024-09-16T00:03:58.175 INFO:teuthology.orchestra.run.smithi078.stdout:/usr/bin/ceph: stderr
2024-09-16T00:03:56.768+0000 7f2d1259c640 1 -- 172.21.15.78:0/2262316231 learned_addr learned my addr 172.21.15.78:0/2262316231 (peer_addr_for_me v2:172.21.15.78:0/0)
2024-09-16T00:03:58.175 INFO:teuthology.orchestra.run.smithi078.stdout:/usr/bin/ceph: stderr
2024-09-16T00:03:56.768+0000 7f2d1259c640 1 -- 172.21.15.78:0/2262316231 --> [v2:172.21.15.78:3300/0,v1:172.21.15.78:6789/0] -- mon_subscribe({config=0+,monmap=0+}) -- 0x7f2d141080c0 con 0x7f2d14107600
2024-09-16T00:03:58.175 INFO:teuthology.orchestra.run.smithi078.stdout:/usr/bin/ceph: stderr
2024-09-16T00:03:56.769+0000 7f2d1259c640 1 --2- 172.21.15.78:0/2262316231 >> [v2:172.21.15.78:3300/0,v1:172.21.15.78:6789/0] conn(0x7f2d14107600 0x7f2d14107a00 secure :-1 s=READY pgs=53 cs=0 l=1 rev1=1 crypto rx=0x7f2d04009820 tx=0x7f2d0402a270 comp rx=0 tx=0).ready entity=mon.0 client_cookie=462d26cde3e9ae7b server_cookie=0 in_seq=0 out_seq=0
2024-09-16T00:03:58.176 INFO:teuthology.orchestra.run.smithi078.stdout:/usr/bin/ceph: stderr
2024-09-16T00:03:56.769+0000 7f2d1159a640 1 -- 172.21.15.78:0/2262316231 <== mon.0 v2:172.21.15.78:3300/0 1 ==== mon_map magic: 0 ==== 205+0+0 (secure 0 0 0) 0x7f2d04037070 con 0x7f2d14107600
2024-09-16T00:03:58.176 INFO:teuthology.orchestra.run.smithi078.stdout:/usr/bin/ceph: stderr
2024-09-16T00:03:56.769+0000 7f2d1159a640 1 -- 172.21.15.78:0/2262316231 <== mon.0 v2:172.21.15.78:3300/0 2 ==== config(27 keys) ==== 1140+0+0 (secure 0 0 0) 0x7f2d04032920 con 0x7f2d14107600
2024-09-16T00:03:58.176 INFO:teuthology.orchestra.run.smithi078.stdout:/usr/bin/ceph: stderr
2024-09-16T00:03:56.769+0000 7f2d1159a640 1 -- 172.21.15.78:0/2262316231 <== mon.0 v2:172.21.15.78:3300/0 3 ==== mon_map magic: 0 ==== 205+0+0 (secure 0 0 0) 0x7f2d04030810 con 0x7f2d14107600
2024-09-16T00:03:58.176 INFO:teuthology.orchestra.run.smithi078.stdout:/usr/bin/ceph: stderr
2024-09-16T00:03:56.769+0000 7f2d18cc2640 1 -- 172.21.15.78:0/2262316231 >> [v2:172.21.15.78:3300/0,v1:172.21.15.78:6789/0] conn(0x7f2d14107600 msgr2=0x7f2d14107a00 secure :-1 s=STATE_CONNECTION_ESTABLISHED l=1).mark_down
2024-09-16T00:03:58.176 INFO:teuthology.orchestra.run.smithi078.stdout:/usr/bin/ceph: stderr
2024-09-16T00:03:56.769+0000 7f2d18cc2640 1 --2- 172.21.15.78:0/2262316231 >> [v2:172.21.15.78:3300/0,v1:172.21.15.78:6789/0] conn(0x7f2d14107600 0x7f2d14107a00 secure :-1 s=READY pgs=53 cs=0 l=1 rev1=1 crypto rx=0x7f2d04009820 tx=0x7f2d0402a270 comp rx=0 tx=0).stop
2024-09-16T00:03:58.176 INFO:teuthology.orchestra.run.smithi078.stdout:/usr/bin/ceph: stderr
2024-09-16T00:03:56.770+0000 7f2d18cc2640 1 -- 172.21.15.78:0/2262316231 shutdown_connections
2024-09-16T00:03:58.176 INFO:teuthology.orchestra.run.smithi078.stdout:/usr/bin/ceph: stderr
2024-09-16T00:03:56.770+0000 7f2d18cc2640 1 --2- 172.21.15.78:0/2262316231 >> [v2:172.21.15.78:3300/0,v1:172.21.15.78:6789/0] conn(0x7f2d14107600 0x7f2d14107a00 unknown :-1 s=CLOSED pgs=53 cs=0 l=1 rev1=1 crypto rx=0 tx=0 comp rx=0 tx=0).stop
2024-09-16T00:03:58.176 INFO:teuthology.orchestra.run.smithi078.stdout:/usr/bin/ceph: stderr
2024-09-16T00:03:56.770+0000 7f2d18cc2640 1 -- 172.21.15.78:0/2262316231 >> 172.21.15.78:0/2262316231 conn(0x7f2d14102e50 msgr2=0x7f2d14105270 unknown :-1 s=STATE_NONE l=0).mark_down
2024-09-16T00:03:58.176 INFO:teuthology.orchestra.run.smithi078.stdout:/usr/bin/ceph: stderr
2024-09-16T00:03:56.770+0000 7f2d18cc2640 1 -- 172.21.15.78:0/2262316231 shutdown_connections
2024-09-16T00:03:58.177 INFO:teuthology.orchestra.run.smithi078.stdout:/usr/bin/ceph: stderr
2024-09-16T00:03:56.770+0000 7f2d18cc2640 1 -- 172.21.15.78:0/2262316231 wait complete.
2024-09-16T00:03:58.177 INFO:teuthology.orchestra.run.smithi078.stdout:/usr/bin/ceph: stderr
2024-09-16T00:03:56.770+0000 7f2d18cc2640 1 Processor -- start
2024-09-16T00:03:58.177 INFO:teuthology.orchestra.run.smithi078.stdout:/usr/bin/ceph: stderr
2024-09-16T00:03:56.771+0000 7f2d18cc2640 1 -- start start
2024-09-16T00:03:58.177 INFO:teuthology.orchestra.run.smithi078.stdout:/usr/bin/ceph: stderr
2024-09-16T00:03:56.771+0000 7f2d18cc2640 1 --2- >> [v2:172.21.15.78:3300/0,v1:172.21.15.78:6789/0] conn(0x7f2d14107600 0x7f2d1419b5a0 unknown :-1 s=NONE pgs=0 cs=0 l=1 rev1=0 crypto rx=0 tx=0 comp rx=0 tx=0).connect
2024-09-16T00:03:58.177 INFO:teuthology.orchestra.run.smithi078.stdout:/usr/bin/ceph: stderr
2024-09-16T00:03:56.771+0000 7f2d18cc2640 1 -- --> [v2:172.21.15.78:3300/0,v1:172.21.15.78:6789/0] -- mon_getmap magic: 0 -- 0x7f2d1410ba70 con 0x7f2d14107600
2024-09-16T00:03:58.178 INFO:teuthology.orchestra.run.smithi078.stdout:/usr/bin/ceph: stderr
2024-09-16T00:03:56.771+0000 7f2d1259c640 1 --2- >> [v2:172.21.15.78:3300/0,v1:172.21.15.78:6789/0] conn(0x7f2d14107600 0x7f2d1419b5a0 unknown :-1 s=BANNER_CONNECTING pgs=0 cs=0 l=1 rev1=0 crypto rx=0 tx=0 comp rx=0 tx=0)._handle_peer_banner_payload supported=3 required=0
2024-09-16T00:03:58.178 INFO:teuthology.orchestra.run.smithi078.stdout:/usr/bin/ceph: stderr
2024-09-16T00:03:56.771+0000 7f2d1259c640 1 --2- >> [v2:172.21.15.78:3300/0,v1:172.21.15.78:6789/0] conn(0x7f2d14107600 0x7f2d1419b5a0 unknown :-1 s=HELLO_CONNECTING pgs=0 cs=0 l=1 rev1=1 crypto rx=0 tx=0 comp rx=0 tx=0).handle_hello peer v2:172.21.15.78:3300/0 says I am v2:172.21.15.78:35228/0 (socket says 172.21.15.78:35228)
2024-09-16T00:03:58.178 INFO:teuthology.orchestra.run.smithi078.stdout:/usr/bin/ceph: stderr
2024-09-16T00:03:56.771+0000 7f2d1259c640 1 -- 172.21.15.78:0/258981322 learned_addr learned my addr 172.21.15.78:0/258981322 (peer_addr_for_me v2:172.21.15.78:0/0)
2024-09-16T00:03:58.178 INFO:teuthology.orchestra.run.smithi078.stdout:/usr/bin/ceph: stderr
2024-09-16T00:03:56.771+0000 7f2d1259c640 1 -- 172.21.15.78:0/258981322 --> [v2:172.21.15.78:3300/0,v1:172.21.15.78:6789/0] -- mon_subscribe({config=0+,monmap=0+}) -- 0x7f2d1419bae0 con 0x7f2d14107600
2024-09-16T00:03:58.178 INFO:teuthology.orchestra.run.smithi078.stdout:/usr/bin/ceph: stderr
2024-09-16T00:03:56.771+0000 7f2d1259c640 1 --2- 172.21.15.78:0/258981322 >> [v2:172.21.15.78:3300/0,v1:172.21.15.78:6789/0] conn(0x7f2d14107600 0x7f2d1419b5a0 secure :-1 s=READY pgs=54 cs=0 l=1 rev1=1 crypto rx=0x7f2d040097f0 tx=0x7f2d040327b0 comp rx=0 tx=0).ready entity=mon.0 client_cookie=0 server_cookie=0 in_seq=0 out_seq=0
2024-09-16T00:03:58.178 INFO:teuthology.orchestra.run.smithi078.stdout:/usr/bin/ceph: stderr
2024-09-16T00:03:56.771+0000 7f2d037fe640 1 -- 172.21.15.78:0/258981322 <== mon.0 v2:172.21.15.78:3300/0 1 ==== mon_map magic: 0 ==== 205+0+0 (secure 0 0 0) 0x7f2d04037040 con 0x7f2d14107600
2024-09-16T00:03:58.178 INFO:teuthology.orchestra.run.smithi078.stdout:/usr/bin/ceph: stderr
2024-09-16T00:03:56.772+0000 7f2d18cc2640 1 -- 172.21.15.78:0/258981322 --> [v2:172.21.15.78:3300/0,v1:172.21.15.78:6789/0] -- mon_subscribe({mgrmap=0+}) -- 0x7f2d1419bd70 con 0x7f2d14107600
2024-09-16T00:03:58.178 INFO:teuthology.orchestra.run.smithi078.stdout:/usr/bin/ceph: stderr
2024-09-16T00:03:56.772+0000 7f2d037fe640 1 -- 172.21.15.78:0/258981322 <== mon.0 v2:172.21.15.78:3300/0 2 ==== config(27 keys) ==== 1140+0+0 (secure 0 0 0) 0x7f2d04030cc0 con 0x7f2d14107600
2024-09-16T00:03:58.178 INFO:teuthology.orchestra.run.smithi078.stdout:/usr/bin/ceph: stderr
2024-09-16T00:03:56.772+0000 7f2d037fe640 1 -- 172.21.15.78:0/258981322 <== mon.0 v2:172.21.15.78:3300/0 3 ==== mon_map magic: 0 ==== 205+0+0 (secure 0 0 0) 0x7f2d0403a6b0 con 0x7f2d14107600
2024-09-16T00:03:58.178 INFO:teuthology.orchestra.run.smithi078.stdout:/usr/bin/ceph: stderr
2024-09-16T00:03:56.772+0000 7f2d18cc2640 1 -- 172.21.15.78:0/258981322 --> [v2:172.21.15.78:3300/0,v1:172.21.15.78:6789/0] -- mon_subscribe({osdmap=0}) -- 0x7f2d1419ea60 con 0x7f2d14107600
2024-09-16T00:03:58.178 INFO:teuthology.orchestra.run.smithi078.stdout:/usr/bin/ceph: stderr
2024-09-16T00:03:56.772+0000 7f2d037fe640 1 -- 172.21.15.78:0/258981322 <== mon.0 v2:172.21.15.78:3300/0 4 ==== mgrmap(e 8) ==== 46461+0+0 (secure 0 0 0) 0x7f2d0403a8a0 con 0x7f2d14107600
2024-09-16T00:03:58.178 INFO:teuthology.orchestra.run.smithi078.stdout:/usr/bin/ceph: stderr
2024-09-16T00:03:56.773+0000 7f2d037fe640 1 --2- 172.21.15.78:0/258981322 >> [v2:172.21.15.78:6800/1052494441,v1:172.21.15.78:6801/1052494441] conn(0x7f2cfc0391b0 0x7f2cfc03b670 unknown :-1 s=NONE pgs=0 cs=0 l=1 rev1=0 crypto rx=0 tx=0 comp rx=0 tx=0).connect
2024-09-16T00:03:58.179 INFO:teuthology.orchestra.run.smithi078.stdout:/usr/bin/ceph: stderr
2024-09-16T00:03:56.773+0000 7f2d18cc2640 1 -- 172.21.15.78:0/258981322 --> [v2:172.21.15.78:3300/0,v1:172.21.15.78:6789/0] -- mon_command({"prefix": "get_command_descriptions"} v 0) -- 0x7f2d14107a80 con 0x7f2d14107600
2024-09-16T00:03:58.179 INFO:teuthology.orchestra.run.smithi078.stdout:/usr/bin/ceph: stderr
2024-09-16T00:03:56.773+0000 7f2d037fe640 1 -- 172.21.15.78:0/258981322 <== mon.0 v2:172.21.15.78:3300/0 5 ==== osd_map(2..2 src has 1..2) ==== 940+0+0 (secure 0 0 0) 0x7f2d0406c810 con 0x7f2d14107600
2024-09-16T00:03:58.179 INFO:teuthology.orchestra.run.smithi078.stdout:/usr/bin/ceph: stderr
2024-09-16T00:03:56.773+0000 7f2d11d9b640 1 --2- 172.21.15.78:0/258981322 >> [v2:172.21.15.78:6800/1052494441,v1:172.21.15.78:6801/1052494441] conn(0x7f2cfc0391b0 0x7f2cfc03b670 unknown :-1 s=BANNER_CONNECTING pgs=0 cs=0 l=1 rev1=0 crypto rx=0 tx=0 comp rx=0 tx=0)._handle_peer_banner_payload supported=3 required=0
2024-09-16T00:03:58.179 INFO:teuthology.orchestra.run.smithi078.stdout:/usr/bin/ceph: stderr
2024-09-16T00:03:56.773+0000 7f2d11d9b640 1 --2- 172.21.15.78:0/258981322 >> [v2:172.21.15.78:6800/1052494441,v1:172.21.15.78:6801/1052494441] conn(0x7f2cfc0391b0 0x7f2cfc03b670 secure :-1 s=READY pgs=16 cs=0 l=1 rev1=1 crypto rx=0x7f2d080098c0 tx=0x7f2d08006db0 comp rx=0 tx=0).ready entity=mgr.14118 client_cookie=0 server_cookie=0 in_seq=0 out_seq=0
2024-09-16T00:03:58.179 INFO:teuthology.orchestra.run.smithi078.stdout:/usr/bin/ceph: stderr
2024-09-16T00:03:56.778+0000 7f2d037fe640 1 -- 172.21.15.78:0/258981322 <== mon.0 v2:172.21.15.78:3300/0 6 ==== mon_command_ack([{"prefix": "get_command_descriptions"}]=0 v0) ==== 72+0+188821 (secure 0 0 0) 0x7f2d0402de20 con 0x7f2d14107600
2024-09-16T00:03:58.179 INFO:teuthology.orchestra.run.smithi078.stdout:/usr/bin/ceph: stderr
2024-09-16T00:03:56.988+0000 7f2d18cc2640 1 -- 172.21.15.78:0/258981322 --> [v2:172.21.15.78:3300/0,v1:172.21.15.78:6789/0] -- mon_command({"prefix": "mgr module enable", "module": "dashboard"} v 0) -- 0x7f2d1419ec30 con 0x7f2d14107600
2024-09-16T00:03:58.179 INFO:teuthology.orchestra.run.smithi078.stdout:/usr/bin/ceph: stderr
2024-09-16T00:03:57.488+0000 7f2d037fe640 1 -- 172.21.15.78:0/258981322 <== mon.0 v2:172.21.15.78:3300/0 7 ==== mon_command_ack([{"prefix": "mgr module enable", "module": "dashboard"}]=0 v9) ==== 88+0+0 (secure 0 0 0) 0x7f2d04044920 con 0x7f2d14107600
2024-09-16T00:03:58.179 INFO:teuthology.orchestra.run.smithi078.stdout:/usr/bin/ceph: stderr
2024-09-16T00:03:57.489+0000 7f2d037fe640 1 -- 172.21.15.78:0/258981322 <== mon.0 v2:172.21.15.78:3300/0 8 ==== mgrmap(e 9) ==== 46474+0+0 (secure 0 0 0) 0x7f2d04044400 con 0x7f2d14107600
2024-09-16T00:03:58.180 INFO:teuthology.orchestra.run.smithi078.stdout:/usr/bin/ceph: stderr
2024-09-16T00:03:57.491+0000 7f2d18cc2640 1 -- 172.21.15.78:0/258981322 >> [v2:172.21.15.78:6800/1052494441,v1:172.21.15.78:6801/1052494441] conn(0x7f2cfc0391b0 msgr2=0x7f2cfc03b670 secure :-1 s=STATE_CONNECTION_ESTABLISHED l=1).mark_down
2024-09-16T00:03:58.180 INFO:teuthology.orchestra.run.smithi078.stdout:/usr/bin/ceph: stderr
2024-09-16T00:03:57.491+0000 7f2d18cc2640 1 --2- 172.21.15.78:0/258981322 >> [v2:172.21.15.78:6800/1052494441,v1:172.21.15.78:6801/1052494441] conn(0x7f2cfc0391b0 0x7f2cfc03b670 secure :-1 s=READY pgs=16 cs=0 l=1 rev1=1 crypto rx=0x7f2d080098c0 tx=0x7f2d08006db0 comp rx=0 tx=0).stop
2024-09-16T00:03:58.180 INFO:teuthology.orchestra.run.smithi078.stdout:/usr/bin/ceph: stderr
2024-09-16T00:03:57.491+0000 7f2d18cc2640 1 -- 172.21.15.78:0/258981322 >> [v2:172.21.15.78:3300/0,v1:172.21.15.78:6789/0] conn(0x7f2d14107600 msgr2=0x7f2d1419b5a0 secure :-1 s=STATE_CONNECTION_ESTABLISHED l=1).mark_down
2024-09-16T00:03:58.180 INFO:teuthology.orchestra.run.smithi078.stdout:/usr/bin/ceph: stderr
2024-09-16T00:03:57.491+0000 7f2d18cc2640 1 --2- 172.21.15.78:0/258981322 >> [v2:172.21.15.78:3300/0,v1:172.21.15.78:6789/0] conn(0x7f2d14107600 0x7f2d1419b5a0 secure :-1 s=READY pgs=54 cs=0 l=1 rev1=1 crypto rx=0x7f2d040097f0 tx=0x7f2d040327b0 comp rx=0 tx=0).stop
2024-09-16T00:03:58.180 INFO:teuthology.orchestra.run.smithi078.stdout:/usr/bin/ceph: stderr
2024-09-16T00:03:57.491+0000 7f2d18cc2640 1 -- 172.21.15.78:0/258981322 shutdown_connections
2024-09-16T00:03:58.180 INFO:teuthology.orchestra.run.smithi078.stdout:/usr/bin/ceph: stderr
2024-09-16T00:03:57.491+0000 7f2d18cc2640 1 --2- 172.21.15.78:0/258981322 >> [v2:172.21.15.78:6800/1052494441,v1:172.21.15.78:6801/1052494441] conn(0x7f2cfc0391b0 0x7f2cfc03b670 unknown :-1 s=CLOSED pgs=16 cs=0 l=1 rev1=1 crypto rx=0 tx=0 comp rx=0 tx=0).stop
2024-09-16T00:03:58.180 INFO:teuthology.orchestra.run.smithi078.stdout:/usr/bin/ceph: stderr
2024-09-16T00:03:57.491+0000 7f2d18cc2640 1 --2- 172.21.15.78:0/258981322 >> [v2:172.21.15.78:3300/0,v1:172.21.15.78:6789/0] conn(0x7f2d14107600 0x7f2d1419b5a0 unknown :-1 s=CLOSED pgs=54 cs=0 l=1 rev1=1 crypto rx=0 tx=0 comp rx=0 tx=0).stop
2024-09-16T00:03:58.180 INFO:teuthology.orchestra.run.smithi078.stdout:/usr/bin/ceph: stderr
2024-09-16T00:03:57.491+0000 7f2d18cc2640 1 -- 172.21.15.78:0/258981322 >> 172.21.15.78:0/258981322 conn(0x7f2d14102e50 msgr2=0x7f2d14103990 unknown :-1 s=STATE_NONE l=0).mark_down
2024-09-16T00:03:58.180 INFO:teuthology.orchestra.run.smithi078.stdout:/usr/bin/ceph: stderr
2024-09-16T00:03:57.491+0000 7f2d18cc2640 1 -- 172.21.15.78:0/258981322 shutdown_connections
2024-09-16T00:03:58.180 INFO:teuthology.orchestra.run.smithi078.stdout:/usr/bin/ceph: stderr
2024-09-16T00:03:57.491+0000 7f2d18cc2640 1 -- 172.21.15.78:0/258981322 wait complete.
2024-09-16T00:03:58.453 INFO:journalctl@ceph.mgr.x.smithi078.stdout:Sep 16 00:03:58 smithi078 ceph-eb73a744-73be-11ef-bceb-c7b262605968-mgr-x[31385]:
2024-09-16T00:03:58.200+0000 7fe694a52040 -1 mgr[py] Module snap_schedule has missing NOTIFY_TYPES member
2024-09-16T00:03:58.739 INFO:journalctl@ceph.mon.a.smithi078.stdout:Sep 16 00:03:58 smithi078 ceph-mon[31157]: from='client.? 172.21.15.78:0/258981322' entity='client.admin' cmd='[{"prefix": "mgr module enable", "module": "dashboard"}]': finished
2024-09-16T00:03:58.739 INFO:journalctl@ceph.mon.a.smithi078.stdout:Sep 16 00:03:58 smithi078 ceph-mon[31157]: mgrmap e9: x(active, since 19s)
2024-09-16T00:03:58.739 INFO:journalctl@ceph.mgr.x.smithi078.stdout:Sep 16 00:03:58 smithi078 ceph-eb73a744-73be-11ef-bceb-c7b262605968-mgr-x[31385]:
2024-09-16T00:03:58.523+0000 7fe694a52040 -1 mgr[py] Module prometheus has missing NOTIFY_TYPES member
2024-09-16T00:03:58.739 INFO:journalctl@ceph.mgr.x.smithi078.stdout:Sep 16 00:03:58 smithi078 ceph-eb73a744-73be-11ef-bceb-c7b262605968-mgr-x[31385]:
2024-09-16T00:03:58.587+0000 7fe694a52040 -1 mgr[py] Module selftest has missing NOTIFY_TYPES member
2024-09-16T00:03:59.020 INFO:journalctl@ceph.mgr.x.smithi078.stdout:Sep 16 00:03:58 smithi078 ceph-eb73a744-73be-11ef-bceb-c7b262605968-mgr-x[31385]:
2024-09-16T00:03:58.781+0000 7fe694a52040 -1 mgr[py] Module volumes has missing NOTIFY_TYPES member
2024-09-16T00:03:59.349 INFO:teuthology.orchestra.run.smithi078.stdout:/usr/bin/ceph: stdout {
2024-09-16T00:03:59.349 INFO:teuthology.orchestra.run.smithi078.stdout:/usr/bin/ceph: stdout "epoch": 9,
2024-09-16T00:03:59.349 INFO:teuthology.orchestra.run.smithi078.stdout:/usr/bin/ceph: stdout "available": true,
2024-09-16T00:03:59.350 INFO:teuthology.orchestra.run.smithi078.stdout:/usr/bin/ceph: stdout "active_name": "x",
2024-09-16T00:03:59.350 INFO:teuthology.orchestra.run.smithi078.stdout:/usr/bin/ceph: stdout "num_standby": 0
2024-09-16T00:03:59.350 INFO:teuthology.orchestra.run.smithi078.stdout:/usr/bin/ceph: stdout }
2024-09-16T00:03:59.350 INFO:teuthology.orchestra.run.smithi078.stdout:/usr/bin/ceph: stderr
2024-09-16T00:03:58.532+0000 7f77bf755640 1 Processor -- start
2024-09-16T00:03:59.350 INFO:teuthology.orchestra.run.smithi078.stdout:/usr/bin/ceph: stderr
2024-09-16T00:03:58.532+0000 7f77bf755640 1 -- start start
2024-09-16T00:03:59.350 INFO:teuthology.orchestra.run.smithi078.stdout:/usr/bin/ceph: stderr
2024-09-16T00:03:58.532+0000 7f77bf755640 1 --2- >> [v2:172.21.15.78:3300/0,v1:172.21.15.78:6789/0] conn(0x7f77b8108060 0x7f77b810a450 unknown :-1 s=NONE pgs=0 cs=0 l=0 rev1=0 crypto rx=0 tx=0 comp rx=0 tx=0).connect
2024-09-16T00:03:59.350 INFO:teuthology.orchestra.run.smithi078.stdout:/usr/bin/ceph: stderr
2024-09-16T00:03:58.532+0000 7f77bf755640 1 -- --> [v2:172.21.15.78:3300/0,v1:172.21.15.78:6789/0] -- mon_getmap magic: 0 -- 0x7f77b8075820 con 0x7f77b8108060
2024-09-16T00:03:59.350 INFO:teuthology.orchestra.run.smithi078.stdout:/usr/bin/ceph: stderr
2024-09-16T00:03:58.532+0000 7f77bd4f1640 1 --2- >> [v2:172.21.15.78:3300/0,v1:172.21.15.78:6789/0] conn(0x7f77b8108060 0x7f77b810a450 unknown :-1 s=BANNER_CONNECTING pgs=0 cs=0 l=0 rev1=0 crypto rx=0 tx=0 comp rx=0 tx=0)._handle_peer_banner_payload supported=3 required=0
2024-09-16T00:03:59.350 INFO:teuthology.orchestra.run.smithi078.stdout:/usr/bin/ceph: stderr
2024-09-16T00:03:58.532+0000 7f77bd4f1640 1 --2- >> [v2:172.21.15.78:3300/0,v1:172.21.15.78:6789/0] conn(0x7f77b8108060 0x7f77b810a450 unknown :-1 s=HELLO_CONNECTING pgs=0 cs=0 l=0 rev1=1 crypto rx=0 tx=0 comp rx=0 tx=0).handle_hello peer v2:172.21.15.78:3300/0 says I am v2:172.21.15.78:35254/0 (socket says 172.21.15.78:35254)
2024-09-16T00:03:59.350 INFO:teuthology.orchestra.run.smithi078.stdout:/usr/bin/ceph: stderr
2024-09-16T00:03:58.532+0000 7f77bd4f1640 1 -- 172.21.15.78:0/2406378912 learned_addr learned my addr 172.21.15.78:0/2406378912 (peer_addr_for_me v2:172.21.15.78:0/0)
2024-09-16T00:03:59.350 INFO:teuthology.orchestra.run.smithi078.stdout:/usr/bin/ceph: stderr
2024-09-16T00:03:58.532+0000 7f77bd4f1640 1 -- 172.21.15.78:0/2406378912 --> [v2:172.21.15.78:3300/0,v1:172.21.15.78:6789/0] -- mon_subscribe({config=0+,monmap=0+}) -- 0x7f77b810a990 con 0x7f77b8108060
2024-09-16T00:03:59.350 INFO:teuthology.orchestra.run.smithi078.stdout:/usr/bin/ceph: stderr
2024-09-16T00:03:58.533+0000 7f77bd4f1640 1 --2- 172.21.15.78:0/2406378912 >> [v2:172.21.15.78:3300/0,v1:172.21.15.78:6789/0] conn(0x7f77b8108060 0x7f77b810a450 secure :-1 s=READY pgs=57 cs=0 l=1 rev1=1 crypto rx=0x7f77b4009820 tx=0x7f77b402a270 comp rx=0 tx=0).ready entity=mon.0 client_cookie=9264e57d729bf07c server_cookie=0 in_seq=0 out_seq=0
2024-09-16T00:03:59.350 INFO:teuthology.orchestra.run.smithi078.stdout:/usr/bin/ceph: stderr
2024-09-16T00:03:58.533+0000 7f77affff640 1 -- 172.21.15.78:0/2406378912 <== mon.0 v2:172.21.15.78:3300/0 1 ==== mon_map magic: 0 ==== 205+0+0 (secure 0 0 0) 0x7f77b4037070 con 0x7f77b8108060
2024-09-16T00:03:59.351 INFO:teuthology.orchestra.run.smithi078.stdout:/usr/bin/ceph: stderr
2024-09-16T00:03:58.533+0000 7f77affff640 1 -- 172.21.15.78:0/2406378912 <== mon.0 v2:172.21.15.78:3300/0 2 ==== config(27 keys) ==== 1140+0+0 (secure 0 0 0) 0x7f77b4032920 con 0x7f77b8108060
2024-09-16T00:03:59.351 INFO:teuthology.orchestra.run.smithi078.stdout:/usr/bin/ceph: stderr
2024-09-16T00:03:58.533+0000 7f77affff640 1 -- 172.21.15.78:0/2406378912 <== mon.0 v2:172.21.15.78:3300/0 3 ==== mon_map magic: 0 ==== 205+0+0 (secure 0 0 0) 0x7f77b4030810 con 0x7f77b8108060
2024-09-16T00:03:59.351 INFO:teuthology.orchestra.run.smithi078.stdout:/usr/bin/ceph: stderr
2024-09-16T00:03:58.534+0000 7f77bf755640 1 -- 172.21.15.78:0/2406378912 >> [v2:172.21.15.78:3300/0,v1:172.21.15.78:6789/0] conn(0x7f77b8108060 msgr2=0x7f77b810a450 secure :-1 s=STATE_CONNECTION_ESTABLISHED l=1).mark_down
2024-09-16T00:03:59.351 INFO:teuthology.orchestra.run.smithi078.stdout:/usr/bin/ceph: stderr
2024-09-16T00:03:58.534+0000 7f77bf755640 1 --2- 172.21.15.78:0/2406378912 >> [v2:172.21.15.78:3300/0,v1:172.21.15.78:6789/0] conn(0x7f77b8108060 0x7f77b810a450 secure :-1 s=READY pgs=57 cs=0 l=1 rev1=1 crypto rx=0x7f77b4009820 tx=0x7f77b402a270 comp rx=0 tx=0).stop
2024-09-16T00:03:59.351 INFO:teuthology.orchestra.run.smithi078.stdout:/usr/bin/ceph: stderr
2024-09-16T00:03:58.534+0000 7f77bf755640 1 -- 172.21.15.78:0/2406378912 shutdown_connections
2024-09-16T00:03:59.351 INFO:teuthology.orchestra.run.smithi078.stdout:/usr/bin/ceph: stderr
2024-09-16T00:03:58.534+0000 7f77bf755640 1 --2- 172.21.15.78:0/2406378912 >> [v2:172.21.15.78:3300/0,v1:172.21.15.78:6789/0] conn(0x7f77b8108060 0x7f77b810a450 unknown :-1 s=CLOSED pgs=57 cs=0 l=1 rev1=1 crypto rx=0 tx=0 comp rx=0 tx=0).stop
2024-09-16T00:03:59.351 INFO:teuthology.orchestra.run.smithi078.stdout:/usr/bin/ceph: stderr
2024-09-16T00:03:58.534+0000 7f77bf755640 1 -- 172.21.15.78:0/2406378912 >> 172.21.15.78:0/2406378912 conn(0x7f77b8101ca0 msgr2=0x7f77b81040c0 unknown :-1 s=STATE_NONE l=0).mark_down
2024-09-16T00:03:59.351 INFO:teuthology.orchestra.run.smithi078.stdout:/usr/bin/ceph: stderr
2024-09-16T00:03:58.534+0000 7f77bf755640 1 -- 172.21.15.78:0/2406378912 shutdown_connections
2024-09-16T00:03:59.351 INFO:teuthology.orchestra.run.smithi078.stdout:/usr/bin/ceph: stderr
2024-09-16T00:03:58.534+0000 7f77bf755640 1 -- 172.21.15.78:0/2406378912 wait complete.
2024-09-16T00:03:59.351 INFO:teuthology.orchestra.run.smithi078.stdout:/usr/bin/ceph: stderr
2024-09-16T00:03:58.535+0000 7f77bf755640 1 Processor -- start
2024-09-16T00:03:59.351 INFO:teuthology.orchestra.run.smithi078.stdout:/usr/bin/ceph: stderr
2024-09-16T00:03:58.535+0000 7f77bf755640 1 -- start start
2024-09-16T00:03:59.351 INFO:teuthology.orchestra.run.smithi078.stdout:/usr/bin/ceph: stderr
2024-09-16T00:03:58.535+0000 7f77bf755640 1 --2- >> [v2:172.21.15.78:3300/0,v1:172.21.15.78:6789/0] conn(0x7f77b8108060 0x7f77b819b5a0 unknown :-1 s=NONE pgs=0 cs=0 l=1 rev1=0 crypto rx=0 tx=0 comp rx=0 tx=0).connect
2024-09-16T00:03:59.352 INFO:teuthology.orchestra.run.smithi078.stdout:/usr/bin/ceph: stderr
2024-09-16T00:03:58.535+0000 7f77bf755640 1 -- --> [v2:172.21.15.78:3300/0,v1:172.21.15.78:6789/0] -- mon_getmap magic: 0 -- 0x7f77b810ba10 con 0x7f77b8108060
2024-09-16T00:03:59.352 INFO:teuthology.orchestra.run.smithi078.stdout:/usr/bin/ceph: stderr
2024-09-16T00:03:58.536+0000 7f77bd4f1640 1 --2- >> [v2:172.21.15.78:3300/0,v1:172.21.15.78:6789/0] conn(0x7f77b8108060 0x7f77b819b5a0 unknown :-1 s=BANNER_CONNECTING pgs=0 cs=0 l=1 rev1=0 crypto rx=0 tx=0 comp rx=0 tx=0)._handle_peer_banner_payload supported=3 required=0
2024-09-16T00:03:59.352 INFO:teuthology.orchestra.run.smithi078.stdout:/usr/bin/ceph: stderr
2024-09-16T00:03:58.536+0000 7f77bd4f1640 1 --2- >> [v2:172.21.15.78:3300/0,v1:172.21.15.78:6789/0] conn(0x7f77b8108060 0x7f77b819b5a0 unknown :-1 s=HELLO_CONNECTING pgs=0 cs=0 l=1 rev1=1 crypto rx=0 tx=0 comp rx=0 tx=0).handle_hello peer v2:172.21.15.78:3300/0 says I am v2:172.21.15.78:35270/0 (socket says 172.21.15.78:35270)
2024-09-16T00:03:59.352 INFO:teuthology.orchestra.run.smithi078.stdout:/usr/bin/ceph: stderr
2024-09-16T00:03:58.536+0000 7f77bd4f1640 1 -- 172.21.15.78:0/3990620642 learned_addr learned my addr 172.21.15.78:0/3990620642 (peer_addr_for_me v2:172.21.15.78:0/0)
2024-09-16T00:03:59.352 INFO:teuthology.orchestra.run.smithi078.stdout:/usr/bin/ceph: stderr
2024-09-16T00:03:58.536+0000 7f77bd4f1640 1 -- 172.21.15.78:0/3990620642 --> [v2:172.21.15.78:3300/0,v1:172.21.15.78:6789/0] -- mon_subscribe({config=0+,monmap=0+}) -- 0x7f77b819bae0 con 0x7f77b8108060
2024-09-16T00:03:59.352 INFO:teuthology.orchestra.run.smithi078.stdout:/usr/bin/ceph: stderr
2024-09-16T00:03:58.536+0000 7f77bd4f1640 1 --2- 172.21.15.78:0/3990620642 >> [v2:172.21.15.78:3300/0,v1:172.21.15.78:6789/0] conn(0x7f77b8108060 0x7f77b819b5a0 secure :-1 s=READY pgs=58 cs=0 l=1 rev1=1 crypto rx=0x7f77b4030380 tx=0x7f77b4032670 comp rx=0 tx=0).ready entity=mon.0 client_cookie=0 server_cookie=0 in_seq=0 out_seq=0
2024-09-16T00:03:59.352 INFO:teuthology.orchestra.run.smithi078.stdout:/usr/bin/ceph: stderr
2024-09-16T00:03:58.536+0000 7f77ae7fc640 1 -- 172.21.15.78:0/3990620642 <== mon.0 v2:172.21.15.78:3300/0 1 ==== mon_map magic: 0 ==== 205+0+0 (secure 0 0 0) 0x7f77b4037040 con 0x7f77b8108060
2024-09-16T00:03:59.352 INFO:teuthology.orchestra.run.smithi078.stdout:/usr/bin/ceph: stderr
2024-09-16T00:03:58.536+0000 7f77ae7fc640 1 -- 172.21.15.78:0/3990620642 <== mon.0 v2:172.21.15.78:3300/0 2 ==== config(27 keys) ==== 1140+0+0 (secure 0 0 0) 0x7f77b4040070 con 0x7f77b8108060
2024-09-16T00:03:59.352 INFO:teuthology.orchestra.run.smithi078.stdout:/usr/bin/ceph: stderr
2024-09-16T00:03:58.536+0000 7f77bf755640 1 -- 172.21.15.78:0/3990620642 --> [v2:172.21.15.78:3300/0,v1:172.21.15.78:6789/0] -- mon_subscribe({mgrmap=0+}) -- 0x7f77b819bd70 con 0x7f77b8108060
2024-09-16T00:03:59.352 INFO:teuthology.orchestra.run.smithi078.stdout:/usr/bin/ceph: stderr
2024-09-16T00:03:58.536+0000 7f77ae7fc640 1 -- 172.21.15.78:0/3990620642 <== mon.0 v2:172.21.15.78:3300/0 3 ==== mon_map magic: 0 ==== 205+0+0 (secure 0 0 0) 0x7f77b403a7b0 con 0x7f77b8108060
2024-09-16T00:03:59.352 INFO:teuthology.orchestra.run.smithi078.stdout:/usr/bin/ceph: stderr
2024-09-16T00:03:58.536+0000 7f77bf755640 1 -- 172.21.15.78:0/3990620642 --> [v2:172.21.15.78:3300/0,v1:172.21.15.78:6789/0] -- mon_subscribe({osdmap=0}) -- 0x7f77b819ea60 con 0x7f77b8108060
2024-09-16T00:03:59.352 INFO:teuthology.orchestra.run.smithi078.stdout:/usr/bin/ceph: stderr
2024-09-16T00:03:58.537+0000 7f77ae7fc640 1 -- 172.21.15.78:0/3990620642 <== mon.0 v2:172.21.15.78:3300/0 4 ==== mgrmap(e 9) ==== 46474+0+0 (secure 0 0 0) 0x7f77b403aa30 con 0x7f77b8108060
2024-09-16T00:03:59.352 INFO:teuthology.orchestra.run.smithi078.stdout:/usr/bin/ceph: stderr
2024-09-16T00:03:58.537+0000 7f77ae7fc640 1 --2- 172.21.15.78:0/3990620642 >> [v2:172.21.15.78:6800/1052494441,v1:172.21.15.78:6801/1052494441] conn(0x7f77a4039200 0x7f77a403b6c0 unknown :-1 s=NONE pgs=0 cs=0 l=1 rev1=0 crypto rx=0 tx=0 comp rx=0 tx=0).connect
2024-09-16T00:03:59.352 INFO:teuthology.orchestra.run.smithi078.stdout:/usr/bin/ceph: stderr
2024-09-16T00:03:58.537+0000 7f77bf755640 1 -- 172.21.15.78:0/3990620642 --> [v2:172.21.15.78:3300/0,v1:172.21.15.78:6789/0] -- mon_command({"prefix": "get_command_descriptions"} v 0) -- 0x7f77b81084c0 con 0x7f77b8108060
2024-09-16T00:03:59.353 INFO:teuthology.orchestra.run.smithi078.stdout:/usr/bin/ceph: stderr
2024-09-16T00:03:58.537+0000 7f77bccf0640 1 -- 172.21.15.78:0/3990620642 >> [v2:172.21.15.78:6800/1052494441,v1:172.21.15.78:6801/1052494441] conn(0x7f77a4039200 msgr2=0x7f77a403b6c0 unknown :-1 s=STATE_CONNECTING_RE l=1).process reconnect failed to v2:172.21.15.78:6800/1052494441
2024-09-16T00:03:59.353 INFO:teuthology.orchestra.run.smithi078.stdout:/usr/bin/ceph: stderr
2024-09-16T00:03:58.537+0000 7f77ae7fc640 1 -- 172.21.15.78:0/3990620642 <== mon.0 v2:172.21.15.78:3300/0 5 ==== osd_map(2..2 src has 1..2) ==== 940+0+0 (secure 0 0 0) 0x7f77b406ca40 con 0x7f77b8108060
2024-09-16T00:03:59.353 INFO:teuthology.orchestra.run.smithi078.stdout:/usr/bin/ceph: stderr
2024-09-16T00:03:58.537+0000 7f77bccf0640 1 --2- 172.21.15.78:0/3990620642 >> [v2:172.21.15.78:6800/1052494441,v1:172.21.15.78:6801/1052494441] conn(0x7f77a4039200 0x7f77a403b6c0 unknown :-1 s=START_CONNECT pgs=0 cs=0 l=1 rev1=0 crypto rx=0 tx=0 comp rx=0 tx=0)._fault waiting 0.200000
2024-09-16T00:03:59.353 INFO:teuthology.orchestra.run.smithi078.stdout:/usr/bin/ceph: stderr
2024-09-16T00:03:58.542+0000 7f77ae7fc640 1 -- 172.21.15.78:0/3990620642 <== mon.0 v2:172.21.15.78:3300/0 6 ==== mon_command_ack([{"prefix": "get_command_descriptions"}]=0 v0) ==== 72+0+188821 (secure 0 0 0) 0x7f77b4044c70 con 0x7f77b8108060
2024-09-16T00:03:59.353 INFO:teuthology.orchestra.run.smithi078.stdout:/usr/bin/ceph: stderr
2024-09-16T00:03:58.738+0000 7f77bccf0640 1 -- 172.21.15.78:0/3990620642 >> [v2:172.21.15.78:6800/1052494441,v1:172.21.15.78:6801/1052494441] conn(0x7f77a4039200 msgr2=0x7f77a403b6c0 unknown :-1 s=STATE_CONNECTING_RE l=1).process reconnect failed to v2:172.21.15.78:6800/1052494441
2024-09-16T00:03:59.353 INFO:teuthology.orchestra.run.smithi078.stdout:/usr/bin/ceph: stderr
2024-09-16T00:03:58.738+0000 7f77bccf0640 1 --2- 172.21.15.78:0/3990620642 >> [v2:172.21.15.78:6800/1052494441,v1:172.21.15.78:6801/1052494441] conn(0x7f77a4039200 0x7f77a403b6c0 unknown :-1 s=START_CONNECT pgs=0 cs=0 l=1 rev1=0 crypto rx=0 tx=0 comp rx=0 tx=0)._fault waiting 0.400000
2024-09-16T00:03:59.353 INFO:teuthology.orchestra.run.smithi078.stdout:/usr/bin/ceph: stderr
2024-09-16T00:03:58.761+0000 7f77bf755640 1 -- 172.21.15.78:0/3990620642 --> [v2:172.21.15.78:3300/0,v1:172.21.15.78:6789/0] -- mon_command({"prefix": "mgr stat"} v 0) -- 0x7f77b819ec30 con 0x7f77b8108060
2024-09-16T00:03:59.353 INFO:teuthology.orchestra.run.smithi078.stdout:/usr/bin/ceph: stderr
2024-09-16T00:03:58.761+0000 7f77ae7fc640 1 -- 172.21.15.78:0/3990620642 <== mon.0 v2:172.21.15.78:3300/0 7 ==== mon_command_ack([{"prefix": "mgr stat"}]=0 v9) ==== 56+0+88 (secure 0 0 0) 0x7f77b819ec30 con 0x7f77b8108060
2024-09-16T00:03:59.353 INFO:teuthology.orchestra.run.smithi078.stdout:/usr/bin/ceph: stderr
2024-09-16T00:03:58.763+0000 7f77bf755640 1 -- 172.21.15.78:0/3990620642 >> [v2:172.21.15.78:6800/1052494441,v1:172.21.15.78:6801/1052494441] conn(0x7f77a4039200 msgr2=0x7f77a403b6c0 unknown :-1 s=STATE_CONNECTING l=1).mark_down
2024-09-16T00:03:59.353 INFO:teuthology.orchestra.run.smithi078.stdout:/usr/bin/ceph: stderr
2024-09-16T00:03:58.763+0000 7f77bf755640 1 --2- 172.21.15.78:0/3990620642 >> [v2:172.21.15.78:6800/1052494441,v1:172.21.15.78:6801/1052494441] conn(0x7f77a4039200 0x7f77a403b6c0 unknown :-1 s=START_CONNECT pgs=0 cs=0 l=1 rev1=0 crypto rx=0 tx=0 comp rx=0 tx=0).stop
2024-09-16T00:03:59.353 INFO:teuthology.orchestra.run.smithi078.stdout:/usr/bin/ceph: stderr
2024-09-16T00:03:58.763+0000 7f77bf755640 1 -- 172.21.15.78:0/3990620642 >> [v2:172.21.15.78:3300/0,v1:172.21.15.78:6789/0] conn(0x7f77b8108060 msgr2=0x7f77b819b5a0 secure :-1 s=STATE_CONNECTION_ESTABLISHED l=1).mark_down
2024-09-16T00:03:59.353 INFO:teuthology.orchestra.run.smithi078.stdout:/usr/bin/ceph: stderr
2024-09-16T00:03:58.763+0000 7f77bf755640 1 --2- 172.21.15.78:0/3990620642 >> [v2:172.21.15.78:3300/0,v1:172.21.15.78:6789/0] conn(0x7f77b8108060 0x7f77b819b5a0 secure :-1 s=READY pgs=58 cs=0 l=1 rev1=1 crypto rx=0x7f77b4030380 tx=0x7f77b4032670 comp rx=0 tx=0).stop
2024-09-16T00:03:59.353 INFO:teuthology.orchestra.run.smithi078.stdout:/usr/bin/ceph: stderr
2024-09-16T00:03:58.764+0000 7f77bf755640 1 -- 172.21.15.78:0/3990620642 shutdown_connections
