2024-09-16T00:04:05.477 INFO:journalctl@ceph.mon.a.smithi078.stdout:Sep 16 00:04:05 smithi078 ceph-mon[31157]: mgrmap e12: x(active, since 2s)
2024-09-16T00:04:05.477 INFO:journalctl@ceph.mon.a.smithi078.stdout:Sep 16 00:04:05 smithi078 ceph-mon[31157]: [16/Sep/2024:00:04:04] ENGINE Bus STARTING
2024-09-16T00:04:05.477 INFO:journalctl@ceph.mon.a.smithi078.stdout:Sep 16 00:04:05 smithi078 ceph-mon[31157]: [16/Sep/2024:00:04:04] ENGINE Serving on https://172.21.15.78:7150
2024-09-16T00:04:05.477 INFO:journalctl@ceph.mon.a.smithi078.stdout:Sep 16 00:04:05 smithi078 ceph-mon[31157]: [16/Sep/2024:00:04:04] ENGINE Error in HTTPServer.serve
2024-09-16T00:04:05.477 INFO:journalctl@ceph.mon.a.smithi078.stdout: Traceback (most recent call last):
2024-09-16T00:04:05.477 INFO:journalctl@ceph.mon.a.smithi078.stdout: File "/lib/python3.9/site-packages/cheroot/server.py", line 1823, in serve
2024-09-16T00:04:05.477 INFO:journalctl@ceph.mon.a.smithi078.stdout: self._connections.run(self.expiration_interval)
2024-09-16T00:04:05.477 INFO:journalctl@ceph.mon.a.smithi078.stdout: File "/lib/python3.9/site-packages/cheroot/connections.py", line 203, in run
2024-09-16T00:04:05.478 INFO:journalctl@ceph.mon.a.smithi078.stdout: self._run(expiration_interval)
2024-09-16T00:04:05.478 INFO:journalctl@ceph.mon.a.smithi078.stdout: File "/lib/python3.9/site-packages/cheroot/connections.py", line 246, in _run
2024-09-16T00:04:05.478 INFO:journalctl@ceph.mon.a.smithi078.stdout: new_conn = self._from_server_socket(self.server.socket)
2024-09-16T00:04:05.478 INFO:journalctl@ceph.mon.a.smithi078.stdout: File "/lib/python3.9/site-packages/cheroot/connections.py", line 300, in _from_server_socket
2024-09-16T00:04:05.478 INFO:journalctl@ceph.mon.a.smithi078.stdout: s, ssl_env = self.server.ssl_adapter.wrap(s)
2024-09-16T00:04:05.478 INFO:journalctl@ceph.mon.a.smithi078.stdout: File "/lib/python3.9/site-packages/cheroot/ssl/builtin.py", line 277, in wrap
2024-09-16T00:04:05.478 INFO:journalctl@ceph.mon.a.smithi078.stdout: s = self.context.wrap_socket(
2024-09-16T00:04:05.478 INFO:journalctl@ceph.mon.a.smithi078.stdout: File "/lib64/python3.9/ssl.py", line 501, in wrap_socket
2024-09-16T00:04:05.478 INFO:journalctl@ceph.mon.a.smithi078.stdout: return self.sslsocket_class._create(
2024-09-16T00:04:05.478 INFO:journalctl@ceph.mon.a.smithi078.stdout: File "/lib64/python3.9/ssl.py", line 1074, in _create
2024-09-16T00:04:05.478 INFO:journalctl@ceph.mon.a.smithi078.stdout: self.do_handshake()
2024-09-16T00:04:05.478 INFO:journalctl@ceph.mon.a.smithi078.stdout: File "/lib64/python3.9/ssl.py", line 1343, in do_handshake
2024-09-16T00:04:05.479 INFO:journalctl@ceph.mon.a.smithi078.stdout: self._sslobj.do_handshake()
2024-09-16T00:04:05.479 INFO:journalctl@ceph.mon.a.smithi078.stdout: ssl.SSLZeroReturnError: TLS/SSL connection has been closed (EOF) (_ssl.c:1133)
2024-09-16T00:04:05.479 INFO:journalctl@ceph.mon.a.smithi078.stdout:Sep 16 00:04:05 smithi078 ceph-mon[31157]: from='mgr.14150 172.21.15.78:0/3323699077' entity='mgr.x'
2024-09-16T00:04:05.479 INFO:journalctl@ceph.mon.a.smithi078.stdout:Sep 16 00:04:05 smithi078 ceph-mon[31157]: from='mgr.14150 172.21.15.78:0/3323699077' entity='mgr.x'
2024-09-16T00:04:05.479 INFO:journalctl@ceph.mon.a.smithi078.stdout:Sep 16 00:04:05 smithi078 ceph-mon[31157]: from='mgr.14150 172.21.15.78:0/3323699077' entity='mgr.x'
2024-09-16T00:04:06.520 INFO:journalctl@ceph.mon.a.smithi078.stdout:Sep 16 00:04:06 smithi078 ceph-mon[31157]: [16/Sep/2024:00:04:04] ENGINE Serving on http://172.21.15.78:8765
2024-09-16T00:04:06.520 INFO:journalctl@ceph.mon.a.smithi078.stdout:Sep 16 00:04:06 smithi078 ceph-mon[31157]: [16/Sep/2024:00:04:04] ENGINE Bus STARTED
2024-09-16T00:04:06.520 INFO:journalctl@ceph.mon.a.smithi078.stdout:Sep 16 00:04:06 smithi078 ceph-mon[31157]: from='client.14162 -' entity='client.admin' cmd=[{"prefix": "dashboard create-self-signed-cert", "target": ["mon-mgr", ""]}]: dispatch
2024-09-16T00:04:06.520 INFO:journalctl@ceph.mon.a.smithi078.stdout:Sep 16 00:04:06 smithi078 ceph-mon[31157]: from='mgr.14150 172.21.15.78:0/3323699077' entity='mgr.x'
2024-09-16T00:04:06.520 INFO:journalctl@ceph.mon.a.smithi078.stdout:Sep 16 00:04:06 smithi078 ceph-mon[31157]: from='mgr.14150 172.21.15.78:0/3323699077' entity='mgr.x'
2024-09-16T00:04:07.514 INFO:journalctl@ceph.mon.a.smithi078.stdout:Sep 16 00:04:07 smithi078 ceph-mon[31157]: from='client.14164 -' entity='client.admin' cmd=[{"prefix": "dashboard ac-user-create", "username": "admin", "rolename": "administrator", "force_password": true, "pwd_update_required": true, "target": ["mon-mgr", ""]}]: dispatch
2024-09-16T00:04:07.521 INFO:teuthology.orchestra.run.smithi078.stdout:/usr/bin/ceph: stdout {"username": "admin", "password": "$2b$12$eJWGHbWJNH2jhPsE2AIRce6g4NfFieyu7QCvTabqlxsINfIqHxrPK", "roles": ["administrator"], "name": null, "email": null, "lastUpdate": 1726445046, "enabled": true, "pwdExpirationDate": null, "pwdUpdateRequired": true}
2024-09-16T00:04:07.521 INFO:teuthology.orchestra.run.smithi078.stdout:/usr/bin/ceph: stderr
2024-09-16T00:04:05.692+0000 7f63550cb640 1 Processor -- start
2024-09-16T00:04:07.522 INFO:teuthology.orchestra.run.smithi078.stdout:/usr/bin/ceph: stderr
2024-09-16T00:04:05.692+0000 7f63550cb640 1 -- start start
2024-09-16T00:04:07.522 INFO:teuthology.orchestra.run.smithi078.stdout:/usr/bin/ceph: stderr
2024-09-16T00:04:05.692+0000 7f63550cb640 1 --2- >> [v2:172.21.15.78:3300/0,v1:172.21.15.78:6789/0] conn(0x7f635007dd30 0x7f635007c2a0 unknown :-1 s=NONE pgs=0 cs=0 l=0 rev1=0 crypto rx=0 tx=0 comp rx=0 tx=0).connect
2024-09-16T00:04:07.522 INFO:teuthology.orchestra.run.smithi078.stdout:/usr/bin/ceph: stderr
2024-09-16T00:04:05.692+0000 7f63550cb640 1 -- --> [v2:172.21.15.78:3300/0,v1:172.21.15.78:6789/0] -- mon_getmap magic: 0 -- 0x7f635007c7e0 con 0x7f635007dd30
2024-09-16T00:04:07.522 INFO:teuthology.orchestra.run.smithi078.stdout:/usr/bin/ceph: stderr
2024-09-16T00:04:05.692+0000 7f634ed9d640 1 --2- >> [v2:172.21.15.78:3300/0,v1:172.21.15.78:6789/0] conn(0x7f635007dd30 0x7f635007c2a0 unknown :-1 s=BANNER_CONNECTING pgs=0 cs=0 l=0 rev1=0 crypto rx=0 tx=0 comp rx=0 tx=0)._handle_peer_banner_payload supported=3 required=0
2024-09-16T00:04:07.522 INFO:teuthology.orchestra.run.smithi078.stdout:/usr/bin/ceph: stderr
2024-09-16T00:04:05.692+0000 7f634ed9d640 1 --2- >> [v2:172.21.15.78:3300/0,v1:172.21.15.78:6789/0] conn(0x7f635007dd30 0x7f635007c2a0 unknown :-1 s=HELLO_CONNECTING pgs=0 cs=0 l=0 rev1=1 crypto rx=0 tx=0 comp rx=0 tx=0).handle_hello peer v2:172.21.15.78:3300/0 says I am v2:172.21.15.78:35356/0 (socket says 172.21.15.78:35356)
2024-09-16T00:04:07.522 INFO:teuthology.orchestra.run.smithi078.stdout:/usr/bin/ceph: stderr
2024-09-16T00:04:05.692+0000 7f634ed9d640 1 -- 172.21.15.78:0/3984527449 learned_addr learned my addr 172.21.15.78:0/3984527449 (peer_addr_for_me v2:172.21.15.78:0/0)
2024-09-16T00:04:07.522 INFO:teuthology.orchestra.run.smithi078.stdout:/usr/bin/ceph: stderr
2024-09-16T00:04:05.693+0000 7f634ed9d640 1 -- 172.21.15.78:0/3984527449 --> [v2:172.21.15.78:3300/0,v1:172.21.15.78:6789/0] -- mon_subscribe({config=0+,monmap=0+}) -- 0x7f635007c960 con 0x7f635007dd30
2024-09-16T00:04:07.522 INFO:teuthology.orchestra.run.smithi078.stdout:/usr/bin/ceph: stderr
2024-09-16T00:04:05.693+0000 7f634ed9d640 1 --2- 172.21.15.78:0/3984527449 >> [v2:172.21.15.78:3300/0,v1:172.21.15.78:6789/0] conn(0x7f635007dd30 0x7f635007c2a0 secure :-1 s=READY pgs=70 cs=0 l=1 rev1=1 crypto rx=0x7f6340009820 tx=0x7f634002a270 comp rx=0 tx=0).ready entity=mon.0 client_cookie=8887a50060a74b3c server_cookie=0 in_seq=0 out_seq=0
2024-09-16T00:04:07.522 INFO:teuthology.orchestra.run.smithi078.stdout:/usr/bin/ceph: stderr
2024-09-16T00:04:05.694+0000 7f634dd9b640 1 -- 172.21.15.78:0/3984527449 <== mon.0 v2:172.21.15.78:3300/0 1 ==== mon_map magic: 0 ==== 205+0+0 (secure 0 0 0) 0x7f6340037070 con 0x7f635007dd30
2024-09-16T00:04:07.522 INFO:teuthology.orchestra.run.smithi078.stdout:/usr/bin/ceph: stderr
2024-09-16T00:04:05.694+0000 7f634dd9b640 1 -- 172.21.15.78:0/3984527449 <== mon.0 v2:172.21.15.78:3300/0 2 ==== config(27 keys) ==== 1140+0+0 (secure 0 0 0) 0x7f6340032920 con 0x7f635007dd30
2024-09-16T00:04:07.523 INFO:teuthology.orchestra.run.smithi078.stdout:/usr/bin/ceph: stderr
2024-09-16T00:04:05.694+0000 7f634dd9b640 1 -- 172.21.15.78:0/3984527449 <== mon.0 v2:172.21.15.78:3300/0 3 ==== mon_map magic: 0 ==== 205+0+0 (secure 0 0 0) 0x7f6340030810 con 0x7f635007dd30
2024-09-16T00:04:07.523 INFO:teuthology.orchestra.run.smithi078.stdout:/usr/bin/ceph: stderr
2024-09-16T00:04:05.694+0000 7f63550cb640 1 -- 172.21.15.78:0/3984527449 >> [v2:172.21.15.78:3300/0,v1:172.21.15.78:6789/0] conn(0x7f635007dd30 msgr2=0x7f635007c2a0 secure :-1 s=STATE_CONNECTION_ESTABLISHED l=1).mark_down
2024-09-16T00:04:07.523 INFO:teuthology.orchestra.run.smithi078.stdout:/usr/bin/ceph: stderr
2024-09-16T00:04:05.694+0000 7f63550cb640 1 --2- 172.21.15.78:0/3984527449 >> [v2:172.21.15.78:3300/0,v1:172.21.15.78:6789/0] conn(0x7f635007dd30 0x7f635007c2a0 secure :-1 s=READY pgs=70 cs=0 l=1 rev1=1 crypto rx=0x7f6340009820 tx=0x7f634002a270 comp rx=0 tx=0).stop
2024-09-16T00:04:07.523 INFO:teuthology.orchestra.run.smithi078.stdout:/usr/bin/ceph: stderr
2024-09-16T00:04:05.694+0000 7f63550cb640 1 -- 172.21.15.78:0/3984527449 shutdown_connections
2024-09-16T00:04:07.523 INFO:teuthology.orchestra.run.smithi078.stdout:/usr/bin/ceph: stderr
2024-09-16T00:04:05.694+0000 7f63550cb640 1 --2- 172.21.15.78:0/3984527449 >> [v2:172.21.15.78:3300/0,v1:172.21.15.78:6789/0] conn(0x7f635007dd30 0x7f635007c2a0 unknown :-1 s=CLOSED pgs=70 cs=0 l=1 rev1=1 crypto rx=0 tx=0 comp rx=0 tx=0).stop
2024-09-16T00:04:07.523 INFO:teuthology.orchestra.run.smithi078.stdout:/usr/bin/ceph: stderr
2024-09-16T00:04:05.694+0000 7f63550cb640 1 -- 172.21.15.78:0/3984527449 >> 172.21.15.78:0/3984527449 conn(0x7f6350102e50 msgr2=0x7f6350105290 unknown :-1 s=STATE_NONE l=0).mark_down
2024-09-16T00:04:07.523 INFO:teuthology.orchestra.run.smithi078.stdout:/usr/bin/ceph: stderr
2024-09-16T00:04:05.694+0000 7f63550cb640 1 -- 172.21.15.78:0/3984527449 shutdown_connections
2024-09-16T00:04:07.523 INFO:teuthology.orchestra.run.smithi078.stdout:/usr/bin/ceph: stderr
2024-09-16T00:04:05.694+0000 7f63550cb640 1 -- 172.21.15.78:0/3984527449 wait complete.
2024-09-16T00:04:07.523 INFO:teuthology.orchestra.run.smithi078.stdout:/usr/bin/ceph: stderr
2024-09-16T00:04:05.695+0000 7f63550cb640 1 Processor -- start
2024-09-16T00:04:07.523 INFO:teuthology.orchestra.run.smithi078.stdout:/usr/bin/ceph: stderr
2024-09-16T00:04:05.695+0000 7f63550cb640 1 -- start start
2024-09-16T00:04:07.523 INFO:teuthology.orchestra.run.smithi078.stdout:/usr/bin/ceph: stderr
2024-09-16T00:04:05.695+0000 7f63550cb640 1 --2- >> [v2:172.21.15.78:3300/0,v1:172.21.15.78:6789/0] conn(0x7f635007dd30 0x7f635019dab0 unknown :-1 s=NONE pgs=0 cs=0 l=1 rev1=0 crypto rx=0 tx=0 comp rx=0 tx=0).connect
2024-09-16T00:04:07.523 INFO:teuthology.orchestra.run.smithi078.stdout:/usr/bin/ceph: stderr
2024-09-16T00:04:05.695+0000 7f63550cb640 1 -- --> [v2:172.21.15.78:3300/0,v1:172.21.15.78:6789/0] -- mon_getmap magic: 0 -- 0x7f635010dba0 con 0x7f635007dd30
2024-09-16T00:04:07.523 INFO:teuthology.orchestra.run.smithi078.stdout:/usr/bin/ceph: stderr
2024-09-16T00:04:05.696+0000 7f634ed9d640 1 --2- >> [v2:172.21.15.78:3300/0,v1:172.21.15.78:6789/0] conn(0x7f635007dd30 0x7f635019dab0 unknown :-1 s=BANNER_CONNECTING pgs=0 cs=0 l=1 rev1=0 crypto rx=0 tx=0 comp rx=0 tx=0)._handle_peer_banner_payload supported=3 required=0
2024-09-16T00:04:07.524 INFO:teuthology.orchestra.run.smithi078.stdout:/usr/bin/ceph: stderr
2024-09-16T00:04:05.696+0000 7f634ed9d640 1 --2- >> [v2:172.21.15.78:3300/0,v1:172.21.15.78:6789/0] conn(0x7f635007dd30 0x7f635019dab0 unknown :-1 s=HELLO_CONNECTING pgs=0 cs=0 l=1 rev1=1 crypto rx=0 tx=0 comp rx=0 tx=0).handle_hello peer v2:172.21.15.78:3300/0 says I am v2:172.21.15.78:35358/0 (socket says 172.21.15.78:35358)
2024-09-16T00:04:07.524 INFO:teuthology.orchestra.run.smithi078.stdout:/usr/bin/ceph: stderr
2024-09-16T00:04:05.696+0000 7f634ed9d640 1 -- 172.21.15.78:0/1304299041 learned_addr learned my addr 172.21.15.78:0/1304299041 (peer_addr_for_me v2:172.21.15.78:0/0)
2024-09-16T00:04:07.524 INFO:teuthology.orchestra.run.smithi078.stdout:/usr/bin/ceph: stderr
2024-09-16T00:04:05.696+0000 7f634ed9d640 1 -- 172.21.15.78:0/1304299041 --> [v2:172.21.15.78:3300/0,v1:172.21.15.78:6789/0] -- mon_subscribe({config=0+,monmap=0+}) -- 0x7f635019dff0 con 0x7f635007dd30
2024-09-16T00:04:07.524 INFO:teuthology.orchestra.run.smithi078.stdout:/usr/bin/ceph: stderr
2024-09-16T00:04:05.696+0000 7f634ed9d640 1 --2- 172.21.15.78:0/1304299041 >> [v2:172.21.15.78:3300/0,v1:172.21.15.78:6789/0] conn(0x7f635007dd30 0x7f635019dab0 secure :-1 s=READY pgs=71 cs=0 l=1 rev1=1 crypto rx=0x7f63400097f0 tx=0x7f63400327b0 comp rx=0 tx=0).ready entity=mon.0 client_cookie=0 server_cookie=0 in_seq=0 out_seq=0
2024-09-16T00:04:07.524 INFO:teuthology.orchestra.run.smithi078.stdout:/usr/bin/ceph: stderr
2024-09-16T00:04:05.696+0000 7f6337fff640 1 -- 172.21.15.78:0/1304299041 <== mon.0 v2:172.21.15.78:3300/0 1 ==== mon_map magic: 0 ==== 205+0+0 (secure 0 0 0) 0x7f6340037040 con 0x7f635007dd30
2024-09-16T00:04:07.524 INFO:teuthology.orchestra.run.smithi078.stdout:/usr/bin/ceph: stderr
2024-09-16T00:04:05.696+0000 7f63550cb640 1 -- 172.21.15.78:0/1304299041 --> [v2:172.21.15.78:3300/0,v1:172.21.15.78:6789/0] -- mon_subscribe({mgrmap=0+}) -- 0x7f635019e280 con 0x7f635007dd30
2024-09-16T00:04:07.524 INFO:teuthology.orchestra.run.smithi078.stdout:/usr/bin/ceph: stderr
2024-09-16T00:04:05.696+0000 7f6337fff640 1 -- 172.21.15.78:0/1304299041 <== mon.0 v2:172.21.15.78:3300/0 2 ==== config(27 keys) ==== 1140+0+0 (secure 0 0 0) 0x7f6340030cc0 con 0x7f635007dd30
2024-09-16T00:04:07.524 INFO:teuthology.orchestra.run.smithi078.stdout:/usr/bin/ceph: stderr
2024-09-16T00:04:05.696+0000 7f6337fff640 1 -- 172.21.15.78:0/1304299041 <== mon.0 v2:172.21.15.78:3300/0 3 ==== mon_map magic: 0 ==== 205+0+0 (secure 0 0 0) 0x7f634003a6b0 con 0x7f635007dd30
2024-09-16T00:04:07.524 INFO:teuthology.orchestra.run.smithi078.stdout:/usr/bin/ceph: stderr
2024-09-16T00:04:05.696+0000 7f63550cb640 1 -- 172.21.15.78:0/1304299041 --> [v2:172.21.15.78:3300/0,v1:172.21.15.78:6789/0] -- mon_subscribe({osdmap=0}) -- 0x7f63501a0f70 con 0x7f635007dd30
2024-09-16T00:04:07.524 INFO:teuthology.orchestra.run.smithi078.stdout:/usr/bin/ceph: stderr
2024-09-16T00:04:05.697+0000 7f6337fff640 1 -- 172.21.15.78:0/1304299041 <== mon.0 v2:172.21.15.78:3300/0 4 ==== mgrmap(e 12) ==== 46474+0+0 (secure 0 0 0) 0x7f634003a8a0 con 0x7f635007dd30
2024-09-16T00:04:07.524 INFO:teuthology.orchestra.run.smithi078.stdout:/usr/bin/ceph: stderr
2024-09-16T00:04:05.697+0000 7f6337fff640 1 --2- 172.21.15.78:0/1304299041 >> [v2:172.21.15.78:6800/119552845,v1:172.21.15.78:6801/119552845] conn(0x7f6338039200 0x7f633803b6c0 unknown :-1 s=NONE pgs=0 cs=0 l=1 rev1=0 crypto rx=0 tx=0 comp rx=0 tx=0).connect
2024-09-16T00:04:07.524 INFO:teuthology.orchestra.run.smithi078.stdout:/usr/bin/ceph: stderr
2024-09-16T00:04:05.697+0000 7f63550cb640 1 -- 172.21.15.78:0/1304299041 --> [v2:172.21.15.78:3300/0,v1:172.21.15.78:6789/0] -- mon_command({"prefix": "get_command_descriptions"} v 0) -- 0x7f635007c320 con 0x7f635007dd30
2024-09-16T00:04:07.524 INFO:teuthology.orchestra.run.smithi078.stdout:/usr/bin/ceph: stderr
2024-09-16T00:04:05.698+0000 7f6337fff640 1 -- 172.21.15.78:0/1304299041 <== mon.0 v2:172.21.15.78:3300/0 5 ==== osd_map(3..3 src has 1..3) ==== 1155+0+0 (secure 0 0 0) 0x7f634006c900 con 0x7f635007dd30
2024-09-16T00:04:07.524 INFO:teuthology.orchestra.run.smithi078.stdout:/usr/bin/ceph: stderr
2024-09-16T00:04:05.698+0000 7f634e59c640 1 --2- 172.21.15.78:0/1304299041 >> [v2:172.21.15.78:6800/119552845,v1:172.21.15.78:6801/119552845] conn(0x7f6338039200 0x7f633803b6c0 unknown :-1 s=BANNER_CONNECTING pgs=0 cs=0 l=1 rev1=0 crypto rx=0 tx=0 comp rx=0 tx=0)._handle_peer_banner_payload supported=3 required=0
2024-09-16T00:04:07.525 INFO:teuthology.orchestra.run.smithi078.stdout:/usr/bin/ceph: stderr
2024-09-16T00:04:05.698+0000 7f634e59c640 1 --2- 172.21.15.78:0/1304299041 >> [v2:172.21.15.78:6800/119552845,v1:172.21.15.78:6801/119552845] conn(0x7f6338039200 0x7f633803b6c0 secure :-1 s=READY pgs=8 cs=0 l=1 rev1=1 crypto rx=0x7f63440098c0 tx=0x7f6344006db0 comp rx=0 tx=0).ready entity=mgr.14150 client_cookie=0 server_cookie=0 in_seq=0 out_seq=0
2024-09-16T00:04:07.525 INFO:teuthology.orchestra.run.smithi078.stdout:/usr/bin/ceph: stderr
2024-09-16T00:04:05.702+0000 7f6337fff640 1 -- 172.21.15.78:0/1304299041 <== mon.0 v2:172.21.15.78:3300/0 6 ==== mon_command_ack([{"prefix": "get_command_descriptions"}]=0 v0) ==== 72+0+188821 (secure 0 0 0) 0x7f634002fd40 con 0x7f635007dd30
2024-09-16T00:04:07.525 INFO:teuthology.orchestra.run.smithi078.stdout:/usr/bin/ceph: stderr
2024-09-16T00:04:05.895+0000 7f63550cb640 1 -- 172.21.15.78:0/1304299041 --> [v2:172.21.15.78:6800/119552845,v1:172.21.15.78:6801/119552845] -- mgr_command(tid 0: {"prefix": "dashboard ac-user-create", "username": "admin", "rolename": "administrator", "force_password": true, "pwd_update_required": true, "target": ["mon-mgr", ""]}) -- 0x7f6350195ee0 con 0x7f6338039200
2024-09-16T00:04:07.525 INFO:teuthology.orchestra.run.smithi078.stdout:/usr/bin/ceph: stderr
2024-09-16T00:04:06.121+0000 7f6337fff640 1 -- 172.21.15.78:0/1304299041 <== mgr.14150 v2:172.21.15.78:6800/119552845 1 ==== mgr_command_reply(tid 0: 0 ) ==== 8+0+252 (secure 0 0 0) 0x7f6350195ee0 con 0x7f6338039200
2024-09-16T00:04:07.525 INFO:teuthology.orchestra.run.smithi078.stdout:/usr/bin/ceph: stderr
2024-09-16T00:04:06.123+0000 7f63550cb640 1 -- 172.21.15.78:0/1304299041 >> [v2:172.21.15.78:6800/119552845,v1:172.21.15.78:6801/119552845] conn(0x7f6338039200 msgr2=0x7f633803b6c0 secure :-1 s=STATE_CONNECTION_ESTABLISHED l=1).mark_down
2024-09-16T00:04:07.525 INFO:teuthology.orchestra.run.smithi078.stdout:/usr/bin/ceph: stderr
2024-09-16T00:04:06.123+0000 7f63550cb640 1 --2- 172.21.15.78:0/1304299041 >> [v2:172.21.15.78:6800/119552845,v1:172.21.15.78:6801/119552845] conn(0x7f6338039200 0x7f633803b6c0 secure :-1 s=READY pgs=8 cs=0 l=1 rev1=1 crypto rx=0x7f63440098c0 tx=0x7f6344006db0 comp rx=0 tx=0).stop
2024-09-16T00:04:07.525 INFO:teuthology.orchestra.run.smithi078.stdout:/usr/bin/ceph: stderr
2024-09-16T00:04:06.123+0000 7f63550cb640 1 -- 172.21.15.78:0/1304299041 >> [v2:172.21.15.78:3300/0,v1:172.21.15.78:6789/0] conn(0x7f635007dd30 msgr2=0x7f635019dab0 secure :-1 s=STATE_CONNECTION_ESTABLISHED l=1).mark_down
2024-09-16T00:04:07.525 INFO:teuthology.orchestra.run.smithi078.stdout:/usr/bin/ceph: stderr
2024-09-16T00:04:06.123+0000 7f63550cb640 1 --2- 172.21.15.78:0/1304299041 >> [v2:172.21.15.78:3300/0,v1:172.21.15.78:6789/0] conn(0x7f635007dd30 0x7f635019dab0 secure :-1 s=READY pgs=71 cs=0 l=1 rev1=1 crypto rx=0x7f63400097f0 tx=0x7f63400327b0 comp rx=0 tx=0).stop
2024-09-16T00:04:07.525 INFO:teuthology.orchestra.run.smithi078.stdout:/usr/bin/ceph: stderr
2024-09-16T00:04:06.123+0000 7f63550cb640 1 -- 172.21.15.78:0/1304299041 shutdown_connections
2024-09-16T00:04:07.525 INFO:teuthology.orchestra.run.smithi078.stdout:/usr/bin/ceph: stderr
2024-09-16T00:04:06.123+0000 7f63550cb640 1 --2- 172.21.15.78:0/1304299041 >> [v2:172.21.15.78:6800/119552845,v1:172.21.15.78:6801/119552845] conn(0x7f6338039200 0x7f633803b6c0 unknown :-1 s=CLOSED pgs=8 cs=0 l=1 rev1=1 crypto rx=0 tx=0 comp rx=0 tx=0).stop
2024-09-16T00:04:07.525 INFO:teuthology.orchestra.run.smithi078.stdout:/usr/bin/ceph: stderr
2024-09-16T00:04:06.123+0000 7f63550cb640 1 --2- 172.21.15.78:0/1304299041 >> [v2:172.21.15.78:3300/0,v1:172.21.15.78:6789/0] conn(0x7f635007dd30 0x7f635019dab0 unknown :-1 s=CLOSED pgs=71 cs=0 l=1 rev1=1 crypto rx=0 tx=0 comp rx=0 tx=0).stop
2024-09-16T00:04:07.525 INFO:teuthology.orchestra.run.smithi078.stdout:/usr/bin/ceph: stderr
2024-09-16T00:04:06.123+0000 7f63550cb640 1 -- 172.21.15.78:0/1304299041 >> 172.21.15.78:0/1304299041 conn(0x7f6350102e50 msgr2=0x7f6350103b40 unknown :-1 s=STATE_NONE l=0).mark_down
2024-09-16T00:04:07.525 INFO:teuthology.orchestra.run.smithi078.stdout:/usr/bin/ceph: stderr
2024-09-16T00:04:06.123+0000 7f63550cb640 1 -- 172.21.15.78:0/1304299041 shutdown_connections
2024-09-16T00:04:07.526 INFO:teuthology.orchestra.run.smithi078.stdout:/usr/bin/ceph: stderr
2024-09-16T00:04:06.123+0000 7f63550cb640 1 -- 172.21.15.78:0/1304299041 wait complete.
2024-09-16T00:04:07.526 INFO:teuthology.orchestra.run.smithi078.stdout:Fetching dashboard port number...
2024-09-16T00:04:08.437 INFO:journalctl@ceph.mon.a.smithi078.stdout:Sep 16 00:04:08 smithi078 ceph-mon[31157]: from='client.? 172.21.15.78:0/1057191962' entity='client.admin' cmd=[{"prefix": "config get", "who": "mgr", "key": "mgr/dashboard/ssl_server_port"}]: dispatch
2024-09-16T00:04:08.680 INFO:teuthology.orchestra.run.smithi078.stdout:/usr/bin/ceph: stdout 8443
2024-09-16T00:04:08.680 INFO:teuthology.orchestra.run.smithi078.stdout:/usr/bin/ceph: stderr
2024-09-16T00:04:07.961+0000 7fbcfa8e9640 1 Processor -- start
2024-09-16T00:04:08.680 INFO:teuthology.orchestra.run.smithi078.stdout:/usr/bin/ceph: stderr
2024-09-16T00:04:07.961+0000 7fbcfa8e9640 1 -- start start
2024-09-16T00:04:08.680 INFO:teuthology.orchestra.run.smithi078.stdout:/usr/bin/ceph: stderr
2024-09-16T00:04:07.961+0000 7fbcfa8e9640 1 --2- >> [v2:172.21.15.78:3300/0,v1:172.21.15.78:6789/0] conn(0x7fbcf4107620 0x7fbcf4107a20 unknown :-1 s=NONE pgs=0 cs=0 l=0 rev1=0 crypto rx=0 tx=0 comp rx=0 tx=0).connect
2024-09-16T00:04:08.680 INFO:teuthology.orchestra.run.smithi078.stdout:/usr/bin/ceph: stderr
2024-09-16T00:04:07.961+0000 7fbcfa8e9640 1 -- --> [v2:172.21.15.78:3300/0,v1:172.21.15.78:6789/0] -- mon_getmap magic: 0 -- 0x7fbcf4107f60 con 0x7fbcf4107620
2024-09-16T00:04:08.681 INFO:teuthology.orchestra.run.smithi078.stdout:/usr/bin/ceph: stderr
2024-09-16T00:04:07.961+0000 7fbcf3fff640 1 --2- >> [v2:172.21.15.78:3300/0,v1:172.21.15.78:6789/0] conn(0x7fbcf4107620 0x7fbcf4107a20 unknown :-1 s=BANNER_CONNECTING pgs=0 cs=0 l=0 rev1=0 crypto rx=0 tx=0 comp rx=0 tx=0)._handle_peer_banner_payload supported=3 required=0
2024-09-16T00:04:08.681 INFO:teuthology.orchestra.run.smithi078.stdout:/usr/bin/ceph: stderr
2024-09-16T00:04:07.961+0000 7fbcf3fff640 1 --2- >> [v2:172.21.15.78:3300/0,v1:172.21.15.78:6789/0] conn(0x7fbcf4107620 0x7fbcf4107a20 unknown :-1 s=HELLO_CONNECTING pgs=0 cs=0 l=0 rev1=1 crypto rx=0 tx=0 comp rx=0 tx=0).handle_hello peer v2:172.21.15.78:3300/0 says I am v2:172.21.15.78:36794/0 (socket says 172.21.15.78:36794)
2024-09-16T00:04:08.681 INFO:teuthology.orchestra.run.smithi078.stdout:/usr/bin/ceph: stderr
2024-09-16T00:04:07.961+0000 7fbcf3fff640 1 -- 172.21.15.78:0/3156814932 learned_addr learned my addr 172.21.15.78:0/3156814932 (peer_addr_for_me v2:172.21.15.78:0/0)
2024-09-16T00:04:08.681 INFO:teuthology.orchestra.run.smithi078.stdout:/usr/bin/ceph: stderr
2024-09-16T00:04:07.961+0000 7fbcf3fff640 1 -- 172.21.15.78:0/3156814932 --> [v2:172.21.15.78:3300/0,v1:172.21.15.78:6789/0] -- mon_subscribe({config=0+,monmap=0+}) -- 0x7fbcf41080e0 con 0x7fbcf4107620
2024-09-16T00:04:08.681 INFO:teuthology.orchestra.run.smithi078.stdout:/usr/bin/ceph: stderr
2024-09-16T00:04:07.962+0000 7fbcf3fff640 1 --2- 172.21.15.78:0/3156814932 >> [v2:172.21.15.78:3300/0,v1:172.21.15.78:6789/0] conn(0x7fbcf4107620 0x7fbcf4107a20 secure :-1 s=READY pgs=72 cs=0 l=1 rev1=1 crypto rx=0x7fbce4009820 tx=0x7fbce402a270 comp rx=0 tx=0).ready entity=mon.0 client_cookie=44263e724503af74 server_cookie=0 in_seq=0 out_seq=0
2024-09-16T00:04:08.681 INFO:teuthology.orchestra.run.smithi078.stdout:/usr/bin/ceph: stderr
2024-09-16T00:04:07.962+0000 7fbcf2ffd640 1 -- 172.21.15.78:0/3156814932 <== mon.0 v2:172.21.15.78:3300/0 1 ==== mon_map magic: 0 ==== 205+0+0 (secure 0 0 0) 0x7fbce4037070 con 0x7fbcf4107620
2024-09-16T00:04:08.681 INFO:teuthology.orchestra.run.smithi078.stdout:/usr/bin/ceph: stderr
2024-09-16T00:04:07.962+0000 7fbcf2ffd640 1 -- 172.21.15.78:0/3156814932 <== mon.0 v2:172.21.15.78:3300/0 2 ==== config(27 keys) ==== 1140+0+0 (secure 0 0 0) 0x7fbce4032920 con 0x7fbcf4107620
2024-09-16T00:04:08.681 INFO:teuthology.orchestra.run.smithi078.stdout:/usr/bin/ceph: stderr
2024-09-16T00:04:07.962+0000 7fbcf2ffd640 1 -- 172.21.15.78:0/3156814932 <== mon.0 v2:172.21.15.78:3300/0 3 ==== mon_map magic: 0 ==== 205+0+0 (secure 0 0 0) 0x7fbce4030810 con 0x7fbcf4107620
2024-09-16T00:04:08.681 INFO:teuthology.orchestra.run.smithi078.stdout:/usr/bin/ceph: stderr
2024-09-16T00:04:07.963+0000 7fbcfa8e9640 1 -- 172.21.15.78:0/3156814932 >> [v2:172.21.15.78:3300/0,v1:172.21.15.78:6789/0] conn(0x7fbcf4107620 msgr2=0x7fbcf4107a20 secure :-1 s=STATE_CONNECTION_ESTABLISHED l=1).mark_down
2024-09-16T00:04:08.681 INFO:teuthology.orchestra.run.smithi078.stdout:/usr/bin/ceph: stderr
2024-09-16T00:04:07.963+0000 7fbcfa8e9640 1 --2- 172.21.15.78:0/3156814932 >> [v2:172.21.15.78:3300/0,v1:172.21.15.78:6789/0] conn(0x7fbcf4107620 0x7fbcf4107a20 secure :-1 s=READY pgs=72 cs=0 l=1 rev1=1 crypto rx=0x7fbce4009820 tx=0x7fbce402a270 comp rx=0 tx=0).stop
2024-09-16T00:04:08.682 INFO:teuthology.orchestra.run.smithi078.stdout:/usr/bin/ceph: stderr
2024-09-16T00:04:07.963+0000 7fbcfa8e9640 1 -- 172.21.15.78:0/3156814932 shutdown_connections
2024-09-16T00:04:08.682 INFO:teuthology.orchestra.run.smithi078.stdout:/usr/bin/ceph: stderr
2024-09-16T00:04:07.963+0000 7fbcfa8e9640 1 --2- 172.21.15.78:0/3156814932 >> [v2:172.21.15.78:3300/0,v1:172.21.15.78:6789/0] conn(0x7fbcf4107620 0x7fbcf4107a20 unknown :-1 s=CLOSED pgs=72 cs=0 l=1 rev1=1 crypto rx=0 tx=0 comp rx=0 tx=0).stop
2024-09-16T00:04:08.682 INFO:teuthology.orchestra.run.smithi078.stdout:/usr/bin/ceph: stderr
2024-09-16T00:04:07.963+0000 7fbcfa8e9640 1 -- 172.21.15.78:0/3156814932 >> 172.21.15.78:0/3156814932 conn(0x7fbcf4102e50 msgr2=0x7fbcf4105290 unknown :-1 s=STATE_NONE l=0).mark_down
2024-09-16T00:04:08.682 INFO:teuthology.orchestra.run.smithi078.stdout:/usr/bin/ceph: stderr
2024-09-16T00:04:07.963+0000 7fbcfa8e9640 1 -- 172.21.15.78:0/3156814932 shutdown_connections
2024-09-16T00:04:08.682 INFO:teuthology.orchestra.run.smithi078.stdout:/usr/bin/ceph: stderr
2024-09-16T00:04:07.963+0000 7fbcfa8e9640 1 -- 172.21.15.78:0/3156814932 wait complete.
2024-09-16T00:04:08.682 INFO:teuthology.orchestra.run.smithi078.stdout:/usr/bin/ceph: stderr
2024-09-16T00:04:07.963+0000 7fbcfa8e9640 1 Processor -- start
2024-09-16T00:04:08.682 INFO:teuthology.orchestra.run.smithi078.stdout:/usr/bin/ceph: stderr
2024-09-16T00:04:07.963+0000 7fbcfa8e9640 1 -- start start
2024-09-16T00:04:08.682 INFO:teuthology.orchestra.run.smithi078.stdout:/usr/bin/ceph: stderr
2024-09-16T00:04:07.964+0000 7fbcfa8e9640 1 --2- >> [v2:172.21.15.78:3300/0,v1:172.21.15.78:6789/0] conn(0x7fbcf4107620 0x7fbcf419b8c0 unknown :-1 s=NONE pgs=0 cs=0 l=1 rev1=0 crypto rx=0 tx=0 comp rx=0 tx=0).connect
2024-09-16T00:04:08.682 INFO:teuthology.orchestra.run.smithi078.stdout:/usr/bin/ceph: stderr
2024-09-16T00:04:07.964+0000 7fbcfa8e9640 1 -- --> [v2:172.21.15.78:3300/0,v1:172.21.15.78:6789/0] -- mon_getmap magic: 0 -- 0x7fbcf410ba90 con 0x7fbcf4107620
2024-09-16T00:04:08.683 INFO:teuthology.orchestra.run.smithi078.stdout:/usr/bin/ceph: stderr
2024-09-16T00:04:07.964+0000 7fbcf3fff640 1 --2- >> [v2:172.21.15.78:3300/0,v1:172.21.15.78:6789/0] conn(0x7fbcf4107620 0x7fbcf419b8c0 unknown :-1 s=BANNER_CONNECTING pgs=0 cs=0 l=1 rev1=0 crypto rx=0 tx=0 comp rx=0 tx=0)._handle_peer_banner_payload supported=3 required=0
2024-09-16T00:04:08.683 INFO:teuthology.orchestra.run.smithi078.stdout:/usr/bin/ceph: stderr
2024-09-16T00:04:07.964+0000 7fbcf3fff640 1 --2- >> [v2:172.21.15.78:3300/0,v1:172.21.15.78:6789/0] conn(0x7fbcf4107620 0x7fbcf419b8c0 unknown :-1 s=HELLO_CONNECTING pgs=0 cs=0 l=1 rev1=1 crypto rx=0 tx=0 comp rx=0 tx=0).handle_hello peer v2:172.21.15.78:3300/0 says I am v2:172.21.15.78:36802/0 (socket says 172.21.15.78:36802)
2024-09-16T00:04:08.683 INFO:teuthology.orchestra.run.smithi078.stdout:/usr/bin/ceph: stderr
2024-09-16T00:04:07.964+0000 7fbcf3fff640 1 -- 172.21.15.78:0/1057191962 learned_addr learned my addr 172.21.15.78:0/1057191962 (peer_addr_for_me v2:172.21.15.78:0/0)
2024-09-16T00:04:08.683 INFO:teuthology.orchestra.run.smithi078.stdout:/usr/bin/ceph: stderr
2024-09-16T00:04:07.964+0000 7fbcf3fff640 1 -- 172.21.15.78:0/1057191962 --> [v2:172.21.15.78:3300/0,v1:172.21.15.78:6789/0] -- mon_subscribe({config=0+,monmap=0+}) -- 0x7fbcf419be00 con 0x7fbcf4107620
2024-09-16T00:04:08.683 INFO:teuthology.orchestra.run.smithi078.stdout:/usr/bin/ceph: stderr
2024-09-16T00:04:07.964+0000 7fbcf3fff640 1 --2- 172.21.15.78:0/1057191962 >> [v2:172.21.15.78:3300/0,v1:172.21.15.78:6789/0] conn(0x7fbcf4107620 0x7fbcf419b8c0 secure :-1 s=READY pgs=73 cs=0 l=1 rev1=1 crypto rx=0x7fbce4030380 tx=0x7fbce4032670 comp rx=0 tx=0).ready entity=mon.0 client_cookie=0 server_cookie=0 in_seq=0 out_seq=0
2024-09-16T00:04:08.683 INFO:teuthology.orchestra.run.smithi078.stdout:/usr/bin/ceph: stderr
2024-09-16T00:04:07.964+0000 7fbcf17fa640 1 -- 172.21.15.78:0/1057191962 <== mon.0 v2:172.21.15.78:3300/0 1 ==== mon_map magic: 0 ==== 205+0+0 (secure 0 0 0) 0x7fbce4037040 con 0x7fbcf4107620
2024-09-16T00:04:08.683 INFO:teuthology.orchestra.run.smithi078.stdout:/usr/bin/ceph: stderr
2024-09-16T00:04:07.964+0000 7fbcf17fa640 1 -- 172.21.15.78:0/1057191962 <== mon.0 v2:172.21.15.78:3300/0 2 ==== config(27 keys) ==== 1140+0+0 (secure 0 0 0) 0x7fbce4040070 con 0x7fbcf4107620
2024-09-16T00:04:08.683 INFO:teuthology.orchestra.run.smithi078.stdout:/usr/bin/ceph: stderr
2024-09-16T00:04:07.964+0000 7fbcfa8e9640 1 -- 172.21.15.78:0/1057191962 --> [v2:172.21.15.78:3300/0,v1:172.21.15.78:6789/0] -- mon_subscribe({mgrmap=0+}) -- 0x7fbcf419c090 con 0x7fbcf4107620
2024-09-16T00:04:08.683 INFO:teuthology.orchestra.run.smithi078.stdout:/usr/bin/ceph: stderr
2024-09-16T00:04:07.964+0000 7fbcf17fa640 1 -- 172.21.15.78:0/1057191962 <== mon.0 v2:172.21.15.78:3300/0 3 ==== mon_map magic: 0 ==== 205+0+0 (secure 0 0 0) 0x7fbce403a7b0 con 0x7fbcf4107620
2024-09-16T00:04:08.684 INFO:teuthology.orchestra.run.smithi078.stdout:/usr/bin/ceph: stderr
2024-09-16T00:04:07.965+0000 7fbcfa8e9640 1 -- 172.21.15.78:0/1057191962 --> [v2:172.21.15.78:3300/0,v1:172.21.15.78:6789/0] -- mon_subscribe({osdmap=0}) -- 0x7fbcf419ed80 con 0x7fbcf4107620
2024-09-16T00:04:08.684 INFO:teuthology.orchestra.run.smithi078.stdout:/usr/bin/ceph: stderr
2024-09-16T00:04:07.965+0000 7fbcf17fa640 1 -- 172.21.15.78:0/1057191962 <== mon.0 v2:172.21.15.78:3300/0 4 ==== mgrmap(e 12) ==== 46474+0+0 (secure 0 0 0) 0x7fbce403a9e0 con 0x7fbcf4107620
2024-09-16T00:04:08.684 INFO:teuthology.orchestra.run.smithi078.stdout:/usr/bin/ceph: stderr
2024-09-16T00:04:07.965+0000 7fbcfa8e9640 1 -- 172.21.15.78:0/1057191962 --> [v2:172.21.15.78:3300/0,v1:172.21.15.78:6789/0] -- mon_command({"prefix": "get_command_descriptions"} v 0) -- 0x7fbcf4107aa0 con 0x7fbcf4107620
2024-09-16T00:04:08.684 INFO:teuthology.orchestra.run.smithi078.stdout:/usr/bin/ceph: stderr
2024-09-16T00:04:07.966+0000 7fbcf17fa640 1 --2- 172.21.15.78:0/1057191962 >> [v2:172.21.15.78:6800/119552845,v1:172.21.15.78:6801/119552845] conn(0x7fbcdc039260 0x7fbcdc03b720 unknown :-1 s=NONE pgs=0 cs=0 l=1 rev1=0 crypto rx=0 tx=0 comp rx=0 tx=0).connect
2024-09-16T00:04:08.684 INFO:teuthology.orchestra.run.smithi078.stdout:/usr/bin/ceph: stderr
2024-09-16T00:04:07.966+0000 7fbcf17fa640 1 -- 172.21.15.78:0/1057191962 <== mon.0 v2:172.21.15.78:3300/0 5 ==== osd_map(3..3 src has 1..3) ==== 1155+0+0 (secure 0 0 0) 0x7fbce406ca10 con 0x7fbcf4107620
2024-09-16T00:04:08.684 INFO:teuthology.orchestra.run.smithi078.stdout:/usr/bin/ceph: stderr
2024-09-16T00:04:07.966+0000 7fbcf37fe640 1 --2- 172.21.15.78:0/1057191962 >> [v2:172.21.15.78:6800/119552845,v1:172.21.15.78:6801/119552845] conn(0x7fbcdc039260 0x7fbcdc03b720 unknown :-1 s=BANNER_CONNECTING pgs=0 cs=0 l=1 rev1=0 crypto rx=0 tx=0 comp rx=0 tx=0)._handle_peer_banner_payload supported=3 required=0
2024-09-16T00:04:08.684 INFO:teuthology.orchestra.run.smithi078.stdout:/usr/bin/ceph: stderr
2024-09-16T00:04:07.966+0000 7fbcf37fe640 1 --2- 172.21.15.78:0/1057191962 >> [v2:172.21.15.78:6800/119552845,v1:172.21.15.78:6801/119552845] conn(0x7fbcdc039260 0x7fbcdc03b720 secure :-1 s=READY pgs=9 cs=0 l=1 rev1=1 crypto rx=0x7fbce80098c0 tx=0x7fbce8006db0 comp rx=0 tx=0).ready entity=mgr.14150 client_cookie=0 server_cookie=0 in_seq=0 out_seq=0
2024-09-16T00:04:08.684 INFO:teuthology.orchestra.run.smithi078.stdout:/usr/bin/ceph: stderr
2024-09-16T00:04:07.970+0000 7fbcf17fa640 1 -- 172.21.15.78:0/1057191962 <== mon.0 v2:172.21.15.78:3300/0 6 ==== mon_command_ack([{"prefix": "get_command_descriptions"}]=0 v0) ==== 72+0+188821 (secure 0 0 0) 0x7fbce4044c70 con 0x7fbcf4107620
2024-09-16T00:04:08.684 INFO:teuthology.orchestra.run.smithi078.stdout:/usr/bin/ceph: stderr
2024-09-16T00:04:08.136+0000 7fbcfa8e9640 1 -- 172.21.15.78:0/1057191962 --> [v2:172.21.15.78:3300/0,v1:172.21.15.78:6789/0] -- mon_command({"prefix": "config get", "who": "mgr", "key": "mgr/dashboard/ssl_server_port"} v 0) -- 0x7fbcf402d7c0 con 0x7fbcf4107620
2024-09-16T00:04:08.684 INFO:teuthology.orchestra.run.smithi078.stdout:/usr/bin/ceph: stderr
2024-09-16T00:04:08.136+0000 7fbcf17fa640 1 -- 172.21.15.78:0/1057191962 <== mon.0 v2:172.21.15.78:3300/0 7 ==== mon_command_ack([{"prefix": "config get", "who": "mgr", "key": "mgr/dashboard/ssl_server_port"}]=0 v8) ==== 112+0+5 (secure 0 0 0) 0x7fbce4041270 con 0x7fbcf4107620
2024-09-16T00:04:08.684 INFO:teuthology.orchestra.run.smithi078.stdout:/usr/bin/ceph: stderr
2024-09-16T00:04:08.139+0000 7fbcfa8e9640 1 -- 172.21.15.78:0/1057191962 >> [v2:172.21.15.78:6800/119552845,v1:172.21.15.78:6801/119552845] conn(0x7fbcdc039260 msgr2=0x7fbcdc03b720 secure :-1 s=STATE_CONNECTION_ESTABLISHED l=1).mark_down
2024-09-16T00:04:08.684 INFO:teuthology.orchestra.run.smithi078.stdout:/usr/bin/ceph: stderr
2024-09-16T00:04:08.139+0000 7fbcfa8e9640 1 --2- 172.21.15.78:0/1057191962 >> [v2:172.21.15.78:6800/119552845,v1:172.21.15.78:6801/119552845] conn(0x7fbcdc039260 0x7fbcdc03b720 secure :-1 s=READY pgs=9 cs=0 l=1 rev1=1 crypto rx=0x7fbce80098c0 tx=0x7fbce8006db0 comp rx=0 tx=0).stop
2024-09-16T00:04:08.685 INFO:teuthology.orchestra.run.smithi078.stdout:/usr/bin/ceph: stderr
2024-09-16T00:04:08.139+0000 7fbcfa8e9640 1 -- 172.21.15.78:0/1057191962 >> [v2:172.21.15.78:3300/0,v1:172.21.15.78:6789/0] conn(0x7fbcf4107620 msgr2=0x7fbcf419b8c0 secure :-1 s=STATE_CONNECTION_ESTABLISHED l=1).mark_down
2024-09-16T00:04:08.685 INFO:teuthology.orchestra.run.smithi078.stdout:/usr/bin/ceph: stderr
2024-09-16T00:04:08.139+0000 7fbcfa8e9640 1 --2- 172.21.15.78:0/1057191962 >> [v2:172.21.15.78:3300/0,v1:172.21.15.78:6789/0] conn(0x7fbcf4107620 0x7fbcf419b8c0 secure :-1 s=READY pgs=73 cs=0 l=1 rev1=1 crypto rx=0x7fbce4030380 tx=0x7fbce4032670 comp rx=0 tx=0).stop
2024-09-16T00:04:08.685 INFO:teuthology.orchestra.run.smithi078.stdout:/usr/bin/ceph: stderr
2024-09-16T00:04:08.139+0000 7fbcfa8e9640 1 -- 172.21.15.78:0/1057191962 shutdown_connections
2024-09-16T00:04:08.685 INFO:teuthology.orchestra.run.smithi078.stdout:/usr/bin/ceph: stderr
2024-09-16T00:04:08.139+0000 7fbcfa8e9640 1 --2- 172.21.15.78:0/1057191962 >> [v2:172.21.15.78:6800/119552845,v1:172.21.15.78:6801/119552845] conn(0x7fbcdc039260 0x7fbcdc03b720 unknown :-1 s=CLOSED pgs=9 cs=0 l=1 rev1=1 crypto rx=0 tx=0 comp rx=0 tx=0).stop
2024-09-16T00:04:08.685 INFO:teuthology.orchestra.run.smithi078.stdout:/usr/bin/ceph: stderr
2024-09-16T00:04:08.139+0000 7fbcfa8e9640 1 --2- 172.21.15.78:0/1057191962 >> [v2:172.21.15.78:3300/0,v1:172.21.15.78:6789/0] conn(0x7fbcf4107620 0x7fbcf419b8c0 unknown :-1 s=CLOSED pgs=73 cs=0 l=1 rev1=1 crypto rx=0 tx=0 comp rx=0 tx=0).stop
2024-09-16T00:04:08.685 INFO:teuthology.orchestra.run.smithi078.stdout:/usr/bin/ceph: stderr
2024-09-16T00:04:08.139+0000 7fbcfa8e9640 1 -- 172.21.15.78:0/1057191962 >> 172.21.15.78:0/1057191962 conn(0x7fbcf4102e50 msgr2=0x7fbcf4103b40 unknown :-1 s=STATE_NONE l=0).mark_down
2024-09-16T00:04:08.685 INFO:teuthology.orchestra.run.smithi078.stdout:/usr/bin/ceph: stderr
2024-09-16T00:04:08.140+0000 7fbcfa8e9640 1 -- 172.21.15.78:0/1057191962 shutdown_connections
2024-09-16T00:04:08.685 INFO:teuthology.orchestra.run.smithi078.stdout:/usr/bin/ceph: stderr
2024-09-16T00:04:08.140+0000 7fbcfa8e9640 1 -- 172.21.15.78:0/1057191962 wait complete.
2024-09-16T00:04:08.686 INFO:teuthology.orchestra.run.smithi078.stdout:Non-zero exit code 1 from systemctl is-enabled firewalld.service
2024-09-16T00:04:08.686 INFO:teuthology.orchestra.run.smithi078.stdout:systemctl: stdout disabled
2024-09-16T00:04:08.694 INFO:teuthology.orchestra.run.smithi078.stdout:Non-zero exit code 3 from systemctl is-active firewalld.service
2024-09-16T00:04:08.694 INFO:teuthology.orchestra.run.smithi078.stdout:systemctl: stdout inactive
2024-09-16T00:04:08.694 INFO:teuthology.orchestra.run.smithi078.stdout:firewalld.service is not enabled
2024-09-16T00:04:08.694 INFO:teuthology.orchestra.run.smithi078.stdout:Not possible to open ports <[8443]>. firewalld.service is not available
2024-09-16T00:04:08.696 INFO:teuthology.orchestra.run.smithi078.stdout:Ceph Dashboard is now available at:
2024-09-16T00:04:08.696 INFO:teuthology.orchestra.run.smithi078.stdout:
2024-09-16T00:04:08.696 INFO:teuthology.orchestra.run.smithi078.stdout: URL: https://smithi078.front.sepia.ceph.com:8443/
2024-09-16T00:04:08.696 INFO:teuthology.orchestra.run.smithi078.stdout: User: admin
2024-09-16T00:04:08.696 INFO:teuthology.orchestra.run.smithi078.stdout: Password: xmqeme074i
2024-09-16T00:04:08.696 INFO:teuthology.orchestra.run.smithi078.stdout:
2024-09-16T00:04:08.697 INFO:teuthology.orchestra.run.smithi078.stdout:Saving cluster configuration to /var/lib/ceph/eb73a744-73be-11ef-bceb-c7b262605968/config directory
2024-09-16T00:04:09.373 INFO:journalctl@ceph.mon.a.smithi078.stdout:Sep 16 00:04:09 smithi078 ceph-mon[31157]: mgrmap e13: x(active, since 6s)
2024-09-16T00:04:09.927 INFO:teuthology.orchestra.run.smithi078.stdout:/usr/bin/ceph: stderr
2024-09-16T00:04:09.109+0000 7f6a4022c640 1 Processor -- start
2024-09-16T00:04:09.927 INFO:teuthology.orchestra.run.smithi078.stdout:/usr/bin/ceph: stderr
2024-09-16T00:04:09.110+0000 7f6a4022c640 1 -- start start
2024-09-16T00:04:09.927 INFO:teuthology.orchestra.run.smithi078.stdout:/usr/bin/ceph: stderr
2024-09-16T00:04:09.110+0000 7f6a4022c640 1 --2- >> [v2:172.21.15.78:3300/0,v1:172.21.15.78:6789/0] conn(0x7f6a381058c0 0x7f6a38105cc0 unknown :-1 s=NONE pgs=0 cs=0 l=0 rev1=0 crypto rx=0 tx=0 comp rx=0 tx=0).connect
2024-09-16T00:04:09.927 INFO:teuthology.orchestra.run.smithi078.stdout:/usr/bin/ceph: stderr
2024-09-16T00:04:09.110+0000 7f6a4022c640 1 -- --> [v2:172.21.15.78:3300/0,v1:172.21.15.78:6789/0] -- mon_getmap magic: 0 -- 0x7f6a38106290 con 0x7f6a381058c0
2024-09-16T00:04:09.927 INFO:teuthology.orchestra.run.smithi078.stdout:/usr/bin/ceph: stderr
2024-09-16T00:04:09.110+0000 7f6a3dfc8640 1 --2- >> [v2:172.21.15.78:3300/0,v1:172.21.15.78:6789/0] conn(0x7f6a381058c0 0x7f6a38105cc0 unknown :-1 s=BANNER_CONNECTING pgs=0 cs=0 l=0 rev1=0 crypto rx=0 tx=0 comp rx=0 tx=0)._handle_peer_banner_payload supported=3 required=0
2024-09-16T00:04:09.927 INFO:teuthology.orchestra.run.smithi078.stdout:/usr/bin/ceph: stderr
2024-09-16T00:04:09.110+0000 7f6a3dfc8640 1 --2- >> [v2:172.21.15.78:3300/0,v1:172.21.15.78:6789/0] conn(0x7f6a381058c0 0x7f6a38105cc0 unknown :-1 s=HELLO_CONNECTING pgs=0 cs=0 l=0 rev1=1 crypto rx=0 tx=0 comp rx=0 tx=0).handle_hello peer v2:172.21.15.78:3300/0 says I am v2:172.21.15.78:36804/0 (socket says 172.21.15.78:36804)
2024-09-16T00:04:09.927 INFO:teuthology.orchestra.run.smithi078.stdout:/usr/bin/ceph: stderr
2024-09-16T00:04:09.110+0000 7f6a3dfc8640 1 -- 172.21.15.78:0/1187366889 learned_addr learned my addr 172.21.15.78:0/1187366889 (peer_addr_for_me v2:172.21.15.78:0/0)
2024-09-16T00:04:09.927 INFO:teuthology.orchestra.run.smithi078.stdout:/usr/bin/ceph: stderr
2024-09-16T00:04:09.110+0000 7f6a3dfc8640 1 -- 172.21.15.78:0/1187366889 --> [v2:172.21.15.78:3300/0,v1:172.21.15.78:6789/0] -- mon_subscribe({config=0+,monmap=0+}) -- 0x7f6a381088a0 con 0x7f6a381058c0
2024-09-16T00:04:09.928 INFO:teuthology.orchestra.run.smithi078.stdout:/usr/bin/ceph: stderr
2024-09-16T00:04:09.111+0000 7f6a3dfc8640 1 --2- 172.21.15.78:0/1187366889 >> [v2:172.21.15.78:3300/0,v1:172.21.15.78:6789/0] conn(0x7f6a381058c0 0x7f6a38105cc0 secure :-1 s=READY pgs=74 cs=0 l=1 rev1=1 crypto rx=0x7f6a34009820 tx=0x7f6a3402a270 comp rx=0 tx=0).ready entity=mon.0 client_cookie=3abe7dc7756e31b9 server_cookie=0 in_seq=0 out_seq=0
2024-09-16T00:04:09.928 INFO:teuthology.orchestra.run.smithi078.stdout:/usr/bin/ceph: stderr
2024-09-16T00:04:09.111+0000 7f6a3cfc6640 1 -- 172.21.15.78:0/1187366889 <== mon.0 v2:172.21.15.78:3300/0 1 ==== mon_map magic: 0 ==== 205+0+0 (secure 0 0 0) 0x7f6a34037070 con 0x7f6a381058c0
2024-09-16T00:04:09.928 INFO:teuthology.orchestra.run.smithi078.stdout:/usr/bin/ceph: stderr
2024-09-16T00:04:09.111+0000 7f6a3cfc6640 1 -- 172.21.15.78:0/1187366889 <== mon.0 v2:172.21.15.78:3300/0 2 ==== config(27 keys) ==== 1140+0+0 (secure 0 0 0) 0x7f6a34032920 con 0x7f6a381058c0
2024-09-16T00:04:09.928 INFO:teuthology.orchestra.run.smithi078.stdout:/usr/bin/ceph: stderr
2024-09-16T00:04:09.111+0000 7f6a3cfc6640 1 -- 172.21.15.78:0/1187366889 <== mon.0 v2:172.21.15.78:3300/0 3 ==== mon_map magic: 0 ==== 205+0+0 (secure 0 0 0) 0x7f6a34030810 con 0x7f6a381058c0
2024-09-16T00:04:09.928 INFO:teuthology.orchestra.run.smithi078.stdout:/usr/bin/ceph: stderr
2024-09-16T00:04:09.112+0000 7f6a4022c640 1 -- 172.21.15.78:0/1187366889 >> [v2:172.21.15.78:3300/0,v1:172.21.15.78:6789/0] conn(0x7f6a381058c0 msgr2=0x7f6a38105cc0 secure :-1 s=STATE_CONNECTION_ESTABLISHED l=1).mark_down
2024-09-16T00:04:09.928 INFO:teuthology.orchestra.run.smithi078.stdout:/usr/bin/ceph: stderr
2024-09-16T00:04:09.112+0000 7f6a4022c640 1 --2- 172.21.15.78:0/1187366889 >> [v2:172.21.15.78:3300/0,v1:172.21.15.78:6789/0] conn(0x7f6a381058c0 0x7f6a38105cc0 secure :-1 s=READY pgs=74 cs=0 l=1 rev1=1 crypto rx=0x7f6a34009820 tx=0x7f6a3402a270 comp rx=0 tx=0).stop
2024-09-16T00:04:09.928 INFO:teuthology.orchestra.run.smithi078.stdout:/usr/bin/ceph: stderr
2024-09-16T00:04:09.112+0000 7f6a4022c640 1 -- 172.21.15.78:0/1187366889 shutdown_connections
2024-09-16T00:04:09.928 INFO:teuthology.orchestra.run.smithi078.stdout:/usr/bin/ceph: stderr
2024-09-16T00:04:09.112+0000 7f6a4022c640 1 --2- 172.21.15.78:0/1187366889 >> [v2:172.21.15.78:3300/0,v1:172.21.15.78:6789/0] conn(0x7f6a381058c0 0x7f6a38105cc0 unknown :-1 s=CLOSED pgs=74 cs=0 l=1 rev1=1 crypto rx=0 tx=0 comp rx=0 tx=0).stop
2024-09-16T00:04:09.928 INFO:teuthology.orchestra.run.smithi078.stdout:/usr/bin/ceph: stderr
2024-09-16T00:04:09.112+0000 7f6a4022c640 1 -- 172.21.15.78:0/1187366889 >> 172.21.15.78:0/1187366889 conn(0x7f6a38101430 msgr2=0x7f6a38103850 unknown :-1 s=STATE_NONE l=0).mark_down
2024-09-16T00:04:09.928 INFO:teuthology.orchestra.run.smithi078.stdout:/usr/bin/ceph: stderr
2024-09-16T00:04:09.112+0000 7f6a4022c640 1 -- 172.21.15.78:0/1187366889 shutdown_connections
2024-09-16T00:04:09.928 INFO:teuthology.orchestra.run.smithi078.stdout:/usr/bin/ceph: stderr
2024-09-16T00:04:09.112+0000 7f6a4022c640 1 -- 172.21.15.78:0/1187366889 wait complete.
2024-09-16T00:04:09.928 INFO:teuthology.orchestra.run.smithi078.stdout:/usr/bin/ceph: stderr
2024-09-16T00:04:09.112+0000 7f6a4022c640 1 Processor -- start
2024-09-16T00:04:09.928 INFO:teuthology.orchestra.run.smithi078.stdout:/usr/bin/ceph: stderr
2024-09-16T00:04:09.112+0000 7f6a4022c640 1 -- start start
2024-09-16T00:04:09.929 INFO:teuthology.orchestra.run.smithi078.stdout:/usr/bin/ceph: stderr
2024-09-16T00:04:09.113+0000 7f6a4022c640 1 --2- >> [v2:172.21.15.78:3300/0,v1:172.21.15.78:6789/0] conn(0x7f6a381058c0 0x7f6a3819b960 unknown :-1 s=NONE pgs=0 cs=0 l=1 rev1=0 crypto rx=0 tx=0 comp rx=0 tx=0).connect
2024-09-16T00:04:09.929 INFO:teuthology.orchestra.run.smithi078.stdout:/usr/bin/ceph: stderr
2024-09-16T00:04:09.113+0000 7f6a4022c640 1 -- --> [v2:172.21.15.78:3300/0,v1:172.21.15.78:6789/0] -- mon_getmap magic: 0 -- 0x7f6a3810bad0 con 0x7f6a381058c0
2024-09-16T00:04:09.929 INFO:teuthology.orchestra.run.smithi078.stdout:/usr/bin/ceph: stderr
2024-09-16T00:04:09.113+0000 7f6a3dfc8640 1 --2- >> [v2:172.21.15.78:3300/0,v1:172.21.15.78:6789/0] conn(0x7f6a381058c0 0x7f6a3819b960 unknown :-1 s=BANNER_CONNECTING pgs=0 cs=0 l=1 rev1=0 crypto rx=0 tx=0 comp rx=0 tx=0)._handle_peer_banner_payload supported=3 required=0
2024-09-16T00:04:09.929 INFO:teuthology.orchestra.run.smithi078.stdout:/usr/bin/ceph: stderr
2024-09-16T00:04:09.113+0000 7f6a3dfc8640 1 --2- >> [v2:172.21.15.78:3300/0,v1:172.21.15.78:6789/0] conn(0x7f6a381058c0 0x7f6a3819b960 unknown :-1 s=HELLO_CONNECTING pgs=0 cs=0 l=1 rev1=1 crypto rx=0 tx=0 comp rx=0 tx=0).handle_hello peer v2:172.21.15.78:3300/0 says I am v2:172.21.15.78:36818/0 (socket says 172.21.15.78:36818)
2024-09-16T00:04:09.929 INFO:teuthology.orchestra.run.smithi078.stdout:/usr/bin/ceph: stderr
2024-09-16T00:04:09.113+0000 7f6a3dfc8640 1 -- 172.21.15.78:0/3840711069 learned_addr learned my addr 172.21.15.78:0/3840711069 (peer_addr_for_me v2:172.21.15.78:0/0)
2024-09-16T00:04:09.929 INFO:teuthology.orchestra.run.smithi078.stdout:/usr/bin/ceph: stderr
2024-09-16T00:04:09.113+0000 7f6a3dfc8640 1 -- 172.21.15.78:0/3840711069 --> [v2:172.21.15.78:3300/0,v1:172.21.15.78:6789/0] -- mon_subscribe({config=0+,monmap=0+}) -- 0x7f6a3819bea0 con 0x7f6a381058c0
2024-09-16T00:04:09.929 INFO:teuthology.orchestra.run.smithi078.stdout:/usr/bin/ceph: stderr
2024-09-16T00:04:09.113+0000 7f6a3dfc8640 1 --2- 172.21.15.78:0/3840711069 >> [v2:172.21.15.78:3300/0,v1:172.21.15.78:6789/0] conn(0x7f6a381058c0 0x7f6a3819b960 secure :-1 s=READY pgs=75 cs=0 l=1 rev1=1 crypto rx=0x7f6a34030560 tx=0x7f6a34032670 comp rx=0 tx=0).ready entity=mon.0 client_cookie=0 server_cookie=0 in_seq=0 out_seq=0
2024-09-16T00:04:09.929 INFO:teuthology.orchestra.run.smithi078.stdout:/usr/bin/ceph: stderr
2024-09-16T00:04:09.113+0000 7f6a2affd640 1 -- 172.21.15.78:0/3840711069 <== mon.0 v2:172.21.15.78:3300/0 1 ==== mon_map magic: 0 ==== 205+0+0 (secure 0 0 0) 0x7f6a34037040 con 0x7f6a381058c0
2024-09-16T00:04:09.929 INFO:teuthology.orchestra.run.smithi078.stdout:/usr/bin/ceph: stderr
2024-09-16T00:04:09.113+0000 7f6a2affd640 1 -- 172.21.15.78:0/3840711069 <== mon.0 v2:172.21.15.78:3300/0 2 ==== config(27 keys) ==== 1140+0+0 (secure 0 0 0) 0x7f6a34040070 con 0x7f6a381058c0
2024-09-16T00:04:09.929 INFO:teuthology.orchestra.run.smithi078.stdout:/usr/bin/ceph: stderr
2024-09-16T00:04:09.113+0000 7f6a2affd640 1 -- 172.21.15.78:0/3840711069 <== mon.0 v2:172.21.15.78:3300/0 3 ==== mon_map magic: 0 ==== 205+0+0 (secure 0 0 0) 0x7f6a3403a6d0 con 0x7f6a381058c0
2024-09-16T00:04:09.929 INFO:teuthology.orchestra.run.smithi078.stdout:/usr/bin/ceph: stderr
2024-09-16T00:04:09.113+0000 7f6a4022c640 1 -- 172.21.15.78:0/3840711069 --> [v2:172.21.15.78:3300/0,v1:172.21.15.78:6789/0] -- mon_subscribe({mgrmap=0+}) -- 0x7f6a3819c130 con 0x7f6a381058c0
2024-09-16T00:04:09.929 INFO:teuthology.orchestra.run.smithi078.stdout:/usr/bin/ceph: stderr
2024-09-16T00:04:09.113+0000 7f6a4022c640 1 -- 172.21.15.78:0/3840711069 --> [v2:172.21.15.78:3300/0,v1:172.21.15.78:6789/0] -- mon_subscribe({osdmap=0}) -- 0x7f6a3819ee20 con 0x7f6a381058c0
2024-09-16T00:04:09.929 INFO:teuthology.orchestra.run.smithi078.stdout:/usr/bin/ceph: stderr
2024-09-16T00:04:09.114+0000 7f6a2affd640 1 -- 172.21.15.78:0/3840711069 <== mon.0 v2:172.21.15.78:3300/0 4 ==== mgrmap(e 13) ==== 46517+0+0 (secure 0 0 0) 0x7f6a3403b420 con 0x7f6a381058c0
2024-09-16T00:04:09.930 INFO:teuthology.orchestra.run.smithi078.stdout:/usr/bin/ceph: stderr
2024-09-16T00:04:09.114+0000 7f6a4022c640 1 -- 172.21.15.78:0/3840711069 --> [v2:172.21.15.78:3300/0,v1:172.21.15.78:6789/0] -- mon_command({"prefix": "get_command_descriptions"} v 0) -- 0x7f6a38105d40 con 0x7f6a381058c0
2024-09-16T00:04:09.930 INFO:teuthology.orchestra.run.smithi078.stdout:/usr/bin/ceph: stderr
2024-09-16T00:04:09.114+0000 7f6a2affd640 1 --2- 172.21.15.78:0/3840711069 >> [v2:172.21.15.78:6800/119552845,v1:172.21.15.78:6801/119552845] conn(0x7f6a24039300 0x7f6a2403b7c0 unknown :-1 s=NONE pgs=0 cs=0 l=1 rev1=0 crypto rx=0 tx=0 comp rx=0 tx=0).connect
2024-09-16T00:04:09.930 INFO:teuthology.orchestra.run.smithi078.stdout:/usr/bin/ceph: stderr
2024-09-16T00:04:09.114+0000 7f6a2affd640 1 -- 172.21.15.78:0/3840711069 <== mon.0 v2:172.21.15.78:3300/0 5 ==== osd_map(3..3 src has 1..3) ==== 1155+0+0 (secure 0 0 0) 0x7f6a3406c970 con 0x7f6a381058c0
2024-09-16T00:04:09.930 INFO:teuthology.orchestra.run.smithi078.stdout:/usr/bin/ceph: stderr
2024-09-16T00:04:09.114+0000 7f6a3d7c7640 1 --2- 172.21.15.78:0/3840711069 >> [v2:172.21.15.78:6800/119552845,v1:172.21.15.78:6801/119552845] conn(0x7f6a24039300 0x7f6a2403b7c0 unknown :-1 s=BANNER_CONNECTING pgs=0 cs=0 l=1 rev1=0 crypto rx=0 tx=0 comp rx=0 tx=0)._handle_peer_banner_payload supported=3 required=0
2024-09-16T00:04:09.930 INFO:teuthology.orchestra.run.smithi078.stdout:/usr/bin/ceph: stderr
2024-09-16T00:04:09.115+0000 7f6a3d7c7640 1 --2- 172.21.15.78:0/3840711069 >> [v2:172.21.15.78:6800/119552845,v1:172.21.15.78:6801/119552845] conn(0x7f6a24039300 0x7f6a2403b7c0 secure :-1 s=READY pgs=10 cs=0 l=1 rev1=1 crypto rx=0x7f6a2c0098c0 tx=0x7f6a2c006db0 comp rx=0 tx=0).ready entity=mgr.14150 client_cookie=0 server_cookie=0 in_seq=0 out_seq=0
2024-09-16T00:04:09.930 INFO:teuthology.orchestra.run.smithi078.stdout:/usr/bin/ceph: stderr
2024-09-16T00:04:09.119+0000 7f6a2affd640 1 -- 172.21.15.78:0/3840711069 <== mon.0 v2:172.21.15.78:3300/0 6 ==== mon_command_ack([{"prefix": "get_command_descriptions"}]=0 v0) ==== 72+0+188821 (secure 0 0 0) 0x7f6a34043360 con 0x7f6a381058c0
2024-09-16T00:04:09.930 INFO:teuthology.orchestra.run.smithi078.stdout:/usr/bin/ceph: stderr
