2024-09-16T00:07:48.002+0000 7f3a0bfff640 1 --2- 172.21.15.33:0/3831191271 >> [v2:172.21.15.33:3300/0,v1:172.21.15.33:6789/0] conn(0x7f3a0c105280 0x7f3a0c105680 secure :-1 s=READY pgs=39 cs=0 l=1 rev1=1 crypto rx=0x7f39fc009820 tx=0x7f39fc02a270 comp rx=0 tx=0).ready entity=mon.0 client_cookie=fcd649aabda7a1ea server_cookie=0 in_seq=0 out_seq=0
2024-09-16T00:07:49.561 INFO:teuthology.orchestra.run.smithi033.stdout:/usr/bin/ceph: stderr
2024-09-16T00:07:48.002+0000 7f3a0affd640 1 -- 172.21.15.33:0/3831191271 <== mon.0 v2:172.21.15.33:3300/0 1 ==== mon_map magic: 0 ==== 205+0+0 (secure 0 0 0) 0x7f39fc037070 con 0x7f3a0c105280
2024-09-16T00:07:49.561 INFO:teuthology.orchestra.run.smithi033.stdout:/usr/bin/ceph: stderr
2024-09-16T00:07:48.003+0000 7f3a0affd640 1 -- 172.21.15.33:0/3831191271 <== mon.0 v2:172.21.15.33:3300/0 2 ==== config(27 keys) ==== 1109+0+0 (secure 0 0 0) 0x7f39fc032900 con 0x7f3a0c105280
2024-09-16T00:07:49.561 INFO:teuthology.orchestra.run.smithi033.stdout:/usr/bin/ceph: stderr
2024-09-16T00:07:48.003+0000 7f3a0affd640 1 -- 172.21.15.33:0/3831191271 <== mon.0 v2:172.21.15.33:3300/0 3 ==== mon_map magic: 0 ==== 205+0+0 (secure 0 0 0) 0x7f39fc030850 con 0x7f3a0c105280
2024-09-16T00:07:49.561 INFO:teuthology.orchestra.run.smithi033.stdout:/usr/bin/ceph: stderr
2024-09-16T00:07:48.003+0000 7f3a12893640 1 -- 172.21.15.33:0/3831191271 >> [v2:172.21.15.33:3300/0,v1:172.21.15.33:6789/0] conn(0x7f3a0c105280 msgr2=0x7f3a0c105680 secure :-1 s=STATE_CONNECTION_ESTABLISHED l=1).mark_down
2024-09-16T00:07:49.561 INFO:teuthology.orchestra.run.smithi033.stdout:/usr/bin/ceph: stderr
2024-09-16T00:07:48.003+0000 7f3a12893640 1 --2- 172.21.15.33:0/3831191271 >> [v2:172.21.15.33:3300/0,v1:172.21.15.33:6789/0] conn(0x7f3a0c105280 0x7f3a0c105680 secure :-1 s=READY pgs=39 cs=0 l=1 rev1=1 crypto rx=0x7f39fc009820 tx=0x7f39fc02a270 comp rx=0 tx=0).stop
2024-09-16T00:07:49.561 INFO:teuthology.orchestra.run.smithi033.stdout:/usr/bin/ceph: stderr
2024-09-16T00:07:48.003+0000 7f3a12893640 1 -- 172.21.15.33:0/3831191271 shutdown_connections
2024-09-16T00:07:49.562 INFO:teuthology.orchestra.run.smithi033.stdout:/usr/bin/ceph: stderr
2024-09-16T00:07:48.003+0000 7f3a12893640 1 --2- 172.21.15.33:0/3831191271 >> [v2:172.21.15.33:3300/0,v1:172.21.15.33:6789/0] conn(0x7f3a0c105280 0x7f3a0c105680 unknown :-1 s=CLOSED pgs=39 cs=0 l=1 rev1=1 crypto rx=0 tx=0 comp rx=0 tx=0).stop
2024-09-16T00:07:49.562 INFO:teuthology.orchestra.run.smithi033.stdout:/usr/bin/ceph: stderr
2024-09-16T00:07:48.003+0000 7f3a12893640 1 -- 172.21.15.33:0/3831191271 >> 172.21.15.33:0/3831191271 conn(0x7f3a0c100fa0 msgr2=0x7f3a0c103420 unknown :-1 s=STATE_NONE l=0).mark_down
2024-09-16T00:07:49.562 INFO:teuthology.orchestra.run.smithi033.stdout:/usr/bin/ceph: stderr
2024-09-16T00:07:48.003+0000 7f3a12893640 1 -- 172.21.15.33:0/3831191271 shutdown_connections
2024-09-16T00:07:49.562 INFO:teuthology.orchestra.run.smithi033.stdout:/usr/bin/ceph: stderr
2024-09-16T00:07:48.003+0000 7f3a12893640 1 -- 172.21.15.33:0/3831191271 wait complete.
2024-09-16T00:07:49.562 INFO:teuthology.orchestra.run.smithi033.stdout:/usr/bin/ceph: stderr
2024-09-16T00:07:48.004+0000 7f3a12893640 1 Processor -- start
2024-09-16T00:07:49.562 INFO:teuthology.orchestra.run.smithi033.stdout:/usr/bin/ceph: stderr
2024-09-16T00:07:48.004+0000 7f3a12893640 1 -- start start
2024-09-16T00:07:49.562 INFO:teuthology.orchestra.run.smithi033.stdout:/usr/bin/ceph: stderr
2024-09-16T00:07:48.004+0000 7f3a12893640 1 --2- >> [v2:172.21.15.33:3300/0,v1:172.21.15.33:6789/0] conn(0x7f3a0c105280 0x7f3a0c19b680 unknown :-1 s=NONE pgs=0 cs=0 l=1 rev1=0 crypto rx=0 tx=0 comp rx=0 tx=0).connect
2024-09-16T00:07:49.563 INFO:teuthology.orchestra.run.smithi033.stdout:/usr/bin/ceph: stderr
2024-09-16T00:07:48.004+0000 7f3a12893640 1 -- --> [v2:172.21.15.33:3300/0,v1:172.21.15.33:6789/0] -- mon_getmap magic: 0 -- 0x7f3a0c10ba20 con 0x7f3a0c105280
2024-09-16T00:07:49.563 INFO:teuthology.orchestra.run.smithi033.stdout:/usr/bin/ceph: stderr
2024-09-16T00:07:48.004+0000 7f3a0bfff640 1 --2- >> [v2:172.21.15.33:3300/0,v1:172.21.15.33:6789/0] conn(0x7f3a0c105280 0x7f3a0c19b680 unknown :-1 s=BANNER_CONNECTING pgs=0 cs=0 l=1 rev1=0 crypto rx=0 tx=0 comp rx=0 tx=0)._handle_peer_banner_payload supported=3 required=0
2024-09-16T00:07:49.563 INFO:teuthology.orchestra.run.smithi033.stdout:/usr/bin/ceph: stderr
2024-09-16T00:07:48.004+0000 7f3a0bfff640 1 --2- >> [v2:172.21.15.33:3300/0,v1:172.21.15.33:6789/0] conn(0x7f3a0c105280 0x7f3a0c19b680 unknown :-1 s=HELLO_CONNECTING pgs=0 cs=0 l=1 rev1=1 crypto rx=0 tx=0 comp rx=0 tx=0).handle_hello peer v2:172.21.15.33:3300/0 says I am v2:172.21.15.33:37754/0 (socket says 172.21.15.33:37754)
2024-09-16T00:07:49.563 INFO:teuthology.orchestra.run.smithi033.stdout:/usr/bin/ceph: stderr
2024-09-16T00:07:48.004+0000 7f3a0bfff640 1 -- 172.21.15.33:0/2964974906 learned_addr learned my addr 172.21.15.33:0/2964974906 (peer_addr_for_me v2:172.21.15.33:0/0)
2024-09-16T00:07:49.563 INFO:teuthology.orchestra.run.smithi033.stdout:/usr/bin/ceph: stderr
2024-09-16T00:07:48.005+0000 7f3a0bfff640 1 -- 172.21.15.33:0/2964974906 --> [v2:172.21.15.33:3300/0,v1:172.21.15.33:6789/0] -- mon_subscribe({config=0+,monmap=0+}) -- 0x7f3a0c19bbc0 con 0x7f3a0c105280
2024-09-16T00:07:49.563 INFO:teuthology.orchestra.run.smithi033.stdout:/usr/bin/ceph: stderr
2024-09-16T00:07:48.005+0000 7f3a0bfff640 1 --2- 172.21.15.33:0/2964974906 >> [v2:172.21.15.33:3300/0,v1:172.21.15.33:6789/0] conn(0x7f3a0c105280 0x7f3a0c19b680 secure :-1 s=READY pgs=40 cs=0 l=1 rev1=1 crypto rx=0x7f39fc0097f0 tx=0x7f39fc030ec0 comp rx=0 tx=0).ready entity=mon.0 client_cookie=0 server_cookie=0 in_seq=0 out_seq=0
2024-09-16T00:07:49.563 INFO:teuthology.orchestra.run.smithi033.stdout:/usr/bin/ceph: stderr
2024-09-16T00:07:48.005+0000 7f3a097fa640 1 -- 172.21.15.33:0/2964974906 <== mon.0 v2:172.21.15.33:3300/0 1 ==== mon_map magic: 0 ==== 205+0+0 (secure 0 0 0) 0x7f39fc042070 con 0x7f3a0c105280
2024-09-16T00:07:49.563 INFO:teuthology.orchestra.run.smithi033.stdout:/usr/bin/ceph: stderr
2024-09-16T00:07:48.005+0000 7f3a097fa640 1 -- 172.21.15.33:0/2964974906 <== mon.0 v2:172.21.15.33:3300/0 2 ==== config(27 keys) ==== 1109+0+0 (secure 0 0 0) 0x7f39fc032ca0 con 0x7f3a0c105280
2024-09-16T00:07:49.563 INFO:teuthology.orchestra.run.smithi033.stdout:/usr/bin/ceph: stderr
2024-09-16T00:07:48.005+0000 7f3a097fa640 1 -- 172.21.15.33:0/2964974906 <== mon.0 v2:172.21.15.33:3300/0 3 ==== mon_map magic: 0 ==== 205+0+0 (secure 0 0 0) 0x7f39fc037040 con 0x7f3a0c105280
2024-09-16T00:07:49.563 INFO:teuthology.orchestra.run.smithi033.stdout:/usr/bin/ceph: stderr
2024-09-16T00:07:48.005+0000 7f3a12893640 1 -- 172.21.15.33:0/2964974906 --> [v2:172.21.15.33:3300/0,v1:172.21.15.33:6789/0] -- mon_subscribe({mgrmap=0+}) -- 0x7f3a0c19be50 con 0x7f3a0c105280
2024-09-16T00:07:49.563 INFO:teuthology.orchestra.run.smithi033.stdout:/usr/bin/ceph: stderr
2024-09-16T00:07:48.005+0000 7f3a12893640 1 -- 172.21.15.33:0/2964974906 --> [v2:172.21.15.33:3300/0,v1:172.21.15.33:6789/0] -- mon_subscribe({osdmap=0}) -- 0x7f3a0c19eb40 con 0x7f3a0c105280
2024-09-16T00:07:49.564 INFO:teuthology.orchestra.run.smithi033.stdout:/usr/bin/ceph: stderr
2024-09-16T00:07:48.006+0000 7f3a097fa640 1 -- 172.21.15.33:0/2964974906 <== mon.0 v2:172.21.15.33:3300/0 4 ==== mgrmap(e 8) ==== 46461+0+0 (secure 0 0 0) 0x7f39fc045070 con 0x7f3a0c105280
2024-09-16T00:07:49.564 INFO:teuthology.orchestra.run.smithi033.stdout:/usr/bin/ceph: stderr
2024-09-16T00:07:48.006+0000 7f3a097fa640 1 --2- 172.21.15.33:0/2964974906 >> [v2:172.21.15.33:6800/122116489,v1:172.21.15.33:6801/122116489] conn(0x7f39f4039200 0x7f39f403b6c0 unknown :-1 s=NONE pgs=0 cs=0 l=1 rev1=0 crypto rx=0 tx=0 comp rx=0 tx=0).connect
2024-09-16T00:07:49.564 INFO:teuthology.orchestra.run.smithi033.stdout:/usr/bin/ceph: stderr
2024-09-16T00:07:48.006+0000 7f3a12893640 1 -- 172.21.15.33:0/2964974906 --> [v2:172.21.15.33:3300/0,v1:172.21.15.33:6789/0] -- mon_command({"prefix": "get_command_descriptions"} v 0) -- 0x7f3a0c105700 con 0x7f3a0c105280
2024-09-16T00:07:49.564 INFO:teuthology.orchestra.run.smithi033.stdout:/usr/bin/ceph: stderr
2024-09-16T00:07:48.006+0000 7f3a097fa640 1 -- 172.21.15.33:0/2964974906 <== mon.0 v2:172.21.15.33:3300/0 5 ==== osd_map(2..2 src has 1..2) ==== 940+0+0 (secure 0 0 0) 0x7f39fc06c1f0 con 0x7f3a0c105280
2024-09-16T00:07:49.564 INFO:teuthology.orchestra.run.smithi033.stdout:/usr/bin/ceph: stderr
2024-09-16T00:07:48.006+0000 7f3a0b7fe640 1 --2- 172.21.15.33:0/2964974906 >> [v2:172.21.15.33:6800/122116489,v1:172.21.15.33:6801/122116489] conn(0x7f39f4039200 0x7f39f403b6c0 unknown :-1 s=BANNER_CONNECTING pgs=0 cs=0 l=1 rev1=0 crypto rx=0 tx=0 comp rx=0 tx=0)._handle_peer_banner_payload supported=3 required=0
2024-09-16T00:07:49.564 INFO:teuthology.orchestra.run.smithi033.stdout:/usr/bin/ceph: stderr
2024-09-16T00:07:48.007+0000 7f3a0b7fe640 1 --2- 172.21.15.33:0/2964974906 >> [v2:172.21.15.33:6800/122116489,v1:172.21.15.33:6801/122116489] conn(0x7f39f4039200 0x7f39f403b6c0 secure :-1 s=READY pgs=9 cs=0 l=1 rev1=1 crypto rx=0x7f3a000098c0 tx=0x7f3a00006db0 comp rx=0 tx=0).ready entity=mgr.14118 client_cookie=0 server_cookie=0 in_seq=0 out_seq=0
2024-09-16T00:07:49.564 INFO:teuthology.orchestra.run.smithi033.stdout:/usr/bin/ceph: stderr
2024-09-16T00:07:48.011+0000 7f3a097fa640 1 -- 172.21.15.33:0/2964974906 <== mon.0 v2:172.21.15.33:3300/0 6 ==== mon_command_ack([{"prefix": "get_command_descriptions"}]=0 v0) ==== 72+0+188821 (secure 0 0 0) 0x7f39fc045360 con 0x7f3a0c105280
2024-09-16T00:07:49.564 INFO:teuthology.orchestra.run.smithi033.stdout:/usr/bin/ceph: stderr
2024-09-16T00:07:48.190+0000 7f3a12893640 1 -- 172.21.15.33:0/2964974906 --> [v2:172.21.15.33:6800/122116489,v1:172.21.15.33:6801/122116489] -- mgr_command(tid 0: {"prefix": "cephadm generate-key", "target": ["mon-mgr", ""]}) -- 0x7f3a0c1022f0 con 0x7f39f4039200
2024-09-16T00:07:49.564 INFO:teuthology.orchestra.run.smithi033.stdout:/usr/bin/ceph: stderr
2024-09-16T00:07:48.939+0000 7f3a097fa640 1 -- 172.21.15.33:0/2964974906 <== mgr.14118 v2:172.21.15.33:6800/122116489 1 ==== mgr_command_reply(tid 0: 0 ) ==== 8+0+0 (secure 0 0 0) 0x7f3a0c1022f0 con 0x7f39f4039200
2024-09-16T00:07:49.564 INFO:teuthology.orchestra.run.smithi033.stdout:/usr/bin/ceph: stderr
2024-09-16T00:07:48.941+0000 7f3a12893640 1 -- 172.21.15.33:0/2964974906 >> [v2:172.21.15.33:6800/122116489,v1:172.21.15.33:6801/122116489] conn(0x7f39f4039200 msgr2=0x7f39f403b6c0 secure :-1 s=STATE_CONNECTION_ESTABLISHED l=1).mark_down
2024-09-16T00:07:49.564 INFO:teuthology.orchestra.run.smithi033.stdout:/usr/bin/ceph: stderr
2024-09-16T00:07:48.941+0000 7f3a12893640 1 --2- 172.21.15.33:0/2964974906 >> [v2:172.21.15.33:6800/122116489,v1:172.21.15.33:6801/122116489] conn(0x7f39f4039200 0x7f39f403b6c0 secure :-1 s=READY pgs=9 cs=0 l=1 rev1=1 crypto rx=0x7f3a000098c0 tx=0x7f3a00006db0 comp rx=0 tx=0).stop
2024-09-16T00:07:49.564 INFO:teuthology.orchestra.run.smithi033.stdout:/usr/bin/ceph: stderr
2024-09-16T00:07:48.941+0000 7f3a12893640 1 -- 172.21.15.33:0/2964974906 >> [v2:172.21.15.33:3300/0,v1:172.21.15.33:6789/0] conn(0x7f3a0c105280 msgr2=0x7f3a0c19b680 secure :-1 s=STATE_CONNECTION_ESTABLISHED l=1).mark_down
2024-09-16T00:07:49.565 INFO:teuthology.orchestra.run.smithi033.stdout:/usr/bin/ceph: stderr
2024-09-16T00:07:48.941+0000 7f3a12893640 1 --2- 172.21.15.33:0/2964974906 >> [v2:172.21.15.33:3300/0,v1:172.21.15.33:6789/0] conn(0x7f3a0c105280 0x7f3a0c19b680 secure :-1 s=READY pgs=40 cs=0 l=1 rev1=1 crypto rx=0x7f39fc0097f0 tx=0x7f39fc030ec0 comp rx=0 tx=0).stop
2024-09-16T00:07:49.565 INFO:teuthology.orchestra.run.smithi033.stdout:/usr/bin/ceph: stderr
2024-09-16T00:07:48.942+0000 7f3a12893640 1 -- 172.21.15.33:0/2964974906 shutdown_connections
2024-09-16T00:07:49.565 INFO:teuthology.orchestra.run.smithi033.stdout:/usr/bin/ceph: stderr
2024-09-16T00:07:48.942+0000 7f3a12893640 1 --2- 172.21.15.33:0/2964974906 >> [v2:172.21.15.33:6800/122116489,v1:172.21.15.33:6801/122116489] conn(0x7f39f4039200 0x7f39f403b6c0 unknown :-1 s=CLOSED pgs=9 cs=0 l=1 rev1=1 crypto rx=0 tx=0 comp rx=0 tx=0).stop
2024-09-16T00:07:49.565 INFO:teuthology.orchestra.run.smithi033.stdout:/usr/bin/ceph: stderr
2024-09-16T00:07:48.942+0000 7f3a12893640 1 --2- 172.21.15.33:0/2964974906 >> [v2:172.21.15.33:3300/0,v1:172.21.15.33:6789/0] conn(0x7f3a0c105280 0x7f3a0c19b680 unknown :-1 s=CLOSED pgs=40 cs=0 l=1 rev1=1 crypto rx=0 tx=0 comp rx=0 tx=0).stop
2024-09-16T00:07:49.565 INFO:teuthology.orchestra.run.smithi033.stdout:/usr/bin/ceph: stderr
2024-09-16T00:07:48.942+0000 7f3a12893640 1 -- 172.21.15.33:0/2964974906 >> 172.21.15.33:0/2964974906 conn(0x7f3a0c100fa0 msgr2=0x7f3a0c101be0 unknown :-1 s=STATE_NONE l=0).mark_down
2024-09-16T00:07:49.565 INFO:teuthology.orchestra.run.smithi033.stdout:/usr/bin/ceph: stderr
2024-09-16T00:07:48.942+0000 7f3a12893640 1 -- 172.21.15.33:0/2964974906 shutdown_connections
2024-09-16T00:07:49.565 INFO:teuthology.orchestra.run.smithi033.stdout:/usr/bin/ceph: stderr
2024-09-16T00:07:48.942+0000 7f3a12893640 1 -- 172.21.15.33:0/2964974906 wait complete.
2024-09-16T00:07:50.715 INFO:journalctl@ceph.mon.a.smithi033.stdout:Sep 16 00:07:50 smithi033 ceph-mon[31243]: from='client.14136 -' entity='client.admin' cmd=[{"prefix": "cephadm get-pub-key", "target": ["mon-mgr", ""]}]: dispatch
2024-09-16T00:07:50.724 INFO:teuthology.orchestra.run.smithi033.stdout:/usr/bin/ceph: stdout ssh-rsa AAAAB3NzaC1yc2EAAAADAQABAAABgQCWLo+DVeRhGl4fpRXR9AdTann1eHkovQGVToV8Fb6GqW7ytfdWTo9JOIYTpAq7QVOZt+qjkQq9OEQMevdx2ZT0vexbU0ghavH0YlpUrciPQpggk4ROJPfugp+BvDfji8LQ12QaPKUclnp6O9gMLOMM+gKjixw7fh7FQv+/oIJFC2wtWnqGmbFedICLiVyeh2tDmDyCb5Q4L1rnD8wqc/AniiC2kfBD7nN29IR47LhTv71hnhCJmxJX3I46LX/fW1xqXAfLaTIsY2gwpSDasWqgsHlXR3EwUNYl/rqDQhdLtdSGp9fks3nN+rxLbMPgQYoOjKZ0ekxQ5sGbGaeTqjaP8g68FyeitSU7r9U7xKfu+MG2oTALiUp72VxS/FQSAt4kHMkmIk5JI/wKmghBlM0SXzX7aXITXydNL4S1xU88oj9E2wxuq0EM8tTIBKPZOdzUzjMfUoixwKpp2Mxkt7digFv9mwF1QAxvsDJV07ycIkF2tEzbT3oqOItlnffkAtk= ceph-7dde3d1a-73bf-11ef-bceb-c7b262605968
2024-09-16T00:07:50.724 INFO:teuthology.orchestra.run.smithi033.stdout:/usr/bin/ceph: stderr
2024-09-16T00:07:49.967+0000 7f698656b640 1 Processor -- start
2024-09-16T00:07:50.724 INFO:teuthology.orchestra.run.smithi033.stdout:/usr/bin/ceph: stderr
2024-09-16T00:07:49.967+0000 7f698656b640 1 -- start start
2024-09-16T00:07:50.724 INFO:teuthology.orchestra.run.smithi033.stdout:/usr/bin/ceph: stderr
2024-09-16T00:07:49.967+0000 7f698656b640 1 --2- >> [v2:172.21.15.33:3300/0,v1:172.21.15.33:6789/0] conn(0x7f6980108160 0x7f698010a550 unknown :-1 s=NONE pgs=0 cs=0 l=0 rev1=0 crypto rx=0 tx=0 comp rx=0 tx=0).connect
2024-09-16T00:07:50.724 INFO:teuthology.orchestra.run.smithi033.stdout:/usr/bin/ceph: stderr
2024-09-16T00:07:49.967+0000 7f698656b640 1 -- --> [v2:172.21.15.33:3300/0,v1:172.21.15.33:6789/0] -- mon_getmap magic: 0 -- 0x7f698007be50 con 0x7f6980108160
2024-09-16T00:07:50.725 INFO:teuthology.orchestra.run.smithi033.stdout:/usr/bin/ceph: stderr
2024-09-16T00:07:49.968+0000 7f697ffff640 1 --2- >> [v2:172.21.15.33:3300/0,v1:172.21.15.33:6789/0] conn(0x7f6980108160 0x7f698010a550 unknown :-1 s=BANNER_CONNECTING pgs=0 cs=0 l=0 rev1=0 crypto rx=0 tx=0 comp rx=0 tx=0)._handle_peer_banner_payload supported=3 required=0
2024-09-16T00:07:50.725 INFO:teuthology.orchestra.run.smithi033.stdout:/usr/bin/ceph: stderr
2024-09-16T00:07:49.968+0000 7f697ffff640 1 --2- >> [v2:172.21.15.33:3300/0,v1:172.21.15.33:6789/0] conn(0x7f6980108160 0x7f698010a550 unknown :-1 s=HELLO_CONNECTING pgs=0 cs=0 l=0 rev1=1 crypto rx=0 tx=0 comp rx=0 tx=0).handle_hello peer v2:172.21.15.33:3300/0 says I am v2:172.21.15.33:37766/0 (socket says 172.21.15.33:37766)
2024-09-16T00:07:50.725 INFO:teuthology.orchestra.run.smithi033.stdout:/usr/bin/ceph: stderr
2024-09-16T00:07:49.968+0000 7f697ffff640 1 -- 172.21.15.33:0/1691097346 learned_addr learned my addr 172.21.15.33:0/1691097346 (peer_addr_for_me v2:172.21.15.33:0/0)
2024-09-16T00:07:50.725 INFO:teuthology.orchestra.run.smithi033.stdout:/usr/bin/ceph: stderr
2024-09-16T00:07:49.968+0000 7f697ffff640 1 -- 172.21.15.33:0/1691097346 --> [v2:172.21.15.33:3300/0,v1:172.21.15.33:6789/0] -- mon_subscribe({config=0+,monmap=0+}) -- 0x7f698010aa90 con 0x7f6980108160
2024-09-16T00:07:50.725 INFO:teuthology.orchestra.run.smithi033.stdout:/usr/bin/ceph: stderr
2024-09-16T00:07:49.969+0000 7f697ffff640 1 --2- 172.21.15.33:0/1691097346 >> [v2:172.21.15.33:3300/0,v1:172.21.15.33:6789/0] conn(0x7f6980108160 0x7f698010a550 secure :-1 s=READY pgs=41 cs=0 l=1 rev1=1 crypto rx=0x7f6970009820 tx=0x7f697002a270 comp rx=0 tx=0).ready entity=mon.0 client_cookie=e1d799c59c063d62 server_cookie=0 in_seq=0 out_seq=0
2024-09-16T00:07:50.725 INFO:teuthology.orchestra.run.smithi033.stdout:/usr/bin/ceph: stderr
2024-09-16T00:07:49.969+0000 7f697effd640 1 -- 172.21.15.33:0/1691097346 <== mon.0 v2:172.21.15.33:3300/0 1 ==== mon_map magic: 0 ==== 205+0+0 (secure 0 0 0) 0x7f6970037070 con 0x7f6980108160
2024-09-16T00:07:50.725 INFO:teuthology.orchestra.run.smithi033.stdout:/usr/bin/ceph: stderr
2024-09-16T00:07:49.969+0000 7f697effd640 1 -- 172.21.15.33:0/1691097346 <== mon.0 v2:172.21.15.33:3300/0 2 ==== config(27 keys) ==== 1109+0+0 (secure 0 0 0) 0x7f6970032900 con 0x7f6980108160
2024-09-16T00:07:50.725 INFO:teuthology.orchestra.run.smithi033.stdout:/usr/bin/ceph: stderr
2024-09-16T00:07:49.969+0000 7f697effd640 1 -- 172.21.15.33:0/1691097346 <== mon.0 v2:172.21.15.33:3300/0 3 ==== mon_map magic: 0 ==== 205+0+0 (secure 0 0 0) 0x7f6970030850 con 0x7f6980108160
2024-09-16T00:07:50.725 INFO:teuthology.orchestra.run.smithi033.stdout:/usr/bin/ceph: stderr
2024-09-16T00:07:49.970+0000 7f698656b640 1 -- 172.21.15.33:0/1691097346 >> [v2:172.21.15.33:3300/0,v1:172.21.15.33:6789/0] conn(0x7f6980108160 msgr2=0x7f698010a550 secure :-1 s=STATE_CONNECTION_ESTABLISHED l=1).mark_down
2024-09-16T00:07:50.725 INFO:teuthology.orchestra.run.smithi033.stdout:/usr/bin/ceph: stderr
2024-09-16T00:07:49.970+0000 7f698656b640 1 --2- 172.21.15.33:0/1691097346 >> [v2:172.21.15.33:3300/0,v1:172.21.15.33:6789/0] conn(0x7f6980108160 0x7f698010a550 secure :-1 s=READY pgs=41 cs=0 l=1 rev1=1 crypto rx=0x7f6970009820 tx=0x7f697002a270 comp rx=0 tx=0).stop
2024-09-16T00:07:50.725 INFO:teuthology.orchestra.run.smithi033.stdout:/usr/bin/ceph: stderr
2024-09-16T00:07:49.970+0000 7f698656b640 1 -- 172.21.15.33:0/1691097346 shutdown_connections
2024-09-16T00:07:50.725 INFO:teuthology.orchestra.run.smithi033.stdout:/usr/bin/ceph: stderr
2024-09-16T00:07:49.970+0000 7f698656b640 1 --2- 172.21.15.33:0/1691097346 >> [v2:172.21.15.33:3300/0,v1:172.21.15.33:6789/0] conn(0x7f6980108160 0x7f698010a550 unknown :-1 s=CLOSED pgs=41 cs=0 l=1 rev1=1 crypto rx=0 tx=0 comp rx=0 tx=0).stop
2024-09-16T00:07:50.726 INFO:teuthology.orchestra.run.smithi033.stdout:/usr/bin/ceph: stderr
2024-09-16T00:07:49.970+0000 7f698656b640 1 -- 172.21.15.33:0/1691097346 >> 172.21.15.33:0/1691097346 conn(0x7f6980101de0 msgr2=0x7f6980104200 unknown :-1 s=STATE_NONE l=0).mark_down
2024-09-16T00:07:50.726 INFO:teuthology.orchestra.run.smithi033.stdout:/usr/bin/ceph: stderr
2024-09-16T00:07:49.970+0000 7f698656b640 1 -- 172.21.15.33:0/1691097346 shutdown_connections
2024-09-16T00:07:50.726 INFO:teuthology.orchestra.run.smithi033.stdout:/usr/bin/ceph: stderr
2024-09-16T00:07:49.970+0000 7f698656b640 1 -- 172.21.15.33:0/1691097346 wait complete.
2024-09-16T00:07:50.726 INFO:teuthology.orchestra.run.smithi033.stdout:/usr/bin/ceph: stderr
2024-09-16T00:07:49.970+0000 7f698656b640 1 Processor -- start
2024-09-16T00:07:50.726 INFO:teuthology.orchestra.run.smithi033.stdout:/usr/bin/ceph: stderr
2024-09-16T00:07:49.970+0000 7f698656b640 1 -- start start
2024-09-16T00:07:50.726 INFO:teuthology.orchestra.run.smithi033.stdout:/usr/bin/ceph: stderr
2024-09-16T00:07:49.971+0000 7f698656b640 1 --2- >> [v2:172.21.15.33:3300/0,v1:172.21.15.33:6789/0] conn(0x7f6980108160 0x7f698019b610 unknown :-1 s=NONE pgs=0 cs=0 l=1 rev1=0 crypto rx=0 tx=0 comp rx=0 tx=0).connect
2024-09-16T00:07:50.726 INFO:teuthology.orchestra.run.smithi033.stdout:/usr/bin/ceph: stderr
2024-09-16T00:07:49.971+0000 7f698656b640 1 -- --> [v2:172.21.15.33:3300/0,v1:172.21.15.33:6789/0] -- mon_getmap magic: 0 -- 0x7f698010ba60 con 0x7f6980108160
2024-09-16T00:07:50.726 INFO:teuthology.orchestra.run.smithi033.stdout:/usr/bin/ceph: stderr
2024-09-16T00:07:49.971+0000 7f697ffff640 1 --2- >> [v2:172.21.15.33:3300/0,v1:172.21.15.33:6789/0] conn(0x7f6980108160 0x7f698019b610 unknown :-1 s=BANNER_CONNECTING pgs=0 cs=0 l=1 rev1=0 crypto rx=0 tx=0 comp rx=0 tx=0)._handle_peer_banner_payload supported=3 required=0
2024-09-16T00:07:50.726 INFO:teuthology.orchestra.run.smithi033.stdout:/usr/bin/ceph: stderr
2024-09-16T00:07:49.971+0000 7f697ffff640 1 --2- >> [v2:172.21.15.33:3300/0,v1:172.21.15.33:6789/0] conn(0x7f6980108160 0x7f698019b610 unknown :-1 s=HELLO_CONNECTING pgs=0 cs=0 l=1 rev1=1 crypto rx=0 tx=0 comp rx=0 tx=0).handle_hello peer v2:172.21.15.33:3300/0 says I am v2:172.21.15.33:37770/0 (socket says 172.21.15.33:37770)
2024-09-16T00:07:50.726 INFO:teuthology.orchestra.run.smithi033.stdout:/usr/bin/ceph: stderr
2024-09-16T00:07:49.971+0000 7f697ffff640 1 -- 172.21.15.33:0/3630759281 learned_addr learned my addr 172.21.15.33:0/3630759281 (peer_addr_for_me v2:172.21.15.33:0/0)
2024-09-16T00:07:50.726 INFO:teuthology.orchestra.run.smithi033.stdout:/usr/bin/ceph: stderr
2024-09-16T00:07:49.971+0000 7f697ffff640 1 -- 172.21.15.33:0/3630759281 --> [v2:172.21.15.33:3300/0,v1:172.21.15.33:6789/0] -- mon_subscribe({config=0+,monmap=0+}) -- 0x7f698019bb50 con 0x7f6980108160
2024-09-16T00:07:50.726 INFO:teuthology.orchestra.run.smithi033.stdout:/usr/bin/ceph: stderr
2024-09-16T00:07:49.972+0000 7f697ffff640 1 --2- 172.21.15.33:0/3630759281 >> [v2:172.21.15.33:3300/0,v1:172.21.15.33:6789/0] conn(0x7f6980108160 0x7f698019b610 secure :-1 s=READY pgs=42 cs=0 l=1 rev1=1 crypto rx=0x7f69700097f0 tx=0x7f6970030d80 comp rx=0 tx=0).ready entity=mon.0 client_cookie=0 server_cookie=0 in_seq=0 out_seq=0
2024-09-16T00:07:50.726 INFO:teuthology.orchestra.run.smithi033.stdout:/usr/bin/ceph: stderr
2024-09-16T00:07:49.972+0000 7f697d7fa640 1 -- 172.21.15.33:0/3630759281 <== mon.0 v2:172.21.15.33:3300/0 1 ==== mon_map magic: 0 ==== 205+0+0 (secure 0 0 0) 0x7f6970037040 con 0x7f6980108160
2024-09-16T00:07:50.726 INFO:teuthology.orchestra.run.smithi033.stdout:/usr/bin/ceph: stderr
2024-09-16T00:07:49.972+0000 7f698656b640 1 -- 172.21.15.33:0/3630759281 --> [v2:172.21.15.33:3300/0,v1:172.21.15.33:6789/0] -- mon_subscribe({mgrmap=0+}) -- 0x7f698019bde0 con 0x7f6980108160
2024-09-16T00:07:50.727 INFO:teuthology.orchestra.run.smithi033.stdout:/usr/bin/ceph: stderr
2024-09-16T00:07:49.972+0000 7f697d7fa640 1 -- 172.21.15.33:0/3630759281 <== mon.0 v2:172.21.15.33:3300/0 2 ==== config(27 keys) ==== 1109+0+0 (secure 0 0 0) 0x7f6970040070 con 0x7f6980108160
2024-09-16T00:07:50.727 INFO:teuthology.orchestra.run.smithi033.stdout:/usr/bin/ceph: stderr
2024-09-16T00:07:49.972+0000 7f697d7fa640 1 -- 172.21.15.33:0/3630759281 <== mon.0 v2:172.21.15.33:3300/0 3 ==== mon_map magic: 0 ==== 205+0+0 (secure 0 0 0) 0x7f697003a390 con 0x7f6980108160
2024-09-16T00:07:50.727 INFO:teuthology.orchestra.run.smithi033.stdout:/usr/bin/ceph: stderr
2024-09-16T00:07:49.972+0000 7f698656b640 1 -- 172.21.15.33:0/3630759281 --> [v2:172.21.15.33:3300/0,v1:172.21.15.33:6789/0] -- mon_subscribe({osdmap=0}) -- 0x7f698019ead0 con 0x7f6980108160
2024-09-16T00:07:50.727 INFO:teuthology.orchestra.run.smithi033.stdout:/usr/bin/ceph: stderr
2024-09-16T00:07:49.973+0000 7f697d7fa640 1 -- 172.21.15.33:0/3630759281 <== mon.0 v2:172.21.15.33:3300/0 4 ==== mgrmap(e 8) ==== 46461+0+0 (secure 0 0 0) 0x7f697003a640 con 0x7f6980108160
2024-09-16T00:07:50.727 INFO:teuthology.orchestra.run.smithi033.stdout:/usr/bin/ceph: stderr
2024-09-16T00:07:49.973+0000 7f697d7fa640 1 --2- 172.21.15.33:0/3630759281 >> [v2:172.21.15.33:6800/122116489,v1:172.21.15.33:6801/122116489] conn(0x7f6968039200 0x7f696803b6c0 unknown :-1 s=NONE pgs=0 cs=0 l=1 rev1=0 crypto rx=0 tx=0 comp rx=0 tx=0).connect
2024-09-16T00:07:50.727 INFO:teuthology.orchestra.run.smithi033.stdout:/usr/bin/ceph: stderr
2024-09-16T00:07:49.973+0000 7f697d7fa640 1 -- 172.21.15.33:0/3630759281 <== mon.0 v2:172.21.15.33:3300/0 5 ==== osd_map(2..2 src has 1..2) ==== 940+0+0 (secure 0 0 0) 0x7f697006c8d0 con 0x7f6980108160
2024-09-16T00:07:50.727 INFO:teuthology.orchestra.run.smithi033.stdout:/usr/bin/ceph: stderr
2024-09-16T00:07:49.973+0000 7f698656b640 1 -- 172.21.15.33:0/3630759281 --> [v2:172.21.15.33:3300/0,v1:172.21.15.33:6789/0] -- mon_command({"prefix": "get_command_descriptions"} v 0) -- 0x7f69801085c0 con 0x7f6980108160
2024-09-16T00:07:50.727 INFO:teuthology.orchestra.run.smithi033.stdout:/usr/bin/ceph: stderr
2024-09-16T00:07:49.973+0000 7f697f7fe640 1 --2- 172.21.15.33:0/3630759281 >> [v2:172.21.15.33:6800/122116489,v1:172.21.15.33:6801/122116489] conn(0x7f6968039200 0x7f696803b6c0 unknown :-1 s=BANNER_CONNECTING pgs=0 cs=0 l=1 rev1=0 crypto rx=0 tx=0 comp rx=0 tx=0)._handle_peer_banner_payload supported=3 required=0
2024-09-16T00:07:50.727 INFO:teuthology.orchestra.run.smithi033.stdout:/usr/bin/ceph: stderr
2024-09-16T00:07:49.974+0000 7f697f7fe640 1 --2- 172.21.15.33:0/3630759281 >> [v2:172.21.15.33:6800/122116489,v1:172.21.15.33:6801/122116489] conn(0x7f6968039200 0x7f696803b6c0 secure :-1 s=READY pgs=10 cs=0 l=1 rev1=1 crypto rx=0x7f69740098c0 tx=0x7f6974006db0 comp rx=0 tx=0).ready entity=mgr.14118 client_cookie=0 server_cookie=0 in_seq=0 out_seq=0
2024-09-16T00:07:50.727 INFO:teuthology.orchestra.run.smithi033.stdout:/usr/bin/ceph: stderr
2024-09-16T00:07:49.978+0000 7f697d7fa640 1 -- 172.21.15.33:0/3630759281 <== mon.0 v2:172.21.15.33:3300/0 6 ==== mon_command_ack([{"prefix": "get_command_descriptions"}]=0 v0) ==== 72+0+188821 (secure 0 0 0) 0x7f6970032ab0 con 0x7f6980108160
2024-09-16T00:07:50.727 INFO:teuthology.orchestra.run.smithi033.stdout:/usr/bin/ceph: stderr
2024-09-16T00:07:50.157+0000 7f698656b640 1 -- 172.21.15.33:0/3630759281 --> [v2:172.21.15.33:6800/122116489,v1:172.21.15.33:6801/122116489] -- mgr_command(tid 0: {"prefix": "cephadm get-pub-key", "target": ["mon-mgr", ""]}) -- 0x7f6980102fc0 con 0x7f6968039200
2024-09-16T00:07:50.727 INFO:teuthology.orchestra.run.smithi033.stdout:/usr/bin/ceph: stderr
2024-09-16T00:07:50.158+0000 7f697d7fa640 1 -- 172.21.15.33:0/3630759281 <== mgr.14118 v2:172.21.15.33:6800/122116489 1 ==== mgr_command_reply(tid 0: 0 ) ==== 8+0+595 (secure 0 0 0) 0x7f6980102fc0 con 0x7f6968039200
2024-09-16T00:07:50.728 INFO:teuthology.orchestra.run.smithi033.stdout:/usr/bin/ceph: stderr
2024-09-16T00:07:50.160+0000 7f698656b640 1 -- 172.21.15.33:0/3630759281 >> [v2:172.21.15.33:6800/122116489,v1:172.21.15.33:6801/122116489] conn(0x7f6968039200 msgr2=0x7f696803b6c0 secure :-1 s=STATE_CONNECTION_ESTABLISHED l=1).mark_down
2024-09-16T00:07:50.728 INFO:teuthology.orchestra.run.smithi033.stdout:/usr/bin/ceph: stderr
2024-09-16T00:07:50.160+0000 7f698656b640 1 --2- 172.21.15.33:0/3630759281 >> [v2:172.21.15.33:6800/122116489,v1:172.21.15.33:6801/122116489] conn(0x7f6968039200 0x7f696803b6c0 secure :-1 s=READY pgs=10 cs=0 l=1 rev1=1 crypto rx=0x7f69740098c0 tx=0x7f6974006db0 comp rx=0 tx=0).stop
2024-09-16T00:07:50.728 INFO:teuthology.orchestra.run.smithi033.stdout:/usr/bin/ceph: stderr
2024-09-16T00:07:50.160+0000 7f698656b640 1 -- 172.21.15.33:0/3630759281 >> [v2:172.21.15.33:3300/0,v1:172.21.15.33:6789/0] conn(0x7f6980108160 msgr2=0x7f698019b610 secure :-1 s=STATE_CONNECTION_ESTABLISHED l=1).mark_down
2024-09-16T00:07:50.728 INFO:teuthology.orchestra.run.smithi033.stdout:/usr/bin/ceph: stderr
2024-09-16T00:07:50.160+0000 7f698656b640 1 --2- 172.21.15.33:0/3630759281 >> [v2:172.21.15.33:3300/0,v1:172.21.15.33:6789/0] conn(0x7f6980108160 0x7f698019b610 secure :-1 s=READY pgs=42 cs=0 l=1 rev1=1 crypto rx=0x7f69700097f0 tx=0x7f6970030d80 comp rx=0 tx=0).stop
2024-09-16T00:07:50.728 INFO:teuthology.orchestra.run.smithi033.stdout:/usr/bin/ceph: stderr
2024-09-16T00:07:50.160+0000 7f698656b640 1 -- 172.21.15.33:0/3630759281 shutdown_connections
2024-09-16T00:07:50.728 INFO:teuthology.orchestra.run.smithi033.stdout:/usr/bin/ceph: stderr
2024-09-16T00:07:50.160+0000 7f698656b640 1 --2- 172.21.15.33:0/3630759281 >> [v2:172.21.15.33:6800/122116489,v1:172.21.15.33:6801/122116489] conn(0x7f6968039200 0x7f696803b6c0 unknown :-1 s=CLOSED pgs=10 cs=0 l=1 rev1=1 crypto rx=0 tx=0 comp rx=0 tx=0).stop
2024-09-16T00:07:50.728 INFO:teuthology.orchestra.run.smithi033.stdout:/usr/bin/ceph: stderr
2024-09-16T00:07:50.160+0000 7f698656b640 1 --2- 172.21.15.33:0/3630759281 >> [v2:172.21.15.33:3300/0,v1:172.21.15.33:6789/0] conn(0x7f6980108160 0x7f698019b610 unknown :-1 s=CLOSED pgs=42 cs=0 l=1 rev1=1 crypto rx=0 tx=0 comp rx=0 tx=0).stop
2024-09-16T00:07:50.728 INFO:teuthology.orchestra.run.smithi033.stdout:/usr/bin/ceph: stderr
2024-09-16T00:07:50.160+0000 7f698656b640 1 -- 172.21.15.33:0/3630759281 >> 172.21.15.33:0/3630759281 conn(0x7f6980101de0 msgr2=0x7f69801028b0 unknown :-1 s=STATE_NONE l=0).mark_down
2024-09-16T00:07:50.728 INFO:teuthology.orchestra.run.smithi033.stdout:/usr/bin/ceph: stderr
2024-09-16T00:07:50.160+0000 7f698656b640 1 -- 172.21.15.33:0/3630759281 shutdown_connections
2024-09-16T00:07:50.728 INFO:teuthology.orchestra.run.smithi033.stdout:/usr/bin/ceph: stderr
2024-09-16T00:07:50.160+0000 7f698656b640 1 -- 172.21.15.33:0/3630759281 wait complete.
2024-09-16T00:07:50.728 INFO:teuthology.orchestra.run.smithi033.stdout:Wrote public SSH key to /home/ubuntu/cephtest/ceph.pub
2024-09-16T00:07:50.728 INFO:teuthology.orchestra.run.smithi033.stdout:Adding key to root@localhost authorized_keys...
2024-09-16T00:07:50.729 INFO:teuthology.orchestra.run.smithi033.stdout:Adding host smithi033...
2024-09-16T00:07:52.057 INFO:journalctl@ceph.mon.a.smithi033.stdout:Sep 16 00:07:51 smithi033 ceph-mon[31243]: from='client.14138 -' entity='client.admin' cmd=[{"prefix": "orch host add", "hostname": "smithi033", "addr": "172.21.15.33", "target": ["mon-mgr", ""]}]: dispatch
2024-09-16T00:07:52.966 INFO:journalctl@ceph.mon.a.smithi033.stdout:Sep 16 00:07:52 smithi033 ceph-mon[31243]: Deploying cephadm binary to smithi033
2024-09-16T00:07:55.823 INFO:teuthology.orchestra.run.smithi033.stdout:/usr/bin/ceph: stdout Added host 'smithi033' with addr '172.21.15.33'
2024-09-16T00:07:55.824 INFO:teuthology.orchestra.run.smithi033.stdout:/usr/bin/ceph: stderr
2024-09-16T00:07:51.145+0000 7fbccde5f640 1 Processor -- start
2024-09-16T00:07:55.824 INFO:teuthology.orchestra.run.smithi033.stdout:/usr/bin/ceph: stderr
2024-09-16T00:07:51.145+0000 7fbccde5f640 1 -- start start
2024-09-16T00:07:55.824 INFO:teuthology.orchestra.run.smithi033.stdout:/usr/bin/ceph: stderr
2024-09-16T00:07:51.145+0000 7fbccde5f640 1 --2- >> [v2:172.21.15.33:3300/0,v1:172.21.15.33:6789/0] conn(0x7fbcc8107660 0x7fbcc8107a60 unknown :-1 s=NONE pgs=0 cs=0 l=0 rev1=0 crypto rx=0 tx=0 comp rx=0 tx=0).connect
2024-09-16T00:07:55.824 INFO:teuthology.orchestra.run.smithi033.stdout:/usr/bin/ceph: stderr
2024-09-16T00:07:51.145+0000 7fbccde5f640 1 -- --> [v2:172.21.15.33:3300/0,v1:172.21.15.33:6789/0] -- mon_getmap magic: 0 -- 0x7fbcc8107fa0 con 0x7fbcc8107660
2024-09-16T00:07:55.824 INFO:teuthology.orchestra.run.smithi033.stdout:/usr/bin/ceph: stderr
2024-09-16T00:07:51.145+0000 7fbcc77fe640 1 --2- >> [v2:172.21.15.33:3300/0,v1:172.21.15.33:6789/0] conn(0x7fbcc8107660 0x7fbcc8107a60 unknown :-1 s=BANNER_CONNECTING pgs=0 cs=0 l=0 rev1=0 crypto rx=0 tx=0 comp rx=0 tx=0)._handle_peer_banner_payload supported=3 required=0
2024-09-16T00:07:55.824 INFO:teuthology.orchestra.run.smithi033.stdout:/usr/bin/ceph: stderr
2024-09-16T00:07:51.145+0000 7fbcc77fe640 1 --2- >> [v2:172.21.15.33:3300/0,v1:172.21.15.33:6789/0] conn(0x7fbcc8107660 0x7fbcc8107a60 unknown :-1 s=HELLO_CONNECTING pgs=0 cs=0 l=0 rev1=1 crypto rx=0 tx=0 comp rx=0 tx=0).handle_hello peer v2:172.21.15.33:3300/0 says I am v2:172.21.15.33:36590/0 (socket says 172.21.15.33:36590)
2024-09-16T00:07:55.824 INFO:teuthology.orchestra.run.smithi033.stdout:/usr/bin/ceph: stderr
2024-09-16T00:07:51.145+0000 7fbcc77fe640 1 -- 172.21.15.33:0/3510544151 learned_addr learned my addr 172.21.15.33:0/3510544151 (peer_addr_for_me v2:172.21.15.33:0/0)
2024-09-16T00:07:55.824 INFO:teuthology.orchestra.run.smithi033.stdout:/usr/bin/ceph: stderr
2024-09-16T00:07:51.145+0000 7fbcc77fe640 1 -- 172.21.15.33:0/3510544151 --> [v2:172.21.15.33:3300/0,v1:172.21.15.33:6789/0] -- mon_subscribe({config=0+,monmap=0+}) -- 0x7fbcc8108120 con 0x7fbcc8107660
2024-09-16T00:07:55.825 INFO:teuthology.orchestra.run.smithi033.stdout:/usr/bin/ceph: stderr
2024-09-16T00:07:51.146+0000 7fbcc77fe640 1 --2- 172.21.15.33:0/3510544151 >> [v2:172.21.15.33:3300/0,v1:172.21.15.33:6789/0] conn(0x7fbcc8107660 0x7fbcc8107a60 secure :-1 s=READY pgs=43 cs=0 l=1 rev1=1 crypto rx=0x7fbcb8009820 tx=0x7fbcb802a270 comp rx=0 tx=0).ready entity=mon.0 client_cookie=15f3a36f850fa4e6 server_cookie=0 in_seq=0 out_seq=0
2024-09-16T00:07:55.830 INFO:teuthology.orchestra.run.smithi033.stdout:/usr/bin/ceph: stderr
2024-09-16T00:07:51.146+0000 7fbcc67fc640 1 -- 172.21.15.33:0/3510544151 <== mon.0 v2:172.21.15.33:3300/0 1 ==== mon_map magic: 0 ==== 205+0+0 (secure 0 0 0) 0x7fbcb8037070 con 0x7fbcc8107660
2024-09-16T00:07:55.831 INFO:teuthology.orchestra.run.smithi033.stdout:/usr/bin/ceph: stderr
2024-09-16T00:07:51.146+0000 7fbcc67fc640 1 -- 172.21.15.33:0/3510544151 <== mon.0 v2:172.21.15.33:3300/0 2 ==== config(27 keys) ==== 1109+0+0 (secure 0 0 0) 0x7fbcb8032900 con 0x7fbcc8107660
2024-09-16T00:07:55.831 INFO:teuthology.orchestra.run.smithi033.stdout:/usr/bin/ceph: stderr
2024-09-16T00:07:51.146+0000 7fbcc67fc640 1 -- 172.21.15.33:0/3510544151 <== mon.0 v2:172.21.15.33:3300/0 3 ==== mon_map magic: 0 ==== 205+0+0 (secure 0 0 0) 0x7fbcb8030850 con 0x7fbcc8107660
2024-09-16T00:07:55.831 INFO:teuthology.orchestra.run.smithi033.stdout:/usr/bin/ceph: stderr
2024-09-16T00:07:51.147+0000 7fbccde5f640 1 -- 172.21.15.33:0/3510544151 >> [v2:172.21.15.33:3300/0,v1:172.21.15.33:6789/0] conn(0x7fbcc8107660 msgr2=0x7fbcc8107a60 secure :-1 s=STATE_CONNECTION_ESTABLISHED l=1).mark_down
2024-09-16T00:07:55.831 INFO:teuthology.orchestra.run.smithi033.stdout:/usr/bin/ceph: stderr
2024-09-16T00:07:51.147+0000 7fbccde5f640 1 --2- 172.21.15.33:0/3510544151 >> [v2:172.21.15.33:3300/0,v1:172.21.15.33:6789/0] conn(0x7fbcc8107660 0x7fbcc8107a60 secure :-1 s=READY pgs=43 cs=0 l=1 rev1=1 crypto rx=0x7fbcb8009820 tx=0x7fbcb802a270 comp rx=0 tx=0).stop
2024-09-16T00:07:55.831 INFO:teuthology.orchestra.run.smithi033.stdout:/usr/bin/ceph: stderr
2024-09-16T00:07:51.147+0000 7fbccde5f640 1 -- 172.21.15.33:0/3510544151 shutdown_connections
2024-09-16T00:07:55.831 INFO:teuthology.orchestra.run.smithi033.stdout:/usr/bin/ceph: stderr
2024-09-16T00:07:51.147+0000 7fbccde5f640 1 --2- 172.21.15.33:0/3510544151 >> [v2:172.21.15.33:3300/0,v1:172.21.15.33:6789/0] conn(0x7fbcc8107660 0x7fbcc8107a60 unknown :-1 s=CLOSED pgs=43 cs=0 l=1 rev1=1 crypto rx=0 tx=0 comp rx=0 tx=0).stop
2024-09-16T00:07:55.831 INFO:teuthology.orchestra.run.smithi033.stdout:/usr/bin/ceph: stderr
2024-09-16T00:07:51.147+0000 7fbccde5f640 1 -- 172.21.15.33:0/3510544151 >> 172.21.15.33:0/3510544151 conn(0x7fbcc8102eb0 msgr2=0x7fbcc81052d0 unknown :-1 s=STATE_NONE l=0).mark_down
2024-09-16T00:07:55.831 INFO:teuthology.orchestra.run.smithi033.stdout:/usr/bin/ceph: stderr
2024-09-16T00:07:51.147+0000 7fbccde5f640 1 -- 172.21.15.33:0/3510544151 shutdown_connections
2024-09-16T00:07:55.831 INFO:teuthology.orchestra.run.smithi033.stdout:/usr/bin/ceph: stderr
2024-09-16T00:07:51.147+0000 7fbccde5f640 1 -- 172.21.15.33:0/3510544151 wait complete.
2024-09-16T00:07:55.832 INFO:teuthology.orchestra.run.smithi033.stdout:/usr/bin/ceph: stderr
2024-09-16T00:07:51.147+0000 7fbccde5f640 1 Processor -- start
2024-09-16T00:07:55.832 INFO:teuthology.orchestra.run.smithi033.stdout:/usr/bin/ceph: stderr
2024-09-16T00:07:51.148+0000 7fbccde5f640 1 -- start start
2024-09-16T00:07:55.832 INFO:teuthology.orchestra.run.smithi033.stdout:/usr/bin/ceph: stderr
2024-09-16T00:07:51.148+0000 7fbccde5f640 1 --2- >> [v2:172.21.15.33:3300/0,v1:172.21.15.33:6789/0] conn(0x7fbcc8107660 0x7fbcc819b5c0 unknown :-1 s=NONE pgs=0 cs=0 l=1 rev1=0 crypto rx=0 tx=0 comp rx=0 tx=0).connect
2024-09-16T00:07:55.832 INFO:teuthology.orchestra.run.smithi033.stdout:/usr/bin/ceph: stderr
2024-09-16T00:07:51.148+0000 7fbccde5f640 1 -- --> [v2:172.21.15.33:3300/0,v1:172.21.15.33:6789/0] -- mon_getmap magic: 0 -- 0x7fbcc810bad0 con 0x7fbcc8107660
2024-09-16T00:07:55.832 INFO:teuthology.orchestra.run.smithi033.stdout:/usr/bin/ceph: stderr
2024-09-16T00:07:51.148+0000 7fbcc77fe640 1 --2- >> [v2:172.21.15.33:3300/0,v1:172.21.15.33:6789/0] conn(0x7fbcc8107660 0x7fbcc819b5c0 unknown :-1 s=BANNER_CONNECTING pgs=0 cs=0 l=1 rev1=0 crypto rx=0 tx=0 comp rx=0 tx=0)._handle_peer_banner_payload supported=3 required=0
2024-09-16T00:07:55.832 INFO:teuthology.orchestra.run.smithi033.stdout:/usr/bin/ceph: stderr
2024-09-16T00:07:51.148+0000 7fbcc77fe640 1 --2- >> [v2:172.21.15.33:3300/0,v1:172.21.15.33:6789/0] conn(0x7fbcc8107660 0x7fbcc819b5c0 unknown :-1 s=HELLO_CONNECTING pgs=0 cs=0 l=1 rev1=1 crypto rx=0 tx=0 comp rx=0 tx=0).handle_hello peer v2:172.21.15.33:3300/0 says I am v2:172.21.15.33:36598/0 (socket says 172.21.15.33:36598)
2024-09-16T00:07:55.832 INFO:teuthology.orchestra.run.smithi033.stdout:/usr/bin/ceph: stderr
2024-09-16T00:07:51.148+0000 7fbcc77fe640 1 -- 172.21.15.33:0/63197032 learned_addr learned my addr 172.21.15.33:0/63197032 (peer_addr_for_me v2:172.21.15.33:0/0)
2024-09-16T00:07:55.832 INFO:teuthology.orchestra.run.smithi033.stdout:/usr/bin/ceph: stderr
2024-09-16T00:07:51.148+0000 7fbcc77fe640 1 -- 172.21.15.33:0/63197032 --> [v2:172.21.15.33:3300/0,v1:172.21.15.33:6789/0] -- mon_subscribe({config=0+,monmap=0+}) -- 0x7fbcc819bb00 con 0x7fbcc8107660
2024-09-16T00:07:55.832 INFO:teuthology.orchestra.run.smithi033.stdout:/usr/bin/ceph: stderr
2024-09-16T00:07:51.148+0000 7fbcc77fe640 1 --2- 172.21.15.33:0/63197032 >> [v2:172.21.15.33:3300/0,v1:172.21.15.33:6789/0] conn(0x7fbcc8107660 0x7fbcc819b5c0 secure :-1 s=READY pgs=44 cs=0 l=1 rev1=1 crypto rx=0x7fbcb8032ce0 tx=0x7fbcb8032d10 comp rx=0 tx=0).ready entity=mon.0 client_cookie=0 server_cookie=0 in_seq=0 out_seq=0
2024-09-16T00:07:55.833 INFO:teuthology.orchestra.run.smithi033.stdout:/usr/bin/ceph: stderr
2024-09-16T00:07:51.149+0000 7fbcc4ff9640 1 -- 172.21.15.33:0/63197032 <== mon.0 v2:172.21.15.33:3300/0 1 ==== mon_map magic: 0 ==== 205+0+0 (secure 0 0 0) 0x7fbcb8042070 con 0x7fbcc8107660
2024-09-16T00:07:55.833 INFO:teuthology.orchestra.run.smithi033.stdout:/usr/bin/ceph: stderr
2024-09-16T00:07:51.149+0000 7fbcc4ff9640 1 -- 172.21.15.33:0/63197032 <== mon.0 v2:172.21.15.33:3300/0 2 ==== config(27 keys) ==== 1109+0+0 (secure 0 0 0) 0x7fbcb80308c0 con 0x7fbcc8107660
2024-09-16T00:07:55.833 INFO:teuthology.orchestra.run.smithi033.stdout:/usr/bin/ceph: stderr
2024-09-16T00:07:51.149+0000 7fbccde5f640 1 -- 172.21.15.33:0/63197032 --> [v2:172.21.15.33:3300/0,v1:172.21.15.33:6789/0] -- mon_subscribe({mgrmap=0+}) -- 0x7fbcc819bd90 con 0x7fbcc8107660
2024-09-16T00:07:55.833 INFO:teuthology.orchestra.run.smithi033.stdout:/usr/bin/ceph: stderr
2024-09-16T00:07:51.149+0000 7fbcc4ff9640 1 -- 172.21.15.33:0/63197032 <== mon.0 v2:172.21.15.33:3300/0 3 ==== mon_map magic: 0 ==== 205+0+0 (secure 0 0 0) 0x7fbcb8037040 con 0x7fbcc8107660
2024-09-16T00:07:55.833 INFO:teuthology.orchestra.run.smithi033.stdout:/usr/bin/ceph: stderr
2024-09-16T00:07:51.149+0000 7fbccde5f640 1 -- 172.21.15.33:0/63197032 --> [v2:172.21.15.33:3300/0,v1:172.21.15.33:6789/0] -- mon_subscribe({osdmap=0}) -- 0x7fbcc819ea80 con 0x7fbcc8107660
2024-09-16T00:07:55.833 INFO:teuthology.orchestra.run.smithi033.stdout:/usr/bin/ceph: stderr
2024-09-16T00:07:51.150+0000 7fbcc4ff9640 1 -- 172.21.15.33:0/63197032 <== mon.0 v2:172.21.15.33:3300/0 4 ==== mgrmap(e 8) ==== 46461+0+0 (secure 0 0 0) 0x7fbcb8045070 con 0x7fbcc8107660
2024-09-16T00:07:55.833 INFO:teuthology.orchestra.run.smithi033.stdout:/usr/bin/ceph: stderr
2024-09-16T00:07:51.150+0000 7fbccde5f640 1 -- 172.21.15.33:0/63197032 --> [v2:172.21.15.33:3300/0,v1:172.21.15.33:6789/0] -- mon_command({"prefix": "get_command_descriptions"} v 0) -- 0x7fbcc8107ae0 con 0x7fbcc8107660
2024-09-16T00:07:55.833 INFO:teuthology.orchestra.run.smithi033.stdout:/usr/bin/ceph: stderr
2024-09-16T00:07:51.150+0000 7fbcc4ff9640 1 --2- 172.21.15.33:0/63197032 >> [v2:172.21.15.33:6800/122116489,v1:172.21.15.33:6801/122116489] conn(0x7fbcb00391b0 0x7fbcb003b670 unknown :-1 s=NONE pgs=0 cs=0 l=1 rev1=0 crypto rx=0 tx=0 comp rx=0 tx=0).connect
2024-09-16T00:07:55.833 INFO:teuthology.orchestra.run.smithi033.stdout:/usr/bin/ceph: stderr
2024-09-16T00:07:51.150+0000 7fbcc4ff9640 1 -- 172.21.15.33:0/63197032 <== mon.0 v2:172.21.15.33:3300/0 5 ==== osd_map(2..2 src has 1..2) ==== 940+0+0 (secure 0 0 0) 0x7fbcb806c480 con 0x7fbcc8107660
2024-09-16T00:07:55.833 INFO:teuthology.orchestra.run.smithi033.stdout:/usr/bin/ceph: stderr
2024-09-16T00:07:51.150+0000 7fbcc6ffd640 1 --2- 172.21.15.33:0/63197032 >> [v2:172.21.15.33:6800/122116489,v1:172.21.15.33:6801/122116489] conn(0x7fbcb00391b0 0x7fbcb003b670 unknown :-1 s=BANNER_CONNECTING pgs=0 cs=0 l=1 rev1=0 crypto rx=0 tx=0 comp rx=0 tx=0)._handle_peer_banner_payload supported=3 required=0
2024-09-16T00:07:55.834 INFO:teuthology.orchestra.run.smithi033.stdout:/usr/bin/ceph: stderr
2024-09-16T00:07:51.151+0000 7fbcc6ffd640 1 --2- 172.21.15.33:0/63197032 >> [v2:172.21.15.33:6800/122116489,v1:172.21.15.33:6801/122116489] conn(0x7fbcb00391b0 0x7fbcb003b670 secure :-1 s=READY pgs=11 cs=0 l=1 rev1=1 crypto rx=0x7fbcbc0098c0 tx=0x7fbcbc006db0 comp rx=0 tx=0).ready entity=mgr.14118 client_cookie=0 server_cookie=0 in_seq=0 out_seq=0
2024-09-16T00:07:55.834 INFO:teuthology.orchestra.run.smithi033.stdout:/usr/bin/ceph: stderr
2024-09-16T00:07:51.155+0000 7fbcc4ff9640 1 -- 172.21.15.33:0/63197032 <== mon.0 v2:172.21.15.33:3300/0 6 ==== mon_command_ack([{"prefix": "get_command_descriptions"}]=0 v0) ==== 72+0+188821 (secure 0 0 0) 0x7fbcb8045520 con 0x7fbcc8107660
2024-09-16T00:07:55.834 INFO:teuthology.orchestra.run.smithi033.stdout:/usr/bin/ceph: stderr
2024-09-16T00:07:51.335+0000 7fbccde5f640 1 -- 172.21.15.33:0/63197032 --> [v2:172.21.15.33:6800/122116489,v1:172.21.15.33:6801/122116489] -- mgr_command(tid 0: {"prefix": "orch host add", "hostname": "smithi033", "addr": "172.21.15.33", "target": ["mon-mgr", ""]}) -- 0x7fbcc8104060 con 0x7fbcb00391b0
2024-09-16T00:07:55.834 INFO:teuthology.orchestra.run.smithi033.stdout:/usr/bin/ceph: stderr
2024-09-16T00:07:55.223+0000 7fbcc4ff9640 1 -- 172.21.15.33:0/63197032 <== mgr.14118 v2:172.21.15.33:6800/122116489 1 ==== mgr_command_reply(tid 0: 0 ) ==== 8+0+48 (secure 0 0 0) 0x7fbcc8104060 con 0x7fbcb00391b0
2024-09-16T00:07:55.834 INFO:teuthology.orchestra.run.smithi033.stdout:/usr/bin/ceph: stderr
2024-09-16T00:07:55.226+0000 7fbccde5f640 1 -- 172.21.15.33:0/63197032 >> [v2:172.21.15.33:6800/122116489,v1:172.21.15.33:6801/122116489] conn(0x7fbcb00391b0 msgr2=0x7fbcb003b670 secure :-1 s=STATE_CONNECTION_ESTABLISHED l=1).mark_down
2024-09-16T00:07:55.834 INFO:teuthology.orchestra.run.smithi033.stdout:/usr/bin/ceph: stderr
2024-09-16T00:07:55.226+0000 7fbccde5f640 1 --2- 172.21.15.33:0/63197032 >> [v2:172.21.15.33:6800/122116489,v1:172.21.15.33:6801/122116489] conn(0x7fbcb00391b0 0x7fbcb003b670 secure :-1 s=READY pgs=11 cs=0 l=1 rev1=1 crypto rx=0x7fbcbc0098c0 tx=0x7fbcbc006db0 comp rx=0 tx=0).stop
2024-09-16T00:07:55.835 INFO:teuthology.orchestra.run.smithi033.stdout:/usr/bin/ceph: stderr
2024-09-16T00:07:55.226+0000 7fbccde5f640 1 -- 172.21.15.33:0/63197032 >> [v2:172.21.15.33:3300/0,v1:172.21.15.33:6789/0] conn(0x7fbcc8107660 msgr2=0x7fbcc819b5c0 secure :-1 s=STATE_CONNECTION_ESTABLISHED l=1).mark_down
2024-09-16T00:07:55.835 INFO:teuthology.orchestra.run.smithi033.stdout:/usr/bin/ceph: stderr
2024-09-16T00:07:55.226+0000 7fbccde5f640 1 --2- 172.21.15.33:0/63197032 >> [v2:172.21.15.33:3300/0,v1:172.21.15.33:6789/0] conn(0x7fbcc8107660 0x7fbcc819b5c0 secure :-1 s=READY pgs=44 cs=0 l=1 rev1=1 crypto rx=0x7fbcb8032ce0 tx=0x7fbcb8032d10 comp rx=0 tx=0).stop
2024-09-16T00:07:55.835 INFO:teuthology.orchestra.run.smithi033.stdout:/usr/bin/ceph: stderr
2024-09-16T00:07:55.226+0000 7fbccde5f640 1 -- 172.21.15.33:0/63197032 shutdown_connections
2024-09-16T00:07:55.835 INFO:teuthology.orchestra.run.smithi033.stdout:/usr/bin/ceph: stderr
2024-09-16T00:07:55.226+0000 7fbccde5f640 1 --2- 172.21.15.33:0/63197032 >> [v2:172.21.15.33:6800/122116489,v1:172.21.15.33:6801/122116489] conn(0x7fbcb00391b0 0x7fbcb003b670 unknown :-1 s=CLOSED pgs=11 cs=0 l=1 rev1=1 crypto rx=0 tx=0 comp rx=0 tx=0).stop
2024-09-16T00:07:55.835 INFO:teuthology.orchestra.run.smithi033.stdout:/usr/bin/ceph: stderr
2024-09-16T00:07:55.226+0000 7fbccde5f640 1 --2- 172.21.15.33:0/63197032 >> [v2:172.21.15.33:3300/0,v1:172.21.15.33:6789/0] conn(0x7fbcc8107660 0x7fbcc819b5c0 unknown :-1 s=CLOSED pgs=44 cs=0 l=1 rev1=1 crypto rx=0 tx=0 comp rx=0 tx=0).stop
2024-09-16T00:07:55.835 INFO:teuthology.orchestra.run.smithi033.stdout:/usr/bin/ceph: stderr
2024-09-16T00:07:55.226+0000 7fbccde5f640 1 -- 172.21.15.33:0/63197032 >> 172.21.15.33:0/63197032 conn(0x7fbcc8102eb0 msgr2=0x7fbcc8103950 unknown :-1 s=STATE_NONE l=0).mark_down
2024-09-16T00:07:55.835 INFO:teuthology.orchestra.run.smithi033.stdout:/usr/bin/ceph: stderr
2024-09-16T00:07:55.226+0000 7fbccde5f640 1 -- 172.21.15.33:0/63197032 shutdown_connections
2024-09-16T00:07:55.835 INFO:teuthology.orchestra.run.smithi033.stdout:/usr/bin/ceph: stderr
2024-09-16T00:07:55.226+0000 7fbccde5f640 1 -- 172.21.15.33:0/63197032 wait complete.
2024-09-16T00:07:55.835 INFO:teuthology.orchestra.run.smithi033.stdout:Deploying unmanaged mon service...
2024-09-16T00:07:56.475 INFO:journalctl@ceph.mon.a.smithi033.stdout:Sep 16 00:07:56 smithi033 ceph-mon[31243]: from='mgr.14118 172.21.15.33:0/3247662709' entity='mgr.x'
2024-09-16T00:07:56.475 INFO:journalctl@ceph.mon.a.smithi033.stdout:Sep 16 00:07:56 smithi033 ceph-mon[31243]: Added host smithi033
2024-09-16T00:07:56.476 INFO:journalctl@ceph.mon.a.smithi033.stdout:Sep 16 00:07:56 smithi033 ceph-mon[31243]: from='mgr.14118 172.21.15.33:0/3247662709' entity='mgr.x' cmd=[{"prefix": "config dump", "format": "json"}]: dispatch
2024-09-16T00:07:57.368 INFO:teuthology.orchestra.run.smithi033.stdout:/usr/bin/ceph: stdout Scheduled mon update...
2024-09-16T00:07:57.373 INFO:teuthology.orchestra.run.smithi033.stdout:/usr/bin/ceph: stderr
2024-09-16T00:07:56.252+0000 7fbecabd6640 1 Processor -- start
2024-09-16T00:07:57.373 INFO:teuthology.orchestra.run.smithi033.stdout:/usr/bin/ceph: stderr
2024-09-16T00:07:56.252+0000 7fbecabd6640 1 -- start start
2024-09-16T00:07:57.373 INFO:teuthology.orchestra.run.smithi033.stdout:/usr/bin/ceph: stderr
2024-09-16T00:07:56.252+0000 7fbecabd6640 1 --2- >> [v2:172.21.15.33:3300/0,v1:172.21.15.33:6789/0] conn(0x7fbec4108140 0x7fbec410a530 unknown :-1 s=NONE pgs=0 cs=0 l=0 rev1=0 crypto rx=0 tx=0 comp rx=0 tx=0).connect
2024-09-16T00:07:57.374 INFO:teuthology.orchestra.run.smithi033.stdout:/usr/bin/ceph: stderr
2024-09-16T00:07:56.252+0000 7fbecabd6640 1 -- --> [v2:172.21.15.33:3300/0,v1:172.21.15.33:6789/0] -- mon_getmap magic: 0 -- 0x7fbec407be70 con 0x7fbec4108140
2024-09-16T00:07:57.374 INFO:teuthology.orchestra.run.smithi033.stdout:/usr/bin/ceph: stderr
2024-09-16T00:07:56.252+0000 7fbec8972640 1 --2- >> [v2:172.21.15.33:3300/0,v1:172.21.15.33:6789/0] conn(0x7fbec4108140 0x7fbec410a530 unknown :-1 s=BANNER_CONNECTING pgs=0 cs=0 l=0 rev1=0 crypto rx=0 tx=0 comp rx=0 tx=0)._handle_peer_banner_payload supported=3 required=0
2024-09-16T00:07:57.374 INFO:teuthology.orchestra.run.smithi033.stdout:/usr/bin/ceph: stderr
2024-09-16T00:07:56.252+0000 7fbec8972640 1 --2- >> [v2:172.21.15.33:3300/0,v1:172.21.15.33:6789/0] conn(0x7fbec4108140 0x7fbec410a530 unknown :-1 s=HELLO_CONNECTING pgs=0 cs=0 l=0 rev1=1 crypto rx=0 tx=0 comp rx=0 tx=0).handle_hello peer v2:172.21.15.33:3300/0 says I am v2:172.21.15.33:36612/0 (socket says 172.21.15.33:36612)
2024-09-16T00:07:57.374 INFO:teuthology.orchestra.run.smithi033.stdout:/usr/bin/ceph: stderr
2024-09-16T00:07:56.252+0000 7fbec8972640 1 -- 172.21.15.33:0/392943816 learned_addr learned my addr 172.21.15.33:0/392943816 (peer_addr_for_me v2:172.21.15.33:0/0)
2024-09-16T00:07:57.374 INFO:teuthology.orchestra.run.smithi033.stdout:/usr/bin/ceph: stderr
2024-09-16T00:07:56.252+0000 7fbec8972640 1 -- 172.21.15.33:0/392943816 --> [v2:172.21.15.33:3300/0,v1:172.21.15.33:6789/0] -- mon_subscribe({config=0+,monmap=0+}) -- 0x7fbec410aa70 con 0x7fbec4108140
2024-09-16T00:07:57.374 INFO:teuthology.orchestra.run.smithi033.stdout:/usr/bin/ceph: stderr
2024-09-16T00:07:56.253+0000 7fbec8972640 1 --2- 172.21.15.33:0/392943816 >> [v2:172.21.15.33:3300/0,v1:172.21.15.33:6789/0] conn(0x7fbec4108140 0x7fbec410a530 secure :-1 s=READY pgs=45 cs=0 l=1 rev1=1 crypto rx=0x7fbeb4009820 tx=0x7fbeb402a270 comp rx=0 tx=0).ready entity=mon.0 client_cookie=a2b89893ff728ae2 server_cookie=0 in_seq=0 out_seq=0
2024-09-16T00:07:57.374 INFO:teuthology.orchestra.run.smithi033.stdout:/usr/bin/ceph: stderr
2024-09-16T00:07:56.253+0000 7fbec37fe640 1 -- 172.21.15.33:0/392943816 <== mon.0 v2:172.21.15.33:3300/0 1 ==== mon_map magic: 0 ==== 205+0+0 (secure 0 0 0) 0x7fbeb4037070 con 0x7fbec4108140
2024-09-16T00:07:57.374 INFO:teuthology.orchestra.run.smithi033.stdout:/usr/bin/ceph: stderr
2024-09-16T00:07:56.253+0000 7fbec37fe640 1 -- 172.21.15.33:0/392943816 <== mon.0 v2:172.21.15.33:3300/0 2 ==== config(27 keys) ==== 1109+0+0 (secure 0 0 0) 0x7fbeb4032900 con 0x7fbec4108140
2024-09-16T00:07:57.374 INFO:teuthology.orchestra.run.smithi033.stdout:/usr/bin/ceph: stderr
2024-09-16T00:07:56.253+0000 7fbec37fe640 1 -- 172.21.15.33:0/392943816 <== mon.0 v2:172.21.15.33:3300/0 3 ==== mon_map magic: 0 ==== 205+0+0 (secure 0 0 0) 0x7fbeb4030850 con 0x7fbec4108140
