2024-09-16T00:08:12.915 INFO:teuthology.orchestra.run.smithi033.stdout:/usr/bin/ceph: stderr
2024-09-16T00:08:11.275+0000 7fa284683640 1 --2- >> [v2:172.21.15.33:3300/0,v1:172.21.15.33:6789/0] conn(0x7fa27c107740 0x7fa27c107b40 unknown :-1 s=NONE pgs=0 cs=0 l=0 rev1=0 crypto rx=0 tx=0 comp rx=0 tx=0).connect
2024-09-16T00:08:12.915 INFO:teuthology.orchestra.run.smithi033.stdout:/usr/bin/ceph: stderr
2024-09-16T00:08:11.275+0000 7fa284683640 1 -- --> [v2:172.21.15.33:3300/0,v1:172.21.15.33:6789/0] -- mon_getmap magic: 0 -- 0x7fa27c108110 con 0x7fa27c107740
2024-09-16T00:08:12.915 INFO:teuthology.orchestra.run.smithi033.stdout:/usr/bin/ceph: stderr
2024-09-16T00:08:11.275+0000 7fa28241f640 1 --2- >> [v2:172.21.15.33:3300/0,v1:172.21.15.33:6789/0] conn(0x7fa27c107740 0x7fa27c107b40 unknown :-1 s=BANNER_CONNECTING pgs=0 cs=0 l=0 rev1=0 crypto rx=0 tx=0 comp rx=0 tx=0)._handle_peer_banner_payload supported=3 required=0
2024-09-16T00:08:12.915 INFO:teuthology.orchestra.run.smithi033.stdout:/usr/bin/ceph: stderr
2024-09-16T00:08:11.275+0000 7fa28241f640 1 --2- >> [v2:172.21.15.33:3300/0,v1:172.21.15.33:6789/0] conn(0x7fa27c107740 0x7fa27c107b40 unknown :-1 s=HELLO_CONNECTING pgs=0 cs=0 l=0 rev1=1 crypto rx=0 tx=0 comp rx=0 tx=0).handle_hello peer v2:172.21.15.33:3300/0 says I am v2:172.21.15.33:53126/0 (socket says 172.21.15.33:53126)
2024-09-16T00:08:12.915 INFO:teuthology.orchestra.run.smithi033.stdout:/usr/bin/ceph: stderr
2024-09-16T00:08:11.275+0000 7fa28241f640 1 -- 172.21.15.33:0/1313514106 learned_addr learned my addr 172.21.15.33:0/1313514106 (peer_addr_for_me v2:172.21.15.33:0/0)
2024-09-16T00:08:12.915 INFO:teuthology.orchestra.run.smithi033.stdout:/usr/bin/ceph: stderr
2024-09-16T00:08:11.276+0000 7fa28241f640 1 -- 172.21.15.33:0/1313514106 --> [v2:172.21.15.33:3300/0,v1:172.21.15.33:6789/0] -- mon_subscribe({config=0+,monmap=0+}) -- 0x7fa27c1088a0 con 0x7fa27c107740
2024-09-16T00:08:12.916 INFO:teuthology.orchestra.run.smithi033.stdout:/usr/bin/ceph: stderr
2024-09-16T00:08:11.276+0000 7fa28241f640 1 --2- 172.21.15.33:0/1313514106 >> [v2:172.21.15.33:3300/0,v1:172.21.15.33:6789/0] conn(0x7fa27c107740 0x7fa27c107b40 secure :-1 s=READY pgs=70 cs=0 l=1 rev1=1 crypto rx=0x7fa278009820 tx=0x7fa27802a270 comp rx=0 tx=0).ready entity=mon.0 client_cookie=c166b2d6f536cc5f server_cookie=0 in_seq=0 out_seq=0
2024-09-16T00:08:12.916 INFO:teuthology.orchestra.run.smithi033.stdout:/usr/bin/ceph: stderr
2024-09-16T00:08:11.277+0000 7fa28141d640 1 -- 172.21.15.33:0/1313514106 <== mon.0 v2:172.21.15.33:3300/0 1 ==== mon_map magic: 0 ==== 205+0+0 (secure 0 0 0) 0x7fa278037070 con 0x7fa27c107740
2024-09-16T00:08:12.916 INFO:teuthology.orchestra.run.smithi033.stdout:/usr/bin/ceph: stderr
2024-09-16T00:08:11.277+0000 7fa28141d640 1 -- 172.21.15.33:0/1313514106 <== mon.0 v2:172.21.15.33:3300/0 2 ==== config(27 keys) ==== 1140+0+0 (secure 0 0 0) 0x7fa278032920 con 0x7fa27c107740
2024-09-16T00:08:12.916 INFO:teuthology.orchestra.run.smithi033.stdout:/usr/bin/ceph: stderr
2024-09-16T00:08:11.277+0000 7fa28141d640 1 -- 172.21.15.33:0/1313514106 <== mon.0 v2:172.21.15.33:3300/0 3 ==== mon_map magic: 0 ==== 205+0+0 (secure 0 0 0) 0x7fa278030810 con 0x7fa27c107740
2024-09-16T00:08:12.916 INFO:teuthology.orchestra.run.smithi033.stdout:/usr/bin/ceph: stderr
2024-09-16T00:08:11.277+0000 7fa284683640 1 -- 172.21.15.33:0/1313514106 >> [v2:172.21.15.33:3300/0,v1:172.21.15.33:6789/0] conn(0x7fa27c107740 msgr2=0x7fa27c107b40 secure :-1 s=STATE_CONNECTION_ESTABLISHED l=1).mark_down
2024-09-16T00:08:12.916 INFO:teuthology.orchestra.run.smithi033.stdout:/usr/bin/ceph: stderr
2024-09-16T00:08:11.277+0000 7fa284683640 1 --2- 172.21.15.33:0/1313514106 >> [v2:172.21.15.33:3300/0,v1:172.21.15.33:6789/0] conn(0x7fa27c107740 0x7fa27c107b40 secure :-1 s=READY pgs=70 cs=0 l=1 rev1=1 crypto rx=0x7fa278009820 tx=0x7fa27802a270 comp rx=0 tx=0).stop
2024-09-16T00:08:12.916 INFO:teuthology.orchestra.run.smithi033.stdout:/usr/bin/ceph: stderr
2024-09-16T00:08:11.277+0000 7fa284683640 1 -- 172.21.15.33:0/1313514106 shutdown_connections
2024-09-16T00:08:12.916 INFO:teuthology.orchestra.run.smithi033.stdout:/usr/bin/ceph: stderr
2024-09-16T00:08:11.277+0000 7fa284683640 1 --2- 172.21.15.33:0/1313514106 >> [v2:172.21.15.33:3300/0,v1:172.21.15.33:6789/0] conn(0x7fa27c107740 0x7fa27c107b40 unknown :-1 s=CLOSED pgs=70 cs=0 l=1 rev1=1 crypto rx=0 tx=0 comp rx=0 tx=0).stop
2024-09-16T00:08:12.916 INFO:teuthology.orchestra.run.smithi033.stdout:/usr/bin/ceph: stderr
2024-09-16T00:08:11.277+0000 7fa284683640 1 -- 172.21.15.33:0/1313514106 >> 172.21.15.33:0/1313514106 conn(0x7fa27c102eb0 msgr2=0x7fa27c105310 unknown :-1 s=STATE_NONE l=0).mark_down
2024-09-16T00:08:12.916 INFO:teuthology.orchestra.run.smithi033.stdout:/usr/bin/ceph: stderr
2024-09-16T00:08:11.277+0000 7fa284683640 1 -- 172.21.15.33:0/1313514106 shutdown_connections
2024-09-16T00:08:12.916 INFO:teuthology.orchestra.run.smithi033.stdout:/usr/bin/ceph: stderr
2024-09-16T00:08:11.277+0000 7fa284683640 1 -- 172.21.15.33:0/1313514106 wait complete.
2024-09-16T00:08:12.916 INFO:teuthology.orchestra.run.smithi033.stdout:/usr/bin/ceph: stderr
2024-09-16T00:08:11.278+0000 7fa284683640 1 Processor -- start
2024-09-16T00:08:12.916 INFO:teuthology.orchestra.run.smithi033.stdout:/usr/bin/ceph: stderr
2024-09-16T00:08:11.278+0000 7fa284683640 1 -- start start
2024-09-16T00:08:12.917 INFO:teuthology.orchestra.run.smithi033.stdout:/usr/bin/ceph: stderr
2024-09-16T00:08:11.278+0000 7fa284683640 1 --2- >> [v2:172.21.15.33:3300/0,v1:172.21.15.33:6789/0] conn(0x7fa27c107740 0x7fa27c07db70 unknown :-1 s=NONE pgs=0 cs=0 l=1 rev1=0 crypto rx=0 tx=0 comp rx=0 tx=0).connect
2024-09-16T00:08:12.917 INFO:teuthology.orchestra.run.smithi033.stdout:/usr/bin/ceph: stderr
2024-09-16T00:08:11.278+0000 7fa284683640 1 -- --> [v2:172.21.15.33:3300/0,v1:172.21.15.33:6789/0] -- mon_getmap magic: 0 -- 0x7fa27c10bc50 con 0x7fa27c107740
2024-09-16T00:08:12.917 INFO:teuthology.orchestra.run.smithi033.stdout:/usr/bin/ceph: stderr
2024-09-16T00:08:11.278+0000 7fa28241f640 1 --2- >> [v2:172.21.15.33:3300/0,v1:172.21.15.33:6789/0] conn(0x7fa27c107740 0x7fa27c07db70 unknown :-1 s=BANNER_CONNECTING pgs=0 cs=0 l=1 rev1=0 crypto rx=0 tx=0 comp rx=0 tx=0)._handle_peer_banner_payload supported=3 required=0
2024-09-16T00:08:12.917 INFO:teuthology.orchestra.run.smithi033.stdout:/usr/bin/ceph: stderr
2024-09-16T00:08:11.278+0000 7fa28241f640 1 --2- >> [v2:172.21.15.33:3300/0,v1:172.21.15.33:6789/0] conn(0x7fa27c107740 0x7fa27c07db70 unknown :-1 s=HELLO_CONNECTING pgs=0 cs=0 l=1 rev1=1 crypto rx=0 tx=0 comp rx=0 tx=0).handle_hello peer v2:172.21.15.33:3300/0 says I am v2:172.21.15.33:53142/0 (socket says 172.21.15.33:53142)
2024-09-16T00:08:12.917 INFO:teuthology.orchestra.run.smithi033.stdout:/usr/bin/ceph: stderr
2024-09-16T00:08:11.278+0000 7fa28241f640 1 -- 172.21.15.33:0/3780946438 learned_addr learned my addr 172.21.15.33:0/3780946438 (peer_addr_for_me v2:172.21.15.33:0/0)
2024-09-16T00:08:12.917 INFO:teuthology.orchestra.run.smithi033.stdout:/usr/bin/ceph: stderr
2024-09-16T00:08:11.279+0000 7fa28241f640 1 -- 172.21.15.33:0/3780946438 --> [v2:172.21.15.33:3300/0,v1:172.21.15.33:6789/0] -- mon_subscribe({config=0+,monmap=0+}) -- 0x7fa27c07e0b0 con 0x7fa27c107740
2024-09-16T00:08:12.917 INFO:teuthology.orchestra.run.smithi033.stdout:/usr/bin/ceph: stderr
2024-09-16T00:08:11.279+0000 7fa28241f640 1 --2- 172.21.15.33:0/3780946438 >> [v2:172.21.15.33:3300/0,v1:172.21.15.33:6789/0] conn(0x7fa27c107740 0x7fa27c07db70 secure :-1 s=READY pgs=71 cs=0 l=1 rev1=1 crypto rx=0x7fa278030560 tx=0x7fa278032670 comp rx=0 tx=0).ready entity=mon.0 client_cookie=0 server_cookie=0 in_seq=0 out_seq=0
2024-09-16T00:08:12.917 INFO:teuthology.orchestra.run.smithi033.stdout:/usr/bin/ceph: stderr
2024-09-16T00:08:11.279+0000 7fa2737fe640 1 -- 172.21.15.33:0/3780946438 <== mon.0 v2:172.21.15.33:3300/0 1 ==== mon_map magic: 0 ==== 205+0+0 (secure 0 0 0) 0x7fa278037040 con 0x7fa27c107740
2024-09-16T00:08:12.917 INFO:teuthology.orchestra.run.smithi033.stdout:/usr/bin/ceph: stderr
2024-09-16T00:08:11.279+0000 7fa2737fe640 1 -- 172.21.15.33:0/3780946438 <== mon.0 v2:172.21.15.33:3300/0 2 ==== config(27 keys) ==== 1140+0+0 (secure 0 0 0) 0x7fa278040070 con 0x7fa27c107740
2024-09-16T00:08:12.917 INFO:teuthology.orchestra.run.smithi033.stdout:/usr/bin/ceph: stderr
2024-09-16T00:08:11.279+0000 7fa284683640 1 -- 172.21.15.33:0/3780946438 --> [v2:172.21.15.33:3300/0,v1:172.21.15.33:6789/0] -- mon_subscribe({mgrmap=0+}) -- 0x7fa27c07c2a0 con 0x7fa27c107740
2024-09-16T00:08:12.917 INFO:teuthology.orchestra.run.smithi033.stdout:/usr/bin/ceph: stderr
2024-09-16T00:08:11.279+0000 7fa2737fe640 1 -- 172.21.15.33:0/3780946438 <== mon.0 v2:172.21.15.33:3300/0 3 ==== mon_map magic: 0 ==== 205+0+0 (secure 0 0 0) 0x7fa27803a6d0 con 0x7fa27c107740
2024-09-16T00:08:12.917 INFO:teuthology.orchestra.run.smithi033.stdout:/usr/bin/ceph: stderr
2024-09-16T00:08:11.279+0000 7fa284683640 1 -- 172.21.15.33:0/3780946438 --> [v2:172.21.15.33:3300/0,v1:172.21.15.33:6789/0] -- mon_subscribe({osdmap=0}) -- 0x7fa27c07c7e0 con 0x7fa27c107740
2024-09-16T00:08:12.918 INFO:teuthology.orchestra.run.smithi033.stdout:/usr/bin/ceph: stderr
2024-09-16T00:08:11.280+0000 7fa2737fe640 1 -- 172.21.15.33:0/3780946438 <== mon.0 v2:172.21.15.33:3300/0 4 ==== mgrmap(e 12) ==== 46474+0+0 (secure 0 0 0) 0x7fa27803bb20 con 0x7fa27c107740
2024-09-16T00:08:12.918 INFO:teuthology.orchestra.run.smithi033.stdout:/usr/bin/ceph: stderr
2024-09-16T00:08:11.280+0000 7fa2737fe640 1 --2- 172.21.15.33:0/3780946438 >> [v2:172.21.15.33:6800/3427860355,v1:172.21.15.33:6801/3427860355] conn(0x7fa268039200 0x7fa26803b6c0 unknown :-1 s=NONE pgs=0 cs=0 l=1 rev1=0 crypto rx=0 tx=0 comp rx=0 tx=0).connect
2024-09-16T00:08:12.918 INFO:teuthology.orchestra.run.smithi033.stdout:/usr/bin/ceph: stderr
2024-09-16T00:08:11.280+0000 7fa284683640 1 -- 172.21.15.33:0/3780946438 --> [v2:172.21.15.33:3300/0,v1:172.21.15.33:6789/0] -- mon_command({"prefix": "get_command_descriptions"} v 0) -- 0x7fa27c107bc0 con 0x7fa27c107740
2024-09-16T00:08:12.918 INFO:teuthology.orchestra.run.smithi033.stdout:/usr/bin/ceph: stderr
2024-09-16T00:08:11.280+0000 7fa2737fe640 1 -- 172.21.15.33:0/3780946438 <== mon.0 v2:172.21.15.33:3300/0 5 ==== osd_map(3..3 src has 1..3) ==== 1155+0+0 (secure 0 0 0) 0x7fa27806c920 con 0x7fa27c107740
2024-09-16T00:08:12.918 INFO:teuthology.orchestra.run.smithi033.stdout:/usr/bin/ceph: stderr
2024-09-16T00:08:11.280+0000 7fa281c1e640 1 --2- 172.21.15.33:0/3780946438 >> [v2:172.21.15.33:6800/3427860355,v1:172.21.15.33:6801/3427860355] conn(0x7fa268039200 0x7fa26803b6c0 unknown :-1 s=BANNER_CONNECTING pgs=0 cs=0 l=1 rev1=0 crypto rx=0 tx=0 comp rx=0 tx=0)._handle_peer_banner_payload supported=3 required=0
2024-09-16T00:08:12.918 INFO:teuthology.orchestra.run.smithi033.stdout:/usr/bin/ceph: stderr
2024-09-16T00:08:11.281+0000 7fa281c1e640 1 --2- 172.21.15.33:0/3780946438 >> [v2:172.21.15.33:6800/3427860355,v1:172.21.15.33:6801/3427860355] conn(0x7fa268039200 0x7fa26803b6c0 secure :-1 s=READY pgs=8 cs=0 l=1 rev1=1 crypto rx=0x7fa26c0098c0 tx=0x7fa26c006db0 comp rx=0 tx=0).ready entity=mgr.14150 client_cookie=0 server_cookie=0 in_seq=0 out_seq=0
2024-09-16T00:08:12.918 INFO:teuthology.orchestra.run.smithi033.stdout:/usr/bin/ceph: stderr
2024-09-16T00:08:11.285+0000 7fa2737fe640 1 -- 172.21.15.33:0/3780946438 <== mon.0 v2:172.21.15.33:3300/0 6 ==== mon_command_ack([{"prefix": "get_command_descriptions"}]=0 v0) ==== 72+0+188821 (secure 0 0 0) 0x7fa2780328f0 con 0x7fa27c107740
2024-09-16T00:08:12.918 INFO:teuthology.orchestra.run.smithi033.stdout:/usr/bin/ceph: stderr
2024-09-16T00:08:11.489+0000 7fa284683640 1 -- 172.21.15.33:0/3780946438 --> [v2:172.21.15.33:6800/3427860355,v1:172.21.15.33:6801/3427860355] -- mgr_command(tid 0: {"prefix": "dashboard ac-user-create", "username": "admin", "rolename": "administrator", "force_password": true, "pwd_update_required": true, "target": ["mon-mgr", ""]}) -- 0x7fa27c07cf50 con 0x7fa268039200
2024-09-16T00:08:12.918 INFO:teuthology.orchestra.run.smithi033.stdout:/usr/bin/ceph: stderr
2024-09-16T00:08:11.738+0000 7fa2737fe640 1 -- 172.21.15.33:0/3780946438 <== mgr.14150 v2:172.21.15.33:6800/3427860355 1 ==== mgr_command_reply(tid 0: 0 ) ==== 8+0+252 (secure 0 0 0) 0x7fa27c07cf50 con 0x7fa268039200
2024-09-16T00:08:12.918 INFO:teuthology.orchestra.run.smithi033.stdout:/usr/bin/ceph: stderr
2024-09-16T00:08:11.740+0000 7fa284683640 1 -- 172.21.15.33:0/3780946438 >> [v2:172.21.15.33:6800/3427860355,v1:172.21.15.33:6801/3427860355] conn(0x7fa268039200 msgr2=0x7fa26803b6c0 secure :-1 s=STATE_CONNECTION_ESTABLISHED l=1).mark_down
2024-09-16T00:08:12.918 INFO:teuthology.orchestra.run.smithi033.stdout:/usr/bin/ceph: stderr
2024-09-16T00:08:11.741+0000 7fa284683640 1 --2- 172.21.15.33:0/3780946438 >> [v2:172.21.15.33:6800/3427860355,v1:172.21.15.33:6801/3427860355] conn(0x7fa268039200 0x7fa26803b6c0 secure :-1 s=READY pgs=8 cs=0 l=1 rev1=1 crypto rx=0x7fa26c0098c0 tx=0x7fa26c006db0 comp rx=0 tx=0).stop
2024-09-16T00:08:12.918 INFO:teuthology.orchestra.run.smithi033.stdout:/usr/bin/ceph: stderr
2024-09-16T00:08:11.741+0000 7fa284683640 1 -- 172.21.15.33:0/3780946438 >> [v2:172.21.15.33:3300/0,v1:172.21.15.33:6789/0] conn(0x7fa27c107740 msgr2=0x7fa27c07db70 secure :-1 s=STATE_CONNECTION_ESTABLISHED l=1).mark_down
2024-09-16T00:08:12.918 INFO:teuthology.orchestra.run.smithi033.stdout:/usr/bin/ceph: stderr
2024-09-16T00:08:11.741+0000 7fa284683640 1 --2- 172.21.15.33:0/3780946438 >> [v2:172.21.15.33:3300/0,v1:172.21.15.33:6789/0] conn(0x7fa27c107740 0x7fa27c07db70 secure :-1 s=READY pgs=71 cs=0 l=1 rev1=1 crypto rx=0x7fa278030560 tx=0x7fa278032670 comp rx=0 tx=0).stop
2024-09-16T00:08:12.918 INFO:teuthology.orchestra.run.smithi033.stdout:/usr/bin/ceph: stderr
2024-09-16T00:08:11.741+0000 7fa284683640 1 -- 172.21.15.33:0/3780946438 shutdown_connections
2024-09-16T00:08:12.919 INFO:teuthology.orchestra.run.smithi033.stdout:/usr/bin/ceph: stderr
2024-09-16T00:08:11.741+0000 7fa284683640 1 --2- 172.21.15.33:0/3780946438 >> [v2:172.21.15.33:6800/3427860355,v1:172.21.15.33:6801/3427860355] conn(0x7fa268039200 0x7fa26803b6c0 unknown :-1 s=CLOSED pgs=8 cs=0 l=1 rev1=1 crypto rx=0 tx=0 comp rx=0 tx=0).stop
2024-09-16T00:08:12.919 INFO:teuthology.orchestra.run.smithi033.stdout:/usr/bin/ceph: stderr
2024-09-16T00:08:11.741+0000 7fa284683640 1 --2- 172.21.15.33:0/3780946438 >> [v2:172.21.15.33:3300/0,v1:172.21.15.33:6789/0] conn(0x7fa27c107740 0x7fa27c07db70 unknown :-1 s=CLOSED pgs=71 cs=0 l=1 rev1=1 crypto rx=0 tx=0 comp rx=0 tx=0).stop
2024-09-16T00:08:12.919 INFO:teuthology.orchestra.run.smithi033.stdout:/usr/bin/ceph: stderr
2024-09-16T00:08:11.741+0000 7fa284683640 1 -- 172.21.15.33:0/3780946438 >> 172.21.15.33:0/3780946438 conn(0x7fa27c102eb0 msgr2=0x7fa27c103a70 unknown :-1 s=STATE_NONE l=0).mark_down
2024-09-16T00:08:12.919 INFO:teuthology.orchestra.run.smithi033.stdout:/usr/bin/ceph: stderr
2024-09-16T00:08:11.741+0000 7fa284683640 1 -- 172.21.15.33:0/3780946438 shutdown_connections
2024-09-16T00:08:12.919 INFO:teuthology.orchestra.run.smithi033.stdout:/usr/bin/ceph: stderr
2024-09-16T00:08:11.741+0000 7fa284683640 1 -- 172.21.15.33:0/3780946438 wait complete.
2024-09-16T00:08:12.919 INFO:teuthology.orchestra.run.smithi033.stdout:Fetching dashboard port number...
2024-09-16T00:08:13.788 INFO:journalctl@ceph.mon.a.smithi033.stdout:Sep 16 00:08:13 smithi033 ceph-mon[31243]: from='client.? 172.21.15.33:0/1689236018' entity='client.admin' cmd=[{"prefix": "config get", "who": "mgr", "key": "mgr/dashboard/ssl_server_port"}]: dispatch
2024-09-16T00:08:14.054 INFO:teuthology.orchestra.run.smithi033.stdout:/usr/bin/ceph: stdout 8443
2024-09-16T00:08:14.054 INFO:teuthology.orchestra.run.smithi033.stdout:/usr/bin/ceph: stderr
2024-09-16T00:08:13.308+0000 7f2943b8a640 1 Processor -- start
2024-09-16T00:08:14.054 INFO:teuthology.orchestra.run.smithi033.stdout:/usr/bin/ceph: stderr
2024-09-16T00:08:13.309+0000 7f2943b8a640 1 -- start start
2024-09-16T00:08:14.054 INFO:teuthology.orchestra.run.smithi033.stdout:/usr/bin/ceph: stderr
2024-09-16T00:08:13.309+0000 7f2943b8a640 1 --2- >> [v2:172.21.15.33:3300/0,v1:172.21.15.33:6789/0] conn(0x7f293c07de20 0x7f293c07c320 unknown :-1 s=NONE pgs=0 cs=0 l=0 rev1=0 crypto rx=0 tx=0 comp rx=0 tx=0).connect
2024-09-16T00:08:14.055 INFO:teuthology.orchestra.run.smithi033.stdout:/usr/bin/ceph: stderr
2024-09-16T00:08:13.309+0000 7f2943b8a640 1 -- --> [v2:172.21.15.33:3300/0,v1:172.21.15.33:6789/0] -- mon_getmap magic: 0 -- 0x7f293c07c860 con 0x7f293c07de20
2024-09-16T00:08:14.055 INFO:teuthology.orchestra.run.smithi033.stdout:/usr/bin/ceph: stderr
2024-09-16T00:08:13.309+0000 7f2941926640 1 --2- >> [v2:172.21.15.33:3300/0,v1:172.21.15.33:6789/0] conn(0x7f293c07de20 0x7f293c07c320 unknown :-1 s=BANNER_CONNECTING pgs=0 cs=0 l=0 rev1=0 crypto rx=0 tx=0 comp rx=0 tx=0)._handle_peer_banner_payload supported=3 required=0
2024-09-16T00:08:14.055 INFO:teuthology.orchestra.run.smithi033.stdout:/usr/bin/ceph: stderr
2024-09-16T00:08:13.309+0000 7f2941926640 1 --2- >> [v2:172.21.15.33:3300/0,v1:172.21.15.33:6789/0] conn(0x7f293c07de20 0x7f293c07c320 unknown :-1 s=HELLO_CONNECTING pgs=0 cs=0 l=0 rev1=1 crypto rx=0 tx=0 comp rx=0 tx=0).handle_hello peer v2:172.21.15.33:3300/0 says I am v2:172.21.15.33:53158/0 (socket says 172.21.15.33:53158)
2024-09-16T00:08:14.055 INFO:teuthology.orchestra.run.smithi033.stdout:/usr/bin/ceph: stderr
2024-09-16T00:08:13.309+0000 7f2941926640 1 -- 172.21.15.33:0/922856937 learned_addr learned my addr 172.21.15.33:0/922856937 (peer_addr_for_me v2:172.21.15.33:0/0)
2024-09-16T00:08:14.055 INFO:teuthology.orchestra.run.smithi033.stdout:/usr/bin/ceph: stderr
2024-09-16T00:08:13.309+0000 7f2941926640 1 -- 172.21.15.33:0/922856937 --> [v2:172.21.15.33:3300/0,v1:172.21.15.33:6789/0] -- mon_subscribe({config=0+,monmap=0+}) -- 0x7f293c07c9e0 con 0x7f293c07de20
2024-09-16T00:08:14.055 INFO:teuthology.orchestra.run.smithi033.stdout:/usr/bin/ceph: stderr
2024-09-16T00:08:13.310+0000 7f2941926640 1 --2- 172.21.15.33:0/922856937 >> [v2:172.21.15.33:3300/0,v1:172.21.15.33:6789/0] conn(0x7f293c07de20 0x7f293c07c320 secure :-1 s=READY pgs=72 cs=0 l=1 rev1=1 crypto rx=0x7f2938009820 tx=0x7f293802a270 comp rx=0 tx=0).ready entity=mon.0 client_cookie=85def289c890cd1b server_cookie=0 in_seq=0 out_seq=0
2024-09-16T00:08:14.055 INFO:teuthology.orchestra.run.smithi033.stdout:/usr/bin/ceph: stderr
2024-09-16T00:08:13.310+0000 7f2940924640 1 -- 172.21.15.33:0/922856937 <== mon.0 v2:172.21.15.33:3300/0 1 ==== mon_map magic: 0 ==== 205+0+0 (secure 0 0 0) 0x7f2938037070 con 0x7f293c07de20
2024-09-16T00:08:14.055 INFO:teuthology.orchestra.run.smithi033.stdout:/usr/bin/ceph: stderr
2024-09-16T00:08:13.310+0000 7f2940924640 1 -- 172.21.15.33:0/922856937 <== mon.0 v2:172.21.15.33:3300/0 2 ==== config(27 keys) ==== 1140+0+0 (secure 0 0 0) 0x7f2938032920 con 0x7f293c07de20
2024-09-16T00:08:14.055 INFO:teuthology.orchestra.run.smithi033.stdout:/usr/bin/ceph: stderr
2024-09-16T00:08:13.310+0000 7f2940924640 1 -- 172.21.15.33:0/922856937 <== mon.0 v2:172.21.15.33:3300/0 3 ==== mon_map magic: 0 ==== 205+0+0 (secure 0 0 0) 0x7f2938030810 con 0x7f293c07de20
2024-09-16T00:08:14.055 INFO:teuthology.orchestra.run.smithi033.stdout:/usr/bin/ceph: stderr
2024-09-16T00:08:13.311+0000 7f2943b8a640 1 -- 172.21.15.33:0/922856937 >> [v2:172.21.15.33:3300/0,v1:172.21.15.33:6789/0] conn(0x7f293c07de20 msgr2=0x7f293c07c320 secure :-1 s=STATE_CONNECTION_ESTABLISHED l=1).mark_down
2024-09-16T00:08:14.055 INFO:teuthology.orchestra.run.smithi033.stdout:/usr/bin/ceph: stderr
2024-09-16T00:08:13.311+0000 7f2943b8a640 1 --2- 172.21.15.33:0/922856937 >> [v2:172.21.15.33:3300/0,v1:172.21.15.33:6789/0] conn(0x7f293c07de20 0x7f293c07c320 secure :-1 s=READY pgs=72 cs=0 l=1 rev1=1 crypto rx=0x7f2938009820 tx=0x7f293802a270 comp rx=0 tx=0).stop
2024-09-16T00:08:14.055 INFO:teuthology.orchestra.run.smithi033.stdout:/usr/bin/ceph: stderr
2024-09-16T00:08:13.311+0000 7f2943b8a640 1 -- 172.21.15.33:0/922856937 shutdown_connections
2024-09-16T00:08:14.055 INFO:teuthology.orchestra.run.smithi033.stdout:/usr/bin/ceph: stderr
2024-09-16T00:08:13.311+0000 7f2943b8a640 1 --2- 172.21.15.33:0/922856937 >> [v2:172.21.15.33:3300/0,v1:172.21.15.33:6789/0] conn(0x7f293c07de20 0x7f293c07c320 unknown :-1 s=CLOSED pgs=72 cs=0 l=1 rev1=1 crypto rx=0 tx=0 comp rx=0 tx=0).stop
2024-09-16T00:08:14.056 INFO:teuthology.orchestra.run.smithi033.stdout:/usr/bin/ceph: stderr
2024-09-16T00:08:13.311+0000 7f2943b8a640 1 -- 172.21.15.33:0/922856937 >> 172.21.15.33:0/922856937 conn(0x7f293c102eb0 msgr2=0x7f293c105310 unknown :-1 s=STATE_NONE l=0).mark_down
2024-09-16T00:08:14.056 INFO:teuthology.orchestra.run.smithi033.stdout:/usr/bin/ceph: stderr
2024-09-16T00:08:13.311+0000 7f2943b8a640 1 -- 172.21.15.33:0/922856937 shutdown_connections
2024-09-16T00:08:14.056 INFO:teuthology.orchestra.run.smithi033.stdout:/usr/bin/ceph: stderr
2024-09-16T00:08:13.311+0000 7f2943b8a640 1 -- 172.21.15.33:0/922856937 wait complete.
2024-09-16T00:08:14.056 INFO:teuthology.orchestra.run.smithi033.stdout:/usr/bin/ceph: stderr
2024-09-16T00:08:13.311+0000 7f2943b8a640 1 Processor -- start
2024-09-16T00:08:14.056 INFO:teuthology.orchestra.run.smithi033.stdout:/usr/bin/ceph: stderr
2024-09-16T00:08:13.312+0000 7f2943b8a640 1 -- start start
2024-09-16T00:08:14.056 INFO:teuthology.orchestra.run.smithi033.stdout:/usr/bin/ceph: stderr
2024-09-16T00:08:13.312+0000 7f2943b8a640 1 --2- >> [v2:172.21.15.33:3300/0,v1:172.21.15.33:6789/0] conn(0x7f293c07de20 0x7f293c19d8c0 unknown :-1 s=NONE pgs=0 cs=0 l=1 rev1=0 crypto rx=0 tx=0 comp rx=0 tx=0).connect
2024-09-16T00:08:14.056 INFO:teuthology.orchestra.run.smithi033.stdout:/usr/bin/ceph: stderr
2024-09-16T00:08:13.312+0000 7f2943b8a640 1 -- --> [v2:172.21.15.33:3300/0,v1:172.21.15.33:6789/0] -- mon_getmap magic: 0 -- 0x7f293c10dcc0 con 0x7f293c07de20
2024-09-16T00:08:14.056 INFO:teuthology.orchestra.run.smithi033.stdout:/usr/bin/ceph: stderr
2024-09-16T00:08:13.312+0000 7f2941926640 1 --2- >> [v2:172.21.15.33:3300/0,v1:172.21.15.33:6789/0] conn(0x7f293c07de20 0x7f293c19d8c0 unknown :-1 s=BANNER_CONNECTING pgs=0 cs=0 l=1 rev1=0 crypto rx=0 tx=0 comp rx=0 tx=0)._handle_peer_banner_payload supported=3 required=0
2024-09-16T00:08:14.056 INFO:teuthology.orchestra.run.smithi033.stdout:/usr/bin/ceph: stderr
2024-09-16T00:08:13.312+0000 7f2941926640 1 --2- >> [v2:172.21.15.33:3300/0,v1:172.21.15.33:6789/0] conn(0x7f293c07de20 0x7f293c19d8c0 unknown :-1 s=HELLO_CONNECTING pgs=0 cs=0 l=1 rev1=1 crypto rx=0 tx=0 comp rx=0 tx=0).handle_hello peer v2:172.21.15.33:3300/0 says I am v2:172.21.15.33:53174/0 (socket says 172.21.15.33:53174)
2024-09-16T00:08:14.056 INFO:teuthology.orchestra.run.smithi033.stdout:/usr/bin/ceph: stderr
2024-09-16T00:08:13.312+0000 7f2941926640 1 -- 172.21.15.33:0/1689236018 learned_addr learned my addr 172.21.15.33:0/1689236018 (peer_addr_for_me v2:172.21.15.33:0/0)
2024-09-16T00:08:14.056 INFO:teuthology.orchestra.run.smithi033.stdout:/usr/bin/ceph: stderr
2024-09-16T00:08:13.312+0000 7f2941926640 1 -- 172.21.15.33:0/1689236018 --> [v2:172.21.15.33:3300/0,v1:172.21.15.33:6789/0] -- mon_subscribe({config=0+,monmap=0+}) -- 0x7f293c19de00 con 0x7f293c07de20
2024-09-16T00:08:14.056 INFO:teuthology.orchestra.run.smithi033.stdout:/usr/bin/ceph: stderr
2024-09-16T00:08:13.312+0000 7f2941926640 1 --2- 172.21.15.33:0/1689236018 >> [v2:172.21.15.33:3300/0,v1:172.21.15.33:6789/0] conn(0x7f293c07de20 0x7f293c19d8c0 secure :-1 s=READY pgs=73 cs=0 l=1 rev1=1 crypto rx=0x7f2938030420 tx=0x7f2938032670 comp rx=0 tx=0).ready entity=mon.0 client_cookie=0 server_cookie=0 in_seq=0 out_seq=0
2024-09-16T00:08:14.057 INFO:teuthology.orchestra.run.smithi033.stdout:/usr/bin/ceph: stderr
2024-09-16T00:08:13.312+0000 7f2932ffd640 1 -- 172.21.15.33:0/1689236018 <== mon.0 v2:172.21.15.33:3300/0 1 ==== mon_map magic: 0 ==== 205+0+0 (secure 0 0 0) 0x7f2938037040 con 0x7f293c07de20
2024-09-16T00:08:14.057 INFO:teuthology.orchestra.run.smithi033.stdout:/usr/bin/ceph: stderr
2024-09-16T00:08:13.312+0000 7f2932ffd640 1 -- 172.21.15.33:0/1689236018 <== mon.0 v2:172.21.15.33:3300/0 2 ==== config(27 keys) ==== 1140+0+0 (secure 0 0 0) 0x7f2938040070 con 0x7f293c07de20
2024-09-16T00:08:14.057 INFO:teuthology.orchestra.run.smithi033.stdout:/usr/bin/ceph: stderr
2024-09-16T00:08:13.313+0000 7f2932ffd640 1 -- 172.21.15.33:0/1689236018 <== mon.0 v2:172.21.15.33:3300/0 3 ==== mon_map magic: 0 ==== 205+0+0 (secure 0 0 0) 0x7f293803a6e0 con 0x7f293c07de20
2024-09-16T00:08:14.057 INFO:teuthology.orchestra.run.smithi033.stdout:/usr/bin/ceph: stderr
2024-09-16T00:08:13.313+0000 7f2943b8a640 1 -- 172.21.15.33:0/1689236018 --> [v2:172.21.15.33:3300/0,v1:172.21.15.33:6789/0] -- mon_subscribe({mgrmap=0+}) -- 0x7f293c19e090 con 0x7f293c07de20
2024-09-16T00:08:14.057 INFO:teuthology.orchestra.run.smithi033.stdout:/usr/bin/ceph: stderr
2024-09-16T00:08:13.313+0000 7f2943b8a640 1 -- 172.21.15.33:0/1689236018 --> [v2:172.21.15.33:3300/0,v1:172.21.15.33:6789/0] -- mon_subscribe({osdmap=0}) -- 0x7f293c1a0d80 con 0x7f293c07de20
2024-09-16T00:08:14.057 INFO:teuthology.orchestra.run.smithi033.stdout:/usr/bin/ceph: stderr
2024-09-16T00:08:13.313+0000 7f2932ffd640 1 -- 172.21.15.33:0/1689236018 <== mon.0 v2:172.21.15.33:3300/0 4 ==== mgrmap(e 12) ==== 46474+0+0 (secure 0 0 0) 0x7f293803bb20 con 0x7f293c07de20
2024-09-16T00:08:14.057 INFO:teuthology.orchestra.run.smithi033.stdout:/usr/bin/ceph: stderr
2024-09-16T00:08:13.314+0000 7f2943b8a640 1 -- 172.21.15.33:0/1689236018 --> [v2:172.21.15.33:3300/0,v1:172.21.15.33:6789/0] -- mon_command({"prefix": "get_command_descriptions"} v 0) -- 0x7f293c07c3a0 con 0x7f293c07de20
2024-09-16T00:08:14.057 INFO:teuthology.orchestra.run.smithi033.stdout:/usr/bin/ceph: stderr
2024-09-16T00:08:13.314+0000 7f2932ffd640 1 --2- 172.21.15.33:0/1689236018 >> [v2:172.21.15.33:6800/3427860355,v1:172.21.15.33:6801/3427860355] conn(0x7f2928039260 0x7f292803b720 unknown :-1 s=NONE pgs=0 cs=0 l=1 rev1=0 crypto rx=0 tx=0 comp rx=0 tx=0).connect
2024-09-16T00:08:14.057 INFO:teuthology.orchestra.run.smithi033.stdout:/usr/bin/ceph: stderr
2024-09-16T00:08:13.314+0000 7f2932ffd640 1 -- 172.21.15.33:0/1689236018 <== mon.0 v2:172.21.15.33:3300/0 5 ==== osd_map(3..3 src has 1..3) ==== 1155+0+0 (secure 0 0 0) 0x7f293806c990 con 0x7f293c07de20
2024-09-16T00:08:14.057 INFO:teuthology.orchestra.run.smithi033.stdout:/usr/bin/ceph: stderr
2024-09-16T00:08:13.314+0000 7f2941125640 1 --2- 172.21.15.33:0/1689236018 >> [v2:172.21.15.33:6800/3427860355,v1:172.21.15.33:6801/3427860355] conn(0x7f2928039260 0x7f292803b720 unknown :-1 s=BANNER_CONNECTING pgs=0 cs=0 l=1 rev1=0 crypto rx=0 tx=0 comp rx=0 tx=0)._handle_peer_banner_payload supported=3 required=0
2024-09-16T00:08:14.057 INFO:teuthology.orchestra.run.smithi033.stdout:/usr/bin/ceph: stderr
2024-09-16T00:08:13.314+0000 7f2941125640 1 --2- 172.21.15.33:0/1689236018 >> [v2:172.21.15.33:6800/3427860355,v1:172.21.15.33:6801/3427860355] conn(0x7f2928039260 0x7f292803b720 secure :-1 s=READY pgs=9 cs=0 l=1 rev1=1 crypto rx=0x7f292c0098c0 tx=0x7f292c006db0 comp rx=0 tx=0).ready entity=mgr.14150 client_cookie=0 server_cookie=0 in_seq=0 out_seq=0
2024-09-16T00:08:14.057 INFO:teuthology.orchestra.run.smithi033.stdout:/usr/bin/ceph: stderr
2024-09-16T00:08:13.318+0000 7f2932ffd640 1 -- 172.21.15.33:0/1689236018 <== mon.0 v2:172.21.15.33:3300/0 6 ==== mon_command_ack([{"prefix": "get_command_descriptions"}]=0 v0) ==== 72+0+188821 (secure 0 0 0) 0x7f2938043360 con 0x7f293c07de20
2024-09-16T00:08:14.057 INFO:teuthology.orchestra.run.smithi033.stdout:/usr/bin/ceph: stderr
2024-09-16T00:08:13.496+0000 7f2943b8a640 1 -- 172.21.15.33:0/1689236018 --> [v2:172.21.15.33:3300/0,v1:172.21.15.33:6789/0] -- mon_command({"prefix": "config get", "who": "mgr", "key": "mgr/dashboard/ssl_server_port"} v 0) -- 0x7f293c1a0f50 con 0x7f293c07de20
2024-09-16T00:08:14.058 INFO:teuthology.orchestra.run.smithi033.stdout:/usr/bin/ceph: stderr
2024-09-16T00:08:13.497+0000 7f2932ffd640 1 -- 172.21.15.33:0/1689236018 <== mon.0 v2:172.21.15.33:3300/0 7 ==== mon_command_ack([{"prefix": "config get", "who": "mgr", "key": "mgr/dashboard/ssl_server_port"}]=0 v8) ==== 112+0+5 (secure 0 0 0) 0x7f2938040220 con 0x7f293c07de20
2024-09-16T00:08:14.058 INFO:teuthology.orchestra.run.smithi033.stdout:/usr/bin/ceph: stderr
2024-09-16T00:08:13.499+0000 7f2943b8a640 1 -- 172.21.15.33:0/1689236018 >> [v2:172.21.15.33:6800/3427860355,v1:172.21.15.33:6801/3427860355] conn(0x7f2928039260 msgr2=0x7f292803b720 secure :-1 s=STATE_CONNECTION_ESTABLISHED l=1).mark_down
2024-09-16T00:08:14.058 INFO:teuthology.orchestra.run.smithi033.stdout:/usr/bin/ceph: stderr
2024-09-16T00:08:13.499+0000 7f2943b8a640 1 --2- 172.21.15.33:0/1689236018 >> [v2:172.21.15.33:6800/3427860355,v1:172.21.15.33:6801/3427860355] conn(0x7f2928039260 0x7f292803b720 secure :-1 s=READY pgs=9 cs=0 l=1 rev1=1 crypto rx=0x7f292c0098c0 tx=0x7f292c006db0 comp rx=0 tx=0).stop
2024-09-16T00:08:14.058 INFO:teuthology.orchestra.run.smithi033.stdout:/usr/bin/ceph: stderr
2024-09-16T00:08:13.499+0000 7f2943b8a640 1 -- 172.21.15.33:0/1689236018 >> [v2:172.21.15.33:3300/0,v1:172.21.15.33:6789/0] conn(0x7f293c07de20 msgr2=0x7f293c19d8c0 secure :-1 s=STATE_CONNECTION_ESTABLISHED l=1).mark_down
2024-09-16T00:08:14.058 INFO:teuthology.orchestra.run.smithi033.stdout:/usr/bin/ceph: stderr
2024-09-16T00:08:13.499+0000 7f2943b8a640 1 --2- 172.21.15.33:0/1689236018 >> [v2:172.21.15.33:3300/0,v1:172.21.15.33:6789/0] conn(0x7f293c07de20 0x7f293c19d8c0 secure :-1 s=READY pgs=73 cs=0 l=1 rev1=1 crypto rx=0x7f2938030420 tx=0x7f2938032670 comp rx=0 tx=0).stop
2024-09-16T00:08:14.058 INFO:teuthology.orchestra.run.smithi033.stdout:/usr/bin/ceph: stderr
2024-09-16T00:08:13.499+0000 7f2943b8a640 1 -- 172.21.15.33:0/1689236018 shutdown_connections
2024-09-16T00:08:14.058 INFO:teuthology.orchestra.run.smithi033.stdout:/usr/bin/ceph: stderr
2024-09-16T00:08:13.499+0000 7f2943b8a640 1 --2- 172.21.15.33:0/1689236018 >> [v2:172.21.15.33:6800/3427860355,v1:172.21.15.33:6801/3427860355] conn(0x7f2928039260 0x7f292803b720 unknown :-1 s=CLOSED pgs=9 cs=0 l=1 rev1=1 crypto rx=0 tx=0 comp rx=0 tx=0).stop
2024-09-16T00:08:14.058 INFO:teuthology.orchestra.run.smithi033.stdout:/usr/bin/ceph: stderr
2024-09-16T00:08:13.499+0000 7f2943b8a640 1 --2- 172.21.15.33:0/1689236018 >> [v2:172.21.15.33:3300/0,v1:172.21.15.33:6789/0] conn(0x7f293c07de20 0x7f293c19d8c0 unknown :-1 s=CLOSED pgs=73 cs=0 l=1 rev1=1 crypto rx=0 tx=0 comp rx=0 tx=0).stop
2024-09-16T00:08:14.058 INFO:teuthology.orchestra.run.smithi033.stdout:/usr/bin/ceph: stderr
2024-09-16T00:08:13.499+0000 7f2943b8a640 1 -- 172.21.15.33:0/1689236018 >> 172.21.15.33:0/1689236018 conn(0x7f293c102eb0 msgr2=0x7f293c103ad0 unknown :-1 s=STATE_NONE l=0).mark_down
2024-09-16T00:08:14.058 INFO:teuthology.orchestra.run.smithi033.stdout:/usr/bin/ceph: stderr
2024-09-16T00:08:13.499+0000 7f2943b8a640 1 -- 172.21.15.33:0/1689236018 shutdown_connections
2024-09-16T00:08:14.058 INFO:teuthology.orchestra.run.smithi033.stdout:/usr/bin/ceph: stderr
2024-09-16T00:08:13.499+0000 7f2943b8a640 1 -- 172.21.15.33:0/1689236018 wait complete.
2024-09-16T00:08:14.062 INFO:teuthology.orchestra.run.smithi033.stdout:Non-zero exit code 1 from systemctl is-enabled firewalld.service
2024-09-16T00:08:14.062 INFO:teuthology.orchestra.run.smithi033.stdout:systemctl: stdout disabled
2024-09-16T00:08:14.070 INFO:teuthology.orchestra.run.smithi033.stdout:Non-zero exit code 3 from systemctl is-active firewalld.service
2024-09-16T00:08:14.070 INFO:teuthology.orchestra.run.smithi033.stdout:systemctl: stdout inactive
2024-09-16T00:08:14.070 INFO:teuthology.orchestra.run.smithi033.stdout:firewalld.service is not enabled
2024-09-16T00:08:14.070 INFO:teuthology.orchestra.run.smithi033.stdout:Not possible to open ports <[8443]>. firewalld.service is not available
2024-09-16T00:08:14.072 INFO:teuthology.orchestra.run.smithi033.stdout:Ceph Dashboard is now available at:
2024-09-16T00:08:14.072 INFO:teuthology.orchestra.run.smithi033.stdout:
2024-09-16T00:08:14.072 INFO:teuthology.orchestra.run.smithi033.stdout: URL: https://smithi033.front.sepia.ceph.com:8443/
2024-09-16T00:08:14.072 INFO:teuthology.orchestra.run.smithi033.stdout: User: admin
2024-09-16T00:08:14.072 INFO:teuthology.orchestra.run.smithi033.stdout: Password: kwf1h8476b
2024-09-16T00:08:14.072 INFO:teuthology.orchestra.run.smithi033.stdout:
2024-09-16T00:08:14.073 INFO:teuthology.orchestra.run.smithi033.stdout:Saving cluster configuration to /var/lib/ceph/7dde3d1a-73bf-11ef-bceb-c7b262605968/config directory
2024-09-16T00:08:15.311 INFO:teuthology.orchestra.run.smithi033.stdout:/usr/bin/ceph: stderr
2024-09-16T00:08:14.481+0000 7f2ee61fc640 1 Processor -- start
2024-09-16T00:08:15.311 INFO:teuthology.orchestra.run.smithi033.stdout:/usr/bin/ceph: stderr
2024-09-16T00:08:14.481+0000 7f2ee61fc640 1 -- start start
2024-09-16T00:08:15.311 INFO:teuthology.orchestra.run.smithi033.stdout:/usr/bin/ceph: stderr
2024-09-16T00:08:14.481+0000 7f2ee61fc640 1 --2- >> [v2:172.21.15.33:3300/0,v1:172.21.15.33:6789/0] conn(0x7f2ee0107660 0x7f2ee0107a60 unknown :-1 s=NONE pgs=0 cs=0 l=0 rev1=0 crypto rx=0 tx=0 comp rx=0 tx=0).connect
2024-09-16T00:08:15.311 INFO:teuthology.orchestra.run.smithi033.stdout:/usr/bin/ceph: stderr
2024-09-16T00:08:14.481+0000 7f2ee61fc640 1 -- --> [v2:172.21.15.33:3300/0,v1:172.21.15.33:6789/0] -- mon_getmap magic: 0 -- 0x7f2ee0107fa0 con 0x7f2ee0107660
2024-09-16T00:08:15.311 INFO:teuthology.orchestra.run.smithi033.stdout:/usr/bin/ceph: stderr
2024-09-16T00:08:14.482+0000 7f2edf7fe640 1 --2- >> [v2:172.21.15.33:3300/0,v1:172.21.15.33:6789/0] conn(0x7f2ee0107660 0x7f2ee0107a60 unknown :-1 s=BANNER_CONNECTING pgs=0 cs=0 l=0 rev1=0 crypto rx=0 tx=0 comp rx=0 tx=0)._handle_peer_banner_payload supported=3 required=0
2024-09-16T00:08:15.311 INFO:teuthology.orchestra.run.smithi033.stdout:/usr/bin/ceph: stderr
2024-09-16T00:08:14.482+0000 7f2edf7fe640 1 --2- >> [v2:172.21.15.33:3300/0,v1:172.21.15.33:6789/0] conn(0x7f2ee0107660 0x7f2ee0107a60 unknown :-1 s=HELLO_CONNECTING pgs=0 cs=0 l=0 rev1=1 crypto rx=0 tx=0 comp rx=0 tx=0).handle_hello peer v2:172.21.15.33:3300/0 says I am v2:172.21.15.33:53188/0 (socket says 172.21.15.33:53188)
2024-09-16T00:08:15.312 INFO:teuthology.orchestra.run.smithi033.stdout:/usr/bin/ceph: stderr
2024-09-16T00:08:14.482+0000 7f2edf7fe640 1 -- 172.21.15.33:0/3788239227 learned_addr learned my addr 172.21.15.33:0/3788239227 (peer_addr_for_me v2:172.21.15.33:0/0)
2024-09-16T00:08:15.312 INFO:teuthology.orchestra.run.smithi033.stdout:/usr/bin/ceph: stderr
2024-09-16T00:08:14.482+0000 7f2edf7fe640 1 -- 172.21.15.33:0/3788239227 --> [v2:172.21.15.33:3300/0,v1:172.21.15.33:6789/0] -- mon_subscribe({config=0+,monmap=0+}) -- 0x7f2ee0108120 con 0x7f2ee0107660
2024-09-16T00:08:15.312 INFO:teuthology.orchestra.run.smithi033.stdout:/usr/bin/ceph: stderr
2024-09-16T00:08:14.483+0000 7f2edf7fe640 1 --2- 172.21.15.33:0/3788239227 >> [v2:172.21.15.33:3300/0,v1:172.21.15.33:6789/0] conn(0x7f2ee0107660 0x7f2ee0107a60 secure :-1 s=READY pgs=74 cs=0 l=1 rev1=1 crypto rx=0x7f2ed0009e80 tx=0x7f2ed002a7a0 comp rx=0 tx=0).ready entity=mon.0 client_cookie=53b620afe560df57 server_cookie=0 in_seq=0 out_seq=0
2024-09-16T00:08:15.312 INFO:teuthology.orchestra.run.smithi033.stdout:/usr/bin/ceph: stderr
2024-09-16T00:08:14.483+0000 7f2ede7fc640 1 -- 172.21.15.33:0/3788239227 <== mon.0 v2:172.21.15.33:3300/0 1 ==== mon_map magic: 0 ==== 205+0+0 (secure 0 0 0) 0x7f2ed0036070 con 0x7f2ee0107660
2024-09-16T00:08:15.312 INFO:teuthology.orchestra.run.smithi033.stdout:/usr/bin/ceph: stderr
2024-09-16T00:08:14.483+0000 7f2ede7fc640 1 -- 172.21.15.33:0/3788239227 <== mon.0 v2:172.21.15.33:3300/0 2 ==== config(27 keys) ==== 1140+0+0 (secure 0 0 0) 0x7f2ed00318e0 con 0x7f2ee0107660
2024-09-16T00:08:15.312 INFO:teuthology.orchestra.run.smithi033.stdout:/usr/bin/ceph: stderr
2024-09-16T00:08:14.483+0000 7f2ede7fc640 1 -- 172.21.15.33:0/3788239227 <== mon.0 v2:172.21.15.33:3300/0 3 ==== mon_map magic: 0 ==== 205+0+0 (secure 0 0 0) 0x7f2ed0007a00 con 0x7f2ee0107660
2024-09-16T00:08:15.312 INFO:teuthology.orchestra.run.smithi033.stdout:/usr/bin/ceph: stderr
2024-09-16T00:08:14.483+0000 7f2ee61fc640 1 -- 172.21.15.33:0/3788239227 >> [v2:172.21.15.33:3300/0,v1:172.21.15.33:6789/0] conn(0x7f2ee0107660 msgr2=0x7f2ee0107a60 secure :-1 s=STATE_CONNECTION_ESTABLISHED l=1).mark_down
2024-09-16T00:08:15.312 INFO:teuthology.orchestra.run.smithi033.stdout:/usr/bin/ceph: stderr
2024-09-16T00:08:14.483+0000 7f2ee61fc640 1 --2- 172.21.15.33:0/3788239227 >> [v2:172.21.15.33:3300/0,v1:172.21.15.33:6789/0] conn(0x7f2ee0107660 0x7f2ee0107a60 secure :-1 s=READY pgs=74 cs=0 l=1 rev1=1 crypto rx=0x7f2ed0009e80 tx=0x7f2ed002a7a0 comp rx=0 tx=0).stop
2024-09-16T00:08:15.312 INFO:teuthology.orchestra.run.smithi033.stdout:/usr/bin/ceph: stderr
2024-09-16T00:08:14.483+0000 7f2ee61fc640 1 -- 172.21.15.33:0/3788239227 shutdown_connections
2024-09-16T00:08:15.312 INFO:teuthology.orchestra.run.smithi033.stdout:/usr/bin/ceph: stderr
2024-09-16T00:08:14.483+0000 7f2ee61fc640 1 --2- 172.21.15.33:0/3788239227 >> [v2:172.21.15.33:3300/0,v1:172.21.15.33:6789/0] conn(0x7f2ee0107660 0x7f2ee0107a60 unknown :-1 s=CLOSED pgs=74 cs=0 l=1 rev1=1 crypto rx=0 tx=0 comp rx=0 tx=0).stop
2024-09-16T00:08:15.312 INFO:teuthology.orchestra.run.smithi033.stdout:/usr/bin/ceph: stderr
2024-09-16T00:08:14.483+0000 7f2ee61fc640 1 -- 172.21.15.33:0/3788239227 >> 172.21.15.33:0/3788239227 conn(0x7f2ee0102eb0 msgr2=0x7f2ee01052d0 unknown :-1 s=STATE_NONE l=0).mark_down
2024-09-16T00:08:15.312 INFO:teuthology.orchestra.run.smithi033.stdout:/usr/bin/ceph: stderr
2024-09-16T00:08:14.484+0000 7f2ee61fc640 1 -- 172.21.15.33:0/3788239227 shutdown_connections
2024-09-16T00:08:15.313 INFO:teuthology.orchestra.run.smithi033.stdout:/usr/bin/ceph: stderr
2024-09-16T00:08:14.484+0000 7f2ee61fc640 1 -- 172.21.15.33:0/3788239227 wait complete.
2024-09-16T00:08:15.313 INFO:teuthology.orchestra.run.smithi033.stdout:/usr/bin/ceph: stderr
2024-09-16T00:08:14.484+0000 7f2ee61fc640 1 Processor -- start
2024-09-16T00:08:15.313 INFO:teuthology.orchestra.run.smithi033.stdout:/usr/bin/ceph: stderr
2024-09-16T00:08:14.484+0000 7f2ee61fc640 1 -- start start
2024-09-16T00:08:15.313 INFO:teuthology.orchestra.run.smithi033.stdout:/usr/bin/ceph: stderr
2024-09-16T00:08:14.485+0000 7f2ee61fc640 1 --2- >> [v2:172.21.15.33:3300/0,v1:172.21.15.33:6789/0] conn(0x7f2ee0107660 0x7f2ee007db70 unknown :-1 s=NONE pgs=0 cs=0 l=1 rev1=0 crypto rx=0 tx=0 comp rx=0 tx=0).connect
2024-09-16T00:08:15.313 INFO:teuthology.orchestra.run.smithi033.stdout:/usr/bin/ceph: stderr
2024-09-16T00:08:14.485+0000 7f2ee61fc640 1 -- --> [v2:172.21.15.33:3300/0,v1:172.21.15.33:6789/0] -- mon_getmap magic: 0 -- 0x7f2ee010bad0 con 0x7f2ee0107660
2024-09-16T00:08:15.313 INFO:teuthology.orchestra.run.smithi033.stdout:/usr/bin/ceph: stderr
2024-09-16T00:08:14.485+0000 7f2edf7fe640 1 --2- >> [v2:172.21.15.33:3300/0,v1:172.21.15.33:6789/0] conn(0x7f2ee0107660 0x7f2ee007db70 unknown :-1 s=BANNER_CONNECTING pgs=0 cs=0 l=1 rev1=0 crypto rx=0 tx=0 comp rx=0 tx=0)._handle_peer_banner_payload supported=3 required=0
2024-09-16T00:08:15.313 INFO:teuthology.orchestra.run.smithi033.stdout:/usr/bin/ceph: stderr
2024-09-16T00:08:14.485+0000 7f2edf7fe640 1 --2- >> [v2:172.21.15.33:3300/0,v1:172.21.15.33:6789/0] conn(0x7f2ee0107660 0x7f2ee007db70 unknown :-1 s=HELLO_CONNECTING pgs=0 cs=0 l=1 rev1=1 crypto rx=0 tx=0 comp rx=0 tx=0).handle_hello peer v2:172.21.15.33:3300/0 says I am v2:172.21.15.33:53198/0 (socket says 172.21.15.33:53198)
2024-09-16T00:08:15.313 INFO:teuthology.orchestra.run.smithi033.stdout:/usr/bin/ceph: stderr
2024-09-16T00:08:14.485+0000 7f2edf7fe640 1 -- 172.21.15.33:0/3488278043 learned_addr learned my addr 172.21.15.33:0/3488278043 (peer_addr_for_me v2:172.21.15.33:0/0)
2024-09-16T00:08:15.313 INFO:teuthology.orchestra.run.smithi033.stdout:/usr/bin/ceph: stderr
2024-09-16T00:08:14.485+0000 7f2edf7fe640 1 -- 172.21.15.33:0/3488278043 --> [v2:172.21.15.33:3300/0,v1:172.21.15.33:6789/0] -- mon_subscribe({config=0+,monmap=0+}) -- 0x7f2ee007e0b0 con 0x7f2ee0107660
2024-09-16T00:08:15.313 INFO:teuthology.orchestra.run.smithi033.stdout:/usr/bin/ceph: stderr
2024-09-16T00:08:14.485+0000 7f2edf7fe640 1 --2- 172.21.15.33:0/3488278043 >> [v2:172.21.15.33:3300/0,v1:172.21.15.33:6789/0] conn(0x7f2ee0107660 0x7f2ee007db70 secure :-1 s=READY pgs=75 cs=0 l=1 rev1=1 crypto rx=0x7f2ed0031cf0 tx=0x7f2ed0031d20 comp rx=0 tx=0).ready entity=mon.0 client_cookie=0 server_cookie=0 in_seq=0 out_seq=0
2024-09-16T00:08:15.313 INFO:teuthology.orchestra.run.smithi033.stdout:/usr/bin/ceph: stderr
2024-09-16T00:08:14.485+0000 7f2edcff9640 1 -- 172.21.15.33:0/3488278043 <== mon.0 v2:172.21.15.33:3300/0 1 ==== mon_map magic: 0 ==== 205+0+0 (secure 0 0 0) 0x7f2ed0036050 con 0x7f2ee0107660
2024-09-16T00:08:15.313 INFO:teuthology.orchestra.run.smithi033.stdout:/usr/bin/ceph: stderr
2024-09-16T00:08:14.485+0000 7f2edcff9640 1 -- 172.21.15.33:0/3488278043 <== mon.0 v2:172.21.15.33:3300/0 2 ==== config(27 keys) ==== 1140+0+0 (secure 0 0 0) 0x7f2ed0042070 con 0x7f2ee0107660
2024-09-16T00:08:15.313 INFO:teuthology.orchestra.run.smithi033.stdout:/usr/bin/ceph: stderr
2024-09-16T00:08:14.485+0000 7f2ee61fc640 1 -- 172.21.15.33:0/3488278043 --> [v2:172.21.15.33:3300/0,v1:172.21.15.33:6789/0] -- mon_subscribe({mgrmap=0+}) -- 0x7f2ee007c2a0 con 0x7f2ee0107660
2024-09-16T00:08:15.313 INFO:teuthology.orchestra.run.smithi033.stdout:/usr/bin/ceph: stderr
2024-09-16T00:08:14.485+0000 7f2edcff9640 1 -- 172.21.15.33:0/3488278043 <== mon.0 v2:172.21.15.33:3300/0 3 ==== mon_map magic: 0 ==== 205+0+0 (secure 0 0 0) 0x7f2ed003d9b0 con 0x7f2ee0107660
2024-09-16T00:08:15.314 INFO:teuthology.orchestra.run.smithi033.stdout:/usr/bin/ceph: stderr
2024-09-16T00:08:14.485+0000 7f2ee61fc640 1 -- 172.21.15.33:0/3488278043 --> [v2:172.21.15.33:3300/0,v1:172.21.15.33:6789/0] -- mon_subscribe({osdmap=0}) -- 0x7f2ee007c7e0 con 0x7f2ee0107660
2024-09-16T00:08:15.314 INFO:teuthology.orchestra.run.smithi033.stdout:/usr/bin/ceph: stderr
2024-09-16T00:08:14.486+0000 7f2edcff9640 1 -- 172.21.15.33:0/3488278043 <== mon.0 v2:172.21.15.33:3300/0 4 ==== mgrmap(e 12) ==== 46474+0+0 (secure 0 0 0) 0x7f2ed003dc60 con 0x7f2ee0107660
2024-09-16T00:08:15.314 INFO:teuthology.orchestra.run.smithi033.stdout:/usr/bin/ceph: stderr
2024-09-16T00:08:14.486+0000 7f2ee61fc640 1 -- 172.21.15.33:0/3488278043 --> [v2:172.21.15.33:3300/0,v1:172.21.15.33:6789/0] -- mon_command({"prefix": "get_command_descriptions"} v 0) -- 0x7f2ee0107ae0 con 0x7f2ee0107660
2024-09-16T00:08:15.314 INFO:teuthology.orchestra.run.smithi033.stdout:/usr/bin/ceph: stderr
2024-09-16T00:08:14.487+0000 7f2edcff9640 1 --2- 172.21.15.33:0/3488278043 >> [v2:172.21.15.33:6800/3427860355,v1:172.21.15.33:6801/3427860355] conn(0x7f2ecc039200 0x7f2ecc03b6c0 unknown :-1 s=NONE pgs=0 cs=0 l=1 rev1=0 crypto rx=0 tx=0 comp rx=0 tx=0).connect
2024-09-16T00:08:15.314 INFO:teuthology.orchestra.run.smithi033.stdout:/usr/bin/ceph: stderr
2024-09-16T00:08:14.487+0000 7f2edcff9640 1 -- 172.21.15.33:0/3488278043 <== mon.0 v2:172.21.15.33:3300/0 5 ==== osd_map(3..3 src has 1..3) ==== 1155+0+0 (secure 0 0 0) 0x7f2ed006d920 con 0x7f2ee0107660
2024-09-16T00:08:15.314 INFO:teuthology.orchestra.run.smithi033.stdout:/usr/bin/ceph: stderr
2024-09-16T00:08:14.487+0000 7f2edeffd640 1 --2- 172.21.15.33:0/3488278043 >> [v2:172.21.15.33:6800/3427860355,v1:172.21.15.33:6801/3427860355] conn(0x7f2ecc039200 0x7f2ecc03b6c0 unknown :-1 s=BANNER_CONNECTING pgs=0 cs=0 l=1 rev1=0 crypto rx=0 tx=0 comp rx=0 tx=0)._handle_peer_banner_payload supported=3 required=0
2024-09-16T00:08:15.314 INFO:teuthology.orchestra.run.smithi033.stdout:/usr/bin/ceph: stderr
2024-09-16T00:08:14.487+0000 7f2edeffd640 1 --2- 172.21.15.33:0/3488278043 >> [v2:172.21.15.33:6800/3427860355,v1:172.21.15.33:6801/3427860355] conn(0x7f2ecc039200 0x7f2ecc03b6c0 secure :-1 s=READY pgs=10 cs=0 l=1 rev1=1 crypto rx=0x7f2ec80098c0 tx=0x7f2ec8006db0 comp rx=0 tx=0).ready entity=mgr.14150 client_cookie=0 server_cookie=0 in_seq=0 out_seq=0
2024-09-16T00:08:15.314 INFO:teuthology.orchestra.run.smithi033.stdout:/usr/bin/ceph: stderr
2024-09-16T00:08:14.492+0000 7f2edcff9640 1 -- 172.21.15.33:0/3488278043 <== mon.0 v2:172.21.15.33:3300/0 6 ==== mon_command_ack([{"prefix": "get_command_descriptions"}]=0 v0) ==== 72+0+188821 (secure 0 0 0) 0x7f2ed0044310 con 0x7f2ee0107660
2024-09-16T00:08:15.314 INFO:teuthology.orchestra.run.smithi033.stdout:/usr/bin/ceph: stderr
2024-09-16T00:08:14.550+0000 7f2edcff9640 1 -- 172.21.15.33:0/3488278043 <== mon.0 v2:172.21.15.33:3300/0 7 ==== mgrmap(e 13) ==== 46517+0+0 (secure 0 0 0) 0x7f2ed003bcf0 con 0x7f2ee0107660
2024-09-16T00:08:15.314 INFO:teuthology.orchestra.run.smithi033.stdout:/usr/bin/ceph: stderr
2024-09-16T00:08:14.761+0000 7f2ee61fc640 1 -- 172.21.15.33:0/3488278043 --> [v2:172.21.15.33:3300/0,v1:172.21.15.33:6789/0] -- mon_command([{prefix=config-key set, key=mgr/dashboard/cluster/status}] v 0) -- 0x7f2ee007cf80 con 0x7f2ee0107660
2024-09-16T00:08:15.314 INFO:teuthology.orchestra.run.smithi033.stdout:/usr/bin/ceph: stderr
2024-09-16T00:08:14.764+0000 7f2edcff9640 1 -- 172.21.15.33:0/3488278043 <== mon.0 v2:172.21.15.33:3300/0 8 ==== mon_command_ack([{prefix=config-key set, key=mgr/dashboard/cluster/status}]=0 set mgr/dashboard/cluster/status v26)=0 set mgr/dashboard/cluster/status v26) ==== 153+0+0 (secure 0 0 0) 0x7f2ed0045520 con 0x7f2ee0107660
2024-09-16T00:08:15.315 INFO:teuthology.orchestra.run.smithi033.stdout:/usr/bin/ceph: stderr set mgr/dashboard/cluster/status
2024-09-16T00:08:15.315 INFO:teuthology.orchestra.run.smithi033.stdout:/usr/bin/ceph: stderr
2024-09-16T00:08:14.766+0000 7f2ee61fc640 1 -- 172.21.15.33:0/3488278043 >> [v2:172.21.15.33:6800/3427860355,v1:172.21.15.33:6801/3427860355] conn(0x7f2ecc039200 msgr2=0x7f2ecc03b6c0 secure :-1 s=STATE_CONNECTION_ESTABLISHED l=1).mark_down
2024-09-16T00:08:15.315 INFO:teuthology.orchestra.run.smithi033.stdout:/usr/bin/ceph: stderr
2024-09-16T00:08:14.766+0000 7f2ee61fc640 1 --2- 172.21.15.33:0/3488278043 >> [v2:172.21.15.33:6800/3427860355,v1:172.21.15.33:6801/3427860355] conn(0x7f2ecc039200 0x7f2ecc03b6c0 secure :-1 s=READY pgs=10 cs=0 l=1 rev1=1 crypto rx=0x7f2ec80098c0 tx=0x7f2ec8006db0 comp rx=0 tx=0).stop
2024-09-16T00:08:15.315 INFO:teuthology.orchestra.run.smithi033.stdout:/usr/bin/ceph: stderr
2024-09-16T00:08:14.766+0000 7f2ee61fc640 1 -- 172.21.15.33:0/3488278043 >> [v2:172.21.15.33:3300/0,v1:172.21.15.33:6789/0] conn(0x7f2ee0107660 msgr2=0x7f2ee007db70 secure :-1 s=STATE_CONNECTION_ESTABLISHED l=1).mark_down
2024-09-16T00:08:15.315 INFO:teuthology.orchestra.run.smithi033.stdout:/usr/bin/ceph: stderr
2024-09-16T00:08:14.766+0000 7f2ee61fc640 1 --2- 172.21.15.33:0/3488278043 >> [v2:172.21.15.33:3300/0,v1:172.21.15.33:6789/0] conn(0x7f2ee0107660 0x7f2ee007db70 secure :-1 s=READY pgs=75 cs=0 l=1 rev1=1 crypto rx=0x7f2ed0031cf0 tx=0x7f2ed0031d20 comp rx=0 tx=0).stop
2024-09-16T00:08:15.315 INFO:teuthology.orchestra.run.smithi033.stdout:/usr/bin/ceph: stderr
2024-09-16T00:08:14.766+0000 7f2ee61fc640 1 -- 172.21.15.33:0/3488278043 shutdown_connections
2024-09-16T00:08:15.315 INFO:teuthology.orchestra.run.smithi033.stdout:/usr/bin/ceph: stderr
2024-09-16T00:08:14.766+0000 7f2ee61fc640 1 --2- 172.21.15.33:0/3488278043 >> [v2:172.21.15.33:6800/3427860355,v1:172.21.15.33:6801/3427860355] conn(0x7f2ecc039200 0x7f2ecc03b6c0 unknown :-1 s=CLOSED pgs=10 cs=0 l=1 rev1=1 crypto rx=0 tx=0 comp rx=0 tx=0).stop
2024-09-16T00:08:15.315 INFO:teuthology.orchestra.run.smithi033.stdout:/usr/bin/ceph: stderr
2024-09-16T00:08:14.766+0000 7f2ee61fc640 1 --2- 172.21.15.33:0/3488278043 >> [v2:172.21.15.33:3300/0,v1:172.21.15.33:6789/0] conn(0x7f2ee0107660 0x7f2ee007db70 unknown :-1 s=CLOSED pgs=75 cs=0 l=1 rev1=1 crypto rx=0 tx=0 comp rx=0 tx=0).stop
2024-09-16T00:08:15.315 INFO:teuthology.orchestra.run.smithi033.stdout:/usr/bin/ceph: stderr
2024-09-16T00:08:14.766+0000 7f2ee61fc640 1 -- 172.21.15.33:0/3488278043 >> 172.21.15.33:0/3488278043 conn(0x7f2ee0102eb0 msgr2=0x7f2ee0103a10 unknown :-1 s=STATE_NONE l=0).mark_down
2024-09-16T00:08:15.315 INFO:teuthology.orchestra.run.smithi033.stdout:/usr/bin/ceph: stderr
2024-09-16T00:08:14.766+0000 7f2ee61fc640 1 -- 172.21.15.33:0/3488278043 shutdown_connections
2024-09-16T00:08:15.315 INFO:teuthology.orchestra.run.smithi033.stdout:/usr/bin/ceph: stderr
2024-09-16T00:08:14.766+0000 7f2ee61fc640 1 -- 172.21.15.33:0/3488278043 wait complete.
2024-09-16T00:08:15.315 INFO:teuthology.orchestra.run.smithi033.stdout:You can access the Ceph CLI as following in case of multi-cluster or non-default config:
2024-09-16T00:08:15.315 INFO:teuthology.orchestra.run.smithi033.stdout:
2024-09-16T00:08:15.316 INFO:teuthology.orchestra.run.smithi033.stdout: sudo /home/ubuntu/cephtest/cephadm shell --fsid 7dde3d1a-73bf-11ef-bceb-c7b262605968 -c /etc/ceph/ceph.conf -k /etc/ceph/ceph.client.admin.keyring
2024-09-16T00:08:15.316 INFO:teuthology.orchestra.run.smithi033.stdout:
2024-09-16T00:08:15.316 INFO:teuthology.orchestra.run.smithi033.stdout:Or, if you are only running a single cluster on this host:
2024-09-16T00:08:15.316 INFO:teuthology.orchestra.run.smithi033.stdout:
2024-09-16T00:08:15.316 INFO:teuthology.orchestra.run.smithi033.stdout: sudo /home/ubuntu/cephtest/cephadm shell
2024-09-16T00:08:15.316 INFO:teuthology.orchestra.run.smithi033.stdout:
2024-09-16T00:08:15.316 INFO:teuthology.orchestra.run.smithi033.stdout:Please consider enabling telemetry to help improve Ceph:
2024-09-16T00:08:15.316 INFO:teuthology.orchestra.run.smithi033.stdout:
2024-09-16T00:08:15.316 INFO:teuthology.orchestra.run.smithi033.stdout: ceph telemetry on
2024-09-16T00:08:15.316 INFO:teuthology.orchestra.run.smithi033.stdout:
2024-09-16T00:08:15.316 INFO:teuthology.orchestra.run.smithi033.stdout:For more information see:
2024-09-16T00:08:15.316 INFO:teuthology.orchestra.run.smithi033.stdout:
