2024-09-16T00:14:16.641 INFO:journalctl@ceph.mon.a.smithi082.stdout:Sep 16 00:14:16 smithi082 ceph-mon[30529]: Saving service mon spec with placement count:5
2024-09-16T00:14:16.641 INFO:journalctl@ceph.mon.a.smithi082.stdout:Sep 16 00:14:16 smithi082 ceph-mon[30529]: from='mgr.14118 172.21.15.82:0/2047473457' entity='mgr.x'
2024-09-16T00:14:17.743 INFO:teuthology.orchestra.run.smithi082.stdout:/usr/bin/ceph: stdout Scheduled mgr update...
2024-09-16T00:14:17.749 INFO:teuthology.orchestra.run.smithi082.stdout:/usr/bin/ceph: stderr
2024-09-16T00:14:16.746+0000 7fdb2ae00640 1 Processor -- start
2024-09-16T00:14:17.749 INFO:teuthology.orchestra.run.smithi082.stdout:/usr/bin/ceph: stderr
2024-09-16T00:14:16.746+0000 7fdb2ae00640 1 -- start start
2024-09-16T00:14:17.749 INFO:teuthology.orchestra.run.smithi082.stdout:/usr/bin/ceph: stderr
2024-09-16T00:14:16.746+0000 7fdb2ae00640 1 --2- >> [v2:172.21.15.82:3300/0,v1:172.21.15.82:6789/0] conn(0x7fdb24107700 0x7fdb24107b00 unknown :-1 s=NONE pgs=0 cs=0 l=0 rev1=0 crypto rx=0 tx=0 comp rx=0 tx=0).connect
2024-09-16T00:14:17.749 INFO:teuthology.orchestra.run.smithi082.stdout:/usr/bin/ceph: stderr
2024-09-16T00:14:16.746+0000 7fdb2ae00640 1 -- --> [v2:172.21.15.82:3300/0,v1:172.21.15.82:6789/0] -- mon_getmap magic: 0 -- 0x7fdb241080d0 con 0x7fdb24107700
2024-09-16T00:14:17.749 INFO:teuthology.orchestra.run.smithi082.stdout:/usr/bin/ceph: stderr
2024-09-16T00:14:16.747+0000 7fdb29a00640 1 --2- >> [v2:172.21.15.82:3300/0,v1:172.21.15.82:6789/0] conn(0x7fdb24107700 0x7fdb24107b00 unknown :-1 s=BANNER_CONNECTING pgs=0 cs=0 l=0 rev1=0 crypto rx=0 tx=0 comp rx=0 tx=0)._handle_peer_banner_payload supported=3 required=0
2024-09-16T00:14:17.749 INFO:teuthology.orchestra.run.smithi082.stdout:/usr/bin/ceph: stderr
2024-09-16T00:14:16.747+0000 7fdb29a00640 1 --2- >> [v2:172.21.15.82:3300/0,v1:172.21.15.82:6789/0] conn(0x7fdb24107700 0x7fdb24107b00 unknown :-1 s=HELLO_CONNECTING pgs=0 cs=0 l=0 rev1=1 crypto rx=0 tx=0 comp rx=0 tx=0).handle_hello peer v2:172.21.15.82:3300/0 says I am v2:172.21.15.82:40510/0 (socket says 172.21.15.82:40510)
2024-09-16T00:14:17.749 INFO:teuthology.orchestra.run.smithi082.stdout:/usr/bin/ceph: stderr
2024-09-16T00:14:16.747+0000 7fdb29a00640 1 -- 172.21.15.82:0/2644301065 learned_addr learned my addr 172.21.15.82:0/2644301065 (peer_addr_for_me v2:172.21.15.82:0/0)
2024-09-16T00:14:17.749 INFO:teuthology.orchestra.run.smithi082.stdout:/usr/bin/ceph: stderr
2024-09-16T00:14:16.747+0000 7fdb29a00640 1 -- 172.21.15.82:0/2644301065 --> [v2:172.21.15.82:3300/0,v1:172.21.15.82:6789/0] -- mon_subscribe({config=0+,monmap=0+}) -- 0x7fdb24108900 con 0x7fdb24107700
2024-09-16T00:14:17.749 INFO:teuthology.orchestra.run.smithi082.stdout:/usr/bin/ceph: stderr
2024-09-16T00:14:16.748+0000 7fdb29a00640 1 --2- 172.21.15.82:0/2644301065 >> [v2:172.21.15.82:3300/0,v1:172.21.15.82:6789/0] conn(0x7fdb24107700 0x7fdb24107b00 secure :-1 s=READY pgs=47 cs=0 l=1 rev1=1 crypto rx=0x7fdb18009820 tx=0x7fdb1802a270 comp rx=0 tx=0).ready entity=mon.0 client_cookie=93fb81fbfa39ea2e server_cookie=0 in_seq=0 out_seq=0
2024-09-16T00:14:17.749 INFO:teuthology.orchestra.run.smithi082.stdout:/usr/bin/ceph: stderr
2024-09-16T00:14:16.748+0000 7fdb23e00640 1 -- 172.21.15.82:0/2644301065 <== mon.0 v2:172.21.15.82:3300/0 1 ==== mon_map magic: 0 ==== 205+0+0 (secure 0 0 0) 0x7fdb18037070 con 0x7fdb24107700
2024-09-16T00:14:17.749 INFO:teuthology.orchestra.run.smithi082.stdout:/usr/bin/ceph: stderr
2024-09-16T00:14:16.748+0000 7fdb23e00640 1 -- 172.21.15.82:0/2644301065 <== mon.0 v2:172.21.15.82:3300/0 2 ==== config(27 keys) ==== 1109+0+0 (secure 0 0 0) 0x7fdb18032900 con 0x7fdb24107700
2024-09-16T00:14:17.750 INFO:teuthology.orchestra.run.smithi082.stdout:/usr/bin/ceph: stderr
2024-09-16T00:14:16.748+0000 7fdb23e00640 1 -- 172.21.15.82:0/2644301065 <== mon.0 v2:172.21.15.82:3300/0 3 ==== mon_map magic: 0 ==== 205+0+0 (secure 0 0 0) 0x7fdb18030850 con 0x7fdb24107700
2024-09-16T00:14:17.750 INFO:teuthology.orchestra.run.smithi082.stdout:/usr/bin/ceph: stderr
2024-09-16T00:14:16.749+0000 7fdb2ae00640 1 -- 172.21.15.82:0/2644301065 >> [v2:172.21.15.82:3300/0,v1:172.21.15.82:6789/0] conn(0x7fdb24107700 msgr2=0x7fdb24107b00 secure :-1 s=STATE_CONNECTION_ESTABLISHED l=1).mark_down
2024-09-16T00:14:17.750 INFO:teuthology.orchestra.run.smithi082.stdout:/usr/bin/ceph: stderr
2024-09-16T00:14:16.749+0000 7fdb2ae00640 1 --2- 172.21.15.82:0/2644301065 >> [v2:172.21.15.82:3300/0,v1:172.21.15.82:6789/0] conn(0x7fdb24107700 0x7fdb24107b00 secure :-1 s=READY pgs=47 cs=0 l=1 rev1=1 crypto rx=0x7fdb18009820 tx=0x7fdb1802a270 comp rx=0 tx=0).stop
2024-09-16T00:14:17.750 INFO:teuthology.orchestra.run.smithi082.stdout:/usr/bin/ceph: stderr
2024-09-16T00:14:16.749+0000 7fdb2ae00640 1 -- 172.21.15.82:0/2644301065 shutdown_connections
2024-09-16T00:14:17.750 INFO:teuthology.orchestra.run.smithi082.stdout:/usr/bin/ceph: stderr
2024-09-16T00:14:16.749+0000 7fdb2ae00640 1 --2- 172.21.15.82:0/2644301065 >> [v2:172.21.15.82:3300/0,v1:172.21.15.82:6789/0] conn(0x7fdb24107700 0x7fdb24107b00 unknown :-1 s=CLOSED pgs=47 cs=0 l=1 rev1=1 crypto rx=0 tx=0 comp rx=0 tx=0).stop
2024-09-16T00:14:17.750 INFO:teuthology.orchestra.run.smithi082.stdout:/usr/bin/ceph: stderr
2024-09-16T00:14:16.749+0000 7fdb2ae00640 1 -- 172.21.15.82:0/2644301065 >> 172.21.15.82:0/2644301065 conn(0x7fdb24102ed0 msgr2=0x7fdb241052f0 unknown :-1 s=STATE_NONE l=0).mark_down
2024-09-16T00:14:17.750 INFO:teuthology.orchestra.run.smithi082.stdout:/usr/bin/ceph: stderr
2024-09-16T00:14:16.749+0000 7fdb2ae00640 1 -- 172.21.15.82:0/2644301065 shutdown_connections
2024-09-16T00:14:17.750 INFO:teuthology.orchestra.run.smithi082.stdout:/usr/bin/ceph: stderr
2024-09-16T00:14:16.749+0000 7fdb2ae00640 1 -- 172.21.15.82:0/2644301065 wait complete.
2024-09-16T00:14:17.750 INFO:teuthology.orchestra.run.smithi082.stdout:/usr/bin/ceph: stderr
2024-09-16T00:14:16.750+0000 7fdb2ae00640 1 Processor -- start
2024-09-16T00:14:17.750 INFO:teuthology.orchestra.run.smithi082.stdout:/usr/bin/ceph: stderr
2024-09-16T00:14:16.750+0000 7fdb2ae00640 1 -- start start
2024-09-16T00:14:17.750 INFO:teuthology.orchestra.run.smithi082.stdout:/usr/bin/ceph: stderr
2024-09-16T00:14:16.751+0000 7fdb2ae00640 1 --2- >> [v2:172.21.15.82:3300/0,v1:172.21.15.82:6789/0] conn(0x7fdb24107700 0x7fdb2407db50 unknown :-1 s=NONE pgs=0 cs=0 l=1 rev1=0 crypto rx=0 tx=0 comp rx=0 tx=0).connect
2024-09-16T00:14:17.750 INFO:teuthology.orchestra.run.smithi082.stdout:/usr/bin/ceph: stderr
2024-09-16T00:14:16.751+0000 7fdb2ae00640 1 -- --> [v2:172.21.15.82:3300/0,v1:172.21.15.82:6789/0] -- mon_getmap magic: 0 -- 0x7fdb2410bcb0 con 0x7fdb24107700
2024-09-16T00:14:17.751 INFO:teuthology.orchestra.run.smithi082.stdout:/usr/bin/ceph: stderr
2024-09-16T00:14:16.751+0000 7fdb29a00640 1 --2- >> [v2:172.21.15.82:3300/0,v1:172.21.15.82:6789/0] conn(0x7fdb24107700 0x7fdb2407db50 unknown :-1 s=BANNER_CONNECTING pgs=0 cs=0 l=1 rev1=0 crypto rx=0 tx=0 comp rx=0 tx=0)._handle_peer_banner_payload supported=3 required=0
2024-09-16T00:14:17.751 INFO:teuthology.orchestra.run.smithi082.stdout:/usr/bin/ceph: stderr
2024-09-16T00:14:16.751+0000 7fdb29a00640 1 --2- >> [v2:172.21.15.82:3300/0,v1:172.21.15.82:6789/0] conn(0x7fdb24107700 0x7fdb2407db50 unknown :-1 s=HELLO_CONNECTING pgs=0 cs=0 l=1 rev1=1 crypto rx=0 tx=0 comp rx=0 tx=0).handle_hello peer v2:172.21.15.82:3300/0 says I am v2:172.21.15.82:40518/0 (socket says 172.21.15.82:40518)
2024-09-16T00:14:17.751 INFO:teuthology.orchestra.run.smithi082.stdout:/usr/bin/ceph: stderr
2024-09-16T00:14:16.751+0000 7fdb29a00640 1 -- 172.21.15.82:0/1431002719 learned_addr learned my addr 172.21.15.82:0/1431002719 (peer_addr_for_me v2:172.21.15.82:0/0)
2024-09-16T00:14:17.751 INFO:teuthology.orchestra.run.smithi082.stdout:/usr/bin/ceph: stderr
2024-09-16T00:14:16.751+0000 7fdb29a00640 1 -- 172.21.15.82:0/1431002719 --> [v2:172.21.15.82:3300/0,v1:172.21.15.82:6789/0] -- mon_subscribe({config=0+,monmap=0+}) -- 0x7fdb2407e090 con 0x7fdb24107700
2024-09-16T00:14:17.751 INFO:teuthology.orchestra.run.smithi082.stdout:/usr/bin/ceph: stderr
2024-09-16T00:14:16.751+0000 7fdb29a00640 1 --2- 172.21.15.82:0/1431002719 >> [v2:172.21.15.82:3300/0,v1:172.21.15.82:6789/0] conn(0x7fdb24107700 0x7fdb2407db50 secure :-1 s=READY pgs=48 cs=0 l=1 rev1=1 crypto rx=0x7fdb180097f0 tx=0x7fdb18030ec0 comp rx=0 tx=0).ready entity=mon.0 client_cookie=0 server_cookie=0 in_seq=0 out_seq=0
2024-09-16T00:14:17.751 INFO:teuthology.orchestra.run.smithi082.stdout:/usr/bin/ceph: stderr
2024-09-16T00:14:16.752+0000 7fdb22000640 1 -- 172.21.15.82:0/1431002719 <== mon.0 v2:172.21.15.82:3300/0 1 ==== mon_map magic: 0 ==== 205+0+0 (secure 0 0 0) 0x7fdb18042070 con 0x7fdb24107700
2024-09-16T00:14:17.751 INFO:teuthology.orchestra.run.smithi082.stdout:/usr/bin/ceph: stderr
2024-09-16T00:14:16.752+0000 7fdb22000640 1 -- 172.21.15.82:0/1431002719 <== mon.0 v2:172.21.15.82:3300/0 2 ==== config(27 keys) ==== 1109+0+0 (secure 0 0 0) 0x7fdb18032ca0 con 0x7fdb24107700
2024-09-16T00:14:17.751 INFO:teuthology.orchestra.run.smithi082.stdout:/usr/bin/ceph: stderr
2024-09-16T00:14:16.752+0000 7fdb2ae00640 1 -- 172.21.15.82:0/1431002719 --> [v2:172.21.15.82:3300/0,v1:172.21.15.82:6789/0] -- mon_subscribe({mgrmap=0+}) -- 0x7fdb2407c280 con 0x7fdb24107700
2024-09-16T00:14:17.751 INFO:teuthology.orchestra.run.smithi082.stdout:/usr/bin/ceph: stderr
2024-09-16T00:14:16.752+0000 7fdb22000640 1 -- 172.21.15.82:0/1431002719 <== mon.0 v2:172.21.15.82:3300/0 3 ==== mon_map magic: 0 ==== 205+0+0 (secure 0 0 0) 0x7fdb18037040 con 0x7fdb24107700
2024-09-16T00:14:17.751 INFO:teuthology.orchestra.run.smithi082.stdout:/usr/bin/ceph: stderr
2024-09-16T00:14:16.752+0000 7fdb2ae00640 1 -- 172.21.15.82:0/1431002719 --> [v2:172.21.15.82:3300/0,v1:172.21.15.82:6789/0] -- mon_subscribe({osdmap=0}) -- 0x7fdb2407c7c0 con 0x7fdb24107700
2024-09-16T00:14:17.751 INFO:teuthology.orchestra.run.smithi082.stdout:/usr/bin/ceph: stderr
2024-09-16T00:14:16.753+0000 7fdb22000640 1 -- 172.21.15.82:0/1431002719 <== mon.0 v2:172.21.15.82:3300/0 4 ==== mgrmap(e 8) ==== 46461+0+0 (secure 0 0 0) 0x7fdb18045070 con 0x7fdb24107700
2024-09-16T00:14:17.751 INFO:teuthology.orchestra.run.smithi082.stdout:/usr/bin/ceph: stderr
2024-09-16T00:14:16.753+0000 7fdb2ae00640 1 -- 172.21.15.82:0/1431002719 --> [v2:172.21.15.82:3300/0,v1:172.21.15.82:6789/0] -- mon_command({"prefix": "get_command_descriptions"} v 0) -- 0x7fdb24107b80 con 0x7fdb24107700
2024-09-16T00:14:17.751 INFO:teuthology.orchestra.run.smithi082.stdout:/usr/bin/ceph: stderr
2024-09-16T00:14:16.753+0000 7fdb22000640 1 --2- 172.21.15.82:0/1431002719 >> [v2:172.21.15.82:6800/1030733112,v1:172.21.15.82:6801/1030733112] conn(0x7fdb0c039200 0x7fdb0c03b6c0 unknown :-1 s=NONE pgs=0 cs=0 l=1 rev1=0 crypto rx=0 tx=0 comp rx=0 tx=0).connect
2024-09-16T00:14:17.752 INFO:teuthology.orchestra.run.smithi082.stdout:/usr/bin/ceph: stderr
2024-09-16T00:14:16.753+0000 7fdb22000640 1 -- 172.21.15.82:0/1431002719 <== mon.0 v2:172.21.15.82:3300/0 5 ==== osd_map(2..2 src has 1..2) ==== 940+0+0 (secure 0 0 0) 0x7fdb1806c250 con 0x7fdb24107700
2024-09-16T00:14:17.752 INFO:teuthology.orchestra.run.smithi082.stdout:/usr/bin/ceph: stderr
2024-09-16T00:14:16.754+0000 7fdb29000640 1 --2- 172.21.15.82:0/1431002719 >> [v2:172.21.15.82:6800/1030733112,v1:172.21.15.82:6801/1030733112] conn(0x7fdb0c039200 0x7fdb0c03b6c0 unknown :-1 s=BANNER_CONNECTING pgs=0 cs=0 l=1 rev1=0 crypto rx=0 tx=0 comp rx=0 tx=0)._handle_peer_banner_payload supported=3 required=0
2024-09-16T00:14:17.752 INFO:teuthology.orchestra.run.smithi082.stdout:/usr/bin/ceph: stderr
2024-09-16T00:14:16.754+0000 7fdb29000640 1 --2- 172.21.15.82:0/1431002719 >> [v2:172.21.15.82:6800/1030733112,v1:172.21.15.82:6801/1030733112] conn(0x7fdb0c039200 0x7fdb0c03b6c0 secure :-1 s=READY pgs=13 cs=0 l=1 rev1=1 crypto rx=0x7fdb100098c0 tx=0x7fdb10006db0 comp rx=0 tx=0).ready entity=mgr.14118 client_cookie=0 server_cookie=0 in_seq=0 out_seq=0
2024-09-16T00:14:17.752 INFO:teuthology.orchestra.run.smithi082.stdout:/usr/bin/ceph: stderr
2024-09-16T00:14:16.758+0000 7fdb22000640 1 -- 172.21.15.82:0/1431002719 <== mon.0 v2:172.21.15.82:3300/0 6 ==== mon_command_ack([{"prefix": "get_command_descriptions"}]=0 v0) ==== 72+0+188821 (secure 0 0 0) 0x7fdb1804b170 con 0x7fdb24107700
2024-09-16T00:14:17.752 INFO:teuthology.orchestra.run.smithi082.stdout:/usr/bin/ceph: stderr
2024-09-16T00:14:16.949+0000 7fdb2ae00640 1 -- 172.21.15.82:0/1431002719 --> [v2:172.21.15.82:6800/1030733112,v1:172.21.15.82:6801/1030733112] -- mgr_command(tid 0: {"prefix": "orch apply", "service_type": "mgr", "unmanaged": true, "target": ["mon-mgr", ""]}) -- 0x7fdb2407d110 con 0x7fdb0c039200
2024-09-16T00:14:17.752 INFO:teuthology.orchestra.run.smithi082.stdout:/usr/bin/ceph: stderr
2024-09-16T00:14:16.954+0000 7fdb22000640 1 -- 172.21.15.82:0/1431002719 <== mgr.14118 v2:172.21.15.82:6800/1030733112 1 ==== mgr_command_reply(tid 0: 0 ) ==== 8+0+24 (secure 0 0 0) 0x7fdb2407d110 con 0x7fdb0c039200
2024-09-16T00:14:17.752 INFO:teuthology.orchestra.run.smithi082.stdout:/usr/bin/ceph: stderr
2024-09-16T00:14:16.956+0000 7fdb2ae00640 1 -- 172.21.15.82:0/1431002719 >> [v2:172.21.15.82:6800/1030733112,v1:172.21.15.82:6801/1030733112] conn(0x7fdb0c039200 msgr2=0x7fdb0c03b6c0 secure :-1 s=STATE_CONNECTION_ESTABLISHED l=1).mark_down
2024-09-16T00:14:17.752 INFO:teuthology.orchestra.run.smithi082.stdout:/usr/bin/ceph: stderr
2024-09-16T00:14:16.956+0000 7fdb2ae00640 1 --2- 172.21.15.82:0/1431002719 >> [v2:172.21.15.82:6800/1030733112,v1:172.21.15.82:6801/1030733112] conn(0x7fdb0c039200 0x7fdb0c03b6c0 secure :-1 s=READY pgs=13 cs=0 l=1 rev1=1 crypto rx=0x7fdb100098c0 tx=0x7fdb10006db0 comp rx=0 tx=0).stop
2024-09-16T00:14:17.752 INFO:teuthology.orchestra.run.smithi082.stdout:/usr/bin/ceph: stderr
2024-09-16T00:14:16.956+0000 7fdb2ae00640 1 -- 172.21.15.82:0/1431002719 >> [v2:172.21.15.82:3300/0,v1:172.21.15.82:6789/0] conn(0x7fdb24107700 msgr2=0x7fdb2407db50 secure :-1 s=STATE_CONNECTION_ESTABLISHED l=1).mark_down
2024-09-16T00:14:17.752 INFO:teuthology.orchestra.run.smithi082.stdout:/usr/bin/ceph: stderr
2024-09-16T00:14:16.956+0000 7fdb2ae00640 1 --2- 172.21.15.82:0/1431002719 >> [v2:172.21.15.82:3300/0,v1:172.21.15.82:6789/0] conn(0x7fdb24107700 0x7fdb2407db50 secure :-1 s=READY pgs=48 cs=0 l=1 rev1=1 crypto rx=0x7fdb180097f0 tx=0x7fdb18030ec0 comp rx=0 tx=0).stop
2024-09-16T00:14:17.752 INFO:teuthology.orchestra.run.smithi082.stdout:/usr/bin/ceph: stderr
2024-09-16T00:14:16.956+0000 7fdb2ae00640 1 -- 172.21.15.82:0/1431002719 shutdown_connections
2024-09-16T00:14:17.752 INFO:teuthology.orchestra.run.smithi082.stdout:/usr/bin/ceph: stderr
2024-09-16T00:14:16.956+0000 7fdb2ae00640 1 --2- 172.21.15.82:0/1431002719 >> [v2:172.21.15.82:6800/1030733112,v1:172.21.15.82:6801/1030733112] conn(0x7fdb0c039200 0x7fdb0c03b6c0 unknown :-1 s=CLOSED pgs=13 cs=0 l=1 rev1=1 crypto rx=0 tx=0 comp rx=0 tx=0).stop
2024-09-16T00:14:17.753 INFO:teuthology.orchestra.run.smithi082.stdout:/usr/bin/ceph: stderr
2024-09-16T00:14:16.956+0000 7fdb2ae00640 1 --2- 172.21.15.82:0/1431002719 >> [v2:172.21.15.82:3300/0,v1:172.21.15.82:6789/0] conn(0x7fdb24107700 0x7fdb2407db50 unknown :-1 s=CLOSED pgs=48 cs=0 l=1 rev1=1 crypto rx=0 tx=0 comp rx=0 tx=0).stop
2024-09-16T00:14:17.753 INFO:teuthology.orchestra.run.smithi082.stdout:/usr/bin/ceph: stderr
2024-09-16T00:14:16.956+0000 7fdb2ae00640 1 -- 172.21.15.82:0/1431002719 >> 172.21.15.82:0/1431002719 conn(0x7fdb24102ed0 msgr2=0x7fdb24103a70 unknown :-1 s=STATE_NONE l=0).mark_down
2024-09-16T00:14:17.753 INFO:teuthology.orchestra.run.smithi082.stdout:/usr/bin/ceph: stderr
2024-09-16T00:14:16.956+0000 7fdb2ae00640 1 -- 172.21.15.82:0/1431002719 shutdown_connections
2024-09-16T00:14:17.753 INFO:teuthology.orchestra.run.smithi082.stdout:/usr/bin/ceph: stderr
2024-09-16T00:14:16.957+0000 7fdb2ae00640 1 -- 172.21.15.82:0/1431002719 wait complete.
2024-09-16T00:14:18.343 INFO:journalctl@ceph.mon.a.smithi082.stdout:Sep 16 00:14:17 smithi082 ceph-mon[30529]: from='client.14142 -' entity='client.admin' cmd=[{"prefix": "orch apply", "service_type": "mgr", "unmanaged": true, "target": ["mon-mgr", ""]}]: dispatch
2024-09-16T00:14:18.343 INFO:journalctl@ceph.mon.a.smithi082.stdout:Sep 16 00:14:17 smithi082 ceph-mon[30529]: Saving service mgr spec with placement count:2
2024-09-16T00:14:18.343 INFO:journalctl@ceph.mon.a.smithi082.stdout:Sep 16 00:14:17 smithi082 ceph-mon[30529]: from='mgr.14118 172.21.15.82:0/2047473457' entity='mgr.x'
2024-09-16T00:14:19.953 INFO:teuthology.orchestra.run.smithi082.stdout:/usr/bin/ceph: stderr
2024-09-16T00:14:18.987+0000 7f82c3c00640 1 Processor -- start
2024-09-16T00:14:19.953 INFO:teuthology.orchestra.run.smithi082.stdout:/usr/bin/ceph: stderr
2024-09-16T00:14:18.988+0000 7f82c3c00640 1 -- start start
2024-09-16T00:14:19.953 INFO:teuthology.orchestra.run.smithi082.stdout:/usr/bin/ceph: stderr
2024-09-16T00:14:18.988+0000 7f82c3c00640 1 --2- >> [v2:172.21.15.82:3300/0,v1:172.21.15.82:6789/0] conn(0x7f82bc07de80 0x7f82bc07c2e0 unknown :-1 s=NONE pgs=0 cs=0 l=0 rev1=0 crypto rx=0 tx=0 comp rx=0 tx=0).connect
2024-09-16T00:14:19.953 INFO:teuthology.orchestra.run.smithi082.stdout:/usr/bin/ceph: stderr
2024-09-16T00:14:18.988+0000 7f82c3c00640 1 -- --> [v2:172.21.15.82:3300/0,v1:172.21.15.82:6789/0] -- mon_getmap magic: 0 -- 0x7f82bc07c8b0 con 0x7f82bc07de80
2024-09-16T00:14:19.954 INFO:teuthology.orchestra.run.smithi082.stdout:/usr/bin/ceph: stderr
2024-09-16T00:14:18.989+0000 7f82c1200640 1 --2- >> [v2:172.21.15.82:3300/0,v1:172.21.15.82:6789/0] conn(0x7f82bc07de80 0x7f82bc07c2e0 unknown :-1 s=BANNER_CONNECTING pgs=0 cs=0 l=0 rev1=0 crypto rx=0 tx=0 comp rx=0 tx=0)._handle_peer_banner_payload supported=3 required=0
2024-09-16T00:14:19.954 INFO:teuthology.orchestra.run.smithi082.stdout:/usr/bin/ceph: stderr
2024-09-16T00:14:18.989+0000 7f82c1200640 1 --2- >> [v2:172.21.15.82:3300/0,v1:172.21.15.82:6789/0] conn(0x7f82bc07de80 0x7f82bc07c2e0 unknown :-1 s=HELLO_CONNECTING pgs=0 cs=0 l=0 rev1=1 crypto rx=0 tx=0 comp rx=0 tx=0).handle_hello peer v2:172.21.15.82:3300/0 says I am v2:172.21.15.82:49034/0 (socket says 172.21.15.82:49034)
2024-09-16T00:14:19.954 INFO:teuthology.orchestra.run.smithi082.stdout:/usr/bin/ceph: stderr
2024-09-16T00:14:18.989+0000 7f82c1200640 1 -- 172.21.15.82:0/313870830 learned_addr learned my addr 172.21.15.82:0/313870830 (peer_addr_for_me v2:172.21.15.82:0/0)
2024-09-16T00:14:19.954 INFO:teuthology.orchestra.run.smithi082.stdout:/usr/bin/ceph: stderr
2024-09-16T00:14:18.989+0000 7f82c1200640 1 -- 172.21.15.82:0/313870830 --> [v2:172.21.15.82:3300/0,v1:172.21.15.82:6789/0] -- mon_subscribe({config=0+,monmap=0+}) -- 0x7f82bc07ca30 con 0x7f82bc07de80
2024-09-16T00:14:19.954 INFO:teuthology.orchestra.run.smithi082.stdout:/usr/bin/ceph: stderr
2024-09-16T00:14:18.990+0000 7f82c1200640 1 --2- 172.21.15.82:0/313870830 >> [v2:172.21.15.82:3300/0,v1:172.21.15.82:6789/0] conn(0x7f82bc07de80 0x7f82bc07c2e0 secure :-1 s=READY pgs=49 cs=0 l=1 rev1=1 crypto rx=0x7f82b0009820 tx=0x7f82b002a270 comp rx=0 tx=0).ready entity=mon.0 client_cookie=da1bb34238c048f0 server_cookie=0 in_seq=0 out_seq=0
2024-09-16T00:14:19.954 INFO:teuthology.orchestra.run.smithi082.stdout:/usr/bin/ceph: stderr
2024-09-16T00:14:18.990+0000 7f82bb400640 1 -- 172.21.15.82:0/313870830 <== mon.0 v2:172.21.15.82:3300/0 1 ==== mon_map magic: 0 ==== 205+0+0 (secure 0 0 0) 0x7f82b0037070 con 0x7f82bc07de80
2024-09-16T00:14:19.954 INFO:teuthology.orchestra.run.smithi082.stdout:/usr/bin/ceph: stderr
2024-09-16T00:14:18.990+0000 7f82bb400640 1 -- 172.21.15.82:0/313870830 <== mon.0 v2:172.21.15.82:3300/0 2 ==== config(27 keys) ==== 1109+0+0 (secure 0 0 0) 0x7f82b0032900 con 0x7f82bc07de80
2024-09-16T00:14:19.954 INFO:teuthology.orchestra.run.smithi082.stdout:/usr/bin/ceph: stderr
2024-09-16T00:14:18.990+0000 7f82bb400640 1 -- 172.21.15.82:0/313870830 <== mon.0 v2:172.21.15.82:3300/0 3 ==== mon_map magic: 0 ==== 205+0+0 (secure 0 0 0) 0x7f82b0030850 con 0x7f82bc07de80
2024-09-16T00:14:19.954 INFO:teuthology.orchestra.run.smithi082.stdout:/usr/bin/ceph: stderr
2024-09-16T00:14:18.991+0000 7f82c3c00640 1 -- 172.21.15.82:0/313870830 >> [v2:172.21.15.82:3300/0,v1:172.21.15.82:6789/0] conn(0x7f82bc07de80 msgr2=0x7f82bc07c2e0 secure :-1 s=STATE_CONNECTION_ESTABLISHED l=1).mark_down
2024-09-16T00:14:19.954 INFO:teuthology.orchestra.run.smithi082.stdout:/usr/bin/ceph: stderr
2024-09-16T00:14:18.991+0000 7f82c3c00640 1 --2- 172.21.15.82:0/313870830 >> [v2:172.21.15.82:3300/0,v1:172.21.15.82:6789/0] conn(0x7f82bc07de80 0x7f82bc07c2e0 secure :-1 s=READY pgs=49 cs=0 l=1 rev1=1 crypto rx=0x7f82b0009820 tx=0x7f82b002a270 comp rx=0 tx=0).stop
2024-09-16T00:14:19.954 INFO:teuthology.orchestra.run.smithi082.stdout:/usr/bin/ceph: stderr
2024-09-16T00:14:18.991+0000 7f82c3c00640 1 -- 172.21.15.82:0/313870830 shutdown_connections
2024-09-16T00:14:19.954 INFO:teuthology.orchestra.run.smithi082.stdout:/usr/bin/ceph: stderr
2024-09-16T00:14:18.991+0000 7f82c3c00640 1 --2- 172.21.15.82:0/313870830 >> [v2:172.21.15.82:3300/0,v1:172.21.15.82:6789/0] conn(0x7f82bc07de80 0x7f82bc07c2e0 unknown :-1 s=CLOSED pgs=49 cs=0 l=1 rev1=1 crypto rx=0 tx=0 comp rx=0 tx=0).stop
2024-09-16T00:14:19.954 INFO:teuthology.orchestra.run.smithi082.stdout:/usr/bin/ceph: stderr
2024-09-16T00:14:18.991+0000 7f82c3c00640 1 -- 172.21.15.82:0/313870830 >> 172.21.15.82:0/313870830 conn(0x7f82bc102fd0 msgr2=0x7f82bc105450 unknown :-1 s=STATE_NONE l=0).mark_down
2024-09-16T00:14:19.955 INFO:teuthology.orchestra.run.smithi082.stdout:/usr/bin/ceph: stderr
2024-09-16T00:14:18.991+0000 7f82c3c00640 1 -- 172.21.15.82:0/313870830 shutdown_connections
2024-09-16T00:14:19.955 INFO:teuthology.orchestra.run.smithi082.stdout:/usr/bin/ceph: stderr
2024-09-16T00:14:18.991+0000 7f82c3c00640 1 -- 172.21.15.82:0/313870830 wait complete.
2024-09-16T00:14:19.955 INFO:teuthology.orchestra.run.smithi082.stdout:/usr/bin/ceph: stderr
2024-09-16T00:14:18.992+0000 7f82c3c00640 1 Processor -- start
2024-09-16T00:14:19.955 INFO:teuthology.orchestra.run.smithi082.stdout:/usr/bin/ceph: stderr
2024-09-16T00:14:18.993+0000 7f82c3c00640 1 -- start start
2024-09-16T00:14:19.955 INFO:teuthology.orchestra.run.smithi082.stdout:/usr/bin/ceph: stderr
2024-09-16T00:14:18.993+0000 7f82c3c00640 1 --2- >> [v2:172.21.15.82:3300/0,v1:172.21.15.82:6789/0] conn(0x7f82bc07de80 0x7f82bc19da50 unknown :-1 s=NONE pgs=0 cs=0 l=1 rev1=0 crypto rx=0 tx=0 comp rx=0 tx=0).connect
2024-09-16T00:14:19.955 INFO:teuthology.orchestra.run.smithi082.stdout:/usr/bin/ceph: stderr
2024-09-16T00:14:18.993+0000 7f82c3c00640 1 -- --> [v2:172.21.15.82:3300/0,v1:172.21.15.82:6789/0] -- mon_getmap magic: 0 -- 0x7f82bc10de90 con 0x7f82bc07de80
2024-09-16T00:14:19.955 INFO:teuthology.orchestra.run.smithi082.stdout:/usr/bin/ceph: stderr
2024-09-16T00:14:18.993+0000 7f82c1200640 1 --2- >> [v2:172.21.15.82:3300/0,v1:172.21.15.82:6789/0] conn(0x7f82bc07de80 0x7f82bc19da50 unknown :-1 s=BANNER_CONNECTING pgs=0 cs=0 l=1 rev1=0 crypto rx=0 tx=0 comp rx=0 tx=0)._handle_peer_banner_payload supported=3 required=0
2024-09-16T00:14:19.955 INFO:teuthology.orchestra.run.smithi082.stdout:/usr/bin/ceph: stderr
2024-09-16T00:14:18.993+0000 7f82c1200640 1 --2- >> [v2:172.21.15.82:3300/0,v1:172.21.15.82:6789/0] conn(0x7f82bc07de80 0x7f82bc19da50 unknown :-1 s=HELLO_CONNECTING pgs=0 cs=0 l=1 rev1=1 crypto rx=0 tx=0 comp rx=0 tx=0).handle_hello peer v2:172.21.15.82:3300/0 says I am v2:172.21.15.82:49048/0 (socket says 172.21.15.82:49048)
2024-09-16T00:14:19.955 INFO:teuthology.orchestra.run.smithi082.stdout:/usr/bin/ceph: stderr
2024-09-16T00:14:18.993+0000 7f82c1200640 1 -- 172.21.15.82:0/4161458530 learned_addr learned my addr 172.21.15.82:0/4161458530 (peer_addr_for_me v2:172.21.15.82:0/0)
2024-09-16T00:14:19.955 INFO:teuthology.orchestra.run.smithi082.stdout:/usr/bin/ceph: stderr
2024-09-16T00:14:18.993+0000 7f82c1200640 1 -- 172.21.15.82:0/4161458530 --> [v2:172.21.15.82:3300/0,v1:172.21.15.82:6789/0] -- mon_subscribe({config=0+,monmap=0+}) -- 0x7f82bc19df90 con 0x7f82bc07de80
2024-09-16T00:14:19.956 INFO:teuthology.orchestra.run.smithi082.stdout:/usr/bin/ceph: stderr
2024-09-16T00:14:18.994+0000 7f82c1200640 1 --2- 172.21.15.82:0/4161458530 >> [v2:172.21.15.82:3300/0,v1:172.21.15.82:6789/0] conn(0x7f82bc07de80 0x7f82bc19da50 secure :-1 s=READY pgs=50 cs=0 l=1 rev1=1 crypto rx=0x7f82b0032ce0 tx=0x7f82b0032d10 comp rx=0 tx=0).ready entity=mon.0 client_cookie=0 server_cookie=0 in_seq=0 out_seq=0
2024-09-16T00:14:19.956 INFO:teuthology.orchestra.run.smithi082.stdout:/usr/bin/ceph: stderr
2024-09-16T00:14:18.994+0000 7f82b9600640 1 -- 172.21.15.82:0/4161458530 <== mon.0 v2:172.21.15.82:3300/0 1 ==== mon_map magic: 0 ==== 205+0+0 (secure 0 0 0) 0x7f82b0042070 con 0x7f82bc07de80
2024-09-16T00:14:19.956 INFO:teuthology.orchestra.run.smithi082.stdout:/usr/bin/ceph: stderr
2024-09-16T00:14:18.994+0000 7f82b9600640 1 -- 172.21.15.82:0/4161458530 <== mon.0 v2:172.21.15.82:3300/0 2 ==== config(27 keys) ==== 1109+0+0 (secure 0 0 0) 0x7f82b00308c0 con 0x7f82bc07de80
2024-09-16T00:14:19.956 INFO:teuthology.orchestra.run.smithi082.stdout:/usr/bin/ceph: stderr
2024-09-16T00:14:18.994+0000 7f82b9600640 1 -- 172.21.15.82:0/4161458530 <== mon.0 v2:172.21.15.82:3300/0 3 ==== mon_map magic: 0 ==== 205+0+0 (secure 0 0 0) 0x7f82b0037040 con 0x7f82bc07de80
2024-09-16T00:14:19.956 INFO:teuthology.orchestra.run.smithi082.stdout:/usr/bin/ceph: stderr
2024-09-16T00:14:18.994+0000 7f82c3c00640 1 -- 172.21.15.82:0/4161458530 --> [v2:172.21.15.82:3300/0,v1:172.21.15.82:6789/0] -- mon_subscribe({mgrmap=0+}) -- 0x7f82bc19e220 con 0x7f82bc07de80
2024-09-16T00:14:19.956 INFO:teuthology.orchestra.run.smithi082.stdout:/usr/bin/ceph: stderr
2024-09-16T00:14:18.994+0000 7f82c3c00640 1 -- 172.21.15.82:0/4161458530 --> [v2:172.21.15.82:3300/0,v1:172.21.15.82:6789/0] -- mon_subscribe({osdmap=0}) -- 0x7f82bc1a0f10 con 0x7f82bc07de80
2024-09-16T00:14:19.956 INFO:teuthology.orchestra.run.smithi082.stdout:/usr/bin/ceph: stderr
2024-09-16T00:14:18.996+0000 7f82b9600640 1 -- 172.21.15.82:0/4161458530 <== mon.0 v2:172.21.15.82:3300/0 4 ==== mgrmap(e 8) ==== 46461+0+0 (secure 0 0 0) 0x7f82b0045070 con 0x7f82bc07de80
2024-09-16T00:14:19.956 INFO:teuthology.orchestra.run.smithi082.stdout:/usr/bin/ceph: stderr
2024-09-16T00:14:18.996+0000 7f82c3c00640 1 -- 172.21.15.82:0/4161458530 --> [v2:172.21.15.82:3300/0,v1:172.21.15.82:6789/0] -- mon_command({"prefix": "get_command_descriptions"} v 0) -- 0x7f82bc07c360 con 0x7f82bc07de80
2024-09-16T00:14:19.956 INFO:teuthology.orchestra.run.smithi082.stdout:/usr/bin/ceph: stderr
2024-09-16T00:14:18.996+0000 7f82b9600640 1 --2- 172.21.15.82:0/4161458530 >> [v2:172.21.15.82:6800/1030733112,v1:172.21.15.82:6801/1030733112] conn(0x7f82a4039200 0x7f82a403b6c0 unknown :-1 s=NONE pgs=0 cs=0 l=1 rev1=0 crypto rx=0 tx=0 comp rx=0 tx=0).connect
2024-09-16T00:14:19.956 INFO:teuthology.orchestra.run.smithi082.stdout:/usr/bin/ceph: stderr
2024-09-16T00:14:18.996+0000 7f82b9600640 1 -- 172.21.15.82:0/4161458530 <== mon.0 v2:172.21.15.82:3300/0 5 ==== osd_map(2..2 src has 1..2) ==== 940+0+0 (secure 0 0 0) 0x7f82b006c380 con 0x7f82bc07de80
2024-09-16T00:14:19.956 INFO:teuthology.orchestra.run.smithi082.stdout:/usr/bin/ceph: stderr
2024-09-16T00:14:18.996+0000 7f82bbe00640 1 --2- 172.21.15.82:0/4161458530 >> [v2:172.21.15.82:6800/1030733112,v1:172.21.15.82:6801/1030733112] conn(0x7f82a4039200 0x7f82a403b6c0 unknown :-1 s=BANNER_CONNECTING pgs=0 cs=0 l=1 rev1=0 crypto rx=0 tx=0 comp rx=0 tx=0)._handle_peer_banner_payload supported=3 required=0
2024-09-16T00:14:19.956 INFO:teuthology.orchestra.run.smithi082.stdout:/usr/bin/ceph: stderr
2024-09-16T00:14:18.997+0000 7f82bbe00640 1 --2- 172.21.15.82:0/4161458530 >> [v2:172.21.15.82:6800/1030733112,v1:172.21.15.82:6801/1030733112] conn(0x7f82a4039200 0x7f82a403b6c0 secure :-1 s=READY pgs=14 cs=0 l=1 rev1=1 crypto rx=0x7f82a80098c0 tx=0x7f82a8006db0 comp rx=0 tx=0).ready entity=mgr.14118 client_cookie=0 server_cookie=0 in_seq=0 out_seq=0
2024-09-16T00:14:19.956 INFO:teuthology.orchestra.run.smithi082.stdout:/usr/bin/ceph: stderr
2024-09-16T00:14:19.001+0000 7f82b9600640 1 -- 172.21.15.82:0/4161458530 <== mon.0 v2:172.21.15.82:3300/0 6 ==== mon_command_ack([{"prefix": "get_command_descriptions"}]=0 v0) ==== 72+0+188821 (secure 0 0 0) 0x7f82b004b170 con 0x7f82bc07de80
2024-09-16T00:14:19.957 INFO:teuthology.orchestra.run.smithi082.stdout:/usr/bin/ceph: stderr
2024-09-16T00:14:19.006+0000 7f82b9600640 1 -- 172.21.15.82:0/4161458530 <== mon.0 v2:172.21.15.82:3300/0 7 ==== config(27 keys) ==== 1140+0+0 (secure 0 0 0) 0x7f82b003a560 con 0x7f82bc07de80
2024-09-16T00:14:19.957 INFO:teuthology.orchestra.run.smithi082.stdout:/usr/bin/ceph: stderr
2024-09-16T00:14:19.202+0000 7f82c3c00640 1 -- 172.21.15.82:0/4161458530 --> [v2:172.21.15.82:3300/0,v1:172.21.15.82:6789/0] -- mon_command([{prefix=config set, name=mgr/cephadm/container_init}] v 0) -- 0x7f82bc1a1590 con 0x7f82bc07de80
2024-09-16T00:14:19.957 INFO:teuthology.orchestra.run.smithi082.stdout:/usr/bin/ceph: stderr
2024-09-16T00:14:19.204+0000 7f82b9600640 1 -- 172.21.15.82:0/4161458530 <== mon.0 v2:172.21.15.82:3300/0 8 ==== mon_command_ack([{prefix=config set, name=mgr/cephadm/container_init}]=0 v7)=0 v7) ==== 142+0+0 (secure 0 0 0) 0x7f82b003c800 con 0x7f82bc07de80
2024-09-16T00:14:19.957 INFO:teuthology.orchestra.run.smithi082.stdout:/usr/bin/ceph: stderr
2024-09-16T00:14:19.207+0000 7f82c3c00640 1 -- 172.21.15.82:0/4161458530 >> [v2:172.21.15.82:6800/1030733112,v1:172.21.15.82:6801/1030733112] conn(0x7f82a4039200 msgr2=0x7f82a403b6c0 secure :-1 s=STATE_CONNECTION_ESTABLISHED l=1).mark_down
2024-09-16T00:14:19.957 INFO:teuthology.orchestra.run.smithi082.stdout:/usr/bin/ceph: stderr
2024-09-16T00:14:19.207+0000 7f82c3c00640 1 --2- 172.21.15.82:0/4161458530 >> [v2:172.21.15.82:6800/1030733112,v1:172.21.15.82:6801/1030733112] conn(0x7f82a4039200 0x7f82a403b6c0 secure :-1 s=READY pgs=14 cs=0 l=1 rev1=1 crypto rx=0x7f82a80098c0 tx=0x7f82a8006db0 comp rx=0 tx=0).stop
2024-09-16T00:14:19.957 INFO:teuthology.orchestra.run.smithi082.stdout:/usr/bin/ceph: stderr
2024-09-16T00:14:19.207+0000 7f82c3c00640 1 -- 172.21.15.82:0/4161458530 >> [v2:172.21.15.82:3300/0,v1:172.21.15.82:6789/0] conn(0x7f82bc07de80 msgr2=0x7f82bc19da50 secure :-1 s=STATE_CONNECTION_ESTABLISHED l=1).mark_down
2024-09-16T00:14:19.957 INFO:teuthology.orchestra.run.smithi082.stdout:/usr/bin/ceph: stderr
2024-09-16T00:14:19.207+0000 7f82c3c00640 1 --2- 172.21.15.82:0/4161458530 >> [v2:172.21.15.82:3300/0,v1:172.21.15.82:6789/0] conn(0x7f82bc07de80 0x7f82bc19da50 secure :-1 s=READY pgs=50 cs=0 l=1 rev1=1 crypto rx=0x7f82b0032ce0 tx=0x7f82b0032d10 comp rx=0 tx=0).stop
2024-09-16T00:14:19.957 INFO:teuthology.orchestra.run.smithi082.stdout:/usr/bin/ceph: stderr
2024-09-16T00:14:19.207+0000 7f82c3c00640 1 -- 172.21.15.82:0/4161458530 shutdown_connections
2024-09-16T00:14:19.957 INFO:teuthology.orchestra.run.smithi082.stdout:/usr/bin/ceph: stderr
2024-09-16T00:14:19.207+0000 7f82c3c00640 1 --2- 172.21.15.82:0/4161458530 >> [v2:172.21.15.82:6800/1030733112,v1:172.21.15.82:6801/1030733112] conn(0x7f82a4039200 0x7f82a403b6c0 unknown :-1 s=CLOSED pgs=14 cs=0 l=1 rev1=1 crypto rx=0 tx=0 comp rx=0 tx=0).stop
2024-09-16T00:14:19.957 INFO:teuthology.orchestra.run.smithi082.stdout:/usr/bin/ceph: stderr
2024-09-16T00:14:19.207+0000 7f82c3c00640 1 --2- 172.21.15.82:0/4161458530 >> [v2:172.21.15.82:3300/0,v1:172.21.15.82:6789/0] conn(0x7f82bc07de80 0x7f82bc19da50 unknown :-1 s=CLOSED pgs=50 cs=0 l=1 rev1=1 crypto rx=0 tx=0 comp rx=0 tx=0).stop
2024-09-16T00:14:19.957 INFO:teuthology.orchestra.run.smithi082.stdout:/usr/bin/ceph: stderr
2024-09-16T00:14:19.207+0000 7f82c3c00640 1 -- 172.21.15.82:0/4161458530 >> 172.21.15.82:0/4161458530 conn(0x7f82bc102fd0 msgr2=0x7f82bc103c10 unknown :-1 s=STATE_NONE l=0).mark_down
2024-09-16T00:14:19.957 INFO:teuthology.orchestra.run.smithi082.stdout:/usr/bin/ceph: stderr
2024-09-16T00:14:19.208+0000 7f82c3c00640 1 -- 172.21.15.82:0/4161458530 shutdown_connections
2024-09-16T00:14:19.957 INFO:teuthology.orchestra.run.smithi082.stdout:/usr/bin/ceph: stderr
2024-09-16T00:14:19.208+0000 7f82c3c00640 1 -- 172.21.15.82:0/4161458530 wait complete.
2024-09-16T00:14:20.253 INFO:journalctl@ceph.mon.a.smithi082.stdout:Sep 16 00:14:20 smithi082 ceph-mon[30529]: from='mgr.14118 172.21.15.82:0/2047473457' entity='mgr.x'
2024-09-16T00:14:20.253 INFO:journalctl@ceph.mon.a.smithi082.stdout:Sep 16 00:14:20 smithi082 ceph-mon[30529]: from='client.? 172.21.15.82:0/4161458530' entity='client.admin'
2024-09-16T00:14:20.253 INFO:journalctl@ceph.mon.a.smithi082.stdout:Sep 16 00:14:20 smithi082 ceph-mon[30529]: from='mgr.14118 172.21.15.82:0/2047473457' entity='mgr.x'
2024-09-16T00:14:21.477 INFO:teuthology.orchestra.run.smithi082.stdout:/usr/bin/ceph: stderr
2024-09-16T00:14:20.489+0000 7f0fc7e00640 1 Processor -- start
2024-09-16T00:14:21.477 INFO:teuthology.orchestra.run.smithi082.stdout:/usr/bin/ceph: stderr
2024-09-16T00:14:20.489+0000 7f0fc7e00640 1 -- start start
2024-09-16T00:14:21.477 INFO:teuthology.orchestra.run.smithi082.stdout:/usr/bin/ceph: stderr
2024-09-16T00:14:20.489+0000 7f0fc7e00640 1 --2- >> [v2:172.21.15.82:3300/0,v1:172.21.15.82:6789/0] conn(0x7f0fc8105480 0x7f0fc8105880 unknown :-1 s=NONE pgs=0 cs=0 l=0 rev1=0 crypto rx=0 tx=0 comp rx=0 tx=0).connect
2024-09-16T00:14:21.477 INFO:teuthology.orchestra.run.smithi082.stdout:/usr/bin/ceph: stderr
2024-09-16T00:14:20.489+0000 7f0fc7e00640 1 -- --> [v2:172.21.15.82:3300/0,v1:172.21.15.82:6789/0] -- mon_getmap magic: 0 -- 0x7f0fc8105dc0 con 0x7f0fc8105480
2024-09-16T00:14:21.477 INFO:teuthology.orchestra.run.smithi082.stdout:/usr/bin/ceph: stderr
2024-09-16T00:14:20.490+0000 7f0fc6a00640 1 --2- >> [v2:172.21.15.82:3300/0,v1:172.21.15.82:6789/0] conn(0x7f0fc8105480 0x7f0fc8105880 unknown :-1 s=BANNER_CONNECTING pgs=0 cs=0 l=0 rev1=0 crypto rx=0 tx=0 comp rx=0 tx=0)._handle_peer_banner_payload supported=3 required=0
2024-09-16T00:14:21.477 INFO:teuthology.orchestra.run.smithi082.stdout:/usr/bin/ceph: stderr
2024-09-16T00:14:20.490+0000 7f0fc6a00640 1 --2- >> [v2:172.21.15.82:3300/0,v1:172.21.15.82:6789/0] conn(0x7f0fc8105480 0x7f0fc8105880 unknown :-1 s=HELLO_CONNECTING pgs=0 cs=0 l=0 rev1=1 crypto rx=0 tx=0 comp rx=0 tx=0).handle_hello peer v2:172.21.15.82:3300/0 says I am v2:172.21.15.82:49052/0 (socket says 172.21.15.82:49052)
2024-09-16T00:14:21.477 INFO:teuthology.orchestra.run.smithi082.stdout:/usr/bin/ceph: stderr
2024-09-16T00:14:20.490+0000 7f0fc6a00640 1 -- 172.21.15.82:0/2966571893 learned_addr learned my addr 172.21.15.82:0/2966571893 (peer_addr_for_me v2:172.21.15.82:0/0)
2024-09-16T00:14:21.477 INFO:teuthology.orchestra.run.smithi082.stdout:/usr/bin/ceph: stderr
2024-09-16T00:14:20.490+0000 7f0fc6a00640 1 -- 172.21.15.82:0/2966571893 --> [v2:172.21.15.82:3300/0,v1:172.21.15.82:6789/0] -- mon_subscribe({config=0+,monmap=0+}) -- 0x7f0fc8105f40 con 0x7f0fc8105480
2024-09-16T00:14:21.477 INFO:teuthology.orchestra.run.smithi082.stdout:/usr/bin/ceph: stderr
2024-09-16T00:14:20.491+0000 7f0fc6a00640 1 --2- 172.21.15.82:0/2966571893 >> [v2:172.21.15.82:3300/0,v1:172.21.15.82:6789/0] conn(0x7f0fc8105480 0x7f0fc8105880 secure :-1 s=READY pgs=51 cs=0 l=1 rev1=1 crypto rx=0x7f0fb8009820 tx=0x7f0fb802a270 comp rx=0 tx=0).ready entity=mon.0 client_cookie=4d9793fdfe8d179c server_cookie=0 in_seq=0 out_seq=0
2024-09-16T00:14:21.478 INFO:teuthology.orchestra.run.smithi082.stdout:/usr/bin/ceph: stderr
2024-09-16T00:14:20.491+0000 7f0fc5600640 1 -- 172.21.15.82:0/2966571893 <== mon.0 v2:172.21.15.82:3300/0 1 ==== mon_map magic: 0 ==== 205+0+0 (secure 0 0 0) 0x7f0fb8037070 con 0x7f0fc8105480
2024-09-16T00:14:21.478 INFO:teuthology.orchestra.run.smithi082.stdout:/usr/bin/ceph: stderr
2024-09-16T00:14:20.491+0000 7f0fc5600640 1 -- 172.21.15.82:0/2966571893 <== mon.0 v2:172.21.15.82:3300/0 2 ==== config(27 keys) ==== 1140+0+0 (secure 0 0 0) 0x7f0fb8032920 con 0x7f0fc8105480
2024-09-16T00:14:21.478 INFO:teuthology.orchestra.run.smithi082.stdout:/usr/bin/ceph: stderr
2024-09-16T00:14:20.491+0000 7f0fc5600640 1 -- 172.21.15.82:0/2966571893 <== mon.0 v2:172.21.15.82:3300/0 3 ==== mon_map magic: 0 ==== 205+0+0 (secure 0 0 0) 0x7f0fb8030810 con 0x7f0fc8105480
2024-09-16T00:14:21.478 INFO:teuthology.orchestra.run.smithi082.stdout:/usr/bin/ceph: stderr
2024-09-16T00:14:20.492+0000 7f0fc7e00640 1 -- 172.21.15.82:0/2966571893 >> [v2:172.21.15.82:3300/0,v1:172.21.15.82:6789/0] conn(0x7f0fc8105480 msgr2=0x7f0fc8105880 secure :-1 s=STATE_CONNECTION_ESTABLISHED l=1).mark_down
2024-09-16T00:14:21.478 INFO:teuthology.orchestra.run.smithi082.stdout:/usr/bin/ceph: stderr
2024-09-16T00:14:20.492+0000 7f0fc7e00640 1 --2- 172.21.15.82:0/2966571893 >> [v2:172.21.15.82:3300/0,v1:172.21.15.82:6789/0] conn(0x7f0fc8105480 0x7f0fc8105880 secure :-1 s=READY pgs=51 cs=0 l=1 rev1=1 crypto rx=0x7f0fb8009820 tx=0x7f0fb802a270 comp rx=0 tx=0).stop
2024-09-16T00:14:21.478 INFO:teuthology.orchestra.run.smithi082.stdout:/usr/bin/ceph: stderr
2024-09-16T00:14:20.492+0000 7f0fc7e00640 1 -- 172.21.15.82:0/2966571893 shutdown_connections
2024-09-16T00:14:21.478 INFO:teuthology.orchestra.run.smithi082.stdout:/usr/bin/ceph: stderr
2024-09-16T00:14:20.492+0000 7f0fc7e00640 1 --2- 172.21.15.82:0/2966571893 >> [v2:172.21.15.82:3300/0,v1:172.21.15.82:6789/0] conn(0x7f0fc8105480 0x7f0fc8105880 unknown :-1 s=CLOSED pgs=51 cs=0 l=1 rev1=1 crypto rx=0 tx=0 comp rx=0 tx=0).stop
2024-09-16T00:14:21.478 INFO:teuthology.orchestra.run.smithi082.stdout:/usr/bin/ceph: stderr
2024-09-16T00:14:20.492+0000 7f0fc7e00640 1 -- 172.21.15.82:0/2966571893 >> 172.21.15.82:0/2966571893 conn(0x7f0fc81010f0 msgr2=0x7f0fc8103530 unknown :-1 s=STATE_NONE l=0).mark_down
2024-09-16T00:14:21.478 INFO:teuthology.orchestra.run.smithi082.stdout:/usr/bin/ceph: stderr
2024-09-16T00:14:20.492+0000 7f0fc7e00640 1 -- 172.21.15.82:0/2966571893 shutdown_connections
2024-09-16T00:14:21.478 INFO:teuthology.orchestra.run.smithi082.stdout:/usr/bin/ceph: stderr
2024-09-16T00:14:20.492+0000 7f0fc7e00640 1 -- 172.21.15.82:0/2966571893 wait complete.
2024-09-16T00:14:21.478 INFO:teuthology.orchestra.run.smithi082.stdout:/usr/bin/ceph: stderr
2024-09-16T00:14:20.493+0000 7f0fc7e00640 1 Processor -- start
2024-09-16T00:14:21.478 INFO:teuthology.orchestra.run.smithi082.stdout:/usr/bin/ceph: stderr
2024-09-16T00:14:20.493+0000 7f0fc7e00640 1 -- start start
2024-09-16T00:14:21.478 INFO:teuthology.orchestra.run.smithi082.stdout:/usr/bin/ceph: stderr
2024-09-16T00:14:20.494+0000 7f0fc7e00640 1 --2- >> [v2:172.21.15.82:3300/0,v1:172.21.15.82:6789/0] conn(0x7f0fc8105480 0x7f0fc819dbd0 unknown :-1 s=NONE pgs=0 cs=0 l=1 rev1=0 crypto rx=0 tx=0 comp rx=0 tx=0).connect
2024-09-16T00:14:21.479 INFO:teuthology.orchestra.run.smithi082.stdout:/usr/bin/ceph: stderr
2024-09-16T00:14:20.494+0000 7f0fc7e00640 1 -- --> [v2:172.21.15.82:3300/0,v1:172.21.15.82:6789/0] -- mon_getmap magic: 0 -- 0x7f0fc810bb00 con 0x7f0fc8105480
2024-09-16T00:14:21.479 INFO:teuthology.orchestra.run.smithi082.stdout:/usr/bin/ceph: stderr
2024-09-16T00:14:20.494+0000 7f0fc6a00640 1 --2- >> [v2:172.21.15.82:3300/0,v1:172.21.15.82:6789/0] conn(0x7f0fc8105480 0x7f0fc819dbd0 unknown :-1 s=BANNER_CONNECTING pgs=0 cs=0 l=1 rev1=0 crypto rx=0 tx=0 comp rx=0 tx=0)._handle_peer_banner_payload supported=3 required=0
2024-09-16T00:14:21.479 INFO:teuthology.orchestra.run.smithi082.stdout:/usr/bin/ceph: stderr
2024-09-16T00:14:20.494+0000 7f0fc6a00640 1 --2- >> [v2:172.21.15.82:3300/0,v1:172.21.15.82:6789/0] conn(0x7f0fc8105480 0x7f0fc819dbd0 unknown :-1 s=HELLO_CONNECTING pgs=0 cs=0 l=1 rev1=1 crypto rx=0 tx=0 comp rx=0 tx=0).handle_hello peer v2:172.21.15.82:3300/0 says I am v2:172.21.15.82:49060/0 (socket says 172.21.15.82:49060)
2024-09-16T00:14:21.479 INFO:teuthology.orchestra.run.smithi082.stdout:/usr/bin/ceph: stderr
2024-09-16T00:14:20.494+0000 7f0fc6a00640 1 -- 172.21.15.82:0/3631211891 learned_addr learned my addr 172.21.15.82:0/3631211891 (peer_addr_for_me v2:172.21.15.82:0/0)
2024-09-16T00:14:21.479 INFO:teuthology.orchestra.run.smithi082.stdout:/usr/bin/ceph: stderr
2024-09-16T00:14:20.494+0000 7f0fc6a00640 1 -- 172.21.15.82:0/3631211891 --> [v2:172.21.15.82:3300/0,v1:172.21.15.82:6789/0] -- mon_subscribe({config=0+,monmap=0+}) -- 0x7f0fc819e110 con 0x7f0fc8105480
2024-09-16T00:14:21.479 INFO:teuthology.orchestra.run.smithi082.stdout:/usr/bin/ceph: stderr
2024-09-16T00:14:20.495+0000 7f0fc6a00640 1 --2- 172.21.15.82:0/3631211891 >> [v2:172.21.15.82:3300/0,v1:172.21.15.82:6789/0] conn(0x7f0fc8105480 0x7f0fc819dbd0 secure :-1 s=READY pgs=52 cs=0 l=1 rev1=1 crypto rx=0x7f0fb80097f0 tx=0x7f0fb80327b0 comp rx=0 tx=0).ready entity=mon.0 client_cookie=0 server_cookie=0 in_seq=0 out_seq=0
2024-09-16T00:14:21.479 INFO:teuthology.orchestra.run.smithi082.stdout:/usr/bin/ceph: stderr
2024-09-16T00:14:20.495+0000 7f0fcca00640 1 -- 172.21.15.82:0/3631211891 <== mon.0 v2:172.21.15.82:3300/0 1 ==== mon_map magic: 0 ==== 205+0+0 (secure 0 0 0) 0x7f0fb8037040 con 0x7f0fc8105480
2024-09-16T00:14:21.479 INFO:teuthology.orchestra.run.smithi082.stdout:/usr/bin/ceph: stderr
2024-09-16T00:14:20.495+0000 7f0fcca00640 1 -- 172.21.15.82:0/3631211891 <== mon.0 v2:172.21.15.82:3300/0 2 ==== config(27 keys) ==== 1140+0+0 (secure 0 0 0) 0x7f0fb8030cc0 con 0x7f0fc8105480
2024-09-16T00:14:21.479 INFO:teuthology.orchestra.run.smithi082.stdout:/usr/bin/ceph: stderr
2024-09-16T00:14:20.495+0000 7f0fcca00640 1 -- 172.21.15.82:0/3631211891 <== mon.0 v2:172.21.15.82:3300/0 3 ==== mon_map magic: 0 ==== 205+0+0 (secure 0 0 0) 0x7f0fb803a6b0 con 0x7f0fc8105480
2024-09-16T00:14:21.479 INFO:teuthology.orchestra.run.smithi082.stdout:/usr/bin/ceph: stderr
2024-09-16T00:14:20.495+0000 7f0fc7e00640 1 -- 172.21.15.82:0/3631211891 --> [v2:172.21.15.82:3300/0,v1:172.21.15.82:6789/0] -- mon_subscribe({mgrmap=0+}) -- 0x7f0fc819e3a0 con 0x7f0fc8105480
2024-09-16T00:14:21.479 INFO:teuthology.orchestra.run.smithi082.stdout:/usr/bin/ceph: stderr
2024-09-16T00:14:20.495+0000 7f0fc7e00640 1 -- 172.21.15.82:0/3631211891 --> [v2:172.21.15.82:3300/0,v1:172.21.15.82:6789/0] -- mon_subscribe({osdmap=0}) -- 0x7f0fc81a1090 con 0x7f0fc8105480
2024-09-16T00:14:21.479 INFO:teuthology.orchestra.run.smithi082.stdout:/usr/bin/ceph: stderr
2024-09-16T00:14:20.496+0000 7f0fc7e00640 1 -- 172.21.15.82:0/3631211891 --> [v2:172.21.15.82:3300/0,v1:172.21.15.82:6789/0] -- mon_command({"prefix": "get_command_descriptions"} v 0) -- 0x7f0fc8105900 con 0x7f0fc8105480
2024-09-16T00:14:21.479 INFO:teuthology.orchestra.run.smithi082.stdout:/usr/bin/ceph: stderr
2024-09-16T00:14:20.497+0000 7f0fcca00640 1 -- 172.21.15.82:0/3631211891 <== mon.0 v2:172.21.15.82:3300/0 4 ==== mgrmap(e 8) ==== 46461+0+0 (secure 0 0 0) 0x7f0fb803baf0 con 0x7f0fc8105480
2024-09-16T00:14:21.480 INFO:teuthology.orchestra.run.smithi082.stdout:/usr/bin/ceph: stderr
2024-09-16T00:14:20.497+0000 7f0fcca00640 1 --2- 172.21.15.82:0/3631211891 >> [v2:172.21.15.82:6800/1030733112,v1:172.21.15.82:6801/1030733112] conn(0x7f0fac039200 0x7f0fac03b6c0 unknown :-1 s=NONE pgs=0 cs=0 l=1 rev1=0 crypto rx=0 tx=0 comp rx=0 tx=0).connect
2024-09-16T00:14:21.480 INFO:teuthology.orchestra.run.smithi082.stdout:/usr/bin/ceph: stderr
2024-09-16T00:14:20.498+0000 7f0fcca00640 1 -- 172.21.15.82:0/3631211891 <== mon.0 v2:172.21.15.82:3300/0 5 ==== osd_map(2..2 src has 1..2) ==== 940+0+0 (secure 0 0 0) 0x7f0fb806c870 con 0x7f0fc8105480
2024-09-16T00:14:21.480 INFO:teuthology.orchestra.run.smithi082.stdout:/usr/bin/ceph: stderr
2024-09-16T00:14:20.498+0000 7f0fc6000640 1 --2- 172.21.15.82:0/3631211891 >> [v2:172.21.15.82:6800/1030733112,v1:172.21.15.82:6801/1030733112] conn(0x7f0fac039200 0x7f0fac03b6c0 unknown :-1 s=BANNER_CONNECTING pgs=0 cs=0 l=1 rev1=0 crypto rx=0 tx=0 comp rx=0 tx=0)._handle_peer_banner_payload supported=3 required=0
2024-09-16T00:14:21.480 INFO:teuthology.orchestra.run.smithi082.stdout:/usr/bin/ceph: stderr
2024-09-16T00:14:20.499+0000 7f0fc6000640 1 --2- 172.21.15.82:0/3631211891 >> [v2:172.21.15.82:6800/1030733112,v1:172.21.15.82:6801/1030733112] conn(0x7f0fac039200 0x7f0fac03b6c0 secure :-1 s=READY pgs=15 cs=0 l=1 rev1=1 crypto rx=0x7f0fb40098c0 tx=0x7f0fb4006db0 comp rx=0 tx=0).ready entity=mgr.14118 client_cookie=0 server_cookie=0 in_seq=0 out_seq=0
2024-09-16T00:14:21.480 INFO:teuthology.orchestra.run.smithi082.stdout:/usr/bin/ceph: stderr
2024-09-16T00:14:20.503+0000 7f0fcca00640 1 -- 172.21.15.82:0/3631211891 <== mon.0 v2:172.21.15.82:3300/0 6 ==== mon_command_ack([{"prefix": "get_command_descriptions"}]=0 v0) ==== 72+0+188821 (secure 0 0 0) 0x7f0fb80371e0 con 0x7f0fc8105480
2024-09-16T00:14:21.480 INFO:teuthology.orchestra.run.smithi082.stdout:/usr/bin/ceph: stderr
2024-09-16T00:14:20.699+0000 7f0fc7e00640 1 -- 172.21.15.82:0/3631211891 --> [v2:172.21.15.82:3300/0,v1:172.21.15.82:6789/0] -- mon_command([{prefix=config set, name=mgr/dashboard/ssl_server_port}] v 0) -- 0x7f0fc802d7c0 con 0x7f0fc8105480
2024-09-16T00:14:21.480 INFO:teuthology.orchestra.run.smithi082.stdout:/usr/bin/ceph: stderr
2024-09-16T00:14:20.702+0000 7f0fcca00640 1 -- 172.21.15.82:0/3631211891 <== mon.0 v2:172.21.15.82:3300/0 7 ==== mon_command_ack([{prefix=config set, name=mgr/dashboard/ssl_server_port}]=0 v8)=0 v8) ==== 130+0+0 (secure 0 0 0) 0x7f0fb806c1c0 con 0x7f0fc8105480
2024-09-16T00:14:21.480 INFO:teuthology.orchestra.run.smithi082.stdout:/usr/bin/ceph: stderr
2024-09-16T00:14:20.704+0000 7f0fc7e00640 1 -- 172.21.15.82:0/3631211891 >> [v2:172.21.15.82:6800/1030733112,v1:172.21.15.82:6801/1030733112] conn(0x7f0fac039200 msgr2=0x7f0fac03b6c0 secure :-1 s=STATE_CONNECTION_ESTABLISHED l=1).mark_down
2024-09-16T00:14:21.480 INFO:teuthology.orchestra.run.smithi082.stdout:/usr/bin/ceph: stderr
2024-09-16T00:14:20.704+0000 7f0fc7e00640 1 --2- 172.21.15.82:0/3631211891 >> [v2:172.21.15.82:6800/1030733112,v1:172.21.15.82:6801/1030733112] conn(0x7f0fac039200 0x7f0fac03b6c0 secure :-1 s=READY pgs=15 cs=0 l=1 rev1=1 crypto rx=0x7f0fb40098c0 tx=0x7f0fb4006db0 comp rx=0 tx=0).stop
2024-09-16T00:14:21.480 INFO:teuthology.orchestra.run.smithi082.stdout:/usr/bin/ceph: stderr
2024-09-16T00:14:20.704+0000 7f0fc7e00640 1 -- 172.21.15.82:0/3631211891 >> [v2:172.21.15.82:3300/0,v1:172.21.15.82:6789/0] conn(0x7f0fc8105480 msgr2=0x7f0fc819dbd0 secure :-1 s=STATE_CONNECTION_ESTABLISHED l=1).mark_down
2024-09-16T00:14:21.480 INFO:teuthology.orchestra.run.smithi082.stdout:/usr/bin/ceph: stderr
2024-09-16T00:14:20.704+0000 7f0fc7e00640 1 --2- 172.21.15.82:0/3631211891 >> [v2:172.21.15.82:3300/0,v1:172.21.15.82:6789/0] conn(0x7f0fc8105480 0x7f0fc819dbd0 secure :-1 s=READY pgs=52 cs=0 l=1 rev1=1 crypto rx=0x7f0fb80097f0 tx=0x7f0fb80327b0 comp rx=0 tx=0).stop
2024-09-16T00:14:21.481 INFO:teuthology.orchestra.run.smithi082.stdout:/usr/bin/ceph: stderr
2024-09-16T00:14:20.704+0000 7f0fc7e00640 1 -- 172.21.15.82:0/3631211891 shutdown_connections
2024-09-16T00:14:21.481 INFO:teuthology.orchestra.run.smithi082.stdout:/usr/bin/ceph: stderr
2024-09-16T00:14:20.704+0000 7f0fc7e00640 1 --2- 172.21.15.82:0/3631211891 >> [v2:172.21.15.82:6800/1030733112,v1:172.21.15.82:6801/1030733112] conn(0x7f0fac039200 0x7f0fac03b6c0 unknown :-1 s=CLOSED pgs=15 cs=0 l=1 rev1=1 crypto rx=0 tx=0 comp rx=0 tx=0).stop
2024-09-16T00:14:21.481 INFO:teuthology.orchestra.run.smithi082.stdout:/usr/bin/ceph: stderr
2024-09-16T00:14:20.704+0000 7f0fc7e00640 1 --2- 172.21.15.82:0/3631211891 >> [v2:172.21.15.82:3300/0,v1:172.21.15.82:6789/0] conn(0x7f0fc8105480 0x7f0fc819dbd0 unknown :-1 s=CLOSED pgs=52 cs=0 l=1 rev1=1 crypto rx=0 tx=0 comp rx=0 tx=0).stop
2024-09-16T00:14:21.481 INFO:teuthology.orchestra.run.smithi082.stdout:/usr/bin/ceph: stderr
2024-09-16T00:14:20.704+0000 7f0fc7e00640 1 -- 172.21.15.82:0/3631211891 >> 172.21.15.82:0/3631211891 conn(0x7f0fc81010f0 msgr2=0x7f0fc8101db0 unknown :-1 s=STATE_NONE l=0).mark_down
2024-09-16T00:14:21.481 INFO:teuthology.orchestra.run.smithi082.stdout:/usr/bin/ceph: stderr
2024-09-16T00:14:20.705+0000 7f0fc7e00640 1 -- 172.21.15.82:0/3631211891 shutdown_connections
2024-09-16T00:14:21.481 INFO:teuthology.orchestra.run.smithi082.stdout:/usr/bin/ceph: stderr
2024-09-16T00:14:20.705+0000 7f0fc7e00640 1 -- 172.21.15.82:0/3631211891 wait complete.
2024-09-16T00:14:21.481 INFO:teuthology.orchestra.run.smithi082.stdout:Enabling the dashboard module...
2024-09-16T00:14:21.921 INFO:journalctl@ceph.mon.a.smithi082.stdout:Sep 16 00:14:21 smithi082 ceph-mon[30529]: from='client.? 172.21.15.82:0/3631211891' entity='client.admin'
2024-09-16T00:14:23.493 INFO:journalctl@ceph.mon.a.smithi082.stdout:Sep 16 00:14:23 smithi082 ceph-mon[30529]: from='mgr.14118 172.21.15.82:0/2047473457' entity='mgr.x'
2024-09-16T00:14:23.493 INFO:journalctl@ceph.mon.a.smithi082.stdout:Sep 16 00:14:23 smithi082 ceph-mon[30529]: pgmap v3: 0 pgs: ; 0 B data, 0 B used, 0 B / 0 B avail
2024-09-16T00:14:23.493 INFO:journalctl@ceph.mon.a.smithi082.stdout:Sep 16 00:14:23 smithi082 ceph-mon[30529]: from='client.? 172.21.15.82:0/3101021354' entity='client.admin' cmd=[{"prefix": "mgr module enable", "module": "dashboard"}]: dispatch
2024-09-16T00:14:23.494 INFO:journalctl@ceph.mgr.x.smithi082.stdout:Sep 16 00:14:23 smithi082 ceph-5aa03fc8-73c0-11ef-bceb-c7b262605968-mgr-x[30754]: ignoring --setuser ceph since I am not root
2024-09-16T00:14:23.494 INFO:journalctl@ceph.mgr.x.smithi082.stdout:Sep 16 00:14:23 smithi082 ceph-5aa03fc8-73c0-11ef-bceb-c7b262605968-mgr-x[30754]: ignoring --setgroup ceph since I am not root
2024-09-16T00:14:23.494 INFO:journalctl@ceph.mgr.x.smithi082.stdout:Sep 16 00:14:23 smithi082 ceph-5aa03fc8-73c0-11ef-bceb-c7b262605968-mgr-x[30754]:
2024-09-16T00:14:23.491+0000 7f0a02bd8040 -1 mgr[py] Module osd_perf_query has missing NOTIFY_TYPES member
2024-09-16T00:14:23.750 INFO:journalctl@ceph.mgr.x.smithi082.stdout:Sep 16 00:14:23 smithi082 ceph-5aa03fc8-73c0-11ef-bceb-c7b262605968-mgr-x[30754]:
2024-09-16T00:14:23.564+0000 7f0a02bd8040 -1 mgr[py] Module osd_support has missing NOTIFY_TYPES member
