2024-09-16T00:17:32.385+0000 7f938efe4640 1 --2- 172.21.15.112:0/238748202 >> [v2:172.21.15.112:3300/0,v1:172.21.15.112:6789/0] conn(0x7f9388076c80 0x7f9388110e20 secure :-1 s=READY pgs=68 cs=0 l=1 rev1=1 crypto rx=0x7f937c031750 tx=0x7f937c0091d0 comp rx=0 tx=0).stop
2024-09-16T00:17:33.065 INFO:teuthology.orchestra.run.smithi112.stdout:/usr/bin/ceph: stderr
2024-09-16T00:17:32.385+0000 7f938efe4640 1 -- 172.21.15.112:0/238748202 shutdown_connections
2024-09-16T00:17:33.065 INFO:teuthology.orchestra.run.smithi112.stdout:/usr/bin/ceph: stderr
2024-09-16T00:17:32.385+0000 7f938efe4640 1 --2- 172.21.15.112:0/238748202 >> [v2:172.21.15.112:6800/122493397,v1:172.21.15.112:6801/122493397] conn(0x7f9378039530 0x7f937803b9e0 unknown :-1 s=CLOSED pgs=0 cs=0 l=1 rev1=0 crypto rx=0 tx=0 comp rx=0 tx=0).stop
2024-09-16T00:17:33.065 INFO:teuthology.orchestra.run.smithi112.stdout:/usr/bin/ceph: stderr
2024-09-16T00:17:32.385+0000 7f938efe4640 1 --2- 172.21.15.112:0/238748202 >> [v2:172.21.15.112:3300/0,v1:172.21.15.112:6789/0] conn(0x7f9388076c80 0x7f9388110e20 unknown :-1 s=CLOSED pgs=68 cs=0 l=1 rev1=1 crypto rx=0 tx=0 comp rx=0 tx=0).stop
2024-09-16T00:17:33.065 INFO:teuthology.orchestra.run.smithi112.stdout:/usr/bin/ceph: stderr
2024-09-16T00:17:32.385+0000 7f938efe4640 1 -- 172.21.15.112:0/238748202 >> 172.21.15.112:0/238748202 conn(0x7f93880fc5c0 msgr2=0x7f93880fd190 unknown :-1 s=STATE_NONE l=0).mark_down
2024-09-16T00:17:33.065 INFO:teuthology.orchestra.run.smithi112.stdout:/usr/bin/ceph: stderr
2024-09-16T00:17:32.386+0000 7f938efe4640 1 -- 172.21.15.112:0/238748202 shutdown_connections
2024-09-16T00:17:33.065 INFO:teuthology.orchestra.run.smithi112.stdout:/usr/bin/ceph: stderr
2024-09-16T00:17:32.386+0000 7f938efe4640 1 -- 172.21.15.112:0/238748202 wait complete.
2024-09-16T00:17:33.065 INFO:teuthology.orchestra.run.smithi112.stdout:Waiting for the mgr to restart...
2024-09-16T00:17:33.065 INFO:teuthology.orchestra.run.smithi112.stdout:Waiting for mgr epoch 9...
2024-09-16T00:17:33.282 INFO:journalctl@ceph.mon.smithi112.smithi112.stdout:Sep 16 00:17:33 smithi112 ceph-mon[27869]: from='client.? 172.21.15.112:0/238748202' entity='client.admin' cmd=[{"prefix": "mgr stat"}]: dispatch
2024-09-16T00:17:35.839 INFO:journalctl@ceph.mon.smithi112.smithi112.stdout:Sep 16 00:17:35 smithi112 ceph-mon[27869]: Active manager daemon smithi112.xrkkbc restarted
2024-09-16T00:17:35.839 INFO:journalctl@ceph.mon.smithi112.smithi112.stdout:Sep 16 00:17:35 smithi112 ceph-mon[27869]: Activating manager daemon smithi112.xrkkbc
2024-09-16T00:17:35.839 INFO:journalctl@ceph.mon.smithi112.smithi112.stdout:Sep 16 00:17:35 smithi112 ceph-mon[27869]: osdmap e3: 0 total, 0 up, 0 in
2024-09-16T00:17:35.840 INFO:journalctl@ceph.mon.smithi112.smithi112.stdout:Sep 16 00:17:35 smithi112 ceph-mon[27869]: mgrmap e10: smithi112.xrkkbc(active, starting, since 0.00332434s)
2024-09-16T00:17:35.840 INFO:journalctl@ceph.mon.smithi112.smithi112.stdout:Sep 16 00:17:35 smithi112 ceph-mon[27869]: from='mgr.14160 172.21.15.112:0/1160773296' entity='mgr.smithi112.xrkkbc' cmd=[{"prefix": "mon metadata", "id": "smithi112"}]: dispatch
2024-09-16T00:17:35.840 INFO:journalctl@ceph.mon.smithi112.smithi112.stdout:Sep 16 00:17:35 smithi112 ceph-mon[27869]: from='mgr.14160 172.21.15.112:0/1160773296' entity='mgr.smithi112.xrkkbc' cmd=[{"prefix": "mgr metadata", "who": "smithi112.xrkkbc", "id": "smithi112.xrkkbc"}]: dispatch
2024-09-16T00:17:35.840 INFO:journalctl@ceph.mon.smithi112.smithi112.stdout:Sep 16 00:17:35 smithi112 ceph-mon[27869]: from='mgr.14160 172.21.15.112:0/1160773296' entity='mgr.smithi112.xrkkbc' cmd=[{"prefix": "mds metadata"}]: dispatch
2024-09-16T00:17:35.840 INFO:journalctl@ceph.mon.smithi112.smithi112.stdout:Sep 16 00:17:35 smithi112 ceph-mon[27869]: from='mgr.14160 172.21.15.112:0/1160773296' entity='mgr.smithi112.xrkkbc' cmd=[{"prefix": "osd metadata"}]: dispatch
2024-09-16T00:17:35.840 INFO:journalctl@ceph.mon.smithi112.smithi112.stdout:Sep 16 00:17:35 smithi112 ceph-mon[27869]: from='mgr.14160 172.21.15.112:0/1160773296' entity='mgr.smithi112.xrkkbc' cmd=[{"prefix": "mon metadata"}]: dispatch
2024-09-16T00:17:35.840 INFO:journalctl@ceph.mon.smithi112.smithi112.stdout:Sep 16 00:17:35 smithi112 ceph-mon[27869]: Manager daemon smithi112.xrkkbc is now available
2024-09-16T00:17:35.840 INFO:journalctl@ceph.mon.smithi112.smithi112.stdout:Sep 16 00:17:35 smithi112 ceph-mon[27869]: from='mgr.14160 172.21.15.112:0/1160773296' entity='mgr.smithi112.xrkkbc' cmd=[{"prefix": "config dump", "format": "json"}]: dispatch
2024-09-16T00:17:35.840 INFO:journalctl@ceph.mon.smithi112.smithi112.stdout:Sep 16 00:17:35 smithi112 ceph-mon[27869]: from='mgr.14160 172.21.15.112:0/1160773296' entity='mgr.smithi112.xrkkbc' cmd=[{"prefix":"config rm","who":"mgr","name":"mgr/rbd_support/smithi112.xrkkbc/mirror_snapshot_schedule"}]: dispatch
2024-09-16T00:17:35.840 INFO:journalctl@ceph.mon.smithi112.smithi112.stdout:Sep 16 00:17:35 smithi112 ceph-mon[27869]: from='mgr.14160 172.21.15.112:0/1160773296' entity='mgr.smithi112.xrkkbc' cmd=[{"prefix":"config rm","who":"mgr","name":"mgr/rbd_support/smithi112.xrkkbc/trash_purge_schedule"}]: dispatch
2024-09-16T00:17:37.491 INFO:teuthology.orchestra.run.smithi112.stdout:/usr/bin/ceph: stdout {
2024-09-16T00:17:37.491 INFO:teuthology.orchestra.run.smithi112.stdout:/usr/bin/ceph: stdout "mgrmap_epoch": 11,
2024-09-16T00:17:37.491 INFO:teuthology.orchestra.run.smithi112.stdout:/usr/bin/ceph: stdout "initialized": true
2024-09-16T00:17:37.491 INFO:teuthology.orchestra.run.smithi112.stdout:/usr/bin/ceph: stdout }
2024-09-16T00:17:37.492 INFO:teuthology.orchestra.run.smithi112.stdout:/usr/bin/ceph: stderr
2024-09-16T00:17:33.466+0000 7f13dfcf9640 1 Processor -- start
2024-09-16T00:17:37.492 INFO:teuthology.orchestra.run.smithi112.stdout:/usr/bin/ceph: stderr
2024-09-16T00:17:33.466+0000 7f13dfcf9640 1 -- start start
2024-09-16T00:17:37.492 INFO:teuthology.orchestra.run.smithi112.stdout:/usr/bin/ceph: stderr
2024-09-16T00:17:33.466+0000 7f13dfcf9640 1 --2- >> [v2:172.21.15.112:3300/0,v1:172.21.15.112:6789/0] conn(0x7f13d8078c80 0x7f13d8077250 unknown :-1 s=NONE pgs=0 cs=0 l=0 rev1=0 crypto rx=0 tx=0 comp rx=0 tx=0).connect
2024-09-16T00:17:37.492 INFO:teuthology.orchestra.run.smithi112.stdout:/usr/bin/ceph: stderr
2024-09-16T00:17:33.466+0000 7f13dfcf9640 1 -- --> [v2:172.21.15.112:3300/0,v1:172.21.15.112:6789/0] -- mon_getmap magic: 0 v1 -- 0x7f13d8079090 con 0x7f13d8078c80
2024-09-16T00:17:37.492 INFO:teuthology.orchestra.run.smithi112.stdout:/usr/bin/ceph: stderr
2024-09-16T00:17:33.466+0000 7f13dda95640 1 --2- >> [v2:172.21.15.112:3300/0,v1:172.21.15.112:6789/0] conn(0x7f13d8078c80 0x7f13d8077250 unknown :-1 s=BANNER_CONNECTING pgs=0 cs=0 l=0 rev1=0 crypto rx=0 tx=0 comp rx=0 tx=0)._handle_peer_banner_payload supported=3 required=0
2024-09-16T00:17:37.492 INFO:teuthology.orchestra.run.smithi112.stdout:/usr/bin/ceph: stderr
2024-09-16T00:17:33.466+0000 7f13dda95640 1 --2- >> [v2:172.21.15.112:3300/0,v1:172.21.15.112:6789/0] conn(0x7f13d8078c80 0x7f13d8077250 unknown :-1 s=HELLO_CONNECTING pgs=0 cs=0 l=0 rev1=1 crypto rx=0 tx=0 comp rx=0 tx=0).handle_hello peer v2:172.21.15.112:3300/0 says I am v2:172.21.15.112:53034/0 (socket says 172.21.15.112:53034)
2024-09-16T00:17:37.492 INFO:teuthology.orchestra.run.smithi112.stdout:/usr/bin/ceph: stderr
2024-09-16T00:17:33.466+0000 7f13dda95640 1 -- 172.21.15.112:0/1662132888 learned_addr learned my addr 172.21.15.112:0/1662132888 (peer_addr_for_me v2:172.21.15.112:0/0)
2024-09-16T00:17:37.492 INFO:teuthology.orchestra.run.smithi112.stdout:/usr/bin/ceph: stderr
2024-09-16T00:17:33.466+0000 7f13dda95640 1 -- 172.21.15.112:0/1662132888 --> [v2:172.21.15.112:3300/0,v1:172.21.15.112:6789/0] -- mon_subscribe({config=0+,monmap=0+}) v3 -- 0x7f13d8077790 con 0x7f13d8078c80
2024-09-16T00:17:37.492 INFO:teuthology.orchestra.run.smithi112.stdout:/usr/bin/ceph: stderr
2024-09-16T00:17:33.467+0000 7f13dda95640 1 --2- 172.21.15.112:0/1662132888 >> [v2:172.21.15.112:3300/0,v1:172.21.15.112:6789/0] conn(0x7f13d8078c80 0x7f13d8077250 secure :-1 s=READY pgs=69 cs=0 l=1 rev1=1 crypto rx=0x7f13d4009840 tx=0x7f13d40091d0 comp rx=0 tx=0).ready entity=mon.0 client_cookie=885d2d2d990faf12 server_cookie=0 in_seq=0 out_seq=0
2024-09-16T00:17:37.492 INFO:teuthology.orchestra.run.smithi112.stdout:/usr/bin/ceph: stderr
2024-09-16T00:17:33.467+0000 7f13dca93640 1 -- 172.21.15.112:0/1662132888 <== mon.0 v2:172.21.15.112:3300/0 1 ==== mon_map magic: 0 v1 ==== 229+0+0 (secure 0 0 0) 0x7f13d4032440 con 0x7f13d8078c80
2024-09-16T00:17:37.492 INFO:teuthology.orchestra.run.smithi112.stdout:/usr/bin/ceph: stderr
2024-09-16T00:17:33.467+0000 7f13dca93640 1 -- 172.21.15.112:0/1662132888 <== mon.0 v2:172.21.15.112:3300/0 2 ==== config(26 keys) v1 ==== 1070+0+0 (secure 0 0 0) 0x7f13d4032a40 con 0x7f13d8078c80
2024-09-16T00:17:37.492 INFO:teuthology.orchestra.run.smithi112.stdout:/usr/bin/ceph: stderr
2024-09-16T00:17:33.467+0000 7f13dca93640 1 -- 172.21.15.112:0/1662132888 <== mon.0 v2:172.21.15.112:3300/0 3 ==== mon_map magic: 0 v1 ==== 229+0+0 (secure 0 0 0) 0x7f13d4031a70 con 0x7f13d8078c80
2024-09-16T00:17:37.492 INFO:teuthology.orchestra.run.smithi112.stdout:/usr/bin/ceph: stderr
2024-09-16T00:17:33.468+0000 7f13dfcf9640 1 -- 172.21.15.112:0/1662132888 >> [v2:172.21.15.112:3300/0,v1:172.21.15.112:6789/0] conn(0x7f13d8078c80 msgr2=0x7f13d8077250 secure :-1 s=STATE_CONNECTION_ESTABLISHED l=1).mark_down
2024-09-16T00:17:37.493 INFO:teuthology.orchestra.run.smithi112.stdout:/usr/bin/ceph: stderr
2024-09-16T00:17:33.468+0000 7f13dfcf9640 1 --2- 172.21.15.112:0/1662132888 >> [v2:172.21.15.112:3300/0,v1:172.21.15.112:6789/0] conn(0x7f13d8078c80 0x7f13d8077250 secure :-1 s=READY pgs=69 cs=0 l=1 rev1=1 crypto rx=0x7f13d4009840 tx=0x7f13d40091d0 comp rx=0 tx=0).stop
2024-09-16T00:17:37.493 INFO:teuthology.orchestra.run.smithi112.stdout:/usr/bin/ceph: stderr
2024-09-16T00:17:33.468+0000 7f13dfcf9640 1 -- 172.21.15.112:0/1662132888 shutdown_connections
2024-09-16T00:17:37.493 INFO:teuthology.orchestra.run.smithi112.stdout:/usr/bin/ceph: stderr
2024-09-16T00:17:33.468+0000 7f13dfcf9640 1 --2- 172.21.15.112:0/1662132888 >> [v2:172.21.15.112:3300/0,v1:172.21.15.112:6789/0] conn(0x7f13d8078c80 0x7f13d8077250 unknown :-1 s=CLOSED pgs=69 cs=0 l=1 rev1=1 crypto rx=0 tx=0 comp rx=0 tx=0).stop
2024-09-16T00:17:37.493 INFO:teuthology.orchestra.run.smithi112.stdout:/usr/bin/ceph: stderr
2024-09-16T00:17:33.468+0000 7f13dfcf9640 1 -- 172.21.15.112:0/1662132888 >> 172.21.15.112:0/1662132888 conn(0x7f13d80fd7a0 msgr2=0x7f13d80ffbb0 unknown :-1 s=STATE_NONE l=0).mark_down
2024-09-16T00:17:37.493 INFO:teuthology.orchestra.run.smithi112.stdout:/usr/bin/ceph: stderr
2024-09-16T00:17:33.468+0000 7f13dfcf9640 1 -- 172.21.15.112:0/1662132888 shutdown_connections
2024-09-16T00:17:37.493 INFO:teuthology.orchestra.run.smithi112.stdout:/usr/bin/ceph: stderr
2024-09-16T00:17:33.468+0000 7f13dfcf9640 1 -- 172.21.15.112:0/1662132888 wait complete.
2024-09-16T00:17:37.493 INFO:teuthology.orchestra.run.smithi112.stdout:/usr/bin/ceph: stderr
2024-09-16T00:17:33.469+0000 7f13dfcf9640 1 Processor -- start
2024-09-16T00:17:37.493 INFO:teuthology.orchestra.run.smithi112.stdout:/usr/bin/ceph: stderr
2024-09-16T00:17:33.469+0000 7f13dfcf9640 1 -- start start
2024-09-16T00:17:37.493 INFO:teuthology.orchestra.run.smithi112.stdout:/usr/bin/ceph: stderr
2024-09-16T00:17:33.469+0000 7f13dfcf9640 1 --2- >> [v2:172.21.15.112:3300/0,v1:172.21.15.112:6789/0] conn(0x7f13d8078c80 0x7f13d8113040 unknown :-1 s=NONE pgs=0 cs=0 l=1 rev1=0 crypto rx=0 tx=0 comp rx=0 tx=0).connect
2024-09-16T00:17:37.493 INFO:teuthology.orchestra.run.smithi112.stdout:/usr/bin/ceph: stderr
2024-09-16T00:17:33.469+0000 7f13dfcf9640 1 -- --> [v2:172.21.15.112:3300/0,v1:172.21.15.112:6789/0] -- mon_getmap magic: 0 v1 -- 0x7f13d8113580 con 0x7f13d8078c80
2024-09-16T00:17:37.493 INFO:teuthology.orchestra.run.smithi112.stdout:/usr/bin/ceph: stderr
2024-09-16T00:17:33.469+0000 7f13dda95640 1 --2- >> [v2:172.21.15.112:3300/0,v1:172.21.15.112:6789/0] conn(0x7f13d8078c80 0x7f13d8113040 unknown :-1 s=BANNER_CONNECTING pgs=0 cs=0 l=1 rev1=0 crypto rx=0 tx=0 comp rx=0 tx=0)._handle_peer_banner_payload supported=3 required=0
2024-09-16T00:17:37.493 INFO:teuthology.orchestra.run.smithi112.stdout:/usr/bin/ceph: stderr
2024-09-16T00:17:33.469+0000 7f13dda95640 1 --2- >> [v2:172.21.15.112:3300/0,v1:172.21.15.112:6789/0] conn(0x7f13d8078c80 0x7f13d8113040 unknown :-1 s=HELLO_CONNECTING pgs=0 cs=0 l=1 rev1=1 crypto rx=0 tx=0 comp rx=0 tx=0).handle_hello peer v2:172.21.15.112:3300/0 says I am v2:172.21.15.112:53046/0 (socket says 172.21.15.112:53046)
2024-09-16T00:17:37.493 INFO:teuthology.orchestra.run.smithi112.stdout:/usr/bin/ceph: stderr
2024-09-16T00:17:33.469+0000 7f13dda95640 1 -- 172.21.15.112:0/2906337289 learned_addr learned my addr 172.21.15.112:0/2906337289 (peer_addr_for_me v2:172.21.15.112:0/0)
2024-09-16T00:17:37.493 INFO:teuthology.orchestra.run.smithi112.stdout:/usr/bin/ceph: stderr
2024-09-16T00:17:33.470+0000 7f13dda95640 1 -- 172.21.15.112:0/2906337289 --> [v2:172.21.15.112:3300/0,v1:172.21.15.112:6789/0] -- mon_subscribe({config=0+,monmap=0+}) v3 -- 0x7f13d4009450 con 0x7f13d8078c80
2024-09-16T00:17:37.493 INFO:teuthology.orchestra.run.smithi112.stdout:/usr/bin/ceph: stderr
2024-09-16T00:17:33.470+0000 7f13dda95640 1 --2- 172.21.15.112:0/2906337289 >> [v2:172.21.15.112:3300/0,v1:172.21.15.112:6789/0] conn(0x7f13d8078c80 0x7f13d8113040 secure :-1 s=READY pgs=70 cs=0 l=1 rev1=1 crypto rx=0x7f13d4031670 tx=0x7f13d40091d0 comp rx=0 tx=0).ready entity=mon.0 client_cookie=0 server_cookie=0 in_seq=0 out_seq=0
2024-09-16T00:17:37.494 INFO:teuthology.orchestra.run.smithi112.stdout:/usr/bin/ceph: stderr
2024-09-16T00:17:33.470+0000 7f13ce7fc640 1 -- 172.21.15.112:0/2906337289 <== mon.0 v2:172.21.15.112:3300/0 1 ==== mon_map magic: 0 v1 ==== 229+0+0 (secure 0 0 0) 0x7f13d4031e90 con 0x7f13d8078c80
2024-09-16T00:17:37.494 INFO:teuthology.orchestra.run.smithi112.stdout:/usr/bin/ceph: stderr
2024-09-16T00:17:33.470+0000 7f13ce7fc640 1 -- 172.21.15.112:0/2906337289 <== mon.0 v2:172.21.15.112:3300/0 2 ==== config(26 keys) v1 ==== 1070+0+0 (secure 0 0 0) 0x7f13d403c8a0 con 0x7f13d8078c80
2024-09-16T00:17:37.494 INFO:teuthology.orchestra.run.smithi112.stdout:/usr/bin/ceph: stderr
2024-09-16T00:17:33.470+0000 7f13ce7fc640 1 -- 172.21.15.112:0/2906337289 <== mon.0 v2:172.21.15.112:3300/0 3 ==== mon_map magic: 0 v1 ==== 229+0+0 (secure 0 0 0) 0x7f13d403a820 con 0x7f13d8078c80
2024-09-16T00:17:37.494 INFO:teuthology.orchestra.run.smithi112.stdout:/usr/bin/ceph: stderr
2024-09-16T00:17:33.470+0000 7f13dfcf9640 1 -- 172.21.15.112:0/2906337289 --> [v2:172.21.15.112:3300/0,v1:172.21.15.112:6789/0] -- mon_subscribe({mgrmap=0+}) v3 -- 0x7f13d8113780 con 0x7f13d8078c80
2024-09-16T00:17:37.494 INFO:teuthology.orchestra.run.smithi112.stdout:/usr/bin/ceph: stderr
2024-09-16T00:17:33.470+0000 7f13dfcf9640 1 -- 172.21.15.112:0/2906337289 --> [v2:172.21.15.112:3300/0,v1:172.21.15.112:6789/0] -- mon_subscribe({osdmap=0}) v3 -- 0x7f13d8113bf0 con 0x7f13d8078c80
2024-09-16T00:17:37.494 INFO:teuthology.orchestra.run.smithi112.stdout:/usr/bin/ceph: stderr
2024-09-16T00:17:33.471+0000 7f13ce7fc640 1 -- 172.21.15.112:0/2906337289 <== mon.0 v2:172.21.15.112:3300/0 4 ==== mgrmap(e 9) v1 ==== 45520+0+0 (secure 0 0 0) 0x7f13d403ca10 con 0x7f13d8078c80
2024-09-16T00:17:37.494 INFO:teuthology.orchestra.run.smithi112.stdout:/usr/bin/ceph: stderr
2024-09-16T00:17:33.471+0000 7f13ce7fc640 1 --2- 172.21.15.112:0/2906337289 >> [v2:172.21.15.112:6800/122493397,v1:172.21.15.112:6801/122493397] conn(0x7f13c4039530 0x7f13c403b9e0 unknown :-1 s=NONE pgs=0 cs=0 l=1 rev1=0 crypto rx=0 tx=0 comp rx=0 tx=0).connect
2024-09-16T00:17:37.494 INFO:teuthology.orchestra.run.smithi112.stdout:/usr/bin/ceph: stderr
2024-09-16T00:17:33.471+0000 7f13ce7fc640 1 -- 172.21.15.112:0/2906337289 --> [v2:172.21.15.112:6800/122493397,v1:172.21.15.112:6801/122493397] -- command(tid 0: {"prefix": "get_command_descriptions"}) v1 -- 0x7f13c403c0f0 con 0x7f13c4039530
2024-09-16T00:17:37.494 INFO:teuthology.orchestra.run.smithi112.stdout:/usr/bin/ceph: stderr
2024-09-16T00:17:33.471+0000 7f13ce7fc640 1 -- 172.21.15.112:0/2906337289 <== mon.0 v2:172.21.15.112:3300/0 5 ==== osd_map(2..2 src has 1..2) v4 ==== 936+0+0 (secure 0 0 0) 0x7f13d406cc00 con 0x7f13d8078c80
2024-09-16T00:17:37.494 INFO:teuthology.orchestra.run.smithi112.stdout:/usr/bin/ceph: stderr
2024-09-16T00:17:33.471+0000 7f13dd294640 1 -- 172.21.15.112:0/2906337289 >> [v2:172.21.15.112:6800/122493397,v1:172.21.15.112:6801/122493397] conn(0x7f13c4039530 msgr2=0x7f13c403b9e0 unknown :-1 s=STATE_CONNECTING_RE l=1).process reconnect failed to v2:172.21.15.112:6800/122493397
2024-09-16T00:17:37.494 INFO:teuthology.orchestra.run.smithi112.stdout:/usr/bin/ceph: stderr
2024-09-16T00:17:33.471+0000 7f13dd294640 1 --2- 172.21.15.112:0/2906337289 >> [v2:172.21.15.112:6800/122493397,v1:172.21.15.112:6801/122493397] conn(0x7f13c4039530 0x7f13c403b9e0 unknown :-1 s=START_CONNECT pgs=0 cs=0 l=1 rev1=0 crypto rx=0 tx=0 comp rx=0 tx=0)._fault waiting 0.200000
2024-09-16T00:17:37.494 INFO:teuthology.orchestra.run.smithi112.stdout:/usr/bin/ceph: stderr
2024-09-16T00:17:33.672+0000 7f13dd294640 1 -- 172.21.15.112:0/2906337289 >> [v2:172.21.15.112:6800/122493397,v1:172.21.15.112:6801/122493397] conn(0x7f13c4039530 msgr2=0x7f13c403b9e0 unknown :-1 s=STATE_CONNECTING_RE l=1).process reconnect failed to v2:172.21.15.112:6800/122493397
2024-09-16T00:17:37.494 INFO:teuthology.orchestra.run.smithi112.stdout:/usr/bin/ceph: stderr
2024-09-16T00:17:33.672+0000 7f13dd294640 1 --2- 172.21.15.112:0/2906337289 >> [v2:172.21.15.112:6800/122493397,v1:172.21.15.112:6801/122493397] conn(0x7f13c4039530 0x7f13c403b9e0 unknown :-1 s=START_CONNECT pgs=0 cs=0 l=1 rev1=0 crypto rx=0 tx=0 comp rx=0 tx=0)._fault waiting 0.400000
2024-09-16T00:17:37.495 INFO:teuthology.orchestra.run.smithi112.stdout:/usr/bin/ceph: stderr
2024-09-16T00:17:34.073+0000 7f13dd294640 1 -- 172.21.15.112:0/2906337289 >> [v2:172.21.15.112:6800/122493397,v1:172.21.15.112:6801/122493397] conn(0x7f13c4039530 msgr2=0x7f13c403b9e0 unknown :-1 s=STATE_CONNECTING_RE l=1).process reconnect failed to v2:172.21.15.112:6800/122493397
2024-09-16T00:17:37.495 INFO:teuthology.orchestra.run.smithi112.stdout:/usr/bin/ceph: stderr
2024-09-16T00:17:34.073+0000 7f13dd294640 1 --2- 172.21.15.112:0/2906337289 >> [v2:172.21.15.112:6800/122493397,v1:172.21.15.112:6801/122493397] conn(0x7f13c4039530 0x7f13c403b9e0 unknown :-1 s=START_CONNECT pgs=0 cs=0 l=1 rev1=0 crypto rx=0 tx=0 comp rx=0 tx=0)._fault waiting 0.800000
2024-09-16T00:17:37.495 INFO:teuthology.orchestra.run.smithi112.stdout:/usr/bin/ceph: stderr
2024-09-16T00:17:34.874+0000 7f13dd294640 1 -- 172.21.15.112:0/2906337289 >> [v2:172.21.15.112:6800/122493397,v1:172.21.15.112:6801/122493397] conn(0x7f13c4039530 msgr2=0x7f13c403b9e0 unknown :-1 s=STATE_CONNECTING_RE l=1).process reconnect failed to v2:172.21.15.112:6800/122493397
2024-09-16T00:17:37.495 INFO:teuthology.orchestra.run.smithi112.stdout:/usr/bin/ceph: stderr
2024-09-16T00:17:34.874+0000 7f13dd294640 1 --2- 172.21.15.112:0/2906337289 >> [v2:172.21.15.112:6800/122493397,v1:172.21.15.112:6801/122493397] conn(0x7f13c4039530 0x7f13c403b9e0 unknown :-1 s=START_CONNECT pgs=0 cs=0 l=1 rev1=0 crypto rx=0 tx=0 comp rx=0 tx=0)._fault waiting 1.600000
2024-09-16T00:17:37.495 INFO:teuthology.orchestra.run.smithi112.stdout:/usr/bin/ceph: stderr
2024-09-16T00:17:35.478+0000 7f13ce7fc640 1 -- 172.21.15.112:0/2906337289 <== mon.0 v2:172.21.15.112:3300/0 6 ==== mgrmap(e 10) v1 ==== 45287+0+0 (secure 0 0 0) 0x7f13d406bda0 con 0x7f13d8078c80
2024-09-16T00:17:37.495 INFO:teuthology.orchestra.run.smithi112.stdout:/usr/bin/ceph: stderr
2024-09-16T00:17:35.479+0000 7f13ce7fc640 1 -- 172.21.15.112:0/2906337289 >> [v2:172.21.15.112:6800/122493397,v1:172.21.15.112:6801/122493397] conn(0x7f13c4039530 msgr2=0x7f13c403b9e0 unknown :-1 s=STATE_CONNECTING l=1).mark_down
2024-09-16T00:17:37.495 INFO:teuthology.orchestra.run.smithi112.stdout:/usr/bin/ceph: stderr
2024-09-16T00:17:35.479+0000 7f13ce7fc640 1 --2- 172.21.15.112:0/2906337289 >> [v2:172.21.15.112:6800/122493397,v1:172.21.15.112:6801/122493397] conn(0x7f13c4039530 0x7f13c403b9e0 unknown :-1 s=START_CONNECT pgs=0 cs=0 l=1 rev1=0 crypto rx=0 tx=0 comp rx=0 tx=0).stop
2024-09-16T00:17:37.495 INFO:teuthology.orchestra.run.smithi112.stdout:/usr/bin/ceph: stderr
2024-09-16T00:17:36.480+0000 7f13ce7fc640 1 -- 172.21.15.112:0/2906337289 <== mon.0 v2:172.21.15.112:3300/0 7 ==== mgrmap(e 11) v1 ==== 45414+0+0 (secure 0 0 0) 0x7f13d4030d10 con 0x7f13d8078c80
2024-09-16T00:17:37.495 INFO:teuthology.orchestra.run.smithi112.stdout:/usr/bin/ceph: stderr
2024-09-16T00:17:36.480+0000 7f13ce7fc640 1 --2- 172.21.15.112:0/2906337289 >> [v2:172.21.15.112:6800/2021251488,v1:172.21.15.112:6801/2021251488] conn(0x7f13c403cfd0 0x7f13c403f3b0 unknown :-1 s=NONE pgs=0 cs=0 l=1 rev1=0 crypto rx=0 tx=0 comp rx=0 tx=0).connect
2024-09-16T00:17:37.495 INFO:teuthology.orchestra.run.smithi112.stdout:/usr/bin/ceph: stderr
2024-09-16T00:17:36.480+0000 7f13ce7fc640 1 -- 172.21.15.112:0/2906337289 --> [v2:172.21.15.112:6800/2021251488,v1:172.21.15.112:6801/2021251488] -- command(tid 0: {"prefix": "get_command_descriptions"}) v1 -- 0x7f13c403c0f0 con 0x7f13c403cfd0
2024-09-16T00:17:37.495 INFO:teuthology.orchestra.run.smithi112.stdout:/usr/bin/ceph: stderr
2024-09-16T00:17:36.480+0000 7f13dd294640 1 --2- 172.21.15.112:0/2906337289 >> [v2:172.21.15.112:6800/2021251488,v1:172.21.15.112:6801/2021251488] conn(0x7f13c403cfd0 0x7f13c403f3b0 unknown :-1 s=BANNER_CONNECTING pgs=0 cs=0 l=1 rev1=0 crypto rx=0 tx=0 comp rx=0 tx=0)._handle_peer_banner_payload supported=3 required=0
2024-09-16T00:17:37.495 INFO:teuthology.orchestra.run.smithi112.stdout:/usr/bin/ceph: stderr
2024-09-16T00:17:36.481+0000 7f13dd294640 1 --2- 172.21.15.112:0/2906337289 >> [v2:172.21.15.112:6800/2021251488,v1:172.21.15.112:6801/2021251488] conn(0x7f13c403cfd0 0x7f13c403f3b0 secure :-1 s=READY pgs=1 cs=0 l=1 rev1=1 crypto rx=0x7f13c8003940 tx=0x7f13c8009350 comp rx=0 tx=0).ready entity=mgr.14160 client_cookie=0 server_cookie=0 in_seq=0 out_seq=0
2024-09-16T00:17:37.495 INFO:teuthology.orchestra.run.smithi112.stdout:/usr/bin/ceph: stderr
2024-09-16T00:17:36.482+0000 7f13ce7fc640 1 -- 172.21.15.112:0/2906337289 <== mgr.14160 v2:172.21.15.112:6800/2021251488 1 ==== command_reply(tid 0: 0 ) v1 ==== 8+0+6549 (secure 0 0 0) 0x7f13c403c0f0 con 0x7f13c403cfd0
2024-09-16T00:17:37.495 INFO:teuthology.orchestra.run.smithi112.stdout:/usr/bin/ceph: stderr
2024-09-16T00:17:36.487+0000 7f13dfcf9640 1 -- 172.21.15.112:0/2906337289 --> [v2:172.21.15.112:6800/2021251488,v1:172.21.15.112:6801/2021251488] -- command(tid 1: {"prefix": "mgr_status"}) v1 -- 0x7f13d8113bf0 con 0x7f13c403cfd0
2024-09-16T00:17:37.495 INFO:teuthology.orchestra.run.smithi112.stdout:/usr/bin/ceph: stderr
2024-09-16T00:17:36.487+0000 7f13ce7fc640 1 -- 172.21.15.112:0/2906337289 <== mgr.14160 v2:172.21.15.112:6800/2021251488 2 ==== command_reply(tid 1: 0 ) v1 ==== 8+0+52 (secure 0 0 0) 0x7f13d8113bf0 con 0x7f13c403cfd0
2024-09-16T00:17:37.496 INFO:teuthology.orchestra.run.smithi112.stdout:/usr/bin/ceph: stderr
2024-09-16T00:17:36.487+0000 7f13dfcf9640 1 -- 172.21.15.112:0/2906337289 >> [v2:172.21.15.112:6800/2021251488,v1:172.21.15.112:6801/2021251488] conn(0x7f13c403cfd0 msgr2=0x7f13c403f3b0 secure :-1 s=STATE_CONNECTION_ESTABLISHED l=1).mark_down
2024-09-16T00:17:37.496 INFO:teuthology.orchestra.run.smithi112.stdout:/usr/bin/ceph: stderr
2024-09-16T00:17:36.487+0000 7f13dfcf9640 1 --2- 172.21.15.112:0/2906337289 >> [v2:172.21.15.112:6800/2021251488,v1:172.21.15.112:6801/2021251488] conn(0x7f13c403cfd0 0x7f13c403f3b0 secure :-1 s=READY pgs=1 cs=0 l=1 rev1=1 crypto rx=0x7f13c8003940 tx=0x7f13c8009350 comp rx=0 tx=0).stop
2024-09-16T00:17:37.496 INFO:teuthology.orchestra.run.smithi112.stdout:/usr/bin/ceph: stderr
2024-09-16T00:17:36.487+0000 7f13dfcf9640 1 -- 172.21.15.112:0/2906337289 >> [v2:172.21.15.112:3300/0,v1:172.21.15.112:6789/0] conn(0x7f13d8078c80 msgr2=0x7f13d8113040 secure :-1 s=STATE_CONNECTION_ESTABLISHED l=1).mark_down
2024-09-16T00:17:37.496 INFO:teuthology.orchestra.run.smithi112.stdout:/usr/bin/ceph: stderr
2024-09-16T00:17:36.487+0000 7f13dfcf9640 1 --2- 172.21.15.112:0/2906337289 >> [v2:172.21.15.112:3300/0,v1:172.21.15.112:6789/0] conn(0x7f13d8078c80 0x7f13d8113040 secure :-1 s=READY pgs=70 cs=0 l=1 rev1=1 crypto rx=0x7f13d4031670 tx=0x7f13d40091d0 comp rx=0 tx=0).stop
2024-09-16T00:17:37.496 INFO:teuthology.orchestra.run.smithi112.stdout:/usr/bin/ceph: stderr
2024-09-16T00:17:36.487+0000 7f13dfcf9640 1 -- 172.21.15.112:0/2906337289 shutdown_connections
2024-09-16T00:17:37.496 INFO:teuthology.orchestra.run.smithi112.stdout:/usr/bin/ceph: stderr
2024-09-16T00:17:36.487+0000 7f13dfcf9640 1 --2- 172.21.15.112:0/2906337289 >> [v2:172.21.15.112:6800/2021251488,v1:172.21.15.112:6801/2021251488] conn(0x7f13c403cfd0 0x7f13c403f3b0 unknown :-1 s=CLOSED pgs=1 cs=0 l=1 rev1=1 crypto rx=0 tx=0 comp rx=0 tx=0).stop
2024-09-16T00:17:37.496 INFO:teuthology.orchestra.run.smithi112.stdout:/usr/bin/ceph: stderr
2024-09-16T00:17:36.487+0000 7f13dfcf9640 1 --2- 172.21.15.112:0/2906337289 >> [v2:172.21.15.112:6800/122493397,v1:172.21.15.112:6801/122493397] conn(0x7f13c4039530 0x7f13c403b9e0 unknown :-1 s=CLOSED pgs=0 cs=0 l=1 rev1=0 crypto rx=0 tx=0 comp rx=0 tx=0).stop
2024-09-16T00:17:37.496 INFO:teuthology.orchestra.run.smithi112.stdout:/usr/bin/ceph: stderr
2024-09-16T00:17:36.487+0000 7f13dfcf9640 1 --2- 172.21.15.112:0/2906337289 >> [v2:172.21.15.112:3300/0,v1:172.21.15.112:6789/0] conn(0x7f13d8078c80 0x7f13d8113040 unknown :-1 s=CLOSED pgs=70 cs=0 l=1 rev1=1 crypto rx=0 tx=0 comp rx=0 tx=0).stop
2024-09-16T00:17:37.496 INFO:teuthology.orchestra.run.smithi112.stdout:/usr/bin/ceph: stderr
2024-09-16T00:17:36.487+0000 7f13dfcf9640 1 -- 172.21.15.112:0/2906337289 >> 172.21.15.112:0/2906337289 conn(0x7f13d80fd7a0 msgr2=0x7f13d80fe3c0 unknown :-1 s=STATE_NONE l=0).mark_down
2024-09-16T00:17:37.496 INFO:teuthology.orchestra.run.smithi112.stdout:/usr/bin/ceph: stderr
2024-09-16T00:17:36.488+0000 7f13dfcf9640 1 -- 172.21.15.112:0/2906337289 shutdown_connections
2024-09-16T00:17:37.496 INFO:teuthology.orchestra.run.smithi112.stdout:/usr/bin/ceph: stderr
2024-09-16T00:17:36.488+0000 7f13dfcf9640 1 -- 172.21.15.112:0/2906337289 wait complete.
2024-09-16T00:17:37.496 INFO:teuthology.orchestra.run.smithi112.stdout:mgr epoch 9 is available
2024-09-16T00:17:37.496 INFO:teuthology.orchestra.run.smithi112.stdout:Generating a dashboard self-signed certificate...
2024-09-16T00:17:37.589 INFO:journalctl@ceph.mon.smithi112.smithi112.stdout:Sep 16 00:17:37 smithi112 ceph-mon[27869]: mgrmap e11: smithi112.xrkkbc(active, since 1.00576s)
2024-09-16T00:17:37.589 INFO:journalctl@ceph.mon.smithi112.smithi112.stdout:Sep 16 00:17:37 smithi112 ceph-mon[27869]: [16/Sep/2024:00:17:36] ENGINE Bus STARTING
2024-09-16T00:17:37.589 INFO:journalctl@ceph.mon.smithi112.smithi112.stdout:Sep 16 00:17:37 smithi112 ceph-mon[27869]: [16/Sep/2024:00:17:36] ENGINE Serving on https://172.21.15.112:7150
2024-09-16T00:17:37.589 INFO:journalctl@ceph.mon.smithi112.smithi112.stdout:Sep 16 00:17:37 smithi112 ceph-mon[27869]: [16/Sep/2024:00:17:36] ENGINE Bus STARTED
2024-09-16T00:17:37.589 INFO:journalctl@ceph.mon.smithi112.smithi112.stdout:Sep 16 00:17:37 smithi112 ceph-mon[27869]: [16/Sep/2024:00:17:36] ENGINE Error in HTTPServer.serve
2024-09-16T00:17:37.590 INFO:journalctl@ceph.mon.smithi112.smithi112.stdout: Traceback (most recent call last):
2024-09-16T00:17:37.590 INFO:journalctl@ceph.mon.smithi112.smithi112.stdout: File "/lib/python3.9/site-packages/cheroot/server.py", line 1823, in serve
2024-09-16T00:17:37.590 INFO:journalctl@ceph.mon.smithi112.smithi112.stdout: self._connections.run(self.expiration_interval)
2024-09-16T00:17:37.590 INFO:journalctl@ceph.mon.smithi112.smithi112.stdout: File "/lib/python3.9/site-packages/cheroot/connections.py", line 203, in run
2024-09-16T00:17:37.590 INFO:journalctl@ceph.mon.smithi112.smithi112.stdout: self._run(expiration_interval)
2024-09-16T00:17:37.590 INFO:journalctl@ceph.mon.smithi112.smithi112.stdout: File "/lib/python3.9/site-packages/cheroot/connections.py", line 246, in _run
2024-09-16T00:17:37.590 INFO:journalctl@ceph.mon.smithi112.smithi112.stdout: new_conn = self._from_server_socket(self.server.socket)
2024-09-16T00:17:37.590 INFO:journalctl@ceph.mon.smithi112.smithi112.stdout: File "/lib/python3.9/site-packages/cheroot/connections.py", line 300, in _from_server_socket
2024-09-16T00:17:37.590 INFO:journalctl@ceph.mon.smithi112.smithi112.stdout: s, ssl_env = self.server.ssl_adapter.wrap(s)
2024-09-16T00:17:37.590 INFO:journalctl@ceph.mon.smithi112.smithi112.stdout: File "/lib/python3.9/site-packages/cheroot/ssl/builtin.py", line 277, in wrap
2024-09-16T00:17:37.590 INFO:journalctl@ceph.mon.smithi112.smithi112.stdout: s = self.context.wrap_socket(
2024-09-16T00:17:37.590 INFO:journalctl@ceph.mon.smithi112.smithi112.stdout: File "/lib64/python3.9/ssl.py", line 501, in wrap_socket
2024-09-16T00:17:37.590 INFO:journalctl@ceph.mon.smithi112.smithi112.stdout: return self.sslsocket_class._create(
2024-09-16T00:17:37.590 INFO:journalctl@ceph.mon.smithi112.smithi112.stdout: File "/lib64/python3.9/ssl.py", line 1074, in _create
2024-09-16T00:17:37.591 INFO:journalctl@ceph.mon.smithi112.smithi112.stdout: self.do_handshake()
2024-09-16T00:17:37.591 INFO:journalctl@ceph.mon.smithi112.smithi112.stdout: File "/lib64/python3.9/ssl.py", line 1343, in do_handshake
2024-09-16T00:17:37.591 INFO:journalctl@ceph.mon.smithi112.smithi112.stdout: self._sslobj.do_handshake()
2024-09-16T00:17:37.591 INFO:journalctl@ceph.mon.smithi112.smithi112.stdout: ssl.SSLZeroReturnError: TLS/SSL connection has been closed (EOF) (_ssl.c:1133)
2024-09-16T00:17:37.591 INFO:journalctl@ceph.mon.smithi112.smithi112.stdout:Sep 16 00:17:37 smithi112 ceph-mon[27869]: from='mgr.14160 172.21.15.112:0/1160773296' entity='mgr.smithi112.xrkkbc'
2024-09-16T00:17:38.813 INFO:teuthology.orchestra.run.smithi112.stdout:/usr/bin/ceph: stdout Self-signed certificate created
2024-09-16T00:17:38.814 INFO:teuthology.orchestra.run.smithi112.stdout:/usr/bin/ceph: stderr
2024-09-16T00:17:37.934+0000 7f3e19ee8640 1 Processor -- start
2024-09-16T00:17:38.814 INFO:teuthology.orchestra.run.smithi112.stdout:/usr/bin/ceph: stderr
2024-09-16T00:17:37.934+0000 7f3e19ee8640 1 -- start start
2024-09-16T00:17:38.814 INFO:teuthology.orchestra.run.smithi112.stdout:/usr/bin/ceph: stderr
2024-09-16T00:17:37.934+0000 7f3e19ee8640 1 --2- >> [v2:172.21.15.112:3300/0,v1:172.21.15.112:6789/0] conn(0x7f3e14078b90 0x7f3e14077250 unknown :-1 s=NONE pgs=0 cs=0 l=0 rev1=0 crypto rx=0 tx=0 comp rx=0 tx=0).connect
2024-09-16T00:17:38.814 INFO:teuthology.orchestra.run.smithi112.stdout:/usr/bin/ceph: stderr
2024-09-16T00:17:37.934+0000 7f3e19ee8640 1 -- --> [v2:172.21.15.112:3300/0,v1:172.21.15.112:6789/0] -- mon_getmap magic: 0 v1 -- 0x7f3e14078fa0 con 0x7f3e14078b90
2024-09-16T00:17:38.814 INFO:teuthology.orchestra.run.smithi112.stdout:/usr/bin/ceph: stderr
2024-09-16T00:17:37.934+0000 7f3e137fe640 1 --2- >> [v2:172.21.15.112:3300/0,v1:172.21.15.112:6789/0] conn(0x7f3e14078b90 0x7f3e14077250 unknown :-1 s=BANNER_CONNECTING pgs=0 cs=0 l=0 rev1=0 crypto rx=0 tx=0 comp rx=0 tx=0)._handle_peer_banner_payload supported=3 required=0
2024-09-16T00:17:38.814 INFO:teuthology.orchestra.run.smithi112.stdout:/usr/bin/ceph: stderr
2024-09-16T00:17:37.934+0000 7f3e137fe640 1 --2- >> [v2:172.21.15.112:3300/0,v1:172.21.15.112:6789/0] conn(0x7f3e14078b90 0x7f3e14077250 unknown :-1 s=HELLO_CONNECTING pgs=0 cs=0 l=0 rev1=1 crypto rx=0 tx=0 comp rx=0 tx=0).handle_hello peer v2:172.21.15.112:3300/0 says I am v2:172.21.15.112:53134/0 (socket says 172.21.15.112:53134)
2024-09-16T00:17:38.814 INFO:teuthology.orchestra.run.smithi112.stdout:/usr/bin/ceph: stderr
2024-09-16T00:17:37.934+0000 7f3e137fe640 1 -- 172.21.15.112:0/2162705379 learned_addr learned my addr 172.21.15.112:0/2162705379 (peer_addr_for_me v2:172.21.15.112:0/0)
2024-09-16T00:17:38.814 INFO:teuthology.orchestra.run.smithi112.stdout:/usr/bin/ceph: stderr
2024-09-16T00:17:37.934+0000 7f3e137fe640 1 -- 172.21.15.112:0/2162705379 --> [v2:172.21.15.112:3300/0,v1:172.21.15.112:6789/0] -- mon_subscribe({config=0+,monmap=0+}) v3 -- 0x7f3e140790e0 con 0x7f3e14078b90
2024-09-16T00:17:38.814 INFO:teuthology.orchestra.run.smithi112.stdout:/usr/bin/ceph: stderr
2024-09-16T00:17:37.935+0000 7f3e137fe640 1 --2- 172.21.15.112:0/2162705379 >> [v2:172.21.15.112:3300/0,v1:172.21.15.112:6789/0] conn(0x7f3e14078b90 0x7f3e14077250 secure :-1 s=READY pgs=78 cs=0 l=1 rev1=1 crypto rx=0x7f3e04009840 tx=0x7f3e040091d0 comp rx=0 tx=0).ready entity=mon.0 client_cookie=a73e1e0ca157cdda server_cookie=0 in_seq=0 out_seq=0
2024-09-16T00:17:38.814 INFO:teuthology.orchestra.run.smithi112.stdout:/usr/bin/ceph: stderr
2024-09-16T00:17:37.935+0000 7f3e127fc640 1 -- 172.21.15.112:0/2162705379 <== mon.0 v2:172.21.15.112:3300/0 1 ==== mon_map magic: 0 v1 ==== 229+0+0 (secure 0 0 0) 0x7f3e04032440 con 0x7f3e14078b90
2024-09-16T00:17:38.814 INFO:teuthology.orchestra.run.smithi112.stdout:/usr/bin/ceph: stderr
2024-09-16T00:17:37.935+0000 7f3e127fc640 1 -- 172.21.15.112:0/2162705379 <== mon.0 v2:172.21.15.112:3300/0 2 ==== config(26 keys) v1 ==== 1070+0+0 (secure 0 0 0) 0x7f3e04032a40 con 0x7f3e14078b90
2024-09-16T00:17:38.815 INFO:teuthology.orchestra.run.smithi112.stdout:/usr/bin/ceph: stderr
2024-09-16T00:17:37.935+0000 7f3e127fc640 1 -- 172.21.15.112:0/2162705379 <== mon.0 v2:172.21.15.112:3300/0 3 ==== mon_map magic: 0 v1 ==== 229+0+0 (secure 0 0 0) 0x7f3e04031aa0 con 0x7f3e14078b90
2024-09-16T00:17:38.815 INFO:teuthology.orchestra.run.smithi112.stdout:/usr/bin/ceph: stderr
2024-09-16T00:17:37.936+0000 7f3e19ee8640 1 -- 172.21.15.112:0/2162705379 >> [v2:172.21.15.112:3300/0,v1:172.21.15.112:6789/0] conn(0x7f3e14078b90 msgr2=0x7f3e14077250 secure :-1 s=STATE_CONNECTION_ESTABLISHED l=1).mark_down
2024-09-16T00:17:38.815 INFO:teuthology.orchestra.run.smithi112.stdout:/usr/bin/ceph: stderr
2024-09-16T00:17:37.936+0000 7f3e19ee8640 1 --2- 172.21.15.112:0/2162705379 >> [v2:172.21.15.112:3300/0,v1:172.21.15.112:6789/0] conn(0x7f3e14078b90 0x7f3e14077250 secure :-1 s=READY pgs=78 cs=0 l=1 rev1=1 crypto rx=0x7f3e04009840 tx=0x7f3e040091d0 comp rx=0 tx=0).stop
2024-09-16T00:17:38.815 INFO:teuthology.orchestra.run.smithi112.stdout:/usr/bin/ceph: stderr
2024-09-16T00:17:37.936+0000 7f3e19ee8640 1 -- 172.21.15.112:0/2162705379 shutdown_connections
2024-09-16T00:17:38.815 INFO:teuthology.orchestra.run.smithi112.stdout:/usr/bin/ceph: stderr
2024-09-16T00:17:37.936+0000 7f3e19ee8640 1 --2- 172.21.15.112:0/2162705379 >> [v2:172.21.15.112:3300/0,v1:172.21.15.112:6789/0] conn(0x7f3e14078b90 0x7f3e14077250 unknown :-1 s=CLOSED pgs=78 cs=0 l=1 rev1=1 crypto rx=0 tx=0 comp rx=0 tx=0).stop
2024-09-16T00:17:38.815 INFO:teuthology.orchestra.run.smithi112.stdout:/usr/bin/ceph: stderr
2024-09-16T00:17:37.936+0000 7f3e19ee8640 1 -- 172.21.15.112:0/2162705379 >> 172.21.15.112:0/2162705379 conn(0x7f3e140fd850 msgr2=0x7f3e140ffc60 unknown :-1 s=STATE_NONE l=0).mark_down
2024-09-16T00:17:38.815 INFO:teuthology.orchestra.run.smithi112.stdout:/usr/bin/ceph: stderr
2024-09-16T00:17:37.936+0000 7f3e19ee8640 1 -- 172.21.15.112:0/2162705379 shutdown_connections
2024-09-16T00:17:38.815 INFO:teuthology.orchestra.run.smithi112.stdout:/usr/bin/ceph: stderr
2024-09-16T00:17:37.936+0000 7f3e19ee8640 1 -- 172.21.15.112:0/2162705379 wait complete.
2024-09-16T00:17:38.815 INFO:teuthology.orchestra.run.smithi112.stdout:/usr/bin/ceph: stderr
2024-09-16T00:17:37.937+0000 7f3e19ee8640 1 Processor -- start
2024-09-16T00:17:38.815 INFO:teuthology.orchestra.run.smithi112.stdout:/usr/bin/ceph: stderr
2024-09-16T00:17:37.937+0000 7f3e19ee8640 1 -- start start
2024-09-16T00:17:38.815 INFO:teuthology.orchestra.run.smithi112.stdout:/usr/bin/ceph: stderr
2024-09-16T00:17:37.937+0000 7f3e19ee8640 1 --2- >> [v2:172.21.15.112:3300/0,v1:172.21.15.112:6789/0] conn(0x7f3e14078b90 0x7f3e14112f80 unknown :-1 s=NONE pgs=0 cs=0 l=1 rev1=0 crypto rx=0 tx=0 comp rx=0 tx=0).connect
2024-09-16T00:17:38.815 INFO:teuthology.orchestra.run.smithi112.stdout:/usr/bin/ceph: stderr
2024-09-16T00:17:37.937+0000 7f3e19ee8640 1 -- --> [v2:172.21.15.112:3300/0,v1:172.21.15.112:6789/0] -- mon_getmap magic: 0 v1 -- 0x7f3e141134c0 con 0x7f3e14078b90
2024-09-16T00:17:38.815 INFO:teuthology.orchestra.run.smithi112.stdout:/usr/bin/ceph: stderr
2024-09-16T00:17:37.937+0000 7f3e137fe640 1 --2- >> [v2:172.21.15.112:3300/0,v1:172.21.15.112:6789/0] conn(0x7f3e14078b90 0x7f3e14112f80 unknown :-1 s=BANNER_CONNECTING pgs=0 cs=0 l=1 rev1=0 crypto rx=0 tx=0 comp rx=0 tx=0)._handle_peer_banner_payload supported=3 required=0
2024-09-16T00:17:38.815 INFO:teuthology.orchestra.run.smithi112.stdout:/usr/bin/ceph: stderr
2024-09-16T00:17:37.937+0000 7f3e137fe640 1 --2- >> [v2:172.21.15.112:3300/0,v1:172.21.15.112:6789/0] conn(0x7f3e14078b90 0x7f3e14112f80 unknown :-1 s=HELLO_CONNECTING pgs=0 cs=0 l=1 rev1=1 crypto rx=0 tx=0 comp rx=0 tx=0).handle_hello peer v2:172.21.15.112:3300/0 says I am v2:172.21.15.112:53142/0 (socket says 172.21.15.112:53142)
2024-09-16T00:17:38.816 INFO:teuthology.orchestra.run.smithi112.stdout:/usr/bin/ceph: stderr
2024-09-16T00:17:37.937+0000 7f3e137fe640 1 -- 172.21.15.112:0/3103995374 learned_addr learned my addr 172.21.15.112:0/3103995374 (peer_addr_for_me v2:172.21.15.112:0/0)
2024-09-16T00:17:38.816 INFO:teuthology.orchestra.run.smithi112.stdout:/usr/bin/ceph: stderr
2024-09-16T00:17:37.937+0000 7f3e137fe640 1 -- 172.21.15.112:0/3103995374 --> [v2:172.21.15.112:3300/0,v1:172.21.15.112:6789/0] -- mon_subscribe({config=0+,monmap=0+}) v3 -- 0x7f3e04009450 con 0x7f3e14078b90
2024-09-16T00:17:38.816 INFO:teuthology.orchestra.run.smithi112.stdout:/usr/bin/ceph: stderr
2024-09-16T00:17:37.937+0000 7f3e137fe640 1 --2- 172.21.15.112:0/3103995374 >> [v2:172.21.15.112:3300/0,v1:172.21.15.112:6789/0] conn(0x7f3e14078b90 0x7f3e14112f80 secure :-1 s=READY pgs=79 cs=0 l=1 rev1=1 crypto rx=0x7f3e04031780 tx=0x7f3e040091d0 comp rx=0 tx=0).ready entity=mon.0 client_cookie=0 server_cookie=0 in_seq=0 out_seq=0
2024-09-16T00:17:38.816 INFO:teuthology.orchestra.run.smithi112.stdout:/usr/bin/ceph: stderr
2024-09-16T00:17:37.938+0000 7f3e0bfff640 1 -- 172.21.15.112:0/3103995374 <== mon.0 v2:172.21.15.112:3300/0 1 ==== mon_map magic: 0 v1 ==== 229+0+0 (secure 0 0 0) 0x7f3e040327b0 con 0x7f3e14078b90
2024-09-16T00:17:38.816 INFO:teuthology.orchestra.run.smithi112.stdout:/usr/bin/ceph: stderr
2024-09-16T00:17:37.938+0000 7f3e19ee8640 1 -- 172.21.15.112:0/3103995374 --> [v2:172.21.15.112:3300/0,v1:172.21.15.112:6789/0] -- mon_subscribe({mgrmap=0+}) v3 -- 0x7f3e141136c0 con 0x7f3e14078b90
2024-09-16T00:17:38.816 INFO:teuthology.orchestra.run.smithi112.stdout:/usr/bin/ceph: stderr
2024-09-16T00:17:37.938+0000 7f3e0bfff640 1 -- 172.21.15.112:0/3103995374 <== mon.0 v2:172.21.15.112:3300/0 2 ==== config(26 keys) v1 ==== 1070+0+0 (secure 0 0 0) 0x7f3e0403b8d0 con 0x7f3e14078b90
2024-09-16T00:17:38.816 INFO:teuthology.orchestra.run.smithi112.stdout:/usr/bin/ceph: stderr
2024-09-16T00:17:37.938+0000 7f3e0bfff640 1 -- 172.21.15.112:0/3103995374 <== mon.0 v2:172.21.15.112:3300/0 3 ==== mon_map magic: 0 v1 ==== 229+0+0 (secure 0 0 0) 0x7f3e0403a790 con 0x7f3e14078b90
2024-09-16T00:17:38.816 INFO:teuthology.orchestra.run.smithi112.stdout:/usr/bin/ceph: stderr
2024-09-16T00:17:37.938+0000 7f3e19ee8640 1 -- 172.21.15.112:0/3103995374 --> [v2:172.21.15.112:3300/0,v1:172.21.15.112:6789/0] -- mon_subscribe({osdmap=0}) v3 -- 0x7f3e14113b30 con 0x7f3e14078b90
2024-09-16T00:17:38.816 INFO:teuthology.orchestra.run.smithi112.stdout:/usr/bin/ceph: stderr
2024-09-16T00:17:37.938+0000 7f3e0bfff640 1 -- 172.21.15.112:0/3103995374 <== mon.0 v2:172.21.15.112:3300/0 4 ==== mgrmap(e 12) v1 ==== 45520+0+0 (secure 0 0 0) 0x7f3e04039040 con 0x7f3e14078b90
2024-09-16T00:17:38.816 INFO:teuthology.orchestra.run.smithi112.stdout:/usr/bin/ceph: stderr
2024-09-16T00:17:37.939+0000 7f3e0bfff640 1 --2- 172.21.15.112:0/3103995374 >> [v2:172.21.15.112:6800/2021251488,v1:172.21.15.112:6801/2021251488] conn(0x7f3e000394e0 0x7f3e0003b990 unknown :-1 s=NONE pgs=0 cs=0 l=1 rev1=0 crypto rx=0 tx=0 comp rx=0 tx=0).connect
2024-09-16T00:17:38.816 INFO:teuthology.orchestra.run.smithi112.stdout:/usr/bin/ceph: stderr
2024-09-16T00:17:37.939+0000 7f3e0bfff640 1 -- 172.21.15.112:0/3103995374 <== mon.0 v2:172.21.15.112:3300/0 5 ==== osd_map(3..3 src has 1..3) v4 ==== 1151+0+0 (secure 0 0 0) 0x7f3e0406ca70 con 0x7f3e14078b90
2024-09-16T00:17:38.816 INFO:teuthology.orchestra.run.smithi112.stdout:/usr/bin/ceph: stderr
2024-09-16T00:17:37.939+0000 7f3e12ffd640 1 --2- 172.21.15.112:0/3103995374 >> [v2:172.21.15.112:6800/2021251488,v1:172.21.15.112:6801/2021251488] conn(0x7f3e000394e0 0x7f3e0003b990 unknown :-1 s=BANNER_CONNECTING pgs=0 cs=0 l=1 rev1=0 crypto rx=0 tx=0 comp rx=0 tx=0)._handle_peer_banner_payload supported=3 required=0
2024-09-16T00:17:38.817 INFO:teuthology.orchestra.run.smithi112.stdout:/usr/bin/ceph: stderr
2024-09-16T00:17:37.939+0000 7f3e19ee8640 1 -- 172.21.15.112:0/3103995374 --> [v2:172.21.15.112:3300/0,v1:172.21.15.112:6789/0] -- mon_command({"prefix": "get_command_descriptions"} v 0) v1 -- 0x7f3e141014d0 con 0x7f3e14078b90
2024-09-16T00:17:38.817 INFO:teuthology.orchestra.run.smithi112.stdout:/usr/bin/ceph: stderr
2024-09-16T00:17:37.939+0000 7f3e12ffd640 1 --2- 172.21.15.112:0/3103995374 >> [v2:172.21.15.112:6800/2021251488,v1:172.21.15.112:6801/2021251488] conn(0x7f3e000394e0 0x7f3e0003b990 secure :-1 s=READY pgs=7 cs=0 l=1 rev1=1 crypto rx=0x7f3dfc006fd0 tx=0x7f3dfc006db0 comp rx=0 tx=0).ready entity=mgr.14160 client_cookie=0 server_cookie=0 in_seq=0 out_seq=0
2024-09-16T00:17:38.817 INFO:teuthology.orchestra.run.smithi112.stdout:/usr/bin/ceph: stderr
2024-09-16T00:17:37.943+0000 7f3e0bfff640 1 -- 172.21.15.112:0/3103995374 <== mon.0 v2:172.21.15.112:3300/0 6 ==== mon_command_ack([{"prefix": "get_command_descriptions"}]=0 v0) v1 ==== 72+0+176781 (secure 0 0 0) 0x7f3e0403f020 con 0x7f3e14078b90
2024-09-16T00:17:38.817 INFO:teuthology.orchestra.run.smithi112.stdout:/usr/bin/ceph: stderr
2024-09-16T00:17:38.110+0000 7f3e19ee8640 1 -- 172.21.15.112:0/3103995374 --> [v2:172.21.15.112:6800/2021251488,v1:172.21.15.112:6801/2021251488] -- mgr_command(tid 0: {"prefix": "dashboard create-self-signed-cert", "target": ["mon-mgr", ""]}) v1 -- 0x7f3e140febc0 con 0x7f3e000394e0
2024-09-16T00:17:38.817 INFO:teuthology.orchestra.run.smithi112.stdout:/usr/bin/ceph: stderr
2024-09-16T00:17:38.196+0000 7f3e0bfff640 1 -- 172.21.15.112:0/3103995374 <== mgr.14160 v2:172.21.15.112:6800/2021251488 1 ==== mgr_command_reply(tid 0: 0 ) v1 ==== 8+0+32 (secure 0 0 0) 0x7f3e140febc0 con 0x7f3e000394e0
2024-09-16T00:17:38.817 INFO:teuthology.orchestra.run.smithi112.stdout:/usr/bin/ceph: stderr
2024-09-16T00:17:38.198+0000 7f3e19ee8640 1 -- 172.21.15.112:0/3103995374 >> [v2:172.21.15.112:6800/2021251488,v1:172.21.15.112:6801/2021251488] conn(0x7f3e000394e0 msgr2=0x7f3e0003b990 secure :-1 s=STATE_CONNECTION_ESTABLISHED l=1).mark_down
2024-09-16T00:17:38.817 INFO:teuthology.orchestra.run.smithi112.stdout:/usr/bin/ceph: stderr
2024-09-16T00:17:38.198+0000 7f3e19ee8640 1 --2- 172.21.15.112:0/3103995374 >> [v2:172.21.15.112:6800/2021251488,v1:172.21.15.112:6801/2021251488] conn(0x7f3e000394e0 0x7f3e0003b990 secure :-1 s=READY pgs=7 cs=0 l=1 rev1=1 crypto rx=0x7f3dfc006fd0 tx=0x7f3dfc006db0 comp rx=0 tx=0).stop
2024-09-16T00:17:38.817 INFO:teuthology.orchestra.run.smithi112.stdout:/usr/bin/ceph: stderr
2024-09-16T00:17:38.198+0000 7f3e19ee8640 1 -- 172.21.15.112:0/3103995374 >> [v2:172.21.15.112:3300/0,v1:172.21.15.112:6789/0] conn(0x7f3e14078b90 msgr2=0x7f3e14112f80 secure :-1 s=STATE_CONNECTION_ESTABLISHED l=1).mark_down
2024-09-16T00:17:38.817 INFO:teuthology.orchestra.run.smithi112.stdout:/usr/bin/ceph: stderr
2024-09-16T00:17:38.198+0000 7f3e19ee8640 1 --2- 172.21.15.112:0/3103995374 >> [v2:172.21.15.112:3300/0,v1:172.21.15.112:6789/0] conn(0x7f3e14078b90 0x7f3e14112f80 secure :-1 s=READY pgs=79 cs=0 l=1 rev1=1 crypto rx=0x7f3e04031780 tx=0x7f3e040091d0 comp rx=0 tx=0).stop
2024-09-16T00:17:38.817 INFO:teuthology.orchestra.run.smithi112.stdout:/usr/bin/ceph: stderr
2024-09-16T00:17:38.198+0000 7f3e19ee8640 1 -- 172.21.15.112:0/3103995374 shutdown_connections
2024-09-16T00:17:38.817 INFO:teuthology.orchestra.run.smithi112.stdout:/usr/bin/ceph: stderr
2024-09-16T00:17:38.198+0000 7f3e19ee8640 1 --2- 172.21.15.112:0/3103995374 >> [v2:172.21.15.112:6800/2021251488,v1:172.21.15.112:6801/2021251488] conn(0x7f3e000394e0 0x7f3e0003b990 unknown :-1 s=CLOSED pgs=7 cs=0 l=1 rev1=1 crypto rx=0 tx=0 comp rx=0 tx=0).stop
2024-09-16T00:17:38.817 INFO:teuthology.orchestra.run.smithi112.stdout:/usr/bin/ceph: stderr
2024-09-16T00:17:38.198+0000 7f3e19ee8640 1 --2- 172.21.15.112:0/3103995374 >> [v2:172.21.15.112:3300/0,v1:172.21.15.112:6789/0] conn(0x7f3e14078b90 0x7f3e14112f80 unknown :-1 s=CLOSED pgs=79 cs=0 l=1 rev1=1 crypto rx=0 tx=0 comp rx=0 tx=0).stop
2024-09-16T00:17:38.817 INFO:teuthology.orchestra.run.smithi112.stdout:/usr/bin/ceph: stderr
2024-09-16T00:17:38.198+0000 7f3e19ee8640 1 -- 172.21.15.112:0/3103995374 >> 172.21.15.112:0/3103995374 conn(0x7f3e140fd850 msgr2=0x7f3e140fe3f0 unknown :-1 s=STATE_NONE l=0).mark_down
2024-09-16T00:17:38.817 INFO:teuthology.orchestra.run.smithi112.stdout:/usr/bin/ceph: stderr
2024-09-16T00:17:38.199+0000 7f3e19ee8640 1 -- 172.21.15.112:0/3103995374 shutdown_connections
2024-09-16T00:17:38.818 INFO:teuthology.orchestra.run.smithi112.stdout:/usr/bin/ceph: stderr
2024-09-16T00:17:38.199+0000 7f3e19ee8640 1 -- 172.21.15.112:0/3103995374 wait complete.
2024-09-16T00:17:38.818 INFO:teuthology.orchestra.run.smithi112.stdout:Creating initial admin user...
2024-09-16T00:17:38.932 INFO:journalctl@ceph.mon.smithi112.smithi112.stdout:Sep 16 00:17:38 smithi112 ceph-mon[27869]: mgrmap e12: smithi112.xrkkbc(active, since 2s)
2024-09-16T00:17:38.932 INFO:journalctl@ceph.mon.smithi112.smithi112.stdout:Sep 16 00:17:38 smithi112 ceph-mon[27869]: from='mgr.14160 172.21.15.112:0/1160773296' entity='mgr.smithi112.xrkkbc'
2024-09-16T00:17:38.932 INFO:journalctl@ceph.mon.smithi112.smithi112.stdout:Sep 16 00:17:38 smithi112 ceph-mon[27869]: from='client.14172 -' entity='client.admin' cmd=[{"prefix": "dashboard create-self-signed-cert", "target": ["mon-mgr", ""]}]: dispatch
2024-09-16T00:17:38.932 INFO:journalctl@ceph.mon.smithi112.smithi112.stdout:Sep 16 00:17:38 smithi112 ceph-mon[27869]: from='mgr.14160 172.21.15.112:0/1160773296' entity='mgr.smithi112.xrkkbc'
2024-09-16T00:17:38.932 INFO:journalctl@ceph.mon.smithi112.smithi112.stdout:Sep 16 00:17:38 smithi112 ceph-mon[27869]: from='mgr.14160 172.21.15.112:0/1160773296' entity='mgr.smithi112.xrkkbc'
2024-09-16T00:17:40.215 INFO:journalctl@ceph.mon.smithi112.smithi112.stdout:Sep 16 00:17:39 smithi112 ceph-mon[27869]: from='mgr.14160 172.21.15.112:0/1160773296' entity='mgr.smithi112.xrkkbc'
2024-09-16T00:17:40.215 INFO:journalctl@ceph.mon.smithi112.smithi112.stdout:Sep 16 00:17:39 smithi112 ceph-mon[27869]: from='mgr.14160 172.21.15.112:0/1160773296' entity='mgr.smithi112.xrkkbc'
2024-09-16T00:17:40.224 INFO:teuthology.orchestra.run.smithi112.stdout:/usr/bin/ceph: stdout {"username": "admin", "password": "$2b$12$3wp1R.CpX/TiHL/Xg4u6HuBpmnDPRxZSuqf1DquVoxkHWkTLyaO2S", "roles": ["administrator"], "name": null, "email": null, "lastUpdate": 1726445859, "enabled": true, "pwdExpirationDate": null, "pwdUpdateRequired": true}
2024-09-16T00:17:40.224 INFO:teuthology.orchestra.run.smithi112.stdout:/usr/bin/ceph: stderr
2024-09-16T00:17:39.219+0000 7fa6af4a2640 1 Processor -- start
2024-09-16T00:17:40.225 INFO:teuthology.orchestra.run.smithi112.stdout:/usr/bin/ceph: stderr
2024-09-16T00:17:39.219+0000 7fa6af4a2640 1 -- start start
2024-09-16T00:17:40.225 INFO:teuthology.orchestra.run.smithi112.stdout:/usr/bin/ceph: stderr
2024-09-16T00:17:39.219+0000 7fa6af4a2640 1 --2- >> [v2:172.21.15.112:3300/0,v1:172.21.15.112:6789/0] conn(0x7fa6a8076af0 0x7fa6a8104c80 unknown :-1 s=NONE pgs=0 cs=0 l=0 rev1=0 crypto rx=0 tx=0 comp rx=0 tx=0).connect
2024-09-16T00:17:40.225 INFO:teuthology.orchestra.run.smithi112.stdout:/usr/bin/ceph: stderr
2024-09-16T00:17:39.219+0000 7fa6af4a2640 1 -- --> [v2:172.21.15.112:3300/0,v1:172.21.15.112:6789/0] -- mon_getmap magic: 0 v1 -- 0x7fa6a8076f00 con 0x7fa6a8076af0
2024-09-16T00:17:40.225 INFO:teuthology.orchestra.run.smithi112.stdout:/usr/bin/ceph: stderr
2024-09-16T00:17:39.219+0000 7fa6ad23e640 1 --2- >> [v2:172.21.15.112:3300/0,v1:172.21.15.112:6789/0] conn(0x7fa6a8076af0 0x7fa6a8104c80 unknown :-1 s=BANNER_CONNECTING pgs=0 cs=0 l=0 rev1=0 crypto rx=0 tx=0 comp rx=0 tx=0)._handle_peer_banner_payload supported=3 required=0
2024-09-16T00:17:40.225 INFO:teuthology.orchestra.run.smithi112.stdout:/usr/bin/ceph: stderr
2024-09-16T00:17:39.219+0000 7fa6ad23e640 1 --2- >> [v2:172.21.15.112:3300/0,v1:172.21.15.112:6789/0] conn(0x7fa6a8076af0 0x7fa6a8104c80 unknown :-1 s=HELLO_CONNECTING pgs=0 cs=0 l=0 rev1=1 crypto rx=0 tx=0 comp rx=0 tx=0).handle_hello peer v2:172.21.15.112:3300/0 says I am v2:172.21.15.112:53144/0 (socket says 172.21.15.112:53144)
2024-09-16T00:17:40.225 INFO:teuthology.orchestra.run.smithi112.stdout:/usr/bin/ceph: stderr
2024-09-16T00:17:39.219+0000 7fa6ad23e640 1 -- 172.21.15.112:0/174822948 learned_addr learned my addr 172.21.15.112:0/174822948 (peer_addr_for_me v2:172.21.15.112:0/0)
2024-09-16T00:17:40.225 INFO:teuthology.orchestra.run.smithi112.stdout:/usr/bin/ceph: stderr
2024-09-16T00:17:39.220+0000 7fa6ad23e640 1 -- 172.21.15.112:0/174822948 --> [v2:172.21.15.112:3300/0,v1:172.21.15.112:6789/0] -- mon_subscribe({config=0+,monmap=0+}) v3 -- 0x7fa6a81051c0 con 0x7fa6a8076af0
2024-09-16T00:17:40.225 INFO:teuthology.orchestra.run.smithi112.stdout:/usr/bin/ceph: stderr
