2024-09-16T00:17:39.220+0000 7fa6ad23e640 1 --2- 172.21.15.112:0/174822948 >> [v2:172.21.15.112:3300/0,v1:172.21.15.112:6789/0] conn(0x7fa6a8076af0 0x7fa6a8104c80 secure :-1 s=READY pgs=80 cs=0 l=1 rev1=1 crypto rx=0x7fa6a4009840 tx=0x7fa6a40091d0 comp rx=0 tx=0).ready entity=mon.0 client_cookie=e25a291e911e38a2 server_cookie=0 in_seq=0 out_seq=0
2024-09-16T00:17:40.225 INFO:teuthology.orchestra.run.smithi112.stdout:/usr/bin/ceph: stderr
2024-09-16T00:17:39.220+0000 7fa69ffff640 1 -- 172.21.15.112:0/174822948 <== mon.0 v2:172.21.15.112:3300/0 1 ==== mon_map magic: 0 v1 ==== 229+0+0 (secure 0 0 0) 0x7fa6a4032440 con 0x7fa6a8076af0
2024-09-16T00:17:40.226 INFO:teuthology.orchestra.run.smithi112.stdout:/usr/bin/ceph: stderr
2024-09-16T00:17:39.220+0000 7fa69ffff640 1 -- 172.21.15.112:0/174822948 <== mon.0 v2:172.21.15.112:3300/0 2 ==== config(26 keys) v1 ==== 1070+0+0 (secure 0 0 0) 0x7fa6a4032a40 con 0x7fa6a8076af0
2024-09-16T00:17:40.226 INFO:teuthology.orchestra.run.smithi112.stdout:/usr/bin/ceph: stderr
2024-09-16T00:17:39.220+0000 7fa69ffff640 1 -- 172.21.15.112:0/174822948 <== mon.0 v2:172.21.15.112:3300/0 3 ==== mon_map magic: 0 v1 ==== 229+0+0 (secure 0 0 0) 0x7fa6a4031aa0 con 0x7fa6a8076af0
2024-09-16T00:17:40.226 INFO:teuthology.orchestra.run.smithi112.stdout:/usr/bin/ceph: stderr
2024-09-16T00:17:39.221+0000 7fa6af4a2640 1 -- 172.21.15.112:0/174822948 >> [v2:172.21.15.112:3300/0,v1:172.21.15.112:6789/0] conn(0x7fa6a8076af0 msgr2=0x7fa6a8104c80 secure :-1 s=STATE_CONNECTION_ESTABLISHED l=1).mark_down
2024-09-16T00:17:40.226 INFO:teuthology.orchestra.run.smithi112.stdout:/usr/bin/ceph: stderr
2024-09-16T00:17:39.221+0000 7fa6af4a2640 1 --2- 172.21.15.112:0/174822948 >> [v2:172.21.15.112:3300/0,v1:172.21.15.112:6789/0] conn(0x7fa6a8076af0 0x7fa6a8104c80 secure :-1 s=READY pgs=80 cs=0 l=1 rev1=1 crypto rx=0x7fa6a4009840 tx=0x7fa6a40091d0 comp rx=0 tx=0).stop
2024-09-16T00:17:40.226 INFO:teuthology.orchestra.run.smithi112.stdout:/usr/bin/ceph: stderr
2024-09-16T00:17:39.221+0000 7fa6af4a2640 1 -- 172.21.15.112:0/174822948 shutdown_connections
2024-09-16T00:17:40.226 INFO:teuthology.orchestra.run.smithi112.stdout:/usr/bin/ceph: stderr
2024-09-16T00:17:39.221+0000 7fa6af4a2640 1 --2- 172.21.15.112:0/174822948 >> [v2:172.21.15.112:3300/0,v1:172.21.15.112:6789/0] conn(0x7fa6a8076af0 0x7fa6a8104c80 unknown :-1 s=CLOSED pgs=80 cs=0 l=1 rev1=1 crypto rx=0 tx=0 comp rx=0 tx=0).stop
2024-09-16T00:17:40.226 INFO:teuthology.orchestra.run.smithi112.stdout:/usr/bin/ceph: stderr
2024-09-16T00:17:39.221+0000 7fa6af4a2640 1 -- 172.21.15.112:0/174822948 >> 172.21.15.112:0/174822948 conn(0x7fa6a80fc790 msgr2=0x7fa6a80feba0 unknown :-1 s=STATE_NONE l=0).mark_down
2024-09-16T00:17:40.227 INFO:teuthology.orchestra.run.smithi112.stdout:/usr/bin/ceph: stderr
2024-09-16T00:17:39.221+0000 7fa6af4a2640 1 -- 172.21.15.112:0/174822948 shutdown_connections
2024-09-16T00:17:40.227 INFO:teuthology.orchestra.run.smithi112.stdout:/usr/bin/ceph: stderr
2024-09-16T00:17:39.221+0000 7fa6af4a2640 1 -- 172.21.15.112:0/174822948 wait complete.
2024-09-16T00:17:40.227 INFO:teuthology.orchestra.run.smithi112.stdout:/usr/bin/ceph: stderr
2024-09-16T00:17:39.222+0000 7fa6af4a2640 1 Processor -- start
2024-09-16T00:17:40.227 INFO:teuthology.orchestra.run.smithi112.stdout:/usr/bin/ceph: stderr
2024-09-16T00:17:39.222+0000 7fa6af4a2640 1 -- start start
2024-09-16T00:17:40.227 INFO:teuthology.orchestra.run.smithi112.stdout:/usr/bin/ceph: stderr
2024-09-16T00:17:39.222+0000 7fa6af4a2640 1 --2- >> [v2:172.21.15.112:3300/0,v1:172.21.15.112:6789/0] conn(0x7fa6a8076af0 0x7fa6a81025b0 unknown :-1 s=NONE pgs=0 cs=0 l=1 rev1=0 crypto rx=0 tx=0 comp rx=0 tx=0).connect
2024-09-16T00:17:40.227 INFO:teuthology.orchestra.run.smithi112.stdout:/usr/bin/ceph: stderr
2024-09-16T00:17:39.222+0000 7fa6af4a2640 1 -- --> [v2:172.21.15.112:3300/0,v1:172.21.15.112:6789/0] -- mon_getmap magic: 0 v1 -- 0x7fa6a8102af0 con 0x7fa6a8076af0
2024-09-16T00:17:40.227 INFO:teuthology.orchestra.run.smithi112.stdout:/usr/bin/ceph: stderr
2024-09-16T00:17:39.222+0000 7fa6ad23e640 1 --2- >> [v2:172.21.15.112:3300/0,v1:172.21.15.112:6789/0] conn(0x7fa6a8076af0 0x7fa6a81025b0 unknown :-1 s=BANNER_CONNECTING pgs=0 cs=0 l=1 rev1=0 crypto rx=0 tx=0 comp rx=0 tx=0)._handle_peer_banner_payload supported=3 required=0
2024-09-16T00:17:40.228 INFO:teuthology.orchestra.run.smithi112.stdout:/usr/bin/ceph: stderr
2024-09-16T00:17:39.222+0000 7fa6ad23e640 1 --2- >> [v2:172.21.15.112:3300/0,v1:172.21.15.112:6789/0] conn(0x7fa6a8076af0 0x7fa6a81025b0 unknown :-1 s=HELLO_CONNECTING pgs=0 cs=0 l=1 rev1=1 crypto rx=0 tx=0 comp rx=0 tx=0).handle_hello peer v2:172.21.15.112:3300/0 says I am v2:172.21.15.112:53150/0 (socket says 172.21.15.112:53150)
2024-09-16T00:17:40.228 INFO:teuthology.orchestra.run.smithi112.stdout:/usr/bin/ceph: stderr
2024-09-16T00:17:39.222+0000 7fa6ad23e640 1 -- 172.21.15.112:0/1815929122 learned_addr learned my addr 172.21.15.112:0/1815929122 (peer_addr_for_me v2:172.21.15.112:0/0)
2024-09-16T00:17:40.228 INFO:teuthology.orchestra.run.smithi112.stdout:/usr/bin/ceph: stderr
2024-09-16T00:17:39.222+0000 7fa6ad23e640 1 -- 172.21.15.112:0/1815929122 --> [v2:172.21.15.112:3300/0,v1:172.21.15.112:6789/0] -- mon_subscribe({config=0+,monmap=0+}) v3 -- 0x7fa6a4009450 con 0x7fa6a8076af0
2024-09-16T00:17:40.228 INFO:teuthology.orchestra.run.smithi112.stdout:/usr/bin/ceph: stderr
2024-09-16T00:17:39.222+0000 7fa6ad23e640 1 --2- 172.21.15.112:0/1815929122 >> [v2:172.21.15.112:3300/0,v1:172.21.15.112:6789/0] conn(0x7fa6a8076af0 0x7fa6a81025b0 secure :-1 s=READY pgs=81 cs=0 l=1 rev1=1 crypto rx=0x7fa6a4009420 tx=0x7fa6a40091d0 comp rx=0 tx=0).ready entity=mon.0 client_cookie=0 server_cookie=0 in_seq=0 out_seq=0
2024-09-16T00:17:40.228 INFO:teuthology.orchestra.run.smithi112.stdout:/usr/bin/ceph: stderr
2024-09-16T00:17:39.222+0000 7fa69dffb640 1 -- 172.21.15.112:0/1815929122 <== mon.0 v2:172.21.15.112:3300/0 1 ==== mon_map magic: 0 v1 ==== 229+0+0 (secure 0 0 0) 0x7fa6a4031d20 con 0x7fa6a8076af0
2024-09-16T00:17:40.228 INFO:teuthology.orchestra.run.smithi112.stdout:/usr/bin/ceph: stderr
2024-09-16T00:17:39.222+0000 7fa69dffb640 1 -- 172.21.15.112:0/1815929122 <== mon.0 v2:172.21.15.112:3300/0 2 ==== config(26 keys) v1 ==== 1070+0+0 (secure 0 0 0) 0x7fa6a4031e80 con 0x7fa6a8076af0
2024-09-16T00:17:40.229 INFO:teuthology.orchestra.run.smithi112.stdout:/usr/bin/ceph: stderr
2024-09-16T00:17:39.222+0000 7fa6af4a2640 1 -- 172.21.15.112:0/1815929122 --> [v2:172.21.15.112:3300/0,v1:172.21.15.112:6789/0] -- mon_subscribe({mgrmap=0+}) v3 -- 0x7fa6a8100be0 con 0x7fa6a8076af0
2024-09-16T00:17:40.229 INFO:teuthology.orchestra.run.smithi112.stdout:/usr/bin/ceph: stderr
2024-09-16T00:17:39.222+0000 7fa69dffb640 1 -- 172.21.15.112:0/1815929122 <== mon.0 v2:172.21.15.112:3300/0 3 ==== mon_map magic: 0 v1 ==== 229+0+0 (secure 0 0 0) 0x7fa6a403a750 con 0x7fa6a8076af0
2024-09-16T00:17:40.229 INFO:teuthology.orchestra.run.smithi112.stdout:/usr/bin/ceph: stderr
2024-09-16T00:17:39.223+0000 7fa6af4a2640 1 -- 172.21.15.112:0/1815929122 --> [v2:172.21.15.112:3300/0,v1:172.21.15.112:6789/0] -- mon_subscribe({osdmap=0}) v3 -- 0x7fa6a81010b0 con 0x7fa6a8076af0
2024-09-16T00:17:40.229 INFO:teuthology.orchestra.run.smithi112.stdout:/usr/bin/ceph: stderr
2024-09-16T00:17:39.223+0000 7fa69dffb640 1 -- 172.21.15.112:0/1815929122 <== mon.0 v2:172.21.15.112:3300/0 4 ==== mgrmap(e 12) v1 ==== 45520+0+0 (secure 0 0 0) 0x7fa6a4039040 con 0x7fa6a8076af0
2024-09-16T00:17:40.229 INFO:teuthology.orchestra.run.smithi112.stdout:/usr/bin/ceph: stderr
2024-09-16T00:17:39.224+0000 7fa6af4a2640 1 -- 172.21.15.112:0/1815929122 --> [v2:172.21.15.112:3300/0,v1:172.21.15.112:6789/0] -- mon_command({"prefix": "get_command_descriptions"} v 0) v1 -- 0x7fa6a804b720 con 0x7fa6a8076af0
2024-09-16T00:17:40.229 INFO:teuthology.orchestra.run.smithi112.stdout:/usr/bin/ceph: stderr
2024-09-16T00:17:39.224+0000 7fa69dffb640 1 --2- 172.21.15.112:0/1815929122 >> [v2:172.21.15.112:6800/2021251488,v1:172.21.15.112:6801/2021251488] conn(0x7fa694039530 0x7fa69403b9e0 unknown :-1 s=NONE pgs=0 cs=0 l=1 rev1=0 crypto rx=0 tx=0 comp rx=0 tx=0).connect
2024-09-16T00:17:40.230 INFO:teuthology.orchestra.run.smithi112.stdout:/usr/bin/ceph: stderr
2024-09-16T00:17:39.224+0000 7fa69dffb640 1 -- 172.21.15.112:0/1815929122 <== mon.0 v2:172.21.15.112:3300/0 5 ==== osd_map(3..3 src has 1..3) v4 ==== 1151+0+0 (secure 0 0 0) 0x7fa6a406cda0 con 0x7fa6a8076af0
2024-09-16T00:17:40.230 INFO:teuthology.orchestra.run.smithi112.stdout:/usr/bin/ceph: stderr
2024-09-16T00:17:39.224+0000 7fa6aca3d640 1 --2- 172.21.15.112:0/1815929122 >> [v2:172.21.15.112:6800/2021251488,v1:172.21.15.112:6801/2021251488] conn(0x7fa694039530 0x7fa69403b9e0 unknown :-1 s=BANNER_CONNECTING pgs=0 cs=0 l=1 rev1=0 crypto rx=0 tx=0 comp rx=0 tx=0)._handle_peer_banner_payload supported=3 required=0
2024-09-16T00:17:40.230 INFO:teuthology.orchestra.run.smithi112.stdout:/usr/bin/ceph: stderr
2024-09-16T00:17:39.224+0000 7fa6aca3d640 1 --2- 172.21.15.112:0/1815929122 >> [v2:172.21.15.112:6800/2021251488,v1:172.21.15.112:6801/2021251488] conn(0x7fa694039530 0x7fa69403b9e0 secure :-1 s=READY pgs=8 cs=0 l=1 rev1=1 crypto rx=0x7fa698006fd0 tx=0x7fa698006db0 comp rx=0 tx=0).ready entity=mgr.14160 client_cookie=0 server_cookie=0 in_seq=0 out_seq=0
2024-09-16T00:17:40.230 INFO:teuthology.orchestra.run.smithi112.stdout:/usr/bin/ceph: stderr
2024-09-16T00:17:39.228+0000 7fa69dffb640 1 -- 172.21.15.112:0/1815929122 <== mon.0 v2:172.21.15.112:3300/0 6 ==== mon_command_ack([{"prefix": "get_command_descriptions"}]=0 v0) v1 ==== 72+0+176781 (secure 0 0 0) 0x7fa6a404bae0 con 0x7fa6a8076af0
2024-09-16T00:17:40.230 INFO:teuthology.orchestra.run.smithi112.stdout:/usr/bin/ceph: stderr
2024-09-16T00:17:39.407+0000 7fa6af4a2640 1 -- 172.21.15.112:0/1815929122 --> [v2:172.21.15.112:6800/2021251488,v1:172.21.15.112:6801/2021251488] -- mgr_command(tid 0: {"prefix": "dashboard ac-user-create", "username": "admin", "rolename": "administrator", "force_password": true, "pwd_update_required": true, "target": ["mon-mgr", ""]}) v1 -- 0x7fa6a8105ef0 con 0x7fa694039530
2024-09-16T00:17:40.230 INFO:teuthology.orchestra.run.smithi112.stdout:/usr/bin/ceph: stderr
2024-09-16T00:17:39.632+0000 7fa69dffb640 1 -- 172.21.15.112:0/1815929122 <== mgr.14160 v2:172.21.15.112:6800/2021251488 1 ==== mgr_command_reply(tid 0: 0 ) v1 ==== 8+0+252 (secure 0 0 0) 0x7fa6a8105ef0 con 0x7fa694039530
2024-09-16T00:17:40.231 INFO:teuthology.orchestra.run.smithi112.stdout:/usr/bin/ceph: stderr
2024-09-16T00:17:39.634+0000 7fa6af4a2640 1 -- 172.21.15.112:0/1815929122 >> [v2:172.21.15.112:6800/2021251488,v1:172.21.15.112:6801/2021251488] conn(0x7fa694039530 msgr2=0x7fa69403b9e0 secure :-1 s=STATE_CONNECTION_ESTABLISHED l=1).mark_down
2024-09-16T00:17:40.231 INFO:teuthology.orchestra.run.smithi112.stdout:/usr/bin/ceph: stderr
2024-09-16T00:17:39.634+0000 7fa6af4a2640 1 --2- 172.21.15.112:0/1815929122 >> [v2:172.21.15.112:6800/2021251488,v1:172.21.15.112:6801/2021251488] conn(0x7fa694039530 0x7fa69403b9e0 secure :-1 s=READY pgs=8 cs=0 l=1 rev1=1 crypto rx=0x7fa698006fd0 tx=0x7fa698006db0 comp rx=0 tx=0).stop
2024-09-16T00:17:40.231 INFO:teuthology.orchestra.run.smithi112.stdout:/usr/bin/ceph: stderr
2024-09-16T00:17:39.634+0000 7fa6af4a2640 1 -- 172.21.15.112:0/1815929122 >> [v2:172.21.15.112:3300/0,v1:172.21.15.112:6789/0] conn(0x7fa6a8076af0 msgr2=0x7fa6a81025b0 secure :-1 s=STATE_CONNECTION_ESTABLISHED l=1).mark_down
2024-09-16T00:17:40.231 INFO:teuthology.orchestra.run.smithi112.stdout:/usr/bin/ceph: stderr
2024-09-16T00:17:39.634+0000 7fa6af4a2640 1 --2- 172.21.15.112:0/1815929122 >> [v2:172.21.15.112:3300/0,v1:172.21.15.112:6789/0] conn(0x7fa6a8076af0 0x7fa6a81025b0 secure :-1 s=READY pgs=81 cs=0 l=1 rev1=1 crypto rx=0x7fa6a4009420 tx=0x7fa6a40091d0 comp rx=0 tx=0).stop
2024-09-16T00:17:40.231 INFO:teuthology.orchestra.run.smithi112.stdout:/usr/bin/ceph: stderr
2024-09-16T00:17:39.634+0000 7fa6af4a2640 1 -- 172.21.15.112:0/1815929122 shutdown_connections
2024-09-16T00:17:40.231 INFO:teuthology.orchestra.run.smithi112.stdout:/usr/bin/ceph: stderr
2024-09-16T00:17:39.634+0000 7fa6af4a2640 1 --2- 172.21.15.112:0/1815929122 >> [v2:172.21.15.112:6800/2021251488,v1:172.21.15.112:6801/2021251488] conn(0x7fa694039530 0x7fa69403b9e0 unknown :-1 s=CLOSED pgs=8 cs=0 l=1 rev1=1 crypto rx=0 tx=0 comp rx=0 tx=0).stop
2024-09-16T00:17:40.232 INFO:teuthology.orchestra.run.smithi112.stdout:/usr/bin/ceph: stderr
2024-09-16T00:17:39.634+0000 7fa6af4a2640 1 --2- 172.21.15.112:0/1815929122 >> [v2:172.21.15.112:3300/0,v1:172.21.15.112:6789/0] conn(0x7fa6a8076af0 0x7fa6a81025b0 unknown :-1 s=CLOSED pgs=81 cs=0 l=1 rev1=1 crypto rx=0 tx=0 comp rx=0 tx=0).stop
2024-09-16T00:17:40.232 INFO:teuthology.orchestra.run.smithi112.stdout:/usr/bin/ceph: stderr
2024-09-16T00:17:39.634+0000 7fa6af4a2640 1 -- 172.21.15.112:0/1815929122 >> 172.21.15.112:0/1815929122 conn(0x7fa6a80fc790 msgr2=0x7fa6a80fd380 unknown :-1 s=STATE_NONE l=0).mark_down
2024-09-16T00:17:40.232 INFO:teuthology.orchestra.run.smithi112.stdout:/usr/bin/ceph: stderr
2024-09-16T00:17:39.634+0000 7fa6af4a2640 1 -- 172.21.15.112:0/1815929122 shutdown_connections
2024-09-16T00:17:40.232 INFO:teuthology.orchestra.run.smithi112.stdout:/usr/bin/ceph: stderr
2024-09-16T00:17:39.634+0000 7fa6af4a2640 1 -- 172.21.15.112:0/1815929122 wait complete.
2024-09-16T00:17:40.232 INFO:teuthology.orchestra.run.smithi112.stdout:Fetching dashboard port number...
2024-09-16T00:17:41.088 INFO:journalctl@ceph.mon.smithi112.smithi112.stdout:Sep 16 00:17:40 smithi112 ceph-mon[27869]: from='client.14174 -' entity='client.admin' cmd=[{"prefix": "dashboard ac-user-create", "username": "admin", "rolename": "administrator", "force_password": true, "pwd_update_required": true, "target": ["mon-mgr", ""]}]: dispatch
2024-09-16T00:17:41.089 INFO:journalctl@ceph.mon.smithi112.smithi112.stdout:Sep 16 00:17:40 smithi112 ceph-mon[27869]: from='client.? 172.21.15.112:0/1463711504' entity='client.admin' cmd=[{"prefix": "config get", "who": "mgr", "key": "mgr/dashboard/ssl_server_port"}]: dispatch
2024-09-16T00:17:41.984 INFO:teuthology.orchestra.run.smithi112.stdout:/usr/bin/ceph: stdout 8443
2024-09-16T00:17:41.984 INFO:teuthology.orchestra.run.smithi112.stdout:/usr/bin/ceph: stderr
2024-09-16T00:17:40.577+0000 7f56a2ed7640 1 Processor -- start
2024-09-16T00:17:41.984 INFO:teuthology.orchestra.run.smithi112.stdout:/usr/bin/ceph: stderr
2024-09-16T00:17:40.577+0000 7f56a2ed7640 1 -- start start
2024-09-16T00:17:41.984 INFO:teuthology.orchestra.run.smithi112.stdout:/usr/bin/ceph: stderr
2024-09-16T00:17:40.577+0000 7f56a2ed7640 1 --2- >> [v2:172.21.15.112:3300/0,v1:172.21.15.112:6789/0] conn(0x7f569c076a90 0x7f569c104c70 unknown :-1 s=NONE pgs=0 cs=0 l=0 rev1=0 crypto rx=0 tx=0 comp rx=0 tx=0).connect
2024-09-16T00:17:41.984 INFO:teuthology.orchestra.run.smithi112.stdout:/usr/bin/ceph: stderr
2024-09-16T00:17:40.577+0000 7f56a2ed7640 1 -- --> [v2:172.21.15.112:3300/0,v1:172.21.15.112:6789/0] -- mon_getmap magic: 0 v1 -- 0x7f569c076ea0 con 0x7f569c076a90
2024-09-16T00:17:41.984 INFO:teuthology.orchestra.run.smithi112.stdout:/usr/bin/ceph: stderr
2024-09-16T00:17:40.577+0000 7f56a0c73640 1 --2- >> [v2:172.21.15.112:3300/0,v1:172.21.15.112:6789/0] conn(0x7f569c076a90 0x7f569c104c70 unknown :-1 s=BANNER_CONNECTING pgs=0 cs=0 l=0 rev1=0 crypto rx=0 tx=0 comp rx=0 tx=0)._handle_peer_banner_payload supported=3 required=0
2024-09-16T00:17:41.984 INFO:teuthology.orchestra.run.smithi112.stdout:/usr/bin/ceph: stderr
2024-09-16T00:17:40.577+0000 7f56a0c73640 1 --2- >> [v2:172.21.15.112:3300/0,v1:172.21.15.112:6789/0] conn(0x7f569c076a90 0x7f569c104c70 unknown :-1 s=HELLO_CONNECTING pgs=0 cs=0 l=0 rev1=1 crypto rx=0 tx=0 comp rx=0 tx=0).handle_hello peer v2:172.21.15.112:3300/0 says I am v2:172.21.15.112:53152/0 (socket says 172.21.15.112:53152)
2024-09-16T00:17:41.985 INFO:teuthology.orchestra.run.smithi112.stdout:/usr/bin/ceph: stderr
2024-09-16T00:17:40.577+0000 7f56a0c73640 1 -- 172.21.15.112:0/168663053 learned_addr learned my addr 172.21.15.112:0/168663053 (peer_addr_for_me v2:172.21.15.112:0/0)
2024-09-16T00:17:41.985 INFO:teuthology.orchestra.run.smithi112.stdout:/usr/bin/ceph: stderr
2024-09-16T00:17:40.577+0000 7f56a0c73640 1 -- 172.21.15.112:0/168663053 --> [v2:172.21.15.112:3300/0,v1:172.21.15.112:6789/0] -- mon_subscribe({config=0+,monmap=0+}) v3 -- 0x7f569c1051b0 con 0x7f569c076a90
2024-09-16T00:17:41.985 INFO:teuthology.orchestra.run.smithi112.stdout:/usr/bin/ceph: stderr
2024-09-16T00:17:40.578+0000 7f56a0c73640 1 --2- 172.21.15.112:0/168663053 >> [v2:172.21.15.112:3300/0,v1:172.21.15.112:6789/0] conn(0x7f569c076a90 0x7f569c104c70 secure :-1 s=READY pgs=82 cs=0 l=1 rev1=1 crypto rx=0x7f5690009840 tx=0x7f56900091d0 comp rx=0 tx=0).ready entity=mon.0 client_cookie=605eb34d5121e65a server_cookie=0 in_seq=0 out_seq=0
2024-09-16T00:17:41.985 INFO:teuthology.orchestra.run.smithi112.stdout:/usr/bin/ceph: stderr
2024-09-16T00:17:40.578+0000 7f569b7fe640 1 -- 172.21.15.112:0/168663053 <== mon.0 v2:172.21.15.112:3300/0 1 ==== mon_map magic: 0 v1 ==== 229+0+0 (secure 0 0 0) 0x7f5690032440 con 0x7f569c076a90
2024-09-16T00:17:41.985 INFO:teuthology.orchestra.run.smithi112.stdout:/usr/bin/ceph: stderr
2024-09-16T00:17:40.578+0000 7f569b7fe640 1 -- 172.21.15.112:0/168663053 <== mon.0 v2:172.21.15.112:3300/0 2 ==== config(26 keys) v1 ==== 1070+0+0 (secure 0 0 0) 0x7f5690032a40 con 0x7f569c076a90
2024-09-16T00:17:41.985 INFO:teuthology.orchestra.run.smithi112.stdout:/usr/bin/ceph: stderr
2024-09-16T00:17:40.578+0000 7f569b7fe640 1 -- 172.21.15.112:0/168663053 <== mon.0 v2:172.21.15.112:3300/0 3 ==== mon_map magic: 0 v1 ==== 229+0+0 (secure 0 0 0) 0x7f5690031aa0 con 0x7f569c076a90
2024-09-16T00:17:41.985 INFO:teuthology.orchestra.run.smithi112.stdout:/usr/bin/ceph: stderr
2024-09-16T00:17:40.579+0000 7f56a2ed7640 1 -- 172.21.15.112:0/168663053 >> [v2:172.21.15.112:3300/0,v1:172.21.15.112:6789/0] conn(0x7f569c076a90 msgr2=0x7f569c104c70 secure :-1 s=STATE_CONNECTION_ESTABLISHED l=1).mark_down
2024-09-16T00:17:41.985 INFO:teuthology.orchestra.run.smithi112.stdout:/usr/bin/ceph: stderr
2024-09-16T00:17:40.579+0000 7f56a2ed7640 1 --2- 172.21.15.112:0/168663053 >> [v2:172.21.15.112:3300/0,v1:172.21.15.112:6789/0] conn(0x7f569c076a90 0x7f569c104c70 secure :-1 s=READY pgs=82 cs=0 l=1 rev1=1 crypto rx=0x7f5690009840 tx=0x7f56900091d0 comp rx=0 tx=0).stop
2024-09-16T00:17:41.985 INFO:teuthology.orchestra.run.smithi112.stdout:/usr/bin/ceph: stderr
2024-09-16T00:17:40.579+0000 7f56a2ed7640 1 -- 172.21.15.112:0/168663053 shutdown_connections
2024-09-16T00:17:41.985 INFO:teuthology.orchestra.run.smithi112.stdout:/usr/bin/ceph: stderr
2024-09-16T00:17:40.579+0000 7f56a2ed7640 1 --2- 172.21.15.112:0/168663053 >> [v2:172.21.15.112:3300/0,v1:172.21.15.112:6789/0] conn(0x7f569c076a90 0x7f569c104c70 unknown :-1 s=CLOSED pgs=82 cs=0 l=1 rev1=1 crypto rx=0 tx=0 comp rx=0 tx=0).stop
2024-09-16T00:17:41.985 INFO:teuthology.orchestra.run.smithi112.stdout:/usr/bin/ceph: stderr
2024-09-16T00:17:40.579+0000 7f56a2ed7640 1 -- 172.21.15.112:0/168663053 >> 172.21.15.112:0/168663053 conn(0x7f569c0fc700 msgr2=0x7f569c0feb30 unknown :-1 s=STATE_NONE l=0).mark_down
2024-09-16T00:17:41.985 INFO:teuthology.orchestra.run.smithi112.stdout:/usr/bin/ceph: stderr
2024-09-16T00:17:40.579+0000 7f56a2ed7640 1 -- 172.21.15.112:0/168663053 shutdown_connections
2024-09-16T00:17:41.985 INFO:teuthology.orchestra.run.smithi112.stdout:/usr/bin/ceph: stderr
2024-09-16T00:17:40.579+0000 7f56a2ed7640 1 -- 172.21.15.112:0/168663053 wait complete.
2024-09-16T00:17:41.986 INFO:teuthology.orchestra.run.smithi112.stdout:/usr/bin/ceph: stderr
2024-09-16T00:17:40.579+0000 7f56a2ed7640 1 Processor -- start
2024-09-16T00:17:41.986 INFO:teuthology.orchestra.run.smithi112.stdout:/usr/bin/ceph: stderr
2024-09-16T00:17:40.580+0000 7f56a2ed7640 1 -- start start
2024-09-16T00:17:41.986 INFO:teuthology.orchestra.run.smithi112.stdout:/usr/bin/ceph: stderr
2024-09-16T00:17:40.580+0000 7f56a2ed7640 1 --2- >> [v2:172.21.15.112:3300/0,v1:172.21.15.112:6789/0] conn(0x7f569c076a90 0x7f569c110e90 unknown :-1 s=NONE pgs=0 cs=0 l=1 rev1=0 crypto rx=0 tx=0 comp rx=0 tx=0).connect
2024-09-16T00:17:41.986 INFO:teuthology.orchestra.run.smithi112.stdout:/usr/bin/ceph: stderr
2024-09-16T00:17:40.580+0000 7f56a2ed7640 1 -- --> [v2:172.21.15.112:3300/0,v1:172.21.15.112:6789/0] -- mon_getmap magic: 0 v1 -- 0x7f569c1113d0 con 0x7f569c076a90
2024-09-16T00:17:41.986 INFO:teuthology.orchestra.run.smithi112.stdout:/usr/bin/ceph: stderr
2024-09-16T00:17:40.580+0000 7f56a0c73640 1 --2- >> [v2:172.21.15.112:3300/0,v1:172.21.15.112:6789/0] conn(0x7f569c076a90 0x7f569c110e90 unknown :-1 s=BANNER_CONNECTING pgs=0 cs=0 l=1 rev1=0 crypto rx=0 tx=0 comp rx=0 tx=0)._handle_peer_banner_payload supported=3 required=0
2024-09-16T00:17:41.986 INFO:teuthology.orchestra.run.smithi112.stdout:/usr/bin/ceph: stderr
2024-09-16T00:17:40.580+0000 7f56a0c73640 1 --2- >> [v2:172.21.15.112:3300/0,v1:172.21.15.112:6789/0] conn(0x7f569c076a90 0x7f569c110e90 unknown :-1 s=HELLO_CONNECTING pgs=0 cs=0 l=1 rev1=1 crypto rx=0 tx=0 comp rx=0 tx=0).handle_hello peer v2:172.21.15.112:3300/0 says I am v2:172.21.15.112:53164/0 (socket says 172.21.15.112:53164)
2024-09-16T00:17:41.986 INFO:teuthology.orchestra.run.smithi112.stdout:/usr/bin/ceph: stderr
2024-09-16T00:17:40.580+0000 7f56a0c73640 1 -- 172.21.15.112:0/1463711504 learned_addr learned my addr 172.21.15.112:0/1463711504 (peer_addr_for_me v2:172.21.15.112:0/0)
2024-09-16T00:17:41.986 INFO:teuthology.orchestra.run.smithi112.stdout:/usr/bin/ceph: stderr
2024-09-16T00:17:40.580+0000 7f56a0c73640 1 -- 172.21.15.112:0/1463711504 --> [v2:172.21.15.112:3300/0,v1:172.21.15.112:6789/0] -- mon_subscribe({config=0+,monmap=0+}) v3 -- 0x7f5690009450 con 0x7f569c076a90
2024-09-16T00:17:41.986 INFO:teuthology.orchestra.run.smithi112.stdout:/usr/bin/ceph: stderr
2024-09-16T00:17:40.580+0000 7f56a0c73640 1 --2- 172.21.15.112:0/1463711504 >> [v2:172.21.15.112:3300/0,v1:172.21.15.112:6789/0] conn(0x7f569c076a90 0x7f569c110e90 secure :-1 s=READY pgs=83 cs=0 l=1 rev1=1 crypto rx=0x7f56900316a0 tx=0x7f56900091d0 comp rx=0 tx=0).ready entity=mon.0 client_cookie=0 server_cookie=0 in_seq=0 out_seq=0
2024-09-16T00:17:41.986 INFO:teuthology.orchestra.run.smithi112.stdout:/usr/bin/ceph: stderr
2024-09-16T00:17:40.581+0000 7f56997fa640 1 -- 172.21.15.112:0/1463711504 <== mon.0 v2:172.21.15.112:3300/0 1 ==== mon_map magic: 0 v1 ==== 229+0+0 (secure 0 0 0) 0x7f56900327b0 con 0x7f569c076a90
2024-09-16T00:17:41.986 INFO:teuthology.orchestra.run.smithi112.stdout:/usr/bin/ceph: stderr
2024-09-16T00:17:40.581+0000 7f56997fa640 1 -- 172.21.15.112:0/1463711504 <== mon.0 v2:172.21.15.112:3300/0 2 ==== config(26 keys) v1 ==== 1070+0+0 (secure 0 0 0) 0x7f569003b8d0 con 0x7f569c076a90
2024-09-16T00:17:41.986 INFO:teuthology.orchestra.run.smithi112.stdout:/usr/bin/ceph: stderr
2024-09-16T00:17:40.581+0000 7f56a2ed7640 1 -- 172.21.15.112:0/1463711504 --> [v2:172.21.15.112:3300/0,v1:172.21.15.112:6789/0] -- mon_subscribe({mgrmap=0+}) v3 -- 0x7f569c111630 con 0x7f569c076a90
2024-09-16T00:17:41.986 INFO:teuthology.orchestra.run.smithi112.stdout:/usr/bin/ceph: stderr
2024-09-16T00:17:40.581+0000 7f56997fa640 1 -- 172.21.15.112:0/1463711504 <== mon.0 v2:172.21.15.112:3300/0 3 ==== mon_map magic: 0 v1 ==== 229+0+0 (secure 0 0 0) 0x7f569003a780 con 0x7f569c076a90
2024-09-16T00:17:41.987 INFO:teuthology.orchestra.run.smithi112.stdout:/usr/bin/ceph: stderr
2024-09-16T00:17:40.581+0000 7f56a2ed7640 1 -- 172.21.15.112:0/1463711504 --> [v2:172.21.15.112:3300/0,v1:172.21.15.112:6789/0] -- mon_subscribe({osdmap=0}) v3 -- 0x7f569c111fd0 con 0x7f569c076a90
2024-09-16T00:17:41.987 INFO:teuthology.orchestra.run.smithi112.stdout:/usr/bin/ceph: stderr
2024-09-16T00:17:40.581+0000 7f56997fa640 1 -- 172.21.15.112:0/1463711504 <== mon.0 v2:172.21.15.112:3300/0 4 ==== mgrmap(e 12) v1 ==== 45520+0+0 (secure 0 0 0) 0x7f5690039040 con 0x7f569c076a90
2024-09-16T00:17:41.987 INFO:teuthology.orchestra.run.smithi112.stdout:/usr/bin/ceph: stderr
2024-09-16T00:17:40.582+0000 7f56a2ed7640 1 -- 172.21.15.112:0/1463711504 --> [v2:172.21.15.112:3300/0,v1:172.21.15.112:6789/0] -- mon_command({"prefix": "get_command_descriptions"} v 0) v1 -- 0x7f569c04b720 con 0x7f569c076a90
2024-09-16T00:17:41.987 INFO:teuthology.orchestra.run.smithi112.stdout:/usr/bin/ceph: stderr
2024-09-16T00:17:40.582+0000 7f56997fa640 1 --2- 172.21.15.112:0/1463711504 >> [v2:172.21.15.112:6800/2021251488,v1:172.21.15.112:6801/2021251488] conn(0x7f568c039530 0x7f568c03b9e0 unknown :-1 s=NONE pgs=0 cs=0 l=1 rev1=0 crypto rx=0 tx=0 comp rx=0 tx=0).connect
2024-09-16T00:17:41.987 INFO:teuthology.orchestra.run.smithi112.stdout:/usr/bin/ceph: stderr
2024-09-16T00:17:40.582+0000 7f56997fa640 1 -- 172.21.15.112:0/1463711504 <== mon.0 v2:172.21.15.112:3300/0 5 ==== osd_map(3..3 src has 1..3) v4 ==== 1151+0+0 (secure 0 0 0) 0x7f569006cba0 con 0x7f569c076a90
2024-09-16T00:17:41.987 INFO:teuthology.orchestra.run.smithi112.stdout:/usr/bin/ceph: stderr
2024-09-16T00:17:40.582+0000 7f569bfff640 1 --2- 172.21.15.112:0/1463711504 >> [v2:172.21.15.112:6800/2021251488,v1:172.21.15.112:6801/2021251488] conn(0x7f568c039530 0x7f568c03b9e0 unknown :-1 s=BANNER_CONNECTING pgs=0 cs=0 l=1 rev1=0 crypto rx=0 tx=0 comp rx=0 tx=0)._handle_peer_banner_payload supported=3 required=0
2024-09-16T00:17:41.987 INFO:teuthology.orchestra.run.smithi112.stdout:/usr/bin/ceph: stderr
2024-09-16T00:17:40.582+0000 7f569bfff640 1 --2- 172.21.15.112:0/1463711504 >> [v2:172.21.15.112:6800/2021251488,v1:172.21.15.112:6801/2021251488] conn(0x7f568c039530 0x7f568c03b9e0 secure :-1 s=READY pgs=9 cs=0 l=1 rev1=1 crypto rx=0x7f5688006fd0 tx=0x7f5688006db0 comp rx=0 tx=0).ready entity=mgr.14160 client_cookie=0 server_cookie=0 in_seq=0 out_seq=0
2024-09-16T00:17:41.987 INFO:teuthology.orchestra.run.smithi112.stdout:/usr/bin/ceph: stderr
2024-09-16T00:17:40.586+0000 7f56997fa640 1 -- 172.21.15.112:0/1463711504 <== mon.0 v2:172.21.15.112:3300/0 6 ==== mon_command_ack([{"prefix": "get_command_descriptions"}]=0 v0) v1 ==== 72+0+176781 (secure 0 0 0) 0x7f569004bac0 con 0x7f569c076a90
2024-09-16T00:17:41.987 INFO:teuthology.orchestra.run.smithi112.stdout:/usr/bin/ceph: stderr
2024-09-16T00:17:40.752+0000 7f56a2ed7640 1 -- 172.21.15.112:0/1463711504 --> [v2:172.21.15.112:3300/0,v1:172.21.15.112:6789/0] -- mon_command({"prefix": "config get", "who": "mgr", "key": "mgr/dashboard/ssl_server_port"} v 0) v1 -- 0x7f569c112e40 con 0x7f569c076a90
2024-09-16T00:17:41.987 INFO:teuthology.orchestra.run.smithi112.stdout:/usr/bin/ceph: stderr
2024-09-16T00:17:40.752+0000 7f56997fa640 1 -- 172.21.15.112:0/1463711504 <== mon.0 v2:172.21.15.112:3300/0 7 ==== mon_command_ack([{"prefix": "config get", "who": "mgr", "key": "mgr/dashboard/ssl_server_port"}]=0 v8) v1 ==== 112+0+5 (secure 0 0 0) 0x7f569c112e40 con 0x7f569c076a90
2024-09-16T00:17:41.987 INFO:teuthology.orchestra.run.smithi112.stdout:/usr/bin/ceph: stderr
2024-09-16T00:17:40.754+0000 7f56a2ed7640 1 -- 172.21.15.112:0/1463711504 >> [v2:172.21.15.112:6800/2021251488,v1:172.21.15.112:6801/2021251488] conn(0x7f568c039530 msgr2=0x7f568c03b9e0 secure :-1 s=STATE_CONNECTION_ESTABLISHED l=1).mark_down
2024-09-16T00:17:41.987 INFO:teuthology.orchestra.run.smithi112.stdout:/usr/bin/ceph: stderr
2024-09-16T00:17:40.754+0000 7f56a2ed7640 1 --2- 172.21.15.112:0/1463711504 >> [v2:172.21.15.112:6800/2021251488,v1:172.21.15.112:6801/2021251488] conn(0x7f568c039530 0x7f568c03b9e0 secure :-1 s=READY pgs=9 cs=0 l=1 rev1=1 crypto rx=0x7f5688006fd0 tx=0x7f5688006db0 comp rx=0 tx=0).stop
2024-09-16T00:17:41.987 INFO:teuthology.orchestra.run.smithi112.stdout:/usr/bin/ceph: stderr
2024-09-16T00:17:40.754+0000 7f56a2ed7640 1 -- 172.21.15.112:0/1463711504 >> [v2:172.21.15.112:3300/0,v1:172.21.15.112:6789/0] conn(0x7f569c076a90 msgr2=0x7f569c110e90 secure :-1 s=STATE_CONNECTION_ESTABLISHED l=1).mark_down
2024-09-16T00:17:41.988 INFO:teuthology.orchestra.run.smithi112.stdout:/usr/bin/ceph: stderr
2024-09-16T00:17:40.754+0000 7f56a2ed7640 1 --2- 172.21.15.112:0/1463711504 >> [v2:172.21.15.112:3300/0,v1:172.21.15.112:6789/0] conn(0x7f569c076a90 0x7f569c110e90 secure :-1 s=READY pgs=83 cs=0 l=1 rev1=1 crypto rx=0x7f56900316a0 tx=0x7f56900091d0 comp rx=0 tx=0).stop
2024-09-16T00:17:41.988 INFO:teuthology.orchestra.run.smithi112.stdout:/usr/bin/ceph: stderr
2024-09-16T00:17:40.755+0000 7f56a2ed7640 1 -- 172.21.15.112:0/1463711504 shutdown_connections
2024-09-16T00:17:41.988 INFO:teuthology.orchestra.run.smithi112.stdout:/usr/bin/ceph: stderr
2024-09-16T00:17:40.755+0000 7f56a2ed7640 1 --2- 172.21.15.112:0/1463711504 >> [v2:172.21.15.112:6800/2021251488,v1:172.21.15.112:6801/2021251488] conn(0x7f568c039530 0x7f568c03b9e0 unknown :-1 s=CLOSED pgs=9 cs=0 l=1 rev1=1 crypto rx=0 tx=0 comp rx=0 tx=0).stop
2024-09-16T00:17:41.988 INFO:teuthology.orchestra.run.smithi112.stdout:/usr/bin/ceph: stderr
2024-09-16T00:17:40.755+0000 7f56a2ed7640 1 --2- 172.21.15.112:0/1463711504 >> [v2:172.21.15.112:3300/0,v1:172.21.15.112:6789/0] conn(0x7f569c076a90 0x7f569c110e90 unknown :-1 s=CLOSED pgs=83 cs=0 l=1 rev1=1 crypto rx=0 tx=0 comp rx=0 tx=0).stop
2024-09-16T00:17:41.988 INFO:teuthology.orchestra.run.smithi112.stdout:/usr/bin/ceph: stderr
2024-09-16T00:17:40.755+0000 7f56a2ed7640 1 -- 172.21.15.112:0/1463711504 >> 172.21.15.112:0/1463711504 conn(0x7f569c0fc700 msgr2=0x7f569c0fd4c0 unknown :-1 s=STATE_NONE l=0).mark_down
2024-09-16T00:17:41.988 INFO:teuthology.orchestra.run.smithi112.stdout:/usr/bin/ceph: stderr
2024-09-16T00:17:40.755+0000 7f56a2ed7640 1 -- 172.21.15.112:0/1463711504 shutdown_connections
2024-09-16T00:17:41.988 INFO:teuthology.orchestra.run.smithi112.stdout:/usr/bin/ceph: stderr
2024-09-16T00:17:40.755+0000 7f56a2ed7640 1 -- 172.21.15.112:0/1463711504 wait complete.
2024-09-16T00:17:41.992 INFO:teuthology.orchestra.run.smithi112.stdout:Non-zero exit code 1 from systemctl is-enabled firewalld.service
2024-09-16T00:17:41.992 INFO:teuthology.orchestra.run.smithi112.stdout:systemctl: stdout disabled
2024-09-16T00:17:42.001 INFO:teuthology.orchestra.run.smithi112.stdout:Non-zero exit code 3 from systemctl is-active firewalld.service
2024-09-16T00:17:42.001 INFO:teuthology.orchestra.run.smithi112.stdout:systemctl: stdout inactive
2024-09-16T00:17:42.001 INFO:teuthology.orchestra.run.smithi112.stdout:firewalld.service is not enabled
2024-09-16T00:17:42.001 INFO:teuthology.orchestra.run.smithi112.stdout:Not possible to open ports <[8443]>. firewalld.service is not available
2024-09-16T00:17:42.003 INFO:teuthology.orchestra.run.smithi112.stdout:Ceph Dashboard is now available at:
2024-09-16T00:17:42.003 INFO:teuthology.orchestra.run.smithi112.stdout:
2024-09-16T00:17:42.004 INFO:teuthology.orchestra.run.smithi112.stdout: URL: https://smithi112.front.sepia.ceph.com:8443/
2024-09-16T00:17:42.004 INFO:teuthology.orchestra.run.smithi112.stdout: User: admin
2024-09-16T00:17:42.004 INFO:teuthology.orchestra.run.smithi112.stdout: Password: h95tb2wuw0
2024-09-16T00:17:42.004 INFO:teuthology.orchestra.run.smithi112.stdout:
2024-09-16T00:17:42.004 INFO:teuthology.orchestra.run.smithi112.stdout:Saving cluster configuration to /var/lib/ceph/d346dd56-73c0-11ef-bceb-c7b262605968/config directory
2024-09-16T00:17:42.005 INFO:teuthology.orchestra.run.smithi112.stdout:Enabling autotune for osd_memory_target
2024-09-16T00:17:43.157 INFO:journalctl@ceph.mon.smithi112.smithi112.stdout:Sep 16 00:17:42 smithi112 ceph-mon[27869]: mgrmap e13: smithi112.xrkkbc(active, since 6s)
2024-09-16T00:17:43.165 INFO:teuthology.orchestra.run.smithi112.stdout:/usr/bin/ceph: stderr
2024-09-16T00:17:42.426+0000 7f8f8c0cb640 1 Processor -- start
2024-09-16T00:17:43.165 INFO:teuthology.orchestra.run.smithi112.stdout:/usr/bin/ceph: stderr
2024-09-16T00:17:42.427+0000 7f8f8c0cb640 1 -- start start
2024-09-16T00:17:43.165 INFO:teuthology.orchestra.run.smithi112.stdout:/usr/bin/ceph: stderr
2024-09-16T00:17:42.427+0000 7f8f8c0cb640 1 --2- >> [v2:172.21.15.112:3300/0,v1:172.21.15.112:6789/0] conn(0x7f8f84076a90 0x7f8f841070e0 unknown :-1 s=NONE pgs=0 cs=0 l=0 rev1=0 crypto rx=0 tx=0 comp rx=0 tx=0).connect
2024-09-16T00:17:43.165 INFO:teuthology.orchestra.run.smithi112.stdout:/usr/bin/ceph: stderr
2024-09-16T00:17:42.427+0000 7f8f8c0cb640 1 -- --> [v2:172.21.15.112:3300/0,v1:172.21.15.112:6789/0] -- mon_getmap magic: 0 v1 -- 0x7f8f84102ad0 con 0x7f8f84076a90
2024-09-16T00:17:43.165 INFO:teuthology.orchestra.run.smithi112.stdout:/usr/bin/ceph: stderr
2024-09-16T00:17:42.427+0000 7f8f89e67640 1 --2- >> [v2:172.21.15.112:3300/0,v1:172.21.15.112:6789/0] conn(0x7f8f84076a90 0x7f8f841070e0 unknown :-1 s=BANNER_CONNECTING pgs=0 cs=0 l=0 rev1=0 crypto rx=0 tx=0 comp rx=0 tx=0)._handle_peer_banner_payload supported=3 required=0
2024-09-16T00:17:43.165 INFO:teuthology.orchestra.run.smithi112.stdout:/usr/bin/ceph: stderr
2024-09-16T00:17:42.427+0000 7f8f89e67640 1 --2- >> [v2:172.21.15.112:3300/0,v1:172.21.15.112:6789/0] conn(0x7f8f84076a90 0x7f8f841070e0 unknown :-1 s=HELLO_CONNECTING pgs=0 cs=0 l=0 rev1=1 crypto rx=0 tx=0 comp rx=0 tx=0).handle_hello peer v2:172.21.15.112:3300/0 says I am v2:172.21.15.112:48486/0 (socket says 172.21.15.112:48486)
2024-09-16T00:17:43.166 INFO:teuthology.orchestra.run.smithi112.stdout:/usr/bin/ceph: stderr
2024-09-16T00:17:42.427+0000 7f8f89e67640 1 -- 172.21.15.112:0/3161900070 learned_addr learned my addr 172.21.15.112:0/3161900070 (peer_addr_for_me v2:172.21.15.112:0/0)
2024-09-16T00:17:43.166 INFO:teuthology.orchestra.run.smithi112.stdout:/usr/bin/ceph: stderr
2024-09-16T00:17:42.427+0000 7f8f89e67640 1 -- 172.21.15.112:0/3161900070 --> [v2:172.21.15.112:3300/0,v1:172.21.15.112:6789/0] -- mon_subscribe({config=0+,monmap=0+}) v3 -- 0x7f8f84076ea0 con 0x7f8f84076a90
2024-09-16T00:17:43.166 INFO:teuthology.orchestra.run.smithi112.stdout:/usr/bin/ceph: stderr
2024-09-16T00:17:42.428+0000 7f8f89e67640 1 --2- 172.21.15.112:0/3161900070 >> [v2:172.21.15.112:3300/0,v1:172.21.15.112:6789/0] conn(0x7f8f84076a90 0x7f8f841070e0 secure :-1 s=READY pgs=84 cs=0 l=1 rev1=1 crypto rx=0x7f8f80009840 tx=0x7f8f800091d0 comp rx=0 tx=0).ready entity=mon.0 client_cookie=478a8fa9159251d5 server_cookie=0 in_seq=0 out_seq=0
2024-09-16T00:17:43.166 INFO:teuthology.orchestra.run.smithi112.stdout:/usr/bin/ceph: stderr
2024-09-16T00:17:42.428+0000 7f8f88e65640 1 -- 172.21.15.112:0/3161900070 <== mon.0 v2:172.21.15.112:3300/0 1 ==== mon_map magic: 0 v1 ==== 229+0+0 (secure 0 0 0) 0x7f8f80032440 con 0x7f8f84076a90
2024-09-16T00:17:43.166 INFO:teuthology.orchestra.run.smithi112.stdout:/usr/bin/ceph: stderr
2024-09-16T00:17:42.428+0000 7f8f88e65640 1 -- 172.21.15.112:0/3161900070 <== mon.0 v2:172.21.15.112:3300/0 2 ==== config(26 keys) v1 ==== 1070+0+0 (secure 0 0 0) 0x7f8f80032a40 con 0x7f8f84076a90
2024-09-16T00:17:43.166 INFO:teuthology.orchestra.run.smithi112.stdout:/usr/bin/ceph: stderr
2024-09-16T00:17:42.428+0000 7f8f88e65640 1 -- 172.21.15.112:0/3161900070 <== mon.0 v2:172.21.15.112:3300/0 3 ==== mon_map magic: 0 v1 ==== 229+0+0 (secure 0 0 0) 0x7f8f80031aa0 con 0x7f8f84076a90
2024-09-16T00:17:43.166 INFO:teuthology.orchestra.run.smithi112.stdout:/usr/bin/ceph: stderr
2024-09-16T00:17:42.429+0000 7f8f8c0cb640 1 -- 172.21.15.112:0/3161900070 >> [v2:172.21.15.112:3300/0,v1:172.21.15.112:6789/0] conn(0x7f8f84076a90 msgr2=0x7f8f841070e0 secure :-1 s=STATE_CONNECTION_ESTABLISHED l=1).mark_down
2024-09-16T00:17:43.166 INFO:teuthology.orchestra.run.smithi112.stdout:/usr/bin/ceph: stderr
2024-09-16T00:17:42.429+0000 7f8f8c0cb640 1 --2- 172.21.15.112:0/3161900070 >> [v2:172.21.15.112:3300/0,v1:172.21.15.112:6789/0] conn(0x7f8f84076a90 0x7f8f841070e0 secure :-1 s=READY pgs=84 cs=0 l=1 rev1=1 crypto rx=0x7f8f80009840 tx=0x7f8f800091d0 comp rx=0 tx=0).stop
2024-09-16T00:17:43.166 INFO:teuthology.orchestra.run.smithi112.stdout:/usr/bin/ceph: stderr
2024-09-16T00:17:42.429+0000 7f8f8c0cb640 1 -- 172.21.15.112:0/3161900070 shutdown_connections
2024-09-16T00:17:43.166 INFO:teuthology.orchestra.run.smithi112.stdout:/usr/bin/ceph: stderr
2024-09-16T00:17:42.429+0000 7f8f8c0cb640 1 --2- 172.21.15.112:0/3161900070 >> [v2:172.21.15.112:3300/0,v1:172.21.15.112:6789/0] conn(0x7f8f84076a90 0x7f8f841070e0 unknown :-1 s=CLOSED pgs=84 cs=0 l=1 rev1=1 crypto rx=0 tx=0 comp rx=0 tx=0).stop
2024-09-16T00:17:43.167 INFO:teuthology.orchestra.run.smithi112.stdout:/usr/bin/ceph: stderr
2024-09-16T00:17:42.429+0000 7f8f8c0cb640 1 -- 172.21.15.112:0/3161900070 >> 172.21.15.112:0/3161900070 conn(0x7f8f840fc750 msgr2=0x7f8f840feb80 unknown :-1 s=STATE_NONE l=0).mark_down
2024-09-16T00:17:43.167 INFO:teuthology.orchestra.run.smithi112.stdout:/usr/bin/ceph: stderr
2024-09-16T00:17:42.429+0000 7f8f8c0cb640 1 -- 172.21.15.112:0/3161900070 shutdown_connections
2024-09-16T00:17:43.167 INFO:teuthology.orchestra.run.smithi112.stdout:/usr/bin/ceph: stderr
2024-09-16T00:17:42.429+0000 7f8f8c0cb640 1 -- 172.21.15.112:0/3161900070 wait complete.
2024-09-16T00:17:43.167 INFO:teuthology.orchestra.run.smithi112.stdout:/usr/bin/ceph: stderr
2024-09-16T00:17:42.429+0000 7f8f8c0cb640 1 Processor -- start
2024-09-16T00:17:43.167 INFO:teuthology.orchestra.run.smithi112.stdout:/usr/bin/ceph: stderr
2024-09-16T00:17:42.429+0000 7f8f8c0cb640 1 -- start start
2024-09-16T00:17:43.167 INFO:teuthology.orchestra.run.smithi112.stdout:/usr/bin/ceph: stderr
2024-09-16T00:17:42.430+0000 7f8f8c0cb640 1 --2- >> [v2:172.21.15.112:3300/0,v1:172.21.15.112:6789/0] conn(0x7f8f84076a90 0x7f8f84112fd0 unknown :-1 s=NONE pgs=0 cs=0 l=1 rev1=0 crypto rx=0 tx=0 comp rx=0 tx=0).connect
2024-09-16T00:17:43.167 INFO:teuthology.orchestra.run.smithi112.stdout:/usr/bin/ceph: stderr
2024-09-16T00:17:42.430+0000 7f8f8c0cb640 1 -- --> [v2:172.21.15.112:3300/0,v1:172.21.15.112:6789/0] -- mon_getmap magic: 0 v1 -- 0x7f8f84113510 con 0x7f8f84076a90
2024-09-16T00:17:43.167 INFO:teuthology.orchestra.run.smithi112.stdout:/usr/bin/ceph: stderr
2024-09-16T00:17:42.430+0000 7f8f89e67640 1 --2- >> [v2:172.21.15.112:3300/0,v1:172.21.15.112:6789/0] conn(0x7f8f84076a90 0x7f8f84112fd0 unknown :-1 s=BANNER_CONNECTING pgs=0 cs=0 l=1 rev1=0 crypto rx=0 tx=0 comp rx=0 tx=0)._handle_peer_banner_payload supported=3 required=0
2024-09-16T00:17:43.167 INFO:teuthology.orchestra.run.smithi112.stdout:/usr/bin/ceph: stderr
2024-09-16T00:17:42.430+0000 7f8f89e67640 1 --2- >> [v2:172.21.15.112:3300/0,v1:172.21.15.112:6789/0] conn(0x7f8f84076a90 0x7f8f84112fd0 unknown :-1 s=HELLO_CONNECTING pgs=0 cs=0 l=1 rev1=1 crypto rx=0 tx=0 comp rx=0 tx=0).handle_hello peer v2:172.21.15.112:3300/0 says I am v2:172.21.15.112:48490/0 (socket says 172.21.15.112:48490)
2024-09-16T00:17:43.167 INFO:teuthology.orchestra.run.smithi112.stdout:/usr/bin/ceph: stderr
2024-09-16T00:17:42.430+0000 7f8f89e67640 1 -- 172.21.15.112:0/1436543660 learned_addr learned my addr 172.21.15.112:0/1436543660 (peer_addr_for_me v2:172.21.15.112:0/0)
2024-09-16T00:17:43.167 INFO:teuthology.orchestra.run.smithi112.stdout:/usr/bin/ceph: stderr
2024-09-16T00:17:42.430+0000 7f8f89e67640 1 -- 172.21.15.112:0/1436543660 --> [v2:172.21.15.112:3300/0,v1:172.21.15.112:6789/0] -- mon_subscribe({config=0+,monmap=0+}) v3 -- 0x7f8f80009450 con 0x7f8f84076a90
2024-09-16T00:17:43.167 INFO:teuthology.orchestra.run.smithi112.stdout:/usr/bin/ceph: stderr
2024-09-16T00:17:42.430+0000 7f8f89e67640 1 --2- 172.21.15.112:0/1436543660 >> [v2:172.21.15.112:3300/0,v1:172.21.15.112:6789/0] conn(0x7f8f84076a90 0x7f8f84112fd0 secure :-1 s=READY pgs=85 cs=0 l=1 rev1=1 crypto rx=0x7f8f80031780 tx=0x7f8f800091d0 comp rx=0 tx=0).ready entity=mon.0 client_cookie=0 server_cookie=0 in_seq=0 out_seq=0
2024-09-16T00:17:43.167 INFO:teuthology.orchestra.run.smithi112.stdout:/usr/bin/ceph: stderr
2024-09-16T00:17:42.430+0000 7f8f7a7fc640 1 -- 172.21.15.112:0/1436543660 <== mon.0 v2:172.21.15.112:3300/0 1 ==== mon_map magic: 0 v1 ==== 229+0+0 (secure 0 0 0) 0x7f8f800327b0 con 0x7f8f84076a90
2024-09-16T00:17:43.167 INFO:teuthology.orchestra.run.smithi112.stdout:/usr/bin/ceph: stderr
2024-09-16T00:17:42.430+0000 7f8f7a7fc640 1 -- 172.21.15.112:0/1436543660 <== mon.0 v2:172.21.15.112:3300/0 2 ==== config(26 keys) v1 ==== 1070+0+0 (secure 0 0 0) 0x7f8f8003b8d0 con 0x7f8f84076a90
2024-09-16T00:17:43.167 INFO:teuthology.orchestra.run.smithi112.stdout:/usr/bin/ceph: stderr
2024-09-16T00:17:42.430+0000 7f8f7a7fc640 1 -- 172.21.15.112:0/1436543660 <== mon.0 v2:172.21.15.112:3300/0 3 ==== mon_map magic: 0 v1 ==== 229+0+0 (secure 0 0 0) 0x7f8f8003a790 con 0x7f8f84076a90
2024-09-16T00:17:43.168 INFO:teuthology.orchestra.run.smithi112.stdout:/usr/bin/ceph: stderr
2024-09-16T00:17:42.430+0000 7f8f8c0cb640 1 -- 172.21.15.112:0/1436543660 --> [v2:172.21.15.112:3300/0,v1:172.21.15.112:6789/0] -- mon_subscribe({mgrmap=0+}) v3 -- 0x7f8f84113710 con 0x7f8f84076a90
2024-09-16T00:17:43.168 INFO:teuthology.orchestra.run.smithi112.stdout:/usr/bin/ceph: stderr
2024-09-16T00:17:42.430+0000 7f8f8c0cb640 1 -- 172.21.15.112:0/1436543660 --> [v2:172.21.15.112:3300/0,v1:172.21.15.112:6789/0] -- mon_subscribe({osdmap=0}) v3 -- 0x7f8f84113b80 con 0x7f8f84076a90
2024-09-16T00:17:43.168 INFO:teuthology.orchestra.run.smithi112.stdout:/usr/bin/ceph: stderr
2024-09-16T00:17:42.431+0000 7f8f7a7fc640 1 -- 172.21.15.112:0/1436543660 <== mon.0 v2:172.21.15.112:3300/0 4 ==== mgrmap(e 13) v1 ==== 45564+0+0 (secure 0 0 0) 0x7f8f80039040 con 0x7f8f84076a90
2024-09-16T00:17:43.168 INFO:teuthology.orchestra.run.smithi112.stdout:/usr/bin/ceph: stderr
2024-09-16T00:17:42.431+0000 7f8f8c0cb640 1 -- 172.21.15.112:0/1436543660 --> [v2:172.21.15.112:3300/0,v1:172.21.15.112:6789/0] -- mon_command({"prefix": "get_command_descriptions"} v 0) v1 -- 0x7f8f8404b720 con 0x7f8f84076a90
2024-09-16T00:17:43.168 INFO:teuthology.orchestra.run.smithi112.stdout:/usr/bin/ceph: stderr
2024-09-16T00:17:42.431+0000 7f8f7a7fc640 1 --2- 172.21.15.112:0/1436543660 >> [v2:172.21.15.112:6800/2021251488,v1:172.21.15.112:6801/2021251488] conn(0x7f8f700395d0 0x7f8f7003ba80 unknown :-1 s=NONE pgs=0 cs=0 l=1 rev1=0 crypto rx=0 tx=0 comp rx=0 tx=0).connect
2024-09-16T00:17:43.168 INFO:teuthology.orchestra.run.smithi112.stdout:/usr/bin/ceph: stderr
2024-09-16T00:17:42.431+0000 7f8f7a7fc640 1 -- 172.21.15.112:0/1436543660 <== mon.0 v2:172.21.15.112:3300/0 5 ==== osd_map(3..3 src has 1..3) v4 ==== 1151+0+0 (secure 0 0 0) 0x7f8f8006caf0 con 0x7f8f84076a90
2024-09-16T00:17:43.168 INFO:teuthology.orchestra.run.smithi112.stdout:/usr/bin/ceph: stderr
2024-09-16T00:17:42.431+0000 7f8f89666640 1 --2- 172.21.15.112:0/1436543660 >> [v2:172.21.15.112:6800/2021251488,v1:172.21.15.112:6801/2021251488] conn(0x7f8f700395d0 0x7f8f7003ba80 unknown :-1 s=BANNER_CONNECTING pgs=0 cs=0 l=1 rev1=0 crypto rx=0 tx=0 comp rx=0 tx=0)._handle_peer_banner_payload supported=3 required=0
2024-09-16T00:17:43.168 INFO:teuthology.orchestra.run.smithi112.stdout:/usr/bin/ceph: stderr
2024-09-16T00:17:42.432+0000 7f8f89666640 1 --2- 172.21.15.112:0/1436543660 >> [v2:172.21.15.112:6800/2021251488,v1:172.21.15.112:6801/2021251488] conn(0x7f8f700395d0 0x7f8f7003ba80 secure :-1 s=READY pgs=10 cs=0 l=1 rev1=1 crypto rx=0x7f8f74006fd0 tx=0x7f8f74006db0 comp rx=0 tx=0).ready entity=mgr.14160 client_cookie=0 server_cookie=0 in_seq=0 out_seq=0
2024-09-16T00:17:43.168 INFO:teuthology.orchestra.run.smithi112.stdout:/usr/bin/ceph: stderr
2024-09-16T00:17:42.436+0000 7f8f7a7fc640 1 -- 172.21.15.112:0/1436543660 <== mon.0 v2:172.21.15.112:3300/0 6 ==== mon_command_ack([{"prefix": "get_command_descriptions"}]=0 v0) v1 ==== 72+0+176781 (secure 0 0 0) 0x7f8f8003ba40 con 0x7f8f84076a90
2024-09-16T00:17:43.168 INFO:teuthology.orchestra.run.smithi112.stdout:/usr/bin/ceph: stderr
2024-09-16T00:17:42.596+0000 7f8f8c0cb640 1 -- 172.21.15.112:0/1436543660 --> [v2:172.21.15.112:3300/0,v1:172.21.15.112:6789/0] -- mon_command([{prefix=config set, name=osd_memory_target_autotune}] v 0) v1 -- 0x7f8f841144e0 con 0x7f8f84076a90
2024-09-16T00:17:43.168 INFO:teuthology.orchestra.run.smithi112.stdout:/usr/bin/ceph: stderr
2024-09-16T00:17:42.596+0000 7f8f7a7fc640 1 -- 172.21.15.112:0/1436543660 <== mon.0 v2:172.21.15.112:3300/0 7 ==== mon_command_ack([{prefix=config set, name=osd_memory_target_autotune}]=0 v8)=0 v8) v1 ==== 127+0+0 (secure 0 0 0) 0x7f8f8003f070 con 0x7f8f84076a90
2024-09-16T00:17:43.168 INFO:teuthology.orchestra.run.smithi112.stdout:/usr/bin/ceph: stderr
2024-09-16T00:17:42.598+0000 7f8f8c0cb640 1 -- 172.21.15.112:0/1436543660 >> [v2:172.21.15.112:6800/2021251488,v1:172.21.15.112:6801/2021251488] conn(0x7f8f700395d0 msgr2=0x7f8f7003ba80 secure :-1 s=STATE_CONNECTION_ESTABLISHED l=1).mark_down
2024-09-16T00:17:43.168 INFO:teuthology.orchestra.run.smithi112.stdout:/usr/bin/ceph: stderr
2024-09-16T00:17:42.598+0000 7f8f8c0cb640 1 --2- 172.21.15.112:0/1436543660 >> [v2:172.21.15.112:6800/2021251488,v1:172.21.15.112:6801/2021251488] conn(0x7f8f700395d0 0x7f8f7003ba80 secure :-1 s=READY pgs=10 cs=0 l=1 rev1=1 crypto rx=0x7f8f74006fd0 tx=0x7f8f74006db0 comp rx=0 tx=0).stop
2024-09-16T00:17:43.169 INFO:teuthology.orchestra.run.smithi112.stdout:/usr/bin/ceph: stderr
2024-09-16T00:17:42.598+0000 7f8f8c0cb640 1 -- 172.21.15.112:0/1436543660 >> [v2:172.21.15.112:3300/0,v1:172.21.15.112:6789/0] conn(0x7f8f84076a90 msgr2=0x7f8f84112fd0 secure :-1 s=STATE_CONNECTION_ESTABLISHED l=1).mark_down
2024-09-16T00:17:43.169 INFO:teuthology.orchestra.run.smithi112.stdout:/usr/bin/ceph: stderr
2024-09-16T00:17:42.598+0000 7f8f8c0cb640 1 --2- 172.21.15.112:0/1436543660 >> [v2:172.21.15.112:3300/0,v1:172.21.15.112:6789/0] conn(0x7f8f84076a90 0x7f8f84112fd0 secure :-1 s=READY pgs=85 cs=0 l=1 rev1=1 crypto rx=0x7f8f80031780 tx=0x7f8f800091d0 comp rx=0 tx=0).stop
2024-09-16T00:17:43.169 INFO:teuthology.orchestra.run.smithi112.stdout:/usr/bin/ceph: stderr
2024-09-16T00:17:42.598+0000 7f8f8c0cb640 1 -- 172.21.15.112:0/1436543660 shutdown_connections
2024-09-16T00:17:43.169 INFO:teuthology.orchestra.run.smithi112.stdout:/usr/bin/ceph: stderr
2024-09-16T00:17:42.598+0000 7f8f8c0cb640 1 --2- 172.21.15.112:0/1436543660 >> [v2:172.21.15.112:6800/2021251488,v1:172.21.15.112:6801/2021251488] conn(0x7f8f700395d0 0x7f8f7003ba80 unknown :-1 s=CLOSED pgs=10 cs=0 l=1 rev1=1 crypto rx=0 tx=0 comp rx=0 tx=0).stop
2024-09-16T00:17:43.169 INFO:teuthology.orchestra.run.smithi112.stdout:/usr/bin/ceph: stderr
2024-09-16T00:17:42.598+0000 7f8f8c0cb640 1 --2- 172.21.15.112:0/1436543660 >> [v2:172.21.15.112:3300/0,v1:172.21.15.112:6789/0] conn(0x7f8f84076a90 0x7f8f84112fd0 unknown :-1 s=CLOSED pgs=85 cs=0 l=1 rev1=1 crypto rx=0 tx=0 comp rx=0 tx=0).stop
2024-09-16T00:17:43.169 INFO:teuthology.orchestra.run.smithi112.stdout:/usr/bin/ceph: stderr
2024-09-16T00:17:42.598+0000 7f8f8c0cb640 1 -- 172.21.15.112:0/1436543660 >> 172.21.15.112:0/1436543660 conn(0x7f8f840fc750 msgr2=0x7f8f840fd390 unknown :-1 s=STATE_NONE l=0).mark_down
2024-09-16T00:17:43.169 INFO:teuthology.orchestra.run.smithi112.stdout:/usr/bin/ceph: stderr
2024-09-16T00:17:42.598+0000 7f8f8c0cb640 1 -- 172.21.15.112:0/1436543660 shutdown_connections
2024-09-16T00:17:43.169 INFO:teuthology.orchestra.run.smithi112.stdout:/usr/bin/ceph: stderr
2024-09-16T00:17:42.598+0000 7f8f8c0cb640 1 -- 172.21.15.112:0/1436543660 wait complete.
2024-09-16T00:17:44.413 INFO:teuthology.orchestra.run.smithi112.stdout:/usr/bin/ceph: stderr
2024-09-16T00:17:43.589+0000 7fe9ed7d0640 1 Processor -- start
2024-09-16T00:17:44.414 INFO:teuthology.orchestra.run.smithi112.stdout:/usr/bin/ceph: stderr
2024-09-16T00:17:43.589+0000 7fe9ed7d0640 1 -- start start
2024-09-16T00:17:44.414 INFO:teuthology.orchestra.run.smithi112.stdout:/usr/bin/ceph: stderr
2024-09-16T00:17:43.589+0000 7fe9ed7d0640 1 --2- >> [v2:172.21.15.112:3300/0,v1:172.21.15.112:6789/0] conn(0x7fe9e8100e20 0x7fe9e8101230 unknown :-1 s=NONE pgs=0 cs=0 l=0 rev1=0 crypto rx=0 tx=0 comp rx=0 tx=0).connect
2024-09-16T00:17:44.414 INFO:teuthology.orchestra.run.smithi112.stdout:/usr/bin/ceph: stderr
2024-09-16T00:17:43.589+0000 7fe9ed7d0640 1 -- --> [v2:172.21.15.112:3300/0,v1:172.21.15.112:6789/0] -- mon_getmap magic: 0 v1 -- 0x7fe9e8101770 con 0x7fe9e8100e20
2024-09-16T00:17:44.414 INFO:teuthology.orchestra.run.smithi112.stdout:/usr/bin/ceph: stderr
2024-09-16T00:17:43.589+0000 7fe9e6ffd640 1 --2- >> [v2:172.21.15.112:3300/0,v1:172.21.15.112:6789/0] conn(0x7fe9e8100e20 0x7fe9e8101230 unknown :-1 s=BANNER_CONNECTING pgs=0 cs=0 l=0 rev1=0 crypto rx=0 tx=0 comp rx=0 tx=0)._handle_peer_banner_payload supported=3 required=0
2024-09-16T00:17:44.414 INFO:teuthology.orchestra.run.smithi112.stdout:/usr/bin/ceph: stderr
2024-09-16T00:17:43.589+0000 7fe9e6ffd640 1 --2- >> [v2:172.21.15.112:3300/0,v1:172.21.15.112:6789/0] conn(0x7fe9e8100e20 0x7fe9e8101230 unknown :-1 s=HELLO_CONNECTING pgs=0 cs=0 l=0 rev1=1 crypto rx=0 tx=0 comp rx=0 tx=0).handle_hello peer v2:172.21.15.112:3300/0 says I am v2:172.21.15.112:48494/0 (socket says 172.21.15.112:48494)
2024-09-16T00:17:44.414 INFO:teuthology.orchestra.run.smithi112.stdout:/usr/bin/ceph: stderr
2024-09-16T00:17:43.589+0000 7fe9e6ffd640 1 -- 172.21.15.112:0/2555785140 learned_addr learned my addr 172.21.15.112:0/2555785140 (peer_addr_for_me v2:172.21.15.112:0/0)
2024-09-16T00:17:44.414 INFO:teuthology.orchestra.run.smithi112.stdout:/usr/bin/ceph: stderr
2024-09-16T00:17:43.590+0000 7fe9e6ffd640 1 -- 172.21.15.112:0/2555785140 --> [v2:172.21.15.112:3300/0,v1:172.21.15.112:6789/0] -- mon_subscribe({config=0+,monmap=0+}) v3 -- 0x7fe9e81018b0 con 0x7fe9e8100e20
2024-09-16T00:17:44.414 INFO:teuthology.orchestra.run.smithi112.stdout:/usr/bin/ceph: stderr
2024-09-16T00:17:43.590+0000 7fe9e6ffd640 1 --2- 172.21.15.112:0/2555785140 >> [v2:172.21.15.112:3300/0,v1:172.21.15.112:6789/0] conn(0x7fe9e8100e20 0x7fe9e8101230 secure :-1 s=READY pgs=86 cs=0 l=1 rev1=1 crypto rx=0x7fe9e000baf0 tx=0x7fe9e000b460 comp rx=0 tx=0).ready entity=mon.0 client_cookie=bccf6bf338359dc0 server_cookie=0 in_seq=0 out_seq=0
2024-09-16T00:17:44.414 INFO:teuthology.orchestra.run.smithi112.stdout:/usr/bin/ceph: stderr
