2024-09-16T00:18:53.468 INFO:teuthology.orchestra.run.smithi001.stdout:/usr/bin/ceph: stdout 0
2024-09-16T00:18:53.469 INFO:teuthology.orchestra.run.smithi001.stdout:/usr/bin/ceph: stdout ],
2024-09-16T00:18:53.469 INFO:teuthology.orchestra.run.smithi001.stdout:/usr/bin/ceph: stdout "quorum_names": [
2024-09-16T00:18:53.469 INFO:teuthology.orchestra.run.smithi001.stdout:/usr/bin/ceph: stdout "a"
2024-09-16T00:18:53.469 INFO:teuthology.orchestra.run.smithi001.stdout:/usr/bin/ceph: stdout ],
2024-09-16T00:18:53.469 INFO:teuthology.orchestra.run.smithi001.stdout:/usr/bin/ceph: stdout "quorum_age": 10,
2024-09-16T00:18:53.469 INFO:teuthology.orchestra.run.smithi001.stdout:/usr/bin/ceph: stdout "monmap": {
2024-09-16T00:18:53.469 INFO:teuthology.orchestra.run.smithi001.stdout:/usr/bin/ceph: stdout "epoch": 1,
2024-09-16T00:18:53.469 INFO:teuthology.orchestra.run.smithi001.stdout:/usr/bin/ceph: stdout "min_mon_release_name": "squid",
2024-09-16T00:18:53.470 INFO:teuthology.orchestra.run.smithi001.stdout:/usr/bin/ceph: stdout "num_mons": 1
2024-09-16T00:18:53.470 INFO:teuthology.orchestra.run.smithi001.stdout:/usr/bin/ceph: stdout },
2024-09-16T00:18:53.470 INFO:teuthology.orchestra.run.smithi001.stdout:/usr/bin/ceph: stdout "osdmap": {
2024-09-16T00:18:53.470 INFO:teuthology.orchestra.run.smithi001.stdout:/usr/bin/ceph: stdout "epoch": 1,
2024-09-16T00:18:53.470 INFO:teuthology.orchestra.run.smithi001.stdout:/usr/bin/ceph: stdout "num_osds": 0,
2024-09-16T00:18:53.470 INFO:teuthology.orchestra.run.smithi001.stdout:/usr/bin/ceph: stdout "num_up_osds": 0,
2024-09-16T00:18:53.470 INFO:teuthology.orchestra.run.smithi001.stdout:/usr/bin/ceph: stdout "osd_up_since": 0,
2024-09-16T00:18:53.471 INFO:teuthology.orchestra.run.smithi001.stdout:/usr/bin/ceph: stdout "num_in_osds": 0,
2024-09-16T00:18:53.471 INFO:teuthology.orchestra.run.smithi001.stdout:/usr/bin/ceph: stdout "osd_in_since": 0,
2024-09-16T00:18:53.471 INFO:teuthology.orchestra.run.smithi001.stdout:/usr/bin/ceph: stdout "num_remapped_pgs": 0
2024-09-16T00:18:53.471 INFO:teuthology.orchestra.run.smithi001.stdout:/usr/bin/ceph: stdout },
2024-09-16T00:18:53.471 INFO:teuthology.orchestra.run.smithi001.stdout:/usr/bin/ceph: stdout "pgmap": {
2024-09-16T00:18:53.471 INFO:teuthology.orchestra.run.smithi001.stdout:/usr/bin/ceph: stdout "pgs_by_state": [],
2024-09-16T00:18:53.471 INFO:teuthology.orchestra.run.smithi001.stdout:/usr/bin/ceph: stdout "num_pgs": 0,
2024-09-16T00:18:53.472 INFO:teuthology.orchestra.run.smithi001.stdout:/usr/bin/ceph: stdout "num_pools": 0,
2024-09-16T00:18:53.472 INFO:teuthology.orchestra.run.smithi001.stdout:/usr/bin/ceph: stdout "num_objects": 0,
2024-09-16T00:18:53.472 INFO:teuthology.orchestra.run.smithi001.stdout:/usr/bin/ceph: stdout "data_bytes": 0,
2024-09-16T00:18:53.472 INFO:teuthology.orchestra.run.smithi001.stdout:/usr/bin/ceph: stdout "bytes_used": 0,
2024-09-16T00:18:53.472 INFO:teuthology.orchestra.run.smithi001.stdout:/usr/bin/ceph: stdout "bytes_avail": 0,
2024-09-16T00:18:53.472 INFO:teuthology.orchestra.run.smithi001.stdout:/usr/bin/ceph: stdout "bytes_total": 0
2024-09-16T00:18:53.472 INFO:teuthology.orchestra.run.smithi001.stdout:/usr/bin/ceph: stdout },
2024-09-16T00:18:53.472 INFO:teuthology.orchestra.run.smithi001.stdout:/usr/bin/ceph: stdout "fsmap": {
2024-09-16T00:18:53.473 INFO:teuthology.orchestra.run.smithi001.stdout:/usr/bin/ceph: stdout "epoch": 1,
2024-09-16T00:18:53.473 INFO:teuthology.orchestra.run.smithi001.stdout:/usr/bin/ceph: stdout "btime": "2024-09-16T00:18:28:248994+0000",
2024-09-16T00:18:53.473 INFO:teuthology.orchestra.run.smithi001.stdout:/usr/bin/ceph: stdout "by_rank": [],
2024-09-16T00:18:53.473 INFO:teuthology.orchestra.run.smithi001.stdout:/usr/bin/ceph: stdout "up:standby": 0
2024-09-16T00:18:53.473 INFO:teuthology.orchestra.run.smithi001.stdout:/usr/bin/ceph: stdout },
2024-09-16T00:18:53.473 INFO:teuthology.orchestra.run.smithi001.stdout:/usr/bin/ceph: stdout "mgrmap": {
2024-09-16T00:18:53.473 INFO:teuthology.orchestra.run.smithi001.stdout:/usr/bin/ceph: stdout "available": true,
2024-09-16T00:18:53.473 INFO:teuthology.orchestra.run.smithi001.stdout:/usr/bin/ceph: stdout "num_standbys": 0,
2024-09-16T00:18:53.474 INFO:teuthology.orchestra.run.smithi001.stdout:/usr/bin/ceph: stdout "modules": [
2024-09-16T00:18:53.474 INFO:teuthology.orchestra.run.smithi001.stdout:/usr/bin/ceph: stdout "iostat",
2024-09-16T00:18:53.474 INFO:teuthology.orchestra.run.smithi001.stdout:/usr/bin/ceph: stdout "nfs",
2024-09-16T00:18:53.474 INFO:teuthology.orchestra.run.smithi001.stdout:/usr/bin/ceph: stdout "restful"
2024-09-16T00:18:53.474 INFO:teuthology.orchestra.run.smithi001.stdout:/usr/bin/ceph: stdout ],
2024-09-16T00:18:53.474 INFO:teuthology.orchestra.run.smithi001.stdout:/usr/bin/ceph: stdout "services": {}
2024-09-16T00:18:53.474 INFO:teuthology.orchestra.run.smithi001.stdout:/usr/bin/ceph: stdout },
2024-09-16T00:18:53.474 INFO:teuthology.orchestra.run.smithi001.stdout:/usr/bin/ceph: stdout "servicemap": {
2024-09-16T00:18:53.474 INFO:teuthology.orchestra.run.smithi001.stdout:/usr/bin/ceph: stdout "epoch": 1,
2024-09-16T00:18:53.474 INFO:teuthology.orchestra.run.smithi001.stdout:/usr/bin/ceph: stdout "modified": "2024-09-16T00:18:28.249645+0000",
2024-09-16T00:18:53.474 INFO:teuthology.orchestra.run.smithi001.stdout:/usr/bin/ceph: stdout "services": {}
2024-09-16T00:18:53.474 INFO:teuthology.orchestra.run.smithi001.stdout:/usr/bin/ceph: stdout },
2024-09-16T00:18:53.474 INFO:teuthology.orchestra.run.smithi001.stdout:/usr/bin/ceph: stdout "progress_events": {}
2024-09-16T00:18:53.474 INFO:teuthology.orchestra.run.smithi001.stdout:/usr/bin/ceph: stdout }
2024-09-16T00:18:53.475 INFO:teuthology.orchestra.run.smithi001.stdout:/usr/bin/ceph: stderr
2024-09-16T00:18:52.583+0000 7fc30db03640 1 Processor -- start
2024-09-16T00:18:53.475 INFO:teuthology.orchestra.run.smithi001.stdout:/usr/bin/ceph: stderr
2024-09-16T00:18:52.583+0000 7fc30db03640 1 -- start start
2024-09-16T00:18:53.475 INFO:teuthology.orchestra.run.smithi001.stdout:/usr/bin/ceph: stderr
2024-09-16T00:18:52.584+0000 7fc30db03640 1 --2- >> [v2:172.21.15.1:3300/0,v1:172.21.15.1:6789/0] conn(0x7fc3081080c0 0x7fc30810a4b0 unknown :-1 s=NONE pgs=0 cs=0 l=0 rev1=0 crypto rx=0 tx=0 comp rx=0 tx=0).connect
2024-09-16T00:18:53.475 INFO:teuthology.orchestra.run.smithi001.stdout:/usr/bin/ceph: stderr
2024-09-16T00:18:52.584+0000 7fc30db03640 1 -- --> [v2:172.21.15.1:3300/0,v1:172.21.15.1:6789/0] -- mon_getmap magic: 0 -- 0x7fc3080757c0 con 0x7fc3081080c0
2024-09-16T00:18:53.475 INFO:teuthology.orchestra.run.smithi001.stdout:/usr/bin/ceph: stderr
2024-09-16T00:18:52.584+0000 7fc3077fe640 1 --2- >> [v2:172.21.15.1:3300/0,v1:172.21.15.1:6789/0] conn(0x7fc3081080c0 0x7fc30810a4b0 unknown :-1 s=BANNER_CONNECTING pgs=0 cs=0 l=0 rev1=0 crypto rx=0 tx=0 comp rx=0 tx=0)._handle_peer_banner_payload supported=3 required=0
2024-09-16T00:18:53.475 INFO:teuthology.orchestra.run.smithi001.stdout:/usr/bin/ceph: stderr
2024-09-16T00:18:52.584+0000 7fc3077fe640 1 --2- >> [v2:172.21.15.1:3300/0,v1:172.21.15.1:6789/0] conn(0x7fc3081080c0 0x7fc30810a4b0 unknown :-1 s=HELLO_CONNECTING pgs=0 cs=0 l=0 rev1=1 crypto rx=0 tx=0 comp rx=0 tx=0).handle_hello peer v2:172.21.15.1:3300/0 says I am v2:172.21.15.1:37250/0 (socket says 172.21.15.1:37250)
2024-09-16T00:18:53.475 INFO:teuthology.orchestra.run.smithi001.stdout:/usr/bin/ceph: stderr
2024-09-16T00:18:52.584+0000 7fc3077fe640 1 -- 172.21.15.1:0/3834203054 learned_addr learned my addr 172.21.15.1:0/3834203054 (peer_addr_for_me v2:172.21.15.1:0/0)
2024-09-16T00:18:53.475 INFO:teuthology.orchestra.run.smithi001.stdout:/usr/bin/ceph: stderr
2024-09-16T00:18:52.584+0000 7fc3077fe640 1 -- 172.21.15.1:0/3834203054 --> [v2:172.21.15.1:3300/0,v1:172.21.15.1:6789/0] -- mon_subscribe({config=0+,monmap=0+}) -- 0x7fc30810a9f0 con 0x7fc3081080c0
2024-09-16T00:18:53.475 INFO:teuthology.orchestra.run.smithi001.stdout:/usr/bin/ceph: stderr
2024-09-16T00:18:52.585+0000 7fc3077fe640 1 --2- 172.21.15.1:0/3834203054 >> [v2:172.21.15.1:3300/0,v1:172.21.15.1:6789/0] conn(0x7fc3081080c0 0x7fc30810a4b0 secure :-1 s=READY pgs=16 cs=0 l=1 rev1=1 crypto rx=0x7fc2f8009820 tx=0x7fc2f802a270 comp rx=0 tx=0).ready entity=mon.0 client_cookie=553b568e80734eb7 server_cookie=0 in_seq=0 out_seq=0
2024-09-16T00:18:53.475 INFO:teuthology.orchestra.run.smithi001.stdout:/usr/bin/ceph: stderr
2024-09-16T00:18:52.585+0000 7fc3067fc640 1 -- 172.21.15.1:0/3834203054 <== mon.0 v2:172.21.15.1:3300/0 1 ==== mon_map magic: 0 ==== 205+0+0 (secure 0 0 0) 0x7fc2f8037070 con 0x7fc3081080c0
2024-09-16T00:18:53.475 INFO:teuthology.orchestra.run.smithi001.stdout:/usr/bin/ceph: stderr
2024-09-16T00:18:52.585+0000 7fc3067fc640 1 -- 172.21.15.1:0/3834203054 <== mon.0 v2:172.21.15.1:3300/0 2 ==== config(27 keys) ==== 1109+0+0 (secure 0 0 0) 0x7fc2f8032900 con 0x7fc3081080c0
2024-09-16T00:18:53.475 INFO:teuthology.orchestra.run.smithi001.stdout:/usr/bin/ceph: stderr
2024-09-16T00:18:52.585+0000 7fc3067fc640 1 -- 172.21.15.1:0/3834203054 <== mon.0 v2:172.21.15.1:3300/0 3 ==== mon_map magic: 0 ==== 205+0+0 (secure 0 0 0) 0x7fc2f8030850 con 0x7fc3081080c0
2024-09-16T00:18:53.475 INFO:teuthology.orchestra.run.smithi001.stdout:/usr/bin/ceph: stderr
2024-09-16T00:18:52.586+0000 7fc30db03640 1 -- 172.21.15.1:0/3834203054 >> [v2:172.21.15.1:3300/0,v1:172.21.15.1:6789/0] conn(0x7fc3081080c0 msgr2=0x7fc30810a4b0 secure :-1 s=STATE_CONNECTION_ESTABLISHED l=1).mark_down
2024-09-16T00:18:53.476 INFO:teuthology.orchestra.run.smithi001.stdout:/usr/bin/ceph: stderr
2024-09-16T00:18:52.586+0000 7fc30db03640 1 --2- 172.21.15.1:0/3834203054 >> [v2:172.21.15.1:3300/0,v1:172.21.15.1:6789/0] conn(0x7fc3081080c0 0x7fc30810a4b0 secure :-1 s=READY pgs=16 cs=0 l=1 rev1=1 crypto rx=0x7fc2f8009820 tx=0x7fc2f802a270 comp rx=0 tx=0).stop
2024-09-16T00:18:53.476 INFO:teuthology.orchestra.run.smithi001.stdout:/usr/bin/ceph: stderr
2024-09-16T00:18:52.586+0000 7fc30db03640 1 -- 172.21.15.1:0/3834203054 shutdown_connections
2024-09-16T00:18:53.476 INFO:teuthology.orchestra.run.smithi001.stdout:/usr/bin/ceph: stderr
2024-09-16T00:18:52.586+0000 7fc30db03640 1 --2- 172.21.15.1:0/3834203054 >> [v2:172.21.15.1:3300/0,v1:172.21.15.1:6789/0] conn(0x7fc3081080c0 0x7fc30810a4b0 unknown :-1 s=CLOSED pgs=16 cs=0 l=1 rev1=1 crypto rx=0 tx=0 comp rx=0 tx=0).stop
2024-09-16T00:18:53.476 INFO:teuthology.orchestra.run.smithi001.stdout:/usr/bin/ceph: stderr
2024-09-16T00:18:52.586+0000 7fc30db03640 1 -- 172.21.15.1:0/3834203054 >> 172.21.15.1:0/3834203054 conn(0x7fc308101ca0 msgr2=0x7fc3081040c0 unknown :-1 s=STATE_NONE l=0).mark_down
2024-09-16T00:18:53.476 INFO:teuthology.orchestra.run.smithi001.stdout:/usr/bin/ceph: stderr
2024-09-16T00:18:52.586+0000 7fc30db03640 1 -- 172.21.15.1:0/3834203054 shutdown_connections
2024-09-16T00:18:53.476 INFO:teuthology.orchestra.run.smithi001.stdout:/usr/bin/ceph: stderr
2024-09-16T00:18:52.586+0000 7fc30db03640 1 -- 172.21.15.1:0/3834203054 wait complete.
2024-09-16T00:18:53.476 INFO:teuthology.orchestra.run.smithi001.stdout:/usr/bin/ceph: stderr
2024-09-16T00:18:52.586+0000 7fc30db03640 1 Processor -- start
2024-09-16T00:18:53.476 INFO:teuthology.orchestra.run.smithi001.stdout:/usr/bin/ceph: stderr
2024-09-16T00:18:52.587+0000 7fc30db03640 1 -- start start
2024-09-16T00:18:53.477 INFO:teuthology.orchestra.run.smithi001.stdout:/usr/bin/ceph: stderr
2024-09-16T00:18:52.587+0000 7fc30db03640 1 --2- >> [v2:172.21.15.1:3300/0,v1:172.21.15.1:6789/0] conn(0x7fc3081080c0 0x7fc30819b590 unknown :-1 s=NONE pgs=0 cs=0 l=1 rev1=0 crypto rx=0 tx=0 comp rx=0 tx=0).connect
2024-09-16T00:18:53.477 INFO:teuthology.orchestra.run.smithi001.stdout:/usr/bin/ceph: stderr
2024-09-16T00:18:52.587+0000 7fc30db03640 1 -- --> [v2:172.21.15.1:3300/0,v1:172.21.15.1:6789/0] -- mon_getmap magic: 0 -- 0x7fc30810b9d0 con 0x7fc3081080c0
2024-09-16T00:18:53.477 INFO:teuthology.orchestra.run.smithi001.stdout:/usr/bin/ceph: stderr
2024-09-16T00:18:52.587+0000 7fc3077fe640 1 --2- >> [v2:172.21.15.1:3300/0,v1:172.21.15.1:6789/0] conn(0x7fc3081080c0 0x7fc30819b590 unknown :-1 s=BANNER_CONNECTING pgs=0 cs=0 l=1 rev1=0 crypto rx=0 tx=0 comp rx=0 tx=0)._handle_peer_banner_payload supported=3 required=0
2024-09-16T00:18:53.477 INFO:teuthology.orchestra.run.smithi001.stdout:/usr/bin/ceph: stderr
2024-09-16T00:18:52.587+0000 7fc3077fe640 1 --2- >> [v2:172.21.15.1:3300/0,v1:172.21.15.1:6789/0] conn(0x7fc3081080c0 0x7fc30819b590 unknown :-1 s=HELLO_CONNECTING pgs=0 cs=0 l=1 rev1=1 crypto rx=0 tx=0 comp rx=0 tx=0).handle_hello peer v2:172.21.15.1:3300/0 says I am v2:172.21.15.1:37260/0 (socket says 172.21.15.1:37260)
2024-09-16T00:18:53.477 INFO:teuthology.orchestra.run.smithi001.stdout:/usr/bin/ceph: stderr
2024-09-16T00:18:52.587+0000 7fc3077fe640 1 -- 172.21.15.1:0/3580267222 learned_addr learned my addr 172.21.15.1:0/3580267222 (peer_addr_for_me v2:172.21.15.1:0/0)
2024-09-16T00:18:53.477 INFO:teuthology.orchestra.run.smithi001.stdout:/usr/bin/ceph: stderr
2024-09-16T00:18:52.587+0000 7fc3077fe640 1 -- 172.21.15.1:0/3580267222 --> [v2:172.21.15.1:3300/0,v1:172.21.15.1:6789/0] -- mon_subscribe({config=0+,monmap=0+}) -- 0x7fc30819bad0 con 0x7fc3081080c0
2024-09-16T00:18:53.477 INFO:teuthology.orchestra.run.smithi001.stdout:/usr/bin/ceph: stderr
2024-09-16T00:18:52.587+0000 7fc3077fe640 1 --2- 172.21.15.1:0/3580267222 >> [v2:172.21.15.1:3300/0,v1:172.21.15.1:6789/0] conn(0x7fc3081080c0 0x7fc30819b590 secure :-1 s=READY pgs=17 cs=0 l=1 rev1=1 crypto rx=0x7fc2f8032ce0 tx=0x7fc2f8032d10 comp rx=0 tx=0).ready entity=mon.0 client_cookie=0 server_cookie=0 in_seq=0 out_seq=0
2024-09-16T00:18:53.477 INFO:teuthology.orchestra.run.smithi001.stdout:/usr/bin/ceph: stderr
2024-09-16T00:18:52.587+0000 7fc304ff9640 1 -- 172.21.15.1:0/3580267222 <== mon.0 v2:172.21.15.1:3300/0 1 ==== mon_map magic: 0 ==== 205+0+0 (secure 0 0 0) 0x7fc2f8042070 con 0x7fc3081080c0
2024-09-16T00:18:53.477 INFO:teuthology.orchestra.run.smithi001.stdout:/usr/bin/ceph: stderr
2024-09-16T00:18:52.588+0000 7fc304ff9640 1 -- 172.21.15.1:0/3580267222 <== mon.0 v2:172.21.15.1:3300/0 2 ==== config(27 keys) ==== 1109+0+0 (secure 0 0 0) 0x7fc2f80308c0 con 0x7fc3081080c0
2024-09-16T00:18:53.477 INFO:teuthology.orchestra.run.smithi001.stdout:/usr/bin/ceph: stderr
2024-09-16T00:18:52.588+0000 7fc30db03640 1 -- 172.21.15.1:0/3580267222 --> [v2:172.21.15.1:3300/0,v1:172.21.15.1:6789/0] -- mon_subscribe({mgrmap=0+}) -- 0x7fc30819bd60 con 0x7fc3081080c0
2024-09-16T00:18:53.477 INFO:teuthology.orchestra.run.smithi001.stdout:/usr/bin/ceph: stderr
2024-09-16T00:18:52.588+0000 7fc304ff9640 1 -- 172.21.15.1:0/3580267222 <== mon.0 v2:172.21.15.1:3300/0 3 ==== mon_map magic: 0 ==== 205+0+0 (secure 0 0 0) 0x7fc2f8037040 con 0x7fc3081080c0
2024-09-16T00:18:53.477 INFO:teuthology.orchestra.run.smithi001.stdout:/usr/bin/ceph: stderr
2024-09-16T00:18:52.588+0000 7fc30db03640 1 -- 172.21.15.1:0/3580267222 --> [v2:172.21.15.1:3300/0,v1:172.21.15.1:6789/0] -- mon_subscribe({osdmap=0}) -- 0x7fc30819ea50 con 0x7fc3081080c0
2024-09-16T00:18:53.478 INFO:teuthology.orchestra.run.smithi001.stdout:/usr/bin/ceph: stderr
2024-09-16T00:18:52.588+0000 7fc304ff9640 1 -- 172.21.15.1:0/3580267222 <== mon.0 v2:172.21.15.1:3300/0 4 ==== mgrmap(e 4) ==== 46450+0+0 (secure 0 0 0) 0x7fc2f8045070 con 0x7fc3081080c0
2024-09-16T00:18:53.478 INFO:teuthology.orchestra.run.smithi001.stdout:/usr/bin/ceph: stderr
2024-09-16T00:18:52.589+0000 7fc304ff9640 1 --2- 172.21.15.1:0/3580267222 >> [v2:172.21.15.1:6800/786826717,v1:172.21.15.1:6801/786826717] conn(0x7fc2f0039160 0x7fc2f003b620 unknown :-1 s=NONE pgs=0 cs=0 l=1 rev1=0 crypto rx=0 tx=0 comp rx=0 tx=0).connect
2024-09-16T00:18:53.478 INFO:teuthology.orchestra.run.smithi001.stdout:/usr/bin/ceph: stderr
2024-09-16T00:18:52.589+0000 7fc304ff9640 1 -- 172.21.15.1:0/3580267222 <== mon.0 v2:172.21.15.1:3300/0 5 ==== osd_map(1..1 src has 1..1) ==== 725+0+0 (secure 0 0 0) 0x7fc2f806c230 con 0x7fc3081080c0
2024-09-16T00:18:53.478 INFO:teuthology.orchestra.run.smithi001.stdout:/usr/bin/ceph: stderr
2024-09-16T00:18:52.589+0000 7fc30db03640 1 -- 172.21.15.1:0/3580267222 --> [v2:172.21.15.1:3300/0,v1:172.21.15.1:6789/0] -- mon_command({"prefix": "get_command_descriptions"} v 0) -- 0x7fc308108520 con 0x7fc3081080c0
2024-09-16T00:18:53.478 INFO:teuthology.orchestra.run.smithi001.stdout:/usr/bin/ceph: stderr
2024-09-16T00:18:52.589+0000 7fc306ffd640 1 --2- 172.21.15.1:0/3580267222 >> [v2:172.21.15.1:6800/786826717,v1:172.21.15.1:6801/786826717] conn(0x7fc2f0039160 0x7fc2f003b620 unknown :-1 s=BANNER_CONNECTING pgs=0 cs=0 l=1 rev1=0 crypto rx=0 tx=0 comp rx=0 tx=0)._handle_peer_banner_payload supported=3 required=0
2024-09-16T00:18:53.478 INFO:teuthology.orchestra.run.smithi001.stdout:/usr/bin/ceph: stderr
2024-09-16T00:18:52.589+0000 7fc306ffd640 1 --2- 172.21.15.1:0/3580267222 >> [v2:172.21.15.1:6800/786826717,v1:172.21.15.1:6801/786826717] conn(0x7fc2f0039160 0x7fc2f003b620 secure :-1 s=READY pgs=6 cs=0 l=1 rev1=1 crypto rx=0x7fc2fc0098c0 tx=0x7fc2fc006db0 comp rx=0 tx=0).ready entity=mgr.14100 client_cookie=0 server_cookie=0 in_seq=0 out_seq=0
2024-09-16T00:18:53.478 INFO:teuthology.orchestra.run.smithi001.stdout:/usr/bin/ceph: stderr
2024-09-16T00:18:52.594+0000 7fc304ff9640 1 -- 172.21.15.1:0/3580267222 <== mon.0 v2:172.21.15.1:3300/0 6 ==== mon_command_ack([{"prefix": "get_command_descriptions"}]=0 v0) ==== 72+0+188821 (secure 0 0 0) 0x7fc2f804b170 con 0x7fc3081080c0
2024-09-16T00:18:53.478 INFO:teuthology.orchestra.run.smithi001.stdout:/usr/bin/ceph: stderr
2024-09-16T00:18:52.836+0000 7fc30db03640 1 -- 172.21.15.1:0/3580267222 --> [v2:172.21.15.1:3300/0,v1:172.21.15.1:6789/0] -- mon_command({"prefix": "status", "format": "json-pretty"} v 0) -- 0x7fc30819ef60 con 0x7fc3081080c0
2024-09-16T00:18:53.478 INFO:teuthology.orchestra.run.smithi001.stdout:/usr/bin/ceph: stderr
2024-09-16T00:18:52.837+0000 7fc304ff9640 1 -- 172.21.15.1:0/3580267222 <== mon.0 v2:172.21.15.1:3300/0 7 ==== mon_command_ack([{"prefix": "status", "format": "json-pretty"}]=0 v0) ==== 79+0+1291 (secure 0 0 0) 0x7fc2f803cd50 con 0x7fc3081080c0
2024-09-16T00:18:53.478 INFO:teuthology.orchestra.run.smithi001.stdout:/usr/bin/ceph: stderr
2024-09-16T00:18:52.839+0000 7fc30db03640 1 -- 172.21.15.1:0/3580267222 >> [v2:172.21.15.1:6800/786826717,v1:172.21.15.1:6801/786826717] conn(0x7fc2f0039160 msgr2=0x7fc2f003b620 secure :-1 s=STATE_CONNECTION_ESTABLISHED l=1).mark_down
2024-09-16T00:18:53.478 INFO:teuthology.orchestra.run.smithi001.stdout:/usr/bin/ceph: stderr
2024-09-16T00:18:52.839+0000 7fc30db03640 1 --2- 172.21.15.1:0/3580267222 >> [v2:172.21.15.1:6800/786826717,v1:172.21.15.1:6801/786826717] conn(0x7fc2f0039160 0x7fc2f003b620 secure :-1 s=READY pgs=6 cs=0 l=1 rev1=1 crypto rx=0x7fc2fc0098c0 tx=0x7fc2fc006db0 comp rx=0 tx=0).stop
2024-09-16T00:18:53.478 INFO:teuthology.orchestra.run.smithi001.stdout:/usr/bin/ceph: stderr
2024-09-16T00:18:52.839+0000 7fc30db03640 1 -- 172.21.15.1:0/3580267222 >> [v2:172.21.15.1:3300/0,v1:172.21.15.1:6789/0] conn(0x7fc3081080c0 msgr2=0x7fc30819b590 secure :-1 s=STATE_CONNECTION_ESTABLISHED l=1).mark_down
2024-09-16T00:18:53.478 INFO:teuthology.orchestra.run.smithi001.stdout:/usr/bin/ceph: stderr
2024-09-16T00:18:52.839+0000 7fc30db03640 1 --2- 172.21.15.1:0/3580267222 >> [v2:172.21.15.1:3300/0,v1:172.21.15.1:6789/0] conn(0x7fc3081080c0 0x7fc30819b590 secure :-1 s=READY pgs=17 cs=0 l=1 rev1=1 crypto rx=0x7fc2f8032ce0 tx=0x7fc2f8032d10 comp rx=0 tx=0).stop
2024-09-16T00:18:53.479 INFO:teuthology.orchestra.run.smithi001.stdout:/usr/bin/ceph: stderr
2024-09-16T00:18:52.839+0000 7fc30db03640 1 -- 172.21.15.1:0/3580267222 shutdown_connections
2024-09-16T00:18:53.479 INFO:teuthology.orchestra.run.smithi001.stdout:/usr/bin/ceph: stderr
2024-09-16T00:18:52.839+0000 7fc30db03640 1 --2- 172.21.15.1:0/3580267222 >> [v2:172.21.15.1:6800/786826717,v1:172.21.15.1:6801/786826717] conn(0x7fc2f0039160 0x7fc2f003b620 unknown :-1 s=CLOSED pgs=6 cs=0 l=1 rev1=1 crypto rx=0 tx=0 comp rx=0 tx=0).stop
2024-09-16T00:18:53.479 INFO:teuthology.orchestra.run.smithi001.stdout:/usr/bin/ceph: stderr
2024-09-16T00:18:52.839+0000 7fc30db03640 1 --2- 172.21.15.1:0/3580267222 >> [v2:172.21.15.1:3300/0,v1:172.21.15.1:6789/0] conn(0x7fc3081080c0 0x7fc30819b590 unknown :-1 s=CLOSED pgs=17 cs=0 l=1 rev1=1 crypto rx=0 tx=0 comp rx=0 tx=0).stop
2024-09-16T00:18:53.479 INFO:teuthology.orchestra.run.smithi001.stdout:/usr/bin/ceph: stderr
2024-09-16T00:18:52.839+0000 7fc30db03640 1 -- 172.21.15.1:0/3580267222 >> 172.21.15.1:0/3580267222 conn(0x7fc308101ca0 msgr2=0x7fc3081028a0 unknown :-1 s=STATE_NONE l=0).mark_down
2024-09-16T00:18:53.479 INFO:teuthology.orchestra.run.smithi001.stdout:/usr/bin/ceph: stderr
2024-09-16T00:18:52.839+0000 7fc30db03640 1 -- 172.21.15.1:0/3580267222 shutdown_connections
2024-09-16T00:18:53.479 INFO:teuthology.orchestra.run.smithi001.stdout:/usr/bin/ceph: stderr
2024-09-16T00:18:52.839+0000 7fc30db03640 1 -- 172.21.15.1:0/3580267222 wait complete.
2024-09-16T00:18:53.479 INFO:teuthology.orchestra.run.smithi001.stdout:mgr is available
2024-09-16T00:18:53.575 INFO:journalctl@ceph.mon.a.smithi001.stdout:Sep 16 00:18:53 smithi001 ceph-mon[30934]: from='client.? 172.21.15.1:0/3580267222' entity='client.admin' cmd=[{"prefix": "status", "format": "json-pretty"}]: dispatch
2024-09-16T00:18:54.673 INFO:journalctl@ceph.mon.a.smithi001.stdout:Sep 16 00:18:54 smithi001 ceph-mon[30934]: from='client.? 172.21.15.1:0/440907375' entity='client.admin' cmd=[{"prefix": "config assimilate-conf"}]: dispatch
2024-09-16T00:18:54.682 INFO:teuthology.orchestra.run.smithi001.stdout:/usr/bin/ceph: stdout
2024-09-16T00:18:54.682 INFO:teuthology.orchestra.run.smithi001.stdout:/usr/bin/ceph: stdout [global]
2024-09-16T00:18:54.682 INFO:teuthology.orchestra.run.smithi001.stdout:/usr/bin/ceph: stdout fsid = 1226ed86-73c1-11ef-bceb-c7b262605968
2024-09-16T00:18:54.682 INFO:teuthology.orchestra.run.smithi001.stdout:/usr/bin/ceph: stdout mon_host = [v2:172.21.15.1:3300,v1:172.21.15.1:6789]
2024-09-16T00:18:54.682 INFO:teuthology.orchestra.run.smithi001.stdout:/usr/bin/ceph: stdout mon_osd_allow_pg_remap = true
2024-09-16T00:18:54.682 INFO:teuthology.orchestra.run.smithi001.stdout:/usr/bin/ceph: stdout mon_osd_allow_primary_affinity = true
2024-09-16T00:18:54.682 INFO:teuthology.orchestra.run.smithi001.stdout:/usr/bin/ceph: stdout mon_warn_on_no_sortbitwise = false
2024-09-16T00:18:54.682 INFO:teuthology.orchestra.run.smithi001.stdout:/usr/bin/ceph: stdout osd_crush_chooseleaf_type = 0
2024-09-16T00:18:54.682 INFO:teuthology.orchestra.run.smithi001.stdout:/usr/bin/ceph: stdout
2024-09-16T00:18:54.682 INFO:teuthology.orchestra.run.smithi001.stdout:/usr/bin/ceph: stdout [mgr]
2024-09-16T00:18:54.683 INFO:teuthology.orchestra.run.smithi001.stdout:/usr/bin/ceph: stdout mgr/telemetry/nag = false
2024-09-16T00:18:54.683 INFO:teuthology.orchestra.run.smithi001.stdout:/usr/bin/ceph: stdout
2024-09-16T00:18:54.683 INFO:teuthology.orchestra.run.smithi001.stdout:/usr/bin/ceph: stdout [osd]
2024-09-16T00:18:54.683 INFO:teuthology.orchestra.run.smithi001.stdout:/usr/bin/ceph: stdout mon_osd_backfillfull_ratio = 0.85
2024-09-16T00:18:54.683 INFO:teuthology.orchestra.run.smithi001.stdout:/usr/bin/ceph: stdout mon_osd_full_ratio = 0.9
2024-09-16T00:18:54.683 INFO:teuthology.orchestra.run.smithi001.stdout:/usr/bin/ceph: stdout mon_osd_nearfull_ratio = 0.8
2024-09-16T00:18:54.683 INFO:teuthology.orchestra.run.smithi001.stdout:/usr/bin/ceph: stdout osd_map_max_advance = 10
2024-09-16T00:18:54.683 INFO:teuthology.orchestra.run.smithi001.stdout:/usr/bin/ceph: stdout osd_sloppy_crc = true
2024-09-16T00:18:54.683 INFO:teuthology.orchestra.run.smithi001.stdout:/usr/bin/ceph: stderr
2024-09-16T00:18:53.865+0000 7f60a8bb7640 1 Processor -- start
2024-09-16T00:18:54.683 INFO:teuthology.orchestra.run.smithi001.stdout:/usr/bin/ceph: stderr
2024-09-16T00:18:53.865+0000 7f60a8bb7640 1 -- start start
2024-09-16T00:18:54.683 INFO:teuthology.orchestra.run.smithi001.stdout:/usr/bin/ceph: stderr
2024-09-16T00:18:53.865+0000 7f60a8bb7640 1 --2- >> [v2:172.21.15.1:3300/0,v1:172.21.15.1:6789/0] conn(0x7f60a4108100 0x7f60a410a4f0 unknown :-1 s=NONE pgs=0 cs=0 l=0 rev1=0 crypto rx=0 tx=0 comp rx=0 tx=0).connect
2024-09-16T00:18:54.683 INFO:teuthology.orchestra.run.smithi001.stdout:/usr/bin/ceph: stderr
2024-09-16T00:18:53.865+0000 7f60a8bb7640 1 -- --> [v2:172.21.15.1:3300/0,v1:172.21.15.1:6789/0] -- mon_getmap magic: 0 -- 0x7f60a407bdb0 con 0x7f60a4108100
2024-09-16T00:18:54.683 INFO:teuthology.orchestra.run.smithi001.stdout:/usr/bin/ceph: stderr
2024-09-16T00:18:53.865+0000 7f60a259c640 1 --2- >> [v2:172.21.15.1:3300/0,v1:172.21.15.1:6789/0] conn(0x7f60a4108100 0x7f60a410a4f0 unknown :-1 s=BANNER_CONNECTING pgs=0 cs=0 l=0 rev1=0 crypto rx=0 tx=0 comp rx=0 tx=0)._handle_peer_banner_payload supported=3 required=0
2024-09-16T00:18:54.683 INFO:teuthology.orchestra.run.smithi001.stdout:/usr/bin/ceph: stderr
2024-09-16T00:18:53.865+0000 7f60a259c640 1 --2- >> [v2:172.21.15.1:3300/0,v1:172.21.15.1:6789/0] conn(0x7f60a4108100 0x7f60a410a4f0 unknown :-1 s=HELLO_CONNECTING pgs=0 cs=0 l=0 rev1=1 crypto rx=0 tx=0 comp rx=0 tx=0).handle_hello peer v2:172.21.15.1:3300/0 says I am v2:172.21.15.1:37272/0 (socket says 172.21.15.1:37272)
2024-09-16T00:18:54.684 INFO:teuthology.orchestra.run.smithi001.stdout:/usr/bin/ceph: stderr
2024-09-16T00:18:53.865+0000 7f60a259c640 1 -- 172.21.15.1:0/4192135912 learned_addr learned my addr 172.21.15.1:0/4192135912 (peer_addr_for_me v2:172.21.15.1:0/0)
2024-09-16T00:18:54.684 INFO:teuthology.orchestra.run.smithi001.stdout:/usr/bin/ceph: stderr
2024-09-16T00:18:53.866+0000 7f60a259c640 1 -- 172.21.15.1:0/4192135912 --> [v2:172.21.15.1:3300/0,v1:172.21.15.1:6789/0] -- mon_subscribe({config=0+,monmap=0+}) -- 0x7f60a410aa30 con 0x7f60a4108100
2024-09-16T00:18:54.684 INFO:teuthology.orchestra.run.smithi001.stdout:/usr/bin/ceph: stderr
2024-09-16T00:18:53.866+0000 7f60a259c640 1 --2- 172.21.15.1:0/4192135912 >> [v2:172.21.15.1:3300/0,v1:172.21.15.1:6789/0] conn(0x7f60a4108100 0x7f60a410a4f0 secure :-1 s=READY pgs=18 cs=0 l=1 rev1=1 crypto rx=0x7f6094009820 tx=0x7f609402a270 comp rx=0 tx=0).ready entity=mon.0 client_cookie=386600c27fe07cdf server_cookie=0 in_seq=0 out_seq=0
2024-09-16T00:18:54.684 INFO:teuthology.orchestra.run.smithi001.stdout:/usr/bin/ceph: stderr
2024-09-16T00:18:53.866+0000 7f60a1d9b640 1 -- 172.21.15.1:0/4192135912 <== mon.0 v2:172.21.15.1:3300/0 1 ==== mon_map magic: 0 ==== 205+0+0 (secure 0 0 0) 0x7f6094037070 con 0x7f60a4108100
2024-09-16T00:18:54.684 INFO:teuthology.orchestra.run.smithi001.stdout:/usr/bin/ceph: stderr
2024-09-16T00:18:53.867+0000 7f60a1d9b640 1 -- 172.21.15.1:0/4192135912 <== mon.0 v2:172.21.15.1:3300/0 2 ==== config(27 keys) ==== 1109+0+0 (secure 0 0 0) 0x7f6094032900 con 0x7f60a4108100
2024-09-16T00:18:54.684 INFO:teuthology.orchestra.run.smithi001.stdout:/usr/bin/ceph: stderr
2024-09-16T00:18:53.867+0000 7f60a1d9b640 1 -- 172.21.15.1:0/4192135912 <== mon.0 v2:172.21.15.1:3300/0 3 ==== mon_map magic: 0 ==== 205+0+0 (secure 0 0 0) 0x7f6094030850 con 0x7f60a4108100
2024-09-16T00:18:54.684 INFO:teuthology.orchestra.run.smithi001.stdout:/usr/bin/ceph: stderr
2024-09-16T00:18:53.867+0000 7f60a8bb7640 1 -- 172.21.15.1:0/4192135912 >> [v2:172.21.15.1:3300/0,v1:172.21.15.1:6789/0] conn(0x7f60a4108100 msgr2=0x7f60a410a4f0 secure :-1 s=STATE_CONNECTION_ESTABLISHED l=1).mark_down
2024-09-16T00:18:54.684 INFO:teuthology.orchestra.run.smithi001.stdout:/usr/bin/ceph: stderr
2024-09-16T00:18:53.867+0000 7f60a8bb7640 1 --2- 172.21.15.1:0/4192135912 >> [v2:172.21.15.1:3300/0,v1:172.21.15.1:6789/0] conn(0x7f60a4108100 0x7f60a410a4f0 secure :-1 s=READY pgs=18 cs=0 l=1 rev1=1 crypto rx=0x7f6094009820 tx=0x7f609402a270 comp rx=0 tx=0).stop
2024-09-16T00:18:54.684 INFO:teuthology.orchestra.run.smithi001.stdout:/usr/bin/ceph: stderr
2024-09-16T00:18:53.867+0000 7f60a8bb7640 1 -- 172.21.15.1:0/4192135912 shutdown_connections
2024-09-16T00:18:54.684 INFO:teuthology.orchestra.run.smithi001.stdout:/usr/bin/ceph: stderr
2024-09-16T00:18:53.867+0000 7f60a8bb7640 1 --2- 172.21.15.1:0/4192135912 >> [v2:172.21.15.1:3300/0,v1:172.21.15.1:6789/0] conn(0x7f60a4108100 0x7f60a410a4f0 unknown :-1 s=CLOSED pgs=18 cs=0 l=1 rev1=1 crypto rx=0 tx=0 comp rx=0 tx=0).stop
2024-09-16T00:18:54.684 INFO:teuthology.orchestra.run.smithi001.stdout:/usr/bin/ceph: stderr
2024-09-16T00:18:53.867+0000 7f60a8bb7640 1 -- 172.21.15.1:0/4192135912 >> 172.21.15.1:0/4192135912 conn(0x7f60a4101d20 msgr2=0x7f60a4104140 unknown :-1 s=STATE_NONE l=0).mark_down
2024-09-16T00:18:54.684 INFO:teuthology.orchestra.run.smithi001.stdout:/usr/bin/ceph: stderr
2024-09-16T00:18:53.867+0000 7f60a8bb7640 1 -- 172.21.15.1:0/4192135912 shutdown_connections
2024-09-16T00:18:54.685 INFO:teuthology.orchestra.run.smithi001.stdout:/usr/bin/ceph: stderr
2024-09-16T00:18:53.867+0000 7f60a8bb7640 1 -- 172.21.15.1:0/4192135912 wait complete.
2024-09-16T00:18:54.685 INFO:teuthology.orchestra.run.smithi001.stdout:/usr/bin/ceph: stderr
2024-09-16T00:18:53.868+0000 7f60a8bb7640 1 Processor -- start
2024-09-16T00:18:54.685 INFO:teuthology.orchestra.run.smithi001.stdout:/usr/bin/ceph: stderr
2024-09-16T00:18:53.868+0000 7f60a8bb7640 1 -- start start
2024-09-16T00:18:54.685 INFO:teuthology.orchestra.run.smithi001.stdout:/usr/bin/ceph: stderr
2024-09-16T00:18:53.868+0000 7f60a8bb7640 1 --2- >> [v2:172.21.15.1:3300/0,v1:172.21.15.1:6789/0] conn(0x7f60a4108100 0x7f60a419b8e0 unknown :-1 s=NONE pgs=0 cs=0 l=1 rev1=0 crypto rx=0 tx=0 comp rx=0 tx=0).connect
2024-09-16T00:18:54.685 INFO:teuthology.orchestra.run.smithi001.stdout:/usr/bin/ceph: stderr
2024-09-16T00:18:53.868+0000 7f60a8bb7640 1 -- --> [v2:172.21.15.1:3300/0,v1:172.21.15.1:6789/0] -- mon_getmap magic: 0 -- 0x7f60a410ba10 con 0x7f60a4108100
2024-09-16T00:18:54.685 INFO:teuthology.orchestra.run.smithi001.stdout:/usr/bin/ceph: stderr
2024-09-16T00:18:53.868+0000 7f60a259c640 1 --2- >> [v2:172.21.15.1:3300/0,v1:172.21.15.1:6789/0] conn(0x7f60a4108100 0x7f60a419b8e0 unknown :-1 s=BANNER_CONNECTING pgs=0 cs=0 l=1 rev1=0 crypto rx=0 tx=0 comp rx=0 tx=0)._handle_peer_banner_payload supported=3 required=0
2024-09-16T00:18:54.685 INFO:teuthology.orchestra.run.smithi001.stdout:/usr/bin/ceph: stderr
2024-09-16T00:18:53.868+0000 7f60a259c640 1 --2- >> [v2:172.21.15.1:3300/0,v1:172.21.15.1:6789/0] conn(0x7f60a4108100 0x7f60a419b8e0 unknown :-1 s=HELLO_CONNECTING pgs=0 cs=0 l=1 rev1=1 crypto rx=0 tx=0 comp rx=0 tx=0).handle_hello peer v2:172.21.15.1:3300/0 says I am v2:172.21.15.1:37274/0 (socket says 172.21.15.1:37274)
2024-09-16T00:18:54.685 INFO:teuthology.orchestra.run.smithi001.stdout:/usr/bin/ceph: stderr
2024-09-16T00:18:53.868+0000 7f60a259c640 1 -- 172.21.15.1:0/440907375 learned_addr learned my addr 172.21.15.1:0/440907375 (peer_addr_for_me v2:172.21.15.1:0/0)
2024-09-16T00:18:54.685 INFO:teuthology.orchestra.run.smithi001.stdout:/usr/bin/ceph: stderr
2024-09-16T00:18:53.868+0000 7f60a259c640 1 -- 172.21.15.1:0/440907375 --> [v2:172.21.15.1:3300/0,v1:172.21.15.1:6789/0] -- mon_subscribe({config=0+,monmap=0+}) -- 0x7f60a419be20 con 0x7f60a4108100
2024-09-16T00:18:54.685 INFO:teuthology.orchestra.run.smithi001.stdout:/usr/bin/ceph: stderr
2024-09-16T00:18:53.869+0000 7f60a259c640 1 --2- 172.21.15.1:0/440907375 >> [v2:172.21.15.1:3300/0,v1:172.21.15.1:6789/0] conn(0x7f60a4108100 0x7f60a419b8e0 secure :-1 s=READY pgs=19 cs=0 l=1 rev1=1 crypto rx=0x7f6094031000 tx=0x7f60940326e0 comp rx=0 tx=0).ready entity=mon.0 client_cookie=0 server_cookie=0 in_seq=0 out_seq=0
2024-09-16T00:18:54.685 INFO:teuthology.orchestra.run.smithi001.stdout:/usr/bin/ceph: stderr
2024-09-16T00:18:53.869+0000 7f609b7fe640 1 -- 172.21.15.1:0/440907375 <== mon.0 v2:172.21.15.1:3300/0 1 ==== mon_map magic: 0 ==== 205+0+0 (secure 0 0 0) 0x7f6094042070 con 0x7f60a4108100
2024-09-16T00:18:54.685 INFO:teuthology.orchestra.run.smithi001.stdout:/usr/bin/ceph: stderr
2024-09-16T00:18:53.869+0000 7f609b7fe640 1 -- 172.21.15.1:0/440907375 <== mon.0 v2:172.21.15.1:3300/0 2 ==== config(27 keys) ==== 1109+0+0 (secure 0 0 0) 0x7f6094032be0 con 0x7f60a4108100
2024-09-16T00:18:54.685 INFO:teuthology.orchestra.run.smithi001.stdout:/usr/bin/ceph: stderr
2024-09-16T00:18:53.869+0000 7f60a8bb7640 1 -- 172.21.15.1:0/440907375 --> [v2:172.21.15.1:3300/0,v1:172.21.15.1:6789/0] -- mon_subscribe({mgrmap=0+}) -- 0x7f60a419c0b0 con 0x7f60a4108100
2024-09-16T00:18:54.686 INFO:teuthology.orchestra.run.smithi001.stdout:/usr/bin/ceph: stderr
2024-09-16T00:18:53.869+0000 7f609b7fe640 1 -- 172.21.15.1:0/440907375 <== mon.0 v2:172.21.15.1:3300/0 3 ==== mon_map magic: 0 ==== 205+0+0 (secure 0 0 0) 0x7f6094037040 con 0x7f60a4108100
2024-09-16T00:18:54.686 INFO:teuthology.orchestra.run.smithi001.stdout:/usr/bin/ceph: stderr
2024-09-16T00:18:53.869+0000 7f60a8bb7640 1 -- 172.21.15.1:0/440907375 --> [v2:172.21.15.1:3300/0,v1:172.21.15.1:6789/0] -- mon_subscribe({osdmap=0}) -- 0x7f60a419eda0 con 0x7f60a4108100
2024-09-16T00:18:54.686 INFO:teuthology.orchestra.run.smithi001.stdout:/usr/bin/ceph: stderr
2024-09-16T00:18:53.870+0000 7f609b7fe640 1 -- 172.21.15.1:0/440907375 <== mon.0 v2:172.21.15.1:3300/0 4 ==== mgrmap(e 4) ==== 46450+0+0 (secure 0 0 0) 0x7f6094045070 con 0x7f60a4108100
2024-09-16T00:18:54.686 INFO:teuthology.orchestra.run.smithi001.stdout:/usr/bin/ceph: stderr
2024-09-16T00:18:53.870+0000 7f609b7fe640 1 --2- 172.21.15.1:0/440907375 >> [v2:172.21.15.1:6800/786826717,v1:172.21.15.1:6801/786826717] conn(0x7f6090039160 0x7f609003b620 unknown :-1 s=NONE pgs=0 cs=0 l=1 rev1=0 crypto rx=0 tx=0 comp rx=0 tx=0).connect
2024-09-16T00:18:54.686 INFO:teuthology.orchestra.run.smithi001.stdout:/usr/bin/ceph: stderr
2024-09-16T00:18:53.870+0000 7f60a8bb7640 1 -- 172.21.15.1:0/440907375 --> [v2:172.21.15.1:3300/0,v1:172.21.15.1:6789/0] -- mon_command({"prefix": "get_command_descriptions"} v 0) -- 0x7f60a4108560 con 0x7f60a4108100
2024-09-16T00:18:54.686 INFO:teuthology.orchestra.run.smithi001.stdout:/usr/bin/ceph: stderr
2024-09-16T00:18:53.870+0000 7f609b7fe640 1 -- 172.21.15.1:0/440907375 <== mon.0 v2:172.21.15.1:3300/0 5 ==== osd_map(1..1 src has 1..1) ==== 725+0+0 (secure 0 0 0) 0x7f609406c1b0 con 0x7f60a4108100
2024-09-16T00:18:54.686 INFO:teuthology.orchestra.run.smithi001.stdout:/usr/bin/ceph: stderr
2024-09-16T00:18:53.870+0000 7f609bfff640 1 --2- 172.21.15.1:0/440907375 >> [v2:172.21.15.1:6800/786826717,v1:172.21.15.1:6801/786826717] conn(0x7f6090039160 0x7f609003b620 unknown :-1 s=BANNER_CONNECTING pgs=0 cs=0 l=1 rev1=0 crypto rx=0 tx=0 comp rx=0 tx=0)._handle_peer_banner_payload supported=3 required=0
2024-09-16T00:18:54.686 INFO:teuthology.orchestra.run.smithi001.stdout:/usr/bin/ceph: stderr
2024-09-16T00:18:53.871+0000 7f609bfff640 1 --2- 172.21.15.1:0/440907375 >> [v2:172.21.15.1:6800/786826717,v1:172.21.15.1:6801/786826717] conn(0x7f6090039160 0x7f609003b620 secure :-1 s=READY pgs=7 cs=0 l=1 rev1=1 crypto rx=0x7f608c0098c0 tx=0x7f608c006db0 comp rx=0 tx=0).ready entity=mgr.14100 client_cookie=0 server_cookie=0 in_seq=0 out_seq=0
2024-09-16T00:18:54.686 INFO:teuthology.orchestra.run.smithi001.stdout:/usr/bin/ceph: stderr
2024-09-16T00:18:53.875+0000 7f609b7fe640 1 -- 172.21.15.1:0/440907375 <== mon.0 v2:172.21.15.1:3300/0 6 ==== mon_command_ack([{"prefix": "get_command_descriptions"}]=0 v0) ==== 72+0+188821 (secure 0 0 0) 0x7f6094042210 con 0x7f60a4108100
2024-09-16T00:18:54.686 INFO:teuthology.orchestra.run.smithi001.stdout:/usr/bin/ceph: stderr
2024-09-16T00:18:54.049+0000 7f60a8bb7640 1 -- 172.21.15.1:0/440907375 --> [v2:172.21.15.1:3300/0,v1:172.21.15.1:6789/0] -- mon_command({"prefix": "config assimilate-conf"} v 0) -- 0x7f60a4194540 con 0x7f60a4108100
2024-09-16T00:18:54.686 INFO:teuthology.orchestra.run.smithi001.stdout:/usr/bin/ceph: stderr
2024-09-16T00:18:54.050+0000 7f609b7fe640 1 -- 172.21.15.1:0/440907375 <== mon.0 v2:172.21.15.1:3300/0 7 ==== mon_command_ack([{"prefix": "config assimilate-conf"}]=0 v3) ==== 70+0+427 (secure 0 0 0) 0x7f6094032d90 con 0x7f60a4108100
2024-09-16T00:18:54.686 INFO:teuthology.orchestra.run.smithi001.stdout:/usr/bin/ceph: stderr
2024-09-16T00:18:54.053+0000 7f60a8bb7640 1 -- 172.21.15.1:0/440907375 >> [v2:172.21.15.1:6800/786826717,v1:172.21.15.1:6801/786826717] conn(0x7f6090039160 msgr2=0x7f609003b620 secure :-1 s=STATE_CONNECTION_ESTABLISHED l=1).mark_down
2024-09-16T00:18:54.686 INFO:teuthology.orchestra.run.smithi001.stdout:/usr/bin/ceph: stderr
2024-09-16T00:18:54.053+0000 7f60a8bb7640 1 --2- 172.21.15.1:0/440907375 >> [v2:172.21.15.1:6800/786826717,v1:172.21.15.1:6801/786826717] conn(0x7f6090039160 0x7f609003b620 secure :-1 s=READY pgs=7 cs=0 l=1 rev1=1 crypto rx=0x7f608c0098c0 tx=0x7f608c006db0 comp rx=0 tx=0).stop
2024-09-16T00:18:54.687 INFO:teuthology.orchestra.run.smithi001.stdout:/usr/bin/ceph: stderr
2024-09-16T00:18:54.053+0000 7f60a8bb7640 1 -- 172.21.15.1:0/440907375 >> [v2:172.21.15.1:3300/0,v1:172.21.15.1:6789/0] conn(0x7f60a4108100 msgr2=0x7f60a419b8e0 secure :-1 s=STATE_CONNECTION_ESTABLISHED l=1).mark_down
2024-09-16T00:18:54.687 INFO:teuthology.orchestra.run.smithi001.stdout:/usr/bin/ceph: stderr
2024-09-16T00:18:54.053+0000 7f60a8bb7640 1 --2- 172.21.15.1:0/440907375 >> [v2:172.21.15.1:3300/0,v1:172.21.15.1:6789/0] conn(0x7f60a4108100 0x7f60a419b8e0 secure :-1 s=READY pgs=19 cs=0 l=1 rev1=1 crypto rx=0x7f6094031000 tx=0x7f60940326e0 comp rx=0 tx=0).stop
2024-09-16T00:18:54.687 INFO:teuthology.orchestra.run.smithi001.stdout:/usr/bin/ceph: stderr
2024-09-16T00:18:54.053+0000 7f60a8bb7640 1 -- 172.21.15.1:0/440907375 shutdown_connections
2024-09-16T00:18:54.687 INFO:teuthology.orchestra.run.smithi001.stdout:/usr/bin/ceph: stderr
2024-09-16T00:18:54.053+0000 7f60a8bb7640 1 --2- 172.21.15.1:0/440907375 >> [v2:172.21.15.1:6800/786826717,v1:172.21.15.1:6801/786826717] conn(0x7f6090039160 0x7f609003b620 unknown :-1 s=CLOSED pgs=7 cs=0 l=1 rev1=1 crypto rx=0 tx=0 comp rx=0 tx=0).stop
2024-09-16T00:18:54.687 INFO:teuthology.orchestra.run.smithi001.stdout:/usr/bin/ceph: stderr
2024-09-16T00:18:54.053+0000 7f60a8bb7640 1 --2- 172.21.15.1:0/440907375 >> [v2:172.21.15.1:3300/0,v1:172.21.15.1:6789/0] conn(0x7f60a4108100 0x7f60a419b8e0 unknown :-1 s=CLOSED pgs=19 cs=0 l=1 rev1=1 crypto rx=0 tx=0 comp rx=0 tx=0).stop
2024-09-16T00:18:54.687 INFO:teuthology.orchestra.run.smithi001.stdout:/usr/bin/ceph: stderr
2024-09-16T00:18:54.053+0000 7f60a8bb7640 1 -- 172.21.15.1:0/440907375 >> 172.21.15.1:0/440907375 conn(0x7f60a4101d20 msgr2=0x7f60a4102a00 unknown :-1 s=STATE_NONE l=0).mark_down
2024-09-16T00:18:54.687 INFO:teuthology.orchestra.run.smithi001.stdout:/usr/bin/ceph: stderr
2024-09-16T00:18:54.053+0000 7f60a8bb7640 1 -- 172.21.15.1:0/440907375 shutdown_connections
2024-09-16T00:18:54.687 INFO:teuthology.orchestra.run.smithi001.stdout:/usr/bin/ceph: stderr
2024-09-16T00:18:54.053+0000 7f60a8bb7640 1 -- 172.21.15.1:0/440907375 wait complete.
2024-09-16T00:18:54.687 INFO:teuthology.orchestra.run.smithi001.stdout:Enabling cephadm module...
2024-09-16T00:18:55.505 INFO:journalctl@ceph.mon.a.smithi001.stdout:Sep 16 00:18:55 smithi001 ceph-mon[30934]: from='client.? 172.21.15.1:0/1528291704' entity='client.admin' cmd=[{"prefix": "mgr module enable", "module": "cephadm"}]: dispatch
2024-09-16T00:18:55.812 INFO:journalctl@ceph.mgr.x.smithi001.stdout:Sep 16 00:18:55 smithi001 ceph-1226ed86-73c1-11ef-bceb-c7b262605968-mgr-x[31163]: ignoring --setuser ceph since I am not root
2024-09-16T00:18:55.812 INFO:journalctl@ceph.mgr.x.smithi001.stdout:Sep 16 00:18:55 smithi001 ceph-1226ed86-73c1-11ef-bceb-c7b262605968-mgr-x[31163]: ignoring --setgroup ceph since I am not root
2024-09-16T00:18:55.812 INFO:journalctl@ceph.mgr.x.smithi001.stdout:Sep 16 00:18:55 smithi001 ceph-1226ed86-73c1-11ef-bceb-c7b262605968-mgr-x[31163]:
2024-09-16T00:18:55.650+0000 7f0a1131d040 -1 mgr[py] Module osd_perf_query has missing NOTIFY_TYPES member
2024-09-16T00:18:55.812 INFO:journalctl@ceph.mgr.x.smithi001.stdout:Sep 16 00:18:55 smithi001 ceph-1226ed86-73c1-11ef-bceb-c7b262605968-mgr-x[31163]:
2024-09-16T00:18:55.709+0000 7f0a1131d040 -1 mgr[py] Module osd_support has missing NOTIFY_TYPES member
2024-09-16T00:18:56.092 INFO:journalctl@ceph.mgr.x.smithi001.stdout:Sep 16 00:18:55 smithi001 ceph-1226ed86-73c1-11ef-bceb-c7b262605968-mgr-x[31163]:
2024-09-16T00:18:55.865+0000 7f0a1131d040 -1 mgr[py] Module diskprediction_local has missing NOTIFY_TYPES member
2024-09-16T00:18:56.092 INFO:journalctl@ceph.mgr.x.smithi001.stdout:Sep 16 00:18:55 smithi001 ceph-1226ed86-73c1-11ef-bceb-c7b262605968-mgr-x[31163]:
2024-09-16T00:18:55.935+0000 7f0a1131d040 -1 mgr[py] Module crash has missing NOTIFY_TYPES member
2024-09-16T00:18:56.092 INFO:journalctl@ceph.mgr.x.smithi001.stdout:Sep 16 00:18:56 smithi001 ceph-1226ed86-73c1-11ef-bceb-c7b262605968-mgr-x[31163]:
2024-09-16T00:18:56.091+0000 7f0a1131d040 -1 mgr[py] Module test_orchestrator has missing NOTIFY_TYPES member
2024-09-16T00:18:56.113 INFO:teuthology.orchestra.run.smithi001.stdout:/usr/bin/ceph: stderr
2024-09-16T00:18:55.023+0000 7fcc7c04f640 1 Processor -- start
2024-09-16T00:18:56.114 INFO:teuthology.orchestra.run.smithi001.stdout:/usr/bin/ceph: stderr
2024-09-16T00:18:55.023+0000 7fcc7c04f640 1 -- start start
2024-09-16T00:18:56.114 INFO:teuthology.orchestra.run.smithi001.stdout:/usr/bin/ceph: stderr
2024-09-16T00:18:55.023+0000 7fcc7c04f640 1 --2- >> [v2:172.21.15.1:3300/0,v1:172.21.15.1:6789/0] conn(0x7fcc741064f0 0x7fcc741068f0 unknown :-1 s=NONE pgs=0 cs=0 l=0 rev1=0 crypto rx=0 tx=0 comp rx=0 tx=0).connect
2024-09-16T00:18:56.114 INFO:teuthology.orchestra.run.smithi001.stdout:/usr/bin/ceph: stderr
2024-09-16T00:18:55.023+0000 7fcc7c04f640 1 -- --> [v2:172.21.15.1:3300/0,v1:172.21.15.1:6789/0] -- mon_getmap magic: 0 -- 0x7fcc74106ec0 con 0x7fcc741064f0
2024-09-16T00:18:56.114 INFO:teuthology.orchestra.run.smithi001.stdout:/usr/bin/ceph: stderr
2024-09-16T00:18:55.024+0000 7fcc79deb640 1 --2- >> [v2:172.21.15.1:3300/0,v1:172.21.15.1:6789/0] conn(0x7fcc741064f0 0x7fcc741068f0 unknown :-1 s=BANNER_CONNECTING pgs=0 cs=0 l=0 rev1=0 crypto rx=0 tx=0 comp rx=0 tx=0)._handle_peer_banner_payload supported=3 required=0
2024-09-16T00:18:56.114 INFO:teuthology.orchestra.run.smithi001.stdout:/usr/bin/ceph: stderr
2024-09-16T00:18:55.024+0000 7fcc79deb640 1 --2- >> [v2:172.21.15.1:3300/0,v1:172.21.15.1:6789/0] conn(0x7fcc741064f0 0x7fcc741068f0 unknown :-1 s=HELLO_CONNECTING pgs=0 cs=0 l=0 rev1=1 crypto rx=0 tx=0 comp rx=0 tx=0).handle_hello peer v2:172.21.15.1:3300/0 says I am v2:172.21.15.1:37286/0 (socket says 172.21.15.1:37286)
2024-09-16T00:18:56.114 INFO:teuthology.orchestra.run.smithi001.stdout:/usr/bin/ceph: stderr
2024-09-16T00:18:55.024+0000 7fcc79deb640 1 -- 172.21.15.1:0/4187693764 learned_addr learned my addr 172.21.15.1:0/4187693764 (peer_addr_for_me v2:172.21.15.1:0/0)
2024-09-16T00:18:56.114 INFO:teuthology.orchestra.run.smithi001.stdout:/usr/bin/ceph: stderr
2024-09-16T00:18:55.024+0000 7fcc79deb640 1 -- 172.21.15.1:0/4187693764 --> [v2:172.21.15.1:3300/0,v1:172.21.15.1:6789/0] -- mon_subscribe({config=0+,monmap=0+}) -- 0x7fcc741076f0 con 0x7fcc741064f0
2024-09-16T00:18:56.114 INFO:teuthology.orchestra.run.smithi001.stdout:/usr/bin/ceph: stderr
2024-09-16T00:18:55.024+0000 7fcc79deb640 1 --2- 172.21.15.1:0/4187693764 >> [v2:172.21.15.1:3300/0,v1:172.21.15.1:6789/0] conn(0x7fcc741064f0 0x7fcc741068f0 secure :-1 s=READY pgs=20 cs=0 l=1 rev1=1 crypto rx=0x7fcc70009820 tx=0x7fcc7002a270 comp rx=0 tx=0).ready entity=mon.0 client_cookie=a254d51a55949b37 server_cookie=0 in_seq=0 out_seq=0
2024-09-16T00:18:56.114 INFO:teuthology.orchestra.run.smithi001.stdout:/usr/bin/ceph: stderr
2024-09-16T00:18:55.025+0000 7fcc78de9640 1 -- 172.21.15.1:0/4187693764 <== mon.0 v2:172.21.15.1:3300/0 1 ==== mon_map magic: 0 ==== 205+0+0 (secure 0 0 0) 0x7fcc70037070 con 0x7fcc741064f0
2024-09-16T00:18:56.114 INFO:teuthology.orchestra.run.smithi001.stdout:/usr/bin/ceph: stderr
2024-09-16T00:18:55.025+0000 7fcc78de9640 1 -- 172.21.15.1:0/4187693764 <== mon.0 v2:172.21.15.1:3300/0 2 ==== config(27 keys) ==== 1109+0+0 (secure 0 0 0) 0x7fcc70032900 con 0x7fcc741064f0
2024-09-16T00:18:56.115 INFO:teuthology.orchestra.run.smithi001.stdout:/usr/bin/ceph: stderr
2024-09-16T00:18:55.025+0000 7fcc78de9640 1 -- 172.21.15.1:0/4187693764 <== mon.0 v2:172.21.15.1:3300/0 3 ==== mon_map magic: 0 ==== 205+0+0 (secure 0 0 0) 0x7fcc70030850 con 0x7fcc741064f0
2024-09-16T00:18:56.115 INFO:teuthology.orchestra.run.smithi001.stdout:/usr/bin/ceph: stderr
2024-09-16T00:18:55.025+0000 7fcc7c04f640 1 -- 172.21.15.1:0/4187693764 >> [v2:172.21.15.1:3300/0,v1:172.21.15.1:6789/0] conn(0x7fcc741064f0 msgr2=0x7fcc741068f0 secure :-1 s=STATE_CONNECTION_ESTABLISHED l=1).mark_down
2024-09-16T00:18:56.115 INFO:teuthology.orchestra.run.smithi001.stdout:/usr/bin/ceph: stderr
2024-09-16T00:18:55.025+0000 7fcc7c04f640 1 --2- 172.21.15.1:0/4187693764 >> [v2:172.21.15.1:3300/0,v1:172.21.15.1:6789/0] conn(0x7fcc741064f0 0x7fcc741068f0 secure :-1 s=READY pgs=20 cs=0 l=1 rev1=1 crypto rx=0x7fcc70009820 tx=0x7fcc7002a270 comp rx=0 tx=0).stop
2024-09-16T00:18:56.115 INFO:teuthology.orchestra.run.smithi001.stdout:/usr/bin/ceph: stderr
2024-09-16T00:18:55.025+0000 7fcc7c04f640 1 -- 172.21.15.1:0/4187693764 shutdown_connections
2024-09-16T00:18:56.115 INFO:teuthology.orchestra.run.smithi001.stdout:/usr/bin/ceph: stderr
2024-09-16T00:18:55.025+0000 7fcc7c04f640 1 --2- 172.21.15.1:0/4187693764 >> [v2:172.21.15.1:3300/0,v1:172.21.15.1:6789/0] conn(0x7fcc741064f0 0x7fcc741068f0 unknown :-1 s=CLOSED pgs=20 cs=0 l=1 rev1=1 crypto rx=0 tx=0 comp rx=0 tx=0).stop
2024-09-16T00:18:56.115 INFO:teuthology.orchestra.run.smithi001.stdout:/usr/bin/ceph: stderr
2024-09-16T00:18:55.025+0000 7fcc7c04f640 1 -- 172.21.15.1:0/4187693764 >> 172.21.15.1:0/4187693764 conn(0x7fcc74101d20 msgr2=0x7fcc74104140 unknown :-1 s=STATE_NONE l=0).mark_down
2024-09-16T00:18:56.115 INFO:teuthology.orchestra.run.smithi001.stdout:/usr/bin/ceph: stderr
2024-09-16T00:18:55.026+0000 7fcc7c04f640 1 -- 172.21.15.1:0/4187693764 shutdown_connections
2024-09-16T00:18:56.115 INFO:teuthology.orchestra.run.smithi001.stdout:/usr/bin/ceph: stderr
2024-09-16T00:18:55.026+0000 7fcc7c04f640 1 -- 172.21.15.1:0/4187693764 wait complete.
2024-09-16T00:18:56.115 INFO:teuthology.orchestra.run.smithi001.stdout:/usr/bin/ceph: stderr
2024-09-16T00:18:55.026+0000 7fcc7c04f640 1 Processor -- start
2024-09-16T00:18:56.115 INFO:teuthology.orchestra.run.smithi001.stdout:/usr/bin/ceph: stderr
2024-09-16T00:18:55.026+0000 7fcc7c04f640 1 -- start start
2024-09-16T00:18:56.115 INFO:teuthology.orchestra.run.smithi001.stdout:/usr/bin/ceph: stderr
2024-09-16T00:18:55.026+0000 7fcc7c04f640 1 --2- >> [v2:172.21.15.1:3300/0,v1:172.21.15.1:6789/0] conn(0x7fcc741064f0 0x7fcc7419b950 unknown :-1 s=NONE pgs=0 cs=0 l=1 rev1=0 crypto rx=0 tx=0 comp rx=0 tx=0).connect
2024-09-16T00:18:56.115 INFO:teuthology.orchestra.run.smithi001.stdout:/usr/bin/ceph: stderr
2024-09-16T00:18:55.026+0000 7fcc7c04f640 1 -- --> [v2:172.21.15.1:3300/0,v1:172.21.15.1:6789/0] -- mon_getmap magic: 0 -- 0x7fcc7410aaa0 con 0x7fcc741064f0
2024-09-16T00:18:56.115 INFO:teuthology.orchestra.run.smithi001.stdout:/usr/bin/ceph: stderr
2024-09-16T00:18:55.026+0000 7fcc79deb640 1 --2- >> [v2:172.21.15.1:3300/0,v1:172.21.15.1:6789/0] conn(0x7fcc741064f0 0x7fcc7419b950 unknown :-1 s=BANNER_CONNECTING pgs=0 cs=0 l=1 rev1=0 crypto rx=0 tx=0 comp rx=0 tx=0)._handle_peer_banner_payload supported=3 required=0
2024-09-16T00:18:56.115 INFO:teuthology.orchestra.run.smithi001.stdout:/usr/bin/ceph: stderr
2024-09-16T00:18:55.026+0000 7fcc79deb640 1 --2- >> [v2:172.21.15.1:3300/0,v1:172.21.15.1:6789/0] conn(0x7fcc741064f0 0x7fcc7419b950 unknown :-1 s=HELLO_CONNECTING pgs=0 cs=0 l=1 rev1=1 crypto rx=0 tx=0 comp rx=0 tx=0).handle_hello peer v2:172.21.15.1:3300/0 says I am v2:172.21.15.1:37294/0 (socket says 172.21.15.1:37294)
2024-09-16T00:18:56.116 INFO:teuthology.orchestra.run.smithi001.stdout:/usr/bin/ceph: stderr
2024-09-16T00:18:55.026+0000 7fcc79deb640 1 -- 172.21.15.1:0/1528291704 learned_addr learned my addr 172.21.15.1:0/1528291704 (peer_addr_for_me v2:172.21.15.1:0/0)
2024-09-16T00:18:56.116 INFO:teuthology.orchestra.run.smithi001.stdout:/usr/bin/ceph: stderr
2024-09-16T00:18:55.027+0000 7fcc79deb640 1 -- 172.21.15.1:0/1528291704 --> [v2:172.21.15.1:3300/0,v1:172.21.15.1:6789/0] -- mon_subscribe({config=0+,monmap=0+}) -- 0x7fcc7419be90 con 0x7fcc741064f0
2024-09-16T00:18:56.116 INFO:teuthology.orchestra.run.smithi001.stdout:/usr/bin/ceph: stderr
2024-09-16T00:18:55.027+0000 7fcc79deb640 1 --2- 172.21.15.1:0/1528291704 >> [v2:172.21.15.1:3300/0,v1:172.21.15.1:6789/0] conn(0x7fcc741064f0 0x7fcc7419b950 secure :-1 s=READY pgs=21 cs=0 l=1 rev1=1 crypto rx=0x7fcc700097f0 tx=0x7fcc70030ec0 comp rx=0 tx=0).ready entity=mon.0 client_cookie=0 server_cookie=0 in_seq=0 out_seq=0
2024-09-16T00:18:56.116 INFO:teuthology.orchestra.run.smithi001.stdout:/usr/bin/ceph: stderr
2024-09-16T00:18:55.027+0000 7fcc6affd640 1 -- 172.21.15.1:0/1528291704 <== mon.0 v2:172.21.15.1:3300/0 1 ==== mon_map magic: 0 ==== 205+0+0 (secure 0 0 0) 0x7fcc70042070 con 0x7fcc741064f0
2024-09-16T00:18:56.116 INFO:teuthology.orchestra.run.smithi001.stdout:/usr/bin/ceph: stderr
2024-09-16T00:18:55.027+0000 7fcc7c04f640 1 -- 172.21.15.1:0/1528291704 --> [v2:172.21.15.1:3300/0,v1:172.21.15.1:6789/0] -- mon_subscribe({mgrmap=0+}) -- 0x7fcc7419c120 con 0x7fcc741064f0
2024-09-16T00:18:56.116 INFO:teuthology.orchestra.run.smithi001.stdout:/usr/bin/ceph: stderr
2024-09-16T00:18:55.027+0000 7fcc6affd640 1 -- 172.21.15.1:0/1528291704 <== mon.0 v2:172.21.15.1:3300/0 2 ==== config(27 keys) ==== 1109+0+0 (secure 0 0 0) 0x7fcc70032ca0 con 0x7fcc741064f0
2024-09-16T00:18:56.116 INFO:teuthology.orchestra.run.smithi001.stdout:/usr/bin/ceph: stderr
2024-09-16T00:18:55.027+0000 7fcc6affd640 1 -- 172.21.15.1:0/1528291704 <== mon.0 v2:172.21.15.1:3300/0 3 ==== mon_map magic: 0 ==== 205+0+0 (secure 0 0 0) 0x7fcc70037040 con 0x7fcc741064f0
2024-09-16T00:18:56.116 INFO:teuthology.orchestra.run.smithi001.stdout:/usr/bin/ceph: stderr
